2024-03-24T12:04:16.874+0000 7f5143fff700 1 -- 172.21.15.163:0/435403246 <== mon.0 v2:172.21.15.163:3300/0 3 ==== mon_map magic: 0 v1 ==== 229+0+0 (secure 0 0 0) 0x7f5154021550 con 0x7f515c102be0
2024-03-24T12:04:17.840 INFO:teuthology.orchestra.run.smithi163.stdout:/usr/bin/ceph: stderr
2024-03-24T12:04:16.874+0000 7f5162097700 1 -- 172.21.15.163:0/435403246 --> [v2:172.21.15.163:3300/0,v1:172.21.15.163:6789/0] -- mon_subscribe({osdmap=0}) v3 -- 0x7f515c1149d0 con 0x7f515c102be0
2024-03-24T12:04:17.840 INFO:teuthology.orchestra.run.smithi163.stdout:/usr/bin/ceph: stderr
2024-03-24T12:04:16.874+0000 7f5143fff700 1 -- 172.21.15.163:0/435403246 <== mon.0 v2:172.21.15.163:3300/0 4 ==== mgrmap(e 8) v1 ==== 43368+0+0 (secure 0 0 0) 0x7f5154021810 con 0x7f515c102be0
2024-03-24T12:04:17.840 INFO:teuthology.orchestra.run.smithi163.stdout:/usr/bin/ceph: stderr
2024-03-24T12:04:16.874+0000 7f5143fff700 1 --2- 172.21.15.163:0/435403246 >> [v2:172.21.15.163:6800/3928162791,v1:172.21.15.163:6801/3928162791] conn(0x7f5144036790 0x7f5144038c40 unknown :-1 s=NONE pgs=0 cs=0 l=1 rev1=0 crypto rx=0 tx=0 comp rx=0 tx=0).connect
2024-03-24T12:04:17.840 INFO:teuthology.orchestra.run.smithi163.stdout:/usr/bin/ceph: stderr
2024-03-24T12:04:16.874+0000 7f5143fff700 1 -- 172.21.15.163:0/435403246 <== mon.0 v2:172.21.15.163:3300/0 5 ==== osd_map(2..2 src has 1..2) v4 ==== 936+0+0 (secure 0 0 0) 0x7f5154014070 con 0x7f515c102be0
2024-03-24T12:04:17.840 INFO:teuthology.orchestra.run.smithi163.stdout:/usr/bin/ceph: stderr
2024-03-24T12:04:16.875+0000 7f515affd700 1 --2- 172.21.15.163:0/435403246 >> [v2:172.21.15.163:6800/3928162791,v1:172.21.15.163:6801/3928162791] conn(0x7f5144036790 0x7f5144038c40 unknown :-1 s=BANNER_CONNECTING pgs=0 cs=0 l=1 rev1=0 crypto rx=0 tx=0 comp rx=0 tx=0)._handle_peer_banner_payload supported=3 required=0
2024-03-24T12:04:17.840 INFO:teuthology.orchestra.run.smithi163.stdout:/usr/bin/ceph: stderr
2024-03-24T12:04:16.875+0000 7f5162097700 1 -- 172.21.15.163:0/435403246 --> [v2:172.21.15.163:3300/0,v1:172.21.15.163:6789/0] -- mon_command({"prefix": "get_command_descriptions"} v 0) v1 -- 0x7f515c05f5f0 con 0x7f515c102be0
2024-03-24T12:04:17.840 INFO:teuthology.orchestra.run.smithi163.stdout:/usr/bin/ceph: stderr
2024-03-24T12:04:16.875+0000 7f515affd700 1 --2- 172.21.15.163:0/435403246 >> [v2:172.21.15.163:6800/3928162791,v1:172.21.15.163:6801/3928162791] conn(0x7f5144036790 0x7f5144038c40 secure :-1 s=READY pgs=18 cs=0 l=1 rev1=1 crypto rx=0x7f515000ad90 tx=0x7f5150009410 comp rx=0 tx=0).ready entity=mgr.14120 client_cookie=0 server_cookie=0 in_seq=0 out_seq=0
2024-03-24T12:04:17.840 INFO:teuthology.orchestra.run.smithi163.stdout:/usr/bin/ceph: stderr
2024-03-24T12:04:16.879+0000 7f5143fff700 1 -- 172.21.15.163:0/435403246 <== mon.0 v2:172.21.15.163:3300/0 6 ==== mon_command_ack([{"prefix": "get_command_descriptions"}]=0 v0) v1 ==== 72+0+176504 (secure 0 0 0) 0x7f515400ed90 con 0x7f515c102be0
2024-03-24T12:04:17.840 INFO:teuthology.orchestra.run.smithi163.stdout:/usr/bin/ceph: stderr
2024-03-24T12:04:17.078+0000 7f5162097700 1 -- 172.21.15.163:0/435403246 --> [v2:172.21.15.163:6800/3928162791,v1:172.21.15.163:6801/3928162791] -- mgr_command(tid 0: {"prefix": "orch apply", "service_type": "alertmanager", "target": ["mon-mgr", ""]}) v1 -- 0x7f515c114c10 con 0x7f5144036790
2024-03-24T12:04:17.840 INFO:teuthology.orchestra.run.smithi163.stdout:/usr/bin/ceph: stderr
2024-03-24T12:04:17.083+0000 7f5143fff700 1 -- 172.21.15.163:0/435403246 <== mgr.14120 v2:172.21.15.163:6800/3928162791 1 ==== mgr_command_reply(tid 0: 0 ) v1 ==== 8+0+33 (secure 0 0 0) 0x7f515c114c10 con 0x7f5144036790
2024-03-24T12:04:17.841 INFO:teuthology.orchestra.run.smithi163.stdout:/usr/bin/ceph: stderr
2024-03-24T12:04:17.085+0000 7f5162097700 1 -- 172.21.15.163:0/435403246 >> [v2:172.21.15.163:6800/3928162791,v1:172.21.15.163:6801/3928162791] conn(0x7f5144036790 msgr2=0x7f5144038c40 secure :-1 s=STATE_CONNECTION_ESTABLISHED l=1).mark_down
2024-03-24T12:04:17.841 INFO:teuthology.orchestra.run.smithi163.stdout:/usr/bin/ceph: stderr
2024-03-24T12:04:17.085+0000 7f5162097700 1 --2- 172.21.15.163:0/435403246 >> [v2:172.21.15.163:6800/3928162791,v1:172.21.15.163:6801/3928162791] conn(0x7f5144036790 0x7f5144038c40 secure :-1 s=READY pgs=18 cs=0 l=1 rev1=1 crypto rx=0x7f515000ad90 tx=0x7f5150009410 comp rx=0 tx=0).stop
2024-03-24T12:04:17.841 INFO:teuthology.orchestra.run.smithi163.stdout:/usr/bin/ceph: stderr
2024-03-24T12:04:17.085+0000 7f5162097700 1 -- 172.21.15.163:0/435403246 >> [v2:172.21.15.163:3300/0,v1:172.21.15.163:6789/0] conn(0x7f515c102be0 msgr2=0x7f515c113720 secure :-1 s=STATE_CONNECTION_ESTABLISHED l=1).mark_down
2024-03-24T12:04:17.841 INFO:teuthology.orchestra.run.smithi163.stdout:/usr/bin/ceph: stderr
2024-03-24T12:04:17.085+0000 7f5162097700 1 --2- 172.21.15.163:0/435403246 >> [v2:172.21.15.163:3300/0,v1:172.21.15.163:6789/0] conn(0x7f515c102be0 0x7f515c113720 secure :-1 s=READY pgs=60 cs=0 l=1 rev1=1 crypto rx=0x7f51540106a0 tx=0x7f515400b4f0 comp rx=0 tx=0).stop
2024-03-24T12:04:17.841 INFO:teuthology.orchestra.run.smithi163.stdout:/usr/bin/ceph: stderr
2024-03-24T12:04:17.085+0000 7f5162097700 1 -- 172.21.15.163:0/435403246 shutdown_connections
2024-03-24T12:04:17.841 INFO:teuthology.orchestra.run.smithi163.stdout:/usr/bin/ceph: stderr
2024-03-24T12:04:17.085+0000 7f5162097700 1 --2- 172.21.15.163:0/435403246 >> [v2:172.21.15.163:6800/3928162791,v1:172.21.15.163:6801/3928162791] conn(0x7f5144036790 0x7f5144038c40 unknown :-1 s=CLOSED pgs=18 cs=0 l=1 rev1=1 crypto rx=0 tx=0 comp rx=0 tx=0).stop
2024-03-24T12:04:17.841 INFO:teuthology.orchestra.run.smithi163.stdout:/usr/bin/ceph: stderr
2024-03-24T12:04:17.085+0000 7f5162097700 1 --2- 172.21.15.163:0/435403246 >> [v2:172.21.15.163:3300/0,v1:172.21.15.163:6789/0] conn(0x7f515c102be0 0x7f515c113720 unknown :-1 s=CLOSED pgs=60 cs=0 l=1 rev1=1 crypto rx=0 tx=0 comp rx=0 tx=0).stop
2024-03-24T12:04:17.841 INFO:teuthology.orchestra.run.smithi163.stdout:/usr/bin/ceph: stderr
2024-03-24T12:04:17.085+0000 7f5162097700 1 -- 172.21.15.163:0/435403246 >> 172.21.15.163:0/435403246 conn(0x7f515c0fc500 msgr2=0x7f515c105b80 unknown :-1 s=STATE_NONE l=0).mark_down
2024-03-24T12:04:17.841 INFO:teuthology.orchestra.run.smithi163.stdout:/usr/bin/ceph: stderr
2024-03-24T12:04:17.085+0000 7f5162097700 1 -- 172.21.15.163:0/435403246 shutdown_connections
2024-03-24T12:04:17.841 INFO:teuthology.orchestra.run.smithi163.stdout:/usr/bin/ceph: stderr
2024-03-24T12:04:17.085+0000 7f5162097700 1 -- 172.21.15.163:0/435403246 wait complete.
2024-03-24T12:04:18.445 INFO:journalctl@ceph.mon.smithi163.smithi163.stdout:Mar 24 12:04:18 smithi163 ceph-mon[29319]: from='client.14154 -' entity='client.admin' cmd=[{"prefix": "orch apply", "service_type": "alertmanager", "target": ["mon-mgr", ""]}]: dispatch
2024-03-24T12:04:18.445 INFO:journalctl@ceph.mon.smithi163.smithi163.stdout:Mar 24 12:04:18 smithi163 ceph-mon[29319]: Saving service alertmanager spec with placement count:1
2024-03-24T12:04:19.026 INFO:teuthology.orchestra.run.smithi163.stdout:/usr/bin/ceph: stderr
2024-03-24T12:04:18.249+0000 7f83ce7e9700 1 Processor -- start
2024-03-24T12:04:19.026 INFO:teuthology.orchestra.run.smithi163.stdout:/usr/bin/ceph: stderr
2024-03-24T12:04:18.249+0000 7f83ce7e9700 1 -- start start
2024-03-24T12:04:19.026 INFO:teuthology.orchestra.run.smithi163.stdout:/usr/bin/ceph: stderr
2024-03-24T12:04:18.249+0000 7f83ce7e9700 1 --2- >> [v2:172.21.15.163:3300/0,v1:172.21.15.163:6789/0] conn(0x7f83c8102cd0 0x7f83c81030e0 unknown :-1 s=NONE pgs=0 cs=0 l=0 rev1=0 crypto rx=0 tx=0 comp rx=0 tx=0).connect
2024-03-24T12:04:19.026 INFO:teuthology.orchestra.run.smithi163.stdout:/usr/bin/ceph: stderr
2024-03-24T12:04:18.249+0000 7f83ce7e9700 1 -- --> [v2:172.21.15.163:3300/0,v1:172.21.15.163:6789/0] -- mon_getmap magic: 0 v1 -- 0x7f83c8103620 con 0x7f83c8102cd0
2024-03-24T12:04:19.026 INFO:teuthology.orchestra.run.smithi163.stdout:/usr/bin/ceph: stderr
2024-03-24T12:04:18.249+0000 7f83c7fff700 1 --2- >> [v2:172.21.15.163:3300/0,v1:172.21.15.163:6789/0] conn(0x7f83c8102cd0 0x7f83c81030e0 unknown :-1 s=BANNER_CONNECTING pgs=0 cs=0 l=0 rev1=0 crypto rx=0 tx=0 comp rx=0 tx=0)._handle_peer_banner_payload supported=3 required=0
2024-03-24T12:04:19.026 INFO:teuthology.orchestra.run.smithi163.stdout:/usr/bin/ceph: stderr
2024-03-24T12:04:18.250+0000 7f83c7fff700 1 --2- >> [v2:172.21.15.163:3300/0,v1:172.21.15.163:6789/0] conn(0x7f83c8102cd0 0x7f83c81030e0 unknown :-1 s=HELLO_CONNECTING pgs=0 cs=0 l=0 rev1=1 crypto rx=0 tx=0 comp rx=0 tx=0).handle_hello peer v2:172.21.15.163:3300/0 says I am v2:172.21.15.163:41048/0 (socket says 172.21.15.163:41048)
2024-03-24T12:04:19.026 INFO:teuthology.orchestra.run.smithi163.stdout:/usr/bin/ceph: stderr
2024-03-24T12:04:18.250+0000 7f83c7fff700 1 -- 172.21.15.163:0/3310345422 learned_addr learned my addr 172.21.15.163:0/3310345422 (peer_addr_for_me v2:172.21.15.163:0/0)
2024-03-24T12:04:19.027 INFO:teuthology.orchestra.run.smithi163.stdout:/usr/bin/ceph: stderr
2024-03-24T12:04:18.250+0000 7f83c7fff700 1 -- 172.21.15.163:0/3310345422 --> [v2:172.21.15.163:3300/0,v1:172.21.15.163:6789/0] -- mon_subscribe({config=0+,monmap=0+}) v3 -- 0x7f83c8103760 con 0x7f83c8102cd0
2024-03-24T12:04:19.027 INFO:teuthology.orchestra.run.smithi163.stdout:/usr/bin/ceph: stderr
2024-03-24T12:04:18.250+0000 7f83c7fff700 1 --2- 172.21.15.163:0/3310345422 >> [v2:172.21.15.163:3300/0,v1:172.21.15.163:6789/0] conn(0x7f83c8102cd0 0x7f83c81030e0 secure :-1 s=READY pgs=61 cs=0 l=1 rev1=1 crypto rx=0x7f83b80098e0 tx=0x7f83b8009250 comp rx=0 tx=0).ready entity=mon.0 client_cookie=2fd1a8009b9385fe server_cookie=0 in_seq=0 out_seq=0
2024-03-24T12:04:19.027 INFO:teuthology.orchestra.run.smithi163.stdout:/usr/bin/ceph: stderr
2024-03-24T12:04:18.250+0000 7f83c6ffd700 1 -- 172.21.15.163:0/3310345422 <== mon.0 v2:172.21.15.163:3300/0 1 ==== mon_map magic: 0 v1 ==== 229+0+0 (secure 0 0 0) 0x7f83b800b8f0 con 0x7f83c8102cd0
2024-03-24T12:04:19.027 INFO:teuthology.orchestra.run.smithi163.stdout:/usr/bin/ceph: stderr
2024-03-24T12:04:18.250+0000 7f83c6ffd700 1 -- 172.21.15.163:0/3310345422 <== mon.0 v2:172.21.15.163:3300/0 2 ==== config(27 keys) v1 ==== 1109+0+0 (secure 0 0 0) 0x7f83b8011420 con 0x7f83c8102cd0
2024-03-24T12:04:19.027 INFO:teuthology.orchestra.run.smithi163.stdout:/usr/bin/ceph: stderr
2024-03-24T12:04:18.250+0000 7f83c6ffd700 1 -- 172.21.15.163:0/3310345422 <== mon.0 v2:172.21.15.163:3300/0 3 ==== mon_map magic: 0 v1 ==== 229+0+0 (secure 0 0 0) 0x7f83b8010540 con 0x7f83c8102cd0
2024-03-24T12:04:19.027 INFO:teuthology.orchestra.run.smithi163.stdout:/usr/bin/ceph: stderr
2024-03-24T12:04:18.251+0000 7f83ce7e9700 1 -- 172.21.15.163:0/3310345422 >> [v2:172.21.15.163:3300/0,v1:172.21.15.163:6789/0] conn(0x7f83c8102cd0 msgr2=0x7f83c81030e0 secure :-1 s=STATE_CONNECTION_ESTABLISHED l=1).mark_down
2024-03-24T12:04:19.027 INFO:teuthology.orchestra.run.smithi163.stdout:/usr/bin/ceph: stderr
2024-03-24T12:04:18.251+0000 7f83ce7e9700 1 --2- 172.21.15.163:0/3310345422 >> [v2:172.21.15.163:3300/0,v1:172.21.15.163:6789/0] conn(0x7f83c8102cd0 0x7f83c81030e0 secure :-1 s=READY pgs=61 cs=0 l=1 rev1=1 crypto rx=0x7f83b80098e0 tx=0x7f83b8009250 comp rx=0 tx=0).stop
2024-03-24T12:04:19.027 INFO:teuthology.orchestra.run.smithi163.stdout:/usr/bin/ceph: stderr
2024-03-24T12:04:18.251+0000 7f83ce7e9700 1 -- 172.21.15.163:0/3310345422 shutdown_connections
2024-03-24T12:04:19.027 INFO:teuthology.orchestra.run.smithi163.stdout:/usr/bin/ceph: stderr
2024-03-24T12:04:18.251+0000 7f83ce7e9700 1 --2- 172.21.15.163:0/3310345422 >> [v2:172.21.15.163:3300/0,v1:172.21.15.163:6789/0] conn(0x7f83c8102cd0 0x7f83c81030e0 unknown :-1 s=CLOSED pgs=61 cs=0 l=1 rev1=1 crypto rx=0 tx=0 comp rx=0 tx=0).stop
2024-03-24T12:04:19.027 INFO:teuthology.orchestra.run.smithi163.stdout:/usr/bin/ceph: stderr
2024-03-24T12:04:18.251+0000 7f83ce7e9700 1 -- 172.21.15.163:0/3310345422 >> 172.21.15.163:0/3310345422 conn(0x7f83c80fc4a0 msgr2=0x7f83c80fe8b0 unknown :-1 s=STATE_NONE l=0).mark_down
2024-03-24T12:04:19.027 INFO:teuthology.orchestra.run.smithi163.stdout:/usr/bin/ceph: stderr
2024-03-24T12:04:18.251+0000 7f83ce7e9700 1 -- 172.21.15.163:0/3310345422 shutdown_connections
2024-03-24T12:04:19.027 INFO:teuthology.orchestra.run.smithi163.stdout:/usr/bin/ceph: stderr
2024-03-24T12:04:18.251+0000 7f83ce7e9700 1 -- 172.21.15.163:0/3310345422 wait complete.
2024-03-24T12:04:19.027 INFO:teuthology.orchestra.run.smithi163.stdout:/usr/bin/ceph: stderr
2024-03-24T12:04:18.251+0000 7f83ce7e9700 1 Processor -- start
2024-03-24T12:04:19.027 INFO:teuthology.orchestra.run.smithi163.stdout:/usr/bin/ceph: stderr
2024-03-24T12:04:18.252+0000 7f83ce7e9700 1 -- start start
2024-03-24T12:04:19.027 INFO:teuthology.orchestra.run.smithi163.stdout:/usr/bin/ceph: stderr
2024-03-24T12:04:18.252+0000 7f83ce7e9700 1 --2- >> [v2:172.21.15.163:3300/0,v1:172.21.15.163:6789/0] conn(0x7f83c8102cd0 0x7f83c81137b0 unknown :-1 s=NONE pgs=0 cs=0 l=1 rev1=0 crypto rx=0 tx=0 comp rx=0 tx=0).connect
2024-03-24T12:04:19.027 INFO:teuthology.orchestra.run.smithi163.stdout:/usr/bin/ceph: stderr
2024-03-24T12:04:18.252+0000 7f83ce7e9700 1 -- --> [v2:172.21.15.163:3300/0,v1:172.21.15.163:6789/0] -- mon_getmap magic: 0 v1 -- 0x7f83c8113cf0 con 0x7f83c8102cd0
2024-03-24T12:04:19.028 INFO:teuthology.orchestra.run.smithi163.stdout:/usr/bin/ceph: stderr
2024-03-24T12:04:18.252+0000 7f83c7fff700 1 --2- >> [v2:172.21.15.163:3300/0,v1:172.21.15.163:6789/0] conn(0x7f83c8102cd0 0x7f83c81137b0 unknown :-1 s=BANNER_CONNECTING pgs=0 cs=0 l=1 rev1=0 crypto rx=0 tx=0 comp rx=0 tx=0)._handle_peer_banner_payload supported=3 required=0
2024-03-24T12:04:19.028 INFO:teuthology.orchestra.run.smithi163.stdout:/usr/bin/ceph: stderr
2024-03-24T12:04:18.252+0000 7f83c7fff700 1 --2- >> [v2:172.21.15.163:3300/0,v1:172.21.15.163:6789/0] conn(0x7f83c8102cd0 0x7f83c81137b0 unknown :-1 s=HELLO_CONNECTING pgs=0 cs=0 l=1 rev1=1 crypto rx=0 tx=0 comp rx=0 tx=0).handle_hello peer v2:172.21.15.163:3300/0 says I am v2:172.21.15.163:41056/0 (socket says 172.21.15.163:41056)
2024-03-24T12:04:19.028 INFO:teuthology.orchestra.run.smithi163.stdout:/usr/bin/ceph: stderr
2024-03-24T12:04:18.252+0000 7f83c7fff700 1 -- 172.21.15.163:0/3507981759 learned_addr learned my addr 172.21.15.163:0/3507981759 (peer_addr_for_me v2:172.21.15.163:0/0)
2024-03-24T12:04:19.028 INFO:teuthology.orchestra.run.smithi163.stdout:/usr/bin/ceph: stderr
2024-03-24T12:04:18.252+0000 7f83c7fff700 1 -- 172.21.15.163:0/3507981759 --> [v2:172.21.15.163:3300/0,v1:172.21.15.163:6789/0] -- mon_subscribe({config=0+,monmap=0+}) v3 -- 0x7f83b80094f0 con 0x7f83c8102cd0
2024-03-24T12:04:19.028 INFO:teuthology.orchestra.run.smithi163.stdout:/usr/bin/ceph: stderr
2024-03-24T12:04:18.252+0000 7f83c7fff700 1 --2- 172.21.15.163:0/3507981759 >> [v2:172.21.15.163:3300/0,v1:172.21.15.163:6789/0] conn(0x7f83c8102cd0 0x7f83c81137b0 secure :-1 s=READY pgs=62 cs=0 l=1 rev1=1 crypto rx=0x7f83b80090b0 tx=0x7f83b8009250 comp rx=0 tx=0).ready entity=mon.0 client_cookie=0 server_cookie=0 in_seq=0 out_seq=0
2024-03-24T12:04:19.028 INFO:teuthology.orchestra.run.smithi163.stdout:/usr/bin/ceph: stderr
2024-03-24T12:04:18.252+0000 7f83c4ff9700 1 -- 172.21.15.163:0/3507981759 <== mon.0 v2:172.21.15.163:3300/0 1 ==== mon_map magic: 0 v1 ==== 229+0+0 (secure 0 0 0) 0x7f83b80107b0 con 0x7f83c8102cd0
2024-03-24T12:04:19.028 INFO:teuthology.orchestra.run.smithi163.stdout:/usr/bin/ceph: stderr
2024-03-24T12:04:18.252+0000 7f83c4ff9700 1 -- 172.21.15.163:0/3507981759 <== mon.0 v2:172.21.15.163:3300/0 2 ==== config(27 keys) v1 ==== 1109+0+0 (secure 0 0 0) 0x7f83b8010de0 con 0x7f83c8102cd0
2024-03-24T12:04:19.028 INFO:teuthology.orchestra.run.smithi163.stdout:/usr/bin/ceph: stderr
2024-03-24T12:04:18.252+0000 7f83ce7e9700 1 -- 172.21.15.163:0/3507981759 --> [v2:172.21.15.163:3300/0,v1:172.21.15.163:6789/0] -- mon_subscribe({mgrmap=0+}) v3 -- 0x7f83c8113ef0 con 0x7f83c8102cd0
2024-03-24T12:04:19.028 INFO:teuthology.orchestra.run.smithi163.stdout:/usr/bin/ceph: stderr
2024-03-24T12:04:18.252+0000 7f83c4ff9700 1 -- 172.21.15.163:0/3507981759 <== mon.0 v2:172.21.15.163:3300/0 3 ==== mon_map magic: 0 v1 ==== 229+0+0 (secure 0 0 0) 0x7f83b801ae50 con 0x7f83c8102cd0
2024-03-24T12:04:19.028 INFO:teuthology.orchestra.run.smithi163.stdout:/usr/bin/ceph: stderr
2024-03-24T12:04:18.252+0000 7f83ce7e9700 1 -- 172.21.15.163:0/3507981759 --> [v2:172.21.15.163:3300/0,v1:172.21.15.163:6789/0] -- mon_subscribe({osdmap=0}) v3 -- 0x7f83c8114a60 con 0x7f83c8102cd0
2024-03-24T12:04:19.028 INFO:teuthology.orchestra.run.smithi163.stdout:/usr/bin/ceph: stderr
2024-03-24T12:04:18.253+0000 7f83c4ff9700 1 -- 172.21.15.163:0/3507981759 <== mon.0 v2:172.21.15.163:3300/0 4 ==== mgrmap(e 8) v1 ==== 43368+0+0 (secure 0 0 0) 0x7f83b802d3f0 con 0x7f83c8102cd0
2024-03-24T12:04:19.028 INFO:teuthology.orchestra.run.smithi163.stdout:/usr/bin/ceph: stderr
2024-03-24T12:04:18.253+0000 7f83c4ff9700 1 --2- 172.21.15.163:0/3507981759 >> [v2:172.21.15.163:6800/3928162791,v1:172.21.15.163:6801/3928162791] conn(0x7f83b0036810 0x7f83b0038cc0 unknown :-1 s=NONE pgs=0 cs=0 l=1 rev1=0 crypto rx=0 tx=0 comp rx=0 tx=0).connect
2024-03-24T12:04:19.028 INFO:teuthology.orchestra.run.smithi163.stdout:/usr/bin/ceph: stderr
2024-03-24T12:04:18.253+0000 7f83ce7e9700 1 -- 172.21.15.163:0/3507981759 --> [v2:172.21.15.163:3300/0,v1:172.21.15.163:6789/0] -- mon_command({"prefix": "get_command_descriptions"} v 0) v1 -- 0x7f83c805f5f0 con 0x7f83c8102cd0
2024-03-24T12:04:19.028 INFO:teuthology.orchestra.run.smithi163.stdout:/usr/bin/ceph: stderr
2024-03-24T12:04:18.253+0000 7f83c4ff9700 1 -- 172.21.15.163:0/3507981759 <== mon.0 v2:172.21.15.163:3300/0 5 ==== osd_map(2..2 src has 1..2) v4 ==== 936+0+0 (secure 0 0 0) 0x7f83b804a0f0 con 0x7f83c8102cd0
2024-03-24T12:04:19.028 INFO:teuthology.orchestra.run.smithi163.stdout:/usr/bin/ceph: stderr
2024-03-24T12:04:18.254+0000 7f83c77fe700 1 --2- 172.21.15.163:0/3507981759 >> [v2:172.21.15.163:6800/3928162791,v1:172.21.15.163:6801/3928162791] conn(0x7f83b0036810 0x7f83b0038cc0 unknown :-1 s=BANNER_CONNECTING pgs=0 cs=0 l=1 rev1=0 crypto rx=0 tx=0 comp rx=0 tx=0)._handle_peer_banner_payload supported=3 required=0
2024-03-24T12:04:19.028 INFO:teuthology.orchestra.run.smithi163.stdout:/usr/bin/ceph: stderr
2024-03-24T12:04:18.254+0000 7f83c77fe700 1 --2- 172.21.15.163:0/3507981759 >> [v2:172.21.15.163:6800/3928162791,v1:172.21.15.163:6801/3928162791] conn(0x7f83b0036810 0x7f83b0038cc0 secure :-1 s=READY pgs=19 cs=0 l=1 rev1=1 crypto rx=0x7f83bc009990 tx=0x7f83bc006e40 comp rx=0 tx=0).ready entity=mgr.14120 client_cookie=0 server_cookie=0 in_seq=0 out_seq=0
2024-03-24T12:04:19.029 INFO:teuthology.orchestra.run.smithi163.stdout:/usr/bin/ceph: stderr
2024-03-24T12:04:18.258+0000 7f83c4ff9700 1 -- 172.21.15.163:0/3507981759 <== mon.0 v2:172.21.15.163:3300/0 6 ==== mon_command_ack([{"prefix": "get_command_descriptions"}]=0 v0) v1 ==== 72+0+176504 (secure 0 0 0) 0x7f83b802b8e0 con 0x7f83c8102cd0
2024-03-24T12:04:19.029 INFO:teuthology.orchestra.run.smithi163.stdout:/usr/bin/ceph: stderr
2024-03-24T12:04:18.445+0000 7f83ce7e9700 1 -- 172.21.15.163:0/3507981759 --> [v2:172.21.15.163:3300/0,v1:172.21.15.163:6789/0] -- mon_command([{prefix=config set, name=mgr/cephadm/container_init}] v 0) v1 -- 0x7f83c804bed0 con 0x7f83c8102cd0
2024-03-24T12:04:19.029 INFO:teuthology.orchestra.run.smithi163.stdout:/usr/bin/ceph: stderr
2024-03-24T12:04:18.451+0000 7f83c4ff9700 1 -- 172.21.15.163:0/3507981759 <== mon.0 v2:172.21.15.163:3300/0 7 ==== mon_command_ack([{prefix=config set, name=mgr/cephadm/container_init}]=0 v7)=0 v7) v1 ==== 142+0+0 (secure 0 0 0) 0x7f83b802c350 con 0x7f83c8102cd0
2024-03-24T12:04:19.029 INFO:teuthology.orchestra.run.smithi163.stdout:/usr/bin/ceph: stderr
2024-03-24T12:04:18.453+0000 7f83ce7e9700 1 -- 172.21.15.163:0/3507981759 >> [v2:172.21.15.163:6800/3928162791,v1:172.21.15.163:6801/3928162791] conn(0x7f83b0036810 msgr2=0x7f83b0038cc0 secure :-1 s=STATE_CONNECTION_ESTABLISHED l=1).mark_down
2024-03-24T12:04:19.029 INFO:teuthology.orchestra.run.smithi163.stdout:/usr/bin/ceph: stderr
2024-03-24T12:04:18.453+0000 7f83ce7e9700 1 --2- 172.21.15.163:0/3507981759 >> [v2:172.21.15.163:6800/3928162791,v1:172.21.15.163:6801/3928162791] conn(0x7f83b0036810 0x7f83b0038cc0 secure :-1 s=READY pgs=19 cs=0 l=1 rev1=1 crypto rx=0x7f83bc009990 tx=0x7f83bc006e40 comp rx=0 tx=0).stop
2024-03-24T12:04:19.029 INFO:teuthology.orchestra.run.smithi163.stdout:/usr/bin/ceph: stderr
2024-03-24T12:04:18.453+0000 7f83ce7e9700 1 -- 172.21.15.163:0/3507981759 >> [v2:172.21.15.163:3300/0,v1:172.21.15.163:6789/0] conn(0x7f83c8102cd0 msgr2=0x7f83c81137b0 secure :-1 s=STATE_CONNECTION_ESTABLISHED l=1).mark_down
2024-03-24T12:04:19.029 INFO:teuthology.orchestra.run.smithi163.stdout:/usr/bin/ceph: stderr
2024-03-24T12:04:18.453+0000 7f83ce7e9700 1 --2- 172.21.15.163:0/3507981759 >> [v2:172.21.15.163:3300/0,v1:172.21.15.163:6789/0] conn(0x7f83c8102cd0 0x7f83c81137b0 secure :-1 s=READY pgs=62 cs=0 l=1 rev1=1 crypto rx=0x7f83b80090b0 tx=0x7f83b8009250 comp rx=0 tx=0).stop
2024-03-24T12:04:19.029 INFO:teuthology.orchestra.run.smithi163.stdout:/usr/bin/ceph: stderr
2024-03-24T12:04:18.453+0000 7f83ce7e9700 1 -- 172.21.15.163:0/3507981759 shutdown_connections
2024-03-24T12:04:19.029 INFO:teuthology.orchestra.run.smithi163.stdout:/usr/bin/ceph: stderr
2024-03-24T12:04:18.453+0000 7f83ce7e9700 1 --2- 172.21.15.163:0/3507981759 >> [v2:172.21.15.163:6800/3928162791,v1:172.21.15.163:6801/3928162791] conn(0x7f83b0036810 0x7f83b0038cc0 unknown :-1 s=CLOSED pgs=19 cs=0 l=1 rev1=1 crypto rx=0 tx=0 comp rx=0 tx=0).stop
2024-03-24T12:04:19.029 INFO:teuthology.orchestra.run.smithi163.stdout:/usr/bin/ceph: stderr
2024-03-24T12:04:18.453+0000 7f83ce7e9700 1 --2- 172.21.15.163:0/3507981759 >> [v2:172.21.15.163:3300/0,v1:172.21.15.163:6789/0] conn(0x7f83c8102cd0 0x7f83c81137b0 unknown :-1 s=CLOSED pgs=62 cs=0 l=1 rev1=1 crypto rx=0 tx=0 comp rx=0 tx=0).stop
2024-03-24T12:04:19.029 INFO:teuthology.orchestra.run.smithi163.stdout:/usr/bin/ceph: stderr
2024-03-24T12:04:18.453+0000 7f83ce7e9700 1 -- 172.21.15.163:0/3507981759 >> 172.21.15.163:0/3507981759 conn(0x7f83c80fc4a0 msgr2=0x7f83c80fcfd0 unknown :-1 s=STATE_NONE l=0).mark_down
2024-03-24T12:04:19.029 INFO:teuthology.orchestra.run.smithi163.stdout:/usr/bin/ceph: stderr
2024-03-24T12:04:18.453+0000 7f83ce7e9700 1 -- 172.21.15.163:0/3507981759 shutdown_connections
2024-03-24T12:04:19.029 INFO:teuthology.orchestra.run.smithi163.stdout:/usr/bin/ceph: stderr
2024-03-24T12:04:18.453+0000 7f83ce7e9700 1 -- 172.21.15.163:0/3507981759 wait complete.
2024-03-24T12:04:19.304 INFO:journalctl@ceph.mon.smithi163.smithi163.stdout:Mar 24 12:04:19 smithi163 ceph-mon[29319]: pgmap v3: 0 pgs: ; 0 B data, 0 B used, 0 B / 0 B avail
2024-03-24T12:04:19.304 INFO:journalctl@ceph.mon.smithi163.smithi163.stdout:Mar 24 12:04:19 smithi163 ceph-mon[29319]: from='client.? 172.21.15.163:0/3507981759' entity='client.admin'
2024-03-24T12:04:20.090 INFO:teuthology.orchestra.run.smithi163.stdout:/usr/bin/ceph: stderr
2024-03-24T12:04:19.404+0000 7f47c0eb0700 1 Processor -- start
2024-03-24T12:04:20.090 INFO:teuthology.orchestra.run.smithi163.stdout:/usr/bin/ceph: stderr
2024-03-24T12:04:19.404+0000 7f47c0eb0700 1 -- start start
2024-03-24T12:04:20.090 INFO:teuthology.orchestra.run.smithi163.stdout:/usr/bin/ceph: stderr
2024-03-24T12:04:19.404+0000 7f47c0eb0700 1 --2- >> [v2:172.21.15.163:3300/0,v1:172.21.15.163:6789/0] conn(0x7f47bc102740 0x7f47bc102b50 unknown :-1 s=NONE pgs=0 cs=0 l=0 rev1=0 crypto rx=0 tx=0 comp rx=0 tx=0).connect
2024-03-24T12:04:20.091 INFO:teuthology.orchestra.run.smithi163.stdout:/usr/bin/ceph: stderr
2024-03-24T12:04:19.404+0000 7f47c0eb0700 1 -- --> [v2:172.21.15.163:3300/0,v1:172.21.15.163:6789/0] -- mon_getmap magic: 0 v1 -- 0x7f47bc103090 con 0x7f47bc102740
2024-03-24T12:04:20.091 INFO:teuthology.orchestra.run.smithi163.stdout:/usr/bin/ceph: stderr
2024-03-24T12:04:19.405+0000 7f47ba59c700 1 --2- >> [v2:172.21.15.163:3300/0,v1:172.21.15.163:6789/0] conn(0x7f47bc102740 0x7f47bc102b50 unknown :-1 s=BANNER_CONNECTING pgs=0 cs=0 l=0 rev1=0 crypto rx=0 tx=0 comp rx=0 tx=0)._handle_peer_banner_payload supported=3 required=0
2024-03-24T12:04:20.091 INFO:teuthology.orchestra.run.smithi163.stdout:/usr/bin/ceph: stderr
2024-03-24T12:04:19.405+0000 7f47ba59c700 1 --2- >> [v2:172.21.15.163:3300/0,v1:172.21.15.163:6789/0] conn(0x7f47bc102740 0x7f47bc102b50 unknown :-1 s=HELLO_CONNECTING pgs=0 cs=0 l=0 rev1=1 crypto rx=0 tx=0 comp rx=0 tx=0).handle_hello peer v2:172.21.15.163:3300/0 says I am v2:172.21.15.163:41062/0 (socket says 172.21.15.163:41062)
2024-03-24T12:04:20.091 INFO:teuthology.orchestra.run.smithi163.stdout:/usr/bin/ceph: stderr
2024-03-24T12:04:19.405+0000 7f47ba59c700 1 -- 172.21.15.163:0/2447717929 learned_addr learned my addr 172.21.15.163:0/2447717929 (peer_addr_for_me v2:172.21.15.163:0/0)
2024-03-24T12:04:20.091 INFO:teuthology.orchestra.run.smithi163.stdout:/usr/bin/ceph: stderr
2024-03-24T12:04:19.405+0000 7f47ba59c700 1 -- 172.21.15.163:0/2447717929 --> [v2:172.21.15.163:3300/0,v1:172.21.15.163:6789/0] -- mon_subscribe({config=0+,monmap=0+}) v3 -- 0x7f47bc1031d0 con 0x7f47bc102740
2024-03-24T12:04:20.091 INFO:teuthology.orchestra.run.smithi163.stdout:/usr/bin/ceph: stderr
2024-03-24T12:04:19.405+0000 7f47ba59c700 1 --2- 172.21.15.163:0/2447717929 >> [v2:172.21.15.163:3300/0,v1:172.21.15.163:6789/0] conn(0x7f47bc102740 0x7f47bc102b50 secure :-1 s=READY pgs=63 cs=0 l=1 rev1=1 crypto rx=0x7f47b00098e0 tx=0x7f47b0009250 comp rx=0 tx=0).ready entity=mon.0 client_cookie=6af27b28ff2199b server_cookie=0 in_seq=0 out_seq=0
2024-03-24T12:04:20.091 INFO:teuthology.orchestra.run.smithi163.stdout:/usr/bin/ceph: stderr
2024-03-24T12:04:19.405+0000 7f47b959a700 1 -- 172.21.15.163:0/2447717929 <== mon.0 v2:172.21.15.163:3300/0 1 ==== mon_map magic: 0 v1 ==== 229+0+0 (secure 0 0 0) 0x7f47b000b860 con 0x7f47bc102740
2024-03-24T12:04:20.091 INFO:teuthology.orchestra.run.smithi163.stdout:/usr/bin/ceph: stderr
2024-03-24T12:04:19.405+0000 7f47b959a700 1 -- 172.21.15.163:0/2447717929 <== mon.0 v2:172.21.15.163:3300/0 2 ==== config(27 keys) v1 ==== 1109+0+0 (secure 0 0 0) 0x7f47b000be90 con 0x7f47bc102740
2024-03-24T12:04:20.091 INFO:teuthology.orchestra.run.smithi163.stdout:/usr/bin/ceph: stderr
2024-03-24T12:04:19.405+0000 7f47b959a700 1 -- 172.21.15.163:0/2447717929 <== mon.0 v2:172.21.15.163:3300/0 3 ==== mon_map magic: 0 v1 ==== 229+0+0 (secure 0 0 0) 0x7f47b00103c0 con 0x7f47bc102740
2024-03-24T12:04:20.091 INFO:teuthology.orchestra.run.smithi163.stdout:/usr/bin/ceph: stderr
2024-03-24T12:04:19.406+0000 7f47c0eb0700 1 -- 172.21.15.163:0/2447717929 >> [v2:172.21.15.163:3300/0,v1:172.21.15.163:6789/0] conn(0x7f47bc102740 msgr2=0x7f47bc102b50 secure :-1 s=STATE_CONNECTION_ESTABLISHED l=1).mark_down
2024-03-24T12:04:20.091 INFO:teuthology.orchestra.run.smithi163.stdout:/usr/bin/ceph: stderr
2024-03-24T12:04:19.406+0000 7f47c0eb0700 1 --2- 172.21.15.163:0/2447717929 >> [v2:172.21.15.163:3300/0,v1:172.21.15.163:6789/0] conn(0x7f47bc102740 0x7f47bc102b50 secure :-1 s=READY pgs=63 cs=0 l=1 rev1=1 crypto rx=0x7f47b00098e0 tx=0x7f47b0009250 comp rx=0 tx=0).stop
2024-03-24T12:04:20.091 INFO:teuthology.orchestra.run.smithi163.stdout:/usr/bin/ceph: stderr
2024-03-24T12:04:19.406+0000 7f47c0eb0700 1 -- 172.21.15.163:0/2447717929 shutdown_connections
2024-03-24T12:04:20.091 INFO:teuthology.orchestra.run.smithi163.stdout:/usr/bin/ceph: stderr
2024-03-24T12:04:19.406+0000 7f47c0eb0700 1 --2- 172.21.15.163:0/2447717929 >> [v2:172.21.15.163:3300/0,v1:172.21.15.163:6789/0] conn(0x7f47bc102740 0x7f47bc102b50 unknown :-1 s=CLOSED pgs=63 cs=0 l=1 rev1=1 crypto rx=0 tx=0 comp rx=0 tx=0).stop
2024-03-24T12:04:20.091 INFO:teuthology.orchestra.run.smithi163.stdout:/usr/bin/ceph: stderr
2024-03-24T12:04:19.406+0000 7f47c0eb0700 1 -- 172.21.15.163:0/2447717929 >> 172.21.15.163:0/2447717929 conn(0x7f47bc0fdea0 msgr2=0x7f47bc1002d0 unknown :-1 s=STATE_NONE l=0).mark_down
2024-03-24T12:04:20.091 INFO:teuthology.orchestra.run.smithi163.stdout:/usr/bin/ceph: stderr
2024-03-24T12:04:19.406+0000 7f47c0eb0700 1 -- 172.21.15.163:0/2447717929 shutdown_connections
2024-03-24T12:04:20.092 INFO:teuthology.orchestra.run.smithi163.stdout:/usr/bin/ceph: stderr
2024-03-24T12:04:19.406+0000 7f47c0eb0700 1 -- 172.21.15.163:0/2447717929 wait complete.
2024-03-24T12:04:20.092 INFO:teuthology.orchestra.run.smithi163.stdout:/usr/bin/ceph: stderr
2024-03-24T12:04:19.406+0000 7f47c0eb0700 1 Processor -- start
2024-03-24T12:04:20.092 INFO:teuthology.orchestra.run.smithi163.stdout:/usr/bin/ceph: stderr
2024-03-24T12:04:19.406+0000 7f47c0eb0700 1 -- start start
2024-03-24T12:04:20.092 INFO:teuthology.orchestra.run.smithi163.stdout:/usr/bin/ceph: stderr
2024-03-24T12:04:19.406+0000 7f47c0eb0700 1 --2- >> [v2:172.21.15.163:3300/0,v1:172.21.15.163:6789/0] conn(0x7f47bc102740 0x7f47bc1115e0 unknown :-1 s=NONE pgs=0 cs=0 l=1 rev1=0 crypto rx=0 tx=0 comp rx=0 tx=0).connect
2024-03-24T12:04:20.092 INFO:teuthology.orchestra.run.smithi163.stdout:/usr/bin/ceph: stderr
2024-03-24T12:04:19.406+0000 7f47c0eb0700 1 -- --> [v2:172.21.15.163:3300/0,v1:172.21.15.163:6789/0] -- mon_getmap magic: 0 v1 -- 0x7f47bc111b20 con 0x7f47bc102740
2024-03-24T12:04:20.092 INFO:teuthology.orchestra.run.smithi163.stdout:/usr/bin/ceph: stderr
2024-03-24T12:04:19.407+0000 7f47ba59c700 1 --2- >> [v2:172.21.15.163:3300/0,v1:172.21.15.163:6789/0] conn(0x7f47bc102740 0x7f47bc1115e0 unknown :-1 s=BANNER_CONNECTING pgs=0 cs=0 l=1 rev1=0 crypto rx=0 tx=0 comp rx=0 tx=0)._handle_peer_banner_payload supported=3 required=0
2024-03-24T12:04:20.092 INFO:teuthology.orchestra.run.smithi163.stdout:/usr/bin/ceph: stderr
2024-03-24T12:04:19.407+0000 7f47ba59c700 1 --2- >> [v2:172.21.15.163:3300/0,v1:172.21.15.163:6789/0] conn(0x7f47bc102740 0x7f47bc1115e0 unknown :-1 s=HELLO_CONNECTING pgs=0 cs=0 l=1 rev1=1 crypto rx=0 tx=0 comp rx=0 tx=0).handle_hello peer v2:172.21.15.163:3300/0 says I am v2:172.21.15.163:41068/0 (socket says 172.21.15.163:41068)
2024-03-24T12:04:20.092 INFO:teuthology.orchestra.run.smithi163.stdout:/usr/bin/ceph: stderr
2024-03-24T12:04:19.407+0000 7f47ba59c700 1 -- 172.21.15.163:0/519281923 learned_addr learned my addr 172.21.15.163:0/519281923 (peer_addr_for_me v2:172.21.15.163:0/0)
2024-03-24T12:04:20.092 INFO:teuthology.orchestra.run.smithi163.stdout:/usr/bin/ceph: stderr
2024-03-24T12:04:19.407+0000 7f47ba59c700 1 -- 172.21.15.163:0/519281923 --> [v2:172.21.15.163:3300/0,v1:172.21.15.163:6789/0] -- mon_subscribe({config=0+,monmap=0+}) v3 -- 0x7f47b00094f0 con 0x7f47bc102740
2024-03-24T12:04:20.092 INFO:teuthology.orchestra.run.smithi163.stdout:/usr/bin/ceph: stderr
2024-03-24T12:04:19.407+0000 7f47ba59c700 1 --2- 172.21.15.163:0/519281923 >> [v2:172.21.15.163:3300/0,v1:172.21.15.163:6789/0] conn(0x7f47bc102740 0x7f47bc1115e0 secure :-1 s=READY pgs=64 cs=0 l=1 rev1=1 crypto rx=0x7f47b0011c10 tx=0x7f47b0009250 comp rx=0 tx=0).ready entity=mon.0 client_cookie=0 server_cookie=0 in_seq=0 out_seq=0
2024-03-24T12:04:20.093 INFO:teuthology.orchestra.run.smithi163.stdout:/usr/bin/ceph: stderr
2024-03-24T12:04:19.407+0000 7f47aaffd700 1 -- 172.21.15.163:0/519281923 <== mon.0 v2:172.21.15.163:3300/0 1 ==== mon_map magic: 0 v1 ==== 229+0+0 (secure 0 0 0) 0x7f47b0010890 con 0x7f47bc102740
2024-03-24T12:04:20.093 INFO:teuthology.orchestra.run.smithi163.stdout:/usr/bin/ceph: stderr
2024-03-24T12:04:19.407+0000 7f47aaffd700 1 -- 172.21.15.163:0/519281923 <== mon.0 v2:172.21.15.163:3300/0 2 ==== config(27 keys) v1 ==== 1109+0+0 (secure 0 0 0) 0x7f47b0010ec0 con 0x7f47bc102740
2024-03-24T12:04:20.093 INFO:teuthology.orchestra.run.smithi163.stdout:/usr/bin/ceph: stderr
2024-03-24T12:04:19.407+0000 7f47c0eb0700 1 -- 172.21.15.163:0/519281923 --> [v2:172.21.15.163:3300/0,v1:172.21.15.163:6789/0] -- mon_subscribe({mgrmap=0+}) v3 -- 0x7f47bc111d20 con 0x7f47bc102740
2024-03-24T12:04:20.093 INFO:teuthology.orchestra.run.smithi163.stdout:/usr/bin/ceph: stderr
2024-03-24T12:04:19.407+0000 7f47aaffd700 1 -- 172.21.15.163:0/519281923 <== mon.0 v2:172.21.15.163:3300/0 3 ==== mon_map magic: 0 v1 ==== 229+0+0 (secure 0 0 0) 0x7f47b00243f0 con 0x7f47bc102740
2024-03-24T12:04:20.093 INFO:teuthology.orchestra.run.smithi163.stdout:/usr/bin/ceph: stderr
2024-03-24T12:04:19.407+0000 7f47c0eb0700 1 -- 172.21.15.163:0/519281923 --> [v2:172.21.15.163:3300/0,v1:172.21.15.163:6789/0] -- mon_subscribe({osdmap=0}) v3 -- 0x7f47bc112890 con 0x7f47bc102740
2024-03-24T12:04:20.093 INFO:teuthology.orchestra.run.smithi163.stdout:/usr/bin/ceph: stderr
2024-03-24T12:04:19.408+0000 7f47aaffd700 1 -- 172.21.15.163:0/519281923 <== mon.0 v2:172.21.15.163:3300/0 4 ==== mgrmap(e 8) v1 ==== 43368+0+0 (secure 0 0 0) 0x7f47b002d3f0 con 0x7f47bc102740
2024-03-24T12:04:20.093 INFO:teuthology.orchestra.run.smithi163.stdout:/usr/bin/ceph: stderr
2024-03-24T12:04:19.408+0000 7f47c0eb0700 1 -- 172.21.15.163:0/519281923 --> [v2:172.21.15.163:3300/0,v1:172.21.15.163:6789/0] -- mon_command({"prefix": "get_command_descriptions"} v 0) v1 -- 0x7f47bc05f5f0 con 0x7f47bc102740
2024-03-24T12:04:20.093 INFO:teuthology.orchestra.run.smithi163.stdout:/usr/bin/ceph: stderr
2024-03-24T12:04:19.408+0000 7f47aaffd700 1 --2- 172.21.15.163:0/519281923 >> [v2:172.21.15.163:6800/3928162791,v1:172.21.15.163:6801/3928162791] conn(0x7f47a4036790 0x7f47a4038c40 unknown :-1 s=NONE pgs=0 cs=0 l=1 rev1=0 crypto rx=0 tx=0 comp rx=0 tx=0).connect
2024-03-24T12:04:20.093 INFO:teuthology.orchestra.run.smithi163.stdout:/usr/bin/ceph: stderr
2024-03-24T12:04:19.408+0000 7f47aaffd700 1 -- 172.21.15.163:0/519281923 <== mon.0 v2:172.21.15.163:3300/0 5 ==== osd_map(2..2 src has 1..2) v4 ==== 936+0+0 (secure 0 0 0) 0x7f47b004a3c0 con 0x7f47bc102740
2024-03-24T12:04:20.093 INFO:teuthology.orchestra.run.smithi163.stdout:/usr/bin/ceph: stderr
2024-03-24T12:04:19.408+0000 7f47b9d9b700 1 --2- 172.21.15.163:0/519281923 >> [v2:172.21.15.163:6800/3928162791,v1:172.21.15.163:6801/3928162791] conn(0x7f47a4036790 0x7f47a4038c40 unknown :-1 s=BANNER_CONNECTING pgs=0 cs=0 l=1 rev1=0 crypto rx=0 tx=0 comp rx=0 tx=0)._handle_peer_banner_payload supported=3 required=0
2024-03-24T12:04:20.093 INFO:teuthology.orchestra.run.smithi163.stdout:/usr/bin/ceph: stderr
2024-03-24T12:04:19.409+0000 7f47b9d9b700 1 --2- 172.21.15.163:0/519281923 >> [v2:172.21.15.163:6800/3928162791,v1:172.21.15.163:6801/3928162791] conn(0x7f47a4036790 0x7f47a4038c40 secure :-1 s=READY pgs=20 cs=0 l=1 rev1=1 crypto rx=0x7f47ac009990 tx=0x7f47ac006e40 comp rx=0 tx=0).ready entity=mgr.14120 client_cookie=0 server_cookie=0 in_seq=0 out_seq=0
2024-03-24T12:04:20.093 INFO:teuthology.orchestra.run.smithi163.stdout:/usr/bin/ceph: stderr
2024-03-24T12:04:19.413+0000 7f47aaffd700 1 -- 172.21.15.163:0/519281923 <== mon.0 v2:172.21.15.163:3300/0 6 ==== mon_command_ack([{"prefix": "get_command_descriptions"}]=0 v0) v1 ==== 72+0+176504 (secure 0 0 0) 0x7f47b002b8e0 con 0x7f47bc102740
2024-03-24T12:04:20.093 INFO:teuthology.orchestra.run.smithi163.stdout:/usr/bin/ceph: stderr
2024-03-24T12:04:19.599+0000 7f47c0eb0700 1 -- 172.21.15.163:0/519281923 --> [v2:172.21.15.163:3300/0,v1:172.21.15.163:6789/0] -- mon_command([{prefix=config set, name=mgr/dashboard/ssl_server_port}] v 0) v1 -- 0x7f47bc04bed0 con 0x7f47bc102740
2024-03-24T12:04:20.093 INFO:teuthology.orchestra.run.smithi163.stdout:/usr/bin/ceph: stderr
2024-03-24T12:04:19.605+0000 7f47aaffd700 1 -- 172.21.15.163:0/519281923 <== mon.0 v2:172.21.15.163:3300/0 7 ==== mon_command_ack([{prefix=config set, name=mgr/dashboard/ssl_server_port}]=0 v8)=0 v8) v1 ==== 130+0+0 (secure 0 0 0) 0x7f47b002b2f0 con 0x7f47bc102740
2024-03-24T12:04:20.094 INFO:teuthology.orchestra.run.smithi163.stdout:/usr/bin/ceph: stderr
2024-03-24T12:04:19.607+0000 7f47c0eb0700 1 -- 172.21.15.163:0/519281923 >> [v2:172.21.15.163:6800/3928162791,v1:172.21.15.163:6801/3928162791] conn(0x7f47a4036790 msgr2=0x7f47a4038c40 secure :-1 s=STATE_CONNECTION_ESTABLISHED l=1).mark_down
2024-03-24T12:04:20.094 INFO:teuthology.orchestra.run.smithi163.stdout:/usr/bin/ceph: stderr
2024-03-24T12:04:19.607+0000 7f47c0eb0700 1 --2- 172.21.15.163:0/519281923 >> [v2:172.21.15.163:6800/3928162791,v1:172.21.15.163:6801/3928162791] conn(0x7f47a4036790 0x7f47a4038c40 secure :-1 s=READY pgs=20 cs=0 l=1 rev1=1 crypto rx=0x7f47ac009990 tx=0x7f47ac006e40 comp rx=0 tx=0).stop
2024-03-24T12:04:20.094 INFO:teuthology.orchestra.run.smithi163.stdout:/usr/bin/ceph: stderr
2024-03-24T12:04:19.607+0000 7f47c0eb0700 1 -- 172.21.15.163:0/519281923 >> [v2:172.21.15.163:3300/0,v1:172.21.15.163:6789/0] conn(0x7f47bc102740 msgr2=0x7f47bc1115e0 secure :-1 s=STATE_CONNECTION_ESTABLISHED l=1).mark_down
2024-03-24T12:04:20.094 INFO:teuthology.orchestra.run.smithi163.stdout:/usr/bin/ceph: stderr
2024-03-24T12:04:19.607+0000 7f47c0eb0700 1 --2- 172.21.15.163:0/519281923 >> [v2:172.21.15.163:3300/0,v1:172.21.15.163:6789/0] conn(0x7f47bc102740 0x7f47bc1115e0 secure :-1 s=READY pgs=64 cs=0 l=1 rev1=1 crypto rx=0x7f47b0011c10 tx=0x7f47b0009250 comp rx=0 tx=0).stop
2024-03-24T12:04:20.094 INFO:teuthology.orchestra.run.smithi163.stdout:/usr/bin/ceph: stderr
2024-03-24T12:04:19.607+0000 7f47c0eb0700 1 -- 172.21.15.163:0/519281923 shutdown_connections
2024-03-24T12:04:20.094 INFO:teuthology.orchestra.run.smithi163.stdout:/usr/bin/ceph: stderr
2024-03-24T12:04:19.607+0000 7f47c0eb0700 1 --2- 172.21.15.163:0/519281923 >> [v2:172.21.15.163:6800/3928162791,v1:172.21.15.163:6801/3928162791] conn(0x7f47a4036790 0x7f47a4038c40 unknown :-1 s=CLOSED pgs=20 cs=0 l=1 rev1=1 crypto rx=0 tx=0 comp rx=0 tx=0).stop
2024-03-24T12:04:20.094 INFO:teuthology.orchestra.run.smithi163.stdout:/usr/bin/ceph: stderr
2024-03-24T12:04:19.607+0000 7f47c0eb0700 1 --2- 172.21.15.163:0/519281923 >> [v2:172.21.15.163:3300/0,v1:172.21.15.163:6789/0] conn(0x7f47bc102740 0x7f47bc1115e0 unknown :-1 s=CLOSED pgs=64 cs=0 l=1 rev1=1 crypto rx=0 tx=0 comp rx=0 tx=0).stop
2024-03-24T12:04:20.094 INFO:teuthology.orchestra.run.smithi163.stdout:/usr/bin/ceph: stderr
2024-03-24T12:04:19.607+0000 7f47c0eb0700 1 -- 172.21.15.163:0/519281923 >> 172.21.15.163:0/519281923 conn(0x7f47bc0fdea0 msgr2=0x7f47bc0fea30 unknown :-1 s=STATE_NONE l=0).mark_down
2024-03-24T12:04:20.094 INFO:teuthology.orchestra.run.smithi163.stdout:/usr/bin/ceph: stderr
2024-03-24T12:04:19.607+0000 7f47c0eb0700 1 -- 172.21.15.163:0/519281923 shutdown_connections
2024-03-24T12:04:20.094 INFO:teuthology.orchestra.run.smithi163.stdout:/usr/bin/ceph: stderr
2024-03-24T12:04:19.607+0000 7f47c0eb0700 1 -- 172.21.15.163:0/519281923 wait complete.
2024-03-24T12:04:20.094 INFO:teuthology.orchestra.run.smithi163.stdout:Enabling the dashboard module...
2024-03-24T12:04:20.732 INFO:journalctl@ceph.mon.smithi163.smithi163.stdout:Mar 24 12:04:20 smithi163 ceph-mon[29319]: from='client.? 172.21.15.163:0/519281923' entity='client.admin'
2024-03-24T12:04:20.732 INFO:journalctl@ceph.mon.smithi163.smithi163.stdout:Mar 24 12:04:20 smithi163 ceph-mon[29319]: pgmap v4: 0 pgs: ; 0 B data, 0 B used, 0 B / 0 B avail
2024-03-24T12:04:21.892 INFO:journalctl@ceph.mon.smithi163.smithi163.stdout:Mar 24 12:04:21 smithi163 ceph-mon[29319]: from='client.? 172.21.15.163:0/783662358' entity='client.admin' cmd=[{"prefix": "mgr module enable", "module": "dashboard"}]: dispatch
2024-03-24T12:04:22.192 INFO:teuthology.orchestra.run.smithi163.stdout:/usr/bin/ceph: stderr
2024-03-24T12:04:20.484+0000 7f2e53d7a700 1 Processor -- start
2024-03-24T12:04:22.197 INFO:teuthology.orchestra.run.smithi163.stdout:/usr/bin/ceph: stderr
2024-03-24T12:04:20.484+0000 7f2e53d7a700 1 -- start start
2024-03-24T12:04:22.198 INFO:teuthology.orchestra.run.smithi163.stdout:/usr/bin/ceph: stderr
2024-03-24T12:04:20.484+0000 7f2e53d7a700 1 --2- >> [v2:172.21.15.163:3300/0,v1:172.21.15.163:6789/0] conn(0x7f2e4c102740 0x7f2e4c102b50 unknown :-1 s=NONE pgs=0 cs=0 l=0 rev1=0 crypto rx=0 tx=0 comp rx=0 tx=0).connect
2024-03-24T12:04:22.198 INFO:teuthology.orchestra.run.smithi163.stdout:/usr/bin/ceph: stderr
2024-03-24T12:04:20.484+0000 7f2e53d7a700 1 -- --> [v2:172.21.15.163:3300/0,v1:172.21.15.163:6789/0] -- mon_getmap magic: 0 v1 -- 0x7f2e4c103090 con 0x7f2e4c102740
2024-03-24T12:04:22.198 INFO:teuthology.orchestra.run.smithi163.stdout:/usr/bin/ceph: stderr
2024-03-24T12:04:20.484+0000 7f2e51b16700 1 --2- >> [v2:172.21.15.163:3300/0,v1:172.21.15.163:6789/0] conn(0x7f2e4c102740 0x7f2e4c102b50 unknown :-1 s=BANNER_CONNECTING pgs=0 cs=0 l=0 rev1=0 crypto rx=0 tx=0 comp rx=0 tx=0)._handle_peer_banner_payload supported=3 required=0
2024-03-24T12:04:22.198 INFO:teuthology.orchestra.run.smithi163.stdout:/usr/bin/ceph: stderr
2024-03-24T12:04:20.484+0000 7f2e51b16700 1 --2- >> [v2:172.21.15.163:3300/0,v1:172.21.15.163:6789/0] conn(0x7f2e4c102740 0x7f2e4c102b50 unknown :-1 s=HELLO_CONNECTING pgs=0 cs=0 l=0 rev1=1 crypto rx=0 tx=0 comp rx=0 tx=0).handle_hello peer v2:172.21.15.163:3300/0 says I am v2:172.21.15.163:50890/0 (socket says 172.21.15.163:50890)
2024-03-24T12:04:22.198 INFO:teuthology.orchestra.run.smithi163.stdout:/usr/bin/ceph: stderr
2024-03-24T12:04:20.484+0000 7f2e51b16700 1 -- 172.21.15.163:0/2502650363 learned_addr learned my addr 172.21.15.163:0/2502650363 (peer_addr_for_me v2:172.21.15.163:0/0)
2024-03-24T12:04:22.198 INFO:teuthology.orchestra.run.smithi163.stdout:/usr/bin/ceph: stderr
2024-03-24T12:04:20.485+0000 7f2e51b16700 1 -- 172.21.15.163:0/2502650363 --> [v2:172.21.15.163:3300/0,v1:172.21.15.163:6789/0] -- mon_subscribe({config=0+,monmap=0+}) v3 -- 0x7f2e4c1031d0 con 0x7f2e4c102740
2024-03-24T12:04:22.198 INFO:teuthology.orchestra.run.smithi163.stdout:/usr/bin/ceph: stderr
2024-03-24T12:04:20.485+0000 7f2e51b16700 1 --2- 172.21.15.163:0/2502650363 >> [v2:172.21.15.163:3300/0,v1:172.21.15.163:6789/0] conn(0x7f2e4c102740 0x7f2e4c102b50 secure :-1 s=READY pgs=65 cs=0 l=1 rev1=1 crypto rx=0x7f2e44009e50 tx=0x7f2e44009840 comp rx=0 tx=0).ready entity=mon.0 client_cookie=6ff5eec5b647d0ad server_cookie=0 in_seq=0 out_seq=0
2024-03-24T12:04:22.198 INFO:teuthology.orchestra.run.smithi163.stdout:/usr/bin/ceph: stderr
2024-03-24T12:04:20.485+0000 7f2e50b14700 1 -- 172.21.15.163:0/2502650363 <== mon.0 v2:172.21.15.163:3300/0 1 ==== mon_map magic: 0 v1 ==== 229+0+0 (secure 0 0 0) 0x7f2e440092e0 con 0x7f2e4c102740
2024-03-24T12:04:22.198 INFO:teuthology.orchestra.run.smithi163.stdout:/usr/bin/ceph: stderr
2024-03-24T12:04:20.485+0000 7f2e50b14700 1 -- 172.21.15.163:0/2502650363 <== mon.0 v2:172.21.15.163:3300/0 2 ==== config(27 keys) v1 ==== 1109+0+0 (secure 0 0 0) 0x7f2e44012430 con 0x7f2e4c102740
2024-03-24T12:04:22.198 INFO:teuthology.orchestra.run.smithi163.stdout:/usr/bin/ceph: stderr
2024-03-24T12:04:20.485+0000 7f2e50b14700 1 -- 172.21.15.163:0/2502650363 <== mon.0 v2:172.21.15.163:3300/0 3 ==== mon_map magic: 0 v1 ==== 229+0+0 (secure 0 0 0) 0x7f2e440075a0 con 0x7f2e4c102740
2024-03-24T12:04:22.198 INFO:teuthology.orchestra.run.smithi163.stdout:/usr/bin/ceph: stderr
2024-03-24T12:04:20.486+0000 7f2e53d7a700 1 -- 172.21.15.163:0/2502650363 >> [v2:172.21.15.163:3300/0,v1:172.21.15.163:6789/0] conn(0x7f2e4c102740 msgr2=0x7f2e4c102b50 secure :-1 s=STATE_CONNECTION_ESTABLISHED l=1).mark_down
2024-03-24T12:04:22.198 INFO:teuthology.orchestra.run.smithi163.stdout:/usr/bin/ceph: stderr
2024-03-24T12:04:20.486+0000 7f2e53d7a700 1 --2- 172.21.15.163:0/2502650363 >> [v2:172.21.15.163:3300/0,v1:172.21.15.163:6789/0] conn(0x7f2e4c102740 0x7f2e4c102b50 secure :-1 s=READY pgs=65 cs=0 l=1 rev1=1 crypto rx=0x7f2e44009e50 tx=0x7f2e44009840 comp rx=0 tx=0).stop
2024-03-24T12:04:22.199 INFO:teuthology.orchestra.run.smithi163.stdout:/usr/bin/ceph: stderr
2024-03-24T12:04:20.486+0000 7f2e53d7a700 1 -- 172.21.15.163:0/2502650363 shutdown_connections
2024-03-24T12:04:22.199 INFO:teuthology.orchestra.run.smithi163.stdout:/usr/bin/ceph: stderr
2024-03-24T12:04:20.486+0000 7f2e53d7a700 1 --2- 172.21.15.163:0/2502650363 >> [v2:172.21.15.163:3300/0,v1:172.21.15.163:6789/0] conn(0x7f2e4c102740 0x7f2e4c102b50 unknown :-1 s=CLOSED pgs=65 cs=0 l=1 rev1=1 crypto rx=0 tx=0 comp rx=0 tx=0).stop
2024-03-24T12:04:22.199 INFO:teuthology.orchestra.run.smithi163.stdout:/usr/bin/ceph: stderr
2024-03-24T12:04:20.486+0000 7f2e53d7a700 1 -- 172.21.15.163:0/2502650363 >> 172.21.15.163:0/2502650363 conn(0x7f2e4c0fdea0 msgr2=0x7f2e4c1002d0 unknown :-1 s=STATE_NONE l=0).mark_down
2024-03-24T12:04:22.199 INFO:teuthology.orchestra.run.smithi163.stdout:/usr/bin/ceph: stderr
2024-03-24T12:04:20.486+0000 7f2e53d7a700 1 -- 172.21.15.163:0/2502650363 shutdown_connections
2024-03-24T12:04:22.199 INFO:teuthology.orchestra.run.smithi163.stdout:/usr/bin/ceph: stderr
2024-03-24T12:04:20.486+0000 7f2e53d7a700 1 -- 172.21.15.163:0/2502650363 wait complete.
2024-03-24T12:04:22.199 INFO:teuthology.orchestra.run.smithi163.stdout:/usr/bin/ceph: stderr
2024-03-24T12:04:20.486+0000 7f2e53d7a700 1 Processor -- start
2024-03-24T12:04:22.199 INFO:teuthology.orchestra.run.smithi163.stdout:/usr/bin/ceph: stderr
2024-03-24T12:04:20.486+0000 7f2e53d7a700 1 -- start start
2024-03-24T12:04:22.199 INFO:teuthology.orchestra.run.smithi163.stdout:/usr/bin/ceph: stderr
2024-03-24T12:04:20.486+0000 7f2e53d7a700 1 --2- >> [v2:172.21.15.163:3300/0,v1:172.21.15.163:6789/0] conn(0x7f2e4c102740 0x7f2e4c111660 unknown :-1 s=NONE pgs=0 cs=0 l=1 rev1=0 crypto rx=0 tx=0 comp rx=0 tx=0).connect
2024-03-24T12:04:22.199 INFO:teuthology.orchestra.run.smithi163.stdout:/usr/bin/ceph: stderr
2024-03-24T12:04:20.486+0000 7f2e53d7a700 1 -- --> [v2:172.21.15.163:3300/0,v1:172.21.15.163:6789/0] -- mon_getmap magic: 0 v1 -- 0x7f2e4c111ba0 con 0x7f2e4c102740
2024-03-24T12:04:22.199 INFO:teuthology.orchestra.run.smithi163.stdout:/usr/bin/ceph: stderr
2024-03-24T12:04:20.487+0000 7f2e51b16700 1 --2- >> [v2:172.21.15.163:3300/0,v1:172.21.15.163:6789/0] conn(0x7f2e4c102740 0x7f2e4c111660 unknown :-1 s=BANNER_CONNECTING pgs=0 cs=0 l=1 rev1=0 crypto rx=0 tx=0 comp rx=0 tx=0)._handle_peer_banner_payload supported=3 required=0
2024-03-24T12:04:22.199 INFO:teuthology.orchestra.run.smithi163.stdout:/usr/bin/ceph: stderr
2024-03-24T12:04:20.487+0000 7f2e51b16700 1 --2- >> [v2:172.21.15.163:3300/0,v1:172.21.15.163:6789/0] conn(0x7f2e4c102740 0x7f2e4c111660 unknown :-1 s=HELLO_CONNECTING pgs=0 cs=0 l=1 rev1=1 crypto rx=0 tx=0 comp rx=0 tx=0).handle_hello peer v2:172.21.15.163:3300/0 says I am v2:172.21.15.163:50902/0 (socket says 172.21.15.163:50902)
2024-03-24T12:04:22.199 INFO:teuthology.orchestra.run.smithi163.stdout:/usr/bin/ceph: stderr
2024-03-24T12:04:20.487+0000 7f2e51b16700 1 -- 172.21.15.163:0/783662358 learned_addr learned my addr 172.21.15.163:0/783662358 (peer_addr_for_me v2:172.21.15.163:0/0)
2024-03-24T12:04:22.199 INFO:teuthology.orchestra.run.smithi163.stdout:/usr/bin/ceph: stderr
2024-03-24T12:04:20.487+0000 7f2e51b16700 1 -- 172.21.15.163:0/783662358 --> [v2:172.21.15.163:3300/0,v1:172.21.15.163:6789/0] -- mon_subscribe({config=0+,monmap=0+}) v3 -- 0x7f2e44009ae0 con 0x7f2e4c102740
2024-03-24T12:04:22.199 INFO:teuthology.orchestra.run.smithi163.stdout:/usr/bin/ceph: stderr
2024-03-24T12:04:20.487+0000 7f2e51b16700 1 --2- 172.21.15.163:0/783662358 >> [v2:172.21.15.163:3300/0,v1:172.21.15.163:6789/0] conn(0x7f2e4c102740 0x7f2e4c111660 secure :-1 s=READY pgs=66 cs=0 l=1 rev1=1 crypto rx=0x7f2e44012de0 tx=0x7f2e44009840 comp rx=0 tx=0).ready entity=mon.0 client_cookie=0 server_cookie=0 in_seq=0 out_seq=0
2024-03-24T12:04:22.200 INFO:teuthology.orchestra.run.smithi163.stdout:/usr/bin/ceph: stderr
2024-03-24T12:04:20.487+0000 7f2e427fc700 1 -- 172.21.15.163:0/783662358 <== mon.0 v2:172.21.15.163:3300/0 1 ==== mon_map magic: 0 v1 ==== 229+0+0 (secure 0 0 0) 0x7f2e440092e0 con 0x7f2e4c102740
2024-03-24T12:04:22.200 INFO:teuthology.orchestra.run.smithi163.stdout:/usr/bin/ceph: stderr
2024-03-24T12:04:20.487+0000 7f2e427fc700 1 -- 172.21.15.163:0/783662358 <== mon.0 v2:172.21.15.163:3300/0 2 ==== config(27 keys) v1 ==== 1109+0+0 (secure 0 0 0) 0x7f2e44007d30 con 0x7f2e4c102740
2024-03-24T12:04:22.200 INFO:teuthology.orchestra.run.smithi163.stdout:/usr/bin/ceph: stderr
2024-03-24T12:04:20.487+0000 7f2e53d7a700 1 -- 172.21.15.163:0/783662358 --> [v2:172.21.15.163:3300/0,v1:172.21.15.163:6789/0] -- mon_subscribe({mgrmap=0+}) v3 -- 0x7f2e4c111da0 con 0x7f2e4c102740
2024-03-24T12:04:22.200 INFO:teuthology.orchestra.run.smithi163.stdout:/usr/bin/ceph: stderr
2024-03-24T12:04:20.487+0000 7f2e427fc700 1 -- 172.21.15.163:0/783662358 <== mon.0 v2:172.21.15.163:3300/0 3 ==== mon_map magic: 0 v1 ==== 229+0+0 (secure 0 0 0) 0x7f2e44025880 con 0x7f2e4c102740
2024-03-24T12:04:22.200 INFO:teuthology.orchestra.run.smithi163.stdout:/usr/bin/ceph: stderr
2024-03-24T12:04:20.487+0000 7f2e53d7a700 1 -- 172.21.15.163:0/783662358 --> [v2:172.21.15.163:3300/0,v1:172.21.15.163:6789/0] -- mon_subscribe({osdmap=0}) v3 -- 0x7f2e4c112910 con 0x7f2e4c102740
2024-03-24T12:04:22.200 INFO:teuthology.orchestra.run.smithi163.stdout:/usr/bin/ceph: stderr
2024-03-24T12:04:20.488+0000 7f2e427fc700 1 -- 172.21.15.163:0/783662358 <== mon.0 v2:172.21.15.163:3300/0 4 ==== mgrmap(e 8) v1 ==== 43368+0+0 (secure 0 0 0) 0x7f2e44019050 con 0x7f2e4c102740
2024-03-24T12:04:22.200 INFO:teuthology.orchestra.run.smithi163.stdout:/usr/bin/ceph: stderr
2024-03-24T12:04:20.488+0000 7f2e53d7a700 1 -- 172.21.15.163:0/783662358 --> [v2:172.21.15.163:3300/0,v1:172.21.15.163:6789/0] -- mon_command({"prefix": "get_command_descriptions"} v 0) v1 -- 0x7f2e4c05f5f0 con 0x7f2e4c102740
2024-03-24T12:04:22.200 INFO:teuthology.orchestra.run.smithi163.stdout:/usr/bin/ceph: stderr
2024-03-24T12:04:20.488+0000 7f2e427fc700 1 --2- 172.21.15.163:0/783662358 >> [v2:172.21.15.163:6800/3928162791,v1:172.21.15.163:6801/3928162791] conn(0x7f2e38036790 0x7f2e38038c40 unknown :-1 s=NONE pgs=0 cs=0 l=1 rev1=0 crypto rx=0 tx=0 comp rx=0 tx=0).connect
2024-03-24T12:04:22.200 INFO:teuthology.orchestra.run.smithi163.stdout:/usr/bin/ceph: stderr
