2024-03-24T12:04:20.488+0000 7f2e427fc700 1 -- 172.21.15.163:0/783662358 <== mon.0 v2:172.21.15.163:3300/0 5 ==== osd_map(2..2 src has 1..2) v4 ==== 936+0+0 (secure 0 0 0) 0x7f2e4404a2f0 con 0x7f2e4c102740
2024-03-24T12:04:22.200 INFO:teuthology.orchestra.run.smithi163.stdout:/usr/bin/ceph: stderr
2024-03-24T12:04:20.488+0000 7f2e51315700 1 --2- 172.21.15.163:0/783662358 >> [v2:172.21.15.163:6800/3928162791,v1:172.21.15.163:6801/3928162791] conn(0x7f2e38036790 0x7f2e38038c40 unknown :-1 s=BANNER_CONNECTING pgs=0 cs=0 l=1 rev1=0 crypto rx=0 tx=0 comp rx=0 tx=0)._handle_peer_banner_payload supported=3 required=0
2024-03-24T12:04:22.200 INFO:teuthology.orchestra.run.smithi163.stdout:/usr/bin/ceph: stderr
2024-03-24T12:04:20.489+0000 7f2e51315700 1 --2- 172.21.15.163:0/783662358 >> [v2:172.21.15.163:6800/3928162791,v1:172.21.15.163:6801/3928162791] conn(0x7f2e38036790 0x7f2e38038c40 secure :-1 s=READY pgs=21 cs=0 l=1 rev1=1 crypto rx=0x7f2e3c009990 tx=0x7f2e3c006e40 comp rx=0 tx=0).ready entity=mgr.14120 client_cookie=0 server_cookie=0 in_seq=0 out_seq=0
2024-03-24T12:04:22.200 INFO:teuthology.orchestra.run.smithi163.stdout:/usr/bin/ceph: stderr
2024-03-24T12:04:20.493+0000 7f2e427fc700 1 -- 172.21.15.163:0/783662358 <== mon.0 v2:172.21.15.163:3300/0 6 ==== mon_command_ack([{"prefix": "get_command_descriptions"}]=0 v0) v1 ==== 72+0+176504 (secure 0 0 0) 0x7f2e4402d9a0 con 0x7f2e4c102740
2024-03-24T12:04:22.201 INFO:teuthology.orchestra.run.smithi163.stdout:/usr/bin/ceph: stderr
2024-03-24T12:04:20.732+0000 7f2e53d7a700 1 -- 172.21.15.163:0/783662358 --> [v2:172.21.15.163:3300/0,v1:172.21.15.163:6789/0] -- mon_command({"prefix": "mgr module enable", "module": "dashboard"} v 0) v1 -- 0x7f2e4c04bed0 con 0x7f2e4c102740
2024-03-24T12:04:22.201 INFO:teuthology.orchestra.run.smithi163.stdout:/usr/bin/ceph: stderr
2024-03-24T12:04:21.614+0000 7f2e427fc700 1 -- 172.21.15.163:0/783662358 <== mon.0 v2:172.21.15.163:3300/0 7 ==== mgrmap(e 9) v1 ==== 43381+0+0 (secure 0 0 0) 0x7f2e4401c550 con 0x7f2e4c102740
2024-03-24T12:04:22.201 INFO:teuthology.orchestra.run.smithi163.stdout:/usr/bin/ceph: stderr
2024-03-24T12:04:21.615+0000 7f2e427fc700 1 -- 172.21.15.163:0/783662358 <== mon.0 v2:172.21.15.163:3300/0 8 ==== mon_command_ack([{"prefix": "mgr module enable", "module": "dashboard"}]=0 v9) v1 ==== 88+0+0 (secure 0 0 0) 0x7f2e4401adc0 con 0x7f2e4c102740
2024-03-24T12:04:22.201 INFO:teuthology.orchestra.run.smithi163.stdout:/usr/bin/ceph: stderr
2024-03-24T12:04:21.618+0000 7f2e53d7a700 1 -- 172.21.15.163:0/783662358 >> [v2:172.21.15.163:6800/3928162791,v1:172.21.15.163:6801/3928162791] conn(0x7f2e38036790 msgr2=0x7f2e38038c40 secure :-1 s=STATE_CONNECTION_ESTABLISHED l=1).mark_down
2024-03-24T12:04:22.201 INFO:teuthology.orchestra.run.smithi163.stdout:/usr/bin/ceph: stderr
2024-03-24T12:04:21.618+0000 7f2e53d7a700 1 --2- 172.21.15.163:0/783662358 >> [v2:172.21.15.163:6800/3928162791,v1:172.21.15.163:6801/3928162791] conn(0x7f2e38036790 0x7f2e38038c40 secure :-1 s=READY pgs=21 cs=0 l=1 rev1=1 crypto rx=0x7f2e3c009990 tx=0x7f2e3c006e40 comp rx=0 tx=0).stop
2024-03-24T12:04:22.201 INFO:teuthology.orchestra.run.smithi163.stdout:/usr/bin/ceph: stderr
2024-03-24T12:04:21.618+0000 7f2e53d7a700 1 -- 172.21.15.163:0/783662358 >> [v2:172.21.15.163:3300/0,v1:172.21.15.163:6789/0] conn(0x7f2e4c102740 msgr2=0x7f2e4c111660 secure :-1 s=STATE_CONNECTION_ESTABLISHED l=1).mark_down
2024-03-24T12:04:22.201 INFO:teuthology.orchestra.run.smithi163.stdout:/usr/bin/ceph: stderr
2024-03-24T12:04:21.618+0000 7f2e53d7a700 1 --2- 172.21.15.163:0/783662358 >> [v2:172.21.15.163:3300/0,v1:172.21.15.163:6789/0] conn(0x7f2e4c102740 0x7f2e4c111660 secure :-1 s=READY pgs=66 cs=0 l=1 rev1=1 crypto rx=0x7f2e44012de0 tx=0x7f2e44009840 comp rx=0 tx=0).stop
2024-03-24T12:04:22.201 INFO:teuthology.orchestra.run.smithi163.stdout:/usr/bin/ceph: stderr
2024-03-24T12:04:21.618+0000 7f2e53d7a700 1 -- 172.21.15.163:0/783662358 shutdown_connections
2024-03-24T12:04:22.202 INFO:teuthology.orchestra.run.smithi163.stdout:/usr/bin/ceph: stderr
2024-03-24T12:04:21.618+0000 7f2e53d7a700 1 --2- 172.21.15.163:0/783662358 >> [v2:172.21.15.163:6800/3928162791,v1:172.21.15.163:6801/3928162791] conn(0x7f2e38036790 0x7f2e38038c40 unknown :-1 s=CLOSED pgs=21 cs=0 l=1 rev1=1 crypto rx=0 tx=0 comp rx=0 tx=0).stop
2024-03-24T12:04:22.202 INFO:teuthology.orchestra.run.smithi163.stdout:/usr/bin/ceph: stderr
2024-03-24T12:04:21.618+0000 7f2e53d7a700 1 --2- 172.21.15.163:0/783662358 >> [v2:172.21.15.163:3300/0,v1:172.21.15.163:6789/0] conn(0x7f2e4c102740 0x7f2e4c111660 unknown :-1 s=CLOSED pgs=66 cs=0 l=1 rev1=1 crypto rx=0 tx=0 comp rx=0 tx=0).stop
2024-03-24T12:04:22.202 INFO:teuthology.orchestra.run.smithi163.stdout:/usr/bin/ceph: stderr
2024-03-24T12:04:21.618+0000 7f2e53d7a700 1 -- 172.21.15.163:0/783662358 >> 172.21.15.163:0/783662358 conn(0x7f2e4c0fdea0 msgr2=0x7f2e4c0feac0 unknown :-1 s=STATE_NONE l=0).mark_down
2024-03-24T12:04:22.202 INFO:teuthology.orchestra.run.smithi163.stdout:/usr/bin/ceph: stderr
2024-03-24T12:04:21.619+0000 7f2e53d7a700 1 -- 172.21.15.163:0/783662358 shutdown_connections
2024-03-24T12:04:22.202 INFO:teuthology.orchestra.run.smithi163.stdout:/usr/bin/ceph: stderr
2024-03-24T12:04:21.619+0000 7f2e53d7a700 1 -- 172.21.15.163:0/783662358 wait complete.
2024-03-24T12:04:22.741 INFO:journalctl@ceph.mon.smithi163.smithi163.stdout:Mar 24 12:04:22 smithi163 ceph-mon[29319]: from='client.? 172.21.15.163:0/783662358' entity='client.admin' cmd='[{"prefix": "mgr module enable", "module": "dashboard"}]': finished
2024-03-24T12:04:22.741 INFO:journalctl@ceph.mon.smithi163.smithi163.stdout:Mar 24 12:04:22 smithi163 ceph-mon[29319]: mgrmap e9: smithi163.xlgpdr(active, since 23s)
2024-03-24T12:04:23.504 INFO:teuthology.orchestra.run.smithi163.stdout:/usr/bin/ceph: stdout {
2024-03-24T12:04:23.504 INFO:teuthology.orchestra.run.smithi163.stdout:/usr/bin/ceph: stdout "epoch": 9,
2024-03-24T12:04:23.504 INFO:teuthology.orchestra.run.smithi163.stdout:/usr/bin/ceph: stdout "available": true,
2024-03-24T12:04:23.505 INFO:teuthology.orchestra.run.smithi163.stdout:/usr/bin/ceph: stdout "active_name": "smithi163.xlgpdr",
2024-03-24T12:04:23.505 INFO:teuthology.orchestra.run.smithi163.stdout:/usr/bin/ceph: stdout "num_standby": 0
2024-03-24T12:04:23.505 INFO:teuthology.orchestra.run.smithi163.stdout:/usr/bin/ceph: stdout }
2024-03-24T12:04:23.505 INFO:teuthology.orchestra.run.smithi163.stdout:/usr/bin/ceph: stderr
2024-03-24T12:04:22.631+0000 7f9b367bc700 1 Processor -- start
2024-03-24T12:04:23.505 INFO:teuthology.orchestra.run.smithi163.stdout:/usr/bin/ceph: stderr
2024-03-24T12:04:22.631+0000 7f9b367bc700 1 -- start start
2024-03-24T12:04:23.505 INFO:teuthology.orchestra.run.smithi163.stdout:/usr/bin/ceph: stderr
2024-03-24T12:04:22.631+0000 7f9b367bc700 1 --2- >> [v2:172.21.15.163:3300/0,v1:172.21.15.163:6789/0] conn(0x7f9b30102710 0x7f9b30102b20 unknown :-1 s=NONE pgs=0 cs=0 l=0 rev1=0 crypto rx=0 tx=0 comp rx=0 tx=0).connect
2024-03-24T12:04:23.505 INFO:teuthology.orchestra.run.smithi163.stdout:/usr/bin/ceph: stderr
2024-03-24T12:04:22.631+0000 7f9b367bc700 1 -- --> [v2:172.21.15.163:3300/0,v1:172.21.15.163:6789/0] -- mon_getmap magic: 0 v1 -- 0x7f9b30103060 con 0x7f9b30102710
2024-03-24T12:04:23.505 INFO:teuthology.orchestra.run.smithi163.stdout:/usr/bin/ceph: stderr
2024-03-24T12:04:22.631+0000 7f9b2ffff700 1 --2- >> [v2:172.21.15.163:3300/0,v1:172.21.15.163:6789/0] conn(0x7f9b30102710 0x7f9b30102b20 unknown :-1 s=BANNER_CONNECTING pgs=0 cs=0 l=0 rev1=0 crypto rx=0 tx=0 comp rx=0 tx=0)._handle_peer_banner_payload supported=3 required=0
2024-03-24T12:04:23.505 INFO:teuthology.orchestra.run.smithi163.stdout:/usr/bin/ceph: stderr
2024-03-24T12:04:22.631+0000 7f9b2ffff700 1 --2- >> [v2:172.21.15.163:3300/0,v1:172.21.15.163:6789/0] conn(0x7f9b30102710 0x7f9b30102b20 unknown :-1 s=HELLO_CONNECTING pgs=0 cs=0 l=0 rev1=1 crypto rx=0 tx=0 comp rx=0 tx=0).handle_hello peer v2:172.21.15.163:3300/0 says I am v2:172.21.15.163:50918/0 (socket says 172.21.15.163:50918)
2024-03-24T12:04:23.505 INFO:teuthology.orchestra.run.smithi163.stdout:/usr/bin/ceph: stderr
2024-03-24T12:04:22.632+0000 7f9b2ffff700 1 -- 172.21.15.163:0/1828388325 learned_addr learned my addr 172.21.15.163:0/1828388325 (peer_addr_for_me v2:172.21.15.163:0/0)
2024-03-24T12:04:23.505 INFO:teuthology.orchestra.run.smithi163.stdout:/usr/bin/ceph: stderr
2024-03-24T12:04:22.632+0000 7f9b2ffff700 1 -- 172.21.15.163:0/1828388325 --> [v2:172.21.15.163:3300/0,v1:172.21.15.163:6789/0] -- mon_subscribe({config=0+,monmap=0+}) v3 -- 0x7f9b301031a0 con 0x7f9b30102710
2024-03-24T12:04:23.505 INFO:teuthology.orchestra.run.smithi163.stdout:/usr/bin/ceph: stderr
2024-03-24T12:04:22.632+0000 7f9b2ffff700 1 --2- 172.21.15.163:0/1828388325 >> [v2:172.21.15.163:3300/0,v1:172.21.15.163:6789/0] conn(0x7f9b30102710 0x7f9b30102b20 secure :-1 s=READY pgs=69 cs=0 l=1 rev1=1 crypto rx=0x7f9b180098e0 tx=0x7f9b18009250 comp rx=0 tx=0).ready entity=mon.0 client_cookie=a9db8e8b736b523f server_cookie=0 in_seq=0 out_seq=0
2024-03-24T12:04:23.505 INFO:teuthology.orchestra.run.smithi163.stdout:/usr/bin/ceph: stderr
2024-03-24T12:04:22.632+0000 7f9b2effd700 1 -- 172.21.15.163:0/1828388325 <== mon.0 v2:172.21.15.163:3300/0 1 ==== mon_map magic: 0 v1 ==== 229+0+0 (secure 0 0 0) 0x7f9b1800b860 con 0x7f9b30102710
2024-03-24T12:04:23.506 INFO:teuthology.orchestra.run.smithi163.stdout:/usr/bin/ceph: stderr
2024-03-24T12:04:22.632+0000 7f9b2effd700 1 -- 172.21.15.163:0/1828388325 <== mon.0 v2:172.21.15.163:3300/0 2 ==== config(27 keys) v1 ==== 1109+0+0 (secure 0 0 0) 0x7f9b1800be90 con 0x7f9b30102710
2024-03-24T12:04:23.506 INFO:teuthology.orchestra.run.smithi163.stdout:/usr/bin/ceph: stderr
2024-03-24T12:04:22.632+0000 7f9b2effd700 1 -- 172.21.15.163:0/1828388325 <== mon.0 v2:172.21.15.163:3300/0 3 ==== mon_map magic: 0 v1 ==== 229+0+0 (secure 0 0 0) 0x7f9b180103c0 con 0x7f9b30102710
2024-03-24T12:04:23.506 INFO:teuthology.orchestra.run.smithi163.stdout:/usr/bin/ceph: stderr
2024-03-24T12:04:22.633+0000 7f9b367bc700 1 -- 172.21.15.163:0/1828388325 >> [v2:172.21.15.163:3300/0,v1:172.21.15.163:6789/0] conn(0x7f9b30102710 msgr2=0x7f9b30102b20 secure :-1 s=STATE_CONNECTION_ESTABLISHED l=1).mark_down
2024-03-24T12:04:23.506 INFO:teuthology.orchestra.run.smithi163.stdout:/usr/bin/ceph: stderr
2024-03-24T12:04:22.633+0000 7f9b367bc700 1 --2- 172.21.15.163:0/1828388325 >> [v2:172.21.15.163:3300/0,v1:172.21.15.163:6789/0] conn(0x7f9b30102710 0x7f9b30102b20 secure :-1 s=READY pgs=69 cs=0 l=1 rev1=1 crypto rx=0x7f9b180098e0 tx=0x7f9b18009250 comp rx=0 tx=0).stop
2024-03-24T12:04:23.506 INFO:teuthology.orchestra.run.smithi163.stdout:/usr/bin/ceph: stderr
2024-03-24T12:04:22.633+0000 7f9b367bc700 1 -- 172.21.15.163:0/1828388325 shutdown_connections
2024-03-24T12:04:23.506 INFO:teuthology.orchestra.run.smithi163.stdout:/usr/bin/ceph: stderr
2024-03-24T12:04:22.633+0000 7f9b367bc700 1 --2- 172.21.15.163:0/1828388325 >> [v2:172.21.15.163:3300/0,v1:172.21.15.163:6789/0] conn(0x7f9b30102710 0x7f9b30102b20 unknown :-1 s=CLOSED pgs=69 cs=0 l=1 rev1=1 crypto rx=0 tx=0 comp rx=0 tx=0).stop
2024-03-24T12:04:23.506 INFO:teuthology.orchestra.run.smithi163.stdout:/usr/bin/ceph: stderr
2024-03-24T12:04:22.633+0000 7f9b367bc700 1 -- 172.21.15.163:0/1828388325 >> 172.21.15.163:0/1828388325 conn(0x7f9b300fde50 msgr2=0x7f9b301002a0 unknown :-1 s=STATE_NONE l=0).mark_down
2024-03-24T12:04:23.506 INFO:teuthology.orchestra.run.smithi163.stdout:/usr/bin/ceph: stderr
2024-03-24T12:04:22.633+0000 7f9b367bc700 1 -- 172.21.15.163:0/1828388325 shutdown_connections
2024-03-24T12:04:23.506 INFO:teuthology.orchestra.run.smithi163.stdout:/usr/bin/ceph: stderr
2024-03-24T12:04:22.633+0000 7f9b367bc700 1 -- 172.21.15.163:0/1828388325 wait complete.
2024-03-24T12:04:23.506 INFO:teuthology.orchestra.run.smithi163.stdout:/usr/bin/ceph: stderr
2024-03-24T12:04:22.633+0000 7f9b367bc700 1 Processor -- start
2024-03-24T12:04:23.506 INFO:teuthology.orchestra.run.smithi163.stdout:/usr/bin/ceph: stderr
2024-03-24T12:04:22.633+0000 7f9b367bc700 1 -- start start
2024-03-24T12:04:23.506 INFO:teuthology.orchestra.run.smithi163.stdout:/usr/bin/ceph: stderr
2024-03-24T12:04:22.634+0000 7f9b367bc700 1 --2- >> [v2:172.21.15.163:3300/0,v1:172.21.15.163:6789/0] conn(0x7f9b30102710 0x7f9b30078bd0 unknown :-1 s=NONE pgs=0 cs=0 l=1 rev1=0 crypto rx=0 tx=0 comp rx=0 tx=0).connect
2024-03-24T12:04:23.506 INFO:teuthology.orchestra.run.smithi163.stdout:/usr/bin/ceph: stderr
2024-03-24T12:04:22.634+0000 7f9b367bc700 1 -- --> [v2:172.21.15.163:3300/0,v1:172.21.15.163:6789/0] -- mon_getmap magic: 0 v1 -- 0x7f9b30079110 con 0x7f9b30102710
2024-03-24T12:04:23.506 INFO:teuthology.orchestra.run.smithi163.stdout:/usr/bin/ceph: stderr
2024-03-24T12:04:22.634+0000 7f9b2ffff700 1 --2- >> [v2:172.21.15.163:3300/0,v1:172.21.15.163:6789/0] conn(0x7f9b30102710 0x7f9b30078bd0 unknown :-1 s=BANNER_CONNECTING pgs=0 cs=0 l=1 rev1=0 crypto rx=0 tx=0 comp rx=0 tx=0)._handle_peer_banner_payload supported=3 required=0
2024-03-24T12:04:23.507 INFO:teuthology.orchestra.run.smithi163.stdout:/usr/bin/ceph: stderr
2024-03-24T12:04:22.634+0000 7f9b2ffff700 1 --2- >> [v2:172.21.15.163:3300/0,v1:172.21.15.163:6789/0] conn(0x7f9b30102710 0x7f9b30078bd0 unknown :-1 s=HELLO_CONNECTING pgs=0 cs=0 l=1 rev1=1 crypto rx=0 tx=0 comp rx=0 tx=0).handle_hello peer v2:172.21.15.163:3300/0 says I am v2:172.21.15.163:50928/0 (socket says 172.21.15.163:50928)
2024-03-24T12:04:23.507 INFO:teuthology.orchestra.run.smithi163.stdout:/usr/bin/ceph: stderr
2024-03-24T12:04:22.634+0000 7f9b2ffff700 1 -- 172.21.15.163:0/1784102831 learned_addr learned my addr 172.21.15.163:0/1784102831 (peer_addr_for_me v2:172.21.15.163:0/0)
2024-03-24T12:04:23.507 INFO:teuthology.orchestra.run.smithi163.stdout:/usr/bin/ceph: stderr
2024-03-24T12:04:22.634+0000 7f9b2ffff700 1 -- 172.21.15.163:0/1784102831 --> [v2:172.21.15.163:3300/0,v1:172.21.15.163:6789/0] -- mon_subscribe({config=0+,monmap=0+}) v3 -- 0x7f9b180094f0 con 0x7f9b30102710
2024-03-24T12:04:23.507 INFO:teuthology.orchestra.run.smithi163.stdout:/usr/bin/ceph: stderr
2024-03-24T12:04:22.634+0000 7f9b2ffff700 1 --2- 172.21.15.163:0/1784102831 >> [v2:172.21.15.163:3300/0,v1:172.21.15.163:6789/0] conn(0x7f9b30102710 0x7f9b30078bd0 secure :-1 s=READY pgs=70 cs=0 l=1 rev1=1 crypto rx=0x7f9b18011680 tx=0x7f9b18009250 comp rx=0 tx=0).ready entity=mon.0 client_cookie=0 server_cookie=0 in_seq=0 out_seq=0
2024-03-24T12:04:23.507 INFO:teuthology.orchestra.run.smithi163.stdout:/usr/bin/ceph: stderr
2024-03-24T12:04:22.634+0000 7f9b2cff9700 1 -- 172.21.15.163:0/1784102831 <== mon.0 v2:172.21.15.163:3300/0 1 ==== mon_map magic: 0 v1 ==== 229+0+0 (secure 0 0 0) 0x7f9b18010890 con 0x7f9b30102710
2024-03-24T12:04:23.507 INFO:teuthology.orchestra.run.smithi163.stdout:/usr/bin/ceph: stderr
2024-03-24T12:04:22.634+0000 7f9b2cff9700 1 -- 172.21.15.163:0/1784102831 <== mon.0 v2:172.21.15.163:3300/0 2 ==== config(27 keys) v1 ==== 1109+0+0 (secure 0 0 0) 0x7f9b18010ec0 con 0x7f9b30102710
2024-03-24T12:04:23.507 INFO:teuthology.orchestra.run.smithi163.stdout:/usr/bin/ceph: stderr
2024-03-24T12:04:22.634+0000 7f9b367bc700 1 -- 172.21.15.163:0/1784102831 --> [v2:172.21.15.163:3300/0,v1:172.21.15.163:6789/0] -- mon_subscribe({mgrmap=0+}) v3 -- 0x7f9b30077180 con 0x7f9b30102710
2024-03-24T12:04:23.507 INFO:teuthology.orchestra.run.smithi163.stdout:/usr/bin/ceph: stderr
2024-03-24T12:04:22.634+0000 7f9b2cff9700 1 -- 172.21.15.163:0/1784102831 <== mon.0 v2:172.21.15.163:3300/0 3 ==== mon_map magic: 0 v1 ==== 229+0+0 (secure 0 0 0) 0x7f9b180243f0 con 0x7f9b30102710
2024-03-24T12:04:23.507 INFO:teuthology.orchestra.run.smithi163.stdout:/usr/bin/ceph: stderr
2024-03-24T12:04:22.634+0000 7f9b367bc700 1 -- 172.21.15.163:0/1784102831 --> [v2:172.21.15.163:3300/0,v1:172.21.15.163:6789/0] -- mon_subscribe({osdmap=0}) v3 -- 0x7f9b30077670 con 0x7f9b30102710
2024-03-24T12:04:23.507 INFO:teuthology.orchestra.run.smithi163.stdout:/usr/bin/ceph: stderr
2024-03-24T12:04:22.635+0000 7f9b2cff9700 1 -- 172.21.15.163:0/1784102831 <== mon.0 v2:172.21.15.163:3300/0 4 ==== mgrmap(e 9) v1 ==== 43381+0+0 (secure 0 0 0) 0x7f9b1802d3f0 con 0x7f9b30102710
2024-03-24T12:04:23.507 INFO:teuthology.orchestra.run.smithi163.stdout:/usr/bin/ceph: stderr
2024-03-24T12:04:22.635+0000 7f9b2cff9700 1 --2- 172.21.15.163:0/1784102831 >> [v2:172.21.15.163:6800/3928162791,v1:172.21.15.163:6801/3928162791] conn(0x7f9b1c036830 0x7f9b1c038ce0 unknown :-1 s=NONE pgs=0 cs=0 l=1 rev1=0 crypto rx=0 tx=0 comp rx=0 tx=0).connect
2024-03-24T12:04:23.507 INFO:teuthology.orchestra.run.smithi163.stdout:/usr/bin/ceph: stderr
2024-03-24T12:04:22.636+0000 7f9b2cff9700 1 -- 172.21.15.163:0/1784102831 <== mon.0 v2:172.21.15.163:3300/0 5 ==== osd_map(2..2 src has 1..2) v4 ==== 936+0+0 (secure 0 0 0) 0x7f9b1804a2a0 con 0x7f9b30102710
2024-03-24T12:04:23.507 INFO:teuthology.orchestra.run.smithi163.stdout:/usr/bin/ceph: stderr
2024-03-24T12:04:22.636+0000 7f9b2f7fe700 1 -- 172.21.15.163:0/1784102831 >> [v2:172.21.15.163:6800/3928162791,v1:172.21.15.163:6801/3928162791] conn(0x7f9b1c036830 msgr2=0x7f9b1c038ce0 unknown :-1 s=STATE_CONNECTING_RE l=1).process reconnect failed to v2:172.21.15.163:6800/3928162791
2024-03-24T12:04:23.507 INFO:teuthology.orchestra.run.smithi163.stdout:/usr/bin/ceph: stderr
2024-03-24T12:04:22.636+0000 7f9b2f7fe700 1 --2- 172.21.15.163:0/1784102831 >> [v2:172.21.15.163:6800/3928162791,v1:172.21.15.163:6801/3928162791] conn(0x7f9b1c036830 0x7f9b1c038ce0 unknown :-1 s=START_CONNECT pgs=0 cs=0 l=1 rev1=0 crypto rx=0 tx=0 comp rx=0 tx=0)._fault waiting 0.200000
2024-03-24T12:04:23.508 INFO:teuthology.orchestra.run.smithi163.stdout:/usr/bin/ceph: stderr
2024-03-24T12:04:22.636+0000 7f9b367bc700 1 -- 172.21.15.163:0/1784102831 --> [v2:172.21.15.163:3300/0,v1:172.21.15.163:6789/0] -- mon_command({"prefix": "get_command_descriptions"} v 0) v1 -- 0x7f9b3004bed0 con 0x7f9b30102710
2024-03-24T12:04:23.508 INFO:teuthology.orchestra.run.smithi163.stdout:/usr/bin/ceph: stderr
2024-03-24T12:04:22.640+0000 7f9b2cff9700 1 -- 172.21.15.163:0/1784102831 <== mon.0 v2:172.21.15.163:3300/0 6 ==== mon_command_ack([{"prefix": "get_command_descriptions"}]=0 v0) v1 ==== 72+0+176504 (secure 0 0 0) 0x7f9b1802b8e0 con 0x7f9b30102710
2024-03-24T12:04:23.508 INFO:teuthology.orchestra.run.smithi163.stdout:/usr/bin/ceph: stderr
2024-03-24T12:04:22.837+0000 7f9b2f7fe700 1 -- 172.21.15.163:0/1784102831 >> [v2:172.21.15.163:6800/3928162791,v1:172.21.15.163:6801/3928162791] conn(0x7f9b1c036830 msgr2=0x7f9b1c038ce0 unknown :-1 s=STATE_CONNECTING_RE l=1).process reconnect failed to v2:172.21.15.163:6800/3928162791
2024-03-24T12:04:23.508 INFO:teuthology.orchestra.run.smithi163.stdout:/usr/bin/ceph: stderr
2024-03-24T12:04:22.837+0000 7f9b2f7fe700 1 --2- 172.21.15.163:0/1784102831 >> [v2:172.21.15.163:6800/3928162791,v1:172.21.15.163:6801/3928162791] conn(0x7f9b1c036830 0x7f9b1c038ce0 unknown :-1 s=START_CONNECT pgs=0 cs=0 l=1 rev1=0 crypto rx=0 tx=0 comp rx=0 tx=0)._fault waiting 0.400000
2024-03-24T12:04:23.508 INFO:teuthology.orchestra.run.smithi163.stdout:/usr/bin/ceph: stderr
2024-03-24T12:04:22.881+0000 7f9b367bc700 1 -- 172.21.15.163:0/1784102831 --> [v2:172.21.15.163:3300/0,v1:172.21.15.163:6789/0] -- mon_command({"prefix": "mgr stat"} v 0) v1 -- 0x7f9b30077af0 con 0x7f9b30102710
2024-03-24T12:04:23.508 INFO:teuthology.orchestra.run.smithi163.stdout:/usr/bin/ceph: stderr
2024-03-24T12:04:22.882+0000 7f9b2cff9700 1 -- 172.21.15.163:0/1784102831 <== mon.0 v2:172.21.15.163:3300/0 7 ==== mon_command_ack([{"prefix": "mgr stat"}]=0 v9) v1 ==== 56+0+103 (secure 0 0 0) 0x7f9b1802c350 con 0x7f9b30102710
2024-03-24T12:04:23.508 INFO:teuthology.orchestra.run.smithi163.stdout:/usr/bin/ceph: stderr
2024-03-24T12:04:22.884+0000 7f9b367bc700 1 -- 172.21.15.163:0/1784102831 >> [v2:172.21.15.163:6800/3928162791,v1:172.21.15.163:6801/3928162791] conn(0x7f9b1c036830 msgr2=0x7f9b1c038ce0 unknown :-1 s=STATE_CONNECTING l=1).mark_down
2024-03-24T12:04:23.508 INFO:teuthology.orchestra.run.smithi163.stdout:/usr/bin/ceph: stderr
2024-03-24T12:04:22.884+0000 7f9b367bc700 1 --2- 172.21.15.163:0/1784102831 >> [v2:172.21.15.163:6800/3928162791,v1:172.21.15.163:6801/3928162791] conn(0x7f9b1c036830 0x7f9b1c038ce0 unknown :-1 s=START_CONNECT pgs=0 cs=0 l=1 rev1=0 crypto rx=0 tx=0 comp rx=0 tx=0).stop
2024-03-24T12:04:23.508 INFO:teuthology.orchestra.run.smithi163.stdout:/usr/bin/ceph: stderr
2024-03-24T12:04:22.884+0000 7f9b367bc700 1 -- 172.21.15.163:0/1784102831 >> [v2:172.21.15.163:3300/0,v1:172.21.15.163:6789/0] conn(0x7f9b30102710 msgr2=0x7f9b30078bd0 secure :-1 s=STATE_CONNECTION_ESTABLISHED l=1).mark_down
2024-03-24T12:04:23.508 INFO:teuthology.orchestra.run.smithi163.stdout:/usr/bin/ceph: stderr
2024-03-24T12:04:22.884+0000 7f9b367bc700 1 --2- 172.21.15.163:0/1784102831 >> [v2:172.21.15.163:3300/0,v1:172.21.15.163:6789/0] conn(0x7f9b30102710 0x7f9b30078bd0 secure :-1 s=READY pgs=70 cs=0 l=1 rev1=1 crypto rx=0x7f9b18011680 tx=0x7f9b18009250 comp rx=0 tx=0).stop
2024-03-24T12:04:23.508 INFO:teuthology.orchestra.run.smithi163.stdout:/usr/bin/ceph: stderr
2024-03-24T12:04:22.884+0000 7f9b367bc700 1 -- 172.21.15.163:0/1784102831 shutdown_connections
2024-03-24T12:04:23.508 INFO:teuthology.orchestra.run.smithi163.stdout:/usr/bin/ceph: stderr
2024-03-24T12:04:22.884+0000 7f9b367bc700 1 --2- 172.21.15.163:0/1784102831 >> [v2:172.21.15.163:6800/3928162791,v1:172.21.15.163:6801/3928162791] conn(0x7f9b1c036830 0x7f9b1c038ce0 unknown :-1 s=CLOSED pgs=0 cs=0 l=1 rev1=0 crypto rx=0 tx=0 comp rx=0 tx=0).stop
2024-03-24T12:04:23.508 INFO:teuthology.orchestra.run.smithi163.stdout:/usr/bin/ceph: stderr
2024-03-24T12:04:22.884+0000 7f9b367bc700 1 --2- 172.21.15.163:0/1784102831 >> [v2:172.21.15.163:3300/0,v1:172.21.15.163:6789/0] conn(0x7f9b30102710 0x7f9b30078bd0 unknown :-1 s=CLOSED pgs=70 cs=0 l=1 rev1=1 crypto rx=0 tx=0 comp rx=0 tx=0).stop
2024-03-24T12:04:23.509 INFO:teuthology.orchestra.run.smithi163.stdout:/usr/bin/ceph: stderr
2024-03-24T12:04:22.884+0000 7f9b367bc700 1 -- 172.21.15.163:0/1784102831 >> 172.21.15.163:0/1784102831 conn(0x7f9b300fde50 msgr2=0x7f9b300fea60 unknown :-1 s=STATE_NONE l=0).mark_down
2024-03-24T12:04:23.509 INFO:teuthology.orchestra.run.smithi163.stdout:/usr/bin/ceph: stderr
2024-03-24T12:04:22.884+0000 7f9b367bc700 1 -- 172.21.15.163:0/1784102831 shutdown_connections
2024-03-24T12:04:23.509 INFO:teuthology.orchestra.run.smithi163.stdout:/usr/bin/ceph: stderr
2024-03-24T12:04:22.884+0000 7f9b367bc700 1 -- 172.21.15.163:0/1784102831 wait complete.
2024-03-24T12:04:23.509 INFO:teuthology.orchestra.run.smithi163.stdout:Waiting for the mgr to restart...
2024-03-24T12:04:23.509 INFO:teuthology.orchestra.run.smithi163.stdout:Waiting for mgr epoch 9...
2024-03-24T12:04:23.741 INFO:journalctl@ceph.mon.smithi163.smithi163.stdout:Mar 24 12:04:23 smithi163 ceph-mon[29319]: from='client.? 172.21.15.163:0/1784102831' entity='client.admin' cmd=[{"prefix": "mgr stat"}]: dispatch
2024-03-24T12:04:28.741 INFO:journalctl@ceph.mon.smithi163.smithi163.stdout:Mar 24 12:04:28 smithi163 ceph-mon[29319]: Active manager daemon smithi163.xlgpdr restarted
2024-03-24T12:04:28.741 INFO:journalctl@ceph.mon.smithi163.smithi163.stdout:Mar 24 12:04:28 smithi163 ceph-mon[29319]: Activating manager daemon smithi163.xlgpdr
2024-03-24T12:04:28.742 INFO:journalctl@ceph.mon.smithi163.smithi163.stdout:Mar 24 12:04:28 smithi163 ceph-mon[29319]: osdmap e3: 0 total, 0 up, 0 in
2024-03-24T12:04:28.742 INFO:journalctl@ceph.mon.smithi163.smithi163.stdout:Mar 24 12:04:28 smithi163 ceph-mon[29319]: mgrmap e10: smithi163.xlgpdr(active, starting, since 0.00307152s)
2024-03-24T12:04:28.742 INFO:journalctl@ceph.mon.smithi163.smithi163.stdout:Mar 24 12:04:28 smithi163 ceph-mon[29319]: from='mgr.14162 172.21.15.163:0/2786738745' entity='mgr.smithi163.xlgpdr' cmd=[{"prefix": "mon metadata", "id": "smithi163"}]: dispatch
2024-03-24T12:04:28.742 INFO:journalctl@ceph.mon.smithi163.smithi163.stdout:Mar 24 12:04:28 smithi163 ceph-mon[29319]: from='mgr.14162 172.21.15.163:0/2786738745' entity='mgr.smithi163.xlgpdr' cmd=[{"prefix": "mgr metadata", "who": "smithi163.xlgpdr", "id": "smithi163.xlgpdr"}]: dispatch
2024-03-24T12:04:28.742 INFO:journalctl@ceph.mon.smithi163.smithi163.stdout:Mar 24 12:04:28 smithi163 ceph-mon[29319]: from='mgr.14162 172.21.15.163:0/2786738745' entity='mgr.smithi163.xlgpdr' cmd=[{"prefix": "mds metadata"}]: dispatch
2024-03-24T12:04:28.742 INFO:journalctl@ceph.mon.smithi163.smithi163.stdout:Mar 24 12:04:28 smithi163 ceph-mon[29319]: from='mgr.14162 172.21.15.163:0/2786738745' entity='mgr.smithi163.xlgpdr' cmd=[{"prefix": "osd metadata"}]: dispatch
2024-03-24T12:04:28.742 INFO:journalctl@ceph.mon.smithi163.smithi163.stdout:Mar 24 12:04:28 smithi163 ceph-mon[29319]: from='mgr.14162 172.21.15.163:0/2786738745' entity='mgr.smithi163.xlgpdr' cmd=[{"prefix": "mon metadata"}]: dispatch
2024-03-24T12:04:28.742 INFO:journalctl@ceph.mon.smithi163.smithi163.stdout:Mar 24 12:04:28 smithi163 ceph-mon[29319]: Manager daemon smithi163.xlgpdr is now available
2024-03-24T12:04:28.742 INFO:journalctl@ceph.mon.smithi163.smithi163.stdout:Mar 24 12:04:28 smithi163 ceph-mon[29319]: from='mgr.14162 172.21.15.163:0/2786738745' entity='mgr.smithi163.xlgpdr' cmd=[{"prefix": "config dump", "format": "json"}]: dispatch
2024-03-24T12:04:28.742 INFO:journalctl@ceph.mon.smithi163.smithi163.stdout:Mar 24 12:04:28 smithi163 ceph-mon[29319]: from='mgr.14162 172.21.15.163:0/2786738745' entity='mgr.smithi163.xlgpdr' cmd=[{"prefix": "config dump", "format": "json"}]: dispatch
2024-03-24T12:04:29.471 INFO:journalctl@ceph.mon.smithi163.smithi163.stdout:Mar 24 12:04:29 smithi163 ceph-mon[29319]: from='mgr.14162 172.21.15.163:0/2786738745' entity='mgr.smithi163.xlgpdr' cmd=[{"prefix":"config rm","who":"mgr","name":"mgr/rbd_support/smithi163.xlgpdr/mirror_snapshot_schedule"}]: dispatch
2024-03-24T12:04:29.471 INFO:journalctl@ceph.mon.smithi163.smithi163.stdout:Mar 24 12:04:29 smithi163 ceph-mon[29319]: from='mgr.14162 172.21.15.163:0/2786738745' entity='mgr.smithi163.xlgpdr' cmd=[{"prefix":"config rm","who":"mgr","name":"mgr/rbd_support/smithi163.xlgpdr/trash_purge_schedule"}]: dispatch
2024-03-24T12:04:29.471 INFO:journalctl@ceph.mon.smithi163.smithi163.stdout:Mar 24 12:04:29 smithi163 ceph-mon[29319]: [24/Mar/2024:12:04:28] ENGINE Bus STARTING
2024-03-24T12:04:29.471 INFO:journalctl@ceph.mon.smithi163.smithi163.stdout:Mar 24 12:04:29 smithi163 ceph-mon[29319]: [24/Mar/2024:12:04:28] ENGINE Serving on https://172.21.15.163:7150
2024-03-24T12:04:29.472 INFO:journalctl@ceph.mon.smithi163.smithi163.stdout:Mar 24 12:04:29 smithi163 ceph-mon[29319]: [24/Mar/2024:12:04:28] ENGINE Bus STARTED
2024-03-24T12:04:29.472 INFO:journalctl@ceph.mon.smithi163.smithi163.stdout:Mar 24 12:04:29 smithi163 ceph-mon[29319]: from='mgr.14162 172.21.15.163:0/2786738745' entity='mgr.smithi163.xlgpdr'
2024-03-24T12:04:29.472 INFO:journalctl@ceph.mon.smithi163.smithi163.stdout:Mar 24 12:04:29 smithi163 ceph-mon[29319]: mgrmap e11: smithi163.xlgpdr(active, since 1.00592s)
2024-03-24T12:04:29.707 INFO:teuthology.orchestra.run.smithi163.stdout:/usr/bin/ceph: stdout {
2024-03-24T12:04:29.715 INFO:teuthology.orchestra.run.smithi163.stdout:/usr/bin/ceph: stdout "mgrmap_epoch": 11,
2024-03-24T12:04:29.715 INFO:teuthology.orchestra.run.smithi163.stdout:/usr/bin/ceph: stdout "initialized": true
2024-03-24T12:04:29.715 INFO:teuthology.orchestra.run.smithi163.stdout:/usr/bin/ceph: stdout }
2024-03-24T12:04:29.715 INFO:teuthology.orchestra.run.smithi163.stdout:/usr/bin/ceph: stderr
2024-03-24T12:04:23.931+0000 7f1b37ea2700 1 Processor -- start
2024-03-24T12:04:29.715 INFO:teuthology.orchestra.run.smithi163.stdout:/usr/bin/ceph: stderr
2024-03-24T12:04:23.931+0000 7f1b37ea2700 1 -- start start
2024-03-24T12:04:29.715 INFO:teuthology.orchestra.run.smithi163.stdout:/usr/bin/ceph: stderr
2024-03-24T12:04:23.932+0000 7f1b37ea2700 1 --2- >> [v2:172.21.15.163:3300/0,v1:172.21.15.163:6789/0] conn(0x7f1b30078cc0 0x7f1b300771c0 unknown :-1 s=NONE pgs=0 cs=0 l=0 rev1=0 crypto rx=0 tx=0 comp rx=0 tx=0).connect
2024-03-24T12:04:29.715 INFO:teuthology.orchestra.run.smithi163.stdout:/usr/bin/ceph: stderr
2024-03-24T12:04:23.932+0000 7f1b37ea2700 1 -- --> [v2:172.21.15.163:3300/0,v1:172.21.15.163:6789/0] -- mon_getmap magic: 0 v1 -- 0x7f1b300790d0 con 0x7f1b30078cc0
2024-03-24T12:04:29.715 INFO:teuthology.orchestra.run.smithi163.stdout:/usr/bin/ceph: stderr
2024-03-24T12:04:23.932+0000 7f1b35c3e700 1 --2- >> [v2:172.21.15.163:3300/0,v1:172.21.15.163:6789/0] conn(0x7f1b30078cc0 0x7f1b300771c0 unknown :-1 s=BANNER_CONNECTING pgs=0 cs=0 l=0 rev1=0 crypto rx=0 tx=0 comp rx=0 tx=0)._handle_peer_banner_payload supported=3 required=0
2024-03-24T12:04:29.715 INFO:teuthology.orchestra.run.smithi163.stdout:/usr/bin/ceph: stderr
2024-03-24T12:04:23.932+0000 7f1b35c3e700 1 --2- >> [v2:172.21.15.163:3300/0,v1:172.21.15.163:6789/0] conn(0x7f1b30078cc0 0x7f1b300771c0 unknown :-1 s=HELLO_CONNECTING pgs=0 cs=0 l=0 rev1=1 crypto rx=0 tx=0 comp rx=0 tx=0).handle_hello peer v2:172.21.15.163:3300/0 says I am v2:172.21.15.163:50942/0 (socket says 172.21.15.163:50942)
2024-03-24T12:04:29.715 INFO:teuthology.orchestra.run.smithi163.stdout:/usr/bin/ceph: stderr
2024-03-24T12:04:23.932+0000 7f1b35c3e700 1 -- 172.21.15.163:0/814377057 learned_addr learned my addr 172.21.15.163:0/814377057 (peer_addr_for_me v2:172.21.15.163:0/0)
2024-03-24T12:04:29.715 INFO:teuthology.orchestra.run.smithi163.stdout:/usr/bin/ceph: stderr
2024-03-24T12:04:23.932+0000 7f1b35c3e700 1 -- 172.21.15.163:0/814377057 --> [v2:172.21.15.163:3300/0,v1:172.21.15.163:6789/0] -- mon_subscribe({config=0+,monmap=0+}) v3 -- 0x7f1b30077700 con 0x7f1b30078cc0
2024-03-24T12:04:29.715 INFO:teuthology.orchestra.run.smithi163.stdout:/usr/bin/ceph: stderr
2024-03-24T12:04:23.932+0000 7f1b35c3e700 1 --2- 172.21.15.163:0/814377057 >> [v2:172.21.15.163:3300/0,v1:172.21.15.163:6789/0] conn(0x7f1b30078cc0 0x7f1b300771c0 secure :-1 s=READY pgs=71 cs=0 l=1 rev1=1 crypto rx=0x7f1b2c0098e0 tx=0x7f1b2c009250 comp rx=0 tx=0).ready entity=mon.0 client_cookie=9841911310331036 server_cookie=0 in_seq=0 out_seq=0
2024-03-24T12:04:29.715 INFO:teuthology.orchestra.run.smithi163.stdout:/usr/bin/ceph: stderr
2024-03-24T12:04:23.932+0000 7f1b34c3c700 1 -- 172.21.15.163:0/814377057 <== mon.0 v2:172.21.15.163:3300/0 1 ==== mon_map magic: 0 v1 ==== 229+0+0 (secure 0 0 0) 0x7f1b2c00b860 con 0x7f1b30078cc0
2024-03-24T12:04:29.715 INFO:teuthology.orchestra.run.smithi163.stdout:/usr/bin/ceph: stderr
2024-03-24T12:04:23.932+0000 7f1b34c3c700 1 -- 172.21.15.163:0/814377057 <== mon.0 v2:172.21.15.163:3300/0 2 ==== config(27 keys) v1 ==== 1109+0+0 (secure 0 0 0) 0x7f1b2c00be90 con 0x7f1b30078cc0
2024-03-24T12:04:29.716 INFO:teuthology.orchestra.run.smithi163.stdout:/usr/bin/ceph: stderr
2024-03-24T12:04:23.932+0000 7f1b34c3c700 1 -- 172.21.15.163:0/814377057 <== mon.0 v2:172.21.15.163:3300/0 3 ==== mon_map magic: 0 v1 ==== 229+0+0 (secure 0 0 0) 0x7f1b2c0103c0 con 0x7f1b30078cc0
2024-03-24T12:04:29.716 INFO:teuthology.orchestra.run.smithi163.stdout:/usr/bin/ceph: stderr
2024-03-24T12:04:23.933+0000 7f1b37ea2700 1 -- 172.21.15.163:0/814377057 >> [v2:172.21.15.163:3300/0,v1:172.21.15.163:6789/0] conn(0x7f1b30078cc0 msgr2=0x7f1b300771c0 secure :-1 s=STATE_CONNECTION_ESTABLISHED l=1).mark_down
2024-03-24T12:04:29.716 INFO:teuthology.orchestra.run.smithi163.stdout:/usr/bin/ceph: stderr
2024-03-24T12:04:23.933+0000 7f1b37ea2700 1 --2- 172.21.15.163:0/814377057 >> [v2:172.21.15.163:3300/0,v1:172.21.15.163:6789/0] conn(0x7f1b30078cc0 0x7f1b300771c0 secure :-1 s=READY pgs=71 cs=0 l=1 rev1=1 crypto rx=0x7f1b2c0098e0 tx=0x7f1b2c009250 comp rx=0 tx=0).stop
2024-03-24T12:04:29.716 INFO:teuthology.orchestra.run.smithi163.stdout:/usr/bin/ceph: stderr
2024-03-24T12:04:23.934+0000 7f1b37ea2700 1 -- 172.21.15.163:0/814377057 shutdown_connections
2024-03-24T12:04:29.716 INFO:teuthology.orchestra.run.smithi163.stdout:/usr/bin/ceph: stderr
2024-03-24T12:04:23.934+0000 7f1b37ea2700 1 --2- 172.21.15.163:0/814377057 >> [v2:172.21.15.163:3300/0,v1:172.21.15.163:6789/0] conn(0x7f1b30078cc0 0x7f1b300771c0 unknown :-1 s=CLOSED pgs=71 cs=0 l=1 rev1=1 crypto rx=0 tx=0 comp rx=0 tx=0).stop
2024-03-24T12:04:29.716 INFO:teuthology.orchestra.run.smithi163.stdout:/usr/bin/ceph: stderr
2024-03-24T12:04:23.934+0000 7f1b37ea2700 1 -- 172.21.15.163:0/814377057 >> 172.21.15.163:0/814377057 conn(0x7f1b300fdf10 msgr2=0x7f1b30100320 unknown :-1 s=STATE_NONE l=0).mark_down
2024-03-24T12:04:29.716 INFO:teuthology.orchestra.run.smithi163.stdout:/usr/bin/ceph: stderr
2024-03-24T12:04:23.934+0000 7f1b37ea2700 1 -- 172.21.15.163:0/814377057 shutdown_connections
2024-03-24T12:04:29.716 INFO:teuthology.orchestra.run.smithi163.stdout:/usr/bin/ceph: stderr
2024-03-24T12:04:23.934+0000 7f1b37ea2700 1 -- 172.21.15.163:0/814377057 wait complete.
2024-03-24T12:04:29.716 INFO:teuthology.orchestra.run.smithi163.stdout:/usr/bin/ceph: stderr
2024-03-24T12:04:23.934+0000 7f1b37ea2700 1 Processor -- start
2024-03-24T12:04:29.716 INFO:teuthology.orchestra.run.smithi163.stdout:/usr/bin/ceph: stderr
2024-03-24T12:04:23.934+0000 7f1b37ea2700 1 -- start start
2024-03-24T12:04:29.716 INFO:teuthology.orchestra.run.smithi163.stdout:/usr/bin/ceph: stderr
2024-03-24T12:04:23.935+0000 7f1b37ea2700 1 --2- >> [v2:172.21.15.163:3300/0,v1:172.21.15.163:6789/0] conn(0x7f1b30078cc0 0x7f1b301137f0 unknown :-1 s=NONE pgs=0 cs=0 l=1 rev1=0 crypto rx=0 tx=0 comp rx=0 tx=0).connect
2024-03-24T12:04:29.716 INFO:teuthology.orchestra.run.smithi163.stdout:/usr/bin/ceph: stderr
2024-03-24T12:04:23.935+0000 7f1b37ea2700 1 -- --> [v2:172.21.15.163:3300/0,v1:172.21.15.163:6789/0] -- mon_getmap magic: 0 v1 -- 0x7f1b30113d30 con 0x7f1b30078cc0
2024-03-24T12:04:29.716 INFO:teuthology.orchestra.run.smithi163.stdout:/usr/bin/ceph: stderr
2024-03-24T12:04:23.935+0000 7f1b35c3e700 1 --2- >> [v2:172.21.15.163:3300/0,v1:172.21.15.163:6789/0] conn(0x7f1b30078cc0 0x7f1b301137f0 unknown :-1 s=BANNER_CONNECTING pgs=0 cs=0 l=1 rev1=0 crypto rx=0 tx=0 comp rx=0 tx=0)._handle_peer_banner_payload supported=3 required=0
2024-03-24T12:04:29.717 INFO:teuthology.orchestra.run.smithi163.stdout:/usr/bin/ceph: stderr
2024-03-24T12:04:23.935+0000 7f1b35c3e700 1 --2- >> [v2:172.21.15.163:3300/0,v1:172.21.15.163:6789/0] conn(0x7f1b30078cc0 0x7f1b301137f0 unknown :-1 s=HELLO_CONNECTING pgs=0 cs=0 l=1 rev1=1 crypto rx=0 tx=0 comp rx=0 tx=0).handle_hello peer v2:172.21.15.163:3300/0 says I am v2:172.21.15.163:50944/0 (socket says 172.21.15.163:50944)
2024-03-24T12:04:29.717 INFO:teuthology.orchestra.run.smithi163.stdout:/usr/bin/ceph: stderr
2024-03-24T12:04:23.935+0000 7f1b35c3e700 1 -- 172.21.15.163:0/2026727606 learned_addr learned my addr 172.21.15.163:0/2026727606 (peer_addr_for_me v2:172.21.15.163:0/0)
2024-03-24T12:04:29.717 INFO:teuthology.orchestra.run.smithi163.stdout:/usr/bin/ceph: stderr
2024-03-24T12:04:23.935+0000 7f1b35c3e700 1 -- 172.21.15.163:0/2026727606 --> [v2:172.21.15.163:3300/0,v1:172.21.15.163:6789/0] -- mon_subscribe({config=0+,monmap=0+}) v3 -- 0x7f1b2c0094f0 con 0x7f1b30078cc0
2024-03-24T12:04:29.717 INFO:teuthology.orchestra.run.smithi163.stdout:/usr/bin/ceph: stderr
2024-03-24T12:04:23.935+0000 7f1b35c3e700 1 --2- 172.21.15.163:0/2026727606 >> [v2:172.21.15.163:3300/0,v1:172.21.15.163:6789/0] conn(0x7f1b30078cc0 0x7f1b301137f0 secure :-1 s=READY pgs=72 cs=0 l=1 rev1=1 crypto rx=0x7f1b2c006d40 tx=0x7f1b2c009250 comp rx=0 tx=0).ready entity=mon.0 client_cookie=0 server_cookie=0 in_seq=0 out_seq=0
2024-03-24T12:04:29.717 INFO:teuthology.orchestra.run.smithi163.stdout:/usr/bin/ceph: stderr
2024-03-24T12:04:23.935+0000 7f1b267fc700 1 -- 172.21.15.163:0/2026727606 <== mon.0 v2:172.21.15.163:3300/0 1 ==== mon_map magic: 0 v1 ==== 229+0+0 (secure 0 0 0) 0x7f1b2c010840 con 0x7f1b30078cc0
2024-03-24T12:04:29.717 INFO:teuthology.orchestra.run.smithi163.stdout:/usr/bin/ceph: stderr
2024-03-24T12:04:23.935+0000 7f1b37ea2700 1 -- 172.21.15.163:0/2026727606 --> [v2:172.21.15.163:3300/0,v1:172.21.15.163:6789/0] -- mon_subscribe({mgrmap=0+}) v3 -- 0x7f1b30113f30 con 0x7f1b30078cc0
2024-03-24T12:04:29.717 INFO:teuthology.orchestra.run.smithi163.stdout:/usr/bin/ceph: stderr
2024-03-24T12:04:23.936+0000 7f1b37ea2700 1 -- 172.21.15.163:0/2026727606 --> [v2:172.21.15.163:3300/0,v1:172.21.15.163:6789/0] -- mon_subscribe({osdmap=0}) v3 -- 0x7f1b30114aa0 con 0x7f1b30078cc0
2024-03-24T12:04:29.717 INFO:teuthology.orchestra.run.smithi163.stdout:/usr/bin/ceph: stderr
2024-03-24T12:04:23.936+0000 7f1b267fc700 1 -- 172.21.15.163:0/2026727606 <== mon.0 v2:172.21.15.163:3300/0 2 ==== config(27 keys) v1 ==== 1109+0+0 (secure 0 0 0) 0x7f1b2c010e70 con 0x7f1b30078cc0
2024-03-24T12:04:29.717 INFO:teuthology.orchestra.run.smithi163.stdout:/usr/bin/ceph: stderr
2024-03-24T12:04:23.936+0000 7f1b267fc700 1 -- 172.21.15.163:0/2026727606 <== mon.0 v2:172.21.15.163:3300/0 3 ==== mon_map magic: 0 v1 ==== 229+0+0 (secure 0 0 0) 0x7f1b2c024ea0 con 0x7f1b30078cc0
2024-03-24T12:04:29.717 INFO:teuthology.orchestra.run.smithi163.stdout:/usr/bin/ceph: stderr
2024-03-24T12:04:23.936+0000 7f1b267fc700 1 -- 172.21.15.163:0/2026727606 <== mon.0 v2:172.21.15.163:3300/0 4 ==== mgrmap(e 9) v1 ==== 43381+0+0 (secure 0 0 0) 0x7f1b2c01a560 con 0x7f1b30078cc0
2024-03-24T12:04:29.717 INFO:teuthology.orchestra.run.smithi163.stdout:/usr/bin/ceph: stderr
2024-03-24T12:04:23.937+0000 7f1b267fc700 1 --2- 172.21.15.163:0/2026727606 >> [v2:172.21.15.163:6800/3928162791,v1:172.21.15.163:6801/3928162791] conn(0x7f1b1c0367e0 0x7f1b1c038c90 unknown :-1 s=NONE pgs=0 cs=0 l=1 rev1=0 crypto rx=0 tx=0 comp rx=0 tx=0).connect
2024-03-24T12:04:29.717 INFO:teuthology.orchestra.run.smithi163.stdout:/usr/bin/ceph: stderr
2024-03-24T12:04:23.937+0000 7f1b267fc700 1 -- 172.21.15.163:0/2026727606 --> [v2:172.21.15.163:6800/3928162791,v1:172.21.15.163:6801/3928162791] -- command(tid 0: {"prefix": "get_command_descriptions"}) v1 -- 0x7f1b1c0393a0 con 0x7f1b1c0367e0
2024-03-24T12:04:29.717 INFO:teuthology.orchestra.run.smithi163.stdout:/usr/bin/ceph: stderr
2024-03-24T12:04:23.937+0000 7f1b267fc700 1 -- 172.21.15.163:0/2026727606 <== mon.0 v2:172.21.15.163:3300/0 5 ==== osd_map(2..2 src has 1..2) v4 ==== 936+0+0 (secure 0 0 0) 0x7f1b2c04a7c0 con 0x7f1b30078cc0
2024-03-24T12:04:29.717 INFO:teuthology.orchestra.run.smithi163.stdout:/usr/bin/ceph: stderr
2024-03-24T12:04:23.937+0000 7f1b3543d700 1 -- 172.21.15.163:0/2026727606 >> [v2:172.21.15.163:6800/3928162791,v1:172.21.15.163:6801/3928162791] conn(0x7f1b1c0367e0 msgr2=0x7f1b1c038c90 unknown :-1 s=STATE_CONNECTING_RE l=1).process reconnect failed to v2:172.21.15.163:6800/3928162791
2024-03-24T12:04:29.717 INFO:teuthology.orchestra.run.smithi163.stdout:/usr/bin/ceph: stderr
2024-03-24T12:04:23.937+0000 7f1b3543d700 1 --2- 172.21.15.163:0/2026727606 >> [v2:172.21.15.163:6800/3928162791,v1:172.21.15.163:6801/3928162791] conn(0x7f1b1c0367e0 0x7f1b1c038c90 unknown :-1 s=START_CONNECT pgs=0 cs=0 l=1 rev1=0 crypto rx=0 tx=0 comp rx=0 tx=0)._fault waiting 0.200000
2024-03-24T12:04:29.718 INFO:teuthology.orchestra.run.smithi163.stdout:/usr/bin/ceph: stderr
2024-03-24T12:04:24.138+0000 7f1b3543d700 1 -- 172.21.15.163:0/2026727606 >> [v2:172.21.15.163:6800/3928162791,v1:172.21.15.163:6801/3928162791] conn(0x7f1b1c0367e0 msgr2=0x7f1b1c038c90 unknown :-1 s=STATE_CONNECTING_RE l=1).process reconnect failed to v2:172.21.15.163:6800/3928162791
2024-03-24T12:04:29.718 INFO:teuthology.orchestra.run.smithi163.stdout:/usr/bin/ceph: stderr
2024-03-24T12:04:24.138+0000 7f1b3543d700 1 --2- 172.21.15.163:0/2026727606 >> [v2:172.21.15.163:6800/3928162791,v1:172.21.15.163:6801/3928162791] conn(0x7f1b1c0367e0 0x7f1b1c038c90 unknown :-1 s=START_CONNECT pgs=0 cs=0 l=1 rev1=0 crypto rx=0 tx=0 comp rx=0 tx=0)._fault waiting 0.400000
2024-03-24T12:04:29.718 INFO:teuthology.orchestra.run.smithi163.stdout:/usr/bin/ceph: stderr
2024-03-24T12:04:24.539+0000 7f1b3543d700 1 -- 172.21.15.163:0/2026727606 >> [v2:172.21.15.163:6800/3928162791,v1:172.21.15.163:6801/3928162791] conn(0x7f1b1c0367e0 msgr2=0x7f1b1c038c90 unknown :-1 s=STATE_CONNECTING_RE l=1).process reconnect failed to v2:172.21.15.163:6800/3928162791
2024-03-24T12:04:29.718 INFO:teuthology.orchestra.run.smithi163.stdout:/usr/bin/ceph: stderr
2024-03-24T12:04:24.539+0000 7f1b3543d700 1 --2- 172.21.15.163:0/2026727606 >> [v2:172.21.15.163:6800/3928162791,v1:172.21.15.163:6801/3928162791] conn(0x7f1b1c0367e0 0x7f1b1c038c90 unknown :-1 s=START_CONNECT pgs=0 cs=0 l=1 rev1=0 crypto rx=0 tx=0 comp rx=0 tx=0)._fault waiting 0.800000
2024-03-24T12:04:29.718 INFO:teuthology.orchestra.run.smithi163.stdout:/usr/bin/ceph: stderr
2024-03-24T12:04:25.340+0000 7f1b3543d700 1 -- 172.21.15.163:0/2026727606 >> [v2:172.21.15.163:6800/3928162791,v1:172.21.15.163:6801/3928162791] conn(0x7f1b1c0367e0 msgr2=0x7f1b1c038c90 unknown :-1 s=STATE_CONNECTING_RE l=1).process reconnect failed to v2:172.21.15.163:6800/3928162791
2024-03-24T12:04:29.718 INFO:teuthology.orchestra.run.smithi163.stdout:/usr/bin/ceph: stderr
2024-03-24T12:04:25.340+0000 7f1b3543d700 1 --2- 172.21.15.163:0/2026727606 >> [v2:172.21.15.163:6800/3928162791,v1:172.21.15.163:6801/3928162791] conn(0x7f1b1c0367e0 0x7f1b1c038c90 unknown :-1 s=START_CONNECT pgs=0 cs=0 l=1 rev1=0 crypto rx=0 tx=0 comp rx=0 tx=0)._fault waiting 1.600000
2024-03-24T12:04:29.718 INFO:teuthology.orchestra.run.smithi163.stdout:/usr/bin/ceph: stderr
2024-03-24T12:04:26.941+0000 7f1b3543d700 1 -- 172.21.15.163:0/2026727606 >> [v2:172.21.15.163:6800/3928162791,v1:172.21.15.163:6801/3928162791] conn(0x7f1b1c0367e0 msgr2=0x7f1b1c038c90 unknown :-1 s=STATE_CONNECTING_RE l=1).process reconnect failed to v2:172.21.15.163:6800/3928162791
2024-03-24T12:04:29.718 INFO:teuthology.orchestra.run.smithi163.stdout:/usr/bin/ceph: stderr
2024-03-24T12:04:26.941+0000 7f1b3543d700 1 --2- 172.21.15.163:0/2026727606 >> [v2:172.21.15.163:6800/3928162791,v1:172.21.15.163:6801/3928162791] conn(0x7f1b1c0367e0 0x7f1b1c038c90 unknown :-1 s=START_CONNECT pgs=0 cs=0 l=1 rev1=0 crypto rx=0 tx=0 comp rx=0 tx=0)._fault waiting 3.200000
2024-03-24T12:04:29.718 INFO:teuthology.orchestra.run.smithi163.stdout:/usr/bin/ceph: stderr
2024-03-24T12:04:28.215+0000 7f1b267fc700 1 -- 172.21.15.163:0/2026727606 <== mon.0 v2:172.21.15.163:3300/0 6 ==== mgrmap(e 10) v1 ==== 43148+0+0 (secure 0 0 0) 0x7f1b2c01a900 con 0x7f1b30078cc0
2024-03-24T12:04:29.718 INFO:teuthology.orchestra.run.smithi163.stdout:/usr/bin/ceph: stderr
2024-03-24T12:04:28.215+0000 7f1b267fc700 1 -- 172.21.15.163:0/2026727606 >> [v2:172.21.15.163:6800/3928162791,v1:172.21.15.163:6801/3928162791] conn(0x7f1b1c0367e0 msgr2=0x7f1b1c038c90 unknown :-1 s=STATE_CONNECTING l=1).mark_down
2024-03-24T12:04:29.718 INFO:teuthology.orchestra.run.smithi163.stdout:/usr/bin/ceph: stderr
2024-03-24T12:04:28.215+0000 7f1b267fc700 1 --2- 172.21.15.163:0/2026727606 >> [v2:172.21.15.163:6800/3928162791,v1:172.21.15.163:6801/3928162791] conn(0x7f1b1c0367e0 0x7f1b1c038c90 unknown :-1 s=START_CONNECT pgs=0 cs=0 l=1 rev1=0 crypto rx=0 tx=0 comp rx=0 tx=0).stop
2024-03-24T12:04:29.718 INFO:teuthology.orchestra.run.smithi163.stdout:/usr/bin/ceph: stderr
2024-03-24T12:04:29.217+0000 7f1b267fc700 1 -- 172.21.15.163:0/2026727606 <== mon.0 v2:172.21.15.163:3300/0 7 ==== mgrmap(e 11) v1 ==== 43275+0+0 (secure 0 0 0) 0x7f1b2c008d10 con 0x7f1b30078cc0
2024-03-24T12:04:29.718 INFO:teuthology.orchestra.run.smithi163.stdout:/usr/bin/ceph: stderr
2024-03-24T12:04:29.217+0000 7f1b267fc700 1 --2- 172.21.15.163:0/2026727606 >> [v2:172.21.15.163:6800/2184490106,v1:172.21.15.163:6801/2184490106] conn(0x7f1b1c039fd0 0x7f1b1c03c3b0 unknown :-1 s=NONE pgs=0 cs=0 l=1 rev1=0 crypto rx=0 tx=0 comp rx=0 tx=0).connect
2024-03-24T12:04:29.718 INFO:teuthology.orchestra.run.smithi163.stdout:/usr/bin/ceph: stderr
2024-03-24T12:04:29.217+0000 7f1b267fc700 1 -- 172.21.15.163:0/2026727606 --> [v2:172.21.15.163:6800/2184490106,v1:172.21.15.163:6801/2184490106] -- command(tid 0: {"prefix": "get_command_descriptions"}) v1 -- 0x7f1b1c0393a0 con 0x7f1b1c039fd0
2024-03-24T12:04:29.719 INFO:teuthology.orchestra.run.smithi163.stdout:/usr/bin/ceph: stderr
2024-03-24T12:04:29.217+0000 7f1b3543d700 1 --2- 172.21.15.163:0/2026727606 >> [v2:172.21.15.163:6800/2184490106,v1:172.21.15.163:6801/2184490106] conn(0x7f1b1c039fd0 0x7f1b1c03c3b0 unknown :-1 s=BANNER_CONNECTING pgs=0 cs=0 l=1 rev1=0 crypto rx=0 tx=0 comp rx=0 tx=0)._handle_peer_banner_payload supported=3 required=0
2024-03-24T12:04:29.719 INFO:teuthology.orchestra.run.smithi163.stdout:/usr/bin/ceph: stderr
2024-03-24T12:04:29.218+0000 7f1b3543d700 1 --2- 172.21.15.163:0/2026727606 >> [v2:172.21.15.163:6800/2184490106,v1:172.21.15.163:6801/2184490106] conn(0x7f1b1c039fd0 0x7f1b1c03c3b0 secure :-1 s=READY pgs=1 cs=0 l=1 rev1=1 crypto rx=0x7f1b200039d0 tx=0x7f1b20009350 comp rx=0 tx=0).ready entity=mgr.14162 client_cookie=0 server_cookie=0 in_seq=0 out_seq=0
2024-03-24T12:04:29.719 INFO:teuthology.orchestra.run.smithi163.stdout:/usr/bin/ceph: stderr
2024-03-24T12:04:29.218+0000 7f1b267fc700 1 -- 172.21.15.163:0/2026727606 <== mgr.14162 v2:172.21.15.163:6800/2184490106 1 ==== command_reply(tid 0: 0 ) v1 ==== 8+0+6549 (secure 0 0 0) 0x7f1b1c0393a0 con 0x7f1b1c039fd0
2024-03-24T12:04:29.719 INFO:teuthology.orchestra.run.smithi163.stdout:/usr/bin/ceph: stderr
2024-03-24T12:04:29.224+0000 7f1b37ea2700 1 -- 172.21.15.163:0/2026727606 --> [v2:172.21.15.163:6800/2184490106,v1:172.21.15.163:6801/2184490106] -- command(tid 1: {"prefix": "mgr_status"}) v1 -- 0x7f1b301143c0 con 0x7f1b1c039fd0
2024-03-24T12:04:29.719 INFO:teuthology.orchestra.run.smithi163.stdout:/usr/bin/ceph: stderr
2024-03-24T12:04:29.224+0000 7f1b267fc700 1 -- 172.21.15.163:0/2026727606 <== mgr.14162 v2:172.21.15.163:6800/2184490106 2 ==== command_reply(tid 1: 0 ) v1 ==== 8+0+52 (secure 0 0 0) 0x7f1b301143c0 con 0x7f1b1c039fd0
2024-03-24T12:04:29.719 INFO:teuthology.orchestra.run.smithi163.stdout:/usr/bin/ceph: stderr
2024-03-24T12:04:29.225+0000 7f1b37ea2700 1 -- 172.21.15.163:0/2026727606 >> [v2:172.21.15.163:6800/2184490106,v1:172.21.15.163:6801/2184490106] conn(0x7f1b1c039fd0 msgr2=0x7f1b1c03c3b0 secure :-1 s=STATE_CONNECTION_ESTABLISHED l=1).mark_down
2024-03-24T12:04:29.719 INFO:teuthology.orchestra.run.smithi163.stdout:/usr/bin/ceph: stderr
2024-03-24T12:04:29.225+0000 7f1b37ea2700 1 --2- 172.21.15.163:0/2026727606 >> [v2:172.21.15.163:6800/2184490106,v1:172.21.15.163:6801/2184490106] conn(0x7f1b1c039fd0 0x7f1b1c03c3b0 secure :-1 s=READY pgs=1 cs=0 l=1 rev1=1 crypto rx=0x7f1b200039d0 tx=0x7f1b20009350 comp rx=0 tx=0).stop
2024-03-24T12:04:29.719 INFO:teuthology.orchestra.run.smithi163.stdout:/usr/bin/ceph: stderr
2024-03-24T12:04:29.225+0000 7f1b37ea2700 1 -- 172.21.15.163:0/2026727606 >> [v2:172.21.15.163:3300/0,v1:172.21.15.163:6789/0] conn(0x7f1b30078cc0 msgr2=0x7f1b301137f0 secure :-1 s=STATE_CONNECTION_ESTABLISHED l=1).mark_down
2024-03-24T12:04:29.719 INFO:teuthology.orchestra.run.smithi163.stdout:/usr/bin/ceph: stderr
2024-03-24T12:04:29.225+0000 7f1b37ea2700 1 --2- 172.21.15.163:0/2026727606 >> [v2:172.21.15.163:3300/0,v1:172.21.15.163:6789/0] conn(0x7f1b30078cc0 0x7f1b301137f0 secure :-1 s=READY pgs=72 cs=0 l=1 rev1=1 crypto rx=0x7f1b2c006d40 tx=0x7f1b2c009250 comp rx=0 tx=0).stop
2024-03-24T12:04:29.719 INFO:teuthology.orchestra.run.smithi163.stdout:/usr/bin/ceph: stderr
2024-03-24T12:04:29.225+0000 7f1b37ea2700 1 -- 172.21.15.163:0/2026727606 shutdown_connections
2024-03-24T12:04:29.719 INFO:teuthology.orchestra.run.smithi163.stdout:/usr/bin/ceph: stderr
2024-03-24T12:04:29.225+0000 7f1b37ea2700 1 --2- 172.21.15.163:0/2026727606 >> [v2:172.21.15.163:6800/2184490106,v1:172.21.15.163:6801/2184490106] conn(0x7f1b1c039fd0 0x7f1b1c03c3b0 unknown :-1 s=CLOSED pgs=1 cs=0 l=1 rev1=1 crypto rx=0 tx=0 comp rx=0 tx=0).stop
2024-03-24T12:04:29.719 INFO:teuthology.orchestra.run.smithi163.stdout:/usr/bin/ceph: stderr
2024-03-24T12:04:29.225+0000 7f1b37ea2700 1 --2- 172.21.15.163:0/2026727606 >> [v2:172.21.15.163:3300/0,v1:172.21.15.163:6789/0] conn(0x7f1b30078cc0 0x7f1b301137f0 unknown :-1 s=CLOSED pgs=72 cs=0 l=1 rev1=1 crypto rx=0 tx=0 comp rx=0 tx=0).stop
2024-03-24T12:04:29.719 INFO:teuthology.orchestra.run.smithi163.stdout:/usr/bin/ceph: stderr
2024-03-24T12:04:29.225+0000 7f1b37ea2700 1 --2- 172.21.15.163:0/2026727606 >> [v2:172.21.15.163:6800/3928162791,v1:172.21.15.163:6801/3928162791] conn(0x7f1b1c0367e0 0x7f1b1c038c90 unknown :-1 s=CLOSED pgs=0 cs=0 l=1 rev1=0 crypto rx=0 tx=0 comp rx=0 tx=0).stop
2024-03-24T12:04:29.719 INFO:teuthology.orchestra.run.smithi163.stdout:/usr/bin/ceph: stderr
2024-03-24T12:04:29.225+0000 7f1b37ea2700 1 -- 172.21.15.163:0/2026727606 >> 172.21.15.163:0/2026727606 conn(0x7f1b300fdf10 msgr2=0x7f1b300fead0 unknown :-1 s=STATE_NONE l=0).mark_down
2024-03-24T12:04:29.720 INFO:teuthology.orchestra.run.smithi163.stdout:/usr/bin/ceph: stderr
2024-03-24T12:04:29.225+0000 7f1b37ea2700 1 -- 172.21.15.163:0/2026727606 shutdown_connections
2024-03-24T12:04:29.720 INFO:teuthology.orchestra.run.smithi163.stdout:/usr/bin/ceph: stderr
2024-03-24T12:04:29.225+0000 7f1b37ea2700 1 -- 172.21.15.163:0/2026727606 wait complete.
2024-03-24T12:04:29.720 INFO:teuthology.orchestra.run.smithi163.stdout:mgr epoch 9 is available
2024-03-24T12:04:29.720 INFO:teuthology.orchestra.run.smithi163.stdout:Generating a dashboard self-signed certificate...
2024-03-24T12:04:30.490 INFO:journalctl@ceph.mon.smithi163.smithi163.stdout:Mar 24 12:04:30 smithi163 ceph-mon[29319]: from='client.14166 -' entity='client.admin' cmd=[{"prefix": "get_command_descriptions"}]: dispatch
2024-03-24T12:04:30.491 INFO:journalctl@ceph.mon.smithi163.smithi163.stdout:Mar 24 12:04:30 smithi163 ceph-mon[29319]: from='client.14166 -' entity='client.admin' cmd=[{"prefix": "mgr_status"}]: dispatch
2024-03-24T12:04:30.491 INFO:journalctl@ceph.mon.smithi163.smithi163.stdout:Mar 24 12:04:30 smithi163 ceph-mon[29319]: from='mgr.14162 172.21.15.163:0/2786738745' entity='mgr.smithi163.xlgpdr'
