2024-03-26T01:56:15.981 INFO:teuthology.orchestra.run.smithi072.stdout:/usr/bin/ceph: stderr
2024-03-26T01:56:15.189+0000 7ff86659c700 1 --2- >> [v2:172.21.15.72:3300/0,v1:172.21.15.72:6789/0] conn(0x7ff868104fc0 0x7ff868079320 unknown :-1 s=BANNER_CONNECTING pgs=0 cs=0 l=1 rev1=0 crypto rx=0 tx=0 comp rx=0 tx=0)._handle_peer_banner_payload supported=3 required=0
2024-03-26T01:56:15.981 INFO:teuthology.orchestra.run.smithi072.stdout:/usr/bin/ceph: stderr
2024-03-26T01:56:15.189+0000 7ff86659c700 1 --2- >> [v2:172.21.15.72:3300/0,v1:172.21.15.72:6789/0] conn(0x7ff868104fc0 0x7ff868079320 unknown :-1 s=HELLO_CONNECTING pgs=0 cs=0 l=1 rev1=1 crypto rx=0 tx=0 comp rx=0 tx=0).handle_hello peer v2:172.21.15.72:3300/0 says I am v2:172.21.15.72:53840/0 (socket says 172.21.15.72:53840)
2024-03-26T01:56:15.981 INFO:teuthology.orchestra.run.smithi072.stdout:/usr/bin/ceph: stderr
2024-03-26T01:56:15.189+0000 7ff86659c700 1 -- 172.21.15.72:0/942452948 learned_addr learned my addr 172.21.15.72:0/942452948 (peer_addr_for_me v2:172.21.15.72:0/0)
2024-03-26T01:56:15.982 INFO:teuthology.orchestra.run.smithi072.stdout:/usr/bin/ceph: stderr
2024-03-26T01:56:15.189+0000 7ff86659c700 1 -- 172.21.15.72:0/942452948 --> [v2:172.21.15.72:3300/0,v1:172.21.15.72:6789/0] -- mon_subscribe({config=0+,monmap=0+}) v3 -- 0x7ff858009550 con 0x7ff868104fc0
2024-03-26T01:56:15.982 INFO:teuthology.orchestra.run.smithi072.stdout:/usr/bin/ceph: stderr
2024-03-26T01:56:15.189+0000 7ff86659c700 1 --2- 172.21.15.72:0/942452948 >> [v2:172.21.15.72:3300/0,v1:172.21.15.72:6789/0] conn(0x7ff868104fc0 0x7ff868079320 secure :-1 s=READY pgs=50 cs=0 l=1 rev1=1 crypto rx=0x7ff858006af0 tx=0x7ff8580119e0 comp rx=0 tx=0).ready entity=mon.0 client_cookie=0 server_cookie=0 in_seq=0 out_seq=0
2024-03-26T01:56:15.982 INFO:teuthology.orchestra.run.smithi072.stdout:/usr/bin/ceph: stderr
2024-03-26T01:56:15.189+0000 7ff8577fe700 1 -- 172.21.15.72:0/942452948 <== mon.0 v2:172.21.15.72:3300/0 1 ==== mon_map magic: 0 v1 ==== 205+0+0 (secure 0 0 0) 0x7ff8580039b0 con 0x7ff868104fc0
2024-03-26T01:56:15.982 INFO:teuthology.orchestra.run.smithi072.stdout:/usr/bin/ceph: stderr
2024-03-26T01:56:15.189+0000 7ff8577fe700 1 -- 172.21.15.72:0/942452948 <== mon.0 v2:172.21.15.72:3300/0 2 ==== config(26 keys) v1 ==== 1093+0+0 (secure 0 0 0) 0x7ff858003b10 con 0x7ff868104fc0
2024-03-26T01:56:15.982 INFO:teuthology.orchestra.run.smithi072.stdout:/usr/bin/ceph: stderr
2024-03-26T01:56:15.189+0000 7ff8577fe700 1 -- 172.21.15.72:0/942452948 <== mon.0 v2:172.21.15.72:3300/0 3 ==== mon_map magic: 0 v1 ==== 205+0+0 (secure 0 0 0) 0x7ff858019670 con 0x7ff868104fc0
2024-03-26T01:56:15.982 INFO:teuthology.orchestra.run.smithi072.stdout:/usr/bin/ceph: stderr
2024-03-26T01:56:15.189+0000 7ff86c901700 1 -- 172.21.15.72:0/942452948 --> [v2:172.21.15.72:3300/0,v1:172.21.15.72:6789/0] -- mon_subscribe({mgrmap=0+}) v3 -- 0x7ff86819cce0 con 0x7ff868104fc0
2024-03-26T01:56:15.982 INFO:teuthology.orchestra.run.smithi072.stdout:/usr/bin/ceph: stderr
2024-03-26T01:56:15.189+0000 7ff86c901700 1 -- 172.21.15.72:0/942452948 --> [v2:172.21.15.72:3300/0,v1:172.21.15.72:6789/0] -- mon_subscribe({osdmap=0}) v3 -- 0x7ff86819d0c0 con 0x7ff868104fc0
2024-03-26T01:56:15.982 INFO:teuthology.orchestra.run.smithi072.stdout:/usr/bin/ceph: stderr
2024-03-26T01:56:15.190+0000 7ff8577fe700 1 -- 172.21.15.72:0/942452948 <== mon.0 v2:172.21.15.72:3300/0 4 ==== mgrmap(e 8) v1 ==== 45893+0+0 (secure 0 0 0) 0x7ff8580198e0 con 0x7ff868104fc0
2024-03-26T01:56:15.982 INFO:teuthology.orchestra.run.smithi072.stdout:/usr/bin/ceph: stderr
2024-03-26T01:56:15.190+0000 7ff86c901700 1 -- 172.21.15.72:0/942452948 --> [v2:172.21.15.72:3300/0,v1:172.21.15.72:6789/0] -- mon_command({"prefix": "get_command_descriptions"} v 0) v1 -- 0x7ff8681093f0 con 0x7ff868104fc0
2024-03-26T01:56:15.982 INFO:teuthology.orchestra.run.smithi072.stdout:/usr/bin/ceph: stderr
2024-03-26T01:56:15.190+0000 7ff8577fe700 1 --2- 172.21.15.72:0/942452948 >> v2:172.21.15.72:6800/3912119602 conn(0x7ff850038ea0 0x7ff85003b360 unknown :-1 s=NONE pgs=0 cs=0 l=1 rev1=0 crypto rx=0 tx=0 comp rx=0 tx=0).connect
2024-03-26T01:56:15.982 INFO:teuthology.orchestra.run.smithi072.stdout:/usr/bin/ceph: stderr
2024-03-26T01:56:15.190+0000 7ff8577fe700 1 -- 172.21.15.72:0/942452948 <== mon.0 v2:172.21.15.72:3300/0 5 ==== osd_map(2..2 src has 1..2) v4 ==== 897+0+0 (secure 0 0 0) 0x7ff85804d1a0 con 0x7ff868104fc0
2024-03-26T01:56:15.982 INFO:teuthology.orchestra.run.smithi072.stdout:/usr/bin/ceph: stderr
2024-03-26T01:56:15.191+0000 7ff865d9b700 1 --2- 172.21.15.72:0/942452948 >> v2:172.21.15.72:6800/3912119602 conn(0x7ff850038ea0 0x7ff85003b360 unknown :-1 s=BANNER_CONNECTING pgs=0 cs=0 l=1 rev1=0 crypto rx=0 tx=0 comp rx=0 tx=0)._handle_peer_banner_payload supported=3 required=0
2024-03-26T01:56:15.982 INFO:teuthology.orchestra.run.smithi072.stdout:/usr/bin/ceph: stderr
2024-03-26T01:56:15.191+0000 7ff865d9b700 1 --2- 172.21.15.72:0/942452948 >> v2:172.21.15.72:6800/3912119602 conn(0x7ff850038ea0 0x7ff85003b360 secure :-1 s=READY pgs=13 cs=0 l=1 rev1=1 crypto rx=0x7ff85c006fd0 tx=0x7ff85c006e40 comp rx=0 tx=0).ready entity=mgr.14120 client_cookie=0 server_cookie=0 in_seq=0 out_seq=0
2024-03-26T01:56:15.982 INFO:teuthology.orchestra.run.smithi072.stdout:/usr/bin/ceph: stderr
2024-03-26T01:56:15.197+0000 7ff8577fe700 1 -- 172.21.15.72:0/942452948 <== mon.0 v2:172.21.15.72:3300/0 6 ==== mon_command_ack([{"prefix": "get_command_descriptions"}]=0 v0) v1 ==== 72+0+184932 (secure 0 0 0) 0x7ff858023e00 con 0x7ff868104fc0
2024-03-26T01:56:15.983 INFO:teuthology.orchestra.run.smithi072.stdout:/usr/bin/ceph: stderr
2024-03-26T01:56:15.410+0000 7ff86c901700 1 -- 172.21.15.72:0/942452948 --> v2:172.21.15.72:6800/3912119602 -- mgr_command(tid 0: {"prefix": "orch apply", "service_type": "mgr", "unmanaged": true, "target": ["mon-mgr", ""]}) v1 -- 0x7ff8681018b0 con 0x7ff850038ea0
2024-03-26T01:56:15.983 INFO:teuthology.orchestra.run.smithi072.stdout:/usr/bin/ceph: stderr
2024-03-26T01:56:15.417+0000 7ff8577fe700 1 -- 172.21.15.72:0/942452948 <== mgr.14120 v2:172.21.15.72:6800/3912119602 1 ==== mgr_command_reply(tid 0: 0 ) v1 ==== 8+0+24 (secure 0 0 0) 0x7ff8681018b0 con 0x7ff850038ea0
2024-03-26T01:56:15.983 INFO:teuthology.orchestra.run.smithi072.stdout:/usr/bin/ceph: stderr
2024-03-26T01:56:15.419+0000 7ff86c901700 1 -- 172.21.15.72:0/942452948 >> v2:172.21.15.72:6800/3912119602 conn(0x7ff850038ea0 msgr2=0x7ff85003b360 secure :-1 s=STATE_CONNECTION_ESTABLISHED l=1).mark_down
2024-03-26T01:56:15.983 INFO:teuthology.orchestra.run.smithi072.stdout:/usr/bin/ceph: stderr
2024-03-26T01:56:15.419+0000 7ff86c901700 1 --2- 172.21.15.72:0/942452948 >> v2:172.21.15.72:6800/3912119602 conn(0x7ff850038ea0 0x7ff85003b360 secure :-1 s=READY pgs=13 cs=0 l=1 rev1=1 crypto rx=0x7ff85c006fd0 tx=0x7ff85c006e40 comp rx=0 tx=0).stop
2024-03-26T01:56:15.983 INFO:teuthology.orchestra.run.smithi072.stdout:/usr/bin/ceph: stderr
2024-03-26T01:56:15.419+0000 7ff86c901700 1 -- 172.21.15.72:0/942452948 >> [v2:172.21.15.72:3300/0,v1:172.21.15.72:6789/0] conn(0x7ff868104fc0 msgr2=0x7ff868079320 secure :-1 s=STATE_CONNECTION_ESTABLISHED l=1).mark_down
2024-03-26T01:56:15.983 INFO:teuthology.orchestra.run.smithi072.stdout:/usr/bin/ceph: stderr
2024-03-26T01:56:15.419+0000 7ff86c901700 1 --2- 172.21.15.72:0/942452948 >> [v2:172.21.15.72:3300/0,v1:172.21.15.72:6789/0] conn(0x7ff868104fc0 0x7ff868079320 secure :-1 s=READY pgs=50 cs=0 l=1 rev1=1 crypto rx=0x7ff858006af0 tx=0x7ff8580119e0 comp rx=0 tx=0).stop
2024-03-26T01:56:15.983 INFO:teuthology.orchestra.run.smithi072.stdout:/usr/bin/ceph: stderr
2024-03-26T01:56:15.419+0000 7ff86c901700 1 -- 172.21.15.72:0/942452948 shutdown_connections
2024-03-26T01:56:15.983 INFO:teuthology.orchestra.run.smithi072.stdout:/usr/bin/ceph: stderr
2024-03-26T01:56:15.419+0000 7ff86c901700 1 --2- 172.21.15.72:0/942452948 >> v2:172.21.15.72:6800/3912119602 conn(0x7ff850038ea0 0x7ff85003b360 unknown :-1 s=CLOSED pgs=13 cs=0 l=1 rev1=1 crypto rx=0 tx=0 comp rx=0 tx=0).stop
2024-03-26T01:56:15.983 INFO:teuthology.orchestra.run.smithi072.stdout:/usr/bin/ceph: stderr
2024-03-26T01:56:15.419+0000 7ff86c901700 1 --2- 172.21.15.72:0/942452948 >> [v2:172.21.15.72:3300/0,v1:172.21.15.72:6789/0] conn(0x7ff868104fc0 0x7ff868079320 unknown :-1 s=CLOSED pgs=50 cs=0 l=1 rev1=1 crypto rx=0 tx=0 comp rx=0 tx=0).stop
2024-03-26T01:56:15.983 INFO:teuthology.orchestra.run.smithi072.stdout:/usr/bin/ceph: stderr
2024-03-26T01:56:15.419+0000 7ff86c901700 1 -- 172.21.15.72:0/942452948 >> 172.21.15.72:0/942452948 conn(0x7ff8681005a0 msgr2=0x7ff8681011a0 unknown :-1 s=STATE_NONE l=0).mark_down
2024-03-26T01:56:15.983 INFO:teuthology.orchestra.run.smithi072.stdout:/usr/bin/ceph: stderr
2024-03-26T01:56:15.420+0000 7ff86c901700 1 -- 172.21.15.72:0/942452948 shutdown_connections
2024-03-26T01:56:15.983 INFO:teuthology.orchestra.run.smithi072.stdout:/usr/bin/ceph: stderr
2024-03-26T01:56:15.420+0000 7ff86c901700 1 -- 172.21.15.72:0/942452948 wait complete.
2024-03-26T01:56:16.090 INFO:journalctl@ceph.mon.a.smithi072.stdout:Mar 26 01:56:15 smithi072 ceph-mon[30177]: from='mgr.14120 172.21.15.72:0/1097248136' entity='mgr.y'
2024-03-26T01:56:16.090 INFO:journalctl@ceph.mon.a.smithi072.stdout:Mar 26 01:56:15 smithi072 ceph-mon[30177]: from='mgr.14120 172.21.15.72:0/1097248136' entity='mgr.y'
2024-03-26T01:56:16.090 INFO:journalctl@ceph.mon.a.smithi072.stdout:Mar 26 01:56:15 smithi072 ceph-mon[30177]: from='mgr.14120 172.21.15.72:0/1097248136' entity='mgr.y'
2024-03-26T01:56:16.968 INFO:journalctl@ceph.mon.a.smithi072.stdout:Mar 26 01:56:16 smithi072 ceph-mon[30177]: from='client.14144 -' entity='client.admin' cmd=[{"prefix": "orch apply", "service_type": "mgr", "unmanaged": true, "target": ["mon-mgr", ""]}]: dispatch
2024-03-26T01:56:16.968 INFO:journalctl@ceph.mon.a.smithi072.stdout:Mar 26 01:56:16 smithi072 ceph-mon[30177]: Saving service mgr spec with placement count:2
2024-03-26T01:56:16.968 INFO:journalctl@ceph.mon.a.smithi072.stdout:Mar 26 01:56:16 smithi072 ceph-mon[30177]: from='client.? 172.21.15.72:0/3135820350' entity='client.admin'
2024-03-26T01:56:17.340 INFO:teuthology.orchestra.run.smithi072.stdout:/usr/bin/ceph: stderr
2024-03-26T01:56:16.413+0000 7f3f7b177700 1 Processor -- start
2024-03-26T01:56:17.341 INFO:teuthology.orchestra.run.smithi072.stdout:/usr/bin/ceph: stderr
2024-03-26T01:56:16.413+0000 7f3f7b177700 1 -- start start
2024-03-26T01:56:17.341 INFO:teuthology.orchestra.run.smithi072.stdout:/usr/bin/ceph: stderr
2024-03-26T01:56:16.414+0000 7f3f7b177700 1 --2- >> [v2:172.21.15.72:3300/0,v1:172.21.15.72:6789/0] conn(0x7f3f74106ba0 0x7f3f74108f90 unknown :-1 s=NONE pgs=0 cs=0 l=0 rev1=0 crypto rx=0 tx=0 comp rx=0 tx=0).connect
2024-03-26T01:56:17.341 INFO:teuthology.orchestra.run.smithi072.stdout:/usr/bin/ceph: stderr
2024-03-26T01:56:16.414+0000 7f3f7b177700 1 -- --> [v2:172.21.15.72:3300/0,v1:172.21.15.72:6789/0] -- mon_getmap magic: 0 v1 -- 0x7f3f74079f70 con 0x7f3f74106ba0
2024-03-26T01:56:17.341 INFO:teuthology.orchestra.run.smithi072.stdout:/usr/bin/ceph: stderr
2024-03-26T01:56:16.414+0000 7f3f78f13700 1 --2- >> [v2:172.21.15.72:3300/0,v1:172.21.15.72:6789/0] conn(0x7f3f74106ba0 0x7f3f74108f90 unknown :-1 s=BANNER_CONNECTING pgs=0 cs=0 l=0 rev1=0 crypto rx=0 tx=0 comp rx=0 tx=0)._handle_peer_banner_payload supported=3 required=0
2024-03-26T01:56:17.341 INFO:teuthology.orchestra.run.smithi072.stdout:/usr/bin/ceph: stderr
2024-03-26T01:56:16.414+0000 7f3f78f13700 1 --2- >> [v2:172.21.15.72:3300/0,v1:172.21.15.72:6789/0] conn(0x7f3f74106ba0 0x7f3f74108f90 unknown :-1 s=HELLO_CONNECTING pgs=0 cs=0 l=0 rev1=1 crypto rx=0 tx=0 comp rx=0 tx=0).handle_hello peer v2:172.21.15.72:3300/0 says I am v2:172.21.15.72:53842/0 (socket says 172.21.15.72:53842)
2024-03-26T01:56:17.341 INFO:teuthology.orchestra.run.smithi072.stdout:/usr/bin/ceph: stderr
2024-03-26T01:56:16.414+0000 7f3f78f13700 1 -- 172.21.15.72:0/1750302682 learned_addr learned my addr 172.21.15.72:0/1750302682 (peer_addr_for_me v2:172.21.15.72:0/0)
2024-03-26T01:56:17.341 INFO:teuthology.orchestra.run.smithi072.stdout:/usr/bin/ceph: stderr
2024-03-26T01:56:16.414+0000 7f3f78f13700 1 -- 172.21.15.72:0/1750302682 --> [v2:172.21.15.72:3300/0,v1:172.21.15.72:6789/0] -- mon_subscribe({config=0+,monmap=0+}) v3 -- 0x7f3f741094d0 con 0x7f3f74106ba0
2024-03-26T01:56:17.341 INFO:teuthology.orchestra.run.smithi072.stdout:/usr/bin/ceph: stderr
2024-03-26T01:56:16.414+0000 7f3f78f13700 1 --2- 172.21.15.72:0/1750302682 >> [v2:172.21.15.72:3300/0,v1:172.21.15.72:6789/0] conn(0x7f3f74106ba0 0x7f3f74108f90 secure :-1 s=READY pgs=51 cs=0 l=1 rev1=1 crypto rx=0x7f3f680098a0 tx=0x7f3f68009bb0 comp rx=0 tx=0).ready entity=mon.0 client_cookie=b289986004c1f013 server_cookie=0 in_seq=0 out_seq=0
2024-03-26T01:56:17.341 INFO:teuthology.orchestra.run.smithi072.stdout:/usr/bin/ceph: stderr
2024-03-26T01:56:16.414+0000 7f3f737fe700 1 -- 172.21.15.72:0/1750302682 <== mon.0 v2:172.21.15.72:3300/0 1 ==== mon_map magic: 0 v1 ==== 205+0+0 (secure 0 0 0) 0x7f3f68004160 con 0x7f3f74106ba0
2024-03-26T01:56:17.341 INFO:teuthology.orchestra.run.smithi072.stdout:/usr/bin/ceph: stderr
2024-03-26T01:56:16.414+0000 7f3f737fe700 1 -- 172.21.15.72:0/1750302682 <== mon.0 v2:172.21.15.72:3300/0 2 ==== config(26 keys) v1 ==== 1093+0+0 (secure 0 0 0) 0x7f3f680042c0 con 0x7f3f74106ba0
2024-03-26T01:56:17.342 INFO:teuthology.orchestra.run.smithi072.stdout:/usr/bin/ceph: stderr
2024-03-26T01:56:16.414+0000 7f3f737fe700 1 -- 172.21.15.72:0/1750302682 <== mon.0 v2:172.21.15.72:3300/0 3 ==== mon_map magic: 0 v1 ==== 205+0+0 (secure 0 0 0) 0x7f3f68011960 con 0x7f3f74106ba0
2024-03-26T01:56:17.342 INFO:teuthology.orchestra.run.smithi072.stdout:/usr/bin/ceph: stderr
2024-03-26T01:56:16.415+0000 7f3f7b177700 1 -- 172.21.15.72:0/1750302682 >> [v2:172.21.15.72:3300/0,v1:172.21.15.72:6789/0] conn(0x7f3f74106ba0 msgr2=0x7f3f74108f90 secure :-1 s=STATE_CONNECTION_ESTABLISHED l=1).mark_down
2024-03-26T01:56:17.342 INFO:teuthology.orchestra.run.smithi072.stdout:/usr/bin/ceph: stderr
2024-03-26T01:56:16.415+0000 7f3f7b177700 1 --2- 172.21.15.72:0/1750302682 >> [v2:172.21.15.72:3300/0,v1:172.21.15.72:6789/0] conn(0x7f3f74106ba0 0x7f3f74108f90 secure :-1 s=READY pgs=51 cs=0 l=1 rev1=1 crypto rx=0x7f3f680098a0 tx=0x7f3f68009bb0 comp rx=0 tx=0).stop
2024-03-26T01:56:17.342 INFO:teuthology.orchestra.run.smithi072.stdout:/usr/bin/ceph: stderr
2024-03-26T01:56:16.415+0000 7f3f7b177700 1 -- 172.21.15.72:0/1750302682 shutdown_connections
2024-03-26T01:56:17.342 INFO:teuthology.orchestra.run.smithi072.stdout:/usr/bin/ceph: stderr
2024-03-26T01:56:16.415+0000 7f3f7b177700 1 --2- 172.21.15.72:0/1750302682 >> [v2:172.21.15.72:3300/0,v1:172.21.15.72:6789/0] conn(0x7f3f74106ba0 0x7f3f74108f90 unknown :-1 s=CLOSED pgs=51 cs=0 l=1 rev1=1 crypto rx=0 tx=0 comp rx=0 tx=0).stop
2024-03-26T01:56:17.342 INFO:teuthology.orchestra.run.smithi072.stdout:/usr/bin/ceph: stderr
2024-03-26T01:56:16.415+0000 7f3f7b177700 1 -- 172.21.15.72:0/1750302682 >> 172.21.15.72:0/1750302682 conn(0x7f3f741005b0 msgr2=0x7f3f741029d0 unknown :-1 s=STATE_NONE l=0).mark_down
2024-03-26T01:56:17.342 INFO:teuthology.orchestra.run.smithi072.stdout:/usr/bin/ceph: stderr
2024-03-26T01:56:16.415+0000 7f3f7b177700 1 -- 172.21.15.72:0/1750302682 shutdown_connections
2024-03-26T01:56:17.342 INFO:teuthology.orchestra.run.smithi072.stdout:/usr/bin/ceph: stderr
2024-03-26T01:56:16.415+0000 7f3f7b177700 1 -- 172.21.15.72:0/1750302682 wait complete.
2024-03-26T01:56:17.342 INFO:teuthology.orchestra.run.smithi072.stdout:/usr/bin/ceph: stderr
2024-03-26T01:56:16.415+0000 7f3f7b177700 1 Processor -- start
2024-03-26T01:56:17.342 INFO:teuthology.orchestra.run.smithi072.stdout:/usr/bin/ceph: stderr
2024-03-26T01:56:16.416+0000 7f3f7b177700 1 -- start start
2024-03-26T01:56:17.342 INFO:teuthology.orchestra.run.smithi072.stdout:/usr/bin/ceph: stderr
2024-03-26T01:56:16.416+0000 7f3f7b177700 1 --2- >> [v2:172.21.15.72:3300/0,v1:172.21.15.72:6789/0] conn(0x7f3f74106ba0 0x7f3f74199e40 unknown :-1 s=NONE pgs=0 cs=0 l=1 rev1=0 crypto rx=0 tx=0 comp rx=0 tx=0).connect
2024-03-26T01:56:17.342 INFO:teuthology.orchestra.run.smithi072.stdout:/usr/bin/ceph: stderr
2024-03-26T01:56:16.416+0000 7f3f7b177700 1 -- --> [v2:172.21.15.72:3300/0,v1:172.21.15.72:6789/0] -- mon_getmap magic: 0 v1 -- 0x7f3f7419a380 con 0x7f3f74106ba0
2024-03-26T01:56:17.343 INFO:teuthology.orchestra.run.smithi072.stdout:/usr/bin/ceph: stderr
2024-03-26T01:56:16.416+0000 7f3f78f13700 1 --2- >> [v2:172.21.15.72:3300/0,v1:172.21.15.72:6789/0] conn(0x7f3f74106ba0 0x7f3f74199e40 unknown :-1 s=BANNER_CONNECTING pgs=0 cs=0 l=1 rev1=0 crypto rx=0 tx=0 comp rx=0 tx=0)._handle_peer_banner_payload supported=3 required=0
2024-03-26T01:56:17.343 INFO:teuthology.orchestra.run.smithi072.stdout:/usr/bin/ceph: stderr
2024-03-26T01:56:16.416+0000 7f3f78f13700 1 --2- >> [v2:172.21.15.72:3300/0,v1:172.21.15.72:6789/0] conn(0x7f3f74106ba0 0x7f3f74199e40 unknown :-1 s=HELLO_CONNECTING pgs=0 cs=0 l=1 rev1=1 crypto rx=0 tx=0 comp rx=0 tx=0).handle_hello peer v2:172.21.15.72:3300/0 says I am v2:172.21.15.72:53850/0 (socket says 172.21.15.72:53850)
2024-03-26T01:56:17.343 INFO:teuthology.orchestra.run.smithi072.stdout:/usr/bin/ceph: stderr
2024-03-26T01:56:16.416+0000 7f3f78f13700 1 -- 172.21.15.72:0/3135820350 learned_addr learned my addr 172.21.15.72:0/3135820350 (peer_addr_for_me v2:172.21.15.72:0/0)
2024-03-26T01:56:17.343 INFO:teuthology.orchestra.run.smithi072.stdout:/usr/bin/ceph: stderr
2024-03-26T01:56:16.416+0000 7f3f78f13700 1 -- 172.21.15.72:0/3135820350 --> [v2:172.21.15.72:3300/0,v1:172.21.15.72:6789/0] -- mon_subscribe({config=0+,monmap=0+}) v3 -- 0x7f3f68009550 con 0x7f3f74106ba0
2024-03-26T01:56:17.343 INFO:teuthology.orchestra.run.smithi072.stdout:/usr/bin/ceph: stderr
2024-03-26T01:56:16.416+0000 7f3f78f13700 1 --2- 172.21.15.72:0/3135820350 >> [v2:172.21.15.72:3300/0,v1:172.21.15.72:6789/0] conn(0x7f3f74106ba0 0x7f3f74199e40 secure :-1 s=READY pgs=52 cs=0 l=1 rev1=1 crypto rx=0x7f3f68006af0 tx=0x7f3f680119e0 comp rx=0 tx=0).ready entity=mon.0 client_cookie=0 server_cookie=0 in_seq=0 out_seq=0
2024-03-26T01:56:17.343 INFO:teuthology.orchestra.run.smithi072.stdout:/usr/bin/ceph: stderr
2024-03-26T01:56:16.416+0000 7f3f71ffb700 1 -- 172.21.15.72:0/3135820350 <== mon.0 v2:172.21.15.72:3300/0 1 ==== mon_map magic: 0 v1 ==== 205+0+0 (secure 0 0 0) 0x7f3f680039b0 con 0x7f3f74106ba0
2024-03-26T01:56:17.343 INFO:teuthology.orchestra.run.smithi072.stdout:/usr/bin/ceph: stderr
2024-03-26T01:56:16.416+0000 7f3f71ffb700 1 -- 172.21.15.72:0/3135820350 <== mon.0 v2:172.21.15.72:3300/0 2 ==== config(26 keys) v1 ==== 1093+0+0 (secure 0 0 0) 0x7f3f68003b10 con 0x7f3f74106ba0
2024-03-26T01:56:17.343 INFO:teuthology.orchestra.run.smithi072.stdout:/usr/bin/ceph: stderr
2024-03-26T01:56:16.416+0000 7f3f7b177700 1 -- 172.21.15.72:0/3135820350 --> [v2:172.21.15.72:3300/0,v1:172.21.15.72:6789/0] -- mon_subscribe({mgrmap=0+}) v3 -- 0x7f3f7419a580 con 0x7f3f74106ba0
2024-03-26T01:56:17.343 INFO:teuthology.orchestra.run.smithi072.stdout:/usr/bin/ceph: stderr
2024-03-26T01:56:16.416+0000 7f3f71ffb700 1 -- 172.21.15.72:0/3135820350 <== mon.0 v2:172.21.15.72:3300/0 3 ==== mon_map magic: 0 v1 ==== 205+0+0 (secure 0 0 0) 0x7f3f68019680 con 0x7f3f74106ba0
2024-03-26T01:56:17.343 INFO:teuthology.orchestra.run.smithi072.stdout:/usr/bin/ceph: stderr
2024-03-26T01:56:16.417+0000 7f3f7b177700 1 -- 172.21.15.72:0/3135820350 --> [v2:172.21.15.72:3300/0,v1:172.21.15.72:6789/0] -- mon_subscribe({osdmap=0}) v3 -- 0x7f3f7419aa20 con 0x7f3f74106ba0
2024-03-26T01:56:17.343 INFO:teuthology.orchestra.run.smithi072.stdout:/usr/bin/ceph: stderr
2024-03-26T01:56:16.417+0000 7f3f71ffb700 1 -- 172.21.15.72:0/3135820350 <== mon.0 v2:172.21.15.72:3300/0 4 ==== mgrmap(e 8) v1 ==== 45893+0+0 (secure 0 0 0) 0x7f3f68019940 con 0x7f3f74106ba0
2024-03-26T01:56:17.343 INFO:teuthology.orchestra.run.smithi072.stdout:/usr/bin/ceph: stderr
2024-03-26T01:56:16.418+0000 7f3f7b177700 1 -- 172.21.15.72:0/3135820350 --> [v2:172.21.15.72:3300/0,v1:172.21.15.72:6789/0] -- mon_command({"prefix": "get_command_descriptions"} v 0) v1 -- 0x7f3f7410a2b0 con 0x7f3f74106ba0
2024-03-26T01:56:17.344 INFO:teuthology.orchestra.run.smithi072.stdout:/usr/bin/ceph: stderr
2024-03-26T01:56:16.418+0000 7f3f71ffb700 1 --2- 172.21.15.72:0/3135820350 >> v2:172.21.15.72:6800/3912119602 conn(0x7f3f64038e50 0x7f3f6403b310 unknown :-1 s=NONE pgs=0 cs=0 l=1 rev1=0 crypto rx=0 tx=0 comp rx=0 tx=0).connect
2024-03-26T01:56:17.344 INFO:teuthology.orchestra.run.smithi072.stdout:/usr/bin/ceph: stderr
2024-03-26T01:56:16.418+0000 7f3f71ffb700 1 -- 172.21.15.72:0/3135820350 <== mon.0 v2:172.21.15.72:3300/0 5 ==== osd_map(2..2 src has 1..2) v4 ==== 897+0+0 (secure 0 0 0) 0x7f3f6804d110 con 0x7f3f74106ba0
2024-03-26T01:56:17.344 INFO:teuthology.orchestra.run.smithi072.stdout:/usr/bin/ceph: stderr
2024-03-26T01:56:16.418+0000 7f3f73fff700 1 --2- 172.21.15.72:0/3135820350 >> v2:172.21.15.72:6800/3912119602 conn(0x7f3f64038e50 0x7f3f6403b310 unknown :-1 s=BANNER_CONNECTING pgs=0 cs=0 l=1 rev1=0 crypto rx=0 tx=0 comp rx=0 tx=0)._handle_peer_banner_payload supported=3 required=0
2024-03-26T01:56:17.344 INFO:teuthology.orchestra.run.smithi072.stdout:/usr/bin/ceph: stderr
2024-03-26T01:56:16.418+0000 7f3f73fff700 1 --2- 172.21.15.72:0/3135820350 >> v2:172.21.15.72:6800/3912119602 conn(0x7f3f64038e50 0x7f3f6403b310 secure :-1 s=READY pgs=14 cs=0 l=1 rev1=1 crypto rx=0x7f3f60006fd0 tx=0x7f3f60006e40 comp rx=0 tx=0).ready entity=mgr.14120 client_cookie=0 server_cookie=0 in_seq=0 out_seq=0
2024-03-26T01:56:17.344 INFO:teuthology.orchestra.run.smithi072.stdout:/usr/bin/ceph: stderr
2024-03-26T01:56:16.423+0000 7f3f71ffb700 1 -- 172.21.15.72:0/3135820350 <== mon.0 v2:172.21.15.72:3300/0 6 ==== mon_command_ack([{"prefix": "get_command_descriptions"}]=0 v0) v1 ==== 72+0+184932 (secure 0 0 0) 0x7f3f68018d70 con 0x7f3f74106ba0
2024-03-26T01:56:17.344 INFO:teuthology.orchestra.run.smithi072.stdout:/usr/bin/ceph: stderr
2024-03-26T01:56:16.636+0000 7f3f7b177700 1 -- 172.21.15.72:0/3135820350 --> [v2:172.21.15.72:3300/0,v1:172.21.15.72:6789/0] -- mon_command([{prefix=config set, name=mgr/cephadm/container_init}] v 0) v1 -- 0x7f3f7419d300 con 0x7f3f74106ba0
2024-03-26T01:56:17.344 INFO:teuthology.orchestra.run.smithi072.stdout:/usr/bin/ceph: stderr
2024-03-26T01:56:16.639+0000 7f3f71ffb700 1 -- 172.21.15.72:0/3135820350 <== mon.0 v2:172.21.15.72:3300/0 7 ==== mon_command_ack([{prefix=config set, name=mgr/cephadm/container_init}]=0 v7)=0 v7) v1 ==== 142+0+0 (secure 0 0 0) 0x7f3f68018b90 con 0x7f3f74106ba0
2024-03-26T01:56:17.344 INFO:teuthology.orchestra.run.smithi072.stdout:/usr/bin/ceph: stderr
2024-03-26T01:56:16.641+0000 7f3f7b177700 1 -- 172.21.15.72:0/3135820350 >> v2:172.21.15.72:6800/3912119602 conn(0x7f3f64038e50 msgr2=0x7f3f6403b310 secure :-1 s=STATE_CONNECTION_ESTABLISHED l=1).mark_down
2024-03-26T01:56:17.344 INFO:teuthology.orchestra.run.smithi072.stdout:/usr/bin/ceph: stderr
2024-03-26T01:56:16.641+0000 7f3f7b177700 1 --2- 172.21.15.72:0/3135820350 >> v2:172.21.15.72:6800/3912119602 conn(0x7f3f64038e50 0x7f3f6403b310 secure :-1 s=READY pgs=14 cs=0 l=1 rev1=1 crypto rx=0x7f3f60006fd0 tx=0x7f3f60006e40 comp rx=0 tx=0).stop
2024-03-26T01:56:17.344 INFO:teuthology.orchestra.run.smithi072.stdout:/usr/bin/ceph: stderr
2024-03-26T01:56:16.641+0000 7f3f7b177700 1 -- 172.21.15.72:0/3135820350 >> [v2:172.21.15.72:3300/0,v1:172.21.15.72:6789/0] conn(0x7f3f74106ba0 msgr2=0x7f3f74199e40 secure :-1 s=STATE_CONNECTION_ESTABLISHED l=1).mark_down
2024-03-26T01:56:17.344 INFO:teuthology.orchestra.run.smithi072.stdout:/usr/bin/ceph: stderr
2024-03-26T01:56:16.641+0000 7f3f7b177700 1 --2- 172.21.15.72:0/3135820350 >> [v2:172.21.15.72:3300/0,v1:172.21.15.72:6789/0] conn(0x7f3f74106ba0 0x7f3f74199e40 secure :-1 s=READY pgs=52 cs=0 l=1 rev1=1 crypto rx=0x7f3f68006af0 tx=0x7f3f680119e0 comp rx=0 tx=0).stop
2024-03-26T01:56:17.345 INFO:teuthology.orchestra.run.smithi072.stdout:/usr/bin/ceph: stderr
2024-03-26T01:56:16.641+0000 7f3f7b177700 1 -- 172.21.15.72:0/3135820350 shutdown_connections
2024-03-26T01:56:17.345 INFO:teuthology.orchestra.run.smithi072.stdout:/usr/bin/ceph: stderr
2024-03-26T01:56:16.641+0000 7f3f7b177700 1 --2- 172.21.15.72:0/3135820350 >> v2:172.21.15.72:6800/3912119602 conn(0x7f3f64038e50 0x7f3f6403b310 unknown :-1 s=CLOSED pgs=14 cs=0 l=1 rev1=1 crypto rx=0 tx=0 comp rx=0 tx=0).stop
2024-03-26T01:56:17.345 INFO:teuthology.orchestra.run.smithi072.stdout:/usr/bin/ceph: stderr
2024-03-26T01:56:16.641+0000 7f3f7b177700 1 --2- 172.21.15.72:0/3135820350 >> [v2:172.21.15.72:3300/0,v1:172.21.15.72:6789/0] conn(0x7f3f74106ba0 0x7f3f74199e40 unknown :-1 s=CLOSED pgs=52 cs=0 l=1 rev1=1 crypto rx=0 tx=0 comp rx=0 tx=0).stop
2024-03-26T01:56:17.345 INFO:teuthology.orchestra.run.smithi072.stdout:/usr/bin/ceph: stderr
2024-03-26T01:56:16.641+0000 7f3f7b177700 1 -- 172.21.15.72:0/3135820350 >> 172.21.15.72:0/3135820350 conn(0x7f3f741005b0 msgr2=0x7f3f74101080 unknown :-1 s=STATE_NONE l=0).mark_down
2024-03-26T01:56:17.345 INFO:teuthology.orchestra.run.smithi072.stdout:/usr/bin/ceph: stderr
2024-03-26T01:56:16.641+0000 7f3f7b177700 1 -- 172.21.15.72:0/3135820350 shutdown_connections
2024-03-26T01:56:17.345 INFO:teuthology.orchestra.run.smithi072.stdout:/usr/bin/ceph: stderr
2024-03-26T01:56:16.641+0000 7f3f7b177700 1 -- 172.21.15.72:0/3135820350 wait complete.
2024-03-26T01:56:18.759 INFO:teuthology.orchestra.run.smithi072.stdout:/usr/bin/ceph: stderr
2024-03-26T01:56:17.900+0000 7fc3f2a4a700 1 Processor -- start
2024-03-26T01:56:18.760 INFO:teuthology.orchestra.run.smithi072.stdout:/usr/bin/ceph: stderr
2024-03-26T01:56:17.900+0000 7fc3f2a4a700 1 -- start start
2024-03-26T01:56:18.760 INFO:teuthology.orchestra.run.smithi072.stdout:/usr/bin/ceph: stderr
2024-03-26T01:56:17.901+0000 7fc3f2a4a700 1 --2- >> [v2:172.21.15.72:3300/0,v1:172.21.15.72:6789/0] conn(0x7fc3ec1060e0 0x7fc3ec106500 unknown :-1 s=NONE pgs=0 cs=0 l=0 rev1=0 crypto rx=0 tx=0 comp rx=0 tx=0).connect
2024-03-26T01:56:18.760 INFO:teuthology.orchestra.run.smithi072.stdout:/usr/bin/ceph: stderr
2024-03-26T01:56:17.901+0000 7fc3f2a4a700 1 -- --> [v2:172.21.15.72:3300/0,v1:172.21.15.72:6789/0] -- mon_getmap magic: 0 v1 -- 0x7fc3ec106ad0 con 0x7fc3ec1060e0
2024-03-26T01:56:18.760 INFO:teuthology.orchestra.run.smithi072.stdout:/usr/bin/ceph: stderr
2024-03-26T01:56:17.901+0000 7fc3ebfff700 1 --2- >> [v2:172.21.15.72:3300/0,v1:172.21.15.72:6789/0] conn(0x7fc3ec1060e0 0x7fc3ec106500 unknown :-1 s=BANNER_CONNECTING pgs=0 cs=0 l=0 rev1=0 crypto rx=0 tx=0 comp rx=0 tx=0)._handle_peer_banner_payload supported=3 required=0
2024-03-26T01:56:18.760 INFO:teuthology.orchestra.run.smithi072.stdout:/usr/bin/ceph: stderr
2024-03-26T01:56:17.901+0000 7fc3ebfff700 1 --2- >> [v2:172.21.15.72:3300/0,v1:172.21.15.72:6789/0] conn(0x7fc3ec1060e0 0x7fc3ec106500 unknown :-1 s=HELLO_CONNECTING pgs=0 cs=0 l=0 rev1=1 crypto rx=0 tx=0 comp rx=0 tx=0).handle_hello peer v2:172.21.15.72:3300/0 says I am v2:172.21.15.72:53860/0 (socket says 172.21.15.72:53860)
2024-03-26T01:56:18.760 INFO:teuthology.orchestra.run.smithi072.stdout:/usr/bin/ceph: stderr
2024-03-26T01:56:17.901+0000 7fc3ebfff700 1 -- 172.21.15.72:0/2039757490 learned_addr learned my addr 172.21.15.72:0/2039757490 (peer_addr_for_me v2:172.21.15.72:0/0)
2024-03-26T01:56:18.760 INFO:teuthology.orchestra.run.smithi072.stdout:/usr/bin/ceph: stderr
2024-03-26T01:56:17.901+0000 7fc3ebfff700 1 -- 172.21.15.72:0/2039757490 --> [v2:172.21.15.72:3300/0,v1:172.21.15.72:6789/0] -- mon_subscribe({config=0+,monmap=0+}) v3 -- 0x7fc3ec1072e0 con 0x7fc3ec1060e0
2024-03-26T01:56:18.760 INFO:teuthology.orchestra.run.smithi072.stdout:/usr/bin/ceph: stderr
2024-03-26T01:56:17.901+0000 7fc3ebfff700 1 --2- 172.21.15.72:0/2039757490 >> [v2:172.21.15.72:3300/0,v1:172.21.15.72:6789/0] conn(0x7fc3ec1060e0 0x7fc3ec106500 secure :-1 s=READY pgs=53 cs=0 l=1 rev1=1 crypto rx=0x7fc3dc0098a0 tx=0x7fc3dc009bb0 comp rx=0 tx=0).ready entity=mon.0 client_cookie=841c5b88b30ba203 server_cookie=0 in_seq=0 out_seq=0
2024-03-26T01:56:18.760 INFO:teuthology.orchestra.run.smithi072.stdout:/usr/bin/ceph: stderr
2024-03-26T01:56:17.901+0000 7fc3eb7fe700 1 -- 172.21.15.72:0/2039757490 <== mon.0 v2:172.21.15.72:3300/0 1 ==== mon_map magic: 0 v1 ==== 205+0+0 (secure 0 0 0) 0x7fc3dc004160 con 0x7fc3ec1060e0
2024-03-26T01:56:18.760 INFO:teuthology.orchestra.run.smithi072.stdout:/usr/bin/ceph: stderr
2024-03-26T01:56:17.901+0000 7fc3eb7fe700 1 -- 172.21.15.72:0/2039757490 <== mon.0 v2:172.21.15.72:3300/0 2 ==== config(26 keys) v1 ==== 1093+0+0 (secure 0 0 0) 0x7fc3dc0042c0 con 0x7fc3ec1060e0
2024-03-26T01:56:18.760 INFO:teuthology.orchestra.run.smithi072.stdout:/usr/bin/ceph: stderr
2024-03-26T01:56:17.901+0000 7fc3eb7fe700 1 -- 172.21.15.72:0/2039757490 <== mon.0 v2:172.21.15.72:3300/0 3 ==== mon_map magic: 0 v1 ==== 205+0+0 (secure 0 0 0) 0x7fc3dc011960 con 0x7fc3ec1060e0
2024-03-26T01:56:18.760 INFO:teuthology.orchestra.run.smithi072.stdout:/usr/bin/ceph: stderr
2024-03-26T01:56:17.902+0000 7fc3f2a4a700 1 -- 172.21.15.72:0/2039757490 >> [v2:172.21.15.72:3300/0,v1:172.21.15.72:6789/0] conn(0x7fc3ec1060e0 msgr2=0x7fc3ec106500 secure :-1 s=STATE_CONNECTION_ESTABLISHED l=1).mark_down
2024-03-26T01:56:18.760 INFO:teuthology.orchestra.run.smithi072.stdout:/usr/bin/ceph: stderr
2024-03-26T01:56:17.902+0000 7fc3f2a4a700 1 --2- 172.21.15.72:0/2039757490 >> [v2:172.21.15.72:3300/0,v1:172.21.15.72:6789/0] conn(0x7fc3ec1060e0 0x7fc3ec106500 secure :-1 s=READY pgs=53 cs=0 l=1 rev1=1 crypto rx=0x7fc3dc0098a0 tx=0x7fc3dc009bb0 comp rx=0 tx=0).stop
2024-03-26T01:56:18.760 INFO:teuthology.orchestra.run.smithi072.stdout:/usr/bin/ceph: stderr
2024-03-26T01:56:17.902+0000 7fc3f2a4a700 1 -- 172.21.15.72:0/2039757490 shutdown_connections
2024-03-26T01:56:18.761 INFO:teuthology.orchestra.run.smithi072.stdout:/usr/bin/ceph: stderr
2024-03-26T01:56:17.902+0000 7fc3f2a4a700 1 --2- 172.21.15.72:0/2039757490 >> [v2:172.21.15.72:3300/0,v1:172.21.15.72:6789/0] conn(0x7fc3ec1060e0 0x7fc3ec106500 unknown :-1 s=CLOSED pgs=53 cs=0 l=1 rev1=1 crypto rx=0 tx=0 comp rx=0 tx=0).stop
2024-03-26T01:56:18.761 INFO:teuthology.orchestra.run.smithi072.stdout:/usr/bin/ceph: stderr
2024-03-26T01:56:17.902+0000 7fc3f2a4a700 1 -- 172.21.15.72:0/2039757490 >> 172.21.15.72:0/2039757490 conn(0x7fc3ec1016a0 msgr2=0x7fc3ec103ac0 unknown :-1 s=STATE_NONE l=0).mark_down
2024-03-26T01:56:18.761 INFO:teuthology.orchestra.run.smithi072.stdout:/usr/bin/ceph: stderr
2024-03-26T01:56:17.902+0000 7fc3f2a4a700 1 -- 172.21.15.72:0/2039757490 shutdown_connections
2024-03-26T01:56:18.761 INFO:teuthology.orchestra.run.smithi072.stdout:/usr/bin/ceph: stderr
2024-03-26T01:56:17.902+0000 7fc3f2a4a700 1 -- 172.21.15.72:0/2039757490 wait complete.
2024-03-26T01:56:18.761 INFO:teuthology.orchestra.run.smithi072.stdout:/usr/bin/ceph: stderr
2024-03-26T01:56:17.903+0000 7fc3f2a4a700 1 Processor -- start
2024-03-26T01:56:18.761 INFO:teuthology.orchestra.run.smithi072.stdout:/usr/bin/ceph: stderr
2024-03-26T01:56:17.903+0000 7fc3f2a4a700 1 -- start start
2024-03-26T01:56:18.761 INFO:teuthology.orchestra.run.smithi072.stdout:/usr/bin/ceph: stderr
2024-03-26T01:56:17.903+0000 7fc3f2a4a700 1 --2- >> [v2:172.21.15.72:3300/0,v1:172.21.15.72:6789/0] conn(0x7fc3ec1060e0 0x7fc3ec199e80 unknown :-1 s=NONE pgs=0 cs=0 l=1 rev1=0 crypto rx=0 tx=0 comp rx=0 tx=0).connect
2024-03-26T01:56:18.761 INFO:teuthology.orchestra.run.smithi072.stdout:/usr/bin/ceph: stderr
2024-03-26T01:56:17.903+0000 7fc3f2a4a700 1 -- --> [v2:172.21.15.72:3300/0,v1:172.21.15.72:6789/0] -- mon_getmap magic: 0 v1 -- 0x7fc3ec19a3c0 con 0x7fc3ec1060e0
2024-03-26T01:56:18.761 INFO:teuthology.orchestra.run.smithi072.stdout:/usr/bin/ceph: stderr
2024-03-26T01:56:17.903+0000 7fc3ebfff700 1 --2- >> [v2:172.21.15.72:3300/0,v1:172.21.15.72:6789/0] conn(0x7fc3ec1060e0 0x7fc3ec199e80 unknown :-1 s=BANNER_CONNECTING pgs=0 cs=0 l=1 rev1=0 crypto rx=0 tx=0 comp rx=0 tx=0)._handle_peer_banner_payload supported=3 required=0
2024-03-26T01:56:18.761 INFO:teuthology.orchestra.run.smithi072.stdout:/usr/bin/ceph: stderr
2024-03-26T01:56:17.903+0000 7fc3ebfff700 1 --2- >> [v2:172.21.15.72:3300/0,v1:172.21.15.72:6789/0] conn(0x7fc3ec1060e0 0x7fc3ec199e80 unknown :-1 s=HELLO_CONNECTING pgs=0 cs=0 l=1 rev1=1 crypto rx=0 tx=0 comp rx=0 tx=0).handle_hello peer v2:172.21.15.72:3300/0 says I am v2:172.21.15.72:53862/0 (socket says 172.21.15.72:53862)
2024-03-26T01:56:18.761 INFO:teuthology.orchestra.run.smithi072.stdout:/usr/bin/ceph: stderr
2024-03-26T01:56:17.903+0000 7fc3ebfff700 1 -- 172.21.15.72:0/1249844685 learned_addr learned my addr 172.21.15.72:0/1249844685 (peer_addr_for_me v2:172.21.15.72:0/0)
2024-03-26T01:56:18.761 INFO:teuthology.orchestra.run.smithi072.stdout:/usr/bin/ceph: stderr
2024-03-26T01:56:17.903+0000 7fc3ebfff700 1 -- 172.21.15.72:0/1249844685 --> [v2:172.21.15.72:3300/0,v1:172.21.15.72:6789/0] -- mon_subscribe({config=0+,monmap=0+}) v3 -- 0x7fc3dc009550 con 0x7fc3ec1060e0
2024-03-26T01:56:18.761 INFO:teuthology.orchestra.run.smithi072.stdout:/usr/bin/ceph: stderr
2024-03-26T01:56:17.904+0000 7fc3ebfff700 1 --2- 172.21.15.72:0/1249844685 >> [v2:172.21.15.72:3300/0,v1:172.21.15.72:6789/0] conn(0x7fc3ec1060e0 0x7fc3ec199e80 secure :-1 s=READY pgs=54 cs=0 l=1 rev1=1 crypto rx=0x7fc3dc000c00 tx=0x7fc3dc011eb0 comp rx=0 tx=0).ready entity=mon.0 client_cookie=0 server_cookie=0 in_seq=0 out_seq=0
2024-03-26T01:56:18.761 INFO:teuthology.orchestra.run.smithi072.stdout:/usr/bin/ceph: stderr
2024-03-26T01:56:17.904+0000 7fc3e9ffb700 1 -- 172.21.15.72:0/1249844685 <== mon.0 v2:172.21.15.72:3300/0 1 ==== mon_map magic: 0 v1 ==== 205+0+0 (secure 0 0 0) 0x7fc3dc0036a0 con 0x7fc3ec1060e0
2024-03-26T01:56:18.762 INFO:teuthology.orchestra.run.smithi072.stdout:/usr/bin/ceph: stderr
2024-03-26T01:56:17.904+0000 7fc3e9ffb700 1 -- 172.21.15.72:0/1249844685 <== mon.0 v2:172.21.15.72:3300/0 2 ==== config(26 keys) v1 ==== 1093+0+0 (secure 0 0 0) 0x7fc3dc024440 con 0x7fc3ec1060e0
2024-03-26T01:56:18.762 INFO:teuthology.orchestra.run.smithi072.stdout:/usr/bin/ceph: stderr
2024-03-26T01:56:17.904+0000 7fc3e9ffb700 1 -- 172.21.15.72:0/1249844685 <== mon.0 v2:172.21.15.72:3300/0 3 ==== mon_map magic: 0 v1 ==== 205+0+0 (secure 0 0 0) 0x7fc3dc01a5c0 con 0x7fc3ec1060e0
2024-03-26T01:56:18.762 INFO:teuthology.orchestra.run.smithi072.stdout:/usr/bin/ceph: stderr
2024-03-26T01:56:17.904+0000 7fc3f2a4a700 1 -- 172.21.15.72:0/1249844685 --> [v2:172.21.15.72:3300/0,v1:172.21.15.72:6789/0] -- mon_subscribe({mgrmap=0+}) v3 -- 0x7fc3ec19a5c0 con 0x7fc3ec1060e0
2024-03-26T01:56:18.762 INFO:teuthology.orchestra.run.smithi072.stdout:/usr/bin/ceph: stderr
2024-03-26T01:56:17.904+0000 7fc3f2a4a700 1 -- 172.21.15.72:0/1249844685 --> [v2:172.21.15.72:3300/0,v1:172.21.15.72:6789/0] -- mon_subscribe({osdmap=0}) v3 -- 0x7fc3ec19aa60 con 0x7fc3ec1060e0
2024-03-26T01:56:18.762 INFO:teuthology.orchestra.run.smithi072.stdout:/usr/bin/ceph: stderr
2024-03-26T01:56:17.905+0000 7fc3e9ffb700 1 -- 172.21.15.72:0/1249844685 <== mon.0 v2:172.21.15.72:3300/0 4 ==== mgrmap(e 8) v1 ==== 45893+0+0 (secure 0 0 0) 0x7fc3dc003800 con 0x7fc3ec1060e0
2024-03-26T01:56:18.762 INFO:teuthology.orchestra.run.smithi072.stdout:/usr/bin/ceph: stderr
2024-03-26T01:56:17.905+0000 7fc3f2a4a700 1 -- 172.21.15.72:0/1249844685 --> [v2:172.21.15.72:3300/0,v1:172.21.15.72:6789/0] -- mon_command({"prefix": "get_command_descriptions"} v 0) v1 -- 0x7fc3ec10a510 con 0x7fc3ec1060e0
2024-03-26T01:56:18.762 INFO:teuthology.orchestra.run.smithi072.stdout:/usr/bin/ceph: stderr
2024-03-26T01:56:17.905+0000 7fc3e9ffb700 1 --2- 172.21.15.72:0/1249844685 >> v2:172.21.15.72:6800/3912119602 conn(0x7fc3d8038ef0 0x7fc3d803b3b0 unknown :-1 s=NONE pgs=0 cs=0 l=1 rev1=0 crypto rx=0 tx=0 comp rx=0 tx=0).connect
2024-03-26T01:56:18.762 INFO:teuthology.orchestra.run.smithi072.stdout:/usr/bin/ceph: stderr
2024-03-26T01:56:17.905+0000 7fc3e9ffb700 1 -- 172.21.15.72:0/1249844685 <== mon.0 v2:172.21.15.72:3300/0 5 ==== osd_map(2..2 src has 1..2) v4 ==== 897+0+0 (secure 0 0 0) 0x7fc3dc04cab0 con 0x7fc3ec1060e0
2024-03-26T01:56:18.762 INFO:teuthology.orchestra.run.smithi072.stdout:/usr/bin/ceph: stderr
2024-03-26T01:56:17.905+0000 7fc3e3fff700 1 --2- 172.21.15.72:0/1249844685 >> v2:172.21.15.72:6800/3912119602 conn(0x7fc3d8038ef0 0x7fc3d803b3b0 unknown :-1 s=BANNER_CONNECTING pgs=0 cs=0 l=1 rev1=0 crypto rx=0 tx=0 comp rx=0 tx=0)._handle_peer_banner_payload supported=3 required=0
2024-03-26T01:56:18.762 INFO:teuthology.orchestra.run.smithi072.stdout:/usr/bin/ceph: stderr
2024-03-26T01:56:17.905+0000 7fc3e3fff700 1 --2- 172.21.15.72:0/1249844685 >> v2:172.21.15.72:6800/3912119602 conn(0x7fc3d8038ef0 0x7fc3d803b3b0 secure :-1 s=READY pgs=15 cs=0 l=1 rev1=1 crypto rx=0x7fc3d4006fd0 tx=0x7fc3d4006e40 comp rx=0 tx=0).ready entity=mgr.14120 client_cookie=0 server_cookie=0 in_seq=0 out_seq=0
2024-03-26T01:56:18.762 INFO:teuthology.orchestra.run.smithi072.stdout:/usr/bin/ceph: stderr
2024-03-26T01:56:17.910+0000 7fc3e9ffb700 1 -- 172.21.15.72:0/1249844685 <== mon.0 v2:172.21.15.72:3300/0 6 ==== mon_command_ack([{"prefix": "get_command_descriptions"}]=0 v0) v1 ==== 72+0+184932 (secure 0 0 0) 0x7fc3dc022340 con 0x7fc3ec1060e0
2024-03-26T01:56:18.762 INFO:teuthology.orchestra.run.smithi072.stdout:/usr/bin/ceph: stderr
2024-03-26T01:56:18.105+0000 7fc3f2a4a700 1 -- 172.21.15.72:0/1249844685 --> [v2:172.21.15.72:3300/0,v1:172.21.15.72:6789/0] -- mon_command([{prefix=config set, name=mgr/dashboard/ssl_server_port}] v 0) v1 -- 0x7fc3ec19d420 con 0x7fc3ec1060e0
2024-03-26T01:56:18.762 INFO:teuthology.orchestra.run.smithi072.stdout:/usr/bin/ceph: stderr
2024-03-26T01:56:18.108+0000 7fc3e9ffb700 1 -- 172.21.15.72:0/1249844685 <== mon.0 v2:172.21.15.72:3300/0 7 ==== mon_command_ack([{prefix=config set, name=mgr/dashboard/ssl_server_port}]=0 v8)=0 v8) v1 ==== 130+0+0 (secure 0 0 0) 0x7fc3dc018be0 con 0x7fc3ec1060e0
2024-03-26T01:56:18.763 INFO:teuthology.orchestra.run.smithi072.stdout:/usr/bin/ceph: stderr
2024-03-26T01:56:18.110+0000 7fc3f2a4a700 1 -- 172.21.15.72:0/1249844685 >> v2:172.21.15.72:6800/3912119602 conn(0x7fc3d8038ef0 msgr2=0x7fc3d803b3b0 secure :-1 s=STATE_CONNECTION_ESTABLISHED l=1).mark_down
2024-03-26T01:56:18.763 INFO:teuthology.orchestra.run.smithi072.stdout:/usr/bin/ceph: stderr
2024-03-26T01:56:18.110+0000 7fc3f2a4a700 1 --2- 172.21.15.72:0/1249844685 >> v2:172.21.15.72:6800/3912119602 conn(0x7fc3d8038ef0 0x7fc3d803b3b0 secure :-1 s=READY pgs=15 cs=0 l=1 rev1=1 crypto rx=0x7fc3d4006fd0 tx=0x7fc3d4006e40 comp rx=0 tx=0).stop
2024-03-26T01:56:18.763 INFO:teuthology.orchestra.run.smithi072.stdout:/usr/bin/ceph: stderr
2024-03-26T01:56:18.110+0000 7fc3f2a4a700 1 -- 172.21.15.72:0/1249844685 >> [v2:172.21.15.72:3300/0,v1:172.21.15.72:6789/0] conn(0x7fc3ec1060e0 msgr2=0x7fc3ec199e80 secure :-1 s=STATE_CONNECTION_ESTABLISHED l=1).mark_down
2024-03-26T01:56:18.763 INFO:teuthology.orchestra.run.smithi072.stdout:/usr/bin/ceph: stderr
2024-03-26T01:56:18.110+0000 7fc3f2a4a700 1 --2- 172.21.15.72:0/1249844685 >> [v2:172.21.15.72:3300/0,v1:172.21.15.72:6789/0] conn(0x7fc3ec1060e0 0x7fc3ec199e80 secure :-1 s=READY pgs=54 cs=0 l=1 rev1=1 crypto rx=0x7fc3dc000c00 tx=0x7fc3dc011eb0 comp rx=0 tx=0).stop
2024-03-26T01:56:18.763 INFO:teuthology.orchestra.run.smithi072.stdout:/usr/bin/ceph: stderr
2024-03-26T01:56:18.110+0000 7fc3f2a4a700 1 -- 172.21.15.72:0/1249844685 shutdown_connections
2024-03-26T01:56:18.763 INFO:teuthology.orchestra.run.smithi072.stdout:/usr/bin/ceph: stderr
2024-03-26T01:56:18.110+0000 7fc3f2a4a700 1 --2- 172.21.15.72:0/1249844685 >> v2:172.21.15.72:6800/3912119602 conn(0x7fc3d8038ef0 0x7fc3d803b3b0 unknown :-1 s=CLOSED pgs=15 cs=0 l=1 rev1=1 crypto rx=0 tx=0 comp rx=0 tx=0).stop
2024-03-26T01:56:18.763 INFO:teuthology.orchestra.run.smithi072.stdout:/usr/bin/ceph: stderr
2024-03-26T01:56:18.110+0000 7fc3f2a4a700 1 --2- 172.21.15.72:0/1249844685 >> [v2:172.21.15.72:3300/0,v1:172.21.15.72:6789/0] conn(0x7fc3ec1060e0 0x7fc3ec199e80 unknown :-1 s=CLOSED pgs=54 cs=0 l=1 rev1=1 crypto rx=0 tx=0 comp rx=0 tx=0).stop
2024-03-26T01:56:18.763 INFO:teuthology.orchestra.run.smithi072.stdout:/usr/bin/ceph: stderr
2024-03-26T01:56:18.110+0000 7fc3f2a4a700 1 -- 172.21.15.72:0/1249844685 >> 172.21.15.72:0/1249844685 conn(0x7fc3ec1016a0 msgr2=0x7fc3ec102190 unknown :-1 s=STATE_NONE l=0).mark_down
2024-03-26T01:56:18.763 INFO:teuthology.orchestra.run.smithi072.stdout:/usr/bin/ceph: stderr
2024-03-26T01:56:18.110+0000 7fc3f2a4a700 1 -- 172.21.15.72:0/1249844685 shutdown_connections
2024-03-26T01:56:18.763 INFO:teuthology.orchestra.run.smithi072.stdout:/usr/bin/ceph: stderr
2024-03-26T01:56:18.110+0000 7fc3f2a4a700 1 -- 172.21.15.72:0/1249844685 wait complete.
2024-03-26T01:56:18.763 INFO:teuthology.orchestra.run.smithi072.stdout:Enabling the dashboard module...
2024-03-26T01:56:19.468 INFO:journalctl@ceph.mon.a.smithi072.stdout:Mar 26 01:56:19 smithi072 ceph-mon[30177]: from='client.? 172.21.15.72:0/1249844685' entity='client.admin'
2024-03-26T01:56:19.468 INFO:journalctl@ceph.mon.a.smithi072.stdout:Mar 26 01:56:19 smithi072 ceph-mon[30177]: from='mgr.14120 172.21.15.72:0/1097248136' entity='mgr.y'
2024-03-26T01:56:20.440 INFO:journalctl@ceph.mon.a.smithi072.stdout:Mar 26 01:56:20 smithi072 ceph-mon[30177]: from='client.? 172.21.15.72:0/3837171258' entity='client.admin' cmd=[{"prefix": "mgr module enable", "module": "dashboard"}]: dispatch
2024-03-26T01:56:20.440 INFO:journalctl@ceph.mon.a.smithi072.stdout:Mar 26 01:56:20 smithi072 ceph-mon[30177]: from='mgr.14120 172.21.15.72:0/1097248136' entity='mgr.y'
2024-03-26T01:56:20.440 INFO:journalctl@ceph.mgr.y.smithi072.stdout:Mar 26 01:56:20 smithi072 ceph-c86fbdd4-eb13-11ee-95d0-87774f69a715-mgr-y[30433]: ignoring --setuser ceph since I am not root
2024-03-26T01:56:20.440 INFO:journalctl@ceph.mgr.y.smithi072.stdout:Mar 26 01:56:20 smithi072 ceph-c86fbdd4-eb13-11ee-95d0-87774f69a715-mgr-y[30433]: ignoring --setgroup ceph since I am not root
2024-03-26T01:56:20.733 INFO:teuthology.orchestra.run.smithi072.stdout:/usr/bin/ceph: stderr
2024-03-26T01:56:19.220+0000 7fb57e0c0700 1 Processor -- start
2024-03-26T01:56:20.733 INFO:teuthology.orchestra.run.smithi072.stdout:/usr/bin/ceph: stderr
2024-03-26T01:56:19.220+0000 7fb57e0c0700 1 -- start start
2024-03-26T01:56:20.733 INFO:teuthology.orchestra.run.smithi072.stdout:/usr/bin/ceph: stderr
2024-03-26T01:56:19.220+0000 7fb57e0c0700 1 --2- >> [v2:172.21.15.72:3300/0,v1:172.21.15.72:6789/0] conn(0x7fb5781049c0 0x7fb578104de0 unknown :-1 s=NONE pgs=0 cs=0 l=0 rev1=0 crypto rx=0 tx=0 comp rx=0 tx=0).connect
2024-03-26T01:56:20.733 INFO:teuthology.orchestra.run.smithi072.stdout:/usr/bin/ceph: stderr
2024-03-26T01:56:19.220+0000 7fb57e0c0700 1 -- --> [v2:172.21.15.72:3300/0,v1:172.21.15.72:6789/0] -- mon_getmap magic: 0 v1 -- 0x7fb578079680 con 0x7fb5781049c0
2024-03-26T01:56:20.733 INFO:teuthology.orchestra.run.smithi072.stdout:/usr/bin/ceph: stderr
2024-03-26T01:56:19.220+0000 7fb5777fe700 1 --2- >> [v2:172.21.15.72:3300/0,v1:172.21.15.72:6789/0] conn(0x7fb5781049c0 0x7fb578104de0 unknown :-1 s=BANNER_CONNECTING pgs=0 cs=0 l=0 rev1=0 crypto rx=0 tx=0 comp rx=0 tx=0)._handle_peer_banner_payload supported=3 required=0
2024-03-26T01:56:20.734 INFO:teuthology.orchestra.run.smithi072.stdout:/usr/bin/ceph: stderr
2024-03-26T01:56:19.220+0000 7fb5777fe700 1 --2- >> [v2:172.21.15.72:3300/0,v1:172.21.15.72:6789/0] conn(0x7fb5781049c0 0x7fb578104de0 unknown :-1 s=HELLO_CONNECTING pgs=0 cs=0 l=0 rev1=1 crypto rx=0 tx=0 comp rx=0 tx=0).handle_hello peer v2:172.21.15.72:3300/0 says I am v2:172.21.15.72:53872/0 (socket says 172.21.15.72:53872)
2024-03-26T01:56:20.734 INFO:teuthology.orchestra.run.smithi072.stdout:/usr/bin/ceph: stderr
2024-03-26T01:56:19.220+0000 7fb5777fe700 1 -- 172.21.15.72:0/3166230537 learned_addr learned my addr 172.21.15.72:0/3166230537 (peer_addr_for_me v2:172.21.15.72:0/0)
2024-03-26T01:56:20.734 INFO:teuthology.orchestra.run.smithi072.stdout:/usr/bin/ceph: stderr
2024-03-26T01:56:19.221+0000 7fb5777fe700 1 -- 172.21.15.72:0/3166230537 --> [v2:172.21.15.72:3300/0,v1:172.21.15.72:6789/0] -- mon_subscribe({config=0+,monmap=0+}) v3 -- 0x7fb5780797c0 con 0x7fb5781049c0
2024-03-26T01:56:20.734 INFO:teuthology.orchestra.run.smithi072.stdout:/usr/bin/ceph: stderr
2024-03-26T01:56:19.221+0000 7fb5777fe700 1 --2- 172.21.15.72:0/3166230537 >> [v2:172.21.15.72:3300/0,v1:172.21.15.72:6789/0] conn(0x7fb5781049c0 0x7fb578104de0 secure :-1 s=READY pgs=55 cs=0 l=1 rev1=1 crypto rx=0x7fb5680098a0 tx=0x7fb568009bb0 comp rx=0 tx=0).ready entity=mon.0 client_cookie=d0e9cc8c87446ce5 server_cookie=0 in_seq=0 out_seq=0
2024-03-26T01:56:20.734 INFO:teuthology.orchestra.run.smithi072.stdout:/usr/bin/ceph: stderr
2024-03-26T01:56:19.221+0000 7fb5767fc700 1 -- 172.21.15.72:0/3166230537 <== mon.0 v2:172.21.15.72:3300/0 1 ==== mon_map magic: 0 v1 ==== 205+0+0 (secure 0 0 0) 0x7fb568004160 con 0x7fb5781049c0
2024-03-26T01:56:20.734 INFO:teuthology.orchestra.run.smithi072.stdout:/usr/bin/ceph: stderr
2024-03-26T01:56:19.221+0000 7fb5767fc700 1 -- 172.21.15.72:0/3166230537 <== mon.0 v2:172.21.15.72:3300/0 2 ==== config(26 keys) v1 ==== 1093+0+0 (secure 0 0 0) 0x7fb5680042c0 con 0x7fb5781049c0
2024-03-26T01:56:20.734 INFO:teuthology.orchestra.run.smithi072.stdout:/usr/bin/ceph: stderr
2024-03-26T01:56:19.221+0000 7fb5767fc700 1 -- 172.21.15.72:0/3166230537 <== mon.0 v2:172.21.15.72:3300/0 3 ==== mon_map magic: 0 v1 ==== 205+0+0 (secure 0 0 0) 0x7fb568011960 con 0x7fb5781049c0
2024-03-26T01:56:20.734 INFO:teuthology.orchestra.run.smithi072.stdout:/usr/bin/ceph: stderr
2024-03-26T01:56:19.221+0000 7fb57e0c0700 1 -- 172.21.15.72:0/3166230537 >> [v2:172.21.15.72:3300/0,v1:172.21.15.72:6789/0] conn(0x7fb5781049c0 msgr2=0x7fb578104de0 secure :-1 s=STATE_CONNECTION_ESTABLISHED l=1).mark_down
2024-03-26T01:56:20.734 INFO:teuthology.orchestra.run.smithi072.stdout:/usr/bin/ceph: stderr
2024-03-26T01:56:19.221+0000 7fb57e0c0700 1 --2- 172.21.15.72:0/3166230537 >> [v2:172.21.15.72:3300/0,v1:172.21.15.72:6789/0] conn(0x7fb5781049c0 0x7fb578104de0 secure :-1 s=READY pgs=55 cs=0 l=1 rev1=1 crypto rx=0x7fb5680098a0 tx=0x7fb568009bb0 comp rx=0 tx=0).stop
2024-03-26T01:56:20.734 INFO:teuthology.orchestra.run.smithi072.stdout:/usr/bin/ceph: stderr
2024-03-26T01:56:19.222+0000 7fb57e0c0700 1 -- 172.21.15.72:0/3166230537 shutdown_connections
2024-03-26T01:56:20.734 INFO:teuthology.orchestra.run.smithi072.stdout:/usr/bin/ceph: stderr
2024-03-26T01:56:19.222+0000 7fb57e0c0700 1 --2- 172.21.15.72:0/3166230537 >> [v2:172.21.15.72:3300/0,v1:172.21.15.72:6789/0] conn(0x7fb5781049c0 0x7fb578104de0 unknown :-1 s=CLOSED pgs=55 cs=0 l=1 rev1=1 crypto rx=0 tx=0 comp rx=0 tx=0).stop
2024-03-26T01:56:20.734 INFO:teuthology.orchestra.run.smithi072.stdout:/usr/bin/ceph: stderr
2024-03-26T01:56:19.222+0000 7fb57e0c0700 1 -- 172.21.15.72:0/3166230537 >> 172.21.15.72:0/3166230537 conn(0x7fb5781005a0 msgr2=0x7fb5781029c0 unknown :-1 s=STATE_NONE l=0).mark_down
2024-03-26T01:56:20.734 INFO:teuthology.orchestra.run.smithi072.stdout:/usr/bin/ceph: stderr
2024-03-26T01:56:19.222+0000 7fb57e0c0700 1 -- 172.21.15.72:0/3166230537 shutdown_connections
2024-03-26T01:56:20.735 INFO:teuthology.orchestra.run.smithi072.stdout:/usr/bin/ceph: stderr
2024-03-26T01:56:19.222+0000 7fb57e0c0700 1 -- 172.21.15.72:0/3166230537 wait complete.
2024-03-26T01:56:20.735 INFO:teuthology.orchestra.run.smithi072.stdout:/usr/bin/ceph: stderr
2024-03-26T01:56:19.222+0000 7fb57e0c0700 1 Processor -- start
2024-03-26T01:56:20.735 INFO:teuthology.orchestra.run.smithi072.stdout:/usr/bin/ceph: stderr
2024-03-26T01:56:19.223+0000 7fb57e0c0700 1 -- start start
2024-03-26T01:56:20.735 INFO:teuthology.orchestra.run.smithi072.stdout:/usr/bin/ceph: stderr
2024-03-26T01:56:19.223+0000 7fb57e0c0700 1 --2- >> [v2:172.21.15.72:3300/0,v1:172.21.15.72:6789/0] conn(0x7fb5781049c0 0x7fb57819c050 unknown :-1 s=NONE pgs=0 cs=0 l=1 rev1=0 crypto rx=0 tx=0 comp rx=0 tx=0).connect
2024-03-26T01:56:20.735 INFO:teuthology.orchestra.run.smithi072.stdout:/usr/bin/ceph: stderr
2024-03-26T01:56:19.223+0000 7fb57e0c0700 1 -- --> [v2:172.21.15.72:3300/0,v1:172.21.15.72:6789/0] -- mon_getmap magic: 0 v1 -- 0x7fb57819c590 con 0x7fb5781049c0
2024-03-26T01:56:20.735 INFO:teuthology.orchestra.run.smithi072.stdout:/usr/bin/ceph: stderr
2024-03-26T01:56:19.223+0000 7fb5777fe700 1 --2- >> [v2:172.21.15.72:3300/0,v1:172.21.15.72:6789/0] conn(0x7fb5781049c0 0x7fb57819c050 unknown :-1 s=BANNER_CONNECTING pgs=0 cs=0 l=1 rev1=0 crypto rx=0 tx=0 comp rx=0 tx=0)._handle_peer_banner_payload supported=3 required=0
2024-03-26T01:56:20.735 INFO:teuthology.orchestra.run.smithi072.stdout:/usr/bin/ceph: stderr
2024-03-26T01:56:19.223+0000 7fb5777fe700 1 --2- >> [v2:172.21.15.72:3300/0,v1:172.21.15.72:6789/0] conn(0x7fb5781049c0 0x7fb57819c050 unknown :-1 s=HELLO_CONNECTING pgs=0 cs=0 l=1 rev1=1 crypto rx=0 tx=0 comp rx=0 tx=0).handle_hello peer v2:172.21.15.72:3300/0 says I am v2:172.21.15.72:53886/0 (socket says 172.21.15.72:53886)
2024-03-26T01:56:20.735 INFO:teuthology.orchestra.run.smithi072.stdout:/usr/bin/ceph: stderr
2024-03-26T01:56:19.223+0000 7fb5777fe700 1 -- 172.21.15.72:0/3837171258 learned_addr learned my addr 172.21.15.72:0/3837171258 (peer_addr_for_me v2:172.21.15.72:0/0)
2024-03-26T01:56:20.735 INFO:teuthology.orchestra.run.smithi072.stdout:/usr/bin/ceph: stderr
2024-03-26T01:56:19.223+0000 7fb5777fe700 1 -- 172.21.15.72:0/3837171258 --> [v2:172.21.15.72:3300/0,v1:172.21.15.72:6789/0] -- mon_subscribe({config=0+,monmap=0+}) v3 -- 0x7fb568009550 con 0x7fb5781049c0
2024-03-26T01:56:20.735 INFO:teuthology.orchestra.run.smithi072.stdout:/usr/bin/ceph: stderr
2024-03-26T01:56:19.223+0000 7fb5777fe700 1 --2- 172.21.15.72:0/3837171258 >> [v2:172.21.15.72:3300/0,v1:172.21.15.72:6789/0] conn(0x7fb5781049c0 0x7fb57819c050 secure :-1 s=READY pgs=56 cs=0 l=1 rev1=1 crypto rx=0x7fb568006af0 tx=0x7fb5680119e0 comp rx=0 tx=0).ready entity=mon.0 client_cookie=0 server_cookie=0 in_seq=0 out_seq=0
