2024-03-26T01:55:54.780+0000 7ff884e5e700 1 --2- 172.21.15.72:0/120973821 >> [v2:172.21.15.72:3300/0,v1:172.21.15.72:6789/0] conn(0x7ff880106b80 0x7ff880108f70 secure :-1 s=READY pgs=26 cs=0 l=1 rev1=1 crypto rx=0x7ff8700098a0 tx=0x7ff870009bb0 comp rx=0 tx=0).stop
2024-03-26T01:55:55.648 INFO:teuthology.orchestra.run.smithi072.stdout:/usr/bin/ceph: stderr
2024-03-26T01:55:54.780+0000 7ff884e5e700 1 -- 172.21.15.72:0/120973821 shutdown_connections
2024-03-26T01:55:55.648 INFO:teuthology.orchestra.run.smithi072.stdout:/usr/bin/ceph: stderr
2024-03-26T01:55:54.780+0000 7ff884e5e700 1 --2- 172.21.15.72:0/120973821 >> [v2:172.21.15.72:3300/0,v1:172.21.15.72:6789/0] conn(0x7ff880106b80 0x7ff880108f70 unknown :-1 s=CLOSED pgs=26 cs=0 l=1 rev1=1 crypto rx=0 tx=0 comp rx=0 tx=0).stop
2024-03-26T01:55:55.648 INFO:teuthology.orchestra.run.smithi072.stdout:/usr/bin/ceph: stderr
2024-03-26T01:55:54.780+0000 7ff884e5e700 1 -- 172.21.15.72:0/120973821 >> 172.21.15.72:0/120973821 conn(0x7ff880100550 msgr2=0x7ff8801029b0 unknown :-1 s=STATE_NONE l=0).mark_down
2024-03-26T01:55:55.648 INFO:teuthology.orchestra.run.smithi072.stdout:/usr/bin/ceph: stderr
2024-03-26T01:55:54.780+0000 7ff884e5e700 1 -- 172.21.15.72:0/120973821 shutdown_connections
2024-03-26T01:55:55.648 INFO:teuthology.orchestra.run.smithi072.stdout:/usr/bin/ceph: stderr
2024-03-26T01:55:54.780+0000 7ff884e5e700 1 -- 172.21.15.72:0/120973821 wait complete.
2024-03-26T01:55:55.648 INFO:teuthology.orchestra.run.smithi072.stdout:/usr/bin/ceph: stderr
2024-03-26T01:55:54.781+0000 7ff884e5e700 1 Processor -- start
2024-03-26T01:55:55.648 INFO:teuthology.orchestra.run.smithi072.stdout:/usr/bin/ceph: stderr
2024-03-26T01:55:54.781+0000 7ff884e5e700 1 -- start start
2024-03-26T01:55:55.648 INFO:teuthology.orchestra.run.smithi072.stdout:/usr/bin/ceph: stderr
2024-03-26T01:55:54.781+0000 7ff884e5e700 1 --2- >> [v2:172.21.15.72:3300/0,v1:172.21.15.72:6789/0] conn(0x7ff880106b80 0x7ff880199e00 unknown :-1 s=NONE pgs=0 cs=0 l=1 rev1=0 crypto rx=0 tx=0 comp rx=0 tx=0).connect
2024-03-26T01:55:55.648 INFO:teuthology.orchestra.run.smithi072.stdout:/usr/bin/ceph: stderr
2024-03-26T01:55:54.781+0000 7ff884e5e700 1 -- --> [v2:172.21.15.72:3300/0,v1:172.21.15.72:6789/0] -- mon_getmap magic: 0 v1 -- 0x7ff88019a340 con 0x7ff880106b80
2024-03-26T01:55:55.649 INFO:teuthology.orchestra.run.smithi072.stdout:/usr/bin/ceph: stderr
2024-03-26T01:55:54.781+0000 7ff87e59c700 1 --2- >> [v2:172.21.15.72:3300/0,v1:172.21.15.72:6789/0] conn(0x7ff880106b80 0x7ff880199e00 unknown :-1 s=BANNER_CONNECTING pgs=0 cs=0 l=1 rev1=0 crypto rx=0 tx=0 comp rx=0 tx=0)._handle_peer_banner_payload supported=3 required=0
2024-03-26T01:55:55.649 INFO:teuthology.orchestra.run.smithi072.stdout:/usr/bin/ceph: stderr
2024-03-26T01:55:54.781+0000 7ff87e59c700 1 --2- >> [v2:172.21.15.72:3300/0,v1:172.21.15.72:6789/0] conn(0x7ff880106b80 0x7ff880199e00 unknown :-1 s=HELLO_CONNECTING pgs=0 cs=0 l=1 rev1=1 crypto rx=0 tx=0 comp rx=0 tx=0).handle_hello peer v2:172.21.15.72:3300/0 says I am v2:172.21.15.72:58062/0 (socket says 172.21.15.72:58062)
2024-03-26T01:55:55.649 INFO:teuthology.orchestra.run.smithi072.stdout:/usr/bin/ceph: stderr
2024-03-26T01:55:54.781+0000 7ff87e59c700 1 -- 172.21.15.72:0/184021934 learned_addr learned my addr 172.21.15.72:0/184021934 (peer_addr_for_me v2:172.21.15.72:0/0)
2024-03-26T01:55:55.649 INFO:teuthology.orchestra.run.smithi072.stdout:/usr/bin/ceph: stderr
2024-03-26T01:55:54.782+0000 7ff87e59c700 1 -- 172.21.15.72:0/184021934 --> [v2:172.21.15.72:3300/0,v1:172.21.15.72:6789/0] -- mon_subscribe({config=0+,monmap=0+}) v3 -- 0x7ff870009550 con 0x7ff880106b80
2024-03-26T01:55:55.649 INFO:teuthology.orchestra.run.smithi072.stdout:/usr/bin/ceph: stderr
2024-03-26T01:55:54.782+0000 7ff87e59c700 1 --2- 172.21.15.72:0/184021934 >> [v2:172.21.15.72:3300/0,v1:172.21.15.72:6789/0] conn(0x7ff880106b80 0x7ff880199e00 secure :-1 s=READY pgs=27 cs=0 l=1 rev1=1 crypto rx=0x7ff870009130 tx=0x7ff870011a50 comp rx=0 tx=0).ready entity=mon.0 client_cookie=0 server_cookie=0 in_seq=0 out_seq=0
2024-03-26T01:55:55.649 INFO:teuthology.orchestra.run.smithi072.stdout:/usr/bin/ceph: stderr
2024-03-26T01:55:54.782+0000 7ff86f7fe700 1 -- 172.21.15.72:0/184021934 <== mon.0 v2:172.21.15.72:3300/0 1 ==== mon_map magic: 0 v1 ==== 205+0+0 (secure 0 0 0) 0x7ff870003aa0 con 0x7ff880106b80
2024-03-26T01:55:55.649 INFO:teuthology.orchestra.run.smithi072.stdout:/usr/bin/ceph: stderr
2024-03-26T01:55:54.782+0000 7ff884e5e700 1 -- 172.21.15.72:0/184021934 --> [v2:172.21.15.72:3300/0,v1:172.21.15.72:6789/0] -- mon_subscribe({mgrmap=0+}) v3 -- 0x7ff88019a540 con 0x7ff880106b80
2024-03-26T01:55:55.649 INFO:teuthology.orchestra.run.smithi072.stdout:/usr/bin/ceph: stderr
2024-03-26T01:55:54.782+0000 7ff86f7fe700 1 -- 172.21.15.72:0/184021934 <== mon.0 v2:172.21.15.72:3300/0 2 ==== config(26 keys) v1 ==== 1062+0+0 (secure 0 0 0) 0x7ff87001a8c0 con 0x7ff880106b80
2024-03-26T01:55:55.649 INFO:teuthology.orchestra.run.smithi072.stdout:/usr/bin/ceph: stderr
2024-03-26T01:55:54.782+0000 7ff86f7fe700 1 -- 172.21.15.72:0/184021934 <== mon.0 v2:172.21.15.72:3300/0 3 ==== mon_map magic: 0 v1 ==== 205+0+0 (secure 0 0 0) 0x7ff870019790 con 0x7ff880106b80
2024-03-26T01:55:55.649 INFO:teuthology.orchestra.run.smithi072.stdout:/usr/bin/ceph: stderr
2024-03-26T01:55:54.782+0000 7ff884e5e700 1 -- 172.21.15.72:0/184021934 --> [v2:172.21.15.72:3300/0,v1:172.21.15.72:6789/0] -- mon_subscribe({osdmap=0}) v3 -- 0x7ff88019a9e0 con 0x7ff880106b80
2024-03-26T01:55:55.649 INFO:teuthology.orchestra.run.smithi072.stdout:/usr/bin/ceph: stderr
2024-03-26T01:55:54.783+0000 7ff86f7fe700 1 -- 172.21.15.72:0/184021934 <== mon.0 v2:172.21.15.72:3300/0 4 ==== mgrmap(e 5) v1 ==== 45893+0+0 (secure 0 0 0) 0x7ff870019a00 con 0x7ff880106b80
2024-03-26T01:55:55.649 INFO:teuthology.orchestra.run.smithi072.stdout:/usr/bin/ceph: stderr
2024-03-26T01:55:54.783+0000 7ff884e5e700 1 -- 172.21.15.72:0/184021934 --> [v2:172.21.15.72:3300/0,v1:172.21.15.72:6789/0] -- mon_command({"prefix": "get_command_descriptions"} v 0) v1 -- 0x7ff88010a250 con 0x7ff880106b80
2024-03-26T01:55:55.649 INFO:teuthology.orchestra.run.smithi072.stdout:/usr/bin/ceph: stderr
2024-03-26T01:55:54.783+0000 7ff86f7fe700 1 --2- 172.21.15.72:0/184021934 >> v2:172.21.15.72:6800/347688983 conn(0x7ff868038ef0 0x7ff86803b3b0 unknown :-1 s=NONE pgs=0 cs=0 l=1 rev1=0 crypto rx=0 tx=0 comp rx=0 tx=0).connect
2024-03-26T01:55:55.649 INFO:teuthology.orchestra.run.smithi072.stdout:/usr/bin/ceph: stderr
2024-03-26T01:55:54.783+0000 7ff86f7fe700 1 -- 172.21.15.72:0/184021934 <== mon.0 v2:172.21.15.72:3300/0 5 ==== osd_map(1..1 src has 1..1) v4 ==== 725+0+0 (secure 0 0 0) 0x7ff87004e140 con 0x7ff880106b80
2024-03-26T01:55:55.649 INFO:teuthology.orchestra.run.smithi072.stdout:/usr/bin/ceph: stderr
2024-03-26T01:55:54.783+0000 7ff87dd9b700 1 -- 172.21.15.72:0/184021934 >> v2:172.21.15.72:6800/347688983 conn(0x7ff868038ef0 msgr2=0x7ff86803b3b0 unknown :-1 s=STATE_CONNECTING_RE l=1).process reconnect failed to v2:172.21.15.72:6800/347688983
2024-03-26T01:55:55.650 INFO:teuthology.orchestra.run.smithi072.stdout:/usr/bin/ceph: stderr
2024-03-26T01:55:54.783+0000 7ff87dd9b700 1 --2- 172.21.15.72:0/184021934 >> v2:172.21.15.72:6800/347688983 conn(0x7ff868038ef0 0x7ff86803b3b0 unknown :-1 s=START_CONNECT pgs=0 cs=0 l=1 rev1=0 crypto rx=0 tx=0 comp rx=0 tx=0)._fault waiting 0.200000
2024-03-26T01:55:55.650 INFO:teuthology.orchestra.run.smithi072.stdout:/usr/bin/ceph: stderr
2024-03-26T01:55:54.788+0000 7ff86f7fe700 1 -- 172.21.15.72:0/184021934 <== mon.0 v2:172.21.15.72:3300/0 6 ==== mon_command_ack([{"prefix": "get_command_descriptions"}]=0 v0) v1 ==== 72+0+184932 (secure 0 0 0) 0x7ff870018c30 con 0x7ff880106b80
2024-03-26T01:55:55.650 INFO:teuthology.orchestra.run.smithi072.stdout:/usr/bin/ceph: stderr
2024-03-26T01:55:54.984+0000 7ff87dd9b700 1 -- 172.21.15.72:0/184021934 >> v2:172.21.15.72:6800/347688983 conn(0x7ff868038ef0 msgr2=0x7ff86803b3b0 unknown :-1 s=STATE_CONNECTING_RE l=1).process reconnect failed to v2:172.21.15.72:6800/347688983
2024-03-26T01:55:55.650 INFO:teuthology.orchestra.run.smithi072.stdout:/usr/bin/ceph: stderr
2024-03-26T01:55:54.984+0000 7ff87dd9b700 1 --2- 172.21.15.72:0/184021934 >> v2:172.21.15.72:6800/347688983 conn(0x7ff868038ef0 0x7ff86803b3b0 unknown :-1 s=START_CONNECT pgs=0 cs=0 l=1 rev1=0 crypto rx=0 tx=0 comp rx=0 tx=0)._fault waiting 0.400000
2024-03-26T01:55:55.650 INFO:teuthology.orchestra.run.smithi072.stdout:/usr/bin/ceph: stderr
2024-03-26T01:55:55.041+0000 7ff884e5e700 1 -- 172.21.15.72:0/184021934 --> [v2:172.21.15.72:3300/0,v1:172.21.15.72:6789/0] -- mon_command({"prefix": "mgr stat"} v 0) v1 -- 0x7ff88019d3c0 con 0x7ff880106b80
2024-03-26T01:55:55.650 INFO:teuthology.orchestra.run.smithi072.stdout:/usr/bin/ceph: stderr
2024-03-26T01:55:55.042+0000 7ff86f7fe700 1 -- 172.21.15.72:0/184021934 <== mon.0 v2:172.21.15.72:3300/0 7 ==== mon_command_ack([{"prefix": "mgr stat"}]=0 v5) v1 ==== 56+0+88 (secure 0 0 0) 0x7ff870018e60 con 0x7ff880106b80
2024-03-26T01:55:55.650 INFO:teuthology.orchestra.run.smithi072.stdout:/usr/bin/ceph: stderr
2024-03-26T01:55:55.045+0000 7ff884e5e700 1 -- 172.21.15.72:0/184021934 >> v2:172.21.15.72:6800/347688983 conn(0x7ff868038ef0 msgr2=0x7ff86803b3b0 unknown :-1 s=STATE_CONNECTING l=1).mark_down
2024-03-26T01:55:55.650 INFO:teuthology.orchestra.run.smithi072.stdout:/usr/bin/ceph: stderr
2024-03-26T01:55:55.045+0000 7ff884e5e700 1 --2- 172.21.15.72:0/184021934 >> v2:172.21.15.72:6800/347688983 conn(0x7ff868038ef0 0x7ff86803b3b0 unknown :-1 s=START_CONNECT pgs=0 cs=0 l=1 rev1=0 crypto rx=0 tx=0 comp rx=0 tx=0).stop
2024-03-26T01:55:55.650 INFO:teuthology.orchestra.run.smithi072.stdout:/usr/bin/ceph: stderr
2024-03-26T01:55:55.045+0000 7ff884e5e700 1 -- 172.21.15.72:0/184021934 >> [v2:172.21.15.72:3300/0,v1:172.21.15.72:6789/0] conn(0x7ff880106b80 msgr2=0x7ff880199e00 secure :-1 s=STATE_CONNECTION_ESTABLISHED l=1).mark_down
2024-03-26T01:55:55.650 INFO:teuthology.orchestra.run.smithi072.stdout:/usr/bin/ceph: stderr
2024-03-26T01:55:55.045+0000 7ff884e5e700 1 --2- 172.21.15.72:0/184021934 >> [v2:172.21.15.72:3300/0,v1:172.21.15.72:6789/0] conn(0x7ff880106b80 0x7ff880199e00 secure :-1 s=READY pgs=27 cs=0 l=1 rev1=1 crypto rx=0x7ff870009130 tx=0x7ff870011a50 comp rx=0 tx=0).stop
2024-03-26T01:55:55.650 INFO:teuthology.orchestra.run.smithi072.stdout:/usr/bin/ceph: stderr
2024-03-26T01:55:55.045+0000 7ff884e5e700 1 -- 172.21.15.72:0/184021934 shutdown_connections
2024-03-26T01:55:55.650 INFO:teuthology.orchestra.run.smithi072.stdout:/usr/bin/ceph: stderr
2024-03-26T01:55:55.045+0000 7ff884e5e700 1 --2- 172.21.15.72:0/184021934 >> v2:172.21.15.72:6800/347688983 conn(0x7ff868038ef0 0x7ff86803b3b0 unknown :-1 s=CLOSED pgs=0 cs=0 l=1 rev1=0 crypto rx=0 tx=0 comp rx=0 tx=0).stop
2024-03-26T01:55:55.650 INFO:teuthology.orchestra.run.smithi072.stdout:/usr/bin/ceph: stderr
2024-03-26T01:55:55.045+0000 7ff884e5e700 1 --2- 172.21.15.72:0/184021934 >> [v2:172.21.15.72:3300/0,v1:172.21.15.72:6789/0] conn(0x7ff880106b80 0x7ff880199e00 unknown :-1 s=CLOSED pgs=27 cs=0 l=1 rev1=1 crypto rx=0 tx=0 comp rx=0 tx=0).stop
2024-03-26T01:55:55.651 INFO:teuthology.orchestra.run.smithi072.stdout:/usr/bin/ceph: stderr
2024-03-26T01:55:55.045+0000 7ff884e5e700 1 -- 172.21.15.72:0/184021934 >> 172.21.15.72:0/184021934 conn(0x7ff880100550 msgr2=0x7ff8801010b0 unknown :-1 s=STATE_NONE l=0).mark_down
2024-03-26T01:55:55.651 INFO:teuthology.orchestra.run.smithi072.stdout:/usr/bin/ceph: stderr
2024-03-26T01:55:55.045+0000 7ff884e5e700 1 -- 172.21.15.72:0/184021934 shutdown_connections
2024-03-26T01:55:55.651 INFO:teuthology.orchestra.run.smithi072.stdout:/usr/bin/ceph: stderr
2024-03-26T01:55:55.045+0000 7ff884e5e700 1 -- 172.21.15.72:0/184021934 wait complete.
2024-03-26T01:55:55.651 INFO:teuthology.orchestra.run.smithi072.stdout:Waiting for the mgr to restart...
2024-03-26T01:55:55.651 INFO:teuthology.orchestra.run.smithi072.stdout:Waiting for mgr epoch 5...
2024-03-26T01:55:55.889 INFO:journalctl@ceph.mon.a.smithi072.stdout:Mar 26 01:55:55 smithi072 ceph-mon[30177]: from='client.? 172.21.15.72:0/184021934' entity='client.admin' cmd=[{"prefix": "mgr stat"}]: dispatch
2024-03-26T01:55:55.889 INFO:journalctl@ceph.mgr.y.smithi072.stdout:Mar 26 01:55:55 smithi072 ceph-c86fbdd4-eb13-11ee-95d0-87774f69a715-mgr-y[30433]:
2024-03-26T01:55:55.702+0000 7f666a4fc200 -1 mgr[py] Module rgw has missing NOTIFY_TYPES member
2024-03-26T01:55:55.889 INFO:journalctl@ceph.mgr.y.smithi072.stdout:Mar 26 01:55:55 smithi072 ceph-c86fbdd4-eb13-11ee-95d0-87774f69a715-mgr-y[30433]:
2024-03-26T01:55:55.812+0000 7f666a4fc200 -1 mgr[py] Module rbd_support has missing NOTIFY_TYPES member
2024-03-26T01:55:56.140 INFO:journalctl@ceph.mgr.y.smithi072.stdout:Mar 26 01:55:55 smithi072 ceph-c86fbdd4-eb13-11ee-95d0-87774f69a715-mgr-y[30433]:
2024-03-26T01:55:55.902+0000 7f666a4fc200 -1 mgr[py] Module progress has missing NOTIFY_TYPES member
2024-03-26T01:55:56.141 INFO:journalctl@ceph.mgr.y.smithi072.stdout:Mar 26 01:55:56 smithi072 ceph-c86fbdd4-eb13-11ee-95d0-87774f69a715-mgr-y[30433]:
2024-03-26T01:55:55.998+0000 7f666a4fc200 -1 mgr[py] Module pg_autoscaler has missing NOTIFY_TYPES member
2024-03-26T01:55:56.468 INFO:journalctl@ceph.mgr.y.smithi072.stdout:Mar 26 01:55:56 smithi072 ceph-c86fbdd4-eb13-11ee-95d0-87774f69a715-mgr-y[30433]:
2024-03-26T01:55:56.178+0000 7f666a4fc200 -1 mgr[py] Module devicehealth has missing NOTIFY_TYPES member
2024-03-26T01:55:57.468 INFO:journalctl@ceph.mgr.y.smithi072.stdout:Mar 26 01:55:57 smithi072 ceph-c86fbdd4-eb13-11ee-95d0-87774f69a715-mgr-y[30433]:
2024-03-26T01:55:57.127+0000 7f666a4fc200 -1 mgr[py] Module rook has missing NOTIFY_TYPES member
2024-03-26T01:55:57.468 INFO:journalctl@ceph.mgr.y.smithi072.stdout:Mar 26 01:55:57 smithi072 ceph-c86fbdd4-eb13-11ee-95d0-87774f69a715-mgr-y[30433]:
2024-03-26T01:55:57.254+0000 7f666a4fc200 -1 mgr[py] Module diskprediction_local has missing NOTIFY_TYPES member
2024-03-26T01:55:57.867 INFO:journalctl@ceph.mgr.y.smithi072.stdout:Mar 26 01:55:57 smithi072 ceph-c86fbdd4-eb13-11ee-95d0-87774f69a715-mgr-y[30433]:
2024-03-26T01:55:57.583+0000 7f666a4fc200 -1 mgr[py] Module selftest has missing NOTIFY_TYPES member
2024-03-26T01:55:57.867 INFO:journalctl@ceph.mgr.y.smithi072.stdout:Mar 26 01:55:57 smithi072 ceph-c86fbdd4-eb13-11ee-95d0-87774f69a715-mgr-y[30433]:
2024-03-26T01:55:57.672+0000 7f666a4fc200 -1 mgr[py] Module telegraf has missing NOTIFY_TYPES member
2024-03-26T01:55:57.867 INFO:journalctl@ceph.mgr.y.smithi072.stdout:Mar 26 01:55:57 smithi072 ceph-c86fbdd4-eb13-11ee-95d0-87774f69a715-mgr-y[30433]:
2024-03-26T01:55:57.866+0000 7f666a4fc200 -1 mgr[py] Module test_orchestrator has missing NOTIFY_TYPES member
2024-03-26T01:55:58.218 INFO:journalctl@ceph.mgr.y.smithi072.stdout:Mar 26 01:55:58 smithi072 ceph-c86fbdd4-eb13-11ee-95d0-87774f69a715-mgr-y[30433]:
2024-03-26T01:55:58.049+0000 7f666a4fc200 -1 mgr[py] Module crash has missing NOTIFY_TYPES member
2024-03-26T01:55:58.584 INFO:journalctl@ceph.mgr.y.smithi072.stdout:Mar 26 01:55:58 smithi072 ceph-c86fbdd4-eb13-11ee-95d0-87774f69a715-mgr-y[30433]:
2024-03-26T01:55:58.329+0000 7f666a4fc200 -1 mgr[py] Module orchestrator has missing NOTIFY_TYPES member
2024-03-26T01:55:58.585 INFO:journalctl@ceph.mgr.y.smithi072.stdout:Mar 26 01:55:58 smithi072 ceph-c86fbdd4-eb13-11ee-95d0-87774f69a715-mgr-y[30433]:
2024-03-26T01:55:58.584+0000 7f666a4fc200 -1 mgr[py] Module osd_support has missing NOTIFY_TYPES member
2024-03-26T01:55:58.968 INFO:journalctl@ceph.mgr.y.smithi072.stdout:Mar 26 01:55:58 smithi072 ceph-c86fbdd4-eb13-11ee-95d0-87774f69a715-mgr-y[30433]:
2024-03-26T01:55:58.816+0000 7f666a4fc200 -1 mgr[py] Module volumes has missing NOTIFY_TYPES member
2024-03-26T01:55:59.968 INFO:journalctl@ceph.mgr.y.smithi072.stdout:Mar 26 01:55:59 smithi072 ceph-c86fbdd4-eb13-11ee-95d0-87774f69a715-mgr-y[30433]:
2024-03-26T01:55:59.598+0000 7f666a4fc200 -1 mgr[py] Module telemetry has missing NOTIFY_TYPES member
2024-03-26T01:56:00.468 INFO:journalctl@ceph.mgr.y.smithi072.stdout:Mar 26 01:56:00 smithi072 ceph-c86fbdd4-eb13-11ee-95d0-87774f69a715-mgr-y[30433]:
2024-03-26T01:56:00.159+0000 7f666a4fc200 -1 mgr[py] Module prometheus has missing NOTIFY_TYPES member
2024-03-26T01:56:00.468 INFO:journalctl@ceph.mgr.y.smithi072.stdout:Mar 26 01:56:00 smithi072 ceph-c86fbdd4-eb13-11ee-95d0-87774f69a715-mgr-y[30433]:
2024-03-26T01:56:00.256+0000 7f666a4fc200 -1 mgr[py] Module status has missing NOTIFY_TYPES member
2024-03-26T01:56:00.968 INFO:journalctl@ceph.mgr.y.smithi072.stdout:Mar 26 01:56:00 smithi072 ceph-c86fbdd4-eb13-11ee-95d0-87774f69a715-mgr-y[30433]:
2024-03-26T01:56:00.469+0000 7f666a4fc200 -1 mgr[py] Module nfs has missing NOTIFY_TYPES member
2024-03-26T01:56:00.968 INFO:journalctl@ceph.mon.a.smithi072.stdout:Mar 26 01:56:00 smithi072 ceph-mon[30177]: Active manager daemon y restarted
2024-03-26T01:56:00.969 INFO:journalctl@ceph.mon.a.smithi072.stdout:Mar 26 01:56:00 smithi072 ceph-mon[30177]: Activating manager daemon y
2024-03-26T01:56:00.969 INFO:journalctl@ceph.mon.a.smithi072.stdout:Mar 26 01:56:00 smithi072 ceph-mon[30177]: osdmap e2: 0 total, 0 up, 0 in
2024-03-26T01:56:00.969 INFO:journalctl@ceph.mon.a.smithi072.stdout:Mar 26 01:56:00 smithi072 ceph-mon[30177]: mgrmap e6: y(active, starting, since 0.00338856s)
2024-03-26T01:56:00.969 INFO:journalctl@ceph.mon.a.smithi072.stdout:Mar 26 01:56:00 smithi072 ceph-mon[30177]: from='mgr.14120 172.21.15.72:0/1097248136' entity='mgr.y' cmd=[{"prefix": "mon metadata", "id": "a"}]: dispatch
2024-03-26T01:56:00.969 INFO:journalctl@ceph.mon.a.smithi072.stdout:Mar 26 01:56:00 smithi072 ceph-mon[30177]: from='mgr.14120 172.21.15.72:0/1097248136' entity='mgr.y' cmd=[{"prefix": "mgr metadata", "who": "y", "id": "y"}]: dispatch
2024-03-26T01:56:00.969 INFO:journalctl@ceph.mon.a.smithi072.stdout:Mar 26 01:56:00 smithi072 ceph-mon[30177]: from='mgr.14120 172.21.15.72:0/1097248136' entity='mgr.y' cmd=[{"prefix": "mds metadata"}]: dispatch
2024-03-26T01:56:00.969 INFO:journalctl@ceph.mon.a.smithi072.stdout:Mar 26 01:56:00 smithi072 ceph-mon[30177]: from='mgr.14120 172.21.15.72:0/1097248136' entity='mgr.y' cmd=[{"prefix": "osd metadata"}]: dispatch
2024-03-26T01:56:00.969 INFO:journalctl@ceph.mon.a.smithi072.stdout:Mar 26 01:56:00 smithi072 ceph-mon[30177]: from='mgr.14120 172.21.15.72:0/1097248136' entity='mgr.y' cmd=[{"prefix": "mon metadata"}]: dispatch
2024-03-26T01:56:00.969 INFO:journalctl@ceph.mon.a.smithi072.stdout:Mar 26 01:56:00 smithi072 ceph-mon[30177]: Manager daemon y is now available
2024-03-26T01:56:00.969 INFO:journalctl@ceph.mon.a.smithi072.stdout:Mar 26 01:56:00 smithi072 ceph-mon[30177]: from='mgr.14120 172.21.15.72:0/1097248136' entity='mgr.y'
2024-03-26T01:56:00.969 INFO:journalctl@ceph.mon.a.smithi072.stdout:Mar 26 01:56:00 smithi072 ceph-mon[30177]: from='mgr.14120 172.21.15.72:0/1097248136' entity='mgr.y'
2024-03-26T01:56:00.969 INFO:journalctl@ceph.mon.a.smithi072.stdout:Mar 26 01:56:00 smithi072 ceph-mon[30177]: from='mgr.14120 172.21.15.72:0/1097248136' entity='mgr.y' cmd=[{"prefix": "config dump", "format": "json"}]: dispatch
2024-03-26T01:56:00.969 INFO:journalctl@ceph.mon.a.smithi072.stdout:Mar 26 01:56:00 smithi072 ceph-mon[30177]: from='mgr.14120 172.21.15.72:0/1097248136' entity='mgr.y' cmd=[{"prefix": "config dump", "format": "json"}]: dispatch
2024-03-26T01:56:01.783 INFO:journalctl@ceph.mon.a.smithi072.stdout:Mar 26 01:56:01 smithi072 ceph-mon[30177]: Found migration_current of "None". Setting to last migration.
2024-03-26T01:56:01.783 INFO:journalctl@ceph.mon.a.smithi072.stdout:Mar 26 01:56:01 smithi072 ceph-mon[30177]: from='mgr.14120 172.21.15.72:0/1097248136' entity='mgr.y' cmd=[{"prefix": "config dump", "format": "json"}]: dispatch
2024-03-26T01:56:01.783 INFO:journalctl@ceph.mon.a.smithi072.stdout:Mar 26 01:56:01 smithi072 ceph-mon[30177]: from='mgr.14120 172.21.15.72:0/1097248136' entity='mgr.y' cmd=[{"prefix":"config rm","who":"mgr","name":"mgr/rbd_support/y/mirror_snapshot_schedule"}]: dispatch
2024-03-26T01:56:01.783 INFO:journalctl@ceph.mon.a.smithi072.stdout:Mar 26 01:56:01 smithi072 ceph-mon[30177]: from='mgr.14120 172.21.15.72:0/1097248136' entity='mgr.y' cmd=[{"prefix":"config rm","who":"mgr","name":"mgr/rbd_support/y/trash_purge_schedule"}]: dispatch
2024-03-26T01:56:01.783 INFO:journalctl@ceph.mon.a.smithi072.stdout:Mar 26 01:56:01 smithi072 ceph-mon[30177]: from='mgr.14120 172.21.15.72:0/1097248136' entity='mgr.y'
2024-03-26T01:56:01.783 INFO:journalctl@ceph.mon.a.smithi072.stdout:Mar 26 01:56:01 smithi072 ceph-mon[30177]: from='mgr.14120 172.21.15.72:0/1097248136' entity='mgr.y'
2024-03-26T01:56:01.783 INFO:journalctl@ceph.mon.a.smithi072.stdout:Mar 26 01:56:01 smithi072 ceph-mon[30177]: mgrmap e7: y(active, since 1.00553s)
2024-03-26T01:56:01.783 INFO:journalctl@ceph.mon.a.smithi072.stdout:Mar 26 01:56:01 smithi072 ceph-mon[30177]: from='mgr.14120 172.21.15.72:0/1097248136' entity='mgr.y' cmd=[{"prefix": "config dump", "format": "json"}]: dispatch
2024-03-26T01:56:02.079 INFO:teuthology.orchestra.run.smithi072.stdout:/usr/bin/ceph: stdout {
2024-03-26T01:56:02.080 INFO:teuthology.orchestra.run.smithi072.stdout:/usr/bin/ceph: stdout "mgrmap_epoch": 7,
2024-03-26T01:56:02.080 INFO:teuthology.orchestra.run.smithi072.stdout:/usr/bin/ceph: stdout "initialized": true
2024-03-26T01:56:02.080 INFO:teuthology.orchestra.run.smithi072.stdout:/usr/bin/ceph: stdout }
2024-03-26T01:56:02.080 INFO:teuthology.orchestra.run.smithi072.stdout:/usr/bin/ceph: stderr
2024-03-26T01:55:56.139+0000 7eff521a1700 1 Processor -- start
2024-03-26T01:56:02.080 INFO:teuthology.orchestra.run.smithi072.stdout:/usr/bin/ceph: stderr
2024-03-26T01:55:56.139+0000 7eff521a1700 1 -- start start
2024-03-26T01:56:02.080 INFO:teuthology.orchestra.run.smithi072.stdout:/usr/bin/ceph: stderr
2024-03-26T01:55:56.139+0000 7eff521a1700 1 --2- >> [v2:172.21.15.72:3300/0,v1:172.21.15.72:6789/0] conn(0x7eff4c104e00 0x7eff4c105220 unknown :-1 s=NONE pgs=0 cs=0 l=0 rev1=0 crypto rx=0 tx=0 comp rx=0 tx=0).connect
2024-03-26T01:56:02.080 INFO:teuthology.orchestra.run.smithi072.stdout:/usr/bin/ceph: stderr
2024-03-26T01:55:56.140+0000 7eff521a1700 1 -- --> [v2:172.21.15.72:3300/0,v1:172.21.15.72:6789/0] -- mon_getmap magic: 0 v1 -- 0x7eff4c105760 con 0x7eff4c104e00
2024-03-26T01:56:02.080 INFO:teuthology.orchestra.run.smithi072.stdout:/usr/bin/ceph: stderr
2024-03-26T01:55:56.140+0000 7eff5119f700 1 --2- >> [v2:172.21.15.72:3300/0,v1:172.21.15.72:6789/0] conn(0x7eff4c104e00 0x7eff4c105220 unknown :-1 s=BANNER_CONNECTING pgs=0 cs=0 l=0 rev1=0 crypto rx=0 tx=0 comp rx=0 tx=0)._handle_peer_banner_payload supported=3 required=0
2024-03-26T01:56:02.080 INFO:teuthology.orchestra.run.smithi072.stdout:/usr/bin/ceph: stderr
2024-03-26T01:55:56.140+0000 7eff5119f700 1 --2- >> [v2:172.21.15.72:3300/0,v1:172.21.15.72:6789/0] conn(0x7eff4c104e00 0x7eff4c105220 unknown :-1 s=HELLO_CONNECTING pgs=0 cs=0 l=0 rev1=1 crypto rx=0 tx=0 comp rx=0 tx=0).handle_hello peer v2:172.21.15.72:3300/0 says I am v2:172.21.15.72:58074/0 (socket says 172.21.15.72:58074)
2024-03-26T01:56:02.080 INFO:teuthology.orchestra.run.smithi072.stdout:/usr/bin/ceph: stderr
2024-03-26T01:55:56.140+0000 7eff5119f700 1 -- 172.21.15.72:0/2504201758 learned_addr learned my addr 172.21.15.72:0/2504201758 (peer_addr_for_me v2:172.21.15.72:0/0)
2024-03-26T01:56:02.080 INFO:teuthology.orchestra.run.smithi072.stdout:/usr/bin/ceph: stderr
2024-03-26T01:55:56.140+0000 7eff5119f700 1 -- 172.21.15.72:0/2504201758 --> [v2:172.21.15.72:3300/0,v1:172.21.15.72:6789/0] -- mon_subscribe({config=0+,monmap=0+}) v3 -- 0x7eff4c1058a0 con 0x7eff4c104e00
2024-03-26T01:56:02.080 INFO:teuthology.orchestra.run.smithi072.stdout:/usr/bin/ceph: stderr
2024-03-26T01:55:56.140+0000 7eff5119f700 1 --2- 172.21.15.72:0/2504201758 >> [v2:172.21.15.72:3300/0,v1:172.21.15.72:6789/0] conn(0x7eff4c104e00 0x7eff4c105220 secure :-1 s=READY pgs=28 cs=0 l=1 rev1=1 crypto rx=0x7eff3c0098a0 tx=0x7eff3c009bb0 comp rx=0 tx=0).ready entity=mon.0 client_cookie=2a0e50b9fb733234 server_cookie=0 in_seq=0 out_seq=0
2024-03-26T01:56:02.080 INFO:teuthology.orchestra.run.smithi072.stdout:/usr/bin/ceph: stderr
2024-03-26T01:55:56.140+0000 7eff43fff700 1 -- 172.21.15.72:0/2504201758 <== mon.0 v2:172.21.15.72:3300/0 1 ==== mon_map magic: 0 v1 ==== 205+0+0 (secure 0 0 0) 0x7eff3c004160 con 0x7eff4c104e00
2024-03-26T01:56:02.081 INFO:teuthology.orchestra.run.smithi072.stdout:/usr/bin/ceph: stderr
2024-03-26T01:55:56.140+0000 7eff43fff700 1 -- 172.21.15.72:0/2504201758 <== mon.0 v2:172.21.15.72:3300/0 2 ==== config(26 keys) v1 ==== 1062+0+0 (secure 0 0 0) 0x7eff3c0042c0 con 0x7eff4c104e00
2024-03-26T01:56:02.081 INFO:teuthology.orchestra.run.smithi072.stdout:/usr/bin/ceph: stderr
2024-03-26T01:55:56.140+0000 7eff43fff700 1 -- 172.21.15.72:0/2504201758 <== mon.0 v2:172.21.15.72:3300/0 3 ==== mon_map magic: 0 v1 ==== 205+0+0 (secure 0 0 0) 0x7eff3c0119b0 con 0x7eff4c104e00
2024-03-26T01:56:02.081 INFO:teuthology.orchestra.run.smithi072.stdout:/usr/bin/ceph: stderr
2024-03-26T01:55:56.141+0000 7eff521a1700 1 -- 172.21.15.72:0/2504201758 >> [v2:172.21.15.72:3300/0,v1:172.21.15.72:6789/0] conn(0x7eff4c104e00 msgr2=0x7eff4c105220 secure :-1 s=STATE_CONNECTION_ESTABLISHED l=1).mark_down
2024-03-26T01:56:02.081 INFO:teuthology.orchestra.run.smithi072.stdout:/usr/bin/ceph: stderr
2024-03-26T01:55:56.141+0000 7eff521a1700 1 --2- 172.21.15.72:0/2504201758 >> [v2:172.21.15.72:3300/0,v1:172.21.15.72:6789/0] conn(0x7eff4c104e00 0x7eff4c105220 secure :-1 s=READY pgs=28 cs=0 l=1 rev1=1 crypto rx=0x7eff3c0098a0 tx=0x7eff3c009bb0 comp rx=0 tx=0).stop
2024-03-26T01:56:02.081 INFO:teuthology.orchestra.run.smithi072.stdout:/usr/bin/ceph: stderr
2024-03-26T01:55:56.141+0000 7eff521a1700 1 -- 172.21.15.72:0/2504201758 shutdown_connections
2024-03-26T01:56:02.081 INFO:teuthology.orchestra.run.smithi072.stdout:/usr/bin/ceph: stderr
2024-03-26T01:55:56.141+0000 7eff521a1700 1 --2- 172.21.15.72:0/2504201758 >> [v2:172.21.15.72:3300/0,v1:172.21.15.72:6789/0] conn(0x7eff4c104e00 0x7eff4c105220 unknown :-1 s=CLOSED pgs=28 cs=0 l=1 rev1=1 crypto rx=0 tx=0 comp rx=0 tx=0).stop
2024-03-26T01:56:02.081 INFO:teuthology.orchestra.run.smithi072.stdout:/usr/bin/ceph: stderr
2024-03-26T01:55:56.141+0000 7eff521a1700 1 -- 172.21.15.72:0/2504201758 >> 172.21.15.72:0/2504201758 conn(0x7eff4c100380 msgr2=0x7eff4c1027e0 unknown :-1 s=STATE_NONE l=0).mark_down
2024-03-26T01:56:02.081 INFO:teuthology.orchestra.run.smithi072.stdout:/usr/bin/ceph: stderr
2024-03-26T01:55:56.141+0000 7eff521a1700 1 -- 172.21.15.72:0/2504201758 shutdown_connections
2024-03-26T01:56:02.081 INFO:teuthology.orchestra.run.smithi072.stdout:/usr/bin/ceph: stderr
2024-03-26T01:55:56.141+0000 7eff521a1700 1 -- 172.21.15.72:0/2504201758 wait complete.
2024-03-26T01:56:02.082 INFO:teuthology.orchestra.run.smithi072.stdout:/usr/bin/ceph: stderr
2024-03-26T01:55:56.142+0000 7eff521a1700 1 Processor -- start
2024-03-26T01:56:02.082 INFO:teuthology.orchestra.run.smithi072.stdout:/usr/bin/ceph: stderr
2024-03-26T01:55:56.142+0000 7eff521a1700 1 -- start start
2024-03-26T01:56:02.082 INFO:teuthology.orchestra.run.smithi072.stdout:/usr/bin/ceph: stderr
2024-03-26T01:55:56.142+0000 7eff521a1700 1 --2- >> [v2:172.21.15.72:3300/0,v1:172.21.15.72:6789/0] conn(0x7eff4c104e00 0x7eff4c199cb0 unknown :-1 s=NONE pgs=0 cs=0 l=1 rev1=0 crypto rx=0 tx=0 comp rx=0 tx=0).connect
2024-03-26T01:56:02.082 INFO:teuthology.orchestra.run.smithi072.stdout:/usr/bin/ceph: stderr
2024-03-26T01:55:56.142+0000 7eff521a1700 1 -- --> [v2:172.21.15.72:3300/0,v1:172.21.15.72:6789/0] -- mon_getmap magic: 0 v1 -- 0x7eff4c19a1f0 con 0x7eff4c104e00
2024-03-26T01:56:02.082 INFO:teuthology.orchestra.run.smithi072.stdout:/usr/bin/ceph: stderr
2024-03-26T01:55:56.142+0000 7eff5119f700 1 --2- >> [v2:172.21.15.72:3300/0,v1:172.21.15.72:6789/0] conn(0x7eff4c104e00 0x7eff4c199cb0 unknown :-1 s=BANNER_CONNECTING pgs=0 cs=0 l=1 rev1=0 crypto rx=0 tx=0 comp rx=0 tx=0)._handle_peer_banner_payload supported=3 required=0
2024-03-26T01:56:02.082 INFO:teuthology.orchestra.run.smithi072.stdout:/usr/bin/ceph: stderr
2024-03-26T01:55:56.142+0000 7eff5119f700 1 --2- >> [v2:172.21.15.72:3300/0,v1:172.21.15.72:6789/0] conn(0x7eff4c104e00 0x7eff4c199cb0 unknown :-1 s=HELLO_CONNECTING pgs=0 cs=0 l=1 rev1=1 crypto rx=0 tx=0 comp rx=0 tx=0).handle_hello peer v2:172.21.15.72:3300/0 says I am v2:172.21.15.72:58086/0 (socket says 172.21.15.72:58086)
2024-03-26T01:56:02.082 INFO:teuthology.orchestra.run.smithi072.stdout:/usr/bin/ceph: stderr
2024-03-26T01:55:56.142+0000 7eff5119f700 1 -- 172.21.15.72:0/4044356141 learned_addr learned my addr 172.21.15.72:0/4044356141 (peer_addr_for_me v2:172.21.15.72:0/0)
2024-03-26T01:56:02.082 INFO:teuthology.orchestra.run.smithi072.stdout:/usr/bin/ceph: stderr
2024-03-26T01:55:56.143+0000 7eff5119f700 1 -- 172.21.15.72:0/4044356141 --> [v2:172.21.15.72:3300/0,v1:172.21.15.72:6789/0] -- mon_subscribe({config=0+,monmap=0+}) v3 -- 0x7eff3c009550 con 0x7eff4c104e00
2024-03-26T01:56:02.082 INFO:teuthology.orchestra.run.smithi072.stdout:/usr/bin/ceph: stderr
2024-03-26T01:55:56.143+0000 7eff5119f700 1 --2- 172.21.15.72:0/4044356141 >> [v2:172.21.15.72:3300/0,v1:172.21.15.72:6789/0] conn(0x7eff4c104e00 0x7eff4c199cb0 secure :-1 s=READY pgs=29 cs=0 l=1 rev1=1 crypto rx=0x7eff3c0046c0 tx=0x7eff3c011a50 comp rx=0 tx=0).ready entity=mon.0 client_cookie=0 server_cookie=0 in_seq=0 out_seq=0
2024-03-26T01:56:02.082 INFO:teuthology.orchestra.run.smithi072.stdout:/usr/bin/ceph: stderr
2024-03-26T01:55:56.143+0000 7eff427fc700 1 -- 172.21.15.72:0/4044356141 <== mon.0 v2:172.21.15.72:3300/0 1 ==== mon_map magic: 0 v1 ==== 205+0+0 (secure 0 0 0) 0x7eff3c0039c0 con 0x7eff4c104e00
2024-03-26T01:56:02.082 INFO:teuthology.orchestra.run.smithi072.stdout:/usr/bin/ceph: stderr
2024-03-26T01:55:56.143+0000 7eff427fc700 1 -- 172.21.15.72:0/4044356141 <== mon.0 v2:172.21.15.72:3300/0 2 ==== config(26 keys) v1 ==== 1062+0+0 (secure 0 0 0) 0x7eff3c003b20 con 0x7eff4c104e00
2024-03-26T01:56:02.082 INFO:teuthology.orchestra.run.smithi072.stdout:/usr/bin/ceph: stderr
2024-03-26T01:55:56.143+0000 7eff521a1700 1 -- 172.21.15.72:0/4044356141 --> [v2:172.21.15.72:3300/0,v1:172.21.15.72:6789/0] -- mon_subscribe({mgrmap=0+}) v3 -- 0x7eff4c19a3f0 con 0x7eff4c104e00
2024-03-26T01:56:02.082 INFO:teuthology.orchestra.run.smithi072.stdout:/usr/bin/ceph: stderr
2024-03-26T01:55:56.143+0000 7eff427fc700 1 -- 172.21.15.72:0/4044356141 <== mon.0 v2:172.21.15.72:3300/0 3 ==== mon_map magic: 0 v1 ==== 205+0+0 (secure 0 0 0) 0x7eff3c01a7b0 con 0x7eff4c104e00
2024-03-26T01:56:02.083 INFO:teuthology.orchestra.run.smithi072.stdout:/usr/bin/ceph: stderr
2024-03-26T01:55:56.143+0000 7eff521a1700 1 -- 172.21.15.72:0/4044356141 --> [v2:172.21.15.72:3300/0,v1:172.21.15.72:6789/0] -- mon_subscribe({osdmap=0}) v3 -- 0x7eff4c19a890 con 0x7eff4c104e00
2024-03-26T01:56:02.083 INFO:teuthology.orchestra.run.smithi072.stdout:/usr/bin/ceph: stderr
2024-03-26T01:55:56.144+0000 7eff427fc700 1 -- 172.21.15.72:0/4044356141 <== mon.0 v2:172.21.15.72:3300/0 4 ==== mgrmap(e 5) v1 ==== 45893+0+0 (secure 0 0 0) 0x7eff3c024430 con 0x7eff4c104e00
2024-03-26T01:56:02.083 INFO:teuthology.orchestra.run.smithi072.stdout:/usr/bin/ceph: stderr
2024-03-26T01:55:56.144+0000 7eff427fc700 1 --2- 172.21.15.72:0/4044356141 >> v2:172.21.15.72:6800/347688983 conn(0x7eff38038ea0 0x7eff3803b360 unknown :-1 s=NONE pgs=0 cs=0 l=1 rev1=0 crypto rx=0 tx=0 comp rx=0 tx=0).connect
2024-03-26T01:56:02.083 INFO:teuthology.orchestra.run.smithi072.stdout:/usr/bin/ceph: stderr
2024-03-26T01:55:56.144+0000 7eff427fc700 1 -- 172.21.15.72:0/4044356141 --> v2:172.21.15.72:6800/347688983 -- command(tid 0: {"prefix": "get_command_descriptions"}) v1 -- 0x7eff3803ba30 con 0x7eff38038ea0
2024-03-26T01:56:02.083 INFO:teuthology.orchestra.run.smithi072.stdout:/usr/bin/ceph: stderr
2024-03-26T01:55:56.144+0000 7eff5099e700 1 -- 172.21.15.72:0/4044356141 >> v2:172.21.15.72:6800/347688983 conn(0x7eff38038ea0 msgr2=0x7eff3803b360 unknown :-1 s=STATE_CONNECTING_RE l=1).process reconnect failed to v2:172.21.15.72:6800/347688983
2024-03-26T01:56:02.083 INFO:teuthology.orchestra.run.smithi072.stdout:/usr/bin/ceph: stderr
2024-03-26T01:55:56.144+0000 7eff427fc700 1 -- 172.21.15.72:0/4044356141 <== mon.0 v2:172.21.15.72:3300/0 5 ==== osd_map(1..1 src has 1..1) v4 ==== 725+0+0 (secure 0 0 0) 0x7eff3c04cff0 con 0x7eff4c104e00
2024-03-26T01:56:02.084 INFO:teuthology.orchestra.run.smithi072.stdout:/usr/bin/ceph: stderr
2024-03-26T01:55:56.144+0000 7eff5099e700 1 --2- 172.21.15.72:0/4044356141 >> v2:172.21.15.72:6800/347688983 conn(0x7eff38038ea0 0x7eff3803b360 unknown :-1 s=START_CONNECT pgs=0 cs=0 l=1 rev1=0 crypto rx=0 tx=0 comp rx=0 tx=0)._fault waiting 0.200000
2024-03-26T01:56:02.084 INFO:teuthology.orchestra.run.smithi072.stdout:/usr/bin/ceph: stderr
2024-03-26T01:55:56.345+0000 7eff5099e700 1 -- 172.21.15.72:0/4044356141 >> v2:172.21.15.72:6800/347688983 conn(0x7eff38038ea0 msgr2=0x7eff3803b360 unknown :-1 s=STATE_CONNECTING_RE l=1).process reconnect failed to v2:172.21.15.72:6800/347688983
2024-03-26T01:56:02.084 INFO:teuthology.orchestra.run.smithi072.stdout:/usr/bin/ceph: stderr
2024-03-26T01:55:56.345+0000 7eff5099e700 1 --2- 172.21.15.72:0/4044356141 >> v2:172.21.15.72:6800/347688983 conn(0x7eff38038ea0 0x7eff3803b360 unknown :-1 s=START_CONNECT pgs=0 cs=0 l=1 rev1=0 crypto rx=0 tx=0 comp rx=0 tx=0)._fault waiting 0.400000
2024-03-26T01:56:02.084 INFO:teuthology.orchestra.run.smithi072.stdout:/usr/bin/ceph: stderr
2024-03-26T01:55:56.747+0000 7eff5099e700 1 -- 172.21.15.72:0/4044356141 >> v2:172.21.15.72:6800/347688983 conn(0x7eff38038ea0 msgr2=0x7eff3803b360 unknown :-1 s=STATE_CONNECTING_RE l=1).process reconnect failed to v2:172.21.15.72:6800/347688983
2024-03-26T01:56:02.084 INFO:teuthology.orchestra.run.smithi072.stdout:/usr/bin/ceph: stderr
2024-03-26T01:55:56.747+0000 7eff5099e700 1 --2- 172.21.15.72:0/4044356141 >> v2:172.21.15.72:6800/347688983 conn(0x7eff38038ea0 0x7eff3803b360 unknown :-1 s=START_CONNECT pgs=0 cs=0 l=1 rev1=0 crypto rx=0 tx=0 comp rx=0 tx=0)._fault waiting 0.800000
2024-03-26T01:56:02.084 INFO:teuthology.orchestra.run.smithi072.stdout:/usr/bin/ceph: stderr
2024-03-26T01:55:57.548+0000 7eff5099e700 1 -- 172.21.15.72:0/4044356141 >> v2:172.21.15.72:6800/347688983 conn(0x7eff38038ea0 msgr2=0x7eff3803b360 unknown :-1 s=STATE_CONNECTING_RE l=1).process reconnect failed to v2:172.21.15.72:6800/347688983
2024-03-26T01:56:02.084 INFO:teuthology.orchestra.run.smithi072.stdout:/usr/bin/ceph: stderr
2024-03-26T01:55:57.548+0000 7eff5099e700 1 --2- 172.21.15.72:0/4044356141 >> v2:172.21.15.72:6800/347688983 conn(0x7eff38038ea0 0x7eff3803b360 unknown :-1 s=START_CONNECT pgs=0 cs=0 l=1 rev1=0 crypto rx=0 tx=0 comp rx=0 tx=0)._fault waiting 1.600000
2024-03-26T01:56:02.084 INFO:teuthology.orchestra.run.smithi072.stdout:/usr/bin/ceph: stderr
2024-03-26T01:55:59.149+0000 7eff5099e700 1 -- 172.21.15.72:0/4044356141 >> v2:172.21.15.72:6800/347688983 conn(0x7eff38038ea0 msgr2=0x7eff3803b360 unknown :-1 s=STATE_CONNECTING_RE l=1).process reconnect failed to v2:172.21.15.72:6800/347688983
2024-03-26T01:56:02.084 INFO:teuthology.orchestra.run.smithi072.stdout:/usr/bin/ceph: stderr
2024-03-26T01:55:59.149+0000 7eff5099e700 1 --2- 172.21.15.72:0/4044356141 >> v2:172.21.15.72:6800/347688983 conn(0x7eff38038ea0 0x7eff3803b360 unknown :-1 s=START_CONNECT pgs=0 cs=0 l=1 rev1=0 crypto rx=0 tx=0 comp rx=0 tx=0)._fault waiting 3.200000
2024-03-26T01:56:02.084 INFO:teuthology.orchestra.run.smithi072.stdout:/usr/bin/ceph: stderr
2024-03-26T01:56:00.484+0000 7eff427fc700 1 -- 172.21.15.72:0/4044356141 <== mon.0 v2:172.21.15.72:3300/0 6 ==== mgrmap(e 6) v1 ==== 45695+0+0 (secure 0 0 0) 0x7eff3c024b30 con 0x7eff4c104e00
2024-03-26T01:56:02.084 INFO:teuthology.orchestra.run.smithi072.stdout:/usr/bin/ceph: stderr
2024-03-26T01:56:00.484+0000 7eff427fc700 1 -- 172.21.15.72:0/4044356141 >> v2:172.21.15.72:6800/347688983 conn(0x7eff38038ea0 msgr2=0x7eff3803b360 unknown :-1 s=STATE_CONNECTING l=1).mark_down
2024-03-26T01:56:02.084 INFO:teuthology.orchestra.run.smithi072.stdout:/usr/bin/ceph: stderr
2024-03-26T01:56:00.484+0000 7eff427fc700 1 --2- 172.21.15.72:0/4044356141 >> v2:172.21.15.72:6800/347688983 conn(0x7eff38038ea0 0x7eff3803b360 unknown :-1 s=START_CONNECT pgs=0 cs=0 l=1 rev1=0 crypto rx=0 tx=0 comp rx=0 tx=0).stop
2024-03-26T01:56:02.084 INFO:teuthology.orchestra.run.smithi072.stdout:/usr/bin/ceph: stderr
2024-03-26T01:56:01.485+0000 7eff427fc700 1 -- 172.21.15.72:0/4044356141 <== mon.0 v2:172.21.15.72:3300/0 7 ==== mgrmap(e 7) v1 ==== 45787+0+0 (secure 0 0 0) 0x7eff3c02d3f0 con 0x7eff4c104e00
2024-03-26T01:56:02.085 INFO:teuthology.orchestra.run.smithi072.stdout:/usr/bin/ceph: stderr
2024-03-26T01:56:01.485+0000 7eff427fc700 1 --2- 172.21.15.72:0/4044356141 >> v2:172.21.15.72:6800/3912119602 conn(0x7eff3803c770 0x7eff3803eb60 unknown :-1 s=NONE pgs=0 cs=0 l=1 rev1=0 crypto rx=0 tx=0 comp rx=0 tx=0).connect
2024-03-26T01:56:02.085 INFO:teuthology.orchestra.run.smithi072.stdout:/usr/bin/ceph: stderr
2024-03-26T01:56:01.485+0000 7eff427fc700 1 -- 172.21.15.72:0/4044356141 --> v2:172.21.15.72:6800/3912119602 -- command(tid 0: {"prefix": "get_command_descriptions"}) v1 -- 0x7eff3803ba30 con 0x7eff3803c770
2024-03-26T01:56:02.085 INFO:teuthology.orchestra.run.smithi072.stdout:/usr/bin/ceph: stderr
2024-03-26T01:56:01.485+0000 7eff5099e700 1 --2- 172.21.15.72:0/4044356141 >> v2:172.21.15.72:6800/3912119602 conn(0x7eff3803c770 0x7eff3803eb60 unknown :-1 s=BANNER_CONNECTING pgs=0 cs=0 l=1 rev1=0 crypto rx=0 tx=0 comp rx=0 tx=0)._handle_peer_banner_payload supported=3 required=0
2024-03-26T01:56:02.085 INFO:teuthology.orchestra.run.smithi072.stdout:/usr/bin/ceph: stderr
2024-03-26T01:56:01.486+0000 7eff5099e700 1 --2- 172.21.15.72:0/4044356141 >> v2:172.21.15.72:6800/3912119602 conn(0x7eff3803c770 0x7eff3803eb60 secure :-1 s=READY pgs=3 cs=0 l=1 rev1=1 crypto rx=0x7eff48003a10 tx=0x7eff480092b0 comp rx=0 tx=0).ready entity=mgr.14120 client_cookie=0 server_cookie=0 in_seq=0 out_seq=0
2024-03-26T01:56:02.085 INFO:teuthology.orchestra.run.smithi072.stdout:/usr/bin/ceph: stderr
2024-03-26T01:56:01.487+0000 7eff427fc700 1 -- 172.21.15.72:0/4044356141 <== mgr.14120 v2:172.21.15.72:6800/3912119602 1 ==== command_reply(tid 0: 0 ) v1 ==== 8+0+7774 (secure 0 0 0) 0x7eff3803ba30 con 0x7eff3803c770
2024-03-26T01:56:02.085 INFO:teuthology.orchestra.run.smithi072.stdout:/usr/bin/ceph: stderr
2024-03-26T01:56:01.493+0000 7eff521a1700 1 -- 172.21.15.72:0/4044356141 --> v2:172.21.15.72:6800/3912119602 -- command(tid 1: {"prefix": "mgr_status"}) v1 -- 0x7eff4c109220 con 0x7eff3803c770
2024-03-26T01:56:02.085 INFO:teuthology.orchestra.run.smithi072.stdout:/usr/bin/ceph: stderr
2024-03-26T01:56:01.493+0000 7eff427fc700 1 -- 172.21.15.72:0/4044356141 <== mgr.14120 v2:172.21.15.72:6800/3912119602 2 ==== command_reply(tid 1: 0 ) v1 ==== 8+0+51 (secure 0 0 0) 0x7eff4800a030 con 0x7eff3803c770
2024-03-26T01:56:02.085 INFO:teuthology.orchestra.run.smithi072.stdout:/usr/bin/ceph: stderr
2024-03-26T01:56:01.494+0000 7eff521a1700 1 -- 172.21.15.72:0/4044356141 >> v2:172.21.15.72:6800/3912119602 conn(0x7eff3803c770 msgr2=0x7eff3803eb60 secure :-1 s=STATE_CONNECTION_ESTABLISHED l=1).mark_down
2024-03-26T01:56:02.085 INFO:teuthology.orchestra.run.smithi072.stdout:/usr/bin/ceph: stderr
2024-03-26T01:56:01.494+0000 7eff521a1700 1 --2- 172.21.15.72:0/4044356141 >> v2:172.21.15.72:6800/3912119602 conn(0x7eff3803c770 0x7eff3803eb60 secure :-1 s=READY pgs=3 cs=0 l=1 rev1=1 crypto rx=0x7eff48003a10 tx=0x7eff480092b0 comp rx=0 tx=0).stop
2024-03-26T01:56:02.085 INFO:teuthology.orchestra.run.smithi072.stdout:/usr/bin/ceph: stderr
2024-03-26T01:56:01.494+0000 7eff521a1700 1 -- 172.21.15.72:0/4044356141 >> [v2:172.21.15.72:3300/0,v1:172.21.15.72:6789/0] conn(0x7eff4c104e00 msgr2=0x7eff4c199cb0 secure :-1 s=STATE_CONNECTION_ESTABLISHED l=1).mark_down
2024-03-26T01:56:02.085 INFO:teuthology.orchestra.run.smithi072.stdout:/usr/bin/ceph: stderr
2024-03-26T01:56:01.494+0000 7eff521a1700 1 --2- 172.21.15.72:0/4044356141 >> [v2:172.21.15.72:3300/0,v1:172.21.15.72:6789/0] conn(0x7eff4c104e00 0x7eff4c199cb0 secure :-1 s=READY pgs=29 cs=0 l=1 rev1=1 crypto rx=0x7eff3c0046c0 tx=0x7eff3c011a50 comp rx=0 tx=0).stop
2024-03-26T01:56:02.085 INFO:teuthology.orchestra.run.smithi072.stdout:/usr/bin/ceph: stderr
2024-03-26T01:56:01.494+0000 7eff521a1700 1 -- 172.21.15.72:0/4044356141 shutdown_connections
2024-03-26T01:56:02.085 INFO:teuthology.orchestra.run.smithi072.stdout:/usr/bin/ceph: stderr
2024-03-26T01:56:01.494+0000 7eff521a1700 1 --2- 172.21.15.72:0/4044356141 >> v2:172.21.15.72:6800/3912119602 conn(0x7eff3803c770 0x7eff3803eb60 unknown :-1 s=CLOSED pgs=3 cs=0 l=1 rev1=1 crypto rx=0 tx=0 comp rx=0 tx=0).stop
2024-03-26T01:56:02.085 INFO:teuthology.orchestra.run.smithi072.stdout:/usr/bin/ceph: stderr
2024-03-26T01:56:01.494+0000 7eff521a1700 1 --2- 172.21.15.72:0/4044356141 >> [v2:172.21.15.72:3300/0,v1:172.21.15.72:6789/0] conn(0x7eff4c104e00 0x7eff4c199cb0 unknown :-1 s=CLOSED pgs=29 cs=0 l=1 rev1=1 crypto rx=0 tx=0 comp rx=0 tx=0).stop
2024-03-26T01:56:02.086 INFO:teuthology.orchestra.run.smithi072.stdout:/usr/bin/ceph: stderr
2024-03-26T01:56:01.494+0000 7eff521a1700 1 --2- 172.21.15.72:0/4044356141 >> v2:172.21.15.72:6800/347688983 conn(0x7eff38038ea0 0x7eff3803b360 unknown :-1 s=CLOSED pgs=0 cs=0 l=1 rev1=0 crypto rx=0 tx=0 comp rx=0 tx=0).stop
2024-03-26T01:56:02.086 INFO:teuthology.orchestra.run.smithi072.stdout:/usr/bin/ceph: stderr
2024-03-26T01:56:01.494+0000 7eff521a1700 1 -- 172.21.15.72:0/4044356141 >> 172.21.15.72:0/4044356141 conn(0x7eff4c100380 msgr2=0x7eff4c101280 unknown :-1 s=STATE_NONE l=0).mark_down
2024-03-26T01:56:02.086 INFO:teuthology.orchestra.run.smithi072.stdout:/usr/bin/ceph: stderr
2024-03-26T01:56:01.494+0000 7eff521a1700 1 -- 172.21.15.72:0/4044356141 shutdown_connections
2024-03-26T01:56:02.086 INFO:teuthology.orchestra.run.smithi072.stdout:/usr/bin/ceph: stderr
2024-03-26T01:56:01.494+0000 7eff521a1700 1 -- 172.21.15.72:0/4044356141 wait complete.
2024-03-26T01:56:02.086 INFO:teuthology.orchestra.run.smithi072.stdout:mgr epoch 5 is available
2024-03-26T01:56:02.086 INFO:teuthology.orchestra.run.smithi072.stdout:Setting orchestrator backend to cephadm...
2024-03-26T01:56:02.718 INFO:journalctl@ceph.mon.a.smithi072.stdout:Mar 26 01:56:02 smithi072 ceph-mon[30177]: [26/Mar/2024:01:56:01] ENGINE Bus STARTING
2024-03-26T01:56:02.718 INFO:journalctl@ceph.mon.a.smithi072.stdout:Mar 26 01:56:02 smithi072 ceph-mon[30177]: [26/Mar/2024:01:56:01] ENGINE Serving on https://172.21.15.72:7150
2024-03-26T01:56:02.718 INFO:journalctl@ceph.mon.a.smithi072.stdout:Mar 26 01:56:02 smithi072 ceph-mon[30177]: [26/Mar/2024:01:56:01] ENGINE Serving on http://172.21.15.72:8765
2024-03-26T01:56:02.718 INFO:journalctl@ceph.mon.a.smithi072.stdout:Mar 26 01:56:02 smithi072 ceph-mon[30177]: [26/Mar/2024:01:56:01] ENGINE Bus STARTED
2024-03-26T01:56:02.719 INFO:journalctl@ceph.mon.a.smithi072.stdout:Mar 26 01:56:02 smithi072 ceph-mon[30177]: from='client.14124 -' entity='client.admin' cmd=[{"prefix": "get_command_descriptions"}]: dispatch
2024-03-26T01:56:02.719 INFO:journalctl@ceph.mon.a.smithi072.stdout:Mar 26 01:56:02 smithi072 ceph-mon[30177]: from='client.14124 -' entity='client.admin' cmd=[{"prefix": "mgr_status"}]: dispatch
2024-03-26T01:56:03.266 INFO:teuthology.orchestra.run.smithi072.stdout:/usr/bin/ceph: stderr
2024-03-26T01:56:02.510+0000 7ff6c509b700 1 Processor -- start
2024-03-26T01:56:03.266 INFO:teuthology.orchestra.run.smithi072.stdout:/usr/bin/ceph: stderr
2024-03-26T01:56:02.510+0000 7ff6c509b700 1 -- start start
2024-03-26T01:56:03.267 INFO:teuthology.orchestra.run.smithi072.stdout:/usr/bin/ceph: stderr
2024-03-26T01:56:02.510+0000 7ff6c509b700 1 --2- >> [v2:172.21.15.72:3300/0,v1:172.21.15.72:6789/0] conn(0x7ff6c0106b30 0x7ff6c0108f20 unknown :-1 s=NONE pgs=0 cs=0 l=0 rev1=0 crypto rx=0 tx=0 comp rx=0 tx=0).connect
2024-03-26T01:56:03.267 INFO:teuthology.orchestra.run.smithi072.stdout:/usr/bin/ceph: stderr
2024-03-26T01:56:02.510+0000 7ff6c509b700 1 -- --> [v2:172.21.15.72:3300/0,v1:172.21.15.72:6789/0] -- mon_getmap magic: 0 v1 -- 0x7ff6c0079720 con 0x7ff6c0106b30
2024-03-26T01:56:03.267 INFO:teuthology.orchestra.run.smithi072.stdout:/usr/bin/ceph: stderr
2024-03-26T01:56:02.510+0000 7ff6bed9d700 1 --2- >> [v2:172.21.15.72:3300/0,v1:172.21.15.72:6789/0] conn(0x7ff6c0106b30 0x7ff6c0108f20 unknown :-1 s=BANNER_CONNECTING pgs=0 cs=0 l=0 rev1=0 crypto rx=0 tx=0 comp rx=0 tx=0)._handle_peer_banner_payload supported=3 required=0
2024-03-26T01:56:03.267 INFO:teuthology.orchestra.run.smithi072.stdout:/usr/bin/ceph: stderr
2024-03-26T01:56:02.511+0000 7ff6bed9d700 1 --2- >> [v2:172.21.15.72:3300/0,v1:172.21.15.72:6789/0] conn(0x7ff6c0106b30 0x7ff6c0108f20 unknown :-1 s=HELLO_CONNECTING pgs=0 cs=0 l=0 rev1=1 crypto rx=0 tx=0 comp rx=0 tx=0).handle_hello peer v2:172.21.15.72:3300/0 says I am v2:172.21.15.72:37338/0 (socket says 172.21.15.72:37338)
2024-03-26T01:56:03.267 INFO:teuthology.orchestra.run.smithi072.stdout:/usr/bin/ceph: stderr
2024-03-26T01:56:02.511+0000 7ff6bed9d700 1 -- 172.21.15.72:0/1406476960 learned_addr learned my addr 172.21.15.72:0/1406476960 (peer_addr_for_me v2:172.21.15.72:0/0)
2024-03-26T01:56:03.267 INFO:teuthology.orchestra.run.smithi072.stdout:/usr/bin/ceph: stderr
2024-03-26T01:56:02.511+0000 7ff6bed9d700 1 -- 172.21.15.72:0/1406476960 --> [v2:172.21.15.72:3300/0,v1:172.21.15.72:6789/0] -- mon_subscribe({config=0+,monmap=0+}) v3 -- 0x7ff6c0109460 con 0x7ff6c0106b30
2024-03-26T01:56:03.267 INFO:teuthology.orchestra.run.smithi072.stdout:/usr/bin/ceph: stderr
2024-03-26T01:56:02.511+0000 7ff6bed9d700 1 --2- 172.21.15.72:0/1406476960 >> [v2:172.21.15.72:3300/0,v1:172.21.15.72:6789/0] conn(0x7ff6c0106b30 0x7ff6c0108f20 secure :-1 s=READY pgs=37 cs=0 l=1 rev1=1 crypto rx=0x7ff6b40098a0 tx=0x7ff6b4009bb0 comp rx=0 tx=0).ready entity=mon.0 client_cookie=40ef27412638e4fe server_cookie=0 in_seq=0 out_seq=0
2024-03-26T01:56:03.267 INFO:teuthology.orchestra.run.smithi072.stdout:/usr/bin/ceph: stderr
2024-03-26T01:56:02.511+0000 7ff6bdd9b700 1 -- 172.21.15.72:0/1406476960 <== mon.0 v2:172.21.15.72:3300/0 1 ==== mon_map magic: 0 v1 ==== 205+0+0 (secure 0 0 0) 0x7ff6b4004160 con 0x7ff6c0106b30
2024-03-26T01:56:03.267 INFO:teuthology.orchestra.run.smithi072.stdout:/usr/bin/ceph: stderr
2024-03-26T01:56:02.511+0000 7ff6bdd9b700 1 -- 172.21.15.72:0/1406476960 <== mon.0 v2:172.21.15.72:3300/0 2 ==== config(26 keys) v1 ==== 1062+0+0 (secure 0 0 0) 0x7ff6b40042c0 con 0x7ff6c0106b30
2024-03-26T01:56:03.267 INFO:teuthology.orchestra.run.smithi072.stdout:/usr/bin/ceph: stderr
2024-03-26T01:56:02.511+0000 7ff6bdd9b700 1 -- 172.21.15.72:0/1406476960 <== mon.0 v2:172.21.15.72:3300/0 3 ==== mon_map magic: 0 v1 ==== 205+0+0 (secure 0 0 0) 0x7ff6b40119b0 con 0x7ff6c0106b30
2024-03-26T01:56:03.268 INFO:teuthology.orchestra.run.smithi072.stdout:/usr/bin/ceph: stderr
2024-03-26T01:56:02.512+0000 7ff6c509b700 1 -- 172.21.15.72:0/1406476960 >> [v2:172.21.15.72:3300/0,v1:172.21.15.72:6789/0] conn(0x7ff6c0106b30 msgr2=0x7ff6c0108f20 secure :-1 s=STATE_CONNECTION_ESTABLISHED l=1).mark_down
2024-03-26T01:56:03.268 INFO:teuthology.orchestra.run.smithi072.stdout:/usr/bin/ceph: stderr
2024-03-26T01:56:02.512+0000 7ff6c509b700 1 --2- 172.21.15.72:0/1406476960 >> [v2:172.21.15.72:3300/0,v1:172.21.15.72:6789/0] conn(0x7ff6c0106b30 0x7ff6c0108f20 secure :-1 s=READY pgs=37 cs=0 l=1 rev1=1 crypto rx=0x7ff6b40098a0 tx=0x7ff6b4009bb0 comp rx=0 tx=0).stop
2024-03-26T01:56:03.268 INFO:teuthology.orchestra.run.smithi072.stdout:/usr/bin/ceph: stderr
2024-03-26T01:56:02.512+0000 7ff6c509b700 1 -- 172.21.15.72:0/1406476960 shutdown_connections
2024-03-26T01:56:03.268 INFO:teuthology.orchestra.run.smithi072.stdout:/usr/bin/ceph: stderr
2024-03-26T01:56:02.512+0000 7ff6c509b700 1 --2- 172.21.15.72:0/1406476960 >> [v2:172.21.15.72:3300/0,v1:172.21.15.72:6789/0] conn(0x7ff6c0106b30 0x7ff6c0108f20 unknown :-1 s=CLOSED pgs=37 cs=0 l=1 rev1=1 crypto rx=0 tx=0 comp rx=0 tx=0).stop
2024-03-26T01:56:03.268 INFO:teuthology.orchestra.run.smithi072.stdout:/usr/bin/ceph: stderr
2024-03-26T01:56:02.512+0000 7ff6c509b700 1 -- 172.21.15.72:0/1406476960 >> 172.21.15.72:0/1406476960 conn(0x7ff6c01005a0 msgr2=0x7ff6c01029c0 unknown :-1 s=STATE_NONE l=0).mark_down
2024-03-26T01:56:03.268 INFO:teuthology.orchestra.run.smithi072.stdout:/usr/bin/ceph: stderr
2024-03-26T01:56:02.512+0000 7ff6c509b700 1 -- 172.21.15.72:0/1406476960 shutdown_connections
2024-03-26T01:56:03.268 INFO:teuthology.orchestra.run.smithi072.stdout:/usr/bin/ceph: stderr
2024-03-26T01:56:02.512+0000 7ff6c509b700 1 -- 172.21.15.72:0/1406476960 wait complete.
2024-03-26T01:56:03.268 INFO:teuthology.orchestra.run.smithi072.stdout:/usr/bin/ceph: stderr
2024-03-26T01:56:02.512+0000 7ff6c509b700 1 Processor -- start
2024-03-26T01:56:03.268 INFO:teuthology.orchestra.run.smithi072.stdout:/usr/bin/ceph: stderr
2024-03-26T01:56:02.513+0000 7ff6c509b700 1 -- start start
2024-03-26T01:56:03.268 INFO:teuthology.orchestra.run.smithi072.stdout:/usr/bin/ceph: stderr
2024-03-26T01:56:02.513+0000 7ff6c509b700 1 --2- >> [v2:172.21.15.72:3300/0,v1:172.21.15.72:6789/0] conn(0x7ff6c0106b30 0x7ff6c01063b0 unknown :-1 s=NONE pgs=0 cs=0 l=1 rev1=0 crypto rx=0 tx=0 comp rx=0 tx=0).connect
2024-03-26T01:56:03.268 INFO:teuthology.orchestra.run.smithi072.stdout:/usr/bin/ceph: stderr
2024-03-26T01:56:02.513+0000 7ff6c509b700 1 -- --> [v2:172.21.15.72:3300/0,v1:172.21.15.72:6789/0] -- mon_getmap magic: 0 v1 -- 0x7ff6c01068f0 con 0x7ff6c0106b30
2024-03-26T01:56:03.268 INFO:teuthology.orchestra.run.smithi072.stdout:/usr/bin/ceph: stderr
