2024-03-26T04:12:38.604 INFO:teuthology.orchestra.run.smithi016.stdout:/usr/bin/ceph: stderr
2024-03-26T04:12:37.719+0000 7fc3c9377700 1 -- 172.21.15.16:0/2878271738 --> v1:172.21.15.16:6789/0 -- mon_subscribe({osdmap=0}) v3 -- 0x7fc3c41a0170 con 0x7fc3c407b760
2024-03-26T04:12:38.604 INFO:teuthology.orchestra.run.smithi016.stdout:/usr/bin/ceph: stderr
2024-03-26T04:12:37.719+0000 7fc3bbfff700 1 -- 172.21.15.16:0/2878271738 <== mon.0 v1:172.21.15.16:6789/0 5 ==== config(25 keys) v1 ==== 1068+0+0 (unknown 2750266749 0 0) 0x7fc3b4004a60 con 0x7fc3c407b760
2024-03-26T04:12:38.604 INFO:teuthology.orchestra.run.smithi016.stdout:/usr/bin/ceph: stderr
2024-03-26T04:12:37.719+0000 7fc3bbfff700 1 -- 172.21.15.16:0/2878271738 <== mon.0 v1:172.21.15.16:6789/0 6 ==== mon_map magic: 0 v1 ==== 170+0+0 (unknown 811239998 0 0) 0x7fc3b4006120 con 0x7fc3c407b760
2024-03-26T04:12:38.604 INFO:teuthology.orchestra.run.smithi016.stdout:/usr/bin/ceph: stderr
2024-03-26T04:12:37.720+0000 7fc3bbfff700 1 -- 172.21.15.16:0/2878271738 <== mon.0 v1:172.21.15.16:6789/0 7 ==== mgrmap(e 9) v1 ==== 45906+0+0 (unknown 224057423 0 0) 0x7fc3b4011600 con 0x7fc3c407b760
2024-03-26T04:12:38.604 INFO:teuthology.orchestra.run.smithi016.stdout:/usr/bin/ceph: stderr
2024-03-26T04:12:37.720+0000 7fc3bbfff700 1 -- 172.21.15.16:0/2878271738 <== mon.0 v1:172.21.15.16:6789/0 8 ==== osd_map(2..2 src has 1..2) v4 ==== 897+0+0 (unknown 883473703 0 0) 0x7fc3b40481d0 con 0x7fc3c407b760
2024-03-26T04:12:38.604 INFO:teuthology.orchestra.run.smithi016.stdout:/usr/bin/ceph: stderr
2024-03-26T04:12:37.720+0000 7fc3c27fc700 1 -- 172.21.15.16:0/2878271738 >> v1:172.21.15.16:6800/1828954920 conn(0x7fc3b003a2b0 legacy=0x7fc3b003c770 unknown :-1 s=STATE_CONNECTING_RE l=1).process reconnect failed to v1:172.21.15.16:6800/1828954920
2024-03-26T04:12:38.604 INFO:teuthology.orchestra.run.smithi016.stdout:/usr/bin/ceph: stderr
2024-03-26T04:12:37.720+0000 7fc3c9377700 1 -- 172.21.15.16:0/2878271738 --> v1:172.21.15.16:6789/0 -- mon_command({"prefix": "get_command_descriptions"} v 0) v1 -- 0x7fc3a4005150 con 0x7fc3c407b760
2024-03-26T04:12:38.604 INFO:teuthology.orchestra.run.smithi016.stdout:/usr/bin/ceph: stderr
2024-03-26T04:12:37.725+0000 7fc3bbfff700 1 -- 172.21.15.16:0/2878271738 <== mon.0 v1:172.21.15.16:6789/0 9 ==== mon_command_ack([{"prefix": "get_command_descriptions"}]=0 v0) v1 ==== 72+0+184932 (unknown 1092875540 0 686004322) 0x7fc3b4012eb0 con 0x7fc3c407b760
2024-03-26T04:12:38.604 INFO:teuthology.orchestra.run.smithi016.stdout:/usr/bin/ceph: stderr
2024-03-26T04:12:37.921+0000 7fc3c27fc700 1 -- 172.21.15.16:0/2878271738 >> v1:172.21.15.16:6800/1828954920 conn(0x7fc3b003a2b0 legacy=0x7fc3b003c770 unknown :-1 s=STATE_CONNECTING_RE l=1).process reconnect failed to v1:172.21.15.16:6800/1828954920
2024-03-26T04:12:38.605 INFO:teuthology.orchestra.run.smithi016.stdout:/usr/bin/ceph: stderr
2024-03-26T04:12:37.988+0000 7fc3c9377700 1 -- 172.21.15.16:0/2878271738 --> v1:172.21.15.16:6789/0 -- mon_command({"prefix": "mgr stat"} v 0) v1 -- 0x7fc3a4005c10 con 0x7fc3c407b760
2024-03-26T04:12:38.605 INFO:teuthology.orchestra.run.smithi016.stdout:/usr/bin/ceph: stderr
2024-03-26T04:12:37.988+0000 7fc3bbfff700 1 -- 172.21.15.16:0/2878271738 <== mon.0 v1:172.21.15.16:6789/0 10 ==== mon_command_ack([{"prefix": "mgr stat"}]=0 v9) v1 ==== 56+0+88 (unknown 2005831594 0 1748205903) 0x7fc3b4014f90 con 0x7fc3c407b760
2024-03-26T04:12:38.605 INFO:teuthology.orchestra.run.smithi016.stdout:/usr/bin/ceph: stderr
2024-03-26T04:12:37.990+0000 7fc3c9377700 1 -- 172.21.15.16:0/2878271738 >> v1:172.21.15.16:6800/1828954920 conn(0x7fc3b003a2b0 legacy=0x7fc3b003c770 unknown :-1 s=STATE_CONNECTING l=1).mark_down
2024-03-26T04:12:38.605 INFO:teuthology.orchestra.run.smithi016.stdout:/usr/bin/ceph: stderr
2024-03-26T04:12:37.990+0000 7fc3c9377700 1 -- 172.21.15.16:0/2878271738 >> v1:172.21.15.16:6789/0 conn(0x7fc3c407b760 legacy=0x7fc3c419bad0 unknown :-1 s=STATE_CONNECTION_ESTABLISHED l=1).mark_down
2024-03-26T04:12:38.605 INFO:teuthology.orchestra.run.smithi016.stdout:/usr/bin/ceph: stderr
2024-03-26T04:12:37.990+0000 7fc3c9377700 1 -- 172.21.15.16:0/2878271738 shutdown_connections
2024-03-26T04:12:38.605 INFO:teuthology.orchestra.run.smithi016.stdout:/usr/bin/ceph: stderr
2024-03-26T04:12:37.990+0000 7fc3c9377700 1 -- 172.21.15.16:0/2878271738 >> 172.21.15.16:0/2878271738 conn(0x7fc3c4101510 msgr2=0x7fc3c410a3e0 unknown :-1 s=STATE_NONE l=0).mark_down
2024-03-26T04:12:38.605 INFO:teuthology.orchestra.run.smithi016.stdout:/usr/bin/ceph: stderr
2024-03-26T04:12:37.990+0000 7fc3c9377700 1 -- 172.21.15.16:0/2878271738 shutdown_connections
2024-03-26T04:12:38.605 INFO:teuthology.orchestra.run.smithi016.stdout:/usr/bin/ceph: stderr
2024-03-26T04:12:37.990+0000 7fc3c9377700 1 -- 172.21.15.16:0/2878271738 wait complete.
2024-03-26T04:12:38.605 INFO:teuthology.orchestra.run.smithi016.stdout:Waiting for the mgr to restart...
2024-03-26T04:12:38.605 INFO:teuthology.orchestra.run.smithi016.stdout:Waiting for mgr epoch 9...
2024-03-26T04:12:38.861 INFO:journalctl@ceph.mon.a.smithi016.stdout:Mar 26 04:12:38 smithi016 ceph-mon[29101]: from='client.? v1:172.21.15.16:0/2878271738' entity='client.admin' cmd=[{"prefix": "mgr stat"}]: dispatch
2024-03-26T04:12:38.861 INFO:journalctl@ceph.mgr.y.smithi016.stdout:Mar 26 04:12:38 smithi016 ceph-d7d59826-eb26-11ee-95d0-87774f69a715-mgr-y[29330]:
2024-03-26T04:12:38.746+0000 7fdf9707a200 -1 mgr[py] Module rgw has missing NOTIFY_TYPES member
2024-03-26T04:12:38.862 INFO:journalctl@ceph.mgr.y.smithi016.stdout:Mar 26 04:12:38 smithi016 ceph-d7d59826-eb26-11ee-95d0-87774f69a715-mgr-y[29330]:
2024-03-26T04:12:38.860+0000 7fdf9707a200 -1 mgr[py] Module rbd_support has missing NOTIFY_TYPES member
2024-03-26T04:12:39.162 INFO:journalctl@ceph.mgr.y.smithi016.stdout:Mar 26 04:12:38 smithi016 ceph-d7d59826-eb26-11ee-95d0-87774f69a715-mgr-y[29330]:
2024-03-26T04:12:38.953+0000 7fdf9707a200 -1 mgr[py] Module progress has missing NOTIFY_TYPES member
2024-03-26T04:12:39.162 INFO:journalctl@ceph.mgr.y.smithi016.stdout:Mar 26 04:12:39 smithi016 ceph-d7d59826-eb26-11ee-95d0-87774f69a715-mgr-y[29330]:
2024-03-26T04:12:39.053+0000 7fdf9707a200 -1 mgr[py] Module pg_autoscaler has missing NOTIFY_TYPES member
2024-03-26T04:12:39.662 INFO:journalctl@ceph.mgr.y.smithi016.stdout:Mar 26 04:12:39 smithi016 ceph-d7d59826-eb26-11ee-95d0-87774f69a715-mgr-y[29330]:
2024-03-26T04:12:39.234+0000 7fdf9707a200 -1 mgr[py] Module devicehealth has missing NOTIFY_TYPES member
2024-03-26T04:12:40.487 INFO:journalctl@ceph.mgr.y.smithi016.stdout:Mar 26 04:12:40 smithi016 ceph-d7d59826-eb26-11ee-95d0-87774f69a715-mgr-y[29330]:
2024-03-26T04:12:40.225+0000 7fdf9707a200 -1 mgr[py] Module rook has missing NOTIFY_TYPES member
2024-03-26T04:12:40.487 INFO:journalctl@ceph.mgr.y.smithi016.stdout:Mar 26 04:12:40 smithi016 ceph-d7d59826-eb26-11ee-95d0-87774f69a715-mgr-y[29330]:
2024-03-26T04:12:40.361+0000 7fdf9707a200 -1 mgr[py] Module diskprediction_local has missing NOTIFY_TYPES member
2024-03-26T04:12:40.793 INFO:journalctl@ceph.mgr.y.smithi016.stdout:Mar 26 04:12:40 smithi016 ceph-d7d59826-eb26-11ee-95d0-87774f69a715-mgr-y[29330]:
2024-03-26T04:12:40.700+0000 7fdf9707a200 -1 mgr[py] Module selftest has missing NOTIFY_TYPES member
2024-03-26T04:12:41.162 INFO:journalctl@ceph.mgr.y.smithi016.stdout:Mar 26 04:12:40 smithi016 ceph-d7d59826-eb26-11ee-95d0-87774f69a715-mgr-y[29330]:
2024-03-26T04:12:40.798+0000 7fdf9707a200 -1 mgr[py] Module telegraf has missing NOTIFY_TYPES member
2024-03-26T04:12:41.162 INFO:journalctl@ceph.mgr.y.smithi016.stdout:Mar 26 04:12:41 smithi016 ceph-d7d59826-eb26-11ee-95d0-87774f69a715-mgr-y[29330]:
2024-03-26T04:12:41.002+0000 7fdf9707a200 -1 mgr[py] Module test_orchestrator has missing NOTIFY_TYPES member
2024-03-26T04:12:41.496 INFO:journalctl@ceph.mgr.y.smithi016.stdout:Mar 26 04:12:41 smithi016 ceph-d7d59826-eb26-11ee-95d0-87774f69a715-mgr-y[29330]:
2024-03-26T04:12:41.194+0000 7fdf9707a200 -1 mgr[py] Module crash has missing NOTIFY_TYPES member
2024-03-26T04:12:41.758 INFO:journalctl@ceph.mgr.y.smithi016.stdout:Mar 26 04:12:41 smithi016 ceph-d7d59826-eb26-11ee-95d0-87774f69a715-mgr-y[29330]:
2024-03-26T04:12:41.496+0000 7fdf9707a200 -1 mgr[py] Module orchestrator has missing NOTIFY_TYPES member
2024-03-26T04:12:41.758 INFO:journalctl@ceph.mgr.y.smithi016.stdout:Mar 26 04:12:41 smithi016 ceph-d7d59826-eb26-11ee-95d0-87774f69a715-mgr-y[29330]:
2024-03-26T04:12:41.757+0000 7fdf9707a200 -1 mgr[py] Module osd_support has missing NOTIFY_TYPES member
2024-03-26T04:12:42.089 INFO:journalctl@ceph.mgr.y.smithi016.stdout:Mar 26 04:12:42 smithi016 ceph-d7d59826-eb26-11ee-95d0-87774f69a715-mgr-y[29330]:
2024-03-26T04:12:42.003+0000 7fdf9707a200 -1 mgr[py] Module volumes has missing NOTIFY_TYPES member
2024-03-26T04:12:43.162 INFO:journalctl@ceph.mgr.y.smithi016.stdout:Mar 26 04:12:42 smithi016 ceph-d7d59826-eb26-11ee-95d0-87774f69a715-mgr-y[29330]:
2024-03-26T04:12:42.839+0000 7fdf9707a200 -1 mgr[py] Module telemetry has missing NOTIFY_TYPES member
2024-03-26T04:12:43.747 INFO:journalctl@ceph.mgr.y.smithi016.stdout:Mar 26 04:12:43 smithi016 ceph-d7d59826-eb26-11ee-95d0-87774f69a715-mgr-y[29330]:
2024-03-26T04:12:43.421+0000 7fdf9707a200 -1 mgr[py] Module prometheus has missing NOTIFY_TYPES member
2024-03-26T04:12:43.747 INFO:journalctl@ceph.mgr.y.smithi016.stdout:Mar 26 04:12:43 smithi016 ceph-d7d59826-eb26-11ee-95d0-87774f69a715-mgr-y[29330]:
2024-03-26T04:12:43.523+0000 7fdf9707a200 -1 mgr[py] Module status has missing NOTIFY_TYPES member
2024-03-26T04:12:43.747 INFO:journalctl@ceph.mgr.y.smithi016.stdout:Mar 26 04:12:43 smithi016 ceph-d7d59826-eb26-11ee-95d0-87774f69a715-mgr-y[29330]:
2024-03-26T04:12:43.746+0000 7fdf9707a200 -1 mgr[py] Module nfs has missing NOTIFY_TYPES member
2024-03-26T04:12:44.162 INFO:journalctl@ceph.mon.a.smithi016.stdout:Mar 26 04:12:43 smithi016 ceph-mon[29101]: Active manager daemon y restarted
2024-03-26T04:12:44.162 INFO:journalctl@ceph.mon.a.smithi016.stdout:Mar 26 04:12:43 smithi016 ceph-mon[29101]: Activating manager daemon y
2024-03-26T04:12:44.163 INFO:journalctl@ceph.mon.a.smithi016.stdout:Mar 26 04:12:43 smithi016 ceph-mon[29101]: osdmap e3: 0 total, 0 up, 0 in
2024-03-26T04:12:44.163 INFO:journalctl@ceph.mon.a.smithi016.stdout:Mar 26 04:12:43 smithi016 ceph-mon[29101]: mgrmap e10: y(active, starting, since 0.00322629s)
2024-03-26T04:12:44.163 INFO:journalctl@ceph.mon.a.smithi016.stdout:Mar 26 04:12:43 smithi016 ceph-mon[29101]: from='mgr.14152 v1:172.21.15.16:0/477551245' entity='mgr.y' cmd=[{"prefix": "mon metadata", "id": "a"}]: dispatch
2024-03-26T04:12:44.163 INFO:journalctl@ceph.mon.a.smithi016.stdout:Mar 26 04:12:43 smithi016 ceph-mon[29101]: from='mgr.14152 v1:172.21.15.16:0/477551245' entity='mgr.y' cmd=[{"prefix": "mgr metadata", "who": "y", "id": "y"}]: dispatch
2024-03-26T04:12:44.163 INFO:journalctl@ceph.mon.a.smithi016.stdout:Mar 26 04:12:43 smithi016 ceph-mon[29101]: from='mgr.14152 v1:172.21.15.16:0/477551245' entity='mgr.y' cmd=[{"prefix": "mds metadata"}]: dispatch
2024-03-26T04:12:44.163 INFO:journalctl@ceph.mon.a.smithi016.stdout:Mar 26 04:12:43 smithi016 ceph-mon[29101]: from='mgr.14152 v1:172.21.15.16:0/477551245' entity='mgr.y' cmd=[{"prefix": "osd metadata"}]: dispatch
2024-03-26T04:12:44.163 INFO:journalctl@ceph.mon.a.smithi016.stdout:Mar 26 04:12:43 smithi016 ceph-mon[29101]: from='mgr.14152 v1:172.21.15.16:0/477551245' entity='mgr.y' cmd=[{"prefix": "mon metadata"}]: dispatch
2024-03-26T04:12:44.163 INFO:journalctl@ceph.mon.a.smithi016.stdout:Mar 26 04:12:43 smithi016 ceph-mon[29101]: Manager daemon y is now available
2024-03-26T04:12:44.163 INFO:journalctl@ceph.mon.a.smithi016.stdout:Mar 26 04:12:43 smithi016 ceph-mon[29101]: from='mgr.14152 v1:172.21.15.16:0/477551245' entity='mgr.y' cmd=[{"prefix": "config dump", "format": "json"}]: dispatch
2024-03-26T04:12:44.163 INFO:journalctl@ceph.mon.a.smithi016.stdout:Mar 26 04:12:43 smithi016 ceph-mon[29101]: from='mgr.14152 v1:172.21.15.16:0/477551245' entity='mgr.y' cmd=[{"prefix": "config dump", "format": "json"}]: dispatch
2024-03-26T04:12:45.162 INFO:journalctl@ceph.mon.a.smithi016.stdout:Mar 26 04:12:44 smithi016 ceph-mon[29101]: from='mgr.14152 v1:172.21.15.16:0/477551245' entity='mgr.y' cmd=[{"prefix":"config rm","who":"mgr","name":"mgr/rbd_support/y/mirror_snapshot_schedule"}]: dispatch
2024-03-26T04:12:45.162 INFO:journalctl@ceph.mon.a.smithi016.stdout:Mar 26 04:12:44 smithi016 ceph-mon[29101]: from='mgr.14152 v1:172.21.15.16:0/477551245' entity='mgr.y' cmd=[{"prefix":"config rm","who":"mgr","name":"mgr/rbd_support/y/trash_purge_schedule"}]: dispatch
2024-03-26T04:12:45.162 INFO:journalctl@ceph.mon.a.smithi016.stdout:Mar 26 04:12:44 smithi016 ceph-mon[29101]: [26/Mar/2024:04:12:44] ENGINE Bus STARTING
2024-03-26T04:12:45.163 INFO:journalctl@ceph.mon.a.smithi016.stdout:Mar 26 04:12:44 smithi016 ceph-mon[29101]: [26/Mar/2024:04:12:44] ENGINE Serving on https://172.21.15.16:7150
2024-03-26T04:12:45.163 INFO:journalctl@ceph.mon.a.smithi016.stdout:Mar 26 04:12:44 smithi016 ceph-mon[29101]: [26/Mar/2024:04:12:44] ENGINE Serving on http://172.21.15.16:8765
2024-03-26T04:12:45.163 INFO:journalctl@ceph.mon.a.smithi016.stdout:Mar 26 04:12:44 smithi016 ceph-mon[29101]: [26/Mar/2024:04:12:44] ENGINE Bus STARTED
2024-03-26T04:12:45.163 INFO:journalctl@ceph.mon.a.smithi016.stdout:Mar 26 04:12:44 smithi016 ceph-mon[29101]: mgrmap e11: y(active, since 1.00568s)
2024-03-26T04:12:45.618 INFO:teuthology.orchestra.run.smithi016.stdout:/usr/bin/ceph: stdout {
2024-03-26T04:12:45.619 INFO:teuthology.orchestra.run.smithi016.stdout:/usr/bin/ceph: stdout "mgrmap_epoch": 11,
2024-03-26T04:12:45.619 INFO:teuthology.orchestra.run.smithi016.stdout:/usr/bin/ceph: stdout "initialized": true
2024-03-26T04:12:45.619 INFO:teuthology.orchestra.run.smithi016.stdout:/usr/bin/ceph: stdout }
2024-03-26T04:12:45.619 INFO:teuthology.orchestra.run.smithi016.stdout:/usr/bin/ceph: stderr
2024-03-26T04:12:39.079+0000 7f5b1b5fb700 1 Processor -- start
2024-03-26T04:12:45.619 INFO:teuthology.orchestra.run.smithi016.stdout:/usr/bin/ceph: stderr
2024-03-26T04:12:39.079+0000 7f5b1b5fb700 1 -- start start
2024-03-26T04:12:45.619 INFO:teuthology.orchestra.run.smithi016.stdout:/usr/bin/ceph: stderr
2024-03-26T04:12:39.080+0000 7f5b1b5fb700 1 -- --> v1:172.21.15.16:6789/0 -- auth(proto 0 34 bytes epoch 0) v1 -- 0x7f5b1410a3d0 con 0x7f5b14104210
2024-03-26T04:12:45.619 INFO:teuthology.orchestra.run.smithi016.stdout:/usr/bin/ceph: stderr
2024-03-26T04:12:39.080+0000 7f5b19397700 1 --1- >> v1:172.21.15.16:6789/0 conn(0x7f5b14104210 0x7f5b14104630 :-1 s=CONNECTING_WAIT_BANNER_AND_IDENTIFY pgs=0 cs=0 l=0).handle_server_banner_and_identify peer v1:172.21.15.16:6789/0 says I am v1:172.21.15.16:54822/0 (socket says 172.21.15.16:54822)
2024-03-26T04:12:45.619 INFO:teuthology.orchestra.run.smithi016.stdout:/usr/bin/ceph: stderr
2024-03-26T04:12:39.080+0000 7f5b19397700 1 -- 172.21.15.16:0/651716290 learned_addr learned my addr 172.21.15.16:0/651716290 (peer_addr_for_me v1:172.21.15.16:0/0)
2024-03-26T04:12:45.619 INFO:teuthology.orchestra.run.smithi016.stdout:/usr/bin/ceph: stderr
2024-03-26T04:12:39.080+0000 7f5b07fff700 1 -- 172.21.15.16:0/651716290 <== mon.0 v1:172.21.15.16:6789/0 1 ==== auth_reply(proto 2 0 (0) Success) v1 ==== 33+0+0 (unknown 2522395338 0 0) 0x7f5b1410a3d0 con 0x7f5b14104210
2024-03-26T04:12:45.619 INFO:teuthology.orchestra.run.smithi016.stdout:/usr/bin/ceph: stderr
2024-03-26T04:12:39.080+0000 7f5b07fff700 1 -- 172.21.15.16:0/651716290 --> v1:172.21.15.16:6789/0 -- auth(proto 2 36 bytes epoch 0) v1 -- 0x7f5b000035b0 con 0x7f5b14104210
2024-03-26T04:12:45.619 INFO:teuthology.orchestra.run.smithi016.stdout:/usr/bin/ceph: stderr
2024-03-26T04:12:39.080+0000 7f5b07fff700 1 -- 172.21.15.16:0/651716290 <== mon.0 v1:172.21.15.16:6789/0 2 ==== auth_reply(proto 2 0 (0) Success) v1 ==== 214+0+0 (unknown 1778191628 0 0) 0x7f5b000035b0 con 0x7f5b14104210
2024-03-26T04:12:45.619 INFO:teuthology.orchestra.run.smithi016.stdout:/usr/bin/ceph: stderr
2024-03-26T04:12:39.080+0000 7f5b07fff700 1 -- 172.21.15.16:0/651716290 --> v1:172.21.15.16:6789/0 -- mon_subscribe({config=0+,monmap=0+}) v3 -- 0x7f5b1410b570 con 0x7f5b14104210
2024-03-26T04:12:45.619 INFO:teuthology.orchestra.run.smithi016.stdout:/usr/bin/ceph: stderr
2024-03-26T04:12:39.080+0000 7f5b07fff700 1 -- 172.21.15.16:0/651716290 <== mon.0 v1:172.21.15.16:6789/0 3 ==== mon_map magic: 0 v1 ==== 170+0+0 (unknown 811239998 0 0) 0x7f5b10001580 con 0x7f5b14104210
2024-03-26T04:12:45.619 INFO:teuthology.orchestra.run.smithi016.stdout:/usr/bin/ceph: stderr
2024-03-26T04:12:39.081+0000 7f5b07fff700 1 -- 172.21.15.16:0/651716290 <== mon.0 v1:172.21.15.16:6789/0 4 ==== config(25 keys) v1 ==== 1068+0+0 (unknown 2750266749 0 0) 0x7f5b10001c30 con 0x7f5b14104210
2024-03-26T04:12:45.619 INFO:teuthology.orchestra.run.smithi016.stdout:/usr/bin/ceph: stderr
2024-03-26T04:12:39.081+0000 7f5b07fff700 1 -- 172.21.15.16:0/651716290 <== mon.0 v1:172.21.15.16:6789/0 5 ==== mon_map magic: 0 v1 ==== 170+0+0 (unknown 811239998 0 0) 0x7f5b100057e0 con 0x7f5b14104210
2024-03-26T04:12:45.620 INFO:teuthology.orchestra.run.smithi016.stdout:/usr/bin/ceph: stderr
2024-03-26T04:12:39.081+0000 7f5b1b5fb700 1 -- 172.21.15.16:0/651716290 >> v1:172.21.15.16:6789/0 conn(0x7f5b14104210 legacy=0x7f5b14104630 unknown :-1 s=STATE_CONNECTION_ESTABLISHED l=1).mark_down
2024-03-26T04:12:45.620 INFO:teuthology.orchestra.run.smithi016.stdout:/usr/bin/ceph: stderr
2024-03-26T04:12:39.081+0000 7f5b1b5fb700 1 -- 172.21.15.16:0/651716290 shutdown_connections
2024-03-26T04:12:45.620 INFO:teuthology.orchestra.run.smithi016.stdout:/usr/bin/ceph: stderr
2024-03-26T04:12:39.081+0000 7f5b1b5fb700 1 -- 172.21.15.16:0/651716290 >> 172.21.15.16:0/651716290 conn(0x7f5b140ffb00 msgr2=0x7f5b14101f80 unknown :-1 s=STATE_NONE l=0).mark_down
2024-03-26T04:12:45.620 INFO:teuthology.orchestra.run.smithi016.stdout:/usr/bin/ceph: stderr
2024-03-26T04:12:39.081+0000 7f5b1b5fb700 1 -- 172.21.15.16:0/651716290 shutdown_connections
2024-03-26T04:12:45.620 INFO:teuthology.orchestra.run.smithi016.stdout:/usr/bin/ceph: stderr
2024-03-26T04:12:39.081+0000 7f5b1b5fb700 1 -- 172.21.15.16:0/651716290 wait complete.
2024-03-26T04:12:45.620 INFO:teuthology.orchestra.run.smithi016.stdout:/usr/bin/ceph: stderr
2024-03-26T04:12:39.082+0000 7f5b1b5fb700 1 Processor -- start
2024-03-26T04:12:45.620 INFO:teuthology.orchestra.run.smithi016.stdout:/usr/bin/ceph: stderr
2024-03-26T04:12:39.082+0000 7f5b1b5fb700 1 -- start start
2024-03-26T04:12:45.620 INFO:teuthology.orchestra.run.smithi016.stdout:/usr/bin/ceph: stderr
2024-03-26T04:12:39.082+0000 7f5b1b5fb700 1 -- --> v1:172.21.15.16:6789/0 -- auth(proto 0 34 bytes epoch 0) v1 -- 0x7f5b1419f8b0 con 0x7f5b14104210
2024-03-26T04:12:45.620 INFO:teuthology.orchestra.run.smithi016.stdout:/usr/bin/ceph: stderr
2024-03-26T04:12:39.082+0000 7f5b19397700 1 --1- >> v1:172.21.15.16:6789/0 conn(0x7f5b14104210 0x7f5b14106a20 :-1 s=CONNECTING_WAIT_BANNER_AND_IDENTIFY pgs=0 cs=0 l=1).handle_server_banner_and_identify peer v1:172.21.15.16:6789/0 says I am v1:172.21.15.16:54836/0 (socket says 172.21.15.16:54836)
2024-03-26T04:12:45.620 INFO:teuthology.orchestra.run.smithi016.stdout:/usr/bin/ceph: stderr
2024-03-26T04:12:39.082+0000 7f5b19397700 1 -- 172.21.15.16:0/1565834463 learned_addr learned my addr 172.21.15.16:0/1565834463 (peer_addr_for_me v1:172.21.15.16:0/0)
2024-03-26T04:12:45.620 INFO:teuthology.orchestra.run.smithi016.stdout:/usr/bin/ceph: stderr
2024-03-26T04:12:39.082+0000 7f5b067fc700 1 -- 172.21.15.16:0/1565834463 <== mon.0 v1:172.21.15.16:6789/0 1 ==== auth_reply(proto 2 0 (0) Success) v1 ==== 33+0+0 (unknown 2617677265 0 0) 0x7f5b1419f8b0 con 0x7f5b14104210
2024-03-26T04:12:45.621 INFO:teuthology.orchestra.run.smithi016.stdout:/usr/bin/ceph: stderr
2024-03-26T04:12:39.082+0000 7f5b067fc700 1 -- 172.21.15.16:0/1565834463 --> v1:172.21.15.16:6789/0 -- auth(proto 2 36 bytes epoch 0) v1 -- 0x7f5b00005600 con 0x7f5b14104210
2024-03-26T04:12:45.621 INFO:teuthology.orchestra.run.smithi016.stdout:/usr/bin/ceph: stderr
2024-03-26T04:12:39.083+0000 7f5b067fc700 1 -- 172.21.15.16:0/1565834463 <== mon.0 v1:172.21.15.16:6789/0 2 ==== auth_reply(proto 2 0 (0) Success) v1 ==== 764+0+0 (unknown 3674392250 0 0) 0x7f5b00005600 con 0x7f5b14104210
2024-03-26T04:12:45.621 INFO:teuthology.orchestra.run.smithi016.stdout:/usr/bin/ceph: stderr
2024-03-26T04:12:39.083+0000 7f5b067fc700 1 -- 172.21.15.16:0/1565834463 --> v1:172.21.15.16:6789/0 -- auth(proto 2 165 bytes epoch 0) v1 -- 0x7f5b1419f8b0 con 0x7f5b14104210
2024-03-26T04:12:45.621 INFO:teuthology.orchestra.run.smithi016.stdout:/usr/bin/ceph: stderr
2024-03-26T04:12:39.083+0000 7f5b067fc700 1 -- 172.21.15.16:0/1565834463 <== mon.0 v1:172.21.15.16:6789/0 3 ==== mon_map magic: 0 v1 ==== 170+0+0 (unknown 811239998 0 0) 0x7f5b10000ed0 con 0x7f5b14104210
2024-03-26T04:12:45.621 INFO:teuthology.orchestra.run.smithi016.stdout:/usr/bin/ceph: stderr
2024-03-26T04:12:39.083+0000 7f5b067fc700 1 -- 172.21.15.16:0/1565834463 <== mon.0 v1:172.21.15.16:6789/0 4 ==== auth_reply(proto 2 0 (0) Success) v1 ==== 580+0+0 (unknown 935427051 0 0) 0x7f5b1419f8b0 con 0x7f5b14104210
2024-03-26T04:12:45.621 INFO:teuthology.orchestra.run.smithi016.stdout:/usr/bin/ceph: stderr
2024-03-26T04:12:39.083+0000 7f5b067fc700 1 -- 172.21.15.16:0/1565834463 --> v1:172.21.15.16:6789/0 -- mon_subscribe({config=0+,monmap=0+}) v3 -- 0x7f5b141a0a50 con 0x7f5b14104210
2024-03-26T04:12:45.621 INFO:teuthology.orchestra.run.smithi016.stdout:/usr/bin/ceph: stderr
2024-03-26T04:12:39.083+0000 7f5b1b5fb700 1 -- 172.21.15.16:0/1565834463 --> v1:172.21.15.16:6789/0 -- mon_subscribe({mgrmap=0+}) v3 -- 0x7f5b1419faa0 con 0x7f5b14104210
2024-03-26T04:12:45.621 INFO:teuthology.orchestra.run.smithi016.stdout:/usr/bin/ceph: stderr
2024-03-26T04:12:39.083+0000 7f5b1b5fb700 1 -- 172.21.15.16:0/1565834463 --> v1:172.21.15.16:6789/0 -- mon_subscribe({osdmap=0}) v3 -- 0x7f5b1419ffa0 con 0x7f5b14104210
2024-03-26T04:12:45.621 INFO:teuthology.orchestra.run.smithi016.stdout:/usr/bin/ceph: stderr
2024-03-26T04:12:39.083+0000 7f5b067fc700 1 -- 172.21.15.16:0/1565834463 <== mon.0 v1:172.21.15.16:6789/0 5 ==== config(25 keys) v1 ==== 1068+0+0 (unknown 2750266749 0 0) 0x7f5b100049d0 con 0x7f5b14104210
2024-03-26T04:12:45.621 INFO:teuthology.orchestra.run.smithi016.stdout:/usr/bin/ceph: stderr
2024-03-26T04:12:39.083+0000 7f5b067fc700 1 -- 172.21.15.16:0/1565834463 <== mon.0 v1:172.21.15.16:6789/0 6 ==== mon_map magic: 0 v1 ==== 170+0+0 (unknown 811239998 0 0) 0x7f5b10006170 con 0x7f5b14104210
2024-03-26T04:12:45.621 INFO:teuthology.orchestra.run.smithi016.stdout:/usr/bin/ceph: stderr
2024-03-26T04:12:39.084+0000 7f5b067fc700 1 -- 172.21.15.16:0/1565834463 <== mon.0 v1:172.21.15.16:6789/0 7 ==== mgrmap(e 9) v1 ==== 45906+0+0 (unknown 224057423 0 0) 0x7f5b10011630 con 0x7f5b14104210
2024-03-26T04:12:45.621 INFO:teuthology.orchestra.run.smithi016.stdout:/usr/bin/ceph: stderr
2024-03-26T04:12:39.084+0000 7f5b067fc700 1 -- 172.21.15.16:0/1565834463 --> v1:172.21.15.16:6800/1828954920 -- command(tid 0: {"prefix": "get_command_descriptions"}) v1 -- 0x7f5b0003df30 con 0x7f5b0003a260
2024-03-26T04:12:45.621 INFO:teuthology.orchestra.run.smithi016.stdout:/usr/bin/ceph: stderr
2024-03-26T04:12:39.084+0000 7f5b067fc700 1 -- 172.21.15.16:0/1565834463 <== mon.0 v1:172.21.15.16:6789/0 8 ==== osd_map(2..2 src has 1..2) v4 ==== 897+0+0 (unknown 883473703 0 0) 0x7f5b10047680 con 0x7f5b14104210
2024-03-26T04:12:45.621 INFO:teuthology.orchestra.run.smithi016.stdout:/usr/bin/ceph: stderr
2024-03-26T04:12:39.084+0000 7f5b18b96700 1 -- 172.21.15.16:0/1565834463 >> v1:172.21.15.16:6800/1828954920 conn(0x7f5b0003a260 legacy=0x7f5b0003c720 unknown :-1 s=STATE_CONNECTING_RE l=1).process reconnect failed to v1:172.21.15.16:6800/1828954920
2024-03-26T04:12:45.621 INFO:teuthology.orchestra.run.smithi016.stdout:/usr/bin/ceph: stderr
2024-03-26T04:12:39.285+0000 7f5b18b96700 1 -- 172.21.15.16:0/1565834463 >> v1:172.21.15.16:6800/1828954920 conn(0x7f5b0003a260 legacy=0x7f5b0003c720 unknown :-1 s=STATE_CONNECTING_RE l=1).process reconnect failed to v1:172.21.15.16:6800/1828954920
2024-03-26T04:12:45.622 INFO:teuthology.orchestra.run.smithi016.stdout:/usr/bin/ceph: stderr
2024-03-26T04:12:39.686+0000 7f5b18b96700 1 -- 172.21.15.16:0/1565834463 >> v1:172.21.15.16:6800/1828954920 conn(0x7f5b0003a260 legacy=0x7f5b0003c720 unknown :-1 s=STATE_CONNECTING_RE l=1).process reconnect failed to v1:172.21.15.16:6800/1828954920
2024-03-26T04:12:45.622 INFO:teuthology.orchestra.run.smithi016.stdout:/usr/bin/ceph: stderr
2024-03-26T04:12:40.487+0000 7f5b18b96700 1 -- 172.21.15.16:0/1565834463 >> v1:172.21.15.16:6800/1828954920 conn(0x7f5b0003a260 legacy=0x7f5b0003c720 unknown :-1 s=STATE_CONNECTING_RE l=1).process reconnect failed to v1:172.21.15.16:6800/1828954920
2024-03-26T04:12:45.622 INFO:teuthology.orchestra.run.smithi016.stdout:/usr/bin/ceph: stderr
2024-03-26T04:12:42.088+0000 7f5b18b96700 1 -- 172.21.15.16:0/1565834463 >> v1:172.21.15.16:6800/1828954920 conn(0x7f5b0003a260 legacy=0x7f5b0003c720 unknown :-1 s=STATE_CONNECTING_RE l=1).process reconnect failed to v1:172.21.15.16:6800/1828954920
2024-03-26T04:12:45.622 INFO:teuthology.orchestra.run.smithi016.stdout:/usr/bin/ceph: stderr
2024-03-26T04:12:43.761+0000 7f5b067fc700 1 -- 172.21.15.16:0/1565834463 <== mon.0 v1:172.21.15.16:6789/0 9 ==== mgrmap(e 10) v1 ==== 45708+0+0 (unknown 2319339868 0 0) 0x7f5b10012bb0 con 0x7f5b14104210
2024-03-26T04:12:45.622 INFO:teuthology.orchestra.run.smithi016.stdout:/usr/bin/ceph: stderr
2024-03-26T04:12:43.761+0000 7f5b067fc700 1 -- 172.21.15.16:0/1565834463 >> v1:172.21.15.16:6800/1828954920 conn(0x7f5b0003a260 legacy=0x7f5b0003c720 unknown :-1 s=STATE_CONNECTING l=1).mark_down
2024-03-26T04:12:45.622 INFO:teuthology.orchestra.run.smithi016.stdout:/usr/bin/ceph: stderr
2024-03-26T04:12:44.762+0000 7f5b067fc700 1 -- 172.21.15.16:0/1565834463 <== mon.0 v1:172.21.15.16:6789/0 10 ==== mgrmap(e 11) v1 ==== 45800+0+0 (unknown 3314134554 0 0) 0x7f5b100486d0 con 0x7f5b14104210
2024-03-26T04:12:45.622 INFO:teuthology.orchestra.run.smithi016.stdout:/usr/bin/ceph: stderr
2024-03-26T04:12:44.762+0000 7f5b067fc700 1 -- 172.21.15.16:0/1565834463 --> v1:172.21.15.16:6800/4042489921 -- command(tid 0: {"prefix": "get_command_descriptions"}) v1 -- 0x7f5b0003df30 con 0x7f5b0003edc0
2024-03-26T04:12:45.622 INFO:teuthology.orchestra.run.smithi016.stdout:/usr/bin/ceph: stderr
2024-03-26T04:12:44.764+0000 7f5b067fc700 1 -- 172.21.15.16:0/1565834463 <== mgr.14152 v1:172.21.15.16:6800/4042489921 1 ==== command_reply(tid 0: 0 ) v1 ==== 8+0+7774 (unknown 0 0 4109177037) 0x7f5b08006e90 con 0x7f5b0003edc0
2024-03-26T04:12:45.622 INFO:teuthology.orchestra.run.smithi016.stdout:/usr/bin/ceph: stderr
2024-03-26T04:12:44.770+0000 7f5b1b5fb700 1 -- 172.21.15.16:0/1565834463 --> v1:172.21.15.16:6800/4042489921 -- command(tid 1: {"prefix": "mgr_status"}) v1 -- 0x7f5af8002630 con 0x7f5b0003edc0
2024-03-26T04:12:45.622 INFO:teuthology.orchestra.run.smithi016.stdout:/usr/bin/ceph: stderr
2024-03-26T04:12:44.770+0000 7f5b067fc700 1 -- 172.21.15.16:0/1565834463 <== mgr.14152 v1:172.21.15.16:6800/4042489921 2 ==== command_reply(tid 1: 0 ) v1 ==== 8+0+52 (unknown 0 0 3086460295) 0x7f5af8002630 con 0x7f5b0003edc0
2024-03-26T04:12:45.622 INFO:teuthology.orchestra.run.smithi016.stdout:/usr/bin/ceph: stderr
2024-03-26T04:12:44.771+0000 7f5b1b5fb700 1 -- 172.21.15.16:0/1565834463 >> v1:172.21.15.16:6800/4042489921 conn(0x7f5b0003edc0 legacy=0x7f5b000411b0 unknown :-1 s=STATE_CONNECTION_ESTABLISHED l=1).mark_down
2024-03-26T04:12:45.622 INFO:teuthology.orchestra.run.smithi016.stdout:/usr/bin/ceph: stderr
2024-03-26T04:12:44.771+0000 7f5b1b5fb700 1 -- 172.21.15.16:0/1565834463 >> v1:172.21.15.16:6789/0 conn(0x7f5b14104210 legacy=0x7f5b14106a20 unknown :-1 s=STATE_CONNECTION_ESTABLISHED l=1).mark_down
2024-03-26T04:12:45.622 INFO:teuthology.orchestra.run.smithi016.stdout:/usr/bin/ceph: stderr
2024-03-26T04:12:44.771+0000 7f5b1b5fb700 1 -- 172.21.15.16:0/1565834463 shutdown_connections
2024-03-26T04:12:45.623 INFO:teuthology.orchestra.run.smithi016.stdout:/usr/bin/ceph: stderr
2024-03-26T04:12:44.771+0000 7f5b1b5fb700 1 -- 172.21.15.16:0/1565834463 >> 172.21.15.16:0/1565834463 conn(0x7f5b140ffb00 msgr2=0x7f5b14101f80 unknown :-1 s=STATE_NONE l=0).mark_down
2024-03-26T04:12:45.623 INFO:teuthology.orchestra.run.smithi016.stdout:/usr/bin/ceph: stderr
2024-03-26T04:12:44.771+0000 7f5b1b5fb700 1 -- 172.21.15.16:0/1565834463 shutdown_connections
2024-03-26T04:12:45.623 INFO:teuthology.orchestra.run.smithi016.stdout:/usr/bin/ceph: stderr
2024-03-26T04:12:44.771+0000 7f5b1b5fb700 1 -- 172.21.15.16:0/1565834463 wait complete.
2024-03-26T04:12:45.623 INFO:teuthology.orchestra.run.smithi016.stdout:mgr epoch 9 is available
2024-03-26T04:12:45.623 INFO:teuthology.orchestra.run.smithi016.stdout:Generating a dashboard self-signed certificate...
2024-03-26T04:12:45.912 INFO:journalctl@ceph.mon.a.smithi016.stdout:Mar 26 04:12:45 smithi016 ceph-mon[29101]: from='client.14156 v1:172.21.15.16:0/1565834463' entity='client.admin' cmd=[{"prefix": "get_command_descriptions"}]: dispatch
2024-03-26T04:12:45.912 INFO:journalctl@ceph.mon.a.smithi016.stdout:Mar 26 04:12:45 smithi016 ceph-mon[29101]: from='client.14156 v1:172.21.15.16:0/1565834463' entity='client.admin' cmd=[{"prefix": "mgr_status"}]: dispatch
2024-03-26T04:12:47.162 INFO:journalctl@ceph.mon.a.smithi016.stdout:Mar 26 04:12:46 smithi016 ceph-mon[29101]: mgrmap e12: y(active, since 2s)
2024-03-26T04:12:47.162 INFO:journalctl@ceph.mon.a.smithi016.stdout:Mar 26 04:12:46 smithi016 ceph-mon[29101]: from='mgr.14152 v1:172.21.15.16:0/477551245' entity='mgr.y'
2024-03-26T04:12:47.162 INFO:journalctl@ceph.mon.a.smithi016.stdout:Mar 26 04:12:46 smithi016 ceph-mon[29101]: from='client.14164 v1:172.21.15.16:0/698664095' entity='client.admin' cmd=[{"prefix": "dashboard create-self-signed-cert", "target": ["mon-mgr", ""]}]: dispatch
2024-03-26T04:12:47.162 INFO:journalctl@ceph.mon.a.smithi016.stdout:Mar 26 04:12:46 smithi016 ceph-mon[29101]: from='mgr.14152 v1:172.21.15.16:0/477551245' entity='mgr.y'
2024-03-26T04:12:47.162 INFO:journalctl@ceph.mon.a.smithi016.stdout:Mar 26 04:12:46 smithi016 ceph-mon[29101]: from='mgr.14152 v1:172.21.15.16:0/477551245' entity='mgr.y'
2024-03-26T04:12:47.175 INFO:teuthology.orchestra.run.smithi016.stdout:/usr/bin/ceph: stdout Self-signed certificate created
2024-03-26T04:12:47.175 INFO:teuthology.orchestra.run.smithi016.stdout:/usr/bin/ceph: stderr
2024-03-26T04:12:46.300+0000 7f6a43986700 1 Processor -- start
2024-03-26T04:12:47.175 INFO:teuthology.orchestra.run.smithi016.stdout:/usr/bin/ceph: stderr
2024-03-26T04:12:46.301+0000 7f6a43986700 1 -- start start
2024-03-26T04:12:47.175 INFO:teuthology.orchestra.run.smithi016.stdout:/usr/bin/ceph: stderr
2024-03-26T04:12:46.301+0000 7f6a43986700 1 -- --> v1:172.21.15.16:6789/0 -- auth(proto 0 34 bytes epoch 0) v1 -- 0x7f6a3c078e80 con 0x7f6a3c1047c0
2024-03-26T04:12:47.175 INFO:teuthology.orchestra.run.smithi016.stdout:/usr/bin/ceph: stderr
2024-03-26T04:12:46.301+0000 7f6a41722700 1 --1- >> v1:172.21.15.16:6789/0 conn(0x7f6a3c1047c0 0x7f6a3c104be0 :-1 s=CONNECTING_WAIT_BANNER_AND_IDENTIFY pgs=0 cs=0 l=0).handle_server_banner_and_identify peer v1:172.21.15.16:6789/0 says I am v1:172.21.15.16:60758/0 (socket says 172.21.15.16:60758)
2024-03-26T04:12:47.175 INFO:teuthology.orchestra.run.smithi016.stdout:/usr/bin/ceph: stderr
2024-03-26T04:12:46.301+0000 7f6a41722700 1 -- 172.21.15.16:0/2627309162 learned_addr learned my addr 172.21.15.16:0/2627309162 (peer_addr_for_me v1:172.21.15.16:0/0)
2024-03-26T04:12:47.175 INFO:teuthology.orchestra.run.smithi016.stdout:/usr/bin/ceph: stderr
2024-03-26T04:12:46.301+0000 7f6a2ffff700 1 -- 172.21.15.16:0/2627309162 <== mon.0 v1:172.21.15.16:6789/0 1 ==== auth_reply(proto 2 0 (0) Success) v1 ==== 33+0+0 (unknown 2068581797 0 0) 0x7f6a3c078e80 con 0x7f6a3c1047c0
2024-03-26T04:12:47.176 INFO:teuthology.orchestra.run.smithi016.stdout:/usr/bin/ceph: stderr
2024-03-26T04:12:46.301+0000 7f6a2ffff700 1 -- 172.21.15.16:0/2627309162 --> v1:172.21.15.16:6789/0 -- auth(proto 2 36 bytes epoch 0) v1 -- 0x7f6a280035b0 con 0x7f6a3c1047c0
2024-03-26T04:12:47.176 INFO:teuthology.orchestra.run.smithi016.stdout:/usr/bin/ceph: stderr
2024-03-26T04:12:46.301+0000 7f6a2ffff700 1 -- 172.21.15.16:0/2627309162 <== mon.0 v1:172.21.15.16:6789/0 2 ==== auth_reply(proto 2 0 (0) Success) v1 ==== 214+0+0 (unknown 2875715618 0 0) 0x7f6a280035b0 con 0x7f6a3c1047c0
2024-03-26T04:12:47.176 INFO:teuthology.orchestra.run.smithi016.stdout:/usr/bin/ceph: stderr
2024-03-26T04:12:46.301+0000 7f6a2ffff700 1 -- 172.21.15.16:0/2627309162 --> v1:172.21.15.16:6789/0 -- mon_subscribe({config=0+,monmap=0+}) v3 -- 0x7f6a3c106300 con 0x7f6a3c1047c0
2024-03-26T04:12:47.176 INFO:teuthology.orchestra.run.smithi016.stdout:/usr/bin/ceph: stderr
2024-03-26T04:12:46.301+0000 7f6a2ffff700 1 -- 172.21.15.16:0/2627309162 <== mon.0 v1:172.21.15.16:6789/0 3 ==== mon_map magic: 0 v1 ==== 170+0+0 (unknown 811239998 0 0) 0x7f6a38001580 con 0x7f6a3c1047c0
2024-03-26T04:12:47.176 INFO:teuthology.orchestra.run.smithi016.stdout:/usr/bin/ceph: stderr
2024-03-26T04:12:46.302+0000 7f6a2ffff700 1 -- 172.21.15.16:0/2627309162 <== mon.0 v1:172.21.15.16:6789/0 4 ==== config(25 keys) v1 ==== 1068+0+0 (unknown 2750266749 0 0) 0x7f6a38001d00 con 0x7f6a3c1047c0
2024-03-26T04:12:47.176 INFO:teuthology.orchestra.run.smithi016.stdout:/usr/bin/ceph: stderr
2024-03-26T04:12:46.302+0000 7f6a2ffff700 1 -- 172.21.15.16:0/2627309162 <== mon.0 v1:172.21.15.16:6789/0 5 ==== mon_map magic: 0 v1 ==== 170+0+0 (unknown 811239998 0 0) 0x7f6a38005960 con 0x7f6a3c1047c0
2024-03-26T04:12:47.176 INFO:teuthology.orchestra.run.smithi016.stdout:/usr/bin/ceph: stderr
2024-03-26T04:12:46.302+0000 7f6a43986700 1 -- 172.21.15.16:0/2627309162 >> v1:172.21.15.16:6789/0 conn(0x7f6a3c1047c0 legacy=0x7f6a3c104be0 unknown :-1 s=STATE_CONNECTION_ESTABLISHED l=1).mark_down
2024-03-26T04:12:47.176 INFO:teuthology.orchestra.run.smithi016.stdout:/usr/bin/ceph: stderr
2024-03-26T04:12:46.302+0000 7f6a43986700 1 -- 172.21.15.16:0/2627309162 shutdown_connections
2024-03-26T04:12:47.176 INFO:teuthology.orchestra.run.smithi016.stdout:/usr/bin/ceph: stderr
2024-03-26T04:12:46.302+0000 7f6a43986700 1 -- 172.21.15.16:0/2627309162 >> 172.21.15.16:0/2627309162 conn(0x7f6a3c1003c0 msgr2=0x7f6a3c102800 unknown :-1 s=STATE_NONE l=0).mark_down
2024-03-26T04:12:47.176 INFO:teuthology.orchestra.run.smithi016.stdout:/usr/bin/ceph: stderr
2024-03-26T04:12:46.303+0000 7f6a43986700 1 -- 172.21.15.16:0/2627309162 shutdown_connections
2024-03-26T04:12:47.176 INFO:teuthology.orchestra.run.smithi016.stdout:/usr/bin/ceph: stderr
2024-03-26T04:12:46.303+0000 7f6a43986700 1 -- 172.21.15.16:0/2627309162 wait complete.
2024-03-26T04:12:47.176 INFO:teuthology.orchestra.run.smithi016.stdout:/usr/bin/ceph: stderr
2024-03-26T04:12:46.303+0000 7f6a43986700 1 Processor -- start
2024-03-26T04:12:47.176 INFO:teuthology.orchestra.run.smithi016.stdout:/usr/bin/ceph: stderr
2024-03-26T04:12:46.303+0000 7f6a43986700 1 -- start start
2024-03-26T04:12:47.177 INFO:teuthology.orchestra.run.smithi016.stdout:/usr/bin/ceph: stderr
2024-03-26T04:12:46.304+0000 7f6a43986700 1 -- --> v1:172.21.15.16:6789/0 -- auth(proto 0 34 bytes epoch 0) v1 -- 0x7f6a3c19c170 con 0x7f6a3c1047c0
2024-03-26T04:12:47.177 INFO:teuthology.orchestra.run.smithi016.stdout:/usr/bin/ceph: stderr
2024-03-26T04:12:46.304+0000 7f6a41722700 1 --1- >> v1:172.21.15.16:6789/0 conn(0x7f6a3c1047c0 0x7f6a3c19ba60 :-1 s=CONNECTING_WAIT_BANNER_AND_IDENTIFY pgs=0 cs=0 l=1).handle_server_banner_and_identify peer v1:172.21.15.16:6789/0 says I am v1:172.21.15.16:60764/0 (socket says 172.21.15.16:60764)
2024-03-26T04:12:47.177 INFO:teuthology.orchestra.run.smithi016.stdout:/usr/bin/ceph: stderr
2024-03-26T04:12:46.304+0000 7f6a41722700 1 -- 172.21.15.16:0/698664095 learned_addr learned my addr 172.21.15.16:0/698664095 (peer_addr_for_me v1:172.21.15.16:0/0)
2024-03-26T04:12:47.177 INFO:teuthology.orchestra.run.smithi016.stdout:/usr/bin/ceph: stderr
2024-03-26T04:12:46.304+0000 7f6a2e7fc700 1 -- 172.21.15.16:0/698664095 <== mon.0 v1:172.21.15.16:6789/0 1 ==== auth_reply(proto 2 0 (0) Success) v1 ==== 33+0+0 (unknown 2590098005 0 0) 0x7f6a3c19c170 con 0x7f6a3c1047c0
2024-03-26T04:12:47.177 INFO:teuthology.orchestra.run.smithi016.stdout:/usr/bin/ceph: stderr
2024-03-26T04:12:46.304+0000 7f6a2e7fc700 1 -- 172.21.15.16:0/698664095 --> v1:172.21.15.16:6789/0 -- auth(proto 2 36 bytes epoch 0) v1 -- 0x7f6a280055b0 con 0x7f6a3c1047c0
2024-03-26T04:12:47.177 INFO:teuthology.orchestra.run.smithi016.stdout:/usr/bin/ceph: stderr
2024-03-26T04:12:46.304+0000 7f6a2e7fc700 1 -- 172.21.15.16:0/698664095 <== mon.0 v1:172.21.15.16:6789/0 2 ==== auth_reply(proto 2 0 (0) Success) v1 ==== 764+0+0 (unknown 2499307378 0 0) 0x7f6a280055b0 con 0x7f6a3c1047c0
2024-03-26T04:12:47.177 INFO:teuthology.orchestra.run.smithi016.stdout:/usr/bin/ceph: stderr
2024-03-26T04:12:46.304+0000 7f6a2e7fc700 1 -- 172.21.15.16:0/698664095 --> v1:172.21.15.16:6789/0 -- auth(proto 2 165 bytes epoch 0) v1 -- 0x7f6a3c19c170 con 0x7f6a3c1047c0
2024-03-26T04:12:47.177 INFO:teuthology.orchestra.run.smithi016.stdout:/usr/bin/ceph: stderr
2024-03-26T04:12:46.304+0000 7f6a2e7fc700 1 -- 172.21.15.16:0/698664095 <== mon.0 v1:172.21.15.16:6789/0 3 ==== mon_map magic: 0 v1 ==== 170+0+0 (unknown 811239998 0 0) 0x7f6a38001080 con 0x7f6a3c1047c0
2024-03-26T04:12:47.177 INFO:teuthology.orchestra.run.smithi016.stdout:/usr/bin/ceph: stderr
2024-03-26T04:12:46.304+0000 7f6a2e7fc700 1 -- 172.21.15.16:0/698664095 <== mon.0 v1:172.21.15.16:6789/0 4 ==== auth_reply(proto 2 0 (0) Success) v1 ==== 580+0+0 (unknown 234458305 0 0) 0x7f6a3c19c170 con 0x7f6a3c1047c0
2024-03-26T04:12:47.177 INFO:teuthology.orchestra.run.smithi016.stdout:/usr/bin/ceph: stderr
2024-03-26T04:12:46.304+0000 7f6a2e7fc700 1 -- 172.21.15.16:0/698664095 --> v1:172.21.15.16:6789/0 -- mon_subscribe({config=0+,monmap=0+}) v3 -- 0x7f6a3c19c300 con 0x7f6a3c1047c0
2024-03-26T04:12:47.177 INFO:teuthology.orchestra.run.smithi016.stdout:/usr/bin/ceph: stderr
2024-03-26T04:12:46.304+0000 7f6a43986700 1 -- 172.21.15.16:0/698664095 --> v1:172.21.15.16:6789/0 -- mon_subscribe({mgrmap=0+}) v3 -- 0x7f6a3c19c5b0 con 0x7f6a3c1047c0
2024-03-26T04:12:47.177 INFO:teuthology.orchestra.run.smithi016.stdout:/usr/bin/ceph: stderr
2024-03-26T04:12:46.304+0000 7f6a43986700 1 -- 172.21.15.16:0/698664095 --> v1:172.21.15.16:6789/0 -- mon_subscribe({osdmap=0}) v3 -- 0x7f6a3c1a0100 con 0x7f6a3c1047c0
2024-03-26T04:12:47.177 INFO:teuthology.orchestra.run.smithi016.stdout:/usr/bin/ceph: stderr
2024-03-26T04:12:46.305+0000 7f6a2e7fc700 1 -- 172.21.15.16:0/698664095 <== mon.0 v1:172.21.15.16:6789/0 5 ==== config(25 keys) v1 ==== 1068+0+0 (unknown 2750266749 0 0) 0x7f6a38004a60 con 0x7f6a3c1047c0
2024-03-26T04:12:47.177 INFO:teuthology.orchestra.run.smithi016.stdout:/usr/bin/ceph: stderr
2024-03-26T04:12:46.305+0000 7f6a2e7fc700 1 -- 172.21.15.16:0/698664095 <== mon.0 v1:172.21.15.16:6789/0 6 ==== mon_map magic: 0 v1 ==== 170+0+0 (unknown 811239998 0 0) 0x7f6a38006140 con 0x7f6a3c1047c0
2024-03-26T04:12:47.178 INFO:teuthology.orchestra.run.smithi016.stdout:/usr/bin/ceph: stderr
2024-03-26T04:12:46.305+0000 7f6a43986700 1 -- 172.21.15.16:0/698664095 --> v1:172.21.15.16:6789/0 -- mon_command({"prefix": "get_command_descriptions"} v 0) v1 -- 0x7f6a20005150 con 0x7f6a3c1047c0
2024-03-26T04:12:47.178 INFO:teuthology.orchestra.run.smithi016.stdout:/usr/bin/ceph: stderr
2024-03-26T04:12:46.305+0000 7f6a2e7fc700 1 -- 172.21.15.16:0/698664095 <== mon.0 v1:172.21.15.16:6789/0 7 ==== mgrmap(e 12) v1 ==== 45906+0+0 (unknown 4039838222 0 0) 0x7f6a38011600 con 0x7f6a3c1047c0
2024-03-26T04:12:47.178 INFO:teuthology.orchestra.run.smithi016.stdout:/usr/bin/ceph: stderr
2024-03-26T04:12:46.306+0000 7f6a2e7fc700 1 -- 172.21.15.16:0/698664095 <== mon.0 v1:172.21.15.16:6789/0 8 ==== osd_map(3..3 src has 1..3) v4 ==== 1069+0+0 (unknown 285047801 0 0) 0x7f6a380472c0 con 0x7f6a3c1047c0
2024-03-26T04:12:47.178 INFO:teuthology.orchestra.run.smithi016.stdout:/usr/bin/ceph: stderr
2024-03-26T04:12:46.311+0000 7f6a2e7fc700 1 -- 172.21.15.16:0/698664095 <== mon.0 v1:172.21.15.16:6789/0 9 ==== mon_command_ack([{"prefix": "get_command_descriptions"}]=0 v0) v1 ==== 72+0+184932 (unknown 1092875540 0 686004322) 0x7f6a38012e70 con 0x7f6a3c1047c0
2024-03-26T04:12:47.178 INFO:teuthology.orchestra.run.smithi016.stdout:/usr/bin/ceph: stderr
2024-03-26T04:12:46.522+0000 7f6a43986700 1 -- 172.21.15.16:0/698664095 --> v1:172.21.15.16:6800/4042489921 -- mgr_command(tid 0: {"prefix": "dashboard create-self-signed-cert", "target": ["mon-mgr", ""]}) v1 -- 0x7f6a20000bc0 con 0x7f6a2803a280
2024-03-26T04:12:47.178 INFO:teuthology.orchestra.run.smithi016.stdout:/usr/bin/ceph: stderr
2024-03-26T04:12:46.560+0000 7f6a2e7fc700 1 -- 172.21.15.16:0/698664095 <== mgr.14152 v1:172.21.15.16:6800/4042489921 1 ==== mgr_command_reply(tid 0: 0 ) v1 ==== 8+0+32 (unknown 0 0 3317752739) 0x7f6a20000bc0 con 0x7f6a2803a280
2024-03-26T04:12:47.178 INFO:teuthology.orchestra.run.smithi016.stdout:/usr/bin/ceph: stderr
2024-03-26T04:12:46.562+0000 7f6a43986700 1 -- 172.21.15.16:0/698664095 >> v1:172.21.15.16:6800/4042489921 conn(0x7f6a2803a280 legacy=0x7f6a2803c740 unknown :-1 s=STATE_CONNECTION_ESTABLISHED l=1).mark_down
2024-03-26T04:12:47.178 INFO:teuthology.orchestra.run.smithi016.stdout:/usr/bin/ceph: stderr
2024-03-26T04:12:46.562+0000 7f6a43986700 1 -- 172.21.15.16:0/698664095 >> v1:172.21.15.16:6789/0 conn(0x7f6a3c1047c0 legacy=0x7f6a3c19ba60 unknown :-1 s=STATE_CONNECTION_ESTABLISHED l=1).mark_down
2024-03-26T04:12:47.178 INFO:teuthology.orchestra.run.smithi016.stdout:/usr/bin/ceph: stderr
2024-03-26T04:12:46.562+0000 7f6a43986700 1 -- 172.21.15.16:0/698664095 shutdown_connections
2024-03-26T04:12:47.178 INFO:teuthology.orchestra.run.smithi016.stdout:/usr/bin/ceph: stderr
2024-03-26T04:12:46.562+0000 7f6a43986700 1 -- 172.21.15.16:0/698664095 >> 172.21.15.16:0/698664095 conn(0x7f6a3c1003c0 msgr2=0x7f6a3c102800 unknown :-1 s=STATE_NONE l=0).mark_down
2024-03-26T04:12:47.178 INFO:teuthology.orchestra.run.smithi016.stdout:/usr/bin/ceph: stderr
2024-03-26T04:12:46.563+0000 7f6a43986700 1 -- 172.21.15.16:0/698664095 shutdown_connections
2024-03-26T04:12:47.178 INFO:teuthology.orchestra.run.smithi016.stdout:/usr/bin/ceph: stderr
2024-03-26T04:12:46.563+0000 7f6a43986700 1 -- 172.21.15.16:0/698664095 wait complete.
2024-03-26T04:12:47.178 INFO:teuthology.orchestra.run.smithi016.stdout:Creating initial admin user...
2024-03-26T04:12:48.375 INFO:journalctl@ceph.mon.a.smithi016.stdout:Mar 26 04:12:48 smithi016 ceph-mon[29101]: from='mgr.14152 v1:172.21.15.16:0/477551245' entity='mgr.y'
2024-03-26T04:12:48.375 INFO:journalctl@ceph.mon.a.smithi016.stdout:Mar 26 04:12:48 smithi016 ceph-mon[29101]: from='mgr.14152 v1:172.21.15.16:0/477551245' entity='mgr.y'
2024-03-26T04:12:49.448 INFO:teuthology.orchestra.run.smithi016.stdout:/usr/bin/ceph: stdout {"username": "admin", "password": "$2b$12$NtgOuH//Rdt4loivIQYxMOvj/ZICHANr42yL.lec4FvTcDoFElnqi", "roles": ["administrator"], "name": null, "email": null, "lastUpdate": 1711426368, "enabled": true, "pwdExpirationDate": null, "pwdUpdateRequired": true}
2024-03-26T04:12:49.449 INFO:teuthology.orchestra.run.smithi016.stdout:/usr/bin/ceph: stderr
2024-03-26T04:12:47.591+0000 7febfc16e700 1 Processor -- start
2024-03-26T04:12:49.449 INFO:teuthology.orchestra.run.smithi016.stdout:/usr/bin/ceph: stderr
2024-03-26T04:12:47.591+0000 7febfc16e700 1 -- start start
2024-03-26T04:12:49.449 INFO:teuthology.orchestra.run.smithi016.stdout:/usr/bin/ceph: stderr
2024-03-26T04:12:47.592+0000 7febfc16e700 1 -- --> v1:172.21.15.16:6789/0 -- auth(proto 0 34 bytes epoch 0) v1 -- 0x7febf410a3b0 con 0x7febf4105f10
2024-03-26T04:12:49.449 INFO:teuthology.orchestra.run.smithi016.stdout:/usr/bin/ceph: stderr
2024-03-26T04:12:47.592+0000 7febf9f0a700 1 --1- >> v1:172.21.15.16:6789/0 conn(0x7febf4105f10 0x7febf4106350 :-1 s=CONNECTING_WAIT_BANNER_AND_IDENTIFY pgs=0 cs=0 l=0).handle_server_banner_and_identify peer v1:172.21.15.16:6789/0 says I am v1:172.21.15.16:60766/0 (socket says 172.21.15.16:60766)
2024-03-26T04:12:49.449 INFO:teuthology.orchestra.run.smithi016.stdout:/usr/bin/ceph: stderr
2024-03-26T04:12:47.592+0000 7febf9f0a700 1 -- 172.21.15.16:0/665706649 learned_addr learned my addr 172.21.15.16:0/665706649 (peer_addr_for_me v1:172.21.15.16:0/0)
2024-03-26T04:12:49.449 INFO:teuthology.orchestra.run.smithi016.stdout:/usr/bin/ceph: stderr
2024-03-26T04:12:47.592+0000 7febf8f08700 1 -- 172.21.15.16:0/665706649 <== mon.0 v1:172.21.15.16:6789/0 1 ==== auth_reply(proto 2 0 (0) Success) v1 ==== 33+0+0 (unknown 2343117807 0 0) 0x7febf410a3b0 con 0x7febf4105f10
2024-03-26T04:12:49.449 INFO:teuthology.orchestra.run.smithi016.stdout:/usr/bin/ceph: stderr
2024-03-26T04:12:47.592+0000 7febf8f08700 1 -- 172.21.15.16:0/665706649 --> v1:172.21.15.16:6789/0 -- auth(proto 2 36 bytes epoch 0) v1 -- 0x7febe00035b0 con 0x7febf4105f10
2024-03-26T04:12:49.449 INFO:teuthology.orchestra.run.smithi016.stdout:/usr/bin/ceph: stderr
2024-03-26T04:12:47.592+0000 7febf8f08700 1 -- 172.21.15.16:0/665706649 <== mon.0 v1:172.21.15.16:6789/0 2 ==== auth_reply(proto 2 0 (0) Success) v1 ==== 214+0+0 (unknown 1094722463 0 0) 0x7febe00035b0 con 0x7febf4105f10
2024-03-26T04:12:49.449 INFO:teuthology.orchestra.run.smithi016.stdout:/usr/bin/ceph: stderr
2024-03-26T04:12:47.592+0000 7febf8f08700 1 -- 172.21.15.16:0/665706649 --> v1:172.21.15.16:6789/0 -- mon_subscribe({config=0+,monmap=0+}) v3 -- 0x7febf410b550 con 0x7febf4105f10
2024-03-26T04:12:49.449 INFO:teuthology.orchestra.run.smithi016.stdout:/usr/bin/ceph: stderr
2024-03-26T04:12:47.592+0000 7febf8f08700 1 -- 172.21.15.16:0/665706649 <== mon.0 v1:172.21.15.16:6789/0 3 ==== mon_map magic: 0 v1 ==== 170+0+0 (unknown 811239998 0 0) 0x7febe4001580 con 0x7febf4105f10
2024-03-26T04:12:49.449 INFO:teuthology.orchestra.run.smithi016.stdout:/usr/bin/ceph: stderr
2024-03-26T04:12:47.592+0000 7febf8f08700 1 -- 172.21.15.16:0/665706649 <== mon.0 v1:172.21.15.16:6789/0 4 ==== config(25 keys) v1 ==== 1068+0+0 (unknown 2750266749 0 0) 0x7febe4001d00 con 0x7febf4105f10
2024-03-26T04:12:49.449 INFO:teuthology.orchestra.run.smithi016.stdout:/usr/bin/ceph: stderr
2024-03-26T04:12:47.593+0000 7febf8f08700 1 -- 172.21.15.16:0/665706649 <== mon.0 v1:172.21.15.16:6789/0 5 ==== mon_map magic: 0 v1 ==== 170+0+0 (unknown 811239998 0 0) 0x7febe4005960 con 0x7febf4105f10
2024-03-26T04:12:49.450 INFO:teuthology.orchestra.run.smithi016.stdout:/usr/bin/ceph: stderr
2024-03-26T04:12:47.593+0000 7febfc16e700 1 -- 172.21.15.16:0/665706649 >> v1:172.21.15.16:6789/0 conn(0x7febf4105f10 legacy=0x7febf4106350 unknown :-1 s=STATE_CONNECTION_ESTABLISHED l=1).mark_down
2024-03-26T04:12:49.450 INFO:teuthology.orchestra.run.smithi016.stdout:/usr/bin/ceph: stderr
2024-03-26T04:12:47.593+0000 7febfc16e700 1 -- 172.21.15.16:0/665706649 shutdown_connections
2024-03-26T04:12:49.450 INFO:teuthology.orchestra.run.smithi016.stdout:/usr/bin/ceph: stderr
2024-03-26T04:12:47.593+0000 7febfc16e700 1 -- 172.21.15.16:0/665706649 >> 172.21.15.16:0/665706649 conn(0x7febf4101540 msgr2=0x7febf4103960 unknown :-1 s=STATE_NONE l=0).mark_down
2024-03-26T04:12:49.450 INFO:teuthology.orchestra.run.smithi016.stdout:/usr/bin/ceph: stderr
2024-03-26T04:12:47.593+0000 7febfc16e700 1 -- 172.21.15.16:0/665706649 shutdown_connections
2024-03-26T04:12:49.450 INFO:teuthology.orchestra.run.smithi016.stdout:/usr/bin/ceph: stderr
2024-03-26T04:12:47.593+0000 7febfc16e700 1 -- 172.21.15.16:0/665706649 wait complete.
2024-03-26T04:12:49.450 INFO:teuthology.orchestra.run.smithi016.stdout:/usr/bin/ceph: stderr
2024-03-26T04:12:47.594+0000 7febfc16e700 1 Processor -- start
2024-03-26T04:12:49.450 INFO:teuthology.orchestra.run.smithi016.stdout:/usr/bin/ceph: stderr
2024-03-26T04:12:47.594+0000 7febfc16e700 1 -- start start
2024-03-26T04:12:49.450 INFO:teuthology.orchestra.run.smithi016.stdout:/usr/bin/ceph: stderr
2024-03-26T04:12:47.594+0000 7febfc16e700 1 -- --> v1:172.21.15.16:6789/0 -- auth(proto 0 34 bytes epoch 0) v1 -- 0x7febf419c1b0 con 0x7febf4105f10
2024-03-26T04:12:49.450 INFO:teuthology.orchestra.run.smithi016.stdout:/usr/bin/ceph: stderr
2024-03-26T04:12:47.594+0000 7febf9f0a700 1 --1- >> v1:172.21.15.16:6789/0 conn(0x7febf4105f10 0x7febf419baa0 :-1 s=CONNECTING_WAIT_BANNER_AND_IDENTIFY pgs=0 cs=0 l=1).handle_server_banner_and_identify peer v1:172.21.15.16:6789/0 says I am v1:172.21.15.16:60772/0 (socket says 172.21.15.16:60772)
2024-03-26T04:12:49.450 INFO:teuthology.orchestra.run.smithi016.stdout:/usr/bin/ceph: stderr
2024-03-26T04:12:47.594+0000 7febf9f0a700 1 -- 172.21.15.16:0/3826548225 learned_addr learned my addr 172.21.15.16:0/3826548225 (peer_addr_for_me v1:172.21.15.16:0/0)
2024-03-26T04:12:49.450 INFO:teuthology.orchestra.run.smithi016.stdout:/usr/bin/ceph: stderr
2024-03-26T04:12:47.594+0000 7febeaffd700 1 -- 172.21.15.16:0/3826548225 <== mon.0 v1:172.21.15.16:6789/0 1 ==== auth_reply(proto 2 0 (0) Success) v1 ==== 33+0+0 (unknown 2255238789 0 0) 0x7febf419c1b0 con 0x7febf4105f10
2024-03-26T04:12:49.450 INFO:teuthology.orchestra.run.smithi016.stdout:/usr/bin/ceph: stderr
2024-03-26T04:12:47.594+0000 7febeaffd700 1 -- 172.21.15.16:0/3826548225 --> v1:172.21.15.16:6789/0 -- auth(proto 2 36 bytes epoch 0) v1 -- 0x7febe00055b0 con 0x7febf4105f10
2024-03-26T04:12:49.450 INFO:teuthology.orchestra.run.smithi016.stdout:/usr/bin/ceph: stderr
2024-03-26T04:12:47.595+0000 7febeaffd700 1 -- 172.21.15.16:0/3826548225 <== mon.0 v1:172.21.15.16:6789/0 2 ==== auth_reply(proto 2 0 (0) Success) v1 ==== 764+0+0 (unknown 4077208080 0 0) 0x7febe00055b0 con 0x7febf4105f10
2024-03-26T04:12:49.451 INFO:teuthology.orchestra.run.smithi016.stdout:/usr/bin/ceph: stderr
