2024-03-26T05:16:59.626 INFO:journalctl@ceph.mon.a.smithi136.stdout:Mar 26 05:16:59 smithi136 ceph-mon[29560]: [26/Mar/2024:05:16:57] ENGINE Serving on https://172.21.15.136:7150
2024-03-26T05:16:59.626 INFO:journalctl@ceph.mon.a.smithi136.stdout:Mar 26 05:16:59 smithi136 ceph-mon[29560]: [26/Mar/2024:05:16:57] ENGINE Serving on http://172.21.15.136:8765
2024-03-26T05:16:59.627 INFO:journalctl@ceph.mon.a.smithi136.stdout:Mar 26 05:16:59 smithi136 ceph-mon[29560]: [26/Mar/2024:05:16:57] ENGINE Bus STARTED
2024-03-26T05:16:59.627 INFO:journalctl@ceph.mon.a.smithi136.stdout:Mar 26 05:16:59 smithi136 ceph-mon[29560]: mgrmap e12: y(active, since 2s)
2024-03-26T05:16:59.627 INFO:journalctl@ceph.mon.a.smithi136.stdout:Mar 26 05:16:59 smithi136 ceph-mon[29560]: from='mgr.14150 172.21.15.136:0/2732091597' entity='mgr.y'
2024-03-26T05:16:59.627 INFO:journalctl@ceph.mon.a.smithi136.stdout:Mar 26 05:16:59 smithi136 ceph-mon[29560]: from='mgr.14150 172.21.15.136:0/2732091597' entity='mgr.y'
2024-03-26T05:16:59.627 INFO:journalctl@ceph.mon.a.smithi136.stdout:Mar 26 05:16:59 smithi136 ceph-mon[29560]: from='mgr.14150 172.21.15.136:0/2732091597' entity='mgr.y'
2024-03-26T05:17:00.823 INFO:journalctl@ceph.mon.a.smithi136.stdout:Mar 26 05:17:00 smithi136 ceph-mon[29560]: from='client.14162 -' entity='client.admin' cmd=[{"prefix": "dashboard create-self-signed-cert", "target": ["mon-mgr", ""]}]: dispatch
2024-03-26T05:17:00.823 INFO:journalctl@ceph.mon.a.smithi136.stdout:Mar 26 05:17:00 smithi136 ceph-mon[29560]: from='mgr.14150 172.21.15.136:0/2732091597' entity='mgr.y'
2024-03-26T05:17:00.971 INFO:teuthology.orchestra.run.smithi136.stdout:/usr/bin/ceph: stdout {"username": "admin", "password": "$2b$12$FXvUYaXTjdJvYZs3f0VfqeMrQuRpAEO66zB4jpI0RBxBaYGLvewzS", "roles": ["administrator"], "name": null, "email": null, "lastUpdate": 1711430220, "enabled": true, "pwdExpirationDate": null, "pwdUpdateRequired": true}
2024-03-26T05:17:00.971 INFO:teuthology.orchestra.run.smithi136.stdout:/usr/bin/ceph: stderr
2024-03-26T05:16:59.848+0000 7fd69f287700 1 Processor -- start
2024-03-26T05:17:00.971 INFO:teuthology.orchestra.run.smithi136.stdout:/usr/bin/ceph: stderr
2024-03-26T05:16:59.848+0000 7fd69f287700 1 -- start start
2024-03-26T05:17:00.971 INFO:teuthology.orchestra.run.smithi136.stdout:/usr/bin/ceph: stderr
2024-03-26T05:16:59.849+0000 7fd69f287700 1 --2- >> [v2:172.21.15.136:3300/0,v1:172.21.15.136:6789/0] conn(0x7fd698105000 0x7fd698105420 unknown :-1 s=NONE pgs=0 cs=0 l=0 rev1=0 crypto rx=0 tx=0 comp rx=0 tx=0).connect
2024-03-26T05:17:00.971 INFO:teuthology.orchestra.run.smithi136.stdout:/usr/bin/ceph: stderr
2024-03-26T05:16:59.849+0000 7fd69f287700 1 -- --> [v2:172.21.15.136:3300/0,v1:172.21.15.136:6789/0] -- mon_getmap magic: 0 v1 -- 0x7fd6981059f0 con 0x7fd698105000
2024-03-26T05:17:00.972 INFO:teuthology.orchestra.run.smithi136.stdout:/usr/bin/ceph: stderr
2024-03-26T05:16:59.849+0000 7fd69d023700 1 --2- >> [v2:172.21.15.136:3300/0,v1:172.21.15.136:6789/0] conn(0x7fd698105000 0x7fd698105420 unknown :-1 s=BANNER_CONNECTING pgs=0 cs=0 l=0 rev1=0 crypto rx=0 tx=0 comp rx=0 tx=0)._handle_peer_banner_payload supported=3 required=0
2024-03-26T05:17:00.972 INFO:teuthology.orchestra.run.smithi136.stdout:/usr/bin/ceph: stderr
2024-03-26T05:16:59.849+0000 7fd69d023700 1 --2- >> [v2:172.21.15.136:3300/0,v1:172.21.15.136:6789/0] conn(0x7fd698105000 0x7fd698105420 unknown :-1 s=HELLO_CONNECTING pgs=0 cs=0 l=0 rev1=1 crypto rx=0 tx=0 comp rx=0 tx=0).handle_hello peer v2:172.21.15.136:3300/0 says I am v2:172.21.15.136:39734/0 (socket says 172.21.15.136:39734)
2024-03-26T05:17:00.972 INFO:teuthology.orchestra.run.smithi136.stdout:/usr/bin/ceph: stderr
2024-03-26T05:16:59.849+0000 7fd69d023700 1 -- 172.21.15.136:0/2403915697 learned_addr learned my addr 172.21.15.136:0/2403915697 (peer_addr_for_me v2:172.21.15.136:0/0)
2024-03-26T05:17:00.972 INFO:teuthology.orchestra.run.smithi136.stdout:/usr/bin/ceph: stderr
2024-03-26T05:16:59.849+0000 7fd69d023700 1 -- 172.21.15.136:0/2403915697 --> [v2:172.21.15.136:3300/0,v1:172.21.15.136:6789/0] -- mon_subscribe({config=0+,monmap=0+}) v3 -- 0x7fd698106200 con 0x7fd698105000
2024-03-26T05:17:00.972 INFO:teuthology.orchestra.run.smithi136.stdout:/usr/bin/ceph: stderr
2024-03-26T05:16:59.849+0000 7fd69d023700 1 --2- 172.21.15.136:0/2403915697 >> [v2:172.21.15.136:3300/0,v1:172.21.15.136:6789/0] conn(0x7fd698105000 0x7fd698105420 secure :-1 s=READY pgs=70 cs=0 l=1 rev1=1 crypto rx=0x7fd6880098a0 tx=0x7fd688009bb0 comp rx=0 tx=0).ready entity=mon.0 client_cookie=15fd0bef584159f0 server_cookie=0 in_seq=0 out_seq=0
2024-03-26T05:17:00.972 INFO:teuthology.orchestra.run.smithi136.stdout:/usr/bin/ceph: stderr
2024-03-26T05:16:59.849+0000 7fd68ffff700 1 -- 172.21.15.136:0/2403915697 <== mon.0 v2:172.21.15.136:3300/0 1 ==== mon_map magic: 0 v1 ==== 205+0+0 (secure 0 0 0) 0x7fd688004160 con 0x7fd698105000
2024-03-26T05:17:00.972 INFO:teuthology.orchestra.run.smithi136.stdout:/usr/bin/ceph: stderr
2024-03-26T05:16:59.849+0000 7fd68ffff700 1 -- 172.21.15.136:0/2403915697 <== mon.0 v2:172.21.15.136:3300/0 2 ==== config(26 keys) v1 ==== 1093+0+0 (secure 0 0 0) 0x7fd6880042c0 con 0x7fd698105000
2024-03-26T05:17:00.972 INFO:teuthology.orchestra.run.smithi136.stdout:/usr/bin/ceph: stderr
2024-03-26T05:16:59.849+0000 7fd68ffff700 1 -- 172.21.15.136:0/2403915697 <== mon.0 v2:172.21.15.136:3300/0 3 ==== mon_map magic: 0 v1 ==== 205+0+0 (secure 0 0 0) 0x7fd688011960 con 0x7fd698105000
2024-03-26T05:17:00.972 INFO:teuthology.orchestra.run.smithi136.stdout:/usr/bin/ceph: stderr
2024-03-26T05:16:59.850+0000 7fd69f287700 1 -- 172.21.15.136:0/2403915697 >> [v2:172.21.15.136:3300/0,v1:172.21.15.136:6789/0] conn(0x7fd698105000 msgr2=0x7fd698105420 secure :-1 s=STATE_CONNECTION_ESTABLISHED l=1).mark_down
2024-03-26T05:17:00.972 INFO:teuthology.orchestra.run.smithi136.stdout:/usr/bin/ceph: stderr
2024-03-26T05:16:59.850+0000 7fd69f287700 1 --2- 172.21.15.136:0/2403915697 >> [v2:172.21.15.136:3300/0,v1:172.21.15.136:6789/0] conn(0x7fd698105000 0x7fd698105420 secure :-1 s=READY pgs=70 cs=0 l=1 rev1=1 crypto rx=0x7fd6880098a0 tx=0x7fd688009bb0 comp rx=0 tx=0).stop
2024-03-26T05:17:00.972 INFO:teuthology.orchestra.run.smithi136.stdout:/usr/bin/ceph: stderr
2024-03-26T05:16:59.850+0000 7fd69f287700 1 -- 172.21.15.136:0/2403915697 shutdown_connections
2024-03-26T05:17:00.972 INFO:teuthology.orchestra.run.smithi136.stdout:/usr/bin/ceph: stderr
2024-03-26T05:16:59.850+0000 7fd69f287700 1 --2- 172.21.15.136:0/2403915697 >> [v2:172.21.15.136:3300/0,v1:172.21.15.136:6789/0] conn(0x7fd698105000 0x7fd698105420 unknown :-1 s=CLOSED pgs=70 cs=0 l=1 rev1=1 crypto rx=0 tx=0 comp rx=0 tx=0).stop
2024-03-26T05:17:00.972 INFO:teuthology.orchestra.run.smithi136.stdout:/usr/bin/ceph: stderr
2024-03-26T05:16:59.850+0000 7fd69f287700 1 -- 172.21.15.136:0/2403915697 >> 172.21.15.136:0/2403915697 conn(0x7fd6981005a0 msgr2=0x7fd6981029e0 unknown :-1 s=STATE_NONE l=0).mark_down
2024-03-26T05:17:00.972 INFO:teuthology.orchestra.run.smithi136.stdout:/usr/bin/ceph: stderr
2024-03-26T05:16:59.850+0000 7fd69f287700 1 -- 172.21.15.136:0/2403915697 shutdown_connections
2024-03-26T05:17:00.972 INFO:teuthology.orchestra.run.smithi136.stdout:/usr/bin/ceph: stderr
2024-03-26T05:16:59.850+0000 7fd69f287700 1 -- 172.21.15.136:0/2403915697 wait complete.
2024-03-26T05:17:00.973 INFO:teuthology.orchestra.run.smithi136.stdout:/usr/bin/ceph: stderr
2024-03-26T05:16:59.851+0000 7fd69f287700 1 Processor -- start
2024-03-26T05:17:00.973 INFO:teuthology.orchestra.run.smithi136.stdout:/usr/bin/ceph: stderr
2024-03-26T05:16:59.851+0000 7fd69f287700 1 -- start start
2024-03-26T05:17:00.973 INFO:teuthology.orchestra.run.smithi136.stdout:/usr/bin/ceph: stderr
2024-03-26T05:16:59.851+0000 7fd69f287700 1 --2- >> [v2:172.21.15.136:3300/0,v1:172.21.15.136:6789/0] conn(0x7fd698105000 0x7fd698198df0 unknown :-1 s=NONE pgs=0 cs=0 l=1 rev1=0 crypto rx=0 tx=0 comp rx=0 tx=0).connect
2024-03-26T05:17:00.973 INFO:teuthology.orchestra.run.smithi136.stdout:/usr/bin/ceph: stderr
2024-03-26T05:16:59.851+0000 7fd69f287700 1 -- --> [v2:172.21.15.136:3300/0,v1:172.21.15.136:6789/0] -- mon_getmap magic: 0 v1 -- 0x7fd698199330 con 0x7fd698105000
2024-03-26T05:17:00.973 INFO:teuthology.orchestra.run.smithi136.stdout:/usr/bin/ceph: stderr
2024-03-26T05:16:59.851+0000 7fd69d023700 1 --2- >> [v2:172.21.15.136:3300/0,v1:172.21.15.136:6789/0] conn(0x7fd698105000 0x7fd698198df0 unknown :-1 s=BANNER_CONNECTING pgs=0 cs=0 l=1 rev1=0 crypto rx=0 tx=0 comp rx=0 tx=0)._handle_peer_banner_payload supported=3 required=0
2024-03-26T05:17:00.973 INFO:teuthology.orchestra.run.smithi136.stdout:/usr/bin/ceph: stderr
2024-03-26T05:16:59.851+0000 7fd69d023700 1 --2- >> [v2:172.21.15.136:3300/0,v1:172.21.15.136:6789/0] conn(0x7fd698105000 0x7fd698198df0 unknown :-1 s=HELLO_CONNECTING pgs=0 cs=0 l=1 rev1=1 crypto rx=0 tx=0 comp rx=0 tx=0).handle_hello peer v2:172.21.15.136:3300/0 says I am v2:172.21.15.136:39738/0 (socket says 172.21.15.136:39738)
2024-03-26T05:17:00.973 INFO:teuthology.orchestra.run.smithi136.stdout:/usr/bin/ceph: stderr
2024-03-26T05:16:59.851+0000 7fd69d023700 1 -- 172.21.15.136:0/2540276369 learned_addr learned my addr 172.21.15.136:0/2540276369 (peer_addr_for_me v2:172.21.15.136:0/0)
2024-03-26T05:17:00.973 INFO:teuthology.orchestra.run.smithi136.stdout:/usr/bin/ceph: stderr
2024-03-26T05:16:59.852+0000 7fd69d023700 1 -- 172.21.15.136:0/2540276369 --> [v2:172.21.15.136:3300/0,v1:172.21.15.136:6789/0] -- mon_subscribe({config=0+,monmap=0+}) v3 -- 0x7fd688009550 con 0x7fd698105000
2024-03-26T05:17:00.973 INFO:teuthology.orchestra.run.smithi136.stdout:/usr/bin/ceph: stderr
2024-03-26T05:16:59.852+0000 7fd69d023700 1 --2- 172.21.15.136:0/2540276369 >> [v2:172.21.15.136:3300/0,v1:172.21.15.136:6789/0] conn(0x7fd698105000 0x7fd698198df0 secure :-1 s=READY pgs=71 cs=0 l=1 rev1=1 crypto rx=0x7fd688006af0 tx=0x7fd6880119e0 comp rx=0 tx=0).ready entity=mon.0 client_cookie=0 server_cookie=0 in_seq=0 out_seq=0
2024-03-26T05:17:00.973 INFO:teuthology.orchestra.run.smithi136.stdout:/usr/bin/ceph: stderr
2024-03-26T05:16:59.852+0000 7fd68e7fc700 1 -- 172.21.15.136:0/2540276369 <== mon.0 v2:172.21.15.136:3300/0 1 ==== mon_map magic: 0 v1 ==== 205+0+0 (secure 0 0 0) 0x7fd6880039b0 con 0x7fd698105000
2024-03-26T05:17:00.973 INFO:teuthology.orchestra.run.smithi136.stdout:/usr/bin/ceph: stderr
2024-03-26T05:16:59.852+0000 7fd68e7fc700 1 -- 172.21.15.136:0/2540276369 <== mon.0 v2:172.21.15.136:3300/0 2 ==== config(26 keys) v1 ==== 1093+0+0 (secure 0 0 0) 0x7fd688003b10 con 0x7fd698105000
2024-03-26T05:17:00.973 INFO:teuthology.orchestra.run.smithi136.stdout:/usr/bin/ceph: stderr
2024-03-26T05:16:59.852+0000 7fd68e7fc700 1 -- 172.21.15.136:0/2540276369 <== mon.0 v2:172.21.15.136:3300/0 3 ==== mon_map magic: 0 v1 ==== 205+0+0 (secure 0 0 0) 0x7fd688019670 con 0x7fd698105000
2024-03-26T05:17:00.973 INFO:teuthology.orchestra.run.smithi136.stdout:/usr/bin/ceph: stderr
2024-03-26T05:16:59.852+0000 7fd69f287700 1 -- 172.21.15.136:0/2540276369 --> [v2:172.21.15.136:3300/0,v1:172.21.15.136:6789/0] -- mon_subscribe({mgrmap=0+}) v3 -- 0x7fd698199530 con 0x7fd698105000
2024-03-26T05:17:00.973 INFO:teuthology.orchestra.run.smithi136.stdout:/usr/bin/ceph: stderr
2024-03-26T05:16:59.852+0000 7fd69f287700 1 -- 172.21.15.136:0/2540276369 --> [v2:172.21.15.136:3300/0,v1:172.21.15.136:6789/0] -- mon_subscribe({osdmap=0}) v3 -- 0x7fd6981999d0 con 0x7fd698105000
2024-03-26T05:17:00.974 INFO:teuthology.orchestra.run.smithi136.stdout:/usr/bin/ceph: stderr
2024-03-26T05:16:59.853+0000 7fd69f287700 1 -- 172.21.15.136:0/2540276369 --> [v2:172.21.15.136:3300/0,v1:172.21.15.136:6789/0] -- mon_command({"prefix": "get_command_descriptions"} v 0) v1 -- 0x7fd698109430 con 0x7fd698105000
2024-03-26T05:17:00.974 INFO:teuthology.orchestra.run.smithi136.stdout:/usr/bin/ceph: stderr
2024-03-26T05:16:59.853+0000 7fd68e7fc700 1 -- 172.21.15.136:0/2540276369 <== mon.0 v2:172.21.15.136:3300/0 4 ==== mgrmap(e 12) v1 ==== 45906+0+0 (secure 0 0 0) 0x7fd6880198e0 con 0x7fd698105000
2024-03-26T05:17:00.974 INFO:teuthology.orchestra.run.smithi136.stdout:/usr/bin/ceph: stderr
2024-03-26T05:16:59.853+0000 7fd68e7fc700 1 --2- 172.21.15.136:0/2540276369 >> v2:172.21.15.136:6800/2365933975 conn(0x7fd684038ef0 0x7fd68403b3b0 unknown :-1 s=NONE pgs=0 cs=0 l=1 rev1=0 crypto rx=0 tx=0 comp rx=0 tx=0).connect
2024-03-26T05:17:00.974 INFO:teuthology.orchestra.run.smithi136.stdout:/usr/bin/ceph: stderr
2024-03-26T05:16:59.853+0000 7fd68e7fc700 1 -- 172.21.15.136:0/2540276369 <== mon.0 v2:172.21.15.136:3300/0 5 ==== osd_map(3..3 src has 1..3) v4 ==== 1069+0+0 (secure 0 0 0) 0x7fd68804d760 con 0x7fd698105000
2024-03-26T05:17:00.974 INFO:teuthology.orchestra.run.smithi136.stdout:/usr/bin/ceph: stderr
2024-03-26T05:16:59.853+0000 7fd69c822700 1 --2- 172.21.15.136:0/2540276369 >> v2:172.21.15.136:6800/2365933975 conn(0x7fd684038ef0 0x7fd68403b3b0 unknown :-1 s=BANNER_CONNECTING pgs=0 cs=0 l=1 rev1=0 crypto rx=0 tx=0 comp rx=0 tx=0)._handle_peer_banner_payload supported=3 required=0
2024-03-26T05:17:00.974 INFO:teuthology.orchestra.run.smithi136.stdout:/usr/bin/ceph: stderr
2024-03-26T05:16:59.854+0000 7fd69c822700 1 --2- 172.21.15.136:0/2540276369 >> v2:172.21.15.136:6800/2365933975 conn(0x7fd684038ef0 0x7fd68403b3b0 secure :-1 s=READY pgs=8 cs=0 l=1 rev1=1 crypto rx=0x7fd694006fd0 tx=0x7fd694006e40 comp rx=0 tx=0).ready entity=mgr.14150 client_cookie=0 server_cookie=0 in_seq=0 out_seq=0
2024-03-26T05:17:00.974 INFO:teuthology.orchestra.run.smithi136.stdout:/usr/bin/ceph: stderr
2024-03-26T05:16:59.858+0000 7fd68e7fc700 1 -- 172.21.15.136:0/2540276369 <== mon.0 v2:172.21.15.136:3300/0 6 ==== mon_command_ack([{"prefix": "get_command_descriptions"}]=0 v0) v1 ==== 72+0+184932 (secure 0 0 0) 0x7fd688023e00 con 0x7fd698105000
2024-03-26T05:17:00.974 INFO:teuthology.orchestra.run.smithi136.stdout:/usr/bin/ceph: stderr
2024-03-26T05:17:00.083+0000 7fd69f287700 1 -- 172.21.15.136:0/2540276369 --> v2:172.21.15.136:6800/2365933975 -- mgr_command(tid 0: {"prefix": "dashboard ac-user-create", "username": "admin", "rolename": "administrator", "force_password": true, "pwd_update_required": true, "target": ["mon-mgr", ""]}) v1 -- 0x7fd6980634d0 con 0x7fd684038ef0
2024-03-26T05:17:00.974 INFO:teuthology.orchestra.run.smithi136.stdout:/usr/bin/ceph: stderr
2024-03-26T05:17:00.311+0000 7fd68e7fc700 1 -- 172.21.15.136:0/2540276369 <== mgr.14150 v2:172.21.15.136:6800/2365933975 1 ==== mgr_command_reply(tid 0: 0 ) v1 ==== 8+0+252 (secure 0 0 0) 0x7fd6980634d0 con 0x7fd684038ef0
2024-03-26T05:17:00.974 INFO:teuthology.orchestra.run.smithi136.stdout:/usr/bin/ceph: stderr
2024-03-26T05:17:00.313+0000 7fd69f287700 1 -- 172.21.15.136:0/2540276369 >> v2:172.21.15.136:6800/2365933975 conn(0x7fd684038ef0 msgr2=0x7fd68403b3b0 secure :-1 s=STATE_CONNECTION_ESTABLISHED l=1).mark_down
2024-03-26T05:17:00.974 INFO:teuthology.orchestra.run.smithi136.stdout:/usr/bin/ceph: stderr
2024-03-26T05:17:00.313+0000 7fd69f287700 1 --2- 172.21.15.136:0/2540276369 >> v2:172.21.15.136:6800/2365933975 conn(0x7fd684038ef0 0x7fd68403b3b0 secure :-1 s=READY pgs=8 cs=0 l=1 rev1=1 crypto rx=0x7fd694006fd0 tx=0x7fd694006e40 comp rx=0 tx=0).stop
2024-03-26T05:17:00.974 INFO:teuthology.orchestra.run.smithi136.stdout:/usr/bin/ceph: stderr
2024-03-26T05:17:00.313+0000 7fd69f287700 1 -- 172.21.15.136:0/2540276369 >> [v2:172.21.15.136:3300/0,v1:172.21.15.136:6789/0] conn(0x7fd698105000 msgr2=0x7fd698198df0 secure :-1 s=STATE_CONNECTION_ESTABLISHED l=1).mark_down
2024-03-26T05:17:00.974 INFO:teuthology.orchestra.run.smithi136.stdout:/usr/bin/ceph: stderr
2024-03-26T05:17:00.313+0000 7fd69f287700 1 --2- 172.21.15.136:0/2540276369 >> [v2:172.21.15.136:3300/0,v1:172.21.15.136:6789/0] conn(0x7fd698105000 0x7fd698198df0 secure :-1 s=READY pgs=71 cs=0 l=1 rev1=1 crypto rx=0x7fd688006af0 tx=0x7fd6880119e0 comp rx=0 tx=0).stop
2024-03-26T05:17:00.975 INFO:teuthology.orchestra.run.smithi136.stdout:/usr/bin/ceph: stderr
2024-03-26T05:17:00.313+0000 7fd69f287700 1 -- 172.21.15.136:0/2540276369 shutdown_connections
2024-03-26T05:17:00.975 INFO:teuthology.orchestra.run.smithi136.stdout:/usr/bin/ceph: stderr
2024-03-26T05:17:00.313+0000 7fd69f287700 1 --2- 172.21.15.136:0/2540276369 >> v2:172.21.15.136:6800/2365933975 conn(0x7fd684038ef0 0x7fd68403b3b0 unknown :-1 s=CLOSED pgs=8 cs=0 l=1 rev1=1 crypto rx=0 tx=0 comp rx=0 tx=0).stop
2024-03-26T05:17:00.975 INFO:teuthology.orchestra.run.smithi136.stdout:/usr/bin/ceph: stderr
2024-03-26T05:17:00.313+0000 7fd69f287700 1 --2- 172.21.15.136:0/2540276369 >> [v2:172.21.15.136:3300/0,v1:172.21.15.136:6789/0] conn(0x7fd698105000 0x7fd698198df0 unknown :-1 s=CLOSED pgs=71 cs=0 l=1 rev1=1 crypto rx=0 tx=0 comp rx=0 tx=0).stop
2024-03-26T05:17:00.975 INFO:teuthology.orchestra.run.smithi136.stdout:/usr/bin/ceph: stderr
2024-03-26T05:17:00.313+0000 7fd69f287700 1 -- 172.21.15.136:0/2540276369 >> 172.21.15.136:0/2540276369 conn(0x7fd6981005a0 msgr2=0x7fd698101150 unknown :-1 s=STATE_NONE l=0).mark_down
2024-03-26T05:17:00.975 INFO:teuthology.orchestra.run.smithi136.stdout:/usr/bin/ceph: stderr
2024-03-26T05:17:00.313+0000 7fd69f287700 1 -- 172.21.15.136:0/2540276369 shutdown_connections
2024-03-26T05:17:00.975 INFO:teuthology.orchestra.run.smithi136.stdout:/usr/bin/ceph: stderr
2024-03-26T05:17:00.313+0000 7fd69f287700 1 -- 172.21.15.136:0/2540276369 wait complete.
2024-03-26T05:17:00.975 INFO:teuthology.orchestra.run.smithi136.stdout:Fetching dashboard port number...
2024-03-26T05:17:01.751 INFO:journalctl@ceph.mon.a.smithi136.stdout:Mar 26 05:17:01 smithi136 ceph-mon[29560]: from='client.14164 -' entity='client.admin' cmd=[{"prefix": "dashboard ac-user-create", "username": "admin", "rolename": "administrator", "force_password": true, "pwd_update_required": true, "target": ["mon-mgr", ""]}]: dispatch
2024-03-26T05:17:01.752 INFO:journalctl@ceph.mon.a.smithi136.stdout:Mar 26 05:17:01 smithi136 ceph-mon[29560]: from='mgr.14150 172.21.15.136:0/2732091597' entity='mgr.y'
2024-03-26T05:17:02.380 INFO:teuthology.orchestra.run.smithi136.stdout:/usr/bin/ceph: stdout 8443
2024-03-26T05:17:02.380 INFO:teuthology.orchestra.run.smithi136.stdout:/usr/bin/ceph: stderr
2024-03-26T05:17:01.521+0000 7f8eb2a2c700 1 Processor -- start
2024-03-26T05:17:02.380 INFO:teuthology.orchestra.run.smithi136.stdout:/usr/bin/ceph: stderr
2024-03-26T05:17:01.521+0000 7f8eb2a2c700 1 -- start start
2024-03-26T05:17:02.380 INFO:teuthology.orchestra.run.smithi136.stdout:/usr/bin/ceph: stderr
2024-03-26T05:17:01.522+0000 7f8eb2a2c700 1 --2- >> [v2:172.21.15.136:3300/0,v1:172.21.15.136:6789/0] conn(0x7f8eac106bc0 0x7f8eac108fb0 unknown :-1 s=NONE pgs=0 cs=0 l=0 rev1=0 crypto rx=0 tx=0 comp rx=0 tx=0).connect
2024-03-26T05:17:02.381 INFO:teuthology.orchestra.run.smithi136.stdout:/usr/bin/ceph: stderr
2024-03-26T05:17:01.522+0000 7f8eb2a2c700 1 -- --> [v2:172.21.15.136:3300/0,v1:172.21.15.136:6789/0] -- mon_getmap magic: 0 v1 -- 0x7f8eac079f70 con 0x7f8eac106bc0
2024-03-26T05:17:02.381 INFO:teuthology.orchestra.run.smithi136.stdout:/usr/bin/ceph: stderr
2024-03-26T05:17:01.522+0000 7f8eabfff700 1 --2- >> [v2:172.21.15.136:3300/0,v1:172.21.15.136:6789/0] conn(0x7f8eac106bc0 0x7f8eac108fb0 unknown :-1 s=BANNER_CONNECTING pgs=0 cs=0 l=0 rev1=0 crypto rx=0 tx=0 comp rx=0 tx=0)._handle_peer_banner_payload supported=3 required=0
2024-03-26T05:17:02.381 INFO:teuthology.orchestra.run.smithi136.stdout:/usr/bin/ceph: stderr
2024-03-26T05:17:01.522+0000 7f8eabfff700 1 --2- >> [v2:172.21.15.136:3300/0,v1:172.21.15.136:6789/0] conn(0x7f8eac106bc0 0x7f8eac108fb0 unknown :-1 s=HELLO_CONNECTING pgs=0 cs=0 l=0 rev1=1 crypto rx=0 tx=0 comp rx=0 tx=0).handle_hello peer v2:172.21.15.136:3300/0 says I am v2:172.21.15.136:44472/0 (socket says 172.21.15.136:44472)
2024-03-26T05:17:02.381 INFO:teuthology.orchestra.run.smithi136.stdout:/usr/bin/ceph: stderr
2024-03-26T05:17:01.522+0000 7f8eabfff700 1 -- 172.21.15.136:0/2332632954 learned_addr learned my addr 172.21.15.136:0/2332632954 (peer_addr_for_me v2:172.21.15.136:0/0)
2024-03-26T05:17:02.381 INFO:teuthology.orchestra.run.smithi136.stdout:/usr/bin/ceph: stderr
2024-03-26T05:17:01.522+0000 7f8eabfff700 1 -- 172.21.15.136:0/2332632954 --> [v2:172.21.15.136:3300/0,v1:172.21.15.136:6789/0] -- mon_subscribe({config=0+,monmap=0+}) v3 -- 0x7f8eac1094f0 con 0x7f8eac106bc0
2024-03-26T05:17:02.381 INFO:teuthology.orchestra.run.smithi136.stdout:/usr/bin/ceph: stderr
2024-03-26T05:17:01.522+0000 7f8eabfff700 1 --2- 172.21.15.136:0/2332632954 >> [v2:172.21.15.136:3300/0,v1:172.21.15.136:6789/0] conn(0x7f8eac106bc0 0x7f8eac108fb0 secure :-1 s=READY pgs=72 cs=0 l=1 rev1=1 crypto rx=0x7f8e9c0098a0 tx=0x7f8e9c009bb0 comp rx=0 tx=0).ready entity=mon.0 client_cookie=6f4647f52124e634 server_cookie=0 in_seq=0 out_seq=0
2024-03-26T05:17:02.381 INFO:teuthology.orchestra.run.smithi136.stdout:/usr/bin/ceph: stderr
2024-03-26T05:17:01.522+0000 7f8eaaffd700 1 -- 172.21.15.136:0/2332632954 <== mon.0 v2:172.21.15.136:3300/0 1 ==== mon_map magic: 0 v1 ==== 205+0+0 (secure 0 0 0) 0x7f8e9c004160 con 0x7f8eac106bc0
2024-03-26T05:17:02.381 INFO:teuthology.orchestra.run.smithi136.stdout:/usr/bin/ceph: stderr
2024-03-26T05:17:01.522+0000 7f8eaaffd700 1 -- 172.21.15.136:0/2332632954 <== mon.0 v2:172.21.15.136:3300/0 2 ==== config(26 keys) v1 ==== 1093+0+0 (secure 0 0 0) 0x7f8e9c0042c0 con 0x7f8eac106bc0
2024-03-26T05:17:02.381 INFO:teuthology.orchestra.run.smithi136.stdout:/usr/bin/ceph: stderr
2024-03-26T05:17:01.522+0000 7f8eaaffd700 1 -- 172.21.15.136:0/2332632954 <== mon.0 v2:172.21.15.136:3300/0 3 ==== mon_map magic: 0 v1 ==== 205+0+0 (secure 0 0 0) 0x7f8e9c011960 con 0x7f8eac106bc0
2024-03-26T05:17:02.381 INFO:teuthology.orchestra.run.smithi136.stdout:/usr/bin/ceph: stderr
2024-03-26T05:17:01.523+0000 7f8eb2a2c700 1 -- 172.21.15.136:0/2332632954 >> [v2:172.21.15.136:3300/0,v1:172.21.15.136:6789/0] conn(0x7f8eac106bc0 msgr2=0x7f8eac108fb0 secure :-1 s=STATE_CONNECTION_ESTABLISHED l=1).mark_down
2024-03-26T05:17:02.381 INFO:teuthology.orchestra.run.smithi136.stdout:/usr/bin/ceph: stderr
2024-03-26T05:17:01.523+0000 7f8eb2a2c700 1 --2- 172.21.15.136:0/2332632954 >> [v2:172.21.15.136:3300/0,v1:172.21.15.136:6789/0] conn(0x7f8eac106bc0 0x7f8eac108fb0 secure :-1 s=READY pgs=72 cs=0 l=1 rev1=1 crypto rx=0x7f8e9c0098a0 tx=0x7f8e9c009bb0 comp rx=0 tx=0).stop
2024-03-26T05:17:02.381 INFO:teuthology.orchestra.run.smithi136.stdout:/usr/bin/ceph: stderr
2024-03-26T05:17:01.523+0000 7f8eb2a2c700 1 -- 172.21.15.136:0/2332632954 shutdown_connections
2024-03-26T05:17:02.381 INFO:teuthology.orchestra.run.smithi136.stdout:/usr/bin/ceph: stderr
2024-03-26T05:17:01.523+0000 7f8eb2a2c700 1 --2- 172.21.15.136:0/2332632954 >> [v2:172.21.15.136:3300/0,v1:172.21.15.136:6789/0] conn(0x7f8eac106bc0 0x7f8eac108fb0 unknown :-1 s=CLOSED pgs=72 cs=0 l=1 rev1=1 crypto rx=0 tx=0 comp rx=0 tx=0).stop
2024-03-26T05:17:02.382 INFO:teuthology.orchestra.run.smithi136.stdout:/usr/bin/ceph: stderr
2024-03-26T05:17:01.523+0000 7f8eb2a2c700 1 -- 172.21.15.136:0/2332632954 >> 172.21.15.136:0/2332632954 conn(0x7f8eac1005d0 msgr2=0x7f8eac1029f0 unknown :-1 s=STATE_NONE l=0).mark_down
2024-03-26T05:17:02.382 INFO:teuthology.orchestra.run.smithi136.stdout:/usr/bin/ceph: stderr
2024-03-26T05:17:01.523+0000 7f8eb2a2c700 1 -- 172.21.15.136:0/2332632954 shutdown_connections
2024-03-26T05:17:02.382 INFO:teuthology.orchestra.run.smithi136.stdout:/usr/bin/ceph: stderr
2024-03-26T05:17:01.523+0000 7f8eb2a2c700 1 -- 172.21.15.136:0/2332632954 wait complete.
2024-03-26T05:17:02.382 INFO:teuthology.orchestra.run.smithi136.stdout:/usr/bin/ceph: stderr
2024-03-26T05:17:01.524+0000 7f8eb2a2c700 1 Processor -- start
2024-03-26T05:17:02.382 INFO:teuthology.orchestra.run.smithi136.stdout:/usr/bin/ceph: stderr
2024-03-26T05:17:01.524+0000 7f8eb2a2c700 1 -- start start
2024-03-26T05:17:02.382 INFO:teuthology.orchestra.run.smithi136.stdout:/usr/bin/ceph: stderr
2024-03-26T05:17:01.524+0000 7f8eb2a2c700 1 --2- >> [v2:172.21.15.136:3300/0,v1:172.21.15.136:6789/0] conn(0x7f8eac106bc0 0x7f8eac106440 unknown :-1 s=NONE pgs=0 cs=0 l=1 rev1=0 crypto rx=0 tx=0 comp rx=0 tx=0).connect
2024-03-26T05:17:02.382 INFO:teuthology.orchestra.run.smithi136.stdout:/usr/bin/ceph: stderr
2024-03-26T05:17:01.524+0000 7f8eb2a2c700 1 -- --> [v2:172.21.15.136:3300/0,v1:172.21.15.136:6789/0] -- mon_getmap magic: 0 v1 -- 0x7f8eac106980 con 0x7f8eac106bc0
2024-03-26T05:17:02.382 INFO:teuthology.orchestra.run.smithi136.stdout:/usr/bin/ceph: stderr
2024-03-26T05:17:01.525+0000 7f8eabfff700 1 --2- >> [v2:172.21.15.136:3300/0,v1:172.21.15.136:6789/0] conn(0x7f8eac106bc0 0x7f8eac106440 unknown :-1 s=BANNER_CONNECTING pgs=0 cs=0 l=1 rev1=0 crypto rx=0 tx=0 comp rx=0 tx=0)._handle_peer_banner_payload supported=3 required=0
2024-03-26T05:17:02.382 INFO:teuthology.orchestra.run.smithi136.stdout:/usr/bin/ceph: stderr
2024-03-26T05:17:01.525+0000 7f8eabfff700 1 --2- >> [v2:172.21.15.136:3300/0,v1:172.21.15.136:6789/0] conn(0x7f8eac106bc0 0x7f8eac106440 unknown :-1 s=HELLO_CONNECTING pgs=0 cs=0 l=1 rev1=1 crypto rx=0 tx=0 comp rx=0 tx=0).handle_hello peer v2:172.21.15.136:3300/0 says I am v2:172.21.15.136:44486/0 (socket says 172.21.15.136:44486)
2024-03-26T05:17:02.382 INFO:teuthology.orchestra.run.smithi136.stdout:/usr/bin/ceph: stderr
2024-03-26T05:17:01.525+0000 7f8eabfff700 1 -- 172.21.15.136:0/507429319 learned_addr learned my addr 172.21.15.136:0/507429319 (peer_addr_for_me v2:172.21.15.136:0/0)
2024-03-26T05:17:02.382 INFO:teuthology.orchestra.run.smithi136.stdout:/usr/bin/ceph: stderr
2024-03-26T05:17:01.525+0000 7f8eabfff700 1 -- 172.21.15.136:0/507429319 --> [v2:172.21.15.136:3300/0,v1:172.21.15.136:6789/0] -- mon_subscribe({config=0+,monmap=0+}) v3 -- 0x7f8e9c009550 con 0x7f8eac106bc0
2024-03-26T05:17:02.383 INFO:teuthology.orchestra.run.smithi136.stdout:/usr/bin/ceph: stderr
2024-03-26T05:17:01.525+0000 7f8eabfff700 1 --2- 172.21.15.136:0/507429319 >> [v2:172.21.15.136:3300/0,v1:172.21.15.136:6789/0] conn(0x7f8eac106bc0 0x7f8eac106440 secure :-1 s=READY pgs=73 cs=0 l=1 rev1=1 crypto rx=0x7f8e9c004290 tx=0x7f8e9c011eb0 comp rx=0 tx=0).ready entity=mon.0 client_cookie=0 server_cookie=0 in_seq=0 out_seq=0
2024-03-26T05:17:02.383 INFO:teuthology.orchestra.run.smithi136.stdout:/usr/bin/ceph: stderr
2024-03-26T05:17:01.525+0000 7f8ea97fa700 1 -- 172.21.15.136:0/507429319 <== mon.0 v2:172.21.15.136:3300/0 1 ==== mon_map magic: 0 v1 ==== 205+0+0 (secure 0 0 0) 0x7f8e9c0036a0 con 0x7f8eac106bc0
2024-03-26T05:17:02.383 INFO:teuthology.orchestra.run.smithi136.stdout:/usr/bin/ceph: stderr
2024-03-26T05:17:01.525+0000 7f8eb2a2c700 1 -- 172.21.15.136:0/507429319 --> [v2:172.21.15.136:3300/0,v1:172.21.15.136:6789/0] -- mon_subscribe({mgrmap=0+}) v3 -- 0x7f8eac104b70 con 0x7f8eac106bc0
2024-03-26T05:17:02.383 INFO:teuthology.orchestra.run.smithi136.stdout:/usr/bin/ceph: stderr
2024-03-26T05:17:01.525+0000 7f8eb2a2c700 1 -- 172.21.15.136:0/507429319 --> [v2:172.21.15.136:3300/0,v1:172.21.15.136:6789/0] -- mon_subscribe({osdmap=0}) v3 -- 0x7f8eac105010 con 0x7f8eac106bc0
2024-03-26T05:17:02.383 INFO:teuthology.orchestra.run.smithi136.stdout:/usr/bin/ceph: stderr
2024-03-26T05:17:01.525+0000 7f8ea97fa700 1 -- 172.21.15.136:0/507429319 <== mon.0 v2:172.21.15.136:3300/0 2 ==== config(26 keys) v1 ==== 1093+0+0 (secure 0 0 0) 0x7f8e9c024440 con 0x7f8eac106bc0
2024-03-26T05:17:02.383 INFO:teuthology.orchestra.run.smithi136.stdout:/usr/bin/ceph: stderr
2024-03-26T05:17:01.525+0000 7f8ea97fa700 1 -- 172.21.15.136:0/507429319 <== mon.0 v2:172.21.15.136:3300/0 3 ==== mon_map magic: 0 v1 ==== 205+0+0 (secure 0 0 0) 0x7f8e9c01a560 con 0x7f8eac106bc0
2024-03-26T05:17:02.383 INFO:teuthology.orchestra.run.smithi136.stdout:/usr/bin/ceph: stderr
2024-03-26T05:17:01.526+0000 7f8ea97fa700 1 -- 172.21.15.136:0/507429319 <== mon.0 v2:172.21.15.136:3300/0 4 ==== mgrmap(e 12) v1 ==== 45906+0+0 (secure 0 0 0) 0x7f8e9c01a6c0 con 0x7f8eac106bc0
2024-03-26T05:17:02.383 INFO:teuthology.orchestra.run.smithi136.stdout:/usr/bin/ceph: stderr
2024-03-26T05:17:01.526+0000 7f8ea97fa700 1 --2- 172.21.15.136:0/507429319 >> v2:172.21.15.136:6800/2365933975 conn(0x7f8e94038ef0 0x7f8e9403b3b0 unknown :-1 s=NONE pgs=0 cs=0 l=1 rev1=0 crypto rx=0 tx=0 comp rx=0 tx=0).connect
2024-03-26T05:17:02.383 INFO:teuthology.orchestra.run.smithi136.stdout:/usr/bin/ceph: stderr
2024-03-26T05:17:01.526+0000 7f8ea97fa700 1 -- 172.21.15.136:0/507429319 <== mon.0 v2:172.21.15.136:3300/0 5 ==== osd_map(3..3 src has 1..3) v4 ==== 1069+0+0 (secure 0 0 0) 0x7f8e9c04de10 con 0x7f8eac106bc0
2024-03-26T05:17:02.383 INFO:teuthology.orchestra.run.smithi136.stdout:/usr/bin/ceph: stderr
2024-03-26T05:17:01.526+0000 7f8eb2a2c700 1 -- 172.21.15.136:0/507429319 --> [v2:172.21.15.136:3300/0,v1:172.21.15.136:6789/0] -- mon_command({"prefix": "get_command_descriptions"} v 0) v1 -- 0x7f8e98005150 con 0x7f8eac106bc0
2024-03-26T05:17:02.384 INFO:teuthology.orchestra.run.smithi136.stdout:/usr/bin/ceph: stderr
2024-03-26T05:17:01.527+0000 7f8eab7fe700 1 --2- 172.21.15.136:0/507429319 >> v2:172.21.15.136:6800/2365933975 conn(0x7f8e94038ef0 0x7f8e9403b3b0 unknown :-1 s=BANNER_CONNECTING pgs=0 cs=0 l=1 rev1=0 crypto rx=0 tx=0 comp rx=0 tx=0)._handle_peer_banner_payload supported=3 required=0
2024-03-26T05:17:02.384 INFO:teuthology.orchestra.run.smithi136.stdout:/usr/bin/ceph: stderr
2024-03-26T05:17:01.527+0000 7f8eab7fe700 1 --2- 172.21.15.136:0/507429319 >> v2:172.21.15.136:6800/2365933975 conn(0x7f8e94038ef0 0x7f8e9403b3b0 secure :-1 s=READY pgs=9 cs=0 l=1 rev1=1 crypto rx=0x7f8ea0006fd0 tx=0x7f8ea0006e40 comp rx=0 tx=0).ready entity=mgr.14150 client_cookie=0 server_cookie=0 in_seq=0 out_seq=0
2024-03-26T05:17:02.384 INFO:teuthology.orchestra.run.smithi136.stdout:/usr/bin/ceph: stderr
2024-03-26T05:17:01.532+0000 7f8ea97fa700 1 -- 172.21.15.136:0/507429319 <== mon.0 v2:172.21.15.136:3300/0 6 ==== mon_command_ack([{"prefix": "get_command_descriptions"}]=0 v0) v1 ==== 72+0+184932 (secure 0 0 0) 0x7f8e9c02d910 con 0x7f8eac106bc0
2024-03-26T05:17:02.384 INFO:teuthology.orchestra.run.smithi136.stdout:/usr/bin/ceph: stderr
2024-03-26T05:17:01.747+0000 7f8eb2a2c700 1 -- 172.21.15.136:0/507429319 --> [v2:172.21.15.136:3300/0,v1:172.21.15.136:6789/0] -- mon_command({"prefix": "config get", "who": "mgr", "key": "mgr/dashboard/ssl_server_port"} v 0) v1 -- 0x7f8e98005980 con 0x7f8eac106bc0
2024-03-26T05:17:02.384 INFO:teuthology.orchestra.run.smithi136.stdout:/usr/bin/ceph: stderr
2024-03-26T05:17:01.748+0000 7f8ea97fa700 1 -- 172.21.15.136:0/507429319 <== mon.0 v2:172.21.15.136:3300/0 7 ==== mon_command_ack([{"prefix": "config get", "who": "mgr", "key": "mgr/dashboard/ssl_server_port"}]=0 v8) v1 ==== 112+0+5 (secure 0 0 0) 0x7f8e9c018be0 con 0x7f8eac106bc0
2024-03-26T05:17:02.384 INFO:teuthology.orchestra.run.smithi136.stdout:/usr/bin/ceph: stderr
2024-03-26T05:17:01.750+0000 7f8eb2a2c700 1 -- 172.21.15.136:0/507429319 >> v2:172.21.15.136:6800/2365933975 conn(0x7f8e94038ef0 msgr2=0x7f8e9403b3b0 secure :-1 s=STATE_CONNECTION_ESTABLISHED l=1).mark_down
2024-03-26T05:17:02.384 INFO:teuthology.orchestra.run.smithi136.stdout:/usr/bin/ceph: stderr
2024-03-26T05:17:01.750+0000 7f8eb2a2c700 1 --2- 172.21.15.136:0/507429319 >> v2:172.21.15.136:6800/2365933975 conn(0x7f8e94038ef0 0x7f8e9403b3b0 secure :-1 s=READY pgs=9 cs=0 l=1 rev1=1 crypto rx=0x7f8ea0006fd0 tx=0x7f8ea0006e40 comp rx=0 tx=0).stop
2024-03-26T05:17:02.384 INFO:teuthology.orchestra.run.smithi136.stdout:/usr/bin/ceph: stderr
2024-03-26T05:17:01.750+0000 7f8eb2a2c700 1 -- 172.21.15.136:0/507429319 >> [v2:172.21.15.136:3300/0,v1:172.21.15.136:6789/0] conn(0x7f8eac106bc0 msgr2=0x7f8eac106440 secure :-1 s=STATE_CONNECTION_ESTABLISHED l=1).mark_down
2024-03-26T05:17:02.384 INFO:teuthology.orchestra.run.smithi136.stdout:/usr/bin/ceph: stderr
2024-03-26T05:17:01.750+0000 7f8eb2a2c700 1 --2- 172.21.15.136:0/507429319 >> [v2:172.21.15.136:3300/0,v1:172.21.15.136:6789/0] conn(0x7f8eac106bc0 0x7f8eac106440 secure :-1 s=READY pgs=73 cs=0 l=1 rev1=1 crypto rx=0x7f8e9c004290 tx=0x7f8e9c011eb0 comp rx=0 tx=0).stop
2024-03-26T05:17:02.384 INFO:teuthology.orchestra.run.smithi136.stdout:/usr/bin/ceph: stderr
2024-03-26T05:17:01.750+0000 7f8eb2a2c700 1 -- 172.21.15.136:0/507429319 shutdown_connections
2024-03-26T05:17:02.384 INFO:teuthology.orchestra.run.smithi136.stdout:/usr/bin/ceph: stderr
2024-03-26T05:17:01.750+0000 7f8eb2a2c700 1 --2- 172.21.15.136:0/507429319 >> v2:172.21.15.136:6800/2365933975 conn(0x7f8e94038ef0 0x7f8e9403b3b0 unknown :-1 s=CLOSED pgs=9 cs=0 l=1 rev1=1 crypto rx=0 tx=0 comp rx=0 tx=0).stop
2024-03-26T05:17:02.384 INFO:teuthology.orchestra.run.smithi136.stdout:/usr/bin/ceph: stderr
2024-03-26T05:17:01.750+0000 7f8eb2a2c700 1 --2- 172.21.15.136:0/507429319 >> [v2:172.21.15.136:3300/0,v1:172.21.15.136:6789/0] conn(0x7f8eac106bc0 0x7f8eac106440 unknown :-1 s=CLOSED pgs=73 cs=0 l=1 rev1=1 crypto rx=0 tx=0 comp rx=0 tx=0).stop
2024-03-26T05:17:02.384 INFO:teuthology.orchestra.run.smithi136.stdout:/usr/bin/ceph: stderr
2024-03-26T05:17:01.750+0000 7f8eb2a2c700 1 -- 172.21.15.136:0/507429319 >> 172.21.15.136:0/507429319 conn(0x7f8eac1005d0 msgr2=0x7f8eac101070 unknown :-1 s=STATE_NONE l=0).mark_down
2024-03-26T05:17:02.385 INFO:teuthology.orchestra.run.smithi136.stdout:/usr/bin/ceph: stderr
2024-03-26T05:17:01.750+0000 7f8eb2a2c700 1 -- 172.21.15.136:0/507429319 shutdown_connections
2024-03-26T05:17:02.385 INFO:teuthology.orchestra.run.smithi136.stdout:/usr/bin/ceph: stderr
2024-03-26T05:17:01.750+0000 7f8eb2a2c700 1 -- 172.21.15.136:0/507429319 wait complete.
2024-03-26T05:17:02.385 INFO:teuthology.orchestra.run.smithi136.stdout:Non-zero exit code 1 from systemctl is-enabled firewalld.service
2024-03-26T05:17:02.385 INFO:teuthology.orchestra.run.smithi136.stdout:systemctl: stdout disabled
2024-03-26T05:17:02.392 INFO:teuthology.orchestra.run.smithi136.stdout:Non-zero exit code 3 from systemctl is-active firewalld.service
2024-03-26T05:17:02.392 INFO:teuthology.orchestra.run.smithi136.stdout:systemctl: stdout inactive
2024-03-26T05:17:02.392 INFO:teuthology.orchestra.run.smithi136.stdout:firewalld.service is not enabled
2024-03-26T05:17:02.392 INFO:teuthology.orchestra.run.smithi136.stdout:Not possible to open ports <[8443]>. firewalld.service is not available
2024-03-26T05:17:02.394 INFO:teuthology.orchestra.run.smithi136.stdout:Ceph Dashboard is now available at:
2024-03-26T05:17:02.394 INFO:teuthology.orchestra.run.smithi136.stdout:
2024-03-26T05:17:02.394 INFO:teuthology.orchestra.run.smithi136.stdout: URL: https://smithi136.front.sepia.ceph.com:8443/
2024-03-26T05:17:02.394 INFO:teuthology.orchestra.run.smithi136.stdout: User: admin
2024-03-26T05:17:02.394 INFO:teuthology.orchestra.run.smithi136.stdout: Password: rxibi7vss6
2024-03-26T05:17:02.394 INFO:teuthology.orchestra.run.smithi136.stdout:
2024-03-26T05:17:02.395 INFO:teuthology.orchestra.run.smithi136.stdout:Saving cluster configuration to /var/lib/ceph/d69b39a8-eb2f-11ee-95d0-87774f69a715/config directory
2024-03-26T05:17:02.395 INFO:teuthology.orchestra.run.smithi136.stdout:Enabling autotune for osd_memory_target
2024-03-26T05:17:02.622 INFO:journalctl@ceph.mon.a.smithi136.stdout:Mar 26 05:17:02 smithi136 ceph-mon[29560]: from='client.? 172.21.15.136:0/507429319' entity='client.admin' cmd=[{"prefix": "config get", "who": "mgr", "key": "mgr/dashboard/ssl_server_port"}]: dispatch
2024-03-26T05:17:03.822 INFO:journalctl@ceph.mon.a.smithi136.stdout:Mar 26 05:17:03 smithi136 ceph-mon[29560]: mgrmap e13: y(active, since 6s)
2024-03-26T05:17:04.249 INFO:teuthology.orchestra.run.smithi136.stdout:/usr/bin/ceph: stderr
2024-03-26T05:17:02.825+0000 7f5bbdb5e700 1 Processor -- start
2024-03-26T05:17:04.250 INFO:teuthology.orchestra.run.smithi136.stdout:/usr/bin/ceph: stderr
2024-03-26T05:17:02.825+0000 7f5bbdb5e700 1 -- start start
2024-03-26T05:17:04.250 INFO:teuthology.orchestra.run.smithi136.stdout:/usr/bin/ceph: stderr
2024-03-26T05:17:02.826+0000 7f5bbdb5e700 1 --2- >> [v2:172.21.15.136:3300/0,v1:172.21.15.136:6789/0] conn(0x7f5bb8106100 0x7f5bb8106520 unknown :-1 s=NONE pgs=0 cs=0 l=0 rev1=0 crypto rx=0 tx=0 comp rx=0 tx=0).connect
2024-03-26T05:17:04.250 INFO:teuthology.orchestra.run.smithi136.stdout:/usr/bin/ceph: stderr
2024-03-26T05:17:02.826+0000 7f5bbdb5e700 1 -- --> [v2:172.21.15.136:3300/0,v1:172.21.15.136:6789/0] -- mon_getmap magic: 0 v1 -- 0x7f5bb8106af0 con 0x7f5bb8106100
2024-03-26T05:17:04.250 INFO:teuthology.orchestra.run.smithi136.stdout:/usr/bin/ceph: stderr
2024-03-26T05:17:02.826+0000 7f5bb77fe700 1 --2- >> [v2:172.21.15.136:3300/0,v1:172.21.15.136:6789/0] conn(0x7f5bb8106100 0x7f5bb8106520 unknown :-1 s=BANNER_CONNECTING pgs=0 cs=0 l=0 rev1=0 crypto rx=0 tx=0 comp rx=0 tx=0)._handle_peer_banner_payload supported=3 required=0
2024-03-26T05:17:04.250 INFO:teuthology.orchestra.run.smithi136.stdout:/usr/bin/ceph: stderr
2024-03-26T05:17:02.826+0000 7f5bb77fe700 1 --2- >> [v2:172.21.15.136:3300/0,v1:172.21.15.136:6789/0] conn(0x7f5bb8106100 0x7f5bb8106520 unknown :-1 s=HELLO_CONNECTING pgs=0 cs=0 l=0 rev1=1 crypto rx=0 tx=0 comp rx=0 tx=0).handle_hello peer v2:172.21.15.136:3300/0 says I am v2:172.21.15.136:44492/0 (socket says 172.21.15.136:44492)
2024-03-26T05:17:04.250 INFO:teuthology.orchestra.run.smithi136.stdout:/usr/bin/ceph: stderr
2024-03-26T05:17:02.826+0000 7f5bb77fe700 1 -- 172.21.15.136:0/3905990004 learned_addr learned my addr 172.21.15.136:0/3905990004 (peer_addr_for_me v2:172.21.15.136:0/0)
2024-03-26T05:17:04.250 INFO:teuthology.orchestra.run.smithi136.stdout:/usr/bin/ceph: stderr
2024-03-26T05:17:02.826+0000 7f5bb77fe700 1 -- 172.21.15.136:0/3905990004 --> [v2:172.21.15.136:3300/0,v1:172.21.15.136:6789/0] -- mon_subscribe({config=0+,monmap=0+}) v3 -- 0x7f5bb8107300 con 0x7f5bb8106100
2024-03-26T05:17:04.250 INFO:teuthology.orchestra.run.smithi136.stdout:/usr/bin/ceph: stderr
2024-03-26T05:17:02.826+0000 7f5bb77fe700 1 --2- 172.21.15.136:0/3905990004 >> [v2:172.21.15.136:3300/0,v1:172.21.15.136:6789/0] conn(0x7f5bb8106100 0x7f5bb8106520 secure :-1 s=READY pgs=74 cs=0 l=1 rev1=1 crypto rx=0x7f5ba80098a0 tx=0x7f5ba8009bb0 comp rx=0 tx=0).ready entity=mon.0 client_cookie=566c46ff63a2a39a server_cookie=0 in_seq=0 out_seq=0
2024-03-26T05:17:04.250 INFO:teuthology.orchestra.run.smithi136.stdout:/usr/bin/ceph: stderr
2024-03-26T05:17:02.826+0000 7f5bb67fc700 1 -- 172.21.15.136:0/3905990004 <== mon.0 v2:172.21.15.136:3300/0 1 ==== mon_map magic: 0 v1 ==== 205+0+0 (secure 0 0 0) 0x7f5ba8004160 con 0x7f5bb8106100
2024-03-26T05:17:04.250 INFO:teuthology.orchestra.run.smithi136.stdout:/usr/bin/ceph: stderr
2024-03-26T05:17:02.826+0000 7f5bb67fc700 1 -- 172.21.15.136:0/3905990004 <== mon.0 v2:172.21.15.136:3300/0 2 ==== config(26 keys) v1 ==== 1093+0+0 (secure 0 0 0) 0x7f5ba80042c0 con 0x7f5bb8106100
2024-03-26T05:17:04.250 INFO:teuthology.orchestra.run.smithi136.stdout:/usr/bin/ceph: stderr
2024-03-26T05:17:02.826+0000 7f5bb67fc700 1 -- 172.21.15.136:0/3905990004 <== mon.0 v2:172.21.15.136:3300/0 3 ==== mon_map magic: 0 v1 ==== 205+0+0 (secure 0 0 0) 0x7f5ba8011960 con 0x7f5bb8106100
2024-03-26T05:17:04.250 INFO:teuthology.orchestra.run.smithi136.stdout:/usr/bin/ceph: stderr
2024-03-26T05:17:02.827+0000 7f5bbdb5e700 1 -- 172.21.15.136:0/3905990004 >> [v2:172.21.15.136:3300/0,v1:172.21.15.136:6789/0] conn(0x7f5bb8106100 msgr2=0x7f5bb8106520 secure :-1 s=STATE_CONNECTION_ESTABLISHED l=1).mark_down
2024-03-26T05:17:04.250 INFO:teuthology.orchestra.run.smithi136.stdout:/usr/bin/ceph: stderr
2024-03-26T05:17:02.827+0000 7f5bbdb5e700 1 --2- 172.21.15.136:0/3905990004 >> [v2:172.21.15.136:3300/0,v1:172.21.15.136:6789/0] conn(0x7f5bb8106100 0x7f5bb8106520 secure :-1 s=READY pgs=74 cs=0 l=1 rev1=1 crypto rx=0x7f5ba80098a0 tx=0x7f5ba8009bb0 comp rx=0 tx=0).stop
2024-03-26T05:17:04.251 INFO:teuthology.orchestra.run.smithi136.stdout:/usr/bin/ceph: stderr
2024-03-26T05:17:02.827+0000 7f5bbdb5e700 1 -- 172.21.15.136:0/3905990004 shutdown_connections
2024-03-26T05:17:04.251 INFO:teuthology.orchestra.run.smithi136.stdout:/usr/bin/ceph: stderr
2024-03-26T05:17:02.827+0000 7f5bbdb5e700 1 --2- 172.21.15.136:0/3905990004 >> [v2:172.21.15.136:3300/0,v1:172.21.15.136:6789/0] conn(0x7f5bb8106100 0x7f5bb8106520 unknown :-1 s=CLOSED pgs=74 cs=0 l=1 rev1=1 crypto rx=0 tx=0 comp rx=0 tx=0).stop
2024-03-26T05:17:04.251 INFO:teuthology.orchestra.run.smithi136.stdout:/usr/bin/ceph: stderr
2024-03-26T05:17:02.827+0000 7f5bbdb5e700 1 -- 172.21.15.136:0/3905990004 >> 172.21.15.136:0/3905990004 conn(0x7f5bb81016a0 msgr2=0x7f5bb8103ae0 unknown :-1 s=STATE_NONE l=0).mark_down
2024-03-26T05:17:04.251 INFO:teuthology.orchestra.run.smithi136.stdout:/usr/bin/ceph: stderr
2024-03-26T05:17:02.827+0000 7f5bbdb5e700 1 -- 172.21.15.136:0/3905990004 shutdown_connections
2024-03-26T05:17:04.251 INFO:teuthology.orchestra.run.smithi136.stdout:/usr/bin/ceph: stderr
2024-03-26T05:17:02.827+0000 7f5bbdb5e700 1 -- 172.21.15.136:0/3905990004 wait complete.
2024-03-26T05:17:04.251 INFO:teuthology.orchestra.run.smithi136.stdout:/usr/bin/ceph: stderr
2024-03-26T05:17:02.828+0000 7f5bbdb5e700 1 Processor -- start
2024-03-26T05:17:04.251 INFO:teuthology.orchestra.run.smithi136.stdout:/usr/bin/ceph: stderr
2024-03-26T05:17:02.828+0000 7f5bbdb5e700 1 -- start start
2024-03-26T05:17:04.251 INFO:teuthology.orchestra.run.smithi136.stdout:/usr/bin/ceph: stderr
2024-03-26T05:17:02.828+0000 7f5bbdb5e700 1 --2- >> [v2:172.21.15.136:3300/0,v1:172.21.15.136:6789/0] conn(0x7f5bb8106100 0x7f5bb8199ef0 unknown :-1 s=NONE pgs=0 cs=0 l=1 rev1=0 crypto rx=0 tx=0 comp rx=0 tx=0).connect
2024-03-26T05:17:04.251 INFO:teuthology.orchestra.run.smithi136.stdout:/usr/bin/ceph: stderr
2024-03-26T05:17:02.828+0000 7f5bbdb5e700 1 -- --> [v2:172.21.15.136:3300/0,v1:172.21.15.136:6789/0] -- mon_getmap magic: 0 v1 -- 0x7f5bb819a430 con 0x7f5bb8106100
2024-03-26T05:17:04.251 INFO:teuthology.orchestra.run.smithi136.stdout:/usr/bin/ceph: stderr
2024-03-26T05:17:02.828+0000 7f5bb77fe700 1 --2- >> [v2:172.21.15.136:3300/0,v1:172.21.15.136:6789/0] conn(0x7f5bb8106100 0x7f5bb8199ef0 unknown :-1 s=BANNER_CONNECTING pgs=0 cs=0 l=1 rev1=0 crypto rx=0 tx=0 comp rx=0 tx=0)._handle_peer_banner_payload supported=3 required=0
2024-03-26T05:17:04.251 INFO:teuthology.orchestra.run.smithi136.stdout:/usr/bin/ceph: stderr
2024-03-26T05:17:02.828+0000 7f5bb77fe700 1 --2- >> [v2:172.21.15.136:3300/0,v1:172.21.15.136:6789/0] conn(0x7f5bb8106100 0x7f5bb8199ef0 unknown :-1 s=HELLO_CONNECTING pgs=0 cs=0 l=1 rev1=1 crypto rx=0 tx=0 comp rx=0 tx=0).handle_hello peer v2:172.21.15.136:3300/0 says I am v2:172.21.15.136:44498/0 (socket says 172.21.15.136:44498)
2024-03-26T05:17:04.252 INFO:teuthology.orchestra.run.smithi136.stdout:/usr/bin/ceph: stderr
2024-03-26T05:17:02.828+0000 7f5bb77fe700 1 -- 172.21.15.136:0/2949169296 learned_addr learned my addr 172.21.15.136:0/2949169296 (peer_addr_for_me v2:172.21.15.136:0/0)
2024-03-26T05:17:04.252 INFO:teuthology.orchestra.run.smithi136.stdout:/usr/bin/ceph: stderr
2024-03-26T05:17:02.828+0000 7f5bb77fe700 1 -- 172.21.15.136:0/2949169296 --> [v2:172.21.15.136:3300/0,v1:172.21.15.136:6789/0] -- mon_subscribe({config=0+,monmap=0+}) v3 -- 0x7f5ba8009550 con 0x7f5bb8106100
2024-03-26T05:17:04.252 INFO:teuthology.orchestra.run.smithi136.stdout:/usr/bin/ceph: stderr
2024-03-26T05:17:02.828+0000 7f5bb77fe700 1 --2- 172.21.15.136:0/2949169296 >> [v2:172.21.15.136:3300/0,v1:172.21.15.136:6789/0] conn(0x7f5bb8106100 0x7f5bb8199ef0 secure :-1 s=READY pgs=75 cs=0 l=1 rev1=1 crypto rx=0x7f5ba8006af0 tx=0x7f5ba80119e0 comp rx=0 tx=0).ready entity=mon.0 client_cookie=0 server_cookie=0 in_seq=0 out_seq=0
2024-03-26T05:17:04.252 INFO:teuthology.orchestra.run.smithi136.stdout:/usr/bin/ceph: stderr
2024-03-26T05:17:02.829+0000 7f5bb4ff9700 1 -- 172.21.15.136:0/2949169296 <== mon.0 v2:172.21.15.136:3300/0 1 ==== mon_map magic: 0 v1 ==== 205+0+0 (secure 0 0 0) 0x7f5ba80039b0 con 0x7f5bb8106100
2024-03-26T05:17:04.252 INFO:teuthology.orchestra.run.smithi136.stdout:/usr/bin/ceph: stderr
2024-03-26T05:17:02.829+0000 7f5bbdb5e700 1 -- 172.21.15.136:0/2949169296 --> [v2:172.21.15.136:3300/0,v1:172.21.15.136:6789/0] -- mon_subscribe({mgrmap=0+}) v3 -- 0x7f5bb819a630 con 0x7f5bb8106100
2024-03-26T05:17:04.252 INFO:teuthology.orchestra.run.smithi136.stdout:/usr/bin/ceph: stderr
2024-03-26T05:17:02.829+0000 7f5bb4ff9700 1 -- 172.21.15.136:0/2949169296 <== mon.0 v2:172.21.15.136:3300/0 2 ==== config(26 keys) v1 ==== 1093+0+0 (secure 0 0 0) 0x7f5ba8003b10 con 0x7f5bb8106100
2024-03-26T05:17:04.252 INFO:teuthology.orchestra.run.smithi136.stdout:/usr/bin/ceph: stderr
2024-03-26T05:17:02.829+0000 7f5bb4ff9700 1 -- 172.21.15.136:0/2949169296 <== mon.0 v2:172.21.15.136:3300/0 3 ==== mon_map magic: 0 v1 ==== 205+0+0 (secure 0 0 0) 0x7f5ba8019670 con 0x7f5bb8106100
2024-03-26T05:17:04.252 INFO:teuthology.orchestra.run.smithi136.stdout:/usr/bin/ceph: stderr
2024-03-26T05:17:02.829+0000 7f5bbdb5e700 1 -- 172.21.15.136:0/2949169296 --> [v2:172.21.15.136:3300/0,v1:172.21.15.136:6789/0] -- mon_subscribe({osdmap=0}) v3 -- 0x7f5bb819aad0 con 0x7f5bb8106100
2024-03-26T05:17:04.252 INFO:teuthology.orchestra.run.smithi136.stdout:/usr/bin/ceph: stderr
2024-03-26T05:17:02.829+0000 7f5bb4ff9700 1 -- 172.21.15.136:0/2949169296 <== mon.0 v2:172.21.15.136:3300/0 4 ==== mgrmap(e 13) v1 ==== 45950+0+0 (secure 0 0 0) 0x7f5ba8019960 con 0x7f5bb8106100
2024-03-26T05:17:04.252 INFO:teuthology.orchestra.run.smithi136.stdout:/usr/bin/ceph: stderr
2024-03-26T05:17:02.829+0000 7f5bbdb5e700 1 -- 172.21.15.136:0/2949169296 --> [v2:172.21.15.136:3300/0,v1:172.21.15.136:6789/0] -- mon_command({"prefix": "get_command_descriptions"} v 0) v1 -- 0x7f5bb810a530 con 0x7f5bb8106100
2024-03-26T05:17:04.252 INFO:teuthology.orchestra.run.smithi136.stdout:/usr/bin/ceph: stderr
2024-03-26T05:17:02.830+0000 7f5bb4ff9700 1 --2- 172.21.15.136:0/2949169296 >> v2:172.21.15.136:6800/2365933975 conn(0x7f5ba4038f90 0x7f5ba403b450 unknown :-1 s=NONE pgs=0 cs=0 l=1 rev1=0 crypto rx=0 tx=0 comp rx=0 tx=0).connect
2024-03-26T05:17:04.252 INFO:teuthology.orchestra.run.smithi136.stdout:/usr/bin/ceph: stderr
2024-03-26T05:17:02.830+0000 7f5bb4ff9700 1 -- 172.21.15.136:0/2949169296 <== mon.0 v2:172.21.15.136:3300/0 5 ==== osd_map(3..3 src has 1..3) v4 ==== 1069+0+0 (secure 0 0 0) 0x7f5ba804d970 con 0x7f5bb8106100
2024-03-26T05:17:04.252 INFO:teuthology.orchestra.run.smithi136.stdout:/usr/bin/ceph: stderr
2024-03-26T05:17:02.830+0000 7f5bb6ffd700 1 --2- 172.21.15.136:0/2949169296 >> v2:172.21.15.136:6800/2365933975 conn(0x7f5ba4038f90 0x7f5ba403b450 unknown :-1 s=BANNER_CONNECTING pgs=0 cs=0 l=1 rev1=0 crypto rx=0 tx=0 comp rx=0 tx=0)._handle_peer_banner_payload supported=3 required=0
2024-03-26T05:17:04.253 INFO:teuthology.orchestra.run.smithi136.stdout:/usr/bin/ceph: stderr
2024-03-26T05:17:02.830+0000 7f5bb6ffd700 1 --2- 172.21.15.136:0/2949169296 >> v2:172.21.15.136:6800/2365933975 conn(0x7f5ba4038f90 0x7f5ba403b450 secure :-1 s=READY pgs=10 cs=0 l=1 rev1=1 crypto rx=0x7f5ba0006fd0 tx=0x7f5ba0006e40 comp rx=0 tx=0).ready entity=mgr.14150 client_cookie=0 server_cookie=0 in_seq=0 out_seq=0
2024-03-26T05:17:04.253 INFO:teuthology.orchestra.run.smithi136.stdout:/usr/bin/ceph: stderr
2024-03-26T05:17:02.835+0000 7f5bb4ff9700 1 -- 172.21.15.136:0/2949169296 <== mon.0 v2:172.21.15.136:3300/0 6 ==== mon_command_ack([{"prefix": "get_command_descriptions"}]=0 v0) v1 ==== 72+0+184932 (secure 0 0 0) 0x7f5ba8018710 con 0x7f5bb8106100
2024-03-26T05:17:04.253 INFO:teuthology.orchestra.run.smithi136.stdout:/usr/bin/ceph: stderr
2024-03-26T05:17:03.042+0000 7f5bbdb5e700 1 -- 172.21.15.136:0/2949169296 --> [v2:172.21.15.136:3300/0,v1:172.21.15.136:6789/0] -- mon_command([{prefix=config set, name=osd_memory_target_autotune}] v 0) v1 -- 0x7f5bb819d490 con 0x7f5bb8106100
2024-03-26T05:17:04.253 INFO:teuthology.orchestra.run.smithi136.stdout:/usr/bin/ceph: stderr
2024-03-26T05:17:03.042+0000 7f5bb4ff9700 1 -- 172.21.15.136:0/2949169296 <== mon.0 v2:172.21.15.136:3300/0 7 ==== mon_command_ack([{prefix=config set, name=osd_memory_target_autotune}]=0 v8)=0 v8) v1 ==== 127+0+0 (secure 0 0 0) 0x7f5ba8018350 con 0x7f5bb8106100
2024-03-26T05:17:04.253 INFO:teuthology.orchestra.run.smithi136.stdout:/usr/bin/ceph: stderr
2024-03-26T05:17:03.045+0000 7f5bbdb5e700 1 -- 172.21.15.136:0/2949169296 >> v2:172.21.15.136:6800/2365933975 conn(0x7f5ba4038f90 msgr2=0x7f5ba403b450 secure :-1 s=STATE_CONNECTION_ESTABLISHED l=1).mark_down
2024-03-26T05:17:04.253 INFO:teuthology.orchestra.run.smithi136.stdout:/usr/bin/ceph: stderr
2024-03-26T05:17:03.045+0000 7f5bbdb5e700 1 --2- 172.21.15.136:0/2949169296 >> v2:172.21.15.136:6800/2365933975 conn(0x7f5ba4038f90 0x7f5ba403b450 secure :-1 s=READY pgs=10 cs=0 l=1 rev1=1 crypto rx=0x7f5ba0006fd0 tx=0x7f5ba0006e40 comp rx=0 tx=0).stop
2024-03-26T05:17:04.253 INFO:teuthology.orchestra.run.smithi136.stdout:/usr/bin/ceph: stderr
2024-03-26T05:17:03.045+0000 7f5bbdb5e700 1 -- 172.21.15.136:0/2949169296 >> [v2:172.21.15.136:3300/0,v1:172.21.15.136:6789/0] conn(0x7f5bb8106100 msgr2=0x7f5bb8199ef0 secure :-1 s=STATE_CONNECTION_ESTABLISHED l=1).mark_down
2024-03-26T05:17:04.253 INFO:teuthology.orchestra.run.smithi136.stdout:/usr/bin/ceph: stderr
2024-03-26T05:17:03.045+0000 7f5bbdb5e700 1 --2- 172.21.15.136:0/2949169296 >> [v2:172.21.15.136:3300/0,v1:172.21.15.136:6789/0] conn(0x7f5bb8106100 0x7f5bb8199ef0 secure :-1 s=READY pgs=75 cs=0 l=1 rev1=1 crypto rx=0x7f5ba8006af0 tx=0x7f5ba80119e0 comp rx=0 tx=0).stop
2024-03-26T05:17:04.253 INFO:teuthology.orchestra.run.smithi136.stdout:/usr/bin/ceph: stderr
2024-03-26T05:17:03.045+0000 7f5bbdb5e700 1 -- 172.21.15.136:0/2949169296 shutdown_connections
2024-03-26T05:17:04.253 INFO:teuthology.orchestra.run.smithi136.stdout:/usr/bin/ceph: stderr
2024-03-26T05:17:03.045+0000 7f5bbdb5e700 1 --2- 172.21.15.136:0/2949169296 >> v2:172.21.15.136:6800/2365933975 conn(0x7f5ba4038f90 0x7f5ba403b450 unknown :-1 s=CLOSED pgs=10 cs=0 l=1 rev1=1 crypto rx=0 tx=0 comp rx=0 tx=0).stop
2024-03-26T05:17:04.253 INFO:teuthology.orchestra.run.smithi136.stdout:/usr/bin/ceph: stderr
