2024-03-26T05:16:46.284+0000 7f3ca57fa700 1 -- 172.21.15.136:0/3219303369 <== mon.0 v2:172.21.15.136:3300/0 7 ==== mon_command_ack([{prefix=config set, name=mgr/cephadm/container_init}]=0 v7)=0 v7) v1 ==== 142+0+0 (secure 0 0 0) 0x7f3c98023c20 con 0x7f3ca8106130
2024-03-26T05:16:46.882 INFO:teuthology.orchestra.run.smithi136.stdout:/usr/bin/ceph: stderr
2024-03-26T05:16:46.287+0000 7f3cae678700 1 -- 172.21.15.136:0/3219303369 >> v2:172.21.15.136:6800/3861450553 conn(0x7f3c90038e50 msgr2=0x7f3c9003b310 secure :-1 s=STATE_CONNECTION_ESTABLISHED l=1).mark_down
2024-03-26T05:16:46.882 INFO:teuthology.orchestra.run.smithi136.stdout:/usr/bin/ceph: stderr
2024-03-26T05:16:46.287+0000 7f3cae678700 1 --2- 172.21.15.136:0/3219303369 >> v2:172.21.15.136:6800/3861450553 conn(0x7f3c90038e50 0x7f3c9003b310 secure :-1 s=READY pgs=14 cs=0 l=1 rev1=1 crypto rx=0x7f3c9c006fd0 tx=0x7f3c9c006e40 comp rx=0 tx=0).stop
2024-03-26T05:16:46.882 INFO:teuthology.orchestra.run.smithi136.stdout:/usr/bin/ceph: stderr
2024-03-26T05:16:46.287+0000 7f3cae678700 1 -- 172.21.15.136:0/3219303369 >> [v2:172.21.15.136:3300/0,v1:172.21.15.136:6789/0] conn(0x7f3ca8106130 msgr2=0x7f3ca807bc70 secure :-1 s=STATE_CONNECTION_ESTABLISHED l=1).mark_down
2024-03-26T05:16:46.882 INFO:teuthology.orchestra.run.smithi136.stdout:/usr/bin/ceph: stderr
2024-03-26T05:16:46.287+0000 7f3cae678700 1 --2- 172.21.15.136:0/3219303369 >> [v2:172.21.15.136:3300/0,v1:172.21.15.136:6789/0] conn(0x7f3ca8106130 0x7f3ca807bc70 secure :-1 s=READY pgs=50 cs=0 l=1 rev1=1 crypto rx=0x7f3c98006af0 tx=0x7f3c980119e0 comp rx=0 tx=0).stop
2024-03-26T05:16:46.882 INFO:teuthology.orchestra.run.smithi136.stdout:/usr/bin/ceph: stderr
2024-03-26T05:16:46.287+0000 7f3cae678700 1 -- 172.21.15.136:0/3219303369 shutdown_connections
2024-03-26T05:16:46.882 INFO:teuthology.orchestra.run.smithi136.stdout:/usr/bin/ceph: stderr
2024-03-26T05:16:46.287+0000 7f3cae678700 1 --2- 172.21.15.136:0/3219303369 >> v2:172.21.15.136:6800/3861450553 conn(0x7f3c90038e50 0x7f3c9003b310 unknown :-1 s=CLOSED pgs=14 cs=0 l=1 rev1=1 crypto rx=0 tx=0 comp rx=0 tx=0).stop
2024-03-26T05:16:46.882 INFO:teuthology.orchestra.run.smithi136.stdout:/usr/bin/ceph: stderr
2024-03-26T05:16:46.287+0000 7f3cae678700 1 --2- 172.21.15.136:0/3219303369 >> [v2:172.21.15.136:3300/0,v1:172.21.15.136:6789/0] conn(0x7f3ca8106130 0x7f3ca807bc70 unknown :-1 s=CLOSED pgs=50 cs=0 l=1 rev1=1 crypto rx=0 tx=0 comp rx=0 tx=0).stop
2024-03-26T05:16:46.882 INFO:teuthology.orchestra.run.smithi136.stdout:/usr/bin/ceph: stderr
2024-03-26T05:16:46.287+0000 7f3cae678700 1 -- 172.21.15.136:0/3219303369 >> 172.21.15.136:0/3219303369 conn(0x7f3ca81016b0 msgr2=0x7f3ca8102210 unknown :-1 s=STATE_NONE l=0).mark_down
2024-03-26T05:16:46.882 INFO:teuthology.orchestra.run.smithi136.stdout:/usr/bin/ceph: stderr
2024-03-26T05:16:46.287+0000 7f3cae678700 1 -- 172.21.15.136:0/3219303369 shutdown_connections
2024-03-26T05:16:46.883 INFO:teuthology.orchestra.run.smithi136.stdout:/usr/bin/ceph: stderr
2024-03-26T05:16:46.287+0000 7f3cae678700 1 -- 172.21.15.136:0/3219303369 wait complete.
2024-03-26T05:16:48.660 INFO:journalctl@ceph.mon.a.smithi136.stdout:Mar 26 05:16:48 smithi136 ceph-mon[29560]: from='client.? 172.21.15.136:0/296172323' entity='client.admin'
2024-03-26T05:16:48.660 INFO:journalctl@ceph.mon.a.smithi136.stdout:Mar 26 05:16:48 smithi136 ceph-mon[29560]: from='mgr.14118 172.21.15.136:0/3379642394' entity='mgr.y'
2024-03-26T05:16:48.667 INFO:teuthology.orchestra.run.smithi136.stdout:/usr/bin/ceph: stderr
2024-03-26T05:16:47.343+0000 7f17aaab5700 1 Processor -- start
2024-03-26T05:16:48.668 INFO:teuthology.orchestra.run.smithi136.stdout:/usr/bin/ceph: stderr
2024-03-26T05:16:47.343+0000 7f17aaab5700 1 -- start start
2024-03-26T05:16:48.668 INFO:teuthology.orchestra.run.smithi136.stdout:/usr/bin/ceph: stderr
2024-03-26T05:16:47.343+0000 7f17aaab5700 1 --2- >> [v2:172.21.15.136:3300/0,v1:172.21.15.136:6789/0] conn(0x7f17a4106b90 0x7f17a4108f80 unknown :-1 s=NONE pgs=0 cs=0 l=0 rev1=0 crypto rx=0 tx=0 comp rx=0 tx=0).connect
2024-03-26T05:16:48.668 INFO:teuthology.orchestra.run.smithi136.stdout:/usr/bin/ceph: stderr
2024-03-26T05:16:47.343+0000 7f17aaab5700 1 -- --> [v2:172.21.15.136:3300/0,v1:172.21.15.136:6789/0] -- mon_getmap magic: 0 v1 -- 0x7f17a40796c0 con 0x7f17a4106b90
2024-03-26T05:16:48.668 INFO:teuthology.orchestra.run.smithi136.stdout:/usr/bin/ceph: stderr
2024-03-26T05:16:47.344+0000 7f17a8851700 1 --2- >> [v2:172.21.15.136:3300/0,v1:172.21.15.136:6789/0] conn(0x7f17a4106b90 0x7f17a4108f80 unknown :-1 s=BANNER_CONNECTING pgs=0 cs=0 l=0 rev1=0 crypto rx=0 tx=0 comp rx=0 tx=0)._handle_peer_banner_payload supported=3 required=0
2024-03-26T05:16:48.668 INFO:teuthology.orchestra.run.smithi136.stdout:/usr/bin/ceph: stderr
2024-03-26T05:16:47.344+0000 7f17a8851700 1 --2- >> [v2:172.21.15.136:3300/0,v1:172.21.15.136:6789/0] conn(0x7f17a4106b90 0x7f17a4108f80 unknown :-1 s=HELLO_CONNECTING pgs=0 cs=0 l=0 rev1=1 crypto rx=0 tx=0 comp rx=0 tx=0).handle_hello peer v2:172.21.15.136:3300/0 says I am v2:172.21.15.136:39068/0 (socket says 172.21.15.136:39068)
2024-03-26T05:16:48.668 INFO:teuthology.orchestra.run.smithi136.stdout:/usr/bin/ceph: stderr
2024-03-26T05:16:47.344+0000 7f17a8851700 1 -- 172.21.15.136:0/2025719889 learned_addr learned my addr 172.21.15.136:0/2025719889 (peer_addr_for_me v2:172.21.15.136:0/0)
2024-03-26T05:16:48.668 INFO:teuthology.orchestra.run.smithi136.stdout:/usr/bin/ceph: stderr
2024-03-26T05:16:47.344+0000 7f17a8851700 1 -- 172.21.15.136:0/2025719889 --> [v2:172.21.15.136:3300/0,v1:172.21.15.136:6789/0] -- mon_subscribe({config=0+,monmap=0+}) v3 -- 0x7f17a41094c0 con 0x7f17a4106b90
2024-03-26T05:16:48.668 INFO:teuthology.orchestra.run.smithi136.stdout:/usr/bin/ceph: stderr
2024-03-26T05:16:47.344+0000 7f17a8851700 1 --2- 172.21.15.136:0/2025719889 >> [v2:172.21.15.136:3300/0,v1:172.21.15.136:6789/0] conn(0x7f17a4106b90 0x7f17a4108f80 secure :-1 s=READY pgs=51 cs=0 l=1 rev1=1 crypto rx=0x7f17980098a0 tx=0x7f1798009bb0 comp rx=0 tx=0).ready entity=mon.0 client_cookie=8e90c6f8cbad4cc2 server_cookie=0 in_seq=0 out_seq=0
2024-03-26T05:16:48.668 INFO:teuthology.orchestra.run.smithi136.stdout:/usr/bin/ceph: stderr
2024-03-26T05:16:47.344+0000 7f17a37fe700 1 -- 172.21.15.136:0/2025719889 <== mon.0 v2:172.21.15.136:3300/0 1 ==== mon_map magic: 0 v1 ==== 205+0+0 (secure 0 0 0) 0x7f1798004160 con 0x7f17a4106b90
2024-03-26T05:16:48.668 INFO:teuthology.orchestra.run.smithi136.stdout:/usr/bin/ceph: stderr
2024-03-26T05:16:47.344+0000 7f17a37fe700 1 -- 172.21.15.136:0/2025719889 <== mon.0 v2:172.21.15.136:3300/0 2 ==== config(26 keys) v1 ==== 1093+0+0 (secure 0 0 0) 0x7f17980042c0 con 0x7f17a4106b90
2024-03-26T05:16:48.668 INFO:teuthology.orchestra.run.smithi136.stdout:/usr/bin/ceph: stderr
2024-03-26T05:16:47.344+0000 7f17a37fe700 1 -- 172.21.15.136:0/2025719889 <== mon.0 v2:172.21.15.136:3300/0 3 ==== mon_map magic: 0 v1 ==== 205+0+0 (secure 0 0 0) 0x7f1798011960 con 0x7f17a4106b90
2024-03-26T05:16:48.669 INFO:teuthology.orchestra.run.smithi136.stdout:/usr/bin/ceph: stderr
2024-03-26T05:16:47.345+0000 7f17aaab5700 1 -- 172.21.15.136:0/2025719889 >> [v2:172.21.15.136:3300/0,v1:172.21.15.136:6789/0] conn(0x7f17a4106b90 msgr2=0x7f17a4108f80 secure :-1 s=STATE_CONNECTION_ESTABLISHED l=1).mark_down
2024-03-26T05:16:48.669 INFO:teuthology.orchestra.run.smithi136.stdout:/usr/bin/ceph: stderr
2024-03-26T05:16:47.345+0000 7f17aaab5700 1 --2- 172.21.15.136:0/2025719889 >> [v2:172.21.15.136:3300/0,v1:172.21.15.136:6789/0] conn(0x7f17a4106b90 0x7f17a4108f80 secure :-1 s=READY pgs=51 cs=0 l=1 rev1=1 crypto rx=0x7f17980098a0 tx=0x7f1798009bb0 comp rx=0 tx=0).stop
2024-03-26T05:16:48.669 INFO:teuthology.orchestra.run.smithi136.stdout:/usr/bin/ceph: stderr
2024-03-26T05:16:47.345+0000 7f17aaab5700 1 -- 172.21.15.136:0/2025719889 shutdown_connections
2024-03-26T05:16:48.669 INFO:teuthology.orchestra.run.smithi136.stdout:/usr/bin/ceph: stderr
2024-03-26T05:16:47.345+0000 7f17aaab5700 1 --2- 172.21.15.136:0/2025719889 >> [v2:172.21.15.136:3300/0,v1:172.21.15.136:6789/0] conn(0x7f17a4106b90 0x7f17a4108f80 unknown :-1 s=CLOSED pgs=51 cs=0 l=1 rev1=1 crypto rx=0 tx=0 comp rx=0 tx=0).stop
2024-03-26T05:16:48.669 INFO:teuthology.orchestra.run.smithi136.stdout:/usr/bin/ceph: stderr
2024-03-26T05:16:47.345+0000 7f17aaab5700 1 -- 172.21.15.136:0/2025719889 >> 172.21.15.136:0/2025719889 conn(0x7f17a41005a0 msgr2=0x7f17a41029c0 unknown :-1 s=STATE_NONE l=0).mark_down
2024-03-26T05:16:48.669 INFO:teuthology.orchestra.run.smithi136.stdout:/usr/bin/ceph: stderr
2024-03-26T05:16:47.345+0000 7f17aaab5700 1 -- 172.21.15.136:0/2025719889 shutdown_connections
2024-03-26T05:16:48.669 INFO:teuthology.orchestra.run.smithi136.stdout:/usr/bin/ceph: stderr
2024-03-26T05:16:47.345+0000 7f17aaab5700 1 -- 172.21.15.136:0/2025719889 wait complete.
2024-03-26T05:16:48.669 INFO:teuthology.orchestra.run.smithi136.stdout:/usr/bin/ceph: stderr
2024-03-26T05:16:47.346+0000 7f17aaab5700 1 Processor -- start
2024-03-26T05:16:48.669 INFO:teuthology.orchestra.run.smithi136.stdout:/usr/bin/ceph: stderr
2024-03-26T05:16:47.346+0000 7f17aaab5700 1 -- start start
2024-03-26T05:16:48.669 INFO:teuthology.orchestra.run.smithi136.stdout:/usr/bin/ceph: stderr
2024-03-26T05:16:47.346+0000 7f17aaab5700 1 --2- >> [v2:172.21.15.136:3300/0,v1:172.21.15.136:6789/0] conn(0x7f17a4106b90 0x7f17a419c090 unknown :-1 s=NONE pgs=0 cs=0 l=1 rev1=0 crypto rx=0 tx=0 comp rx=0 tx=0).connect
2024-03-26T05:16:48.669 INFO:teuthology.orchestra.run.smithi136.stdout:/usr/bin/ceph: stderr
2024-03-26T05:16:47.346+0000 7f17aaab5700 1 -- --> [v2:172.21.15.136:3300/0,v1:172.21.15.136:6789/0] -- mon_getmap magic: 0 v1 -- 0x7f17a419c5d0 con 0x7f17a4106b90
2024-03-26T05:16:48.669 INFO:teuthology.orchestra.run.smithi136.stdout:/usr/bin/ceph: stderr
2024-03-26T05:16:47.346+0000 7f17a8851700 1 --2- >> [v2:172.21.15.136:3300/0,v1:172.21.15.136:6789/0] conn(0x7f17a4106b90 0x7f17a419c090 unknown :-1 s=BANNER_CONNECTING pgs=0 cs=0 l=1 rev1=0 crypto rx=0 tx=0 comp rx=0 tx=0)._handle_peer_banner_payload supported=3 required=0
2024-03-26T05:16:48.669 INFO:teuthology.orchestra.run.smithi136.stdout:/usr/bin/ceph: stderr
2024-03-26T05:16:47.346+0000 7f17a8851700 1 --2- >> [v2:172.21.15.136:3300/0,v1:172.21.15.136:6789/0] conn(0x7f17a4106b90 0x7f17a419c090 unknown :-1 s=HELLO_CONNECTING pgs=0 cs=0 l=1 rev1=1 crypto rx=0 tx=0 comp rx=0 tx=0).handle_hello peer v2:172.21.15.136:3300/0 says I am v2:172.21.15.136:39078/0 (socket says 172.21.15.136:39078)
2024-03-26T05:16:48.670 INFO:teuthology.orchestra.run.smithi136.stdout:/usr/bin/ceph: stderr
2024-03-26T05:16:47.346+0000 7f17a8851700 1 -- 172.21.15.136:0/296172323 learned_addr learned my addr 172.21.15.136:0/296172323 (peer_addr_for_me v2:172.21.15.136:0/0)
2024-03-26T05:16:48.670 INFO:teuthology.orchestra.run.smithi136.stdout:/usr/bin/ceph: stderr
2024-03-26T05:16:47.346+0000 7f17a8851700 1 -- 172.21.15.136:0/296172323 --> [v2:172.21.15.136:3300/0,v1:172.21.15.136:6789/0] -- mon_subscribe({config=0+,monmap=0+}) v3 -- 0x7f1798009550 con 0x7f17a4106b90
2024-03-26T05:16:48.670 INFO:teuthology.orchestra.run.smithi136.stdout:/usr/bin/ceph: stderr
2024-03-26T05:16:47.347+0000 7f17a8851700 1 --2- 172.21.15.136:0/296172323 >> [v2:172.21.15.136:3300/0,v1:172.21.15.136:6789/0] conn(0x7f17a4106b90 0x7f17a419c090 secure :-1 s=READY pgs=52 cs=0 l=1 rev1=1 crypto rx=0x7f1798004290 tx=0x7f1798011eb0 comp rx=0 tx=0).ready entity=mon.0 client_cookie=0 server_cookie=0 in_seq=0 out_seq=0
2024-03-26T05:16:48.670 INFO:teuthology.orchestra.run.smithi136.stdout:/usr/bin/ceph: stderr
2024-03-26T05:16:47.347+0000 7f17a1ffb700 1 -- 172.21.15.136:0/296172323 <== mon.0 v2:172.21.15.136:3300/0 1 ==== mon_map magic: 0 v1 ==== 205+0+0 (secure 0 0 0) 0x7f17980036a0 con 0x7f17a4106b90
2024-03-26T05:16:48.670 INFO:teuthology.orchestra.run.smithi136.stdout:/usr/bin/ceph: stderr
2024-03-26T05:16:47.347+0000 7f17aaab5700 1 -- 172.21.15.136:0/296172323 --> [v2:172.21.15.136:3300/0,v1:172.21.15.136:6789/0] -- mon_subscribe({mgrmap=0+}) v3 -- 0x7f17a419c7d0 con 0x7f17a4106b90
2024-03-26T05:16:48.670 INFO:teuthology.orchestra.run.smithi136.stdout:/usr/bin/ceph: stderr
2024-03-26T05:16:47.347+0000 7f17a1ffb700 1 -- 172.21.15.136:0/296172323 <== mon.0 v2:172.21.15.136:3300/0 2 ==== config(26 keys) v1 ==== 1093+0+0 (secure 0 0 0) 0x7f1798024440 con 0x7f17a4106b90
2024-03-26T05:16:48.670 INFO:teuthology.orchestra.run.smithi136.stdout:/usr/bin/ceph: stderr
2024-03-26T05:16:47.347+0000 7f17a1ffb700 1 -- 172.21.15.136:0/296172323 <== mon.0 v2:172.21.15.136:3300/0 3 ==== mon_map magic: 0 v1 ==== 205+0+0 (secure 0 0 0) 0x7f179801a5c0 con 0x7f17a4106b90
2024-03-26T05:16:48.670 INFO:teuthology.orchestra.run.smithi136.stdout:/usr/bin/ceph: stderr
2024-03-26T05:16:47.347+0000 7f17aaab5700 1 -- 172.21.15.136:0/296172323 --> [v2:172.21.15.136:3300/0,v1:172.21.15.136:6789/0] -- mon_subscribe({osdmap=0}) v3 -- 0x7f17a419cc70 con 0x7f17a4106b90
2024-03-26T05:16:48.670 INFO:teuthology.orchestra.run.smithi136.stdout:/usr/bin/ceph: stderr
2024-03-26T05:16:47.348+0000 7f17a1ffb700 1 -- 172.21.15.136:0/296172323 <== mon.0 v2:172.21.15.136:3300/0 4 ==== mgrmap(e 8) v1 ==== 45893+0+0 (secure 0 0 0) 0x7f179801a880 con 0x7f17a4106b90
2024-03-26T05:16:48.670 INFO:teuthology.orchestra.run.smithi136.stdout:/usr/bin/ceph: stderr
2024-03-26T05:16:47.348+0000 7f17a1ffb700 1 --2- 172.21.15.136:0/296172323 >> v2:172.21.15.136:6800/3861450553 conn(0x7f1794038ea0 0x7f179403b360 unknown :-1 s=NONE pgs=0 cs=0 l=1 rev1=0 crypto rx=0 tx=0 comp rx=0 tx=0).connect
2024-03-26T05:16:48.670 INFO:teuthology.orchestra.run.smithi136.stdout:/usr/bin/ceph: stderr
2024-03-26T05:16:47.348+0000 7f17a1ffb700 1 -- 172.21.15.136:0/296172323 <== mon.0 v2:172.21.15.136:3300/0 5 ==== osd_map(2..2 src has 1..2) v4 ==== 897+0+0 (secure 0 0 0) 0x7f179804cc00 con 0x7f17a4106b90
2024-03-26T05:16:48.670 INFO:teuthology.orchestra.run.smithi136.stdout:/usr/bin/ceph: stderr
2024-03-26T05:16:47.348+0000 7f17aaab5700 1 -- 172.21.15.136:0/296172323 --> [v2:172.21.15.136:3300/0,v1:172.21.15.136:6789/0] -- mon_command({"prefix": "get_command_descriptions"} v 0) v1 -- 0x7f17a410a2a0 con 0x7f17a4106b90
2024-03-26T05:16:48.670 INFO:teuthology.orchestra.run.smithi136.stdout:/usr/bin/ceph: stderr
2024-03-26T05:16:47.348+0000 7f17a3fff700 1 --2- 172.21.15.136:0/296172323 >> v2:172.21.15.136:6800/3861450553 conn(0x7f1794038ea0 0x7f179403b360 unknown :-1 s=BANNER_CONNECTING pgs=0 cs=0 l=1 rev1=0 crypto rx=0 tx=0 comp rx=0 tx=0)._handle_peer_banner_payload supported=3 required=0
2024-03-26T05:16:48.671 INFO:teuthology.orchestra.run.smithi136.stdout:/usr/bin/ceph: stderr
2024-03-26T05:16:47.349+0000 7f17a3fff700 1 --2- 172.21.15.136:0/296172323 >> v2:172.21.15.136:6800/3861450553 conn(0x7f1794038ea0 0x7f179403b360 secure :-1 s=READY pgs=15 cs=0 l=1 rev1=1 crypto rx=0x7f1790006fd0 tx=0x7f1790006e40 comp rx=0 tx=0).ready entity=mgr.14118 client_cookie=0 server_cookie=0 in_seq=0 out_seq=0
2024-03-26T05:16:48.671 INFO:teuthology.orchestra.run.smithi136.stdout:/usr/bin/ceph: stderr
2024-03-26T05:16:47.353+0000 7f17a1ffb700 1 -- 172.21.15.136:0/296172323 <== mon.0 v2:172.21.15.136:3300/0 6 ==== mon_command_ack([{"prefix": "get_command_descriptions"}]=0 v0) v1 ==== 72+0+184932 (secure 0 0 0) 0x7f1798018c20 con 0x7f17a4106b90
2024-03-26T05:16:48.671 INFO:teuthology.orchestra.run.smithi136.stdout:/usr/bin/ceph: stderr
2024-03-26T05:16:47.566+0000 7f17aaab5700 1 -- 172.21.15.136:0/296172323 --> [v2:172.21.15.136:3300/0,v1:172.21.15.136:6789/0] -- mon_command([{prefix=config set, name=mgr/dashboard/ssl_server_port}] v 0) v1 -- 0x7f17a419f5b0 con 0x7f17a4106b90
2024-03-26T05:16:48.671 INFO:teuthology.orchestra.run.smithi136.stdout:/usr/bin/ceph: stderr
2024-03-26T05:16:47.568+0000 7f17a1ffb700 1 -- 172.21.15.136:0/296172323 <== mon.0 v2:172.21.15.136:3300/0 7 ==== mon_command_ack([{prefix=config set, name=mgr/dashboard/ssl_server_port}]=0 v8)=0 v8) v1 ==== 130+0+0 (secure 0 0 0) 0x7f1798018860 con 0x7f17a4106b90
2024-03-26T05:16:48.671 INFO:teuthology.orchestra.run.smithi136.stdout:/usr/bin/ceph: stderr
2024-03-26T05:16:47.570+0000 7f17aaab5700 1 -- 172.21.15.136:0/296172323 >> v2:172.21.15.136:6800/3861450553 conn(0x7f1794038ea0 msgr2=0x7f179403b360 secure :-1 s=STATE_CONNECTION_ESTABLISHED l=1).mark_down
2024-03-26T05:16:48.671 INFO:teuthology.orchestra.run.smithi136.stdout:/usr/bin/ceph: stderr
2024-03-26T05:16:47.570+0000 7f17aaab5700 1 --2- 172.21.15.136:0/296172323 >> v2:172.21.15.136:6800/3861450553 conn(0x7f1794038ea0 0x7f179403b360 secure :-1 s=READY pgs=15 cs=0 l=1 rev1=1 crypto rx=0x7f1790006fd0 tx=0x7f1790006e40 comp rx=0 tx=0).stop
2024-03-26T05:16:48.671 INFO:teuthology.orchestra.run.smithi136.stdout:/usr/bin/ceph: stderr
2024-03-26T05:16:47.571+0000 7f17aaab5700 1 -- 172.21.15.136:0/296172323 >> [v2:172.21.15.136:3300/0,v1:172.21.15.136:6789/0] conn(0x7f17a4106b90 msgr2=0x7f17a419c090 secure :-1 s=STATE_CONNECTION_ESTABLISHED l=1).mark_down
2024-03-26T05:16:48.671 INFO:teuthology.orchestra.run.smithi136.stdout:/usr/bin/ceph: stderr
2024-03-26T05:16:47.571+0000 7f17aaab5700 1 --2- 172.21.15.136:0/296172323 >> [v2:172.21.15.136:3300/0,v1:172.21.15.136:6789/0] conn(0x7f17a4106b90 0x7f17a419c090 secure :-1 s=READY pgs=52 cs=0 l=1 rev1=1 crypto rx=0x7f1798004290 tx=0x7f1798011eb0 comp rx=0 tx=0).stop
2024-03-26T05:16:48.671 INFO:teuthology.orchestra.run.smithi136.stdout:/usr/bin/ceph: stderr
2024-03-26T05:16:47.571+0000 7f17aaab5700 1 -- 172.21.15.136:0/296172323 shutdown_connections
2024-03-26T05:16:48.671 INFO:teuthology.orchestra.run.smithi136.stdout:/usr/bin/ceph: stderr
2024-03-26T05:16:47.571+0000 7f17aaab5700 1 --2- 172.21.15.136:0/296172323 >> v2:172.21.15.136:6800/3861450553 conn(0x7f1794038ea0 0x7f179403b360 unknown :-1 s=CLOSED pgs=15 cs=0 l=1 rev1=1 crypto rx=0 tx=0 comp rx=0 tx=0).stop
2024-03-26T05:16:48.671 INFO:teuthology.orchestra.run.smithi136.stdout:/usr/bin/ceph: stderr
2024-03-26T05:16:47.571+0000 7f17aaab5700 1 --2- 172.21.15.136:0/296172323 >> [v2:172.21.15.136:3300/0,v1:172.21.15.136:6789/0] conn(0x7f17a4106b90 0x7f17a419c090 unknown :-1 s=CLOSED pgs=52 cs=0 l=1 rev1=1 crypto rx=0 tx=0 comp rx=0 tx=0).stop
2024-03-26T05:16:48.671 INFO:teuthology.orchestra.run.smithi136.stdout:/usr/bin/ceph: stderr
2024-03-26T05:16:47.571+0000 7f17aaab5700 1 -- 172.21.15.136:0/296172323 >> 172.21.15.136:0/296172323 conn(0x7f17a41005a0 msgr2=0x7f17a4101130 unknown :-1 s=STATE_NONE l=0).mark_down
2024-03-26T05:16:48.672 INFO:teuthology.orchestra.run.smithi136.stdout:/usr/bin/ceph: stderr
2024-03-26T05:16:47.571+0000 7f17aaab5700 1 -- 172.21.15.136:0/296172323 shutdown_connections
2024-03-26T05:16:48.672 INFO:teuthology.orchestra.run.smithi136.stdout:/usr/bin/ceph: stderr
2024-03-26T05:16:47.571+0000 7f17aaab5700 1 -- 172.21.15.136:0/296172323 wait complete.
2024-03-26T05:16:48.672 INFO:teuthology.orchestra.run.smithi136.stdout:Enabling the dashboard module...
2024-03-26T05:16:49.824 INFO:journalctl@ceph.mon.a.smithi136.stdout:Mar 26 05:16:49 smithi136 ceph-mon[29560]: from='client.? 172.21.15.136:0/2818051987' entity='client.admin' cmd=[{"prefix": "mgr module enable", "module": "dashboard"}]: dispatch
2024-03-26T05:16:49.824 INFO:journalctl@ceph.mon.a.smithi136.stdout:Mar 26 05:16:49 smithi136 ceph-mon[29560]: from='mgr.14118 172.21.15.136:0/3379642394' entity='mgr.y'
2024-03-26T05:16:49.824 INFO:journalctl@ceph.mgr.y.smithi136.stdout:Mar 26 05:16:49 smithi136 ceph-d69b39a8-eb2f-11ee-95d0-87774f69a715-mgr-y[29793]: ignoring --setuser ceph since I am not root
2024-03-26T05:16:49.824 INFO:journalctl@ceph.mgr.y.smithi136.stdout:Mar 26 05:16:49 smithi136 ceph-d69b39a8-eb2f-11ee-95d0-87774f69a715-mgr-y[29793]: ignoring --setgroup ceph since I am not root
2024-03-26T05:16:50.158 INFO:teuthology.orchestra.run.smithi136.stdout:/usr/bin/ceph: stderr
2024-03-26T05:16:49.129+0000 7fba631a6700 1 Processor -- start
2024-03-26T05:16:50.159 INFO:teuthology.orchestra.run.smithi136.stdout:/usr/bin/ceph: stderr
2024-03-26T05:16:49.129+0000 7fba631a6700 1 -- start start
2024-03-26T05:16:50.159 INFO:teuthology.orchestra.run.smithi136.stdout:/usr/bin/ceph: stderr
2024-03-26T05:16:49.129+0000 7fba631a6700 1 --2- >> [v2:172.21.15.136:3300/0,v1:172.21.15.136:6789/0] conn(0x7fba5c1060f0 0x7fba5c106510 unknown :-1 s=NONE pgs=0 cs=0 l=0 rev1=0 crypto rx=0 tx=0 comp rx=0 tx=0).connect
2024-03-26T05:16:50.159 INFO:teuthology.orchestra.run.smithi136.stdout:/usr/bin/ceph: stderr
2024-03-26T05:16:49.129+0000 7fba631a6700 1 -- --> [v2:172.21.15.136:3300/0,v1:172.21.15.136:6789/0] -- mon_getmap magic: 0 v1 -- 0x7fba5c106ae0 con 0x7fba5c1060f0
2024-03-26T05:16:50.159 INFO:teuthology.orchestra.run.smithi136.stdout:/usr/bin/ceph: stderr
2024-03-26T05:16:49.129+0000 7fba60f42700 1 --2- >> [v2:172.21.15.136:3300/0,v1:172.21.15.136:6789/0] conn(0x7fba5c1060f0 0x7fba5c106510 unknown :-1 s=BANNER_CONNECTING pgs=0 cs=0 l=0 rev1=0 crypto rx=0 tx=0 comp rx=0 tx=0)._handle_peer_banner_payload supported=3 required=0
2024-03-26T05:16:50.159 INFO:teuthology.orchestra.run.smithi136.stdout:/usr/bin/ceph: stderr
2024-03-26T05:16:49.129+0000 7fba60f42700 1 --2- >> [v2:172.21.15.136:3300/0,v1:172.21.15.136:6789/0] conn(0x7fba5c1060f0 0x7fba5c106510 unknown :-1 s=HELLO_CONNECTING pgs=0 cs=0 l=0 rev1=1 crypto rx=0 tx=0 comp rx=0 tx=0).handle_hello peer v2:172.21.15.136:3300/0 says I am v2:172.21.15.136:39082/0 (socket says 172.21.15.136:39082)
2024-03-26T05:16:50.159 INFO:teuthology.orchestra.run.smithi136.stdout:/usr/bin/ceph: stderr
2024-03-26T05:16:49.129+0000 7fba60f42700 1 -- 172.21.15.136:0/1219114053 learned_addr learned my addr 172.21.15.136:0/1219114053 (peer_addr_for_me v2:172.21.15.136:0/0)
2024-03-26T05:16:50.159 INFO:teuthology.orchestra.run.smithi136.stdout:/usr/bin/ceph: stderr
2024-03-26T05:16:49.130+0000 7fba60f42700 1 -- 172.21.15.136:0/1219114053 --> [v2:172.21.15.136:3300/0,v1:172.21.15.136:6789/0] -- mon_subscribe({config=0+,monmap=0+}) v3 -- 0x7fba5c1072f0 con 0x7fba5c1060f0
2024-03-26T05:16:50.159 INFO:teuthology.orchestra.run.smithi136.stdout:/usr/bin/ceph: stderr
2024-03-26T05:16:49.130+0000 7fba60f42700 1 --2- 172.21.15.136:0/1219114053 >> [v2:172.21.15.136:3300/0,v1:172.21.15.136:6789/0] conn(0x7fba5c1060f0 0x7fba5c106510 secure :-1 s=READY pgs=53 cs=0 l=1 rev1=1 crypto rx=0x7fba500098a0 tx=0x7fba50009bb0 comp rx=0 tx=0).ready entity=mon.0 client_cookie=ef5fa1cf21757a82 server_cookie=0 in_seq=0 out_seq=0
2024-03-26T05:16:50.159 INFO:teuthology.orchestra.run.smithi136.stdout:/usr/bin/ceph: stderr
2024-03-26T05:16:49.130+0000 7fba5b7fe700 1 -- 172.21.15.136:0/1219114053 <== mon.0 v2:172.21.15.136:3300/0 1 ==== mon_map magic: 0 v1 ==== 205+0+0 (secure 0 0 0) 0x7fba50004160 con 0x7fba5c1060f0
2024-03-26T05:16:50.159 INFO:teuthology.orchestra.run.smithi136.stdout:/usr/bin/ceph: stderr
2024-03-26T05:16:49.130+0000 7fba5b7fe700 1 -- 172.21.15.136:0/1219114053 <== mon.0 v2:172.21.15.136:3300/0 2 ==== config(26 keys) v1 ==== 1093+0+0 (secure 0 0 0) 0x7fba500042c0 con 0x7fba5c1060f0
2024-03-26T05:16:50.159 INFO:teuthology.orchestra.run.smithi136.stdout:/usr/bin/ceph: stderr
2024-03-26T05:16:49.130+0000 7fba5b7fe700 1 -- 172.21.15.136:0/1219114053 <== mon.0 v2:172.21.15.136:3300/0 3 ==== mon_map magic: 0 v1 ==== 205+0+0 (secure 0 0 0) 0x7fba50011960 con 0x7fba5c1060f0
2024-03-26T05:16:50.160 INFO:teuthology.orchestra.run.smithi136.stdout:/usr/bin/ceph: stderr
2024-03-26T05:16:49.131+0000 7fba631a6700 1 -- 172.21.15.136:0/1219114053 >> [v2:172.21.15.136:3300/0,v1:172.21.15.136:6789/0] conn(0x7fba5c1060f0 msgr2=0x7fba5c106510 secure :-1 s=STATE_CONNECTION_ESTABLISHED l=1).mark_down
2024-03-26T05:16:50.160 INFO:teuthology.orchestra.run.smithi136.stdout:/usr/bin/ceph: stderr
2024-03-26T05:16:49.131+0000 7fba631a6700 1 --2- 172.21.15.136:0/1219114053 >> [v2:172.21.15.136:3300/0,v1:172.21.15.136:6789/0] conn(0x7fba5c1060f0 0x7fba5c106510 secure :-1 s=READY pgs=53 cs=0 l=1 rev1=1 crypto rx=0x7fba500098a0 tx=0x7fba50009bb0 comp rx=0 tx=0).stop
2024-03-26T05:16:50.160 INFO:teuthology.orchestra.run.smithi136.stdout:/usr/bin/ceph: stderr
2024-03-26T05:16:49.131+0000 7fba631a6700 1 -- 172.21.15.136:0/1219114053 shutdown_connections
2024-03-26T05:16:50.160 INFO:teuthology.orchestra.run.smithi136.stdout:/usr/bin/ceph: stderr
2024-03-26T05:16:49.131+0000 7fba631a6700 1 --2- 172.21.15.136:0/1219114053 >> [v2:172.21.15.136:3300/0,v1:172.21.15.136:6789/0] conn(0x7fba5c1060f0 0x7fba5c106510 unknown :-1 s=CLOSED pgs=53 cs=0 l=1 rev1=1 crypto rx=0 tx=0 comp rx=0 tx=0).stop
2024-03-26T05:16:50.160 INFO:teuthology.orchestra.run.smithi136.stdout:/usr/bin/ceph: stderr
2024-03-26T05:16:49.131+0000 7fba631a6700 1 -- 172.21.15.136:0/1219114053 >> 172.21.15.136:0/1219114053 conn(0x7fba5c101690 msgr2=0x7fba5c103ad0 unknown :-1 s=STATE_NONE l=0).mark_down
2024-03-26T05:16:50.160 INFO:teuthology.orchestra.run.smithi136.stdout:/usr/bin/ceph: stderr
2024-03-26T05:16:49.131+0000 7fba631a6700 1 -- 172.21.15.136:0/1219114053 shutdown_connections
2024-03-26T05:16:50.160 INFO:teuthology.orchestra.run.smithi136.stdout:/usr/bin/ceph: stderr
2024-03-26T05:16:49.131+0000 7fba631a6700 1 -- 172.21.15.136:0/1219114053 wait complete.
2024-03-26T05:16:50.160 INFO:teuthology.orchestra.run.smithi136.stdout:/usr/bin/ceph: stderr
2024-03-26T05:16:49.131+0000 7fba631a6700 1 Processor -- start
2024-03-26T05:16:50.160 INFO:teuthology.orchestra.run.smithi136.stdout:/usr/bin/ceph: stderr
2024-03-26T05:16:49.131+0000 7fba631a6700 1 -- start start
2024-03-26T05:16:50.160 INFO:teuthology.orchestra.run.smithi136.stdout:/usr/bin/ceph: stderr
2024-03-26T05:16:49.132+0000 7fba631a6700 1 --2- >> [v2:172.21.15.136:3300/0,v1:172.21.15.136:6789/0] conn(0x7fba5c1060f0 0x7fba5c07b3e0 unknown :-1 s=NONE pgs=0 cs=0 l=1 rev1=0 crypto rx=0 tx=0 comp rx=0 tx=0).connect
2024-03-26T05:16:50.160 INFO:teuthology.orchestra.run.smithi136.stdout:/usr/bin/ceph: stderr
2024-03-26T05:16:49.132+0000 7fba631a6700 1 -- --> [v2:172.21.15.136:3300/0,v1:172.21.15.136:6789/0] -- mon_getmap magic: 0 v1 -- 0x7fba5c07b920 con 0x7fba5c1060f0
2024-03-26T05:16:50.160 INFO:teuthology.orchestra.run.smithi136.stdout:/usr/bin/ceph: stderr
2024-03-26T05:16:49.132+0000 7fba60f42700 1 --2- >> [v2:172.21.15.136:3300/0,v1:172.21.15.136:6789/0] conn(0x7fba5c1060f0 0x7fba5c07b3e0 unknown :-1 s=BANNER_CONNECTING pgs=0 cs=0 l=1 rev1=0 crypto rx=0 tx=0 comp rx=0 tx=0)._handle_peer_banner_payload supported=3 required=0
2024-03-26T05:16:50.160 INFO:teuthology.orchestra.run.smithi136.stdout:/usr/bin/ceph: stderr
2024-03-26T05:16:49.132+0000 7fba60f42700 1 --2- >> [v2:172.21.15.136:3300/0,v1:172.21.15.136:6789/0] conn(0x7fba5c1060f0 0x7fba5c07b3e0 unknown :-1 s=HELLO_CONNECTING pgs=0 cs=0 l=1 rev1=1 crypto rx=0 tx=0 comp rx=0 tx=0).handle_hello peer v2:172.21.15.136:3300/0 says I am v2:172.21.15.136:39084/0 (socket says 172.21.15.136:39084)
2024-03-26T05:16:50.160 INFO:teuthology.orchestra.run.smithi136.stdout:/usr/bin/ceph: stderr
2024-03-26T05:16:49.132+0000 7fba60f42700 1 -- 172.21.15.136:0/2818051987 learned_addr learned my addr 172.21.15.136:0/2818051987 (peer_addr_for_me v2:172.21.15.136:0/0)
2024-03-26T05:16:50.160 INFO:teuthology.orchestra.run.smithi136.stdout:/usr/bin/ceph: stderr
2024-03-26T05:16:49.132+0000 7fba60f42700 1 -- 172.21.15.136:0/2818051987 --> [v2:172.21.15.136:3300/0,v1:172.21.15.136:6789/0] -- mon_subscribe({config=0+,monmap=0+}) v3 -- 0x7fba50009550 con 0x7fba5c1060f0
2024-03-26T05:16:50.161 INFO:teuthology.orchestra.run.smithi136.stdout:/usr/bin/ceph: stderr
2024-03-26T05:16:49.132+0000 7fba60f42700 1 --2- 172.21.15.136:0/2818051987 >> [v2:172.21.15.136:3300/0,v1:172.21.15.136:6789/0] conn(0x7fba5c1060f0 0x7fba5c07b3e0 secure :-1 s=READY pgs=54 cs=0 l=1 rev1=1 crypto rx=0x7fba50006af0 tx=0x7fba500119e0 comp rx=0 tx=0).ready entity=mon.0 client_cookie=0 server_cookie=0 in_seq=0 out_seq=0
2024-03-26T05:16:50.161 INFO:teuthology.orchestra.run.smithi136.stdout:/usr/bin/ceph: stderr
2024-03-26T05:16:49.132+0000 7fba59ffb700 1 -- 172.21.15.136:0/2818051987 <== mon.0 v2:172.21.15.136:3300/0 1 ==== mon_map magic: 0 v1 ==== 205+0+0 (secure 0 0 0) 0x7fba500039b0 con 0x7fba5c1060f0
2024-03-26T05:16:50.161 INFO:teuthology.orchestra.run.smithi136.stdout:/usr/bin/ceph: stderr
2024-03-26T05:16:49.132+0000 7fba59ffb700 1 -- 172.21.15.136:0/2818051987 <== mon.0 v2:172.21.15.136:3300/0 2 ==== config(26 keys) v1 ==== 1093+0+0 (secure 0 0 0) 0x7fba50003b10 con 0x7fba5c1060f0
2024-03-26T05:16:50.161 INFO:teuthology.orchestra.run.smithi136.stdout:/usr/bin/ceph: stderr
2024-03-26T05:16:49.132+0000 7fba631a6700 1 -- 172.21.15.136:0/2818051987 --> [v2:172.21.15.136:3300/0,v1:172.21.15.136:6789/0] -- mon_subscribe({mgrmap=0+}) v3 -- 0x7fba5c079b10 con 0x7fba5c1060f0
2024-03-26T05:16:50.161 INFO:teuthology.orchestra.run.smithi136.stdout:/usr/bin/ceph: stderr
2024-03-26T05:16:49.132+0000 7fba59ffb700 1 -- 172.21.15.136:0/2818051987 <== mon.0 v2:172.21.15.136:3300/0 3 ==== mon_map magic: 0 v1 ==== 205+0+0 (secure 0 0 0) 0x7fba50019670 con 0x7fba5c1060f0
2024-03-26T05:16:50.161 INFO:teuthology.orchestra.run.smithi136.stdout:/usr/bin/ceph: stderr
2024-03-26T05:16:49.133+0000 7fba631a6700 1 -- 172.21.15.136:0/2818051987 --> [v2:172.21.15.136:3300/0,v1:172.21.15.136:6789/0] -- mon_subscribe({osdmap=0}) v3 -- 0x7fba5c079fb0 con 0x7fba5c1060f0
2024-03-26T05:16:50.161 INFO:teuthology.orchestra.run.smithi136.stdout:/usr/bin/ceph: stderr
2024-03-26T05:16:49.133+0000 7fba59ffb700 1 -- 172.21.15.136:0/2818051987 <== mon.0 v2:172.21.15.136:3300/0 4 ==== mgrmap(e 8) v1 ==== 45893+0+0 (secure 0 0 0) 0x7fba500198e0 con 0x7fba5c1060f0
2024-03-26T05:16:50.161 INFO:teuthology.orchestra.run.smithi136.stdout:/usr/bin/ceph: stderr
2024-03-26T05:16:49.134+0000 7fba631a6700 1 -- 172.21.15.136:0/2818051987 --> [v2:172.21.15.136:3300/0,v1:172.21.15.136:6789/0] -- mon_command({"prefix": "get_command_descriptions"} v 0) v1 -- 0x7fba5c10a520 con 0x7fba5c1060f0
2024-03-26T05:16:50.161 INFO:teuthology.orchestra.run.smithi136.stdout:/usr/bin/ceph: stderr
2024-03-26T05:16:49.134+0000 7fba59ffb700 1 --2- 172.21.15.136:0/2818051987 >> v2:172.21.15.136:6800/3861450553 conn(0x7fba4c038ea0 0x7fba4c03b360 unknown :-1 s=NONE pgs=0 cs=0 l=1 rev1=0 crypto rx=0 tx=0 comp rx=0 tx=0).connect
2024-03-26T05:16:50.161 INFO:teuthology.orchestra.run.smithi136.stdout:/usr/bin/ceph: stderr
2024-03-26T05:16:49.134+0000 7fba59ffb700 1 -- 172.21.15.136:0/2818051987 <== mon.0 v2:172.21.15.136:3300/0 5 ==== osd_map(2..2 src has 1..2) v4 ==== 897+0+0 (secure 0 0 0) 0x7fba5004dff0 con 0x7fba5c1060f0
2024-03-26T05:16:50.161 INFO:teuthology.orchestra.run.smithi136.stdout:/usr/bin/ceph: stderr
2024-03-26T05:16:49.134+0000 7fba5bfff700 1 --2- 172.21.15.136:0/2818051987 >> v2:172.21.15.136:6800/3861450553 conn(0x7fba4c038ea0 0x7fba4c03b360 unknown :-1 s=BANNER_CONNECTING pgs=0 cs=0 l=1 rev1=0 crypto rx=0 tx=0 comp rx=0 tx=0)._handle_peer_banner_payload supported=3 required=0
2024-03-26T05:16:50.161 INFO:teuthology.orchestra.run.smithi136.stdout:/usr/bin/ceph: stderr
2024-03-26T05:16:49.134+0000 7fba5bfff700 1 --2- 172.21.15.136:0/2818051987 >> v2:172.21.15.136:6800/3861450553 conn(0x7fba4c038ea0 0x7fba4c03b360 secure :-1 s=READY pgs=16 cs=0 l=1 rev1=1 crypto rx=0x7fba48006fd0 tx=0x7fba48006e40 comp rx=0 tx=0).ready entity=mgr.14118 client_cookie=0 server_cookie=0 in_seq=0 out_seq=0
2024-03-26T05:16:50.161 INFO:teuthology.orchestra.run.smithi136.stdout:/usr/bin/ceph: stderr
2024-03-26T05:16:49.139+0000 7fba59ffb700 1 -- 172.21.15.136:0/2818051987 <== mon.0 v2:172.21.15.136:3300/0 6 ==== mon_command_ack([{"prefix": "get_command_descriptions"}]=0 v0) v1 ==== 72+0+184932 (secure 0 0 0) 0x7fba50023e00 con 0x7fba5c1060f0
2024-03-26T05:16:50.161 INFO:teuthology.orchestra.run.smithi136.stdout:/usr/bin/ceph: stderr
2024-03-26T05:16:49.403+0000 7fba631a6700 1 -- 172.21.15.136:0/2818051987 --> [v2:172.21.15.136:3300/0,v1:172.21.15.136:6789/0] -- mon_command({"prefix": "mgr module enable", "module": "dashboard"} v 0) v1 -- 0x7fba5c10a730 con 0x7fba5c1060f0
2024-03-26T05:16:50.161 INFO:teuthology.orchestra.run.smithi136.stdout:/usr/bin/ceph: stderr
2024-03-26T05:16:49.577+0000 7fba59ffb700 1 -- 172.21.15.136:0/2818051987 <== mon.0 v2:172.21.15.136:3300/0 7 ==== mon_command_ack([{"prefix": "mgr module enable", "module": "dashboard"}]=0 v9) v1 ==== 88+0+0 (secure 0 0 0) 0x7fba50024e40 con 0x7fba5c1060f0
2024-03-26T05:16:50.162 INFO:teuthology.orchestra.run.smithi136.stdout:/usr/bin/ceph: stderr
2024-03-26T05:16:49.578+0000 7fba59ffb700 1 -- 172.21.15.136:0/2818051987 <== mon.0 v2:172.21.15.136:3300/0 8 ==== mgrmap(e 9) v1 ==== 45906+0+0 (secure 0 0 0) 0x7fba5004ce10 con 0x7fba5c1060f0
2024-03-26T05:16:50.162 INFO:teuthology.orchestra.run.smithi136.stdout:/usr/bin/ceph: stderr
2024-03-26T05:16:49.580+0000 7fba631a6700 1 -- 172.21.15.136:0/2818051987 >> v2:172.21.15.136:6800/3861450553 conn(0x7fba4c038ea0 msgr2=0x7fba4c03b360 secure :-1 s=STATE_CONNECTION_ESTABLISHED l=1).mark_down
2024-03-26T05:16:50.162 INFO:teuthology.orchestra.run.smithi136.stdout:/usr/bin/ceph: stderr
2024-03-26T05:16:49.580+0000 7fba631a6700 1 --2- 172.21.15.136:0/2818051987 >> v2:172.21.15.136:6800/3861450553 conn(0x7fba4c038ea0 0x7fba4c03b360 secure :-1 s=READY pgs=16 cs=0 l=1 rev1=1 crypto rx=0x7fba48006fd0 tx=0x7fba48006e40 comp rx=0 tx=0).stop
2024-03-26T05:16:50.162 INFO:teuthology.orchestra.run.smithi136.stdout:/usr/bin/ceph: stderr
2024-03-26T05:16:49.580+0000 7fba631a6700 1 -- 172.21.15.136:0/2818051987 >> [v2:172.21.15.136:3300/0,v1:172.21.15.136:6789/0] conn(0x7fba5c1060f0 msgr2=0x7fba5c07b3e0 secure :-1 s=STATE_CONNECTION_ESTABLISHED l=1).mark_down
2024-03-26T05:16:50.162 INFO:teuthology.orchestra.run.smithi136.stdout:/usr/bin/ceph: stderr
2024-03-26T05:16:49.580+0000 7fba631a6700 1 --2- 172.21.15.136:0/2818051987 >> [v2:172.21.15.136:3300/0,v1:172.21.15.136:6789/0] conn(0x7fba5c1060f0 0x7fba5c07b3e0 secure :-1 s=READY pgs=54 cs=0 l=1 rev1=1 crypto rx=0x7fba50006af0 tx=0x7fba500119e0 comp rx=0 tx=0).stop
2024-03-26T05:16:50.162 INFO:teuthology.orchestra.run.smithi136.stdout:/usr/bin/ceph: stderr
2024-03-26T05:16:49.580+0000 7fba631a6700 1 -- 172.21.15.136:0/2818051987 shutdown_connections
2024-03-26T05:16:50.162 INFO:teuthology.orchestra.run.smithi136.stdout:/usr/bin/ceph: stderr
2024-03-26T05:16:49.580+0000 7fba631a6700 1 --2- 172.21.15.136:0/2818051987 >> v2:172.21.15.136:6800/3861450553 conn(0x7fba4c038ea0 0x7fba4c03b360 secure :-1 s=CLOSED pgs=16 cs=0 l=1 rev1=1 crypto rx=0x7fba48006fd0 tx=0x7fba48006e40 comp rx=0 tx=0).stop
2024-03-26T05:16:50.162 INFO:teuthology.orchestra.run.smithi136.stdout:/usr/bin/ceph: stderr
2024-03-26T05:16:49.580+0000 7fba631a6700 1 --2- 172.21.15.136:0/2818051987 >> [v2:172.21.15.136:3300/0,v1:172.21.15.136:6789/0] conn(0x7fba5c1060f0 0x7fba5c07b3e0 unknown :-1 s=CLOSED pgs=54 cs=0 l=1 rev1=1 crypto rx=0 tx=0 comp rx=0 tx=0).stop
2024-03-26T05:16:50.162 INFO:teuthology.orchestra.run.smithi136.stdout:/usr/bin/ceph: stderr
2024-03-26T05:16:49.580+0000 7fba631a6700 1 -- 172.21.15.136:0/2818051987 >> 172.21.15.136:0/2818051987 conn(0x7fba5c101690 msgr2=0x7fba5c102240 unknown :-1 s=STATE_NONE l=0).mark_down
2024-03-26T05:16:50.162 INFO:teuthology.orchestra.run.smithi136.stdout:/usr/bin/ceph: stderr
2024-03-26T05:16:49.580+0000 7fba631a6700 1 -- 172.21.15.136:0/2818051987 shutdown_connections
2024-03-26T05:16:50.162 INFO:teuthology.orchestra.run.smithi136.stdout:/usr/bin/ceph: stderr
2024-03-26T05:16:49.580+0000 7fba631a6700 1 -- 172.21.15.136:0/2818051987 wait complete.
2024-03-26T05:16:50.242 INFO:journalctl@ceph.mgr.y.smithi136.stdout:Mar 26 05:16:50 smithi136 ceph-d69b39a8-eb2f-11ee-95d0-87774f69a715-mgr-y[29793]:
2024-03-26T05:16:50.147+0000 7f39eac28200 -1 mgr[py] Module osd_perf_query has missing NOTIFY_TYPES member
2024-03-26T05:16:50.242 INFO:journalctl@ceph.mgr.y.smithi136.stdout:Mar 26 05:16:50 smithi136 ceph-d69b39a8-eb2f-11ee-95d0-87774f69a715-mgr-y[29793]:
2024-03-26T05:16:50.251+0000 7f39eac28200 -1 mgr[py] Module snap_schedule has missing NOTIFY_TYPES member
2024-03-26T05:16:50.809 INFO:journalctl@ceph.mon.a.smithi136.stdout:Mar 26 05:16:50 smithi136 ceph-mon[29560]: from='client.? 172.21.15.136:0/2818051987' entity='client.admin' cmd='[{"prefix": "mgr module enable", "module": "dashboard"}]': finished
2024-03-26T05:16:50.809 INFO:journalctl@ceph.mon.a.smithi136.stdout:Mar 26 05:16:50 smithi136 ceph-mon[29560]: mgrmap e9: y(active, since 19s)
2024-03-26T05:16:51.073 INFO:journalctl@ceph.mgr.y.smithi136.stdout:Mar 26 05:16:50 smithi136 ceph-d69b39a8-eb2f-11ee-95d0-87774f69a715-mgr-y[29793]:
2024-03-26T05:16:50.918+0000 7f39eac28200 -1 mgr[py] Module zabbix has missing NOTIFY_TYPES member
2024-03-26T05:16:51.074 INFO:journalctl@ceph.mgr.y.smithi136.stdout:Mar 26 05:16:51 smithi136 ceph-d69b39a8-eb2f-11ee-95d0-87774f69a715-mgr-y[29793]:
2024-03-26T05:16:51.011+0000 7f39eac28200 -1 mgr[py] Module balancer has missing NOTIFY_TYPES member
2024-03-26T05:16:51.548 INFO:journalctl@ceph.mgr.y.smithi136.stdout:Mar 26 05:16:51 smithi136 ceph-d69b39a8-eb2f-11ee-95d0-87774f69a715-mgr-y[29793]:
2024-03-26T05:16:51.154+0000 7f39eac28200 -1 mgr[py] Module influx has missing NOTIFY_TYPES member
2024-03-26T05:16:51.549 INFO:journalctl@ceph.mgr.y.smithi136.stdout:Mar 26 05:16:51 smithi136 ceph-d69b39a8-eb2f-11ee-95d0-87774f69a715-mgr-y[29793]:
2024-03-26T05:16:51.252+0000 7f39eac28200 -1 mgr[py] Module alerts has missing NOTIFY_TYPES member
2024-03-26T05:16:51.549 INFO:journalctl@ceph.mgr.y.smithi136.stdout:Mar 26 05:16:51 smithi136 ceph-d69b39a8-eb2f-11ee-95d0-87774f69a715-mgr-y[29793]:
2024-03-26T05:16:51.336+0000 7f39eac28200 -1 mgr[py] Module iostat has missing NOTIFY_TYPES member
2024-03-26T05:16:51.559 INFO:teuthology.orchestra.run.smithi136.stdout:/usr/bin/ceph: stdout {
2024-03-26T05:16:51.559 INFO:teuthology.orchestra.run.smithi136.stdout:/usr/bin/ceph: stdout "epoch": 9,
2024-03-26T05:16:51.559 INFO:teuthology.orchestra.run.smithi136.stdout:/usr/bin/ceph: stdout "available": true,
2024-03-26T05:16:51.559 INFO:teuthology.orchestra.run.smithi136.stdout:/usr/bin/ceph: stdout "active_name": "y",
2024-03-26T05:16:51.559 INFO:teuthology.orchestra.run.smithi136.stdout:/usr/bin/ceph: stdout "num_standby": 0
2024-03-26T05:16:51.559 INFO:teuthology.orchestra.run.smithi136.stdout:/usr/bin/ceph: stdout }
2024-03-26T05:16:51.559 INFO:teuthology.orchestra.run.smithi136.stdout:/usr/bin/ceph: stderr
2024-03-26T05:16:50.613+0000 7fac23217700 1 Processor -- start
2024-03-26T05:16:51.559 INFO:teuthology.orchestra.run.smithi136.stdout:/usr/bin/ceph: stderr
2024-03-26T05:16:50.613+0000 7fac23217700 1 -- start start
2024-03-26T05:16:51.559 INFO:teuthology.orchestra.run.smithi136.stdout:/usr/bin/ceph: stderr
2024-03-26T05:16:50.613+0000 7fac23217700 1 --2- >> [v2:172.21.15.136:3300/0,v1:172.21.15.136:6789/0] conn(0x7fac1c106b80 0x7fac1c108f70 unknown :-1 s=NONE pgs=0 cs=0 l=0 rev1=0 crypto rx=0 tx=0 comp rx=0 tx=0).connect
2024-03-26T05:16:51.559 INFO:teuthology.orchestra.run.smithi136.stdout:/usr/bin/ceph: stderr
2024-03-26T05:16:50.613+0000 7fac23217700 1 -- --> [v2:172.21.15.136:3300/0,v1:172.21.15.136:6789/0] -- mon_getmap magic: 0 v1 -- 0x7fac1c079f70 con 0x7fac1c106b80
2024-03-26T05:16:51.560 INFO:teuthology.orchestra.run.smithi136.stdout:/usr/bin/ceph: stderr
2024-03-26T05:16:50.613+0000 7fac20fb3700 1 --2- >> [v2:172.21.15.136:3300/0,v1:172.21.15.136:6789/0] conn(0x7fac1c106b80 0x7fac1c108f70 unknown :-1 s=BANNER_CONNECTING pgs=0 cs=0 l=0 rev1=0 crypto rx=0 tx=0 comp rx=0 tx=0)._handle_peer_banner_payload supported=3 required=0
2024-03-26T05:16:51.560 INFO:teuthology.orchestra.run.smithi136.stdout:/usr/bin/ceph: stderr
2024-03-26T05:16:50.613+0000 7fac20fb3700 1 --2- >> [v2:172.21.15.136:3300/0,v1:172.21.15.136:6789/0] conn(0x7fac1c106b80 0x7fac1c108f70 unknown :-1 s=HELLO_CONNECTING pgs=0 cs=0 l=0 rev1=1 crypto rx=0 tx=0 comp rx=0 tx=0).handle_hello peer v2:172.21.15.136:3300/0 says I am v2:172.21.15.136:39118/0 (socket says 172.21.15.136:39118)
2024-03-26T05:16:51.560 INFO:teuthology.orchestra.run.smithi136.stdout:/usr/bin/ceph: stderr
2024-03-26T05:16:50.613+0000 7fac20fb3700 1 -- 172.21.15.136:0/924102462 learned_addr learned my addr 172.21.15.136:0/924102462 (peer_addr_for_me v2:172.21.15.136:0/0)
2024-03-26T05:16:51.560 INFO:teuthology.orchestra.run.smithi136.stdout:/usr/bin/ceph: stderr
2024-03-26T05:16:50.613+0000 7fac20fb3700 1 -- 172.21.15.136:0/924102462 --> [v2:172.21.15.136:3300/0,v1:172.21.15.136:6789/0] -- mon_subscribe({config=0+,monmap=0+}) v3 -- 0x7fac1c1094b0 con 0x7fac1c106b80
2024-03-26T05:16:51.560 INFO:teuthology.orchestra.run.smithi136.stdout:/usr/bin/ceph: stderr
2024-03-26T05:16:50.614+0000 7fac20fb3700 1 --2- 172.21.15.136:0/924102462 >> [v2:172.21.15.136:3300/0,v1:172.21.15.136:6789/0] conn(0x7fac1c106b80 0x7fac1c108f70 secure :-1 s=READY pgs=57 cs=0 l=1 rev1=1 crypto rx=0x7fac100098a0 tx=0x7fac10009bb0 comp rx=0 tx=0).ready entity=mon.0 client_cookie=9308bf56fa733683 server_cookie=0 in_seq=0 out_seq=0
2024-03-26T05:16:51.560 INFO:teuthology.orchestra.run.smithi136.stdout:/usr/bin/ceph: stderr
2024-03-26T05:16:50.614+0000 7fac1b7fe700 1 -- 172.21.15.136:0/924102462 <== mon.0 v2:172.21.15.136:3300/0 1 ==== mon_map magic: 0 v1 ==== 205+0+0 (secure 0 0 0) 0x7fac10004160 con 0x7fac1c106b80
2024-03-26T05:16:51.560 INFO:teuthology.orchestra.run.smithi136.stdout:/usr/bin/ceph: stderr
2024-03-26T05:16:50.614+0000 7fac1b7fe700 1 -- 172.21.15.136:0/924102462 <== mon.0 v2:172.21.15.136:3300/0 2 ==== config(26 keys) v1 ==== 1093+0+0 (secure 0 0 0) 0x7fac100042c0 con 0x7fac1c106b80
2024-03-26T05:16:51.560 INFO:teuthology.orchestra.run.smithi136.stdout:/usr/bin/ceph: stderr
2024-03-26T05:16:50.614+0000 7fac1b7fe700 1 -- 172.21.15.136:0/924102462 <== mon.0 v2:172.21.15.136:3300/0 3 ==== mon_map magic: 0 v1 ==== 205+0+0 (secure 0 0 0) 0x7fac10011960 con 0x7fac1c106b80
2024-03-26T05:16:51.560 INFO:teuthology.orchestra.run.smithi136.stdout:/usr/bin/ceph: stderr
2024-03-26T05:16:50.615+0000 7fac23217700 1 -- 172.21.15.136:0/924102462 >> [v2:172.21.15.136:3300/0,v1:172.21.15.136:6789/0] conn(0x7fac1c106b80 msgr2=0x7fac1c108f70 secure :-1 s=STATE_CONNECTION_ESTABLISHED l=1).mark_down
2024-03-26T05:16:51.560 INFO:teuthology.orchestra.run.smithi136.stdout:/usr/bin/ceph: stderr
2024-03-26T05:16:50.615+0000 7fac23217700 1 --2- 172.21.15.136:0/924102462 >> [v2:172.21.15.136:3300/0,v1:172.21.15.136:6789/0] conn(0x7fac1c106b80 0x7fac1c108f70 secure :-1 s=READY pgs=57 cs=0 l=1 rev1=1 crypto rx=0x7fac100098a0 tx=0x7fac10009bb0 comp rx=0 tx=0).stop
2024-03-26T05:16:51.560 INFO:teuthology.orchestra.run.smithi136.stdout:/usr/bin/ceph: stderr
2024-03-26T05:16:50.615+0000 7fac23217700 1 -- 172.21.15.136:0/924102462 shutdown_connections
2024-03-26T05:16:51.560 INFO:teuthology.orchestra.run.smithi136.stdout:/usr/bin/ceph: stderr
2024-03-26T05:16:50.615+0000 7fac23217700 1 --2- 172.21.15.136:0/924102462 >> [v2:172.21.15.136:3300/0,v1:172.21.15.136:6789/0] conn(0x7fac1c106b80 0x7fac1c108f70 unknown :-1 s=CLOSED pgs=57 cs=0 l=1 rev1=1 crypto rx=0 tx=0 comp rx=0 tx=0).stop
2024-03-26T05:16:51.560 INFO:teuthology.orchestra.run.smithi136.stdout:/usr/bin/ceph: stderr
2024-03-26T05:16:50.615+0000 7fac23217700 1 -- 172.21.15.136:0/924102462 >> 172.21.15.136:0/924102462 conn(0x7fac1c100550 msgr2=0x7fac1c1029b0 unknown :-1 s=STATE_NONE l=0).mark_down
2024-03-26T05:16:51.560 INFO:teuthology.orchestra.run.smithi136.stdout:/usr/bin/ceph: stderr
2024-03-26T05:16:50.615+0000 7fac23217700 1 -- 172.21.15.136:0/924102462 shutdown_connections
2024-03-26T05:16:51.560 INFO:teuthology.orchestra.run.smithi136.stdout:/usr/bin/ceph: stderr
2024-03-26T05:16:50.615+0000 7fac23217700 1 -- 172.21.15.136:0/924102462 wait complete.
2024-03-26T05:16:51.561 INFO:teuthology.orchestra.run.smithi136.stdout:/usr/bin/ceph: stderr
2024-03-26T05:16:50.615+0000 7fac23217700 1 Processor -- start
2024-03-26T05:16:51.561 INFO:teuthology.orchestra.run.smithi136.stdout:/usr/bin/ceph: stderr
2024-03-26T05:16:50.616+0000 7fac23217700 1 -- start start
2024-03-26T05:16:51.561 INFO:teuthology.orchestra.run.smithi136.stdout:/usr/bin/ceph: stderr
2024-03-26T05:16:50.616+0000 7fac23217700 1 --2- >> [v2:172.21.15.136:3300/0,v1:172.21.15.136:6789/0] conn(0x7fac1c106b80 0x7fac1c199e20 unknown :-1 s=NONE pgs=0 cs=0 l=1 rev1=0 crypto rx=0 tx=0 comp rx=0 tx=0).connect
2024-03-26T05:16:51.561 INFO:teuthology.orchestra.run.smithi136.stdout:/usr/bin/ceph: stderr
2024-03-26T05:16:50.616+0000 7fac23217700 1 -- --> [v2:172.21.15.136:3300/0,v1:172.21.15.136:6789/0] -- mon_getmap magic: 0 v1 -- 0x7fac1c19a360 con 0x7fac1c106b80
2024-03-26T05:16:51.561 INFO:teuthology.orchestra.run.smithi136.stdout:/usr/bin/ceph: stderr
2024-03-26T05:16:50.616+0000 7fac20fb3700 1 --2- >> [v2:172.21.15.136:3300/0,v1:172.21.15.136:6789/0] conn(0x7fac1c106b80 0x7fac1c199e20 unknown :-1 s=BANNER_CONNECTING pgs=0 cs=0 l=1 rev1=0 crypto rx=0 tx=0 comp rx=0 tx=0)._handle_peer_banner_payload supported=3 required=0
2024-03-26T05:16:51.561 INFO:teuthology.orchestra.run.smithi136.stdout:/usr/bin/ceph: stderr
2024-03-26T05:16:50.616+0000 7fac20fb3700 1 --2- >> [v2:172.21.15.136:3300/0,v1:172.21.15.136:6789/0] conn(0x7fac1c106b80 0x7fac1c199e20 unknown :-1 s=HELLO_CONNECTING pgs=0 cs=0 l=1 rev1=1 crypto rx=0 tx=0 comp rx=0 tx=0).handle_hello peer v2:172.21.15.136:3300/0 says I am v2:172.21.15.136:39122/0 (socket says 172.21.15.136:39122)
2024-03-26T05:16:51.561 INFO:teuthology.orchestra.run.smithi136.stdout:/usr/bin/ceph: stderr
2024-03-26T05:16:50.616+0000 7fac20fb3700 1 -- 172.21.15.136:0/1541601775 learned_addr learned my addr 172.21.15.136:0/1541601775 (peer_addr_for_me v2:172.21.15.136:0/0)
2024-03-26T05:16:51.561 INFO:teuthology.orchestra.run.smithi136.stdout:/usr/bin/ceph: stderr
2024-03-26T05:16:50.616+0000 7fac20fb3700 1 -- 172.21.15.136:0/1541601775 --> [v2:172.21.15.136:3300/0,v1:172.21.15.136:6789/0] -- mon_subscribe({config=0+,monmap=0+}) v3 -- 0x7fac10009550 con 0x7fac1c106b80
2024-03-26T05:16:51.561 INFO:teuthology.orchestra.run.smithi136.stdout:/usr/bin/ceph: stderr
2024-03-26T05:16:50.616+0000 7fac20fb3700 1 --2- 172.21.15.136:0/1541601775 >> [v2:172.21.15.136:3300/0,v1:172.21.15.136:6789/0] conn(0x7fac1c106b80 0x7fac1c199e20 secure :-1 s=READY pgs=58 cs=0 l=1 rev1=1 crypto rx=0x7fac10006af0 tx=0x7fac100119e0 comp rx=0 tx=0).ready entity=mon.0 client_cookie=0 server_cookie=0 in_seq=0 out_seq=0
2024-03-26T05:16:51.561 INFO:teuthology.orchestra.run.smithi136.stdout:/usr/bin/ceph: stderr
2024-03-26T05:16:50.616+0000 7fac19ffb700 1 -- 172.21.15.136:0/1541601775 <== mon.0 v2:172.21.15.136:3300/0 1 ==== mon_map magic: 0 v1 ==== 205+0+0 (secure 0 0 0) 0x7fac100039b0 con 0x7fac1c106b80
2024-03-26T05:16:51.561 INFO:teuthology.orchestra.run.smithi136.stdout:/usr/bin/ceph: stderr
2024-03-26T05:16:50.616+0000 7fac19ffb700 1 -- 172.21.15.136:0/1541601775 <== mon.0 v2:172.21.15.136:3300/0 2 ==== config(26 keys) v1 ==== 1093+0+0 (secure 0 0 0) 0x7fac10003b10 con 0x7fac1c106b80
2024-03-26T05:16:51.561 INFO:teuthology.orchestra.run.smithi136.stdout:/usr/bin/ceph: stderr
2024-03-26T05:16:50.616+0000 7fac23217700 1 -- 172.21.15.136:0/1541601775 --> [v2:172.21.15.136:3300/0,v1:172.21.15.136:6789/0] -- mon_subscribe({mgrmap=0+}) v3 -- 0x7fac1c19a560 con 0x7fac1c106b80
2024-03-26T05:16:51.561 INFO:teuthology.orchestra.run.smithi136.stdout:/usr/bin/ceph: stderr
2024-03-26T05:16:50.616+0000 7fac19ffb700 1 -- 172.21.15.136:0/1541601775 <== mon.0 v2:172.21.15.136:3300/0 3 ==== mon_map magic: 0 v1 ==== 205+0+0 (secure 0 0 0) 0x7fac10019680 con 0x7fac1c106b80
2024-03-26T05:16:51.561 INFO:teuthology.orchestra.run.smithi136.stdout:/usr/bin/ceph: stderr
2024-03-26T05:16:50.617+0000 7fac23217700 1 -- 172.21.15.136:0/1541601775 --> [v2:172.21.15.136:3300/0,v1:172.21.15.136:6789/0] -- mon_subscribe({osdmap=0}) v3 -- 0x7fac1c19aa00 con 0x7fac1c106b80
2024-03-26T05:16:51.561 INFO:teuthology.orchestra.run.smithi136.stdout:/usr/bin/ceph: stderr
2024-03-26T05:16:50.618+0000 7fac19ffb700 1 -- 172.21.15.136:0/1541601775 <== mon.0 v2:172.21.15.136:3300/0 4 ==== mgrmap(e 9) v1 ==== 45906+0+0 (secure 0 0 0) 0x7fac100198f0 con 0x7fac1c106b80
2024-03-26T05:16:51.561 INFO:teuthology.orchestra.run.smithi136.stdout:/usr/bin/ceph: stderr
2024-03-26T05:16:50.618+0000 7fac23217700 1 -- 172.21.15.136:0/1541601775 --> [v2:172.21.15.136:3300/0,v1:172.21.15.136:6789/0] -- mon_command({"prefix": "get_command_descriptions"} v 0) v1 -- 0x7fac1c10a290 con 0x7fac1c106b80
2024-03-26T05:16:51.562 INFO:teuthology.orchestra.run.smithi136.stdout:/usr/bin/ceph: stderr
2024-03-26T05:16:50.618+0000 7fac19ffb700 1 --2- 172.21.15.136:0/1541601775 >> v2:172.21.15.136:6800/3861450553 conn(0x7fac0c038ef0 0x7fac0c03b3b0 unknown :-1 s=NONE pgs=0 cs=0 l=1 rev1=0 crypto rx=0 tx=0 comp rx=0 tx=0).connect
2024-03-26T05:16:51.562 INFO:teuthology.orchestra.run.smithi136.stdout:/usr/bin/ceph: stderr
2024-03-26T05:16:50.618+0000 7fac19ffb700 1 -- 172.21.15.136:0/1541601775 <== mon.0 v2:172.21.15.136:3300/0 5 ==== osd_map(2..2 src has 1..2) v4 ==== 897+0+0 (secure 0 0 0) 0x7fac1004d130 con 0x7fac1c106b80
2024-03-26T05:16:51.562 INFO:teuthology.orchestra.run.smithi136.stdout:/usr/bin/ceph: stderr
2024-03-26T05:16:50.618+0000 7fac1bfff700 1 -- 172.21.15.136:0/1541601775 >> v2:172.21.15.136:6800/3861450553 conn(0x7fac0c038ef0 msgr2=0x7fac0c03b3b0 unknown :-1 s=STATE_CONNECTING_RE l=1).process reconnect failed to v2:172.21.15.136:6800/3861450553
2024-03-26T05:16:51.562 INFO:teuthology.orchestra.run.smithi136.stdout:/usr/bin/ceph: stderr
2024-03-26T05:16:50.618+0000 7fac1bfff700 1 --2- 172.21.15.136:0/1541601775 >> v2:172.21.15.136:6800/3861450553 conn(0x7fac0c038ef0 0x7fac0c03b3b0 unknown :-1 s=START_CONNECT pgs=0 cs=0 l=1 rev1=0 crypto rx=0 tx=0 comp rx=0 tx=0)._fault waiting 0.200000
2024-03-26T05:16:51.562 INFO:teuthology.orchestra.run.smithi136.stdout:/usr/bin/ceph: stderr
2024-03-26T05:16:50.627+0000 7fac19ffb700 1 -- 172.21.15.136:0/1541601775 <== mon.0 v2:172.21.15.136:3300/0 6 ==== mon_command_ack([{"prefix": "get_command_descriptions"}]=0 v0) v1 ==== 72+0+184932 (secure 0 0 0) 0x7fac10018d70 con 0x7fac1c106b80
