2024-03-26T05:16:33.114+0000 7f256672c700 1 -- 172.21.15.136:0/1847592235 >> [v2:172.21.15.136:3300/0,v1:172.21.15.136:6789/0] conn(0x7f25601060f0 msgr2=0x7f256007bc70 secure :-1 s=STATE_CONNECTION_ESTABLISHED l=1).mark_down
2024-03-26T05:16:33.663 INFO:teuthology.orchestra.run.smithi136.stdout:/usr/bin/ceph: stderr
2024-03-26T05:16:33.114+0000 7f256672c700 1 --2- 172.21.15.136:0/1847592235 >> [v2:172.21.15.136:3300/0,v1:172.21.15.136:6789/0] conn(0x7f25601060f0 0x7f256007bc70 secure :-1 s=READY pgs=38 cs=0 l=1 rev1=1 crypto rx=0x7f25500046c0 tx=0x7f2550011a50 comp rx=0 tx=0).stop
2024-03-26T05:16:33.663 INFO:teuthology.orchestra.run.smithi136.stdout:/usr/bin/ceph: stderr
2024-03-26T05:16:33.114+0000 7f256672c700 1 -- 172.21.15.136:0/1847592235 shutdown_connections
2024-03-26T05:16:33.663 INFO:teuthology.orchestra.run.smithi136.stdout:/usr/bin/ceph: stderr
2024-03-26T05:16:33.114+0000 7f256672c700 1 --2- 172.21.15.136:0/1847592235 >> v2:172.21.15.136:6800/3861450553 conn(0x7f2548038ea0 0x7f254803b360 unknown :-1 s=CLOSED pgs=8 cs=0 l=1 rev1=1 crypto rx=0 tx=0 comp rx=0 tx=0).stop
2024-03-26T05:16:33.663 INFO:teuthology.orchestra.run.smithi136.stdout:/usr/bin/ceph: stderr
2024-03-26T05:16:33.114+0000 7f256672c700 1 --2- 172.21.15.136:0/1847592235 >> [v2:172.21.15.136:3300/0,v1:172.21.15.136:6789/0] conn(0x7f25601060f0 0x7f256007bc70 unknown :-1 s=CLOSED pgs=38 cs=0 l=1 rev1=1 crypto rx=0 tx=0 comp rx=0 tx=0).stop
2024-03-26T05:16:33.663 INFO:teuthology.orchestra.run.smithi136.stdout:/usr/bin/ceph: stderr
2024-03-26T05:16:33.114+0000 7f256672c700 1 -- 172.21.15.136:0/1847592235 >> 172.21.15.136:0/1847592235 conn(0x7f25601016b0 msgr2=0x7f2560102220 unknown :-1 s=STATE_NONE l=0).mark_down
2024-03-26T05:16:33.663 INFO:teuthology.orchestra.run.smithi136.stdout:/usr/bin/ceph: stderr
2024-03-26T05:16:33.114+0000 7f256672c700 1 -- 172.21.15.136:0/1847592235 shutdown_connections
2024-03-26T05:16:33.664 INFO:teuthology.orchestra.run.smithi136.stdout:/usr/bin/ceph: stderr
2024-03-26T05:16:33.114+0000 7f256672c700 1 -- 172.21.15.136:0/1847592235 wait complete.
2024-03-26T05:16:33.664 INFO:teuthology.orchestra.run.smithi136.stdout:Generating ssh key...
2024-03-26T05:16:34.290 INFO:journalctl@ceph.mon.a.smithi136.stdout:Mar 26 05:16:33 smithi136 ceph-mon[29560]: from='client.14132 -' entity='client.admin' cmd=[{"prefix": "cephadm set-user", "user": "root", "target": ["mon-mgr", ""]}]: dispatch
2024-03-26T05:16:35.048 INFO:journalctl@ceph.mgr.y.smithi136.stdout:Mar 26 05:16:34 smithi136 ceph-d69b39a8-eb2f-11ee-95d0-87774f69a715-mgr-y[29793]: Generating public/private rsa key pair.
2024-03-26T05:16:35.049 INFO:journalctl@ceph.mgr.y.smithi136.stdout:Mar 26 05:16:34 smithi136 ceph-d69b39a8-eb2f-11ee-95d0-87774f69a715-mgr-y[29793]: Your identification has been saved in /tmp/tmphbzauln1/key.
2024-03-26T05:16:35.049 INFO:journalctl@ceph.mgr.y.smithi136.stdout:Mar 26 05:16:34 smithi136 ceph-d69b39a8-eb2f-11ee-95d0-87774f69a715-mgr-y[29793]: Your public key has been saved in /tmp/tmphbzauln1/key.pub.
2024-03-26T05:16:35.049 INFO:journalctl@ceph.mgr.y.smithi136.stdout:Mar 26 05:16:34 smithi136 ceph-d69b39a8-eb2f-11ee-95d0-87774f69a715-mgr-y[29793]: The key fingerprint is:
2024-03-26T05:16:35.049 INFO:journalctl@ceph.mgr.y.smithi136.stdout:Mar 26 05:16:34 smithi136 ceph-d69b39a8-eb2f-11ee-95d0-87774f69a715-mgr-y[29793]: SHA256:sOBPPGsdOnAEnhJ8nggIfBdPxBTGHyS103uhHyBdEy8 ceph-d69b39a8-eb2f-11ee-95d0-87774f69a715
2024-03-26T05:16:35.049 INFO:journalctl@ceph.mgr.y.smithi136.stdout:Mar 26 05:16:34 smithi136 ceph-d69b39a8-eb2f-11ee-95d0-87774f69a715-mgr-y[29793]: The key's randomart image is:
2024-03-26T05:16:35.049 INFO:journalctl@ceph.mgr.y.smithi136.stdout:Mar 26 05:16:34 smithi136 ceph-d69b39a8-eb2f-11ee-95d0-87774f69a715-mgr-y[29793]: +---[RSA 3072]----+
2024-03-26T05:16:35.049 INFO:journalctl@ceph.mgr.y.smithi136.stdout:Mar 26 05:16:34 smithi136 ceph-d69b39a8-eb2f-11ee-95d0-87774f69a715-mgr-y[29793]: |=.. ..*B+o +. |
2024-03-26T05:16:35.049 INFO:journalctl@ceph.mgr.y.smithi136.stdout:Mar 26 05:16:34 smithi136 ceph-d69b39a8-eb2f-11ee-95d0-87774f69a715-mgr-y[29793]: |o..+.++o..+ . o |
2024-03-26T05:16:35.049 INFO:journalctl@ceph.mgr.y.smithi136.stdout:Mar 26 05:16:34 smithi136 ceph-d69b39a8-eb2f-11ee-95d0-87774f69a715-mgr-y[29793]: | .o+=.o..+.+ E . |
2024-03-26T05:16:35.049 INFO:journalctl@ceph.mgr.y.smithi136.stdout:Mar 26 05:16:34 smithi136 ceph-d69b39a8-eb2f-11ee-95d0-87774f69a715-mgr-y[29793]: | .oo+ o .o + o |
2024-03-26T05:16:35.049 INFO:journalctl@ceph.mgr.y.smithi136.stdout:Mar 26 05:16:34 smithi136 ceph-d69b39a8-eb2f-11ee-95d0-87774f69a715-mgr-y[29793]: | o * S o o |
2024-03-26T05:16:35.049 INFO:journalctl@ceph.mgr.y.smithi136.stdout:Mar 26 05:16:34 smithi136 ceph-d69b39a8-eb2f-11ee-95d0-87774f69a715-mgr-y[29793]: | = = . o . |
2024-03-26T05:16:35.050 INFO:journalctl@ceph.mgr.y.smithi136.stdout:Mar 26 05:16:34 smithi136 ceph-d69b39a8-eb2f-11ee-95d0-87774f69a715-mgr-y[29793]: | * . . |
2024-03-26T05:16:35.050 INFO:journalctl@ceph.mgr.y.smithi136.stdout:Mar 26 05:16:34 smithi136 ceph-d69b39a8-eb2f-11ee-95d0-87774f69a715-mgr-y[29793]: | . . |
2024-03-26T05:16:35.050 INFO:journalctl@ceph.mgr.y.smithi136.stdout:Mar 26 05:16:34 smithi136 ceph-d69b39a8-eb2f-11ee-95d0-87774f69a715-mgr-y[29793]: | |
2024-03-26T05:16:35.050 INFO:journalctl@ceph.mgr.y.smithi136.stdout:Mar 26 05:16:34 smithi136 ceph-d69b39a8-eb2f-11ee-95d0-87774f69a715-mgr-y[29793]: +----[SHA256]-----+
2024-03-26T05:16:35.331 INFO:teuthology.orchestra.run.smithi136.stdout:/usr/bin/ceph: stderr
2024-03-26T05:16:34.097+0000 7f3169b97700 1 Processor -- start
2024-03-26T05:16:35.332 INFO:teuthology.orchestra.run.smithi136.stdout:/usr/bin/ceph: stderr
2024-03-26T05:16:34.097+0000 7f3169b97700 1 -- start start
2024-03-26T05:16:35.332 INFO:teuthology.orchestra.run.smithi136.stdout:/usr/bin/ceph: stderr
2024-03-26T05:16:34.097+0000 7f3169b97700 1 --2- >> [v2:172.21.15.136:3300/0,v1:172.21.15.136:6789/0] conn(0x7f316407bfc0 0x7f316407a420 unknown :-1 s=NONE pgs=0 cs=0 l=0 rev1=0 crypto rx=0 tx=0 comp rx=0 tx=0).connect
2024-03-26T05:16:35.332 INFO:teuthology.orchestra.run.smithi136.stdout:/usr/bin/ceph: stderr
2024-03-26T05:16:34.097+0000 7f3169b97700 1 -- --> [v2:172.21.15.136:3300/0,v1:172.21.15.136:6789/0] -- mon_getmap magic: 0 v1 -- 0x7f316407a9f0 con 0x7f316407bfc0
2024-03-26T05:16:35.332 INFO:teuthology.orchestra.run.smithi136.stdout:/usr/bin/ceph: stderr
2024-03-26T05:16:34.098+0000 7f31637fe700 1 --2- >> [v2:172.21.15.136:3300/0,v1:172.21.15.136:6789/0] conn(0x7f316407bfc0 0x7f316407a420 unknown :-1 s=BANNER_CONNECTING pgs=0 cs=0 l=0 rev1=0 crypto rx=0 tx=0 comp rx=0 tx=0)._handle_peer_banner_payload supported=3 required=0
2024-03-26T05:16:35.332 INFO:teuthology.orchestra.run.smithi136.stdout:/usr/bin/ceph: stderr
2024-03-26T05:16:34.098+0000 7f31637fe700 1 --2- >> [v2:172.21.15.136:3300/0,v1:172.21.15.136:6789/0] conn(0x7f316407bfc0 0x7f316407a420 unknown :-1 s=HELLO_CONNECTING pgs=0 cs=0 l=0 rev1=1 crypto rx=0 tx=0 comp rx=0 tx=0).handle_hello peer v2:172.21.15.136:3300/0 says I am v2:172.21.15.136:60008/0 (socket says 172.21.15.136:60008)
2024-03-26T05:16:35.332 INFO:teuthology.orchestra.run.smithi136.stdout:/usr/bin/ceph: stderr
2024-03-26T05:16:34.098+0000 7f31637fe700 1 -- 172.21.15.136:0/3168681391 learned_addr learned my addr 172.21.15.136:0/3168681391 (peer_addr_for_me v2:172.21.15.136:0/0)
2024-03-26T05:16:35.332 INFO:teuthology.orchestra.run.smithi136.stdout:/usr/bin/ceph: stderr
2024-03-26T05:16:34.098+0000 7f31637fe700 1 -- 172.21.15.136:0/3168681391 --> [v2:172.21.15.136:3300/0,v1:172.21.15.136:6789/0] -- mon_subscribe({config=0+,monmap=0+}) v3 -- 0x7f316407ab30 con 0x7f316407bfc0
2024-03-26T05:16:35.332 INFO:teuthology.orchestra.run.smithi136.stdout:/usr/bin/ceph: stderr
2024-03-26T05:16:34.098+0000 7f31637fe700 1 --2- 172.21.15.136:0/3168681391 >> [v2:172.21.15.136:3300/0,v1:172.21.15.136:6789/0] conn(0x7f316407bfc0 0x7f316407a420 secure :-1 s=READY pgs=39 cs=0 l=1 rev1=1 crypto rx=0x7f31540098a0 tx=0x7f3154009bb0 comp rx=0 tx=0).ready entity=mon.0 client_cookie=7cbaf53839889405 server_cookie=0 in_seq=0 out_seq=0
2024-03-26T05:16:35.332 INFO:teuthology.orchestra.run.smithi136.stdout:/usr/bin/ceph: stderr
2024-03-26T05:16:34.098+0000 7f3162ffd700 1 -- 172.21.15.136:0/3168681391 <== mon.0 v2:172.21.15.136:3300/0 1 ==== mon_map magic: 0 v1 ==== 205+0+0 (secure 0 0 0) 0x7f3154004160 con 0x7f316407bfc0
2024-03-26T05:16:35.332 INFO:teuthology.orchestra.run.smithi136.stdout:/usr/bin/ceph: stderr
2024-03-26T05:16:34.098+0000 7f3162ffd700 1 -- 172.21.15.136:0/3168681391 <== mon.0 v2:172.21.15.136:3300/0 2 ==== config(26 keys) v1 ==== 1062+0+0 (secure 0 0 0) 0x7f31540042c0 con 0x7f316407bfc0
2024-03-26T05:16:35.332 INFO:teuthology.orchestra.run.smithi136.stdout:/usr/bin/ceph: stderr
2024-03-26T05:16:34.098+0000 7f3162ffd700 1 -- 172.21.15.136:0/3168681391 <== mon.0 v2:172.21.15.136:3300/0 3 ==== mon_map magic: 0 v1 ==== 205+0+0 (secure 0 0 0) 0x7f31540119b0 con 0x7f316407bfc0
2024-03-26T05:16:35.332 INFO:teuthology.orchestra.run.smithi136.stdout:/usr/bin/ceph: stderr
2024-03-26T05:16:34.099+0000 7f3169b97700 1 -- 172.21.15.136:0/3168681391 >> [v2:172.21.15.136:3300/0,v1:172.21.15.136:6789/0] conn(0x7f316407bfc0 msgr2=0x7f316407a420 secure :-1 s=STATE_CONNECTION_ESTABLISHED l=1).mark_down
2024-03-26T05:16:35.332 INFO:teuthology.orchestra.run.smithi136.stdout:/usr/bin/ceph: stderr
2024-03-26T05:16:34.099+0000 7f3169b97700 1 --2- 172.21.15.136:0/3168681391 >> [v2:172.21.15.136:3300/0,v1:172.21.15.136:6789/0] conn(0x7f316407bfc0 0x7f316407a420 secure :-1 s=READY pgs=39 cs=0 l=1 rev1=1 crypto rx=0x7f31540098a0 tx=0x7f3154009bb0 comp rx=0 tx=0).stop
2024-03-26T05:16:35.333 INFO:teuthology.orchestra.run.smithi136.stdout:/usr/bin/ceph: stderr
2024-03-26T05:16:34.099+0000 7f3169b97700 1 -- 172.21.15.136:0/3168681391 shutdown_connections
2024-03-26T05:16:35.333 INFO:teuthology.orchestra.run.smithi136.stdout:/usr/bin/ceph: stderr
2024-03-26T05:16:34.099+0000 7f3169b97700 1 --2- 172.21.15.136:0/3168681391 >> [v2:172.21.15.136:3300/0,v1:172.21.15.136:6789/0] conn(0x7f316407bfc0 0x7f316407a420 unknown :-1 s=CLOSED pgs=39 cs=0 l=1 rev1=1 crypto rx=0 tx=0 comp rx=0 tx=0).stop
2024-03-26T05:16:35.333 INFO:teuthology.orchestra.run.smithi136.stdout:/usr/bin/ceph: stderr
2024-03-26T05:16:34.099+0000 7f3169b97700 1 -- 172.21.15.136:0/3168681391 >> 172.21.15.136:0/3168681391 conn(0x7f3164101680 msgr2=0x7f3164103ac0 unknown :-1 s=STATE_NONE l=0).mark_down
2024-03-26T05:16:35.333 INFO:teuthology.orchestra.run.smithi136.stdout:/usr/bin/ceph: stderr
2024-03-26T05:16:34.099+0000 7f3169b97700 1 -- 172.21.15.136:0/3168681391 shutdown_connections
2024-03-26T05:16:35.333 INFO:teuthology.orchestra.run.smithi136.stdout:/usr/bin/ceph: stderr
2024-03-26T05:16:34.099+0000 7f3169b97700 1 -- 172.21.15.136:0/3168681391 wait complete.
2024-03-26T05:16:35.333 INFO:teuthology.orchestra.run.smithi136.stdout:/usr/bin/ceph: stderr
2024-03-26T05:16:34.099+0000 7f3169b97700 1 Processor -- start
2024-03-26T05:16:35.333 INFO:teuthology.orchestra.run.smithi136.stdout:/usr/bin/ceph: stderr
2024-03-26T05:16:34.100+0000 7f3169b97700 1 -- start start
2024-03-26T05:16:35.333 INFO:teuthology.orchestra.run.smithi136.stdout:/usr/bin/ceph: stderr
2024-03-26T05:16:34.100+0000 7f3169b97700 1 --2- >> [v2:172.21.15.136:3300/0,v1:172.21.15.136:6789/0] conn(0x7f316407bfc0 0x7f316419c090 unknown :-1 s=NONE pgs=0 cs=0 l=1 rev1=0 crypto rx=0 tx=0 comp rx=0 tx=0).connect
2024-03-26T05:16:35.333 INFO:teuthology.orchestra.run.smithi136.stdout:/usr/bin/ceph: stderr
2024-03-26T05:16:34.100+0000 7f3169b97700 1 -- --> [v2:172.21.15.136:3300/0,v1:172.21.15.136:6789/0] -- mon_getmap magic: 0 v1 -- 0x7f316419c5d0 con 0x7f316407bfc0
2024-03-26T05:16:35.333 INFO:teuthology.orchestra.run.smithi136.stdout:/usr/bin/ceph: stderr
2024-03-26T05:16:34.100+0000 7f31637fe700 1 --2- >> [v2:172.21.15.136:3300/0,v1:172.21.15.136:6789/0] conn(0x7f316407bfc0 0x7f316419c090 unknown :-1 s=BANNER_CONNECTING pgs=0 cs=0 l=1 rev1=0 crypto rx=0 tx=0 comp rx=0 tx=0)._handle_peer_banner_payload supported=3 required=0
2024-03-26T05:16:35.333 INFO:teuthology.orchestra.run.smithi136.stdout:/usr/bin/ceph: stderr
2024-03-26T05:16:34.100+0000 7f31637fe700 1 --2- >> [v2:172.21.15.136:3300/0,v1:172.21.15.136:6789/0] conn(0x7f316407bfc0 0x7f316419c090 unknown :-1 s=HELLO_CONNECTING pgs=0 cs=0 l=1 rev1=1 crypto rx=0 tx=0 comp rx=0 tx=0).handle_hello peer v2:172.21.15.136:3300/0 says I am v2:172.21.15.136:60018/0 (socket says 172.21.15.136:60018)
2024-03-26T05:16:35.333 INFO:teuthology.orchestra.run.smithi136.stdout:/usr/bin/ceph: stderr
2024-03-26T05:16:34.100+0000 7f31637fe700 1 -- 172.21.15.136:0/3868662908 learned_addr learned my addr 172.21.15.136:0/3868662908 (peer_addr_for_me v2:172.21.15.136:0/0)
2024-03-26T05:16:35.333 INFO:teuthology.orchestra.run.smithi136.stdout:/usr/bin/ceph: stderr
2024-03-26T05:16:34.100+0000 7f31637fe700 1 -- 172.21.15.136:0/3868662908 --> [v2:172.21.15.136:3300/0,v1:172.21.15.136:6789/0] -- mon_subscribe({config=0+,monmap=0+}) v3 -- 0x7f3154009550 con 0x7f316407bfc0
2024-03-26T05:16:35.334 INFO:teuthology.orchestra.run.smithi136.stdout:/usr/bin/ceph: stderr
2024-03-26T05:16:34.100+0000 7f31637fe700 1 --2- 172.21.15.136:0/3868662908 >> [v2:172.21.15.136:3300/0,v1:172.21.15.136:6789/0] conn(0x7f316407bfc0 0x7f316419c090 secure :-1 s=READY pgs=40 cs=0 l=1 rev1=1 crypto rx=0x7f31540046c0 tx=0x7f3154011a50 comp rx=0 tx=0).ready entity=mon.0 client_cookie=0 server_cookie=0 in_seq=0 out_seq=0
2024-03-26T05:16:35.334 INFO:teuthology.orchestra.run.smithi136.stdout:/usr/bin/ceph: stderr
2024-03-26T05:16:34.100+0000 7f31617fa700 1 -- 172.21.15.136:0/3868662908 <== mon.0 v2:172.21.15.136:3300/0 1 ==== mon_map magic: 0 v1 ==== 205+0+0 (secure 0 0 0) 0x7f31540039c0 con 0x7f316407bfc0
2024-03-26T05:16:35.334 INFO:teuthology.orchestra.run.smithi136.stdout:/usr/bin/ceph: stderr
2024-03-26T05:16:34.100+0000 7f31617fa700 1 -- 172.21.15.136:0/3868662908 <== mon.0 v2:172.21.15.136:3300/0 2 ==== config(26 keys) v1 ==== 1062+0+0 (secure 0 0 0) 0x7f3154003b20 con 0x7f316407bfc0
2024-03-26T05:16:35.334 INFO:teuthology.orchestra.run.smithi136.stdout:/usr/bin/ceph: stderr
2024-03-26T05:16:34.100+0000 7f3169b97700 1 -- 172.21.15.136:0/3868662908 --> [v2:172.21.15.136:3300/0,v1:172.21.15.136:6789/0] -- mon_subscribe({mgrmap=0+}) v3 -- 0x7f316419c7d0 con 0x7f316407bfc0
2024-03-26T05:16:35.334 INFO:teuthology.orchestra.run.smithi136.stdout:/usr/bin/ceph: stderr
2024-03-26T05:16:34.100+0000 7f31617fa700 1 -- 172.21.15.136:0/3868662908 <== mon.0 v2:172.21.15.136:3300/0 3 ==== mon_map magic: 0 v1 ==== 205+0+0 (secure 0 0 0) 0x7f315401a780 con 0x7f316407bfc0
2024-03-26T05:16:35.334 INFO:teuthology.orchestra.run.smithi136.stdout:/usr/bin/ceph: stderr
2024-03-26T05:16:34.100+0000 7f3169b97700 1 -- 172.21.15.136:0/3868662908 --> [v2:172.21.15.136:3300/0,v1:172.21.15.136:6789/0] -- mon_subscribe({osdmap=0}) v3 -- 0x7f316419cc70 con 0x7f316407bfc0
2024-03-26T05:16:35.334 INFO:teuthology.orchestra.run.smithi136.stdout:/usr/bin/ceph: stderr
2024-03-26T05:16:34.101+0000 7f31617fa700 1 -- 172.21.15.136:0/3868662908 <== mon.0 v2:172.21.15.136:3300/0 4 ==== mgrmap(e 8) v1 ==== 45893+0+0 (secure 0 0 0) 0x7f315401a9f0 con 0x7f316407bfc0
2024-03-26T05:16:35.334 INFO:teuthology.orchestra.run.smithi136.stdout:/usr/bin/ceph: stderr
2024-03-26T05:16:34.101+0000 7f3169b97700 1 -- 172.21.15.136:0/3868662908 --> [v2:172.21.15.136:3300/0,v1:172.21.15.136:6789/0] -- mon_command({"prefix": "get_command_descriptions"} v 0) v1 -- 0x7f316410c490 con 0x7f316407bfc0
2024-03-26T05:16:35.334 INFO:teuthology.orchestra.run.smithi136.stdout:/usr/bin/ceph: stderr
2024-03-26T05:16:34.101+0000 7f31617fa700 1 --2- 172.21.15.136:0/3868662908 >> v2:172.21.15.136:6800/3861450553 conn(0x7f3150038e50 0x7f315003b310 unknown :-1 s=NONE pgs=0 cs=0 l=1 rev1=0 crypto rx=0 tx=0 comp rx=0 tx=0).connect
2024-03-26T05:16:35.334 INFO:teuthology.orchestra.run.smithi136.stdout:/usr/bin/ceph: stderr
2024-03-26T05:16:34.101+0000 7f31617fa700 1 -- 172.21.15.136:0/3868662908 <== mon.0 v2:172.21.15.136:3300/0 5 ==== osd_map(2..2 src has 1..2) v4 ==== 897+0+0 (secure 0 0 0) 0x7f315404cea0 con 0x7f316407bfc0
2024-03-26T05:16:35.334 INFO:teuthology.orchestra.run.smithi136.stdout:/usr/bin/ceph: stderr
2024-03-26T05:16:34.102+0000 7f315bfff700 1 --2- 172.21.15.136:0/3868662908 >> v2:172.21.15.136:6800/3861450553 conn(0x7f3150038e50 0x7f315003b310 unknown :-1 s=BANNER_CONNECTING pgs=0 cs=0 l=1 rev1=0 crypto rx=0 tx=0 comp rx=0 tx=0)._handle_peer_banner_payload supported=3 required=0
2024-03-26T05:16:35.334 INFO:teuthology.orchestra.run.smithi136.stdout:/usr/bin/ceph: stderr
2024-03-26T05:16:34.102+0000 7f315bfff700 1 --2- 172.21.15.136:0/3868662908 >> v2:172.21.15.136:6800/3861450553 conn(0x7f3150038e50 0x7f315003b310 secure :-1 s=READY pgs=9 cs=0 l=1 rev1=1 crypto rx=0x7f314c006fd0 tx=0x7f314c006e40 comp rx=0 tx=0).ready entity=mgr.14118 client_cookie=0 server_cookie=0 in_seq=0 out_seq=0
2024-03-26T05:16:35.334 INFO:teuthology.orchestra.run.smithi136.stdout:/usr/bin/ceph: stderr
2024-03-26T05:16:34.106+0000 7f31617fa700 1 -- 172.21.15.136:0/3868662908 <== mon.0 v2:172.21.15.136:3300/0 6 ==== mon_command_ack([{"prefix": "get_command_descriptions"}]=0 v0) v1 ==== 72+0+184932 (secure 0 0 0) 0x7f315401aca0 con 0x7f316407bfc0
2024-03-26T05:16:35.335 INFO:teuthology.orchestra.run.smithi136.stdout:/usr/bin/ceph: stderr
2024-03-26T05:16:34.299+0000 7f3169b97700 1 -- 172.21.15.136:0/3868662908 --> v2:172.21.15.136:6800/3861450553 -- mgr_command(tid 0: {"prefix": "cephadm generate-key", "target": ["mon-mgr", ""]}) v1 -- 0x7f3164102940 con 0x7f3150038e50
2024-03-26T05:16:35.335 INFO:teuthology.orchestra.run.smithi136.stdout:/usr/bin/ceph: stderr
2024-03-26T05:16:34.752+0000 7f31617fa700 1 -- 172.21.15.136:0/3868662908 <== mgr.14118 v2:172.21.15.136:6800/3861450553 1 ==== mgr_command_reply(tid 0: 0 ) v1 ==== 8+0+0 (secure 0 0 0) 0x7f3164102940 con 0x7f3150038e50
2024-03-26T05:16:35.335 INFO:teuthology.orchestra.run.smithi136.stdout:/usr/bin/ceph: stderr
2024-03-26T05:16:34.754+0000 7f3169b97700 1 -- 172.21.15.136:0/3868662908 >> v2:172.21.15.136:6800/3861450553 conn(0x7f3150038e50 msgr2=0x7f315003b310 secure :-1 s=STATE_CONNECTION_ESTABLISHED l=1).mark_down
2024-03-26T05:16:35.335 INFO:teuthology.orchestra.run.smithi136.stdout:/usr/bin/ceph: stderr
2024-03-26T05:16:34.754+0000 7f3169b97700 1 --2- 172.21.15.136:0/3868662908 >> v2:172.21.15.136:6800/3861450553 conn(0x7f3150038e50 0x7f315003b310 secure :-1 s=READY pgs=9 cs=0 l=1 rev1=1 crypto rx=0x7f314c006fd0 tx=0x7f314c006e40 comp rx=0 tx=0).stop
2024-03-26T05:16:35.335 INFO:teuthology.orchestra.run.smithi136.stdout:/usr/bin/ceph: stderr
2024-03-26T05:16:34.754+0000 7f3169b97700 1 -- 172.21.15.136:0/3868662908 >> [v2:172.21.15.136:3300/0,v1:172.21.15.136:6789/0] conn(0x7f316407bfc0 msgr2=0x7f316419c090 secure :-1 s=STATE_CONNECTION_ESTABLISHED l=1).mark_down
2024-03-26T05:16:35.335 INFO:teuthology.orchestra.run.smithi136.stdout:/usr/bin/ceph: stderr
2024-03-26T05:16:34.754+0000 7f3169b97700 1 --2- 172.21.15.136:0/3868662908 >> [v2:172.21.15.136:3300/0,v1:172.21.15.136:6789/0] conn(0x7f316407bfc0 0x7f316419c090 secure :-1 s=READY pgs=40 cs=0 l=1 rev1=1 crypto rx=0x7f31540046c0 tx=0x7f3154011a50 comp rx=0 tx=0).stop
2024-03-26T05:16:35.335 INFO:teuthology.orchestra.run.smithi136.stdout:/usr/bin/ceph: stderr
2024-03-26T05:16:34.754+0000 7f3169b97700 1 -- 172.21.15.136:0/3868662908 shutdown_connections
2024-03-26T05:16:35.335 INFO:teuthology.orchestra.run.smithi136.stdout:/usr/bin/ceph: stderr
2024-03-26T05:16:34.754+0000 7f3169b97700 1 --2- 172.21.15.136:0/3868662908 >> v2:172.21.15.136:6800/3861450553 conn(0x7f3150038e50 0x7f315003b310 unknown :-1 s=CLOSED pgs=9 cs=0 l=1 rev1=1 crypto rx=0 tx=0 comp rx=0 tx=0).stop
2024-03-26T05:16:35.335 INFO:teuthology.orchestra.run.smithi136.stdout:/usr/bin/ceph: stderr
2024-03-26T05:16:34.754+0000 7f3169b97700 1 --2- 172.21.15.136:0/3868662908 >> [v2:172.21.15.136:3300/0,v1:172.21.15.136:6789/0] conn(0x7f316407bfc0 0x7f316419c090 unknown :-1 s=CLOSED pgs=40 cs=0 l=1 rev1=1 crypto rx=0 tx=0 comp rx=0 tx=0).stop
2024-03-26T05:16:35.335 INFO:teuthology.orchestra.run.smithi136.stdout:/usr/bin/ceph: stderr
2024-03-26T05:16:34.754+0000 7f3169b97700 1 -- 172.21.15.136:0/3868662908 >> 172.21.15.136:0/3868662908 conn(0x7f3164101680 msgr2=0x7f3164102230 unknown :-1 s=STATE_NONE l=0).mark_down
2024-03-26T05:16:35.335 INFO:teuthology.orchestra.run.smithi136.stdout:/usr/bin/ceph: stderr
2024-03-26T05:16:34.755+0000 7f3169b97700 1 -- 172.21.15.136:0/3868662908 shutdown_connections
2024-03-26T05:16:35.335 INFO:teuthology.orchestra.run.smithi136.stdout:/usr/bin/ceph: stderr
2024-03-26T05:16:34.755+0000 7f3169b97700 1 -- 172.21.15.136:0/3868662908 wait complete.
2024-03-26T05:16:35.957 INFO:journalctl@ceph.mon.a.smithi136.stdout:Mar 26 05:16:35 smithi136 ceph-mon[29560]: from='client.14134 -' entity='client.admin' cmd=[{"prefix": "cephadm generate-key", "target": ["mon-mgr", ""]}]: dispatch
2024-03-26T05:16:35.958 INFO:journalctl@ceph.mon.a.smithi136.stdout:Mar 26 05:16:35 smithi136 ceph-mon[29560]: Generating ssh key...
2024-03-26T05:16:35.958 INFO:journalctl@ceph.mon.a.smithi136.stdout:Mar 26 05:16:35 smithi136 ceph-mon[29560]: from='mgr.14118 172.21.15.136:0/3379642394' entity='mgr.y'
2024-03-26T05:16:35.958 INFO:journalctl@ceph.mon.a.smithi136.stdout:Mar 26 05:16:35 smithi136 ceph-mon[29560]: from='mgr.14118 172.21.15.136:0/3379642394' entity='mgr.y'
2024-03-26T05:16:36.630 INFO:teuthology.orchestra.run.smithi136.stdout:/usr/bin/ceph: stdout ssh-rsa AAAAB3NzaC1yc2EAAAADAQABAAABgQDHNIcTXqe5lI6r5KMXd2SWzQrtf4xWNFn3AqIw6bFsV/h70MymjMjsOBL3TlJXteeCN1DkYmQNK9xluzcbBK073cc0pimIZMAi0wynxUfHiKHAKpFvNT/DT5AnmMq3eN5jwXIvkgH5IiqldelRrLLforTdp4scQYoD5AuS2RD+CS0m+3A9F69pp4JAp8vw9Z2NS1IvkqE3hTdNjQwThL7lqVfuBZ9W7gaaNlgl1WxA+eN0zEKD5+J42SX+W2ZEFQN5WGo32Ks8hifMifncajPJuhYKyEKEAQR+0dmRsOMj7OjvOlj3OC3dLpbG3Sqg6IOWsdgbKN3MpRORNIAdzMQrwPx+0xcZWt41pcrX7EUBIlidwg+JvVpGoi3Op67Vfy/6xM2AuiLLbXPhW9ij25I1VWOhMDzkQJM57Y97+9KUZC/HNOLkz5gqkuYDLEl2901l/u259K77fBTMlAbyDg0cSg07oo+KRQfE5fHnaiQeG4Xx2c1x64ihGmje6rYvQNc= ceph-d69b39a8-eb2f-11ee-95d0-87774f69a715
2024-03-26T05:16:36.630 INFO:teuthology.orchestra.run.smithi136.stdout:/usr/bin/ceph: stderr
2024-03-26T05:16:35.765+0000 7f2bcbb75700 1 Processor -- start
2024-03-26T05:16:36.631 INFO:teuthology.orchestra.run.smithi136.stdout:/usr/bin/ceph: stderr
2024-03-26T05:16:35.765+0000 7f2bcbb75700 1 -- start start
2024-03-26T05:16:36.631 INFO:teuthology.orchestra.run.smithi136.stdout:/usr/bin/ceph: stderr
2024-03-26T05:16:35.765+0000 7f2bcbb75700 1 --2- >> [v2:172.21.15.136:3300/0,v1:172.21.15.136:6789/0] conn(0x7f2bc41049b0 0x7f2bc4104dd0 unknown :-1 s=NONE pgs=0 cs=0 l=0 rev1=0 crypto rx=0 tx=0 comp rx=0 tx=0).connect
2024-03-26T05:16:36.631 INFO:teuthology.orchestra.run.smithi136.stdout:/usr/bin/ceph: stderr
2024-03-26T05:16:35.765+0000 7f2bcbb75700 1 -- --> [v2:172.21.15.136:3300/0,v1:172.21.15.136:6789/0] -- mon_getmap magic: 0 v1 -- 0x7f2bc4079f50 con 0x7f2bc41049b0
2024-03-26T05:16:36.631 INFO:teuthology.orchestra.run.smithi136.stdout:/usr/bin/ceph: stderr
2024-03-26T05:16:35.765+0000 7f2bc9911700 1 --2- >> [v2:172.21.15.136:3300/0,v1:172.21.15.136:6789/0] conn(0x7f2bc41049b0 0x7f2bc4104dd0 unknown :-1 s=BANNER_CONNECTING pgs=0 cs=0 l=0 rev1=0 crypto rx=0 tx=0 comp rx=0 tx=0)._handle_peer_banner_payload supported=3 required=0
2024-03-26T05:16:36.631 INFO:teuthology.orchestra.run.smithi136.stdout:/usr/bin/ceph: stderr
2024-03-26T05:16:35.766+0000 7f2bc9911700 1 --2- >> [v2:172.21.15.136:3300/0,v1:172.21.15.136:6789/0] conn(0x7f2bc41049b0 0x7f2bc4104dd0 unknown :-1 s=HELLO_CONNECTING pgs=0 cs=0 l=0 rev1=1 crypto rx=0 tx=0 comp rx=0 tx=0).handle_hello peer v2:172.21.15.136:3300/0 says I am v2:172.21.15.136:60024/0 (socket says 172.21.15.136:60024)
2024-03-26T05:16:36.631 INFO:teuthology.orchestra.run.smithi136.stdout:/usr/bin/ceph: stderr
2024-03-26T05:16:35.766+0000 7f2bc9911700 1 -- 172.21.15.136:0/2289559200 learned_addr learned my addr 172.21.15.136:0/2289559200 (peer_addr_for_me v2:172.21.15.136:0/0)
2024-03-26T05:16:36.631 INFO:teuthology.orchestra.run.smithi136.stdout:/usr/bin/ceph: stderr
2024-03-26T05:16:35.766+0000 7f2bc9911700 1 -- 172.21.15.136:0/2289559200 --> [v2:172.21.15.136:3300/0,v1:172.21.15.136:6789/0] -- mon_subscribe({config=0+,monmap=0+}) v3 -- 0x7f2bc4105310 con 0x7f2bc41049b0
2024-03-26T05:16:36.631 INFO:teuthology.orchestra.run.smithi136.stdout:/usr/bin/ceph: stderr
2024-03-26T05:16:35.766+0000 7f2bc9911700 1 --2- 172.21.15.136:0/2289559200 >> [v2:172.21.15.136:3300/0,v1:172.21.15.136:6789/0] conn(0x7f2bc41049b0 0x7f2bc4104dd0 secure :-1 s=READY pgs=41 cs=0 l=1 rev1=1 crypto rx=0x7f2bc00098a0 tx=0x7f2bc0009bb0 comp rx=0 tx=0).ready entity=mon.0 client_cookie=945a94fdbc6f6f24 server_cookie=0 in_seq=0 out_seq=0
2024-03-26T05:16:36.631 INFO:teuthology.orchestra.run.smithi136.stdout:/usr/bin/ceph: stderr
2024-03-26T05:16:35.766+0000 7f2bc890f700 1 -- 172.21.15.136:0/2289559200 <== mon.0 v2:172.21.15.136:3300/0 1 ==== mon_map magic: 0 v1 ==== 205+0+0 (secure 0 0 0) 0x7f2bc0004160 con 0x7f2bc41049b0
2024-03-26T05:16:36.631 INFO:teuthology.orchestra.run.smithi136.stdout:/usr/bin/ceph: stderr
2024-03-26T05:16:35.766+0000 7f2bc890f700 1 -- 172.21.15.136:0/2289559200 <== mon.0 v2:172.21.15.136:3300/0 2 ==== config(26 keys) v1 ==== 1062+0+0 (secure 0 0 0) 0x7f2bc00042c0 con 0x7f2bc41049b0
2024-03-26T05:16:36.631 INFO:teuthology.orchestra.run.smithi136.stdout:/usr/bin/ceph: stderr
2024-03-26T05:16:35.766+0000 7f2bc890f700 1 -- 172.21.15.136:0/2289559200 <== mon.0 v2:172.21.15.136:3300/0 3 ==== mon_map magic: 0 v1 ==== 205+0+0 (secure 0 0 0) 0x7f2bc00119b0 con 0x7f2bc41049b0
2024-03-26T05:16:36.631 INFO:teuthology.orchestra.run.smithi136.stdout:/usr/bin/ceph: stderr
2024-03-26T05:16:35.767+0000 7f2bcbb75700 1 -- 172.21.15.136:0/2289559200 >> [v2:172.21.15.136:3300/0,v1:172.21.15.136:6789/0] conn(0x7f2bc41049b0 msgr2=0x7f2bc4104dd0 secure :-1 s=STATE_CONNECTION_ESTABLISHED l=1).mark_down
2024-03-26T05:16:36.631 INFO:teuthology.orchestra.run.smithi136.stdout:/usr/bin/ceph: stderr
2024-03-26T05:16:35.767+0000 7f2bcbb75700 1 --2- 172.21.15.136:0/2289559200 >> [v2:172.21.15.136:3300/0,v1:172.21.15.136:6789/0] conn(0x7f2bc41049b0 0x7f2bc4104dd0 secure :-1 s=READY pgs=41 cs=0 l=1 rev1=1 crypto rx=0x7f2bc00098a0 tx=0x7f2bc0009bb0 comp rx=0 tx=0).stop
2024-03-26T05:16:36.631 INFO:teuthology.orchestra.run.smithi136.stdout:/usr/bin/ceph: stderr
2024-03-26T05:16:35.767+0000 7f2bcbb75700 1 -- 172.21.15.136:0/2289559200 shutdown_connections
2024-03-26T05:16:36.632 INFO:teuthology.orchestra.run.smithi136.stdout:/usr/bin/ceph: stderr
2024-03-26T05:16:35.767+0000 7f2bcbb75700 1 --2- 172.21.15.136:0/2289559200 >> [v2:172.21.15.136:3300/0,v1:172.21.15.136:6789/0] conn(0x7f2bc41049b0 0x7f2bc4104dd0 unknown :-1 s=CLOSED pgs=41 cs=0 l=1 rev1=1 crypto rx=0 tx=0 comp rx=0 tx=0).stop
2024-03-26T05:16:36.632 INFO:teuthology.orchestra.run.smithi136.stdout:/usr/bin/ceph: stderr
2024-03-26T05:16:35.767+0000 7f2bcbb75700 1 -- 172.21.15.136:0/2289559200 >> 172.21.15.136:0/2289559200 conn(0x7f2bc41005b0 msgr2=0x7f2bc41029d0 unknown :-1 s=STATE_NONE l=0).mark_down
2024-03-26T05:16:36.632 INFO:teuthology.orchestra.run.smithi136.stdout:/usr/bin/ceph: stderr
2024-03-26T05:16:35.767+0000 7f2bcbb75700 1 -- 172.21.15.136:0/2289559200 shutdown_connections
2024-03-26T05:16:36.632 INFO:teuthology.orchestra.run.smithi136.stdout:/usr/bin/ceph: stderr
2024-03-26T05:16:35.767+0000 7f2bcbb75700 1 -- 172.21.15.136:0/2289559200 wait complete.
2024-03-26T05:16:36.632 INFO:teuthology.orchestra.run.smithi136.stdout:/usr/bin/ceph: stderr
2024-03-26T05:16:35.767+0000 7f2bcbb75700 1 Processor -- start
2024-03-26T05:16:36.632 INFO:teuthology.orchestra.run.smithi136.stdout:/usr/bin/ceph: stderr
2024-03-26T05:16:35.767+0000 7f2bcbb75700 1 -- start start
2024-03-26T05:16:36.632 INFO:teuthology.orchestra.run.smithi136.stdout:/usr/bin/ceph: stderr
2024-03-26T05:16:35.768+0000 7f2bcbb75700 1 --2- >> [v2:172.21.15.136:3300/0,v1:172.21.15.136:6789/0] conn(0x7f2bc41049b0 0x7f2bc419c010 unknown :-1 s=NONE pgs=0 cs=0 l=1 rev1=0 crypto rx=0 tx=0 comp rx=0 tx=0).connect
2024-03-26T05:16:36.632 INFO:teuthology.orchestra.run.smithi136.stdout:/usr/bin/ceph: stderr
2024-03-26T05:16:35.768+0000 7f2bcbb75700 1 -- --> [v2:172.21.15.136:3300/0,v1:172.21.15.136:6789/0] -- mon_getmap magic: 0 v1 -- 0x7f2bc419c550 con 0x7f2bc41049b0
2024-03-26T05:16:36.632 INFO:teuthology.orchestra.run.smithi136.stdout:/usr/bin/ceph: stderr
2024-03-26T05:16:35.768+0000 7f2bc9911700 1 --2- >> [v2:172.21.15.136:3300/0,v1:172.21.15.136:6789/0] conn(0x7f2bc41049b0 0x7f2bc419c010 unknown :-1 s=BANNER_CONNECTING pgs=0 cs=0 l=1 rev1=0 crypto rx=0 tx=0 comp rx=0 tx=0)._handle_peer_banner_payload supported=3 required=0
2024-03-26T05:16:36.632 INFO:teuthology.orchestra.run.smithi136.stdout:/usr/bin/ceph: stderr
2024-03-26T05:16:35.768+0000 7f2bc9911700 1 --2- >> [v2:172.21.15.136:3300/0,v1:172.21.15.136:6789/0] conn(0x7f2bc41049b0 0x7f2bc419c010 unknown :-1 s=HELLO_CONNECTING pgs=0 cs=0 l=1 rev1=1 crypto rx=0 tx=0 comp rx=0 tx=0).handle_hello peer v2:172.21.15.136:3300/0 says I am v2:172.21.15.136:60040/0 (socket says 172.21.15.136:60040)
2024-03-26T05:16:36.632 INFO:teuthology.orchestra.run.smithi136.stdout:/usr/bin/ceph: stderr
2024-03-26T05:16:35.768+0000 7f2bc9911700 1 -- 172.21.15.136:0/3578830232 learned_addr learned my addr 172.21.15.136:0/3578830232 (peer_addr_for_me v2:172.21.15.136:0/0)
2024-03-26T05:16:36.632 INFO:teuthology.orchestra.run.smithi136.stdout:/usr/bin/ceph: stderr
2024-03-26T05:16:35.768+0000 7f2bc9911700 1 -- 172.21.15.136:0/3578830232 --> [v2:172.21.15.136:3300/0,v1:172.21.15.136:6789/0] -- mon_subscribe({config=0+,monmap=0+}) v3 -- 0x7f2bc0009550 con 0x7f2bc41049b0
2024-03-26T05:16:36.632 INFO:teuthology.orchestra.run.smithi136.stdout:/usr/bin/ceph: stderr
2024-03-26T05:16:35.768+0000 7f2bc9911700 1 --2- 172.21.15.136:0/3578830232 >> [v2:172.21.15.136:3300/0,v1:172.21.15.136:6789/0] conn(0x7f2bc41049b0 0x7f2bc419c010 secure :-1 s=READY pgs=42 cs=0 l=1 rev1=1 crypto rx=0x7f2bc0009130 tx=0x7f2bc0011a50 comp rx=0 tx=0).ready entity=mon.0 client_cookie=0 server_cookie=0 in_seq=0 out_seq=0
2024-03-26T05:16:36.632 INFO:teuthology.orchestra.run.smithi136.stdout:/usr/bin/ceph: stderr
2024-03-26T05:16:35.768+0000 7f2bbaffd700 1 -- 172.21.15.136:0/3578830232 <== mon.0 v2:172.21.15.136:3300/0 1 ==== mon_map magic: 0 v1 ==== 205+0+0 (secure 0 0 0) 0x7f2bc0003aa0 con 0x7f2bc41049b0
2024-03-26T05:16:36.632 INFO:teuthology.orchestra.run.smithi136.stdout:/usr/bin/ceph: stderr
2024-03-26T05:16:35.768+0000 7f2bbaffd700 1 -- 172.21.15.136:0/3578830232 <== mon.0 v2:172.21.15.136:3300/0 2 ==== config(26 keys) v1 ==== 1062+0+0 (secure 0 0 0) 0x7f2bc001a8c0 con 0x7f2bc41049b0
2024-03-26T05:16:36.632 INFO:teuthology.orchestra.run.smithi136.stdout:/usr/bin/ceph: stderr
2024-03-26T05:16:35.768+0000 7f2bbaffd700 1 -- 172.21.15.136:0/3578830232 <== mon.0 v2:172.21.15.136:3300/0 3 ==== mon_map magic: 0 v1 ==== 205+0+0 (secure 0 0 0) 0x7f2bc0019790 con 0x7f2bc41049b0
2024-03-26T05:16:36.632 INFO:teuthology.orchestra.run.smithi136.stdout:/usr/bin/ceph: stderr
2024-03-26T05:16:35.768+0000 7f2bcbb75700 1 -- 172.21.15.136:0/3578830232 --> [v2:172.21.15.136:3300/0,v1:172.21.15.136:6789/0] -- mon_subscribe({mgrmap=0+}) v3 -- 0x7f2bc419c750 con 0x7f2bc41049b0
2024-03-26T05:16:36.633 INFO:teuthology.orchestra.run.smithi136.stdout:/usr/bin/ceph: stderr
2024-03-26T05:16:35.768+0000 7f2bcbb75700 1 -- 172.21.15.136:0/3578830232 --> [v2:172.21.15.136:3300/0,v1:172.21.15.136:6789/0] -- mon_subscribe({osdmap=0}) v3 -- 0x7f2bc419cbf0 con 0x7f2bc41049b0
2024-03-26T05:16:36.633 INFO:teuthology.orchestra.run.smithi136.stdout:/usr/bin/ceph: stderr
2024-03-26T05:16:35.769+0000 7f2bbaffd700 1 -- 172.21.15.136:0/3578830232 <== mon.0 v2:172.21.15.136:3300/0 4 ==== mgrmap(e 8) v1 ==== 45893+0+0 (secure 0 0 0) 0x7f2bc0019a00 con 0x7f2bc41049b0
2024-03-26T05:16:36.633 INFO:teuthology.orchestra.run.smithi136.stdout:/usr/bin/ceph: stderr
2024-03-26T05:16:35.769+0000 7f2bbaffd700 1 --2- 172.21.15.136:0/3578830232 >> v2:172.21.15.136:6800/3861450553 conn(0x7f2bb0038ef0 0x7f2bb003b3b0 unknown :-1 s=NONE pgs=0 cs=0 l=1 rev1=0 crypto rx=0 tx=0 comp rx=0 tx=0).connect
2024-03-26T05:16:36.633 INFO:teuthology.orchestra.run.smithi136.stdout:/usr/bin/ceph: stderr
2024-03-26T05:16:35.769+0000 7f2bcbb75700 1 -- 172.21.15.136:0/3578830232 --> [v2:172.21.15.136:3300/0,v1:172.21.15.136:6789/0] -- mon_command({"prefix": "get_command_descriptions"} v 0) v1 -- 0x7f2bc4195ce0 con 0x7f2bc41049b0
2024-03-26T05:16:36.633 INFO:teuthology.orchestra.run.smithi136.stdout:/usr/bin/ceph: stderr
2024-03-26T05:16:35.769+0000 7f2bbaffd700 1 -- 172.21.15.136:0/3578830232 <== mon.0 v2:172.21.15.136:3300/0 5 ==== osd_map(2..2 src has 1..2) v4 ==== 897+0+0 (secure 0 0 0) 0x7f2bc004cf70 con 0x7f2bc41049b0
2024-03-26T05:16:36.633 INFO:teuthology.orchestra.run.smithi136.stdout:/usr/bin/ceph: stderr
2024-03-26T05:16:35.769+0000 7f2bc9110700 1 --2- 172.21.15.136:0/3578830232 >> v2:172.21.15.136:6800/3861450553 conn(0x7f2bb0038ef0 0x7f2bb003b3b0 unknown :-1 s=BANNER_CONNECTING pgs=0 cs=0 l=1 rev1=0 crypto rx=0 tx=0 comp rx=0 tx=0)._handle_peer_banner_payload supported=3 required=0
2024-03-26T05:16:36.633 INFO:teuthology.orchestra.run.smithi136.stdout:/usr/bin/ceph: stderr
2024-03-26T05:16:35.770+0000 7f2bc9110700 1 --2- 172.21.15.136:0/3578830232 >> v2:172.21.15.136:6800/3861450553 conn(0x7f2bb0038ef0 0x7f2bb003b3b0 secure :-1 s=READY pgs=10 cs=0 l=1 rev1=1 crypto rx=0x7f2bb4006fd0 tx=0x7f2bb4006e40 comp rx=0 tx=0).ready entity=mgr.14118 client_cookie=0 server_cookie=0 in_seq=0 out_seq=0
2024-03-26T05:16:36.633 INFO:teuthology.orchestra.run.smithi136.stdout:/usr/bin/ceph: stderr
2024-03-26T05:16:35.774+0000 7f2bbaffd700 1 -- 172.21.15.136:0/3578830232 <== mon.0 v2:172.21.15.136:3300/0 6 ==== mon_command_ack([{"prefix": "get_command_descriptions"}]=0 v0) v1 ==== 72+0+184932 (secure 0 0 0) 0x7f2bc0018c30 con 0x7f2bc41049b0
2024-03-26T05:16:36.633 INFO:teuthology.orchestra.run.smithi136.stdout:/usr/bin/ceph: stderr
2024-03-26T05:16:35.967+0000 7f2bcbb75700 1 -- 172.21.15.136:0/3578830232 --> v2:172.21.15.136:6800/3861450553 -- mgr_command(tid 0: {"prefix": "cephadm get-pub-key", "target": ["mon-mgr", ""]}) v1 -- 0x7f2bc40624c0 con 0x7f2bb0038ef0
2024-03-26T05:16:36.633 INFO:teuthology.orchestra.run.smithi136.stdout:/usr/bin/ceph: stderr
2024-03-26T05:16:35.968+0000 7f2bbaffd700 1 -- 172.21.15.136:0/3578830232 <== mgr.14118 v2:172.21.15.136:6800/3861450553 1 ==== mgr_command_reply(tid 0: 0 ) v1 ==== 8+0+595 (secure 0 0 0) 0x7f2bc40624c0 con 0x7f2bb0038ef0
2024-03-26T05:16:36.633 INFO:teuthology.orchestra.run.smithi136.stdout:/usr/bin/ceph: stderr
2024-03-26T05:16:35.970+0000 7f2bcbb75700 1 -- 172.21.15.136:0/3578830232 >> v2:172.21.15.136:6800/3861450553 conn(0x7f2bb0038ef0 msgr2=0x7f2bb003b3b0 secure :-1 s=STATE_CONNECTION_ESTABLISHED l=1).mark_down
2024-03-26T05:16:36.633 INFO:teuthology.orchestra.run.smithi136.stdout:/usr/bin/ceph: stderr
2024-03-26T05:16:35.970+0000 7f2bcbb75700 1 --2- 172.21.15.136:0/3578830232 >> v2:172.21.15.136:6800/3861450553 conn(0x7f2bb0038ef0 0x7f2bb003b3b0 secure :-1 s=READY pgs=10 cs=0 l=1 rev1=1 crypto rx=0x7f2bb4006fd0 tx=0x7f2bb4006e40 comp rx=0 tx=0).stop
2024-03-26T05:16:36.633 INFO:teuthology.orchestra.run.smithi136.stdout:/usr/bin/ceph: stderr
2024-03-26T05:16:35.970+0000 7f2bcbb75700 1 -- 172.21.15.136:0/3578830232 >> [v2:172.21.15.136:3300/0,v1:172.21.15.136:6789/0] conn(0x7f2bc41049b0 msgr2=0x7f2bc419c010 secure :-1 s=STATE_CONNECTION_ESTABLISHED l=1).mark_down
2024-03-26T05:16:36.633 INFO:teuthology.orchestra.run.smithi136.stdout:/usr/bin/ceph: stderr
2024-03-26T05:16:35.970+0000 7f2bcbb75700 1 --2- 172.21.15.136:0/3578830232 >> [v2:172.21.15.136:3300/0,v1:172.21.15.136:6789/0] conn(0x7f2bc41049b0 0x7f2bc419c010 secure :-1 s=READY pgs=42 cs=0 l=1 rev1=1 crypto rx=0x7f2bc0009130 tx=0x7f2bc0011a50 comp rx=0 tx=0).stop
2024-03-26T05:16:36.633 INFO:teuthology.orchestra.run.smithi136.stdout:/usr/bin/ceph: stderr
2024-03-26T05:16:35.970+0000 7f2bcbb75700 1 -- 172.21.15.136:0/3578830232 shutdown_connections
2024-03-26T05:16:36.634 INFO:teuthology.orchestra.run.smithi136.stdout:/usr/bin/ceph: stderr
2024-03-26T05:16:35.970+0000 7f2bcbb75700 1 --2- 172.21.15.136:0/3578830232 >> v2:172.21.15.136:6800/3861450553 conn(0x7f2bb0038ef0 0x7f2bb003b3b0 unknown :-1 s=CLOSED pgs=10 cs=0 l=1 rev1=1 crypto rx=0 tx=0 comp rx=0 tx=0).stop
2024-03-26T05:16:36.634 INFO:teuthology.orchestra.run.smithi136.stdout:/usr/bin/ceph: stderr
2024-03-26T05:16:35.970+0000 7f2bcbb75700 1 --2- 172.21.15.136:0/3578830232 >> [v2:172.21.15.136:3300/0,v1:172.21.15.136:6789/0] conn(0x7f2bc41049b0 0x7f2bc419c010 unknown :-1 s=CLOSED pgs=42 cs=0 l=1 rev1=1 crypto rx=0 tx=0 comp rx=0 tx=0).stop
2024-03-26T05:16:36.634 INFO:teuthology.orchestra.run.smithi136.stdout:/usr/bin/ceph: stderr
2024-03-26T05:16:35.970+0000 7f2bcbb75700 1 -- 172.21.15.136:0/3578830232 >> 172.21.15.136:0/3578830232 conn(0x7f2bc41005b0 msgr2=0x7f2bc4192e20 unknown :-1 s=STATE_NONE l=0).mark_down
2024-03-26T05:16:36.634 INFO:teuthology.orchestra.run.smithi136.stdout:/usr/bin/ceph: stderr
2024-03-26T05:16:35.970+0000 7f2bcbb75700 1 -- 172.21.15.136:0/3578830232 shutdown_connections
2024-03-26T05:16:36.634 INFO:teuthology.orchestra.run.smithi136.stdout:/usr/bin/ceph: stderr
2024-03-26T05:16:35.970+0000 7f2bcbb75700 1 -- 172.21.15.136:0/3578830232 wait complete.
2024-03-26T05:16:36.634 INFO:teuthology.orchestra.run.smithi136.stdout:Wrote public SSH key to /home/ubuntu/cephtest/ceph.pub
2024-03-26T05:16:36.634 INFO:teuthology.orchestra.run.smithi136.stdout:Adding key to root@localhost authorized_keys...
2024-03-26T05:16:36.634 INFO:teuthology.orchestra.run.smithi136.stdout:Adding host smithi136...
2024-03-26T05:16:37.276 INFO:journalctl@ceph.mon.a.smithi136.stdout:Mar 26 05:16:36 smithi136 ceph-mon[29560]: from='client.14136 -' entity='client.admin' cmd=[{"prefix": "cephadm get-pub-key", "target": ["mon-mgr", ""]}]: dispatch
2024-03-26T05:16:38.092 INFO:journalctl@ceph.mon.a.smithi136.stdout:Mar 26 05:16:37 smithi136 ceph-mon[29560]: from='client.14138 -' entity='client.admin' cmd=[{"prefix": "orch host add", "hostname": "smithi136", "addr": "172.21.15.136", "target": ["mon-mgr", ""]}]: dispatch
2024-03-26T05:16:39.323 INFO:journalctl@ceph.mon.a.smithi136.stdout:Mar 26 05:16:38 smithi136 ceph-mon[29560]: Deploying cephadm binary to smithi136
2024-03-26T05:16:42.128 INFO:teuthology.orchestra.run.smithi136.stdout:/usr/bin/ceph: stdout Added host 'smithi136' with addr '172.21.15.136'
2024-03-26T05:16:42.129 INFO:teuthology.orchestra.run.smithi136.stdout:/usr/bin/ceph: stderr
2024-03-26T05:16:37.079+0000 7ff903f1a700 1 Processor -- start
2024-03-26T05:16:42.129 INFO:teuthology.orchestra.run.smithi136.stdout:/usr/bin/ceph: stderr
2024-03-26T05:16:37.079+0000 7ff903f1a700 1 -- start start
2024-03-26T05:16:42.129 INFO:teuthology.orchestra.run.smithi136.stdout:/usr/bin/ceph: stderr
2024-03-26T05:16:37.079+0000 7ff903f1a700 1 --2- >> [v2:172.21.15.136:3300/0,v1:172.21.15.136:6789/0] conn(0x7ff8fc07bf80 0x7ff8fc07a3e0 unknown :-1 s=NONE pgs=0 cs=0 l=0 rev1=0 crypto rx=0 tx=0 comp rx=0 tx=0).connect
2024-03-26T05:16:42.129 INFO:teuthology.orchestra.run.smithi136.stdout:/usr/bin/ceph: stderr
2024-03-26T05:16:37.079+0000 7ff903f1a700 1 -- --> [v2:172.21.15.136:3300/0,v1:172.21.15.136:6789/0] -- mon_getmap magic: 0 v1 -- 0x7ff8fc07a9b0 con 0x7ff8fc07bf80
2024-03-26T05:16:42.129 INFO:teuthology.orchestra.run.smithi136.stdout:/usr/bin/ceph: stderr
2024-03-26T05:16:37.079+0000 7ff901cb6700 1 --2- >> [v2:172.21.15.136:3300/0,v1:172.21.15.136:6789/0] conn(0x7ff8fc07bf80 0x7ff8fc07a3e0 unknown :-1 s=BANNER_CONNECTING pgs=0 cs=0 l=0 rev1=0 crypto rx=0 tx=0 comp rx=0 tx=0)._handle_peer_banner_payload supported=3 required=0
2024-03-26T05:16:42.129 INFO:teuthology.orchestra.run.smithi136.stdout:/usr/bin/ceph: stderr
2024-03-26T05:16:37.079+0000 7ff901cb6700 1 --2- >> [v2:172.21.15.136:3300/0,v1:172.21.15.136:6789/0] conn(0x7ff8fc07bf80 0x7ff8fc07a3e0 unknown :-1 s=HELLO_CONNECTING pgs=0 cs=0 l=0 rev1=1 crypto rx=0 tx=0 comp rx=0 tx=0).handle_hello peer v2:172.21.15.136:3300/0 says I am v2:172.21.15.136:60042/0 (socket says 172.21.15.136:60042)
2024-03-26T05:16:42.129 INFO:teuthology.orchestra.run.smithi136.stdout:/usr/bin/ceph: stderr
2024-03-26T05:16:37.079+0000 7ff901cb6700 1 -- 172.21.15.136:0/1883373585 learned_addr learned my addr 172.21.15.136:0/1883373585 (peer_addr_for_me v2:172.21.15.136:0/0)
2024-03-26T05:16:42.129 INFO:teuthology.orchestra.run.smithi136.stdout:/usr/bin/ceph: stderr
2024-03-26T05:16:37.080+0000 7ff901cb6700 1 -- 172.21.15.136:0/1883373585 --> [v2:172.21.15.136:3300/0,v1:172.21.15.136:6789/0] -- mon_subscribe({config=0+,monmap=0+}) v3 -- 0x7ff8fc07aaf0 con 0x7ff8fc07bf80
2024-03-26T05:16:42.129 INFO:teuthology.orchestra.run.smithi136.stdout:/usr/bin/ceph: stderr
2024-03-26T05:16:37.080+0000 7ff901cb6700 1 --2- 172.21.15.136:0/1883373585 >> [v2:172.21.15.136:3300/0,v1:172.21.15.136:6789/0] conn(0x7ff8fc07bf80 0x7ff8fc07a3e0 secure :-1 s=READY pgs=43 cs=0 l=1 rev1=1 crypto rx=0x7ff8f80098a0 tx=0x7ff8f8009bb0 comp rx=0 tx=0).ready entity=mon.0 client_cookie=f1509a340038f8b2 server_cookie=0 in_seq=0 out_seq=0
2024-03-26T05:16:42.129 INFO:teuthology.orchestra.run.smithi136.stdout:/usr/bin/ceph: stderr
2024-03-26T05:16:37.080+0000 7ff900cb4700 1 -- 172.21.15.136:0/1883373585 <== mon.0 v2:172.21.15.136:3300/0 1 ==== mon_map magic: 0 v1 ==== 205+0+0 (secure 0 0 0) 0x7ff8f8004160 con 0x7ff8fc07bf80
2024-03-26T05:16:42.129 INFO:teuthology.orchestra.run.smithi136.stdout:/usr/bin/ceph: stderr
2024-03-26T05:16:37.080+0000 7ff900cb4700 1 -- 172.21.15.136:0/1883373585 <== mon.0 v2:172.21.15.136:3300/0 2 ==== config(26 keys) v1 ==== 1062+0+0 (secure 0 0 0) 0x7ff8f80042c0 con 0x7ff8fc07bf80
2024-03-26T05:16:42.129 INFO:teuthology.orchestra.run.smithi136.stdout:/usr/bin/ceph: stderr
2024-03-26T05:16:37.080+0000 7ff900cb4700 1 -- 172.21.15.136:0/1883373585 <== mon.0 v2:172.21.15.136:3300/0 3 ==== mon_map magic: 0 v1 ==== 205+0+0 (secure 0 0 0) 0x7ff8f80119b0 con 0x7ff8fc07bf80
2024-03-26T05:16:42.130 INFO:teuthology.orchestra.run.smithi136.stdout:/usr/bin/ceph: stderr
2024-03-26T05:16:37.081+0000 7ff903f1a700 1 -- 172.21.15.136:0/1883373585 >> [v2:172.21.15.136:3300/0,v1:172.21.15.136:6789/0] conn(0x7ff8fc07bf80 msgr2=0x7ff8fc07a3e0 secure :-1 s=STATE_CONNECTION_ESTABLISHED l=1).mark_down
2024-03-26T05:16:42.130 INFO:teuthology.orchestra.run.smithi136.stdout:/usr/bin/ceph: stderr
2024-03-26T05:16:37.081+0000 7ff903f1a700 1 --2- 172.21.15.136:0/1883373585 >> [v2:172.21.15.136:3300/0,v1:172.21.15.136:6789/0] conn(0x7ff8fc07bf80 0x7ff8fc07a3e0 secure :-1 s=READY pgs=43 cs=0 l=1 rev1=1 crypto rx=0x7ff8f80098a0 tx=0x7ff8f8009bb0 comp rx=0 tx=0).stop
2024-03-26T05:16:42.130 INFO:teuthology.orchestra.run.smithi136.stdout:/usr/bin/ceph: stderr
2024-03-26T05:16:37.081+0000 7ff903f1a700 1 -- 172.21.15.136:0/1883373585 shutdown_connections
2024-03-26T05:16:42.130 INFO:teuthology.orchestra.run.smithi136.stdout:/usr/bin/ceph: stderr
2024-03-26T05:16:37.081+0000 7ff903f1a700 1 --2- 172.21.15.136:0/1883373585 >> [v2:172.21.15.136:3300/0,v1:172.21.15.136:6789/0] conn(0x7ff8fc07bf80 0x7ff8fc07a3e0 unknown :-1 s=CLOSED pgs=43 cs=0 l=1 rev1=1 crypto rx=0 tx=0 comp rx=0 tx=0).stop
2024-03-26T05:16:42.130 INFO:teuthology.orchestra.run.smithi136.stdout:/usr/bin/ceph: stderr
2024-03-26T05:16:37.081+0000 7ff903f1a700 1 -- 172.21.15.136:0/1883373585 >> 172.21.15.136:0/1883373585 conn(0x7ff8fc1016b0 msgr2=0x7ff8fc103ad0 unknown :-1 s=STATE_NONE l=0).mark_down
2024-03-26T05:16:42.130 INFO:teuthology.orchestra.run.smithi136.stdout:/usr/bin/ceph: stderr
2024-03-26T05:16:37.081+0000 7ff903f1a700 1 -- 172.21.15.136:0/1883373585 shutdown_connections
2024-03-26T05:16:42.130 INFO:teuthology.orchestra.run.smithi136.stdout:/usr/bin/ceph: stderr
2024-03-26T05:16:37.081+0000 7ff903f1a700 1 -- 172.21.15.136:0/1883373585 wait complete.
2024-03-26T05:16:42.130 INFO:teuthology.orchestra.run.smithi136.stdout:/usr/bin/ceph: stderr
2024-03-26T05:16:37.081+0000 7ff903f1a700 1 Processor -- start
2024-03-26T05:16:42.130 INFO:teuthology.orchestra.run.smithi136.stdout:/usr/bin/ceph: stderr
2024-03-26T05:16:37.081+0000 7ff903f1a700 1 -- start start
2024-03-26T05:16:42.130 INFO:teuthology.orchestra.run.smithi136.stdout:/usr/bin/ceph: stderr
2024-03-26T05:16:37.082+0000 7ff903f1a700 1 --2- >> [v2:172.21.15.136:3300/0,v1:172.21.15.136:6789/0] conn(0x7ff8fc07bf80 0x7ff8fc19c000 unknown :-1 s=NONE pgs=0 cs=0 l=1 rev1=0 crypto rx=0 tx=0 comp rx=0 tx=0).connect
2024-03-26T05:16:42.130 INFO:teuthology.orchestra.run.smithi136.stdout:/usr/bin/ceph: stderr
2024-03-26T05:16:37.082+0000 7ff903f1a700 1 -- --> [v2:172.21.15.136:3300/0,v1:172.21.15.136:6789/0] -- mon_getmap magic: 0 v1 -- 0x7ff8fc19c540 con 0x7ff8fc07bf80
2024-03-26T05:16:42.130 INFO:teuthology.orchestra.run.smithi136.stdout:/usr/bin/ceph: stderr
2024-03-26T05:16:37.082+0000 7ff901cb6700 1 --2- >> [v2:172.21.15.136:3300/0,v1:172.21.15.136:6789/0] conn(0x7ff8fc07bf80 0x7ff8fc19c000 unknown :-1 s=BANNER_CONNECTING pgs=0 cs=0 l=1 rev1=0 crypto rx=0 tx=0 comp rx=0 tx=0)._handle_peer_banner_payload supported=3 required=0
2024-03-26T05:16:42.130 INFO:teuthology.orchestra.run.smithi136.stdout:/usr/bin/ceph: stderr
2024-03-26T05:16:37.082+0000 7ff901cb6700 1 --2- >> [v2:172.21.15.136:3300/0,v1:172.21.15.136:6789/0] conn(0x7ff8fc07bf80 0x7ff8fc19c000 unknown :-1 s=HELLO_CONNECTING pgs=0 cs=0 l=1 rev1=1 crypto rx=0 tx=0 comp rx=0 tx=0).handle_hello peer v2:172.21.15.136:3300/0 says I am v2:172.21.15.136:60046/0 (socket says 172.21.15.136:60046)
2024-03-26T05:16:42.131 INFO:teuthology.orchestra.run.smithi136.stdout:/usr/bin/ceph: stderr
2024-03-26T05:16:37.082+0000 7ff901cb6700 1 -- 172.21.15.136:0/638235489 learned_addr learned my addr 172.21.15.136:0/638235489 (peer_addr_for_me v2:172.21.15.136:0/0)
2024-03-26T05:16:42.131 INFO:teuthology.orchestra.run.smithi136.stdout:/usr/bin/ceph: stderr
2024-03-26T05:16:37.082+0000 7ff901cb6700 1 -- 172.21.15.136:0/638235489 --> [v2:172.21.15.136:3300/0,v1:172.21.15.136:6789/0] -- mon_subscribe({config=0+,monmap=0+}) v3 -- 0x7ff8f8009550 con 0x7ff8fc07bf80
2024-03-26T05:16:42.131 INFO:teuthology.orchestra.run.smithi136.stdout:/usr/bin/ceph: stderr
2024-03-26T05:16:37.082+0000 7ff901cb6700 1 --2- 172.21.15.136:0/638235489 >> [v2:172.21.15.136:3300/0,v1:172.21.15.136:6789/0] conn(0x7ff8fc07bf80 0x7ff8fc19c000 secure :-1 s=READY pgs=44 cs=0 l=1 rev1=1 crypto rx=0x7ff8f8009130 tx=0x7ff8f8011a50 comp rx=0 tx=0).ready entity=mon.0 client_cookie=0 server_cookie=0 in_seq=0 out_seq=0
2024-03-26T05:16:42.131 INFO:teuthology.orchestra.run.smithi136.stdout:/usr/bin/ceph: stderr
2024-03-26T05:16:37.082+0000 7ff8f2ffd700 1 -- 172.21.15.136:0/638235489 <== mon.0 v2:172.21.15.136:3300/0 1 ==== mon_map magic: 0 v1 ==== 205+0+0 (secure 0 0 0) 0x7ff8f8003aa0 con 0x7ff8fc07bf80
2024-03-26T05:16:42.131 INFO:teuthology.orchestra.run.smithi136.stdout:/usr/bin/ceph: stderr
2024-03-26T05:16:37.082+0000 7ff8f2ffd700 1 -- 172.21.15.136:0/638235489 <== mon.0 v2:172.21.15.136:3300/0 2 ==== config(26 keys) v1 ==== 1062+0+0 (secure 0 0 0) 0x7ff8f801a8c0 con 0x7ff8fc07bf80
2024-03-26T05:16:42.131 INFO:teuthology.orchestra.run.smithi136.stdout:/usr/bin/ceph: stderr
2024-03-26T05:16:37.082+0000 7ff903f1a700 1 -- 172.21.15.136:0/638235489 --> [v2:172.21.15.136:3300/0,v1:172.21.15.136:6789/0] -- mon_subscribe({mgrmap=0+}) v3 -- 0x7ff8fc19c740 con 0x7ff8fc07bf80
2024-03-26T05:16:42.131 INFO:teuthology.orchestra.run.smithi136.stdout:/usr/bin/ceph: stderr
2024-03-26T05:16:37.082+0000 7ff8f2ffd700 1 -- 172.21.15.136:0/638235489 <== mon.0 v2:172.21.15.136:3300/0 3 ==== mon_map magic: 0 v1 ==== 205+0+0 (secure 0 0 0) 0x7ff8f8019790 con 0x7ff8fc07bf80
2024-03-26T05:16:42.131 INFO:teuthology.orchestra.run.smithi136.stdout:/usr/bin/ceph: stderr
2024-03-26T05:16:37.082+0000 7ff903f1a700 1 -- 172.21.15.136:0/638235489 --> [v2:172.21.15.136:3300/0,v1:172.21.15.136:6789/0] -- mon_subscribe({osdmap=0}) v3 -- 0x7ff8fc19cbe0 con 0x7ff8fc07bf80
2024-03-26T05:16:42.131 INFO:teuthology.orchestra.run.smithi136.stdout:/usr/bin/ceph: stderr
2024-03-26T05:16:37.083+0000 7ff8f2ffd700 1 -- 172.21.15.136:0/638235489 <== mon.0 v2:172.21.15.136:3300/0 4 ==== mgrmap(e 8) v1 ==== 45893+0+0 (secure 0 0 0) 0x7ff8f8019a00 con 0x7ff8fc07bf80
2024-03-26T05:16:42.131 INFO:teuthology.orchestra.run.smithi136.stdout:/usr/bin/ceph: stderr
2024-03-26T05:16:37.083+0000 7ff8f2ffd700 1 --2- 172.21.15.136:0/638235489 >> v2:172.21.15.136:6800/3861450553 conn(0x7ff8e8038ef0 0x7ff8e803b3b0 unknown :-1 s=NONE pgs=0 cs=0 l=1 rev1=0 crypto rx=0 tx=0 comp rx=0 tx=0).connect
2024-03-26T05:16:42.131 INFO:teuthology.orchestra.run.smithi136.stdout:/usr/bin/ceph: stderr
2024-03-26T05:16:37.083+0000 7ff903f1a700 1 -- 172.21.15.136:0/638235489 --> [v2:172.21.15.136:3300/0,v1:172.21.15.136:6789/0] -- mon_command({"prefix": "get_command_descriptions"} v 0) v1 -- 0x7ff8fc10c4e0 con 0x7ff8fc07bf80
2024-03-26T05:16:42.131 INFO:teuthology.orchestra.run.smithi136.stdout:/usr/bin/ceph: stderr
2024-03-26T05:16:37.083+0000 7ff8f2ffd700 1 -- 172.21.15.136:0/638235489 <== mon.0 v2:172.21.15.136:3300/0 5 ==== osd_map(2..2 src has 1..2) v4 ==== 897+0+0 (secure 0 0 0) 0x7ff8f804d0e0 con 0x7ff8fc07bf80
2024-03-26T05:16:42.131 INFO:teuthology.orchestra.run.smithi136.stdout:/usr/bin/ceph: stderr
2024-03-26T05:16:37.083+0000 7ff9014b5700 1 --2- 172.21.15.136:0/638235489 >> v2:172.21.15.136:6800/3861450553 conn(0x7ff8e8038ef0 0x7ff8e803b3b0 unknown :-1 s=BANNER_CONNECTING pgs=0 cs=0 l=1 rev1=0 crypto rx=0 tx=0 comp rx=0 tx=0)._handle_peer_banner_payload supported=3 required=0
2024-03-26T05:16:42.131 INFO:teuthology.orchestra.run.smithi136.stdout:/usr/bin/ceph: stderr
