2024-03-26T05:16:17.302 INFO:teuthology.orchestra.run.smithi136.stdout:/usr/bin/ceph: stderr
2024-03-26T05:16:14.040+0000 7f1980d50700 1 -- --> [v2:172.21.15.136:3300/0,v1:172.21.15.136:6789/0] -- mon_getmap magic: 0 v1 -- 0x7f197c079720 con 0x7f197c106b40
2024-03-26T05:16:17.302 INFO:teuthology.orchestra.run.smithi136.stdout:/usr/bin/ceph: stderr
2024-03-26T05:16:14.040+0000 7f197a59c700 1 --2- >> [v2:172.21.15.136:3300/0,v1:172.21.15.136:6789/0] conn(0x7f197c106b40 0x7f197c108f30 unknown :-1 s=BANNER_CONNECTING pgs=0 cs=0 l=0 rev1=0 crypto rx=0 tx=0 comp rx=0 tx=0)._handle_peer_banner_payload supported=3 required=0
2024-03-26T05:16:17.302 INFO:teuthology.orchestra.run.smithi136.stdout:/usr/bin/ceph: stderr
2024-03-26T05:16:14.040+0000 7f197a59c700 1 --2- >> [v2:172.21.15.136:3300/0,v1:172.21.15.136:6789/0] conn(0x7f197c106b40 0x7f197c108f30 unknown :-1 s=HELLO_CONNECTING pgs=0 cs=0 l=0 rev1=1 crypto rx=0 tx=0 comp rx=0 tx=0).handle_hello peer v2:172.21.15.136:3300/0 says I am v2:172.21.15.136:37328/0 (socket says 172.21.15.136:37328)
2024-03-26T05:16:17.302 INFO:teuthology.orchestra.run.smithi136.stdout:/usr/bin/ceph: stderr
2024-03-26T05:16:14.040+0000 7f197a59c700 1 -- 172.21.15.136:0/3942527796 learned_addr learned my addr 172.21.15.136:0/3942527796 (peer_addr_for_me v2:172.21.15.136:0/0)
2024-03-26T05:16:17.302 INFO:teuthology.orchestra.run.smithi136.stdout:/usr/bin/ceph: stderr
2024-03-26T05:16:14.041+0000 7f197a59c700 1 -- 172.21.15.136:0/3942527796 --> [v2:172.21.15.136:3300/0,v1:172.21.15.136:6789/0] -- mon_subscribe({config=0+,monmap=0+}) v3 -- 0x7f197c109470 con 0x7f197c106b40
2024-03-26T05:16:17.302 INFO:teuthology.orchestra.run.smithi136.stdout:/usr/bin/ceph: stderr
2024-03-26T05:16:14.041+0000 7f197a59c700 1 --2- 172.21.15.136:0/3942527796 >> [v2:172.21.15.136:3300/0,v1:172.21.15.136:6789/0] conn(0x7f197c106b40 0x7f197c108f30 secure :-1 s=READY pgs=7 cs=0 l=1 rev1=1 crypto rx=0x7f196c0098a0 tx=0x7f196c009bb0 comp rx=0 tx=0).ready entity=mon.0 client_cookie=6d4b13320287dace server_cookie=0 in_seq=0 out_seq=0
2024-03-26T05:16:17.302 INFO:teuthology.orchestra.run.smithi136.stdout:/usr/bin/ceph: stderr
2024-03-26T05:16:14.041+0000 7f197959a700 1 -- 172.21.15.136:0/3942527796 <== mon.0 v2:172.21.15.136:3300/0 1 ==== mon_map magic: 0 v1 ==== 205+0+0 (secure 0 0 0) 0x7f196c004160 con 0x7f197c106b40
2024-03-26T05:16:17.302 INFO:teuthology.orchestra.run.smithi136.stdout:/usr/bin/ceph: stderr
2024-03-26T05:16:14.041+0000 7f197959a700 1 -- 172.21.15.136:0/3942527796 <== mon.0 v2:172.21.15.136:3300/0 2 ==== config(26 keys) v1 ==== 1062+0+0 (secure 0 0 0) 0x7f196c0042c0 con 0x7f197c106b40
2024-03-26T05:16:17.303 INFO:teuthology.orchestra.run.smithi136.stdout:/usr/bin/ceph: stderr
2024-03-26T05:16:14.041+0000 7f197959a700 1 -- 172.21.15.136:0/3942527796 <== mon.0 v2:172.21.15.136:3300/0 3 ==== mon_map magic: 0 v1 ==== 205+0+0 (secure 0 0 0) 0x7f196c0119b0 con 0x7f197c106b40
2024-03-26T05:16:17.303 INFO:teuthology.orchestra.run.smithi136.stdout:/usr/bin/ceph: stderr
2024-03-26T05:16:14.041+0000 7f1980d50700 1 -- 172.21.15.136:0/3942527796 >> [v2:172.21.15.136:3300/0,v1:172.21.15.136:6789/0] conn(0x7f197c106b40 msgr2=0x7f197c108f30 secure :-1 s=STATE_CONNECTION_ESTABLISHED l=1).mark_down
2024-03-26T05:16:17.303 INFO:teuthology.orchestra.run.smithi136.stdout:/usr/bin/ceph: stderr
2024-03-26T05:16:14.041+0000 7f1980d50700 1 --2- 172.21.15.136:0/3942527796 >> [v2:172.21.15.136:3300/0,v1:172.21.15.136:6789/0] conn(0x7f197c106b40 0x7f197c108f30 secure :-1 s=READY pgs=7 cs=0 l=1 rev1=1 crypto rx=0x7f196c0098a0 tx=0x7f196c009bb0 comp rx=0 tx=0).stop
2024-03-26T05:16:17.303 INFO:teuthology.orchestra.run.smithi136.stdout:/usr/bin/ceph: stderr
2024-03-26T05:16:14.042+0000 7f1980d50700 1 -- 172.21.15.136:0/3942527796 shutdown_connections
2024-03-26T05:16:17.303 INFO:teuthology.orchestra.run.smithi136.stdout:/usr/bin/ceph: stderr
2024-03-26T05:16:14.042+0000 7f1980d50700 1 --2- 172.21.15.136:0/3942527796 >> [v2:172.21.15.136:3300/0,v1:172.21.15.136:6789/0] conn(0x7f197c106b40 0x7f197c108f30 unknown :-1 s=CLOSED pgs=7 cs=0 l=1 rev1=1 crypto rx=0 tx=0 comp rx=0 tx=0).stop
2024-03-26T05:16:17.303 INFO:teuthology.orchestra.run.smithi136.stdout:/usr/bin/ceph: stderr
2024-03-26T05:16:14.042+0000 7f1980d50700 1 -- 172.21.15.136:0/3942527796 >> 172.21.15.136:0/3942527796 conn(0x7f197c100590 msgr2=0x7f197c1029b0 unknown :-1 s=STATE_NONE l=0).mark_down
2024-03-26T05:16:17.303 INFO:teuthology.orchestra.run.smithi136.stdout:/usr/bin/ceph: stderr
2024-03-26T05:16:14.042+0000 7f1980d50700 1 -- 172.21.15.136:0/3942527796 shutdown_connections
2024-03-26T05:16:17.303 INFO:teuthology.orchestra.run.smithi136.stdout:/usr/bin/ceph: stderr
2024-03-26T05:16:14.042+0000 7f1980d50700 1 -- 172.21.15.136:0/3942527796 wait complete.
2024-03-26T05:16:17.303 INFO:teuthology.orchestra.run.smithi136.stdout:/usr/bin/ceph: stderr
2024-03-26T05:16:14.042+0000 7f1980d50700 1 Processor -- start
2024-03-26T05:16:17.303 INFO:teuthology.orchestra.run.smithi136.stdout:/usr/bin/ceph: stderr
2024-03-26T05:16:14.042+0000 7f1980d50700 1 -- start start
2024-03-26T05:16:17.303 INFO:teuthology.orchestra.run.smithi136.stdout:/usr/bin/ceph: stderr
2024-03-26T05:16:14.042+0000 7f1980d50700 1 --2- >> [v2:172.21.15.136:3300/0,v1:172.21.15.136:6789/0] conn(0x7f197c106b40 0x7f197c1063c0 unknown :-1 s=NONE pgs=0 cs=0 l=1 rev1=0 crypto rx=0 tx=0 comp rx=0 tx=0).connect
2024-03-26T05:16:17.303 INFO:teuthology.orchestra.run.smithi136.stdout:/usr/bin/ceph: stderr
2024-03-26T05:16:14.042+0000 7f1980d50700 1 -- --> [v2:172.21.15.136:3300/0,v1:172.21.15.136:6789/0] -- mon_getmap magic: 0 v1 -- 0x7f197c106900 con 0x7f197c106b40
2024-03-26T05:16:17.303 INFO:teuthology.orchestra.run.smithi136.stdout:/usr/bin/ceph: stderr
2024-03-26T05:16:14.043+0000 7f197a59c700 1 --2- >> [v2:172.21.15.136:3300/0,v1:172.21.15.136:6789/0] conn(0x7f197c106b40 0x7f197c1063c0 unknown :-1 s=BANNER_CONNECTING pgs=0 cs=0 l=1 rev1=0 crypto rx=0 tx=0 comp rx=0 tx=0)._handle_peer_banner_payload supported=3 required=0
2024-03-26T05:16:17.303 INFO:teuthology.orchestra.run.smithi136.stdout:/usr/bin/ceph: stderr
2024-03-26T05:16:14.043+0000 7f197a59c700 1 --2- >> [v2:172.21.15.136:3300/0,v1:172.21.15.136:6789/0] conn(0x7f197c106b40 0x7f197c1063c0 unknown :-1 s=HELLO_CONNECTING pgs=0 cs=0 l=1 rev1=1 crypto rx=0 tx=0 comp rx=0 tx=0).handle_hello peer v2:172.21.15.136:3300/0 says I am v2:172.21.15.136:37338/0 (socket says 172.21.15.136:37338)
2024-03-26T05:16:17.303 INFO:teuthology.orchestra.run.smithi136.stdout:/usr/bin/ceph: stderr
2024-03-26T05:16:14.043+0000 7f197a59c700 1 -- 172.21.15.136:0/483987836 learned_addr learned my addr 172.21.15.136:0/483987836 (peer_addr_for_me v2:172.21.15.136:0/0)
2024-03-26T05:16:17.304 INFO:teuthology.orchestra.run.smithi136.stdout:/usr/bin/ceph: stderr
2024-03-26T05:16:14.043+0000 7f197a59c700 1 -- 172.21.15.136:0/483987836 --> [v2:172.21.15.136:3300/0,v1:172.21.15.136:6789/0] -- mon_subscribe({config=0+,monmap=0+}) v3 -- 0x7f196c009550 con 0x7f197c106b40
2024-03-26T05:16:17.304 INFO:teuthology.orchestra.run.smithi136.stdout:/usr/bin/ceph: stderr
2024-03-26T05:16:14.043+0000 7f197a59c700 1 --2- 172.21.15.136:0/483987836 >> [v2:172.21.15.136:3300/0,v1:172.21.15.136:6789/0] conn(0x7f197c106b40 0x7f197c1063c0 secure :-1 s=READY pgs=8 cs=0 l=1 rev1=1 crypto rx=0x7f196c0046c0 tx=0x7f196c011a50 comp rx=0 tx=0).ready entity=mon.0 client_cookie=0 server_cookie=0 in_seq=0 out_seq=0
2024-03-26T05:16:17.304 INFO:teuthology.orchestra.run.smithi136.stdout:/usr/bin/ceph: stderr
2024-03-26T05:16:14.043+0000 7f196b7fe700 1 -- 172.21.15.136:0/483987836 <== mon.0 v2:172.21.15.136:3300/0 1 ==== mon_map magic: 0 v1 ==== 205+0+0 (secure 0 0 0) 0x7f196c0039c0 con 0x7f197c106b40
2024-03-26T05:16:17.304 INFO:teuthology.orchestra.run.smithi136.stdout:/usr/bin/ceph: stderr
2024-03-26T05:16:14.043+0000 7f196b7fe700 1 -- 172.21.15.136:0/483987836 <== mon.0 v2:172.21.15.136:3300/0 2 ==== config(26 keys) v1 ==== 1062+0+0 (secure 0 0 0) 0x7f196c003b20 con 0x7f197c106b40
2024-03-26T05:16:17.304 INFO:teuthology.orchestra.run.smithi136.stdout:/usr/bin/ceph: stderr
2024-03-26T05:16:14.043+0000 7f1980d50700 1 -- 172.21.15.136:0/483987836 --> [v2:172.21.15.136:3300/0,v1:172.21.15.136:6789/0] -- mon_subscribe({mgrmap=0+}) v3 -- 0x7f197c104af0 con 0x7f197c106b40
2024-03-26T05:16:17.304 INFO:teuthology.orchestra.run.smithi136.stdout:/usr/bin/ceph: stderr
2024-03-26T05:16:14.043+0000 7f196b7fe700 1 -- 172.21.15.136:0/483987836 <== mon.0 v2:172.21.15.136:3300/0 3 ==== mon_map magic: 0 v1 ==== 205+0+0 (secure 0 0 0) 0x7f196c01a7b0 con 0x7f197c106b40
2024-03-26T05:16:17.304 INFO:teuthology.orchestra.run.smithi136.stdout:/usr/bin/ceph: stderr
2024-03-26T05:16:14.043+0000 7f1980d50700 1 -- 172.21.15.136:0/483987836 --> [v2:172.21.15.136:3300/0,v1:172.21.15.136:6789/0] -- mon_subscribe({osdmap=0}) v3 -- 0x7f197c104f90 con 0x7f197c106b40
2024-03-26T05:16:17.304 INFO:teuthology.orchestra.run.smithi136.stdout:/usr/bin/ceph: stderr
2024-03-26T05:16:14.043+0000 7f196b7fe700 1 -- 172.21.15.136:0/483987836 <== mon.0 v2:172.21.15.136:3300/0 4 ==== mgrmap(e 1) v1 ==== 807+0+0 (secure 0 0 0) 0x7f196c01aa20 con 0x7f197c106b40
2024-03-26T05:16:17.304 INFO:teuthology.orchestra.run.smithi136.stdout:/usr/bin/ceph: stderr
2024-03-26T05:16:14.043+0000 7f196b7fe700 1 -- 172.21.15.136:0/483987836 <== mon.0 v2:172.21.15.136:3300/0 5 ==== osd_map(1..1 src has 1..1) v4 ==== 725+0+0 (secure 0 0 0) 0x7f196c019700 con 0x7f197c106b40
2024-03-26T05:16:17.304 INFO:teuthology.orchestra.run.smithi136.stdout:/usr/bin/ceph: stderr
2024-03-26T05:16:14.044+0000 7f1980d50700 1 -- 172.21.15.136:0/483987836 --> [v2:172.21.15.136:3300/0,v1:172.21.15.136:6789/0] -- mon_command({"prefix": "get_command_descriptions"} v 0) v1 -- 0x7f197c0636b0 con 0x7f197c106b40
2024-03-26T05:16:17.304 INFO:teuthology.orchestra.run.smithi136.stdout:/usr/bin/ceph: stderr
2024-03-26T05:16:14.048+0000 7f196b7fe700 1 -- 172.21.15.136:0/483987836 <== mon.0 v2:172.21.15.136:3300/0 6 ==== mon_command_ack([{"prefix": "get_command_descriptions"}]=0 v0) v1 ==== 72+0+73141 (secure 0 0 0) 0x7f196c02de40 con 0x7f197c106b40
2024-03-26T05:16:17.304 INFO:teuthology.orchestra.run.smithi136.stdout:/usr/bin/ceph: stderr
2024-03-26T05:16:14.121+0000 7f1980d50700 1 -- 172.21.15.136:0/483987836 --> [v2:172.21.15.136:3300/0,v1:172.21.15.136:6789/0] -- mon_command({"prefix": "status", "format": "json-pretty"} v 0) v1 -- 0x7f197c10a4a0 con 0x7f197c106b40
2024-03-26T05:16:17.304 INFO:teuthology.orchestra.run.smithi136.stdout:/usr/bin/ceph: stderr
2024-03-26T05:16:14.121+0000 7f196b7fe700 1 -- 172.21.15.136:0/483987836 <== mon.0 v2:172.21.15.136:3300/0 7 ==== mon_command_ack([{"prefix": "status", "format": "json-pretty"}]=0 v0) v1 ==== 79+0+1240 (secure 0 0 0) 0x7f196c024b30 con 0x7f197c106b40
2024-03-26T05:16:17.304 INFO:teuthology.orchestra.run.smithi136.stdout:/usr/bin/ceph: stderr
2024-03-26T05:16:14.122+0000 7f1980d50700 1 -- 172.21.15.136:0/483987836 >> [v2:172.21.15.136:3300/0,v1:172.21.15.136:6789/0] conn(0x7f197c106b40 msgr2=0x7f197c1063c0 secure :-1 s=STATE_CONNECTION_ESTABLISHED l=1).mark_down
2024-03-26T05:16:17.305 INFO:teuthology.orchestra.run.smithi136.stdout:/usr/bin/ceph: stderr
2024-03-26T05:16:14.122+0000 7f1980d50700 1 --2- 172.21.15.136:0/483987836 >> [v2:172.21.15.136:3300/0,v1:172.21.15.136:6789/0] conn(0x7f197c106b40 0x7f197c1063c0 secure :-1 s=READY pgs=8 cs=0 l=1 rev1=1 crypto rx=0x7f196c0046c0 tx=0x7f196c011a50 comp rx=0 tx=0).stop
2024-03-26T05:16:17.305 INFO:teuthology.orchestra.run.smithi136.stdout:/usr/bin/ceph: stderr
2024-03-26T05:16:14.122+0000 7f1980d50700 1 -- 172.21.15.136:0/483987836 shutdown_connections
2024-03-26T05:16:17.305 INFO:teuthology.orchestra.run.smithi136.stdout:/usr/bin/ceph: stderr
2024-03-26T05:16:14.122+0000 7f1980d50700 1 --2- 172.21.15.136:0/483987836 >> [v2:172.21.15.136:3300/0,v1:172.21.15.136:6789/0] conn(0x7f197c106b40 0x7f197c1063c0 unknown :-1 s=CLOSED pgs=8 cs=0 l=1 rev1=1 crypto rx=0 tx=0 comp rx=0 tx=0).stop
2024-03-26T05:16:17.305 INFO:teuthology.orchestra.run.smithi136.stdout:/usr/bin/ceph: stderr
2024-03-26T05:16:14.122+0000 7f1980d50700 1 -- 172.21.15.136:0/483987836 >> 172.21.15.136:0/483987836 conn(0x7f197c100590 msgr2=0x7f197c101060 unknown :-1 s=STATE_NONE l=0).mark_down
2024-03-26T05:16:17.305 INFO:teuthology.orchestra.run.smithi136.stdout:/usr/bin/ceph: stderr
2024-03-26T05:16:14.122+0000 7f1980d50700 1 -- 172.21.15.136:0/483987836 shutdown_connections
2024-03-26T05:16:17.305 INFO:teuthology.orchestra.run.smithi136.stdout:/usr/bin/ceph: stderr
2024-03-26T05:16:14.122+0000 7f1980d50700 1 -- 172.21.15.136:0/483987836 wait complete.
2024-03-26T05:16:17.305 INFO:teuthology.orchestra.run.smithi136.stdout:mgr not available, waiting (2/15)...
2024-03-26T05:16:19.074 INFO:journalctl@ceph.mon.a.smithi136.stdout:Mar 26 05:16:18 smithi136 ceph-mon[29560]: mgrmap e3: y(active, since 1.00671s)
2024-03-26T05:16:20.579 INFO:teuthology.orchestra.run.smithi136.stdout:/usr/bin/ceph: stdout
2024-03-26T05:16:20.579 INFO:teuthology.orchestra.run.smithi136.stdout:/usr/bin/ceph: stdout {
2024-03-26T05:16:20.579 INFO:teuthology.orchestra.run.smithi136.stdout:/usr/bin/ceph: stdout "fsid": "d69b39a8-eb2f-11ee-95d0-87774f69a715",
2024-03-26T05:16:20.579 INFO:teuthology.orchestra.run.smithi136.stdout:/usr/bin/ceph: stdout "health": {
2024-03-26T05:16:20.579 INFO:teuthology.orchestra.run.smithi136.stdout:/usr/bin/ceph: stdout "status": "HEALTH_OK",
2024-03-26T05:16:20.579 INFO:teuthology.orchestra.run.smithi136.stdout:/usr/bin/ceph: stdout "checks": {},
2024-03-26T05:16:20.580 INFO:teuthology.orchestra.run.smithi136.stdout:/usr/bin/ceph: stdout "mutes": []
2024-03-26T05:16:20.580 INFO:teuthology.orchestra.run.smithi136.stdout:/usr/bin/ceph: stdout },
2024-03-26T05:16:20.580 INFO:teuthology.orchestra.run.smithi136.stdout:/usr/bin/ceph: stdout "election_epoch": 5,
2024-03-26T05:16:20.580 INFO:teuthology.orchestra.run.smithi136.stdout:/usr/bin/ceph: stdout "quorum": [
2024-03-26T05:16:20.580 INFO:teuthology.orchestra.run.smithi136.stdout:/usr/bin/ceph: stdout 0
2024-03-26T05:16:20.580 INFO:teuthology.orchestra.run.smithi136.stdout:/usr/bin/ceph: stdout ],
2024-03-26T05:16:20.580 INFO:teuthology.orchestra.run.smithi136.stdout:/usr/bin/ceph: stdout "quorum_names": [
2024-03-26T05:16:20.580 INFO:teuthology.orchestra.run.smithi136.stdout:/usr/bin/ceph: stdout "a"
2024-03-26T05:16:20.580 INFO:teuthology.orchestra.run.smithi136.stdout:/usr/bin/ceph: stdout ],
2024-03-26T05:16:20.580 INFO:teuthology.orchestra.run.smithi136.stdout:/usr/bin/ceph: stdout "quorum_age": 16,
2024-03-26T05:16:20.580 INFO:teuthology.orchestra.run.smithi136.stdout:/usr/bin/ceph: stdout "monmap": {
2024-03-26T05:16:20.580 INFO:teuthology.orchestra.run.smithi136.stdout:/usr/bin/ceph: stdout "epoch": 1,
2024-03-26T05:16:20.580 INFO:teuthology.orchestra.run.smithi136.stdout:/usr/bin/ceph: stdout "min_mon_release_name": "squid",
2024-03-26T05:16:20.580 INFO:teuthology.orchestra.run.smithi136.stdout:/usr/bin/ceph: stdout "num_mons": 1
2024-03-26T05:16:20.581 INFO:teuthology.orchestra.run.smithi136.stdout:/usr/bin/ceph: stdout },
2024-03-26T05:16:20.581 INFO:teuthology.orchestra.run.smithi136.stdout:/usr/bin/ceph: stdout "osdmap": {
2024-03-26T05:16:20.581 INFO:teuthology.orchestra.run.smithi136.stdout:/usr/bin/ceph: stdout "epoch": 1,
2024-03-26T05:16:20.581 INFO:teuthology.orchestra.run.smithi136.stdout:/usr/bin/ceph: stdout "num_osds": 0,
2024-03-26T05:16:20.581 INFO:teuthology.orchestra.run.smithi136.stdout:/usr/bin/ceph: stdout "num_up_osds": 0,
2024-03-26T05:16:20.581 INFO:teuthology.orchestra.run.smithi136.stdout:/usr/bin/ceph: stdout "osd_up_since": 0,
2024-03-26T05:16:20.581 INFO:teuthology.orchestra.run.smithi136.stdout:/usr/bin/ceph: stdout "num_in_osds": 0,
2024-03-26T05:16:20.581 INFO:teuthology.orchestra.run.smithi136.stdout:/usr/bin/ceph: stdout "osd_in_since": 0,
2024-03-26T05:16:20.581 INFO:teuthology.orchestra.run.smithi136.stdout:/usr/bin/ceph: stdout "num_remapped_pgs": 0
2024-03-26T05:16:20.581 INFO:teuthology.orchestra.run.smithi136.stdout:/usr/bin/ceph: stdout },
2024-03-26T05:16:20.581 INFO:teuthology.orchestra.run.smithi136.stdout:/usr/bin/ceph: stdout "pgmap": {
2024-03-26T05:16:20.581 INFO:teuthology.orchestra.run.smithi136.stdout:/usr/bin/ceph: stdout "pgs_by_state": [],
2024-03-26T05:16:20.581 INFO:teuthology.orchestra.run.smithi136.stdout:/usr/bin/ceph: stdout "num_pgs": 0,
2024-03-26T05:16:20.581 INFO:teuthology.orchestra.run.smithi136.stdout:/usr/bin/ceph: stdout "num_pools": 0,
2024-03-26T05:16:20.581 INFO:teuthology.orchestra.run.smithi136.stdout:/usr/bin/ceph: stdout "num_objects": 0,
2024-03-26T05:16:20.581 INFO:teuthology.orchestra.run.smithi136.stdout:/usr/bin/ceph: stdout "data_bytes": 0,
2024-03-26T05:16:20.582 INFO:teuthology.orchestra.run.smithi136.stdout:/usr/bin/ceph: stdout "bytes_used": 0,
2024-03-26T05:16:20.582 INFO:teuthology.orchestra.run.smithi136.stdout:/usr/bin/ceph: stdout "bytes_avail": 0,
2024-03-26T05:16:20.582 INFO:teuthology.orchestra.run.smithi136.stdout:/usr/bin/ceph: stdout "bytes_total": 0
2024-03-26T05:16:20.582 INFO:teuthology.orchestra.run.smithi136.stdout:/usr/bin/ceph: stdout },
2024-03-26T05:16:20.582 INFO:teuthology.orchestra.run.smithi136.stdout:/usr/bin/ceph: stdout "fsmap": {
2024-03-26T05:16:20.582 INFO:teuthology.orchestra.run.smithi136.stdout:/usr/bin/ceph: stdout "epoch": 1,
2024-03-26T05:16:20.582 INFO:teuthology.orchestra.run.smithi136.stdout:/usr/bin/ceph: stdout "by_rank": [],
2024-03-26T05:16:20.582 INFO:teuthology.orchestra.run.smithi136.stdout:/usr/bin/ceph: stdout "up:standby": 0
2024-03-26T05:16:20.582 INFO:teuthology.orchestra.run.smithi136.stdout:/usr/bin/ceph: stdout },
2024-03-26T05:16:20.582 INFO:teuthology.orchestra.run.smithi136.stdout:/usr/bin/ceph: stdout "mgrmap": {
2024-03-26T05:16:20.582 INFO:teuthology.orchestra.run.smithi136.stdout:/usr/bin/ceph: stdout "available": true,
2024-03-26T05:16:20.582 INFO:teuthology.orchestra.run.smithi136.stdout:/usr/bin/ceph: stdout "num_standbys": 0,
2024-03-26T05:16:20.582 INFO:teuthology.orchestra.run.smithi136.stdout:/usr/bin/ceph: stdout "modules": [
2024-03-26T05:16:20.583 INFO:teuthology.orchestra.run.smithi136.stdout:/usr/bin/ceph: stdout "iostat",
2024-03-26T05:16:20.583 INFO:teuthology.orchestra.run.smithi136.stdout:/usr/bin/ceph: stdout "nfs",
2024-03-26T05:16:20.583 INFO:teuthology.orchestra.run.smithi136.stdout:/usr/bin/ceph: stdout "restful"
2024-03-26T05:16:20.583 INFO:teuthology.orchestra.run.smithi136.stdout:/usr/bin/ceph: stdout ],
2024-03-26T05:16:20.583 INFO:teuthology.orchestra.run.smithi136.stdout:/usr/bin/ceph: stdout "services": {}
2024-03-26T05:16:20.583 INFO:teuthology.orchestra.run.smithi136.stdout:/usr/bin/ceph: stdout },
2024-03-26T05:16:20.583 INFO:teuthology.orchestra.run.smithi136.stdout:/usr/bin/ceph: stdout "servicemap": {
2024-03-26T05:16:20.583 INFO:teuthology.orchestra.run.smithi136.stdout:/usr/bin/ceph: stdout "epoch": 1,
2024-03-26T05:16:20.583 INFO:teuthology.orchestra.run.smithi136.stdout:/usr/bin/ceph: stdout "modified": "2024-03-26T05:15:55.713726+0000",
2024-03-26T05:16:20.583 INFO:teuthology.orchestra.run.smithi136.stdout:/usr/bin/ceph: stdout "services": {}
2024-03-26T05:16:20.583 INFO:teuthology.orchestra.run.smithi136.stdout:/usr/bin/ceph: stdout },
2024-03-26T05:16:20.583 INFO:teuthology.orchestra.run.smithi136.stdout:/usr/bin/ceph: stdout "progress_events": {}
2024-03-26T05:16:20.583 INFO:teuthology.orchestra.run.smithi136.stdout:/usr/bin/ceph: stdout }
2024-03-26T05:16:20.583 INFO:teuthology.orchestra.run.smithi136.stdout:/usr/bin/ceph: stderr
2024-03-26T05:16:19.730+0000 7f7cbb26a700 1 Processor -- start
2024-03-26T05:16:20.584 INFO:teuthology.orchestra.run.smithi136.stdout:/usr/bin/ceph: stderr
2024-03-26T05:16:19.730+0000 7f7cbb26a700 1 -- start start
2024-03-26T05:16:20.584 INFO:teuthology.orchestra.run.smithi136.stdout:/usr/bin/ceph: stderr
2024-03-26T05:16:19.730+0000 7f7cbb26a700 1 --2- >> [v2:172.21.15.136:3300/0,v1:172.21.15.136:6789/0] conn(0x7f7cb41049e0 0x7f7cb4104e00 unknown :-1 s=NONE pgs=0 cs=0 l=0 rev1=0 crypto rx=0 tx=0 comp rx=0 tx=0).connect
2024-03-26T05:16:20.584 INFO:teuthology.orchestra.run.smithi136.stdout:/usr/bin/ceph: stderr
2024-03-26T05:16:19.730+0000 7f7cbb26a700 1 -- --> [v2:172.21.15.136:3300/0,v1:172.21.15.136:6789/0] -- mon_getmap magic: 0 v1 -- 0x7f7cb4079f50 con 0x7f7cb41049e0
2024-03-26T05:16:20.584 INFO:teuthology.orchestra.run.smithi136.stdout:/usr/bin/ceph: stderr
2024-03-26T05:16:19.730+0000 7f7cb9006700 1 --2- >> [v2:172.21.15.136:3300/0,v1:172.21.15.136:6789/0] conn(0x7f7cb41049e0 0x7f7cb4104e00 unknown :-1 s=BANNER_CONNECTING pgs=0 cs=0 l=0 rev1=0 crypto rx=0 tx=0 comp rx=0 tx=0)._handle_peer_banner_payload supported=3 required=0
2024-03-26T05:16:20.584 INFO:teuthology.orchestra.run.smithi136.stdout:/usr/bin/ceph: stderr
2024-03-26T05:16:19.730+0000 7f7cb9006700 1 --2- >> [v2:172.21.15.136:3300/0,v1:172.21.15.136:6789/0] conn(0x7f7cb41049e0 0x7f7cb4104e00 unknown :-1 s=HELLO_CONNECTING pgs=0 cs=0 l=0 rev1=1 crypto rx=0 tx=0 comp rx=0 tx=0).handle_hello peer v2:172.21.15.136:3300/0 says I am v2:172.21.15.136:37414/0 (socket says 172.21.15.136:37414)
2024-03-26T05:16:20.584 INFO:teuthology.orchestra.run.smithi136.stdout:/usr/bin/ceph: stderr
2024-03-26T05:16:19.730+0000 7f7cb9006700 1 -- 172.21.15.136:0/2385128851 learned_addr learned my addr 172.21.15.136:0/2385128851 (peer_addr_for_me v2:172.21.15.136:0/0)
2024-03-26T05:16:20.584 INFO:teuthology.orchestra.run.smithi136.stdout:/usr/bin/ceph: stderr
2024-03-26T05:16:19.730+0000 7f7cb9006700 1 -- 172.21.15.136:0/2385128851 --> [v2:172.21.15.136:3300/0,v1:172.21.15.136:6789/0] -- mon_subscribe({config=0+,monmap=0+}) v3 -- 0x7f7cb4105340 con 0x7f7cb41049e0
2024-03-26T05:16:20.584 INFO:teuthology.orchestra.run.smithi136.stdout:/usr/bin/ceph: stderr
2024-03-26T05:16:19.731+0000 7f7cb9006700 1 --2- 172.21.15.136:0/2385128851 >> [v2:172.21.15.136:3300/0,v1:172.21.15.136:6789/0] conn(0x7f7cb41049e0 0x7f7cb4104e00 secure :-1 s=READY pgs=16 cs=0 l=1 rev1=1 crypto rx=0x7f7cb00098a0 tx=0x7f7cb0009bb0 comp rx=0 tx=0).ready entity=mon.0 client_cookie=e1da104d5f63d70f server_cookie=0 in_seq=0 out_seq=0
2024-03-26T05:16:20.584 INFO:teuthology.orchestra.run.smithi136.stdout:/usr/bin/ceph: stderr
2024-03-26T05:16:19.731+0000 7f7cabfff700 1 -- 172.21.15.136:0/2385128851 <== mon.0 v2:172.21.15.136:3300/0 1 ==== mon_map magic: 0 v1 ==== 205+0+0 (secure 0 0 0) 0x7f7cb0004160 con 0x7f7cb41049e0
2024-03-26T05:16:20.584 INFO:teuthology.orchestra.run.smithi136.stdout:/usr/bin/ceph: stderr
2024-03-26T05:16:19.731+0000 7f7cabfff700 1 -- 172.21.15.136:0/2385128851 <== mon.0 v2:172.21.15.136:3300/0 2 ==== config(26 keys) v1 ==== 1062+0+0 (secure 0 0 0) 0x7f7cb00042c0 con 0x7f7cb41049e0
2024-03-26T05:16:20.584 INFO:teuthology.orchestra.run.smithi136.stdout:/usr/bin/ceph: stderr
2024-03-26T05:16:19.731+0000 7f7cabfff700 1 -- 172.21.15.136:0/2385128851 <== mon.0 v2:172.21.15.136:3300/0 3 ==== mon_map magic: 0 v1 ==== 205+0+0 (secure 0 0 0) 0x7f7cb00119b0 con 0x7f7cb41049e0
2024-03-26T05:16:20.584 INFO:teuthology.orchestra.run.smithi136.stdout:/usr/bin/ceph: stderr
2024-03-26T05:16:19.731+0000 7f7cbb26a700 1 -- 172.21.15.136:0/2385128851 >> [v2:172.21.15.136:3300/0,v1:172.21.15.136:6789/0] conn(0x7f7cb41049e0 msgr2=0x7f7cb4104e00 secure :-1 s=STATE_CONNECTION_ESTABLISHED l=1).mark_down
2024-03-26T05:16:20.584 INFO:teuthology.orchestra.run.smithi136.stdout:/usr/bin/ceph: stderr
2024-03-26T05:16:19.731+0000 7f7cbb26a700 1 --2- 172.21.15.136:0/2385128851 >> [v2:172.21.15.136:3300/0,v1:172.21.15.136:6789/0] conn(0x7f7cb41049e0 0x7f7cb4104e00 secure :-1 s=READY pgs=16 cs=0 l=1 rev1=1 crypto rx=0x7f7cb00098a0 tx=0x7f7cb0009bb0 comp rx=0 tx=0).stop
2024-03-26T05:16:20.585 INFO:teuthology.orchestra.run.smithi136.stdout:/usr/bin/ceph: stderr
2024-03-26T05:16:19.731+0000 7f7cbb26a700 1 -- 172.21.15.136:0/2385128851 shutdown_connections
2024-03-26T05:16:20.585 INFO:teuthology.orchestra.run.smithi136.stdout:/usr/bin/ceph: stderr
2024-03-26T05:16:19.731+0000 7f7cbb26a700 1 --2- 172.21.15.136:0/2385128851 >> [v2:172.21.15.136:3300/0,v1:172.21.15.136:6789/0] conn(0x7f7cb41049e0 0x7f7cb4104e00 unknown :-1 s=CLOSED pgs=16 cs=0 l=1 rev1=1 crypto rx=0 tx=0 comp rx=0 tx=0).stop
2024-03-26T05:16:20.585 INFO:teuthology.orchestra.run.smithi136.stdout:/usr/bin/ceph: stderr
2024-03-26T05:16:19.731+0000 7f7cbb26a700 1 -- 172.21.15.136:0/2385128851 >> 172.21.15.136:0/2385128851 conn(0x7f7cb41005e0 msgr2=0x7f7cb4102a00 unknown :-1 s=STATE_NONE l=0).mark_down
2024-03-26T05:16:20.585 INFO:teuthology.orchestra.run.smithi136.stdout:/usr/bin/ceph: stderr
2024-03-26T05:16:19.731+0000 7f7cbb26a700 1 -- 172.21.15.136:0/2385128851 shutdown_connections
2024-03-26T05:16:20.585 INFO:teuthology.orchestra.run.smithi136.stdout:/usr/bin/ceph: stderr
2024-03-26T05:16:19.731+0000 7f7cbb26a700 1 -- 172.21.15.136:0/2385128851 wait complete.
2024-03-26T05:16:20.585 INFO:teuthology.orchestra.run.smithi136.stdout:/usr/bin/ceph: stderr
2024-03-26T05:16:19.732+0000 7f7cbb26a700 1 Processor -- start
2024-03-26T05:16:20.585 INFO:teuthology.orchestra.run.smithi136.stdout:/usr/bin/ceph: stderr
2024-03-26T05:16:19.732+0000 7f7cbb26a700 1 -- start start
2024-03-26T05:16:20.585 INFO:teuthology.orchestra.run.smithi136.stdout:/usr/bin/ceph: stderr
2024-03-26T05:16:19.732+0000 7f7cbb26a700 1 --2- >> [v2:172.21.15.136:3300/0,v1:172.21.15.136:6789/0] conn(0x7f7cb41049e0 0x7f7cb419c040 unknown :-1 s=NONE pgs=0 cs=0 l=1 rev1=0 crypto rx=0 tx=0 comp rx=0 tx=0).connect
2024-03-26T05:16:20.585 INFO:teuthology.orchestra.run.smithi136.stdout:/usr/bin/ceph: stderr
2024-03-26T05:16:19.732+0000 7f7cbb26a700 1 -- --> [v2:172.21.15.136:3300/0,v1:172.21.15.136:6789/0] -- mon_getmap magic: 0 v1 -- 0x7f7cb419c580 con 0x7f7cb41049e0
2024-03-26T05:16:20.585 INFO:teuthology.orchestra.run.smithi136.stdout:/usr/bin/ceph: stderr
2024-03-26T05:16:19.732+0000 7f7cb9006700 1 --2- >> [v2:172.21.15.136:3300/0,v1:172.21.15.136:6789/0] conn(0x7f7cb41049e0 0x7f7cb419c040 unknown :-1 s=BANNER_CONNECTING pgs=0 cs=0 l=1 rev1=0 crypto rx=0 tx=0 comp rx=0 tx=0)._handle_peer_banner_payload supported=3 required=0
2024-03-26T05:16:20.585 INFO:teuthology.orchestra.run.smithi136.stdout:/usr/bin/ceph: stderr
2024-03-26T05:16:19.732+0000 7f7cb9006700 1 --2- >> [v2:172.21.15.136:3300/0,v1:172.21.15.136:6789/0] conn(0x7f7cb41049e0 0x7f7cb419c040 unknown :-1 s=HELLO_CONNECTING pgs=0 cs=0 l=1 rev1=1 crypto rx=0 tx=0 comp rx=0 tx=0).handle_hello peer v2:172.21.15.136:3300/0 says I am v2:172.21.15.136:37428/0 (socket says 172.21.15.136:37428)
2024-03-26T05:16:20.585 INFO:teuthology.orchestra.run.smithi136.stdout:/usr/bin/ceph: stderr
2024-03-26T05:16:19.732+0000 7f7cb9006700 1 -- 172.21.15.136:0/2964539288 learned_addr learned my addr 172.21.15.136:0/2964539288 (peer_addr_for_me v2:172.21.15.136:0/0)
2024-03-26T05:16:20.585 INFO:teuthology.orchestra.run.smithi136.stdout:/usr/bin/ceph: stderr
2024-03-26T05:16:19.733+0000 7f7cb9006700 1 -- 172.21.15.136:0/2964539288 --> [v2:172.21.15.136:3300/0,v1:172.21.15.136:6789/0] -- mon_subscribe({config=0+,monmap=0+}) v3 -- 0x7f7cb0009550 con 0x7f7cb41049e0
2024-03-26T05:16:20.585 INFO:teuthology.orchestra.run.smithi136.stdout:/usr/bin/ceph: stderr
2024-03-26T05:16:19.733+0000 7f7cb9006700 1 --2- 172.21.15.136:0/2964539288 >> [v2:172.21.15.136:3300/0,v1:172.21.15.136:6789/0] conn(0x7f7cb41049e0 0x7f7cb419c040 secure :-1 s=READY pgs=17 cs=0 l=1 rev1=1 crypto rx=0x7f7cb00046c0 tx=0x7f7cb0011a50 comp rx=0 tx=0).ready entity=mon.0 client_cookie=0 server_cookie=0 in_seq=0 out_seq=0
2024-03-26T05:16:20.586 INFO:teuthology.orchestra.run.smithi136.stdout:/usr/bin/ceph: stderr
2024-03-26T05:16:19.733+0000 7f7caa7fc700 1 -- 172.21.15.136:0/2964539288 <== mon.0 v2:172.21.15.136:3300/0 1 ==== mon_map magic: 0 v1 ==== 205+0+0 (secure 0 0 0) 0x7f7cb00039c0 con 0x7f7cb41049e0
2024-03-26T05:16:20.586 INFO:teuthology.orchestra.run.smithi136.stdout:/usr/bin/ceph: stderr
2024-03-26T05:16:19.733+0000 7f7caa7fc700 1 -- 172.21.15.136:0/2964539288 <== mon.0 v2:172.21.15.136:3300/0 2 ==== config(26 keys) v1 ==== 1062+0+0 (secure 0 0 0) 0x7f7cb0003b20 con 0x7f7cb41049e0
2024-03-26T05:16:20.586 INFO:teuthology.orchestra.run.smithi136.stdout:/usr/bin/ceph: stderr
2024-03-26T05:16:19.733+0000 7f7cbb26a700 1 -- 172.21.15.136:0/2964539288 --> [v2:172.21.15.136:3300/0,v1:172.21.15.136:6789/0] -- mon_subscribe({mgrmap=0+}) v3 -- 0x7f7cb419c780 con 0x7f7cb41049e0
2024-03-26T05:16:20.586 INFO:teuthology.orchestra.run.smithi136.stdout:/usr/bin/ceph: stderr
2024-03-26T05:16:19.733+0000 7f7caa7fc700 1 -- 172.21.15.136:0/2964539288 <== mon.0 v2:172.21.15.136:3300/0 3 ==== mon_map magic: 0 v1 ==== 205+0+0 (secure 0 0 0) 0x7f7cb001a7b0 con 0x7f7cb41049e0
2024-03-26T05:16:20.586 INFO:teuthology.orchestra.run.smithi136.stdout:/usr/bin/ceph: stderr
2024-03-26T05:16:19.733+0000 7f7cbb26a700 1 -- 172.21.15.136:0/2964539288 --> [v2:172.21.15.136:3300/0,v1:172.21.15.136:6789/0] -- mon_subscribe({osdmap=0}) v3 -- 0x7f7cb419cc20 con 0x7f7cb41049e0
2024-03-26T05:16:20.586 INFO:teuthology.orchestra.run.smithi136.stdout:/usr/bin/ceph: stderr
2024-03-26T05:16:19.734+0000 7f7caa7fc700 1 -- 172.21.15.136:0/2964539288 <== mon.0 v2:172.21.15.136:3300/0 4 ==== mgrmap(e 3) v1 ==== 45776+0+0 (secure 0 0 0) 0x7f7cb001a910 con 0x7f7cb41049e0
2024-03-26T05:16:20.586 INFO:teuthology.orchestra.run.smithi136.stdout:/usr/bin/ceph: stderr
2024-03-26T05:16:19.734+0000 7f7caa7fc700 1 --2- 172.21.15.136:0/2964539288 >> v2:172.21.15.136:6800/1232474076 conn(0x7f7ca0038d40 0x7f7ca003b200 unknown :-1 s=NONE pgs=0 cs=0 l=1 rev1=0 crypto rx=0 tx=0 comp rx=0 tx=0).connect
2024-03-26T05:16:20.586 INFO:teuthology.orchestra.run.smithi136.stdout:/usr/bin/ceph: stderr
2024-03-26T05:16:19.734+0000 7f7cbb26a700 1 -- 172.21.15.136:0/2964539288 --> [v2:172.21.15.136:3300/0,v1:172.21.15.136:6789/0] -- mon_command({"prefix": "get_command_descriptions"} v 0) v1 -- 0x7f7cb4195d10 con 0x7f7cb41049e0
2024-03-26T05:16:20.586 INFO:teuthology.orchestra.run.smithi136.stdout:/usr/bin/ceph: stderr
2024-03-26T05:16:19.734+0000 7f7caa7fc700 1 -- 172.21.15.136:0/2964539288 <== mon.0 v2:172.21.15.136:3300/0 5 ==== osd_map(1..1 src has 1..1) v4 ==== 725+0+0 (secure 0 0 0) 0x7f7cb004cdc0 con 0x7f7cb41049e0
2024-03-26T05:16:20.586 INFO:teuthology.orchestra.run.smithi136.stdout:/usr/bin/ceph: stderr
2024-03-26T05:16:19.734+0000 7f7cb8805700 1 --2- 172.21.15.136:0/2964539288 >> v2:172.21.15.136:6800/1232474076 conn(0x7f7ca0038d40 0x7f7ca003b200 unknown :-1 s=BANNER_CONNECTING pgs=0 cs=0 l=1 rev1=0 crypto rx=0 tx=0 comp rx=0 tx=0)._handle_peer_banner_payload supported=3 required=0
2024-03-26T05:16:20.586 INFO:teuthology.orchestra.run.smithi136.stdout:/usr/bin/ceph: stderr
2024-03-26T05:16:19.734+0000 7f7cb8805700 1 --2- 172.21.15.136:0/2964539288 >> v2:172.21.15.136:6800/1232474076 conn(0x7f7ca0038d40 0x7f7ca003b200 secure :-1 s=READY pgs=6 cs=0 l=1 rev1=1 crypto rx=0x7f7ca4006fd0 tx=0x7f7ca4006e40 comp rx=0 tx=0).ready entity=mgr.14100 client_cookie=0 server_cookie=0 in_seq=0 out_seq=0
2024-03-26T05:16:20.586 INFO:teuthology.orchestra.run.smithi136.stdout:/usr/bin/ceph: stderr
2024-03-26T05:16:19.740+0000 7f7caa7fc700 1 -- 172.21.15.136:0/2964539288 <== mon.0 v2:172.21.15.136:3300/0 6 ==== mon_command_ack([{"prefix": "get_command_descriptions"}]=0 v0) v1 ==== 72+0+184932 (secure 0 0 0) 0x7f7cb0023390 con 0x7f7cb41049e0
2024-03-26T05:16:20.586 INFO:teuthology.orchestra.run.smithi136.stdout:/usr/bin/ceph: stderr
2024-03-26T05:16:19.823+0000 7f7caa7fc700 1 -- 172.21.15.136:0/2964539288 <== mon.0 v2:172.21.15.136:3300/0 7 ==== mgrmap(e 4) v1 ==== 45882+0+0 (secure 0 0 0) 0x7f7cb002d910 con 0x7f7cb41049e0
2024-03-26T05:16:20.586 INFO:teuthology.orchestra.run.smithi136.stdout:/usr/bin/ceph: stderr
2024-03-26T05:16:20.009+0000 7f7cbb26a700 1 -- 172.21.15.136:0/2964539288 --> [v2:172.21.15.136:3300/0,v1:172.21.15.136:6789/0] -- mon_command({"prefix": "status", "format": "json-pretty"} v 0) v1 -- 0x7f7cb41061b0 con 0x7f7cb41049e0
2024-03-26T05:16:20.587 INFO:teuthology.orchestra.run.smithi136.stdout:/usr/bin/ceph: stderr
2024-03-26T05:16:20.010+0000 7f7caa7fc700 1 -- 172.21.15.136:0/2964539288 <== mon.0 v2:172.21.15.136:3300/0 8 ==== mon_command_ack([{"prefix": "status", "format": "json-pretty"}]=0 v0) v1 ==== 79+0+1239 (secure 0 0 0) 0x7f7cb0018dc0 con 0x7f7cb41049e0
2024-03-26T05:16:20.587 INFO:teuthology.orchestra.run.smithi136.stdout:/usr/bin/ceph: stderr
2024-03-26T05:16:20.013+0000 7f7cbb26a700 1 -- 172.21.15.136:0/2964539288 >> v2:172.21.15.136:6800/1232474076 conn(0x7f7ca0038d40 msgr2=0x7f7ca003b200 secure :-1 s=STATE_CONNECTION_ESTABLISHED l=1).mark_down
2024-03-26T05:16:20.587 INFO:teuthology.orchestra.run.smithi136.stdout:/usr/bin/ceph: stderr
2024-03-26T05:16:20.013+0000 7f7cbb26a700 1 --2- 172.21.15.136:0/2964539288 >> v2:172.21.15.136:6800/1232474076 conn(0x7f7ca0038d40 0x7f7ca003b200 secure :-1 s=READY pgs=6 cs=0 l=1 rev1=1 crypto rx=0x7f7ca4006fd0 tx=0x7f7ca4006e40 comp rx=0 tx=0).stop
2024-03-26T05:16:20.587 INFO:teuthology.orchestra.run.smithi136.stdout:/usr/bin/ceph: stderr
2024-03-26T05:16:20.013+0000 7f7cbb26a700 1 -- 172.21.15.136:0/2964539288 >> [v2:172.21.15.136:3300/0,v1:172.21.15.136:6789/0] conn(0x7f7cb41049e0 msgr2=0x7f7cb419c040 secure :-1 s=STATE_CONNECTION_ESTABLISHED l=1).mark_down
2024-03-26T05:16:20.587 INFO:teuthology.orchestra.run.smithi136.stdout:/usr/bin/ceph: stderr
2024-03-26T05:16:20.013+0000 7f7cbb26a700 1 --2- 172.21.15.136:0/2964539288 >> [v2:172.21.15.136:3300/0,v1:172.21.15.136:6789/0] conn(0x7f7cb41049e0 0x7f7cb419c040 secure :-1 s=READY pgs=17 cs=0 l=1 rev1=1 crypto rx=0x7f7cb00046c0 tx=0x7f7cb0011a50 comp rx=0 tx=0).stop
2024-03-26T05:16:20.587 INFO:teuthology.orchestra.run.smithi136.stdout:/usr/bin/ceph: stderr
2024-03-26T05:16:20.013+0000 7f7cbb26a700 1 -- 172.21.15.136:0/2964539288 shutdown_connections
2024-03-26T05:16:20.587 INFO:teuthology.orchestra.run.smithi136.stdout:/usr/bin/ceph: stderr
2024-03-26T05:16:20.013+0000 7f7cbb26a700 1 --2- 172.21.15.136:0/2964539288 >> v2:172.21.15.136:6800/1232474076 conn(0x7f7ca0038d40 0x7f7ca003b200 unknown :-1 s=CLOSED pgs=6 cs=0 l=1 rev1=1 crypto rx=0 tx=0 comp rx=0 tx=0).stop
2024-03-26T05:16:20.587 INFO:teuthology.orchestra.run.smithi136.stdout:/usr/bin/ceph: stderr
2024-03-26T05:16:20.013+0000 7f7cbb26a700 1 --2- 172.21.15.136:0/2964539288 >> [v2:172.21.15.136:3300/0,v1:172.21.15.136:6789/0] conn(0x7f7cb41049e0 0x7f7cb419c040 unknown :-1 s=CLOSED pgs=17 cs=0 l=1 rev1=1 crypto rx=0 tx=0 comp rx=0 tx=0).stop
2024-03-26T05:16:20.587 INFO:teuthology.orchestra.run.smithi136.stdout:/usr/bin/ceph: stderr
2024-03-26T05:16:20.013+0000 7f7cbb26a700 1 -- 172.21.15.136:0/2964539288 >> 172.21.15.136:0/2964539288 conn(0x7f7cb41005e0 msgr2=0x7f7cb4192e50 unknown :-1 s=STATE_NONE l=0).mark_down
2024-03-26T05:16:20.587 INFO:teuthology.orchestra.run.smithi136.stdout:/usr/bin/ceph: stderr
2024-03-26T05:16:20.013+0000 7f7cbb26a700 1 -- 172.21.15.136:0/2964539288 shutdown_connections
2024-03-26T05:16:20.587 INFO:teuthology.orchestra.run.smithi136.stdout:/usr/bin/ceph: stderr
2024-03-26T05:16:20.013+0000 7f7cbb26a700 1 -- 172.21.15.136:0/2964539288 wait complete.
2024-03-26T05:16:20.587 INFO:teuthology.orchestra.run.smithi136.stdout:mgr is available
2024-03-26T05:16:20.985 INFO:journalctl@ceph.mon.a.smithi136.stdout:Mar 26 05:16:20 smithi136 ceph-mon[29560]: mgrmap e4: y(active, since 3s)
2024-03-26T05:16:20.985 INFO:journalctl@ceph.mon.a.smithi136.stdout:Mar 26 05:16:20 smithi136 ceph-mon[29560]: from='client.? 172.21.15.136:0/2964539288' entity='client.admin' cmd=[{"prefix": "status", "format": "json-pretty"}]: dispatch
2024-03-26T05:16:21.821 INFO:teuthology.orchestra.run.smithi136.stdout:/usr/bin/ceph: stdout
2024-03-26T05:16:21.822 INFO:teuthology.orchestra.run.smithi136.stdout:/usr/bin/ceph: stdout [global]
2024-03-26T05:16:21.822 INFO:teuthology.orchestra.run.smithi136.stdout:/usr/bin/ceph: stdout fsid = d69b39a8-eb2f-11ee-95d0-87774f69a715
2024-03-26T05:16:21.822 INFO:teuthology.orchestra.run.smithi136.stdout:/usr/bin/ceph: stdout mon_osd_allow_pg_remap = true
2024-03-26T05:16:21.822 INFO:teuthology.orchestra.run.smithi136.stdout:/usr/bin/ceph: stdout mon_osd_allow_primary_affinity = true
2024-03-26T05:16:21.822 INFO:teuthology.orchestra.run.smithi136.stdout:/usr/bin/ceph: stdout mon_warn_on_no_sortbitwise = false
2024-03-26T05:16:21.822 INFO:teuthology.orchestra.run.smithi136.stdout:/usr/bin/ceph: stdout osd_crush_chooseleaf_type = 0
2024-03-26T05:16:21.822 INFO:teuthology.orchestra.run.smithi136.stdout:/usr/bin/ceph: stdout
2024-03-26T05:16:21.822 INFO:teuthology.orchestra.run.smithi136.stdout:/usr/bin/ceph: stdout [mgr]
2024-03-26T05:16:21.822 INFO:teuthology.orchestra.run.smithi136.stdout:/usr/bin/ceph: stdout mgr/telemetry/nag = false
2024-03-26T05:16:21.822 INFO:teuthology.orchestra.run.smithi136.stdout:/usr/bin/ceph: stdout
2024-03-26T05:16:21.822 INFO:teuthology.orchestra.run.smithi136.stdout:/usr/bin/ceph: stdout [osd]
2024-03-26T05:16:21.822 INFO:teuthology.orchestra.run.smithi136.stdout:/usr/bin/ceph: stdout osd_map_max_advance = 10
2024-03-26T05:16:21.822 INFO:teuthology.orchestra.run.smithi136.stdout:/usr/bin/ceph: stdout osd_sloppy_crc = true
2024-03-26T05:16:21.822 INFO:teuthology.orchestra.run.smithi136.stdout:/usr/bin/ceph: stderr
2024-03-26T05:16:20.999+0000 7f6bdde16700 1 Processor -- start
2024-03-26T05:16:21.823 INFO:teuthology.orchestra.run.smithi136.stdout:/usr/bin/ceph: stderr
2024-03-26T05:16:20.999+0000 7f6bdde16700 1 -- start start
2024-03-26T05:16:21.823 INFO:teuthology.orchestra.run.smithi136.stdout:/usr/bin/ceph: stderr
2024-03-26T05:16:20.999+0000 7f6bdde16700 1 --2- >> [v2:172.21.15.136:3300/0,v1:172.21.15.136:6789/0] conn(0x7f6bd8104760 0x7f6bd8104b80 unknown :-1 s=NONE pgs=0 cs=0 l=0 rev1=0 crypto rx=0 tx=0 comp rx=0 tx=0).connect
2024-03-26T05:16:21.823 INFO:teuthology.orchestra.run.smithi136.stdout:/usr/bin/ceph: stderr
2024-03-26T05:16:20.999+0000 7f6bdde16700 1 -- --> [v2:172.21.15.136:3300/0,v1:172.21.15.136:6789/0] -- mon_getmap magic: 0 v1 -- 0x7f6bd8105150 con 0x7f6bd8104760
2024-03-26T05:16:21.823 INFO:teuthology.orchestra.run.smithi136.stdout:/usr/bin/ceph: stderr
2024-03-26T05:16:20.999+0000 7f6bd77fe700 1 --2- >> [v2:172.21.15.136:3300/0,v1:172.21.15.136:6789/0] conn(0x7f6bd8104760 0x7f6bd8104b80 unknown :-1 s=BANNER_CONNECTING pgs=0 cs=0 l=0 rev1=0 crypto rx=0 tx=0 comp rx=0 tx=0)._handle_peer_banner_payload supported=3 required=0
2024-03-26T05:16:21.823 INFO:teuthology.orchestra.run.smithi136.stdout:/usr/bin/ceph: stderr
2024-03-26T05:16:21.000+0000 7f6bd77fe700 1 --2- >> [v2:172.21.15.136:3300/0,v1:172.21.15.136:6789/0] conn(0x7f6bd8104760 0x7f6bd8104b80 unknown :-1 s=HELLO_CONNECTING pgs=0 cs=0 l=0 rev1=1 crypto rx=0 tx=0 comp rx=0 tx=0).handle_hello peer v2:172.21.15.136:3300/0 says I am v2:172.21.15.136:36840/0 (socket says 172.21.15.136:36840)
2024-03-26T05:16:21.823 INFO:teuthology.orchestra.run.smithi136.stdout:/usr/bin/ceph: stderr
2024-03-26T05:16:21.000+0000 7f6bd77fe700 1 -- 172.21.15.136:0/3419708094 learned_addr learned my addr 172.21.15.136:0/3419708094 (peer_addr_for_me v2:172.21.15.136:0/0)
2024-03-26T05:16:21.823 INFO:teuthology.orchestra.run.smithi136.stdout:/usr/bin/ceph: stderr
2024-03-26T05:16:21.000+0000 7f6bd77fe700 1 -- 172.21.15.136:0/3419708094 --> [v2:172.21.15.136:3300/0,v1:172.21.15.136:6789/0] -- mon_subscribe({config=0+,monmap=0+}) v3 -- 0x7f6bd8105960 con 0x7f6bd8104760
2024-03-26T05:16:21.823 INFO:teuthology.orchestra.run.smithi136.stdout:/usr/bin/ceph: stderr
2024-03-26T05:16:21.000+0000 7f6bd77fe700 1 --2- 172.21.15.136:0/3419708094 >> [v2:172.21.15.136:3300/0,v1:172.21.15.136:6789/0] conn(0x7f6bd8104760 0x7f6bd8104b80 secure :-1 s=READY pgs=18 cs=0 l=1 rev1=1 crypto rx=0x7f6bc800af90 tx=0x7f6bc800c330 comp rx=0 tx=0).ready entity=mon.0 client_cookie=9f59cd6104123ba server_cookie=0 in_seq=0 out_seq=0
2024-03-26T05:16:21.823 INFO:teuthology.orchestra.run.smithi136.stdout:/usr/bin/ceph: stderr
2024-03-26T05:16:21.000+0000 7f6bd67fc700 1 -- 172.21.15.136:0/3419708094 <== mon.0 v2:172.21.15.136:3300/0 1 ==== mon_map magic: 0 v1 ==== 205+0+0 (secure 0 0 0) 0x7f6bc800f070 con 0x7f6bd8104760
2024-03-26T05:16:21.823 INFO:teuthology.orchestra.run.smithi136.stdout:/usr/bin/ceph: stderr
2024-03-26T05:16:21.000+0000 7f6bd67fc700 1 -- 172.21.15.136:0/3419708094 <== mon.0 v2:172.21.15.136:3300/0 2 ==== config(26 keys) v1 ==== 1062+0+0 (secure 0 0 0) 0x7f6bc800c9a0 con 0x7f6bd8104760
2024-03-26T05:16:21.823 INFO:teuthology.orchestra.run.smithi136.stdout:/usr/bin/ceph: stderr
2024-03-26T05:16:21.000+0000 7f6bd67fc700 1 -- 172.21.15.136:0/3419708094 <== mon.0 v2:172.21.15.136:3300/0 3 ==== mon_map magic: 0 v1 ==== 205+0+0 (secure 0 0 0) 0x7f6bc8004460 con 0x7f6bd8104760
2024-03-26T05:16:21.823 INFO:teuthology.orchestra.run.smithi136.stdout:/usr/bin/ceph: stderr
2024-03-26T05:16:21.001+0000 7f6bdde16700 1 -- 172.21.15.136:0/3419708094 >> [v2:172.21.15.136:3300/0,v1:172.21.15.136:6789/0] conn(0x7f6bd8104760 msgr2=0x7f6bd8104b80 secure :-1 s=STATE_CONNECTION_ESTABLISHED l=1).mark_down
2024-03-26T05:16:21.823 INFO:teuthology.orchestra.run.smithi136.stdout:/usr/bin/ceph: stderr
2024-03-26T05:16:21.001+0000 7f6bdde16700 1 --2- 172.21.15.136:0/3419708094 >> [v2:172.21.15.136:3300/0,v1:172.21.15.136:6789/0] conn(0x7f6bd8104760 0x7f6bd8104b80 secure :-1 s=READY pgs=18 cs=0 l=1 rev1=1 crypto rx=0x7f6bc800af90 tx=0x7f6bc800c330 comp rx=0 tx=0).stop
2024-03-26T05:16:21.823 INFO:teuthology.orchestra.run.smithi136.stdout:/usr/bin/ceph: stderr
2024-03-26T05:16:21.001+0000 7f6bdde16700 1 -- 172.21.15.136:0/3419708094 shutdown_connections
2024-03-26T05:16:21.823 INFO:teuthology.orchestra.run.smithi136.stdout:/usr/bin/ceph: stderr
2024-03-26T05:16:21.001+0000 7f6bdde16700 1 --2- 172.21.15.136:0/3419708094 >> [v2:172.21.15.136:3300/0,v1:172.21.15.136:6789/0] conn(0x7f6bd8104760 0x7f6bd8104b80 unknown :-1 s=CLOSED pgs=18 cs=0 l=1 rev1=1 crypto rx=0 tx=0 comp rx=0 tx=0).stop
2024-03-26T05:16:21.824 INFO:teuthology.orchestra.run.smithi136.stdout:/usr/bin/ceph: stderr
2024-03-26T05:16:21.001+0000 7f6bdde16700 1 -- 172.21.15.136:0/3419708094 >> 172.21.15.136:0/3419708094 conn(0x7f6bd80ffd20 msgr2=0x7f6bd8102140 unknown :-1 s=STATE_NONE l=0).mark_down
2024-03-26T05:16:21.824 INFO:teuthology.orchestra.run.smithi136.stdout:/usr/bin/ceph: stderr
2024-03-26T05:16:21.001+0000 7f6bdde16700 1 -- 172.21.15.136:0/3419708094 shutdown_connections
2024-03-26T05:16:21.824 INFO:teuthology.orchestra.run.smithi136.stdout:/usr/bin/ceph: stderr
2024-03-26T05:16:21.001+0000 7f6bdde16700 1 -- 172.21.15.136:0/3419708094 wait complete.
2024-03-26T05:16:21.824 INFO:teuthology.orchestra.run.smithi136.stdout:/usr/bin/ceph: stderr
2024-03-26T05:16:21.001+0000 7f6bdde16700 1 Processor -- start
2024-03-26T05:16:21.824 INFO:teuthology.orchestra.run.smithi136.stdout:/usr/bin/ceph: stderr
2024-03-26T05:16:21.001+0000 7f6bdde16700 1 -- start start
2024-03-26T05:16:21.824 INFO:teuthology.orchestra.run.smithi136.stdout:/usr/bin/ceph: stderr
2024-03-26T05:16:21.002+0000 7f6bdde16700 1 --2- >> [v2:172.21.15.136:3300/0,v1:172.21.15.136:6789/0] conn(0x7f6bd8104760 0x7f6bd8197ba0 unknown :-1 s=NONE pgs=0 cs=0 l=1 rev1=0 crypto rx=0 tx=0 comp rx=0 tx=0).connect
2024-03-26T05:16:21.824 INFO:teuthology.orchestra.run.smithi136.stdout:/usr/bin/ceph: stderr
2024-03-26T05:16:21.002+0000 7f6bdde16700 1 -- --> [v2:172.21.15.136:3300/0,v1:172.21.15.136:6789/0] -- mon_getmap magic: 0 v1 -- 0x7f6bd81980e0 con 0x7f6bd8104760
2024-03-26T05:16:21.824 INFO:teuthology.orchestra.run.smithi136.stdout:/usr/bin/ceph: stderr
2024-03-26T05:16:21.002+0000 7f6bd77fe700 1 --2- >> [v2:172.21.15.136:3300/0,v1:172.21.15.136:6789/0] conn(0x7f6bd8104760 0x7f6bd8197ba0 unknown :-1 s=BANNER_CONNECTING pgs=0 cs=0 l=1 rev1=0 crypto rx=0 tx=0 comp rx=0 tx=0)._handle_peer_banner_payload supported=3 required=0
2024-03-26T05:16:21.824 INFO:teuthology.orchestra.run.smithi136.stdout:/usr/bin/ceph: stderr
2024-03-26T05:16:21.002+0000 7f6bd77fe700 1 --2- >> [v2:172.21.15.136:3300/0,v1:172.21.15.136:6789/0] conn(0x7f6bd8104760 0x7f6bd8197ba0 unknown :-1 s=HELLO_CONNECTING pgs=0 cs=0 l=1 rev1=1 crypto rx=0 tx=0 comp rx=0 tx=0).handle_hello peer v2:172.21.15.136:3300/0 says I am v2:172.21.15.136:36848/0 (socket says 172.21.15.136:36848)
2024-03-26T05:16:21.824 INFO:teuthology.orchestra.run.smithi136.stdout:/usr/bin/ceph: stderr
2024-03-26T05:16:21.002+0000 7f6bd77fe700 1 -- 172.21.15.136:0/2485522681 learned_addr learned my addr 172.21.15.136:0/2485522681 (peer_addr_for_me v2:172.21.15.136:0/0)
2024-03-26T05:16:21.824 INFO:teuthology.orchestra.run.smithi136.stdout:/usr/bin/ceph: stderr
2024-03-26T05:16:21.002+0000 7f6bd77fe700 1 -- 172.21.15.136:0/2485522681 --> [v2:172.21.15.136:3300/0,v1:172.21.15.136:6789/0] -- mon_subscribe({config=0+,monmap=0+}) v3 -- 0x7f6bc800ac40 con 0x7f6bd8104760
2024-03-26T05:16:21.824 INFO:teuthology.orchestra.run.smithi136.stdout:/usr/bin/ceph: stderr
2024-03-26T05:16:21.002+0000 7f6bd77fe700 1 --2- 172.21.15.136:0/2485522681 >> [v2:172.21.15.136:3300/0,v1:172.21.15.136:6789/0] conn(0x7f6bd8104760 0x7f6bd8197ba0 secure :-1 s=READY pgs=19 cs=0 l=1 rev1=1 crypto rx=0x7f6bc800af60 tx=0x7f6bc8004a00 comp rx=0 tx=0).ready entity=mon.0 client_cookie=0 server_cookie=0 in_seq=0 out_seq=0
2024-03-26T05:16:21.824 INFO:teuthology.orchestra.run.smithi136.stdout:/usr/bin/ceph: stderr
2024-03-26T05:16:21.002+0000 7f6bd4ff9700 1 -- 172.21.15.136:0/2485522681 <== mon.0 v2:172.21.15.136:3300/0 1 ==== mon_map magic: 0 v1 ==== 205+0+0 (secure 0 0 0) 0x7f6bc800f050 con 0x7f6bd8104760
2024-03-26T05:16:21.824 INFO:teuthology.orchestra.run.smithi136.stdout:/usr/bin/ceph: stderr
2024-03-26T05:16:21.002+0000 7f6bdde16700 1 -- 172.21.15.136:0/2485522681 --> [v2:172.21.15.136:3300/0,v1:172.21.15.136:6789/0] -- mon_subscribe({mgrmap=0+}) v3 -- 0x7f6bd81982e0 con 0x7f6bd8104760
2024-03-26T05:16:21.825 INFO:teuthology.orchestra.run.smithi136.stdout:/usr/bin/ceph: stderr
2024-03-26T05:16:21.002+0000 7f6bd4ff9700 1 -- 172.21.15.136:0/2485522681 <== mon.0 v2:172.21.15.136:3300/0 2 ==== config(26 keys) v1 ==== 1062+0+0 (secure 0 0 0) 0x7f6bc8003d60 con 0x7f6bd8104760
2024-03-26T05:16:21.825 INFO:teuthology.orchestra.run.smithi136.stdout:/usr/bin/ceph: stderr
2024-03-26T05:16:21.002+0000 7f6bd4ff9700 1 -- 172.21.15.136:0/2485522681 <== mon.0 v2:172.21.15.136:3300/0 3 ==== mon_map magic: 0 v1 ==== 205+0+0 (secure 0 0 0) 0x7f6bc801e8d0 con 0x7f6bd8104760
2024-03-26T05:16:21.825 INFO:teuthology.orchestra.run.smithi136.stdout:/usr/bin/ceph: stderr
2024-03-26T05:16:21.002+0000 7f6bdde16700 1 -- 172.21.15.136:0/2485522681 --> [v2:172.21.15.136:3300/0,v1:172.21.15.136:6789/0] -- mon_subscribe({osdmap=0}) v3 -- 0x7f6bd81987e0 con 0x7f6bd8104760
2024-03-26T05:16:21.825 INFO:teuthology.orchestra.run.smithi136.stdout:/usr/bin/ceph: stderr
2024-03-26T05:16:21.003+0000 7f6bd4ff9700 1 -- 172.21.15.136:0/2485522681 <== mon.0 v2:172.21.15.136:3300/0 4 ==== mgrmap(e 4) v1 ==== 45882+0+0 (secure 0 0 0) 0x7f6bc801a040 con 0x7f6bd8104760
2024-03-26T05:16:21.825 INFO:teuthology.orchestra.run.smithi136.stdout:/usr/bin/ceph: stderr
2024-03-26T05:16:21.003+0000 7f6bd4ff9700 1 --2- 172.21.15.136:0/2485522681 >> v2:172.21.15.136:6800/1232474076 conn(0x7f6bc0038e40 0x7f6bc003b300 unknown :-1 s=NONE pgs=0 cs=0 l=1 rev1=0 crypto rx=0 tx=0 comp rx=0 tx=0).connect
2024-03-26T05:16:21.825 INFO:teuthology.orchestra.run.smithi136.stdout:/usr/bin/ceph: stderr
2024-03-26T05:16:21.003+0000 7f6bd4ff9700 1 -- 172.21.15.136:0/2485522681 <== mon.0 v2:172.21.15.136:3300/0 5 ==== osd_map(1..1 src has 1..1) v4 ==== 725+0+0 (secure 0 0 0) 0x7f6bc804dd90 con 0x7f6bd8104760
2024-03-26T05:16:21.825 INFO:teuthology.orchestra.run.smithi136.stdout:/usr/bin/ceph: stderr
2024-03-26T05:16:21.003+0000 7f6bd6ffd700 1 --2- 172.21.15.136:0/2485522681 >> v2:172.21.15.136:6800/1232474076 conn(0x7f6bc0038e40 0x7f6bc003b300 unknown :-1 s=BANNER_CONNECTING pgs=0 cs=0 l=1 rev1=0 crypto rx=0 tx=0 comp rx=0 tx=0)._handle_peer_banner_payload supported=3 required=0
2024-03-26T05:16:21.825 INFO:teuthology.orchestra.run.smithi136.stdout:/usr/bin/ceph: stderr
2024-03-26T05:16:21.003+0000 7f6bdde16700 1 -- 172.21.15.136:0/2485522681 --> [v2:172.21.15.136:3300/0,v1:172.21.15.136:6789/0] -- mon_command({"prefix": "get_command_descriptions"} v 0) v1 -- 0x7f6bd8191840 con 0x7f6bd8104760
2024-03-26T05:16:21.825 INFO:teuthology.orchestra.run.smithi136.stdout:/usr/bin/ceph: stderr
2024-03-26T05:16:21.004+0000 7f6bd6ffd700 1 --2- 172.21.15.136:0/2485522681 >> v2:172.21.15.136:6800/1232474076 conn(0x7f6bc0038e40 0x7f6bc003b300 secure :-1 s=READY pgs=7 cs=0 l=1 rev1=1 crypto rx=0x7f6bcc006fd0 tx=0x7f6bcc006e40 comp rx=0 tx=0).ready entity=mgr.14100 client_cookie=0 server_cookie=0 in_seq=0 out_seq=0
2024-03-26T05:16:21.825 INFO:teuthology.orchestra.run.smithi136.stdout:/usr/bin/ceph: stderr
2024-03-26T05:16:21.009+0000 7f6bd4ff9700 1 -- 172.21.15.136:0/2485522681 <== mon.0 v2:172.21.15.136:3300/0 6 ==== mon_command_ack([{"prefix": "get_command_descriptions"}]=0 v0) v1 ==== 72+0+184932 (secure 0 0 0) 0x7f6bc8018080 con 0x7f6bd8104760
2024-03-26T05:16:21.825 INFO:teuthology.orchestra.run.smithi136.stdout:/usr/bin/ceph: stderr
2024-03-26T05:16:21.198+0000 7f6bdde16700 1 -- 172.21.15.136:0/2485522681 --> [v2:172.21.15.136:3300/0,v1:172.21.15.136:6789/0] -- mon_command({"prefix": "config assimilate-conf"} v 0) v1 -- 0x7f6bd80636b0 con 0x7f6bd8104760
2024-03-26T05:16:21.825 INFO:teuthology.orchestra.run.smithi136.stdout:/usr/bin/ceph: stderr
2024-03-26T05:16:21.199+0000 7f6bd4ff9700 1 -- 172.21.15.136:0/2485522681 <== mon.0 v2:172.21.15.136:3300/0 7 ==== mon_command_ack([{"prefix": "config assimilate-conf"}]=0 v3) v1 ==== 70+0+282 (secure 0 0 0) 0x7f6bc8022020 con 0x7f6bd8104760
2024-03-26T05:16:21.825 INFO:teuthology.orchestra.run.smithi136.stdout:/usr/bin/ceph: stderr
