2024-03-28T22:01:05.664+0000 7fda67fff700 1 --2- >> [v2:172.21.15.16:3300/0,v1:172.21.15.16:6789/0] conn(0x7fda68106d70 0x7fda6819ad20 unknown :-1 s=HELLO_CONNECTING pgs=0 cs=0 l=1 rev1=1 crypto rx=0 tx=0 comp rx=0 tx=0).handle_hello peer v2:172.21.15.16:3300/0 says I am v2:172.21.15.16:57776/0 (socket says 172.21.15.16:57776)
2024-03-28T22:01:06.481 INFO:teuthology.orchestra.run.smithi016.stdout:/usr/bin/ceph: stderr
2024-03-28T22:01:05.664+0000 7fda67fff700 1 -- 172.21.15.16:0/474866192 learned_addr learned my addr 172.21.15.16:0/474866192 (peer_addr_for_me v2:172.21.15.16:0/0)
2024-03-28T22:01:06.481 INFO:teuthology.orchestra.run.smithi016.stdout:/usr/bin/ceph: stderr
2024-03-28T22:01:05.664+0000 7fda67fff700 1 -- 172.21.15.16:0/474866192 --> [v2:172.21.15.16:3300/0,v1:172.21.15.16:6789/0] -- mon_subscribe({config=0+,monmap=0+}) -- 0x7fda6819b260 con 0x7fda68106d70
2024-03-28T22:01:06.481 INFO:teuthology.orchestra.run.smithi016.stdout:/usr/bin/ceph: stderr
2024-03-28T22:01:05.664+0000 7fda67fff700 1 --2- 172.21.15.16:0/474866192 >> [v2:172.21.15.16:3300/0,v1:172.21.15.16:6789/0] conn(0x7fda68106d70 0x7fda6819ad20 secure :-1 s=READY pgs=40 cs=0 l=1 rev1=1 crypto rx=0x7fda50000c00 tx=0x7fda50011c10 comp rx=0 tx=0).ready entity=mon.0 client_cookie=0 server_cookie=0 in_seq=0 out_seq=0
2024-03-28T22:01:06.481 INFO:teuthology.orchestra.run.smithi016.stdout:/usr/bin/ceph: stderr
2024-03-28T22:01:05.664+0000 7fda657fa700 1 -- 172.21.15.16:0/474866192 <== mon.0 v2:172.21.15.16:3300/0 1 ==== mon_map magic: 0 ==== 205+0+0 (secure 0 0 0) 0x7fda50003b20 con 0x7fda68106d70
2024-03-28T22:01:06.481 INFO:teuthology.orchestra.run.smithi016.stdout:/usr/bin/ceph: stderr
2024-03-28T22:01:05.664+0000 7fda657fa700 1 -- 172.21.15.16:0/474866192 <== mon.0 v2:172.21.15.16:3300/0 2 ==== config(27 keys) ==== 1109+0+0 (secure 0 0 0) 0x7fda50003cc0 con 0x7fda68106d70
2024-03-28T22:01:06.482 INFO:teuthology.orchestra.run.smithi016.stdout:/usr/bin/ceph: stderr
2024-03-28T22:01:05.664+0000 7fda6e575700 1 -- 172.21.15.16:0/474866192 --> [v2:172.21.15.16:3300/0,v1:172.21.15.16:6789/0] -- mon_subscribe({mgrmap=0+}) -- 0x7fda6819b4f0 con 0x7fda68106d70
2024-03-28T22:01:06.482 INFO:teuthology.orchestra.run.smithi016.stdout:/usr/bin/ceph: stderr
2024-03-28T22:01:05.664+0000 7fda657fa700 1 -- 172.21.15.16:0/474866192 <== mon.0 v2:172.21.15.16:3300/0 3 ==== mon_map magic: 0 ==== 205+0+0 (secure 0 0 0) 0x7fda50024910 con 0x7fda68106d70
2024-03-28T22:01:06.482 INFO:teuthology.orchestra.run.smithi016.stdout:/usr/bin/ceph: stderr
2024-03-28T22:01:05.664+0000 7fda6e575700 1 -- 172.21.15.16:0/474866192 --> [v2:172.21.15.16:3300/0,v1:172.21.15.16:6789/0] -- mon_subscribe({osdmap=0}) -- 0x7fda6819e1d0 con 0x7fda68106d70
2024-03-28T22:01:06.482 INFO:teuthology.orchestra.run.smithi016.stdout:/usr/bin/ceph: stderr
2024-03-28T22:01:05.665+0000 7fda657fa700 1 -- 172.21.15.16:0/474866192 <== mon.0 v2:172.21.15.16:3300/0 4 ==== mgrmap(e 8) ==== 45928+0+0 (secure 0 0 0) 0x7fda50022020 con 0x7fda68106d70
2024-03-28T22:01:06.482 INFO:teuthology.orchestra.run.smithi016.stdout:/usr/bin/ceph: stderr
2024-03-28T22:01:05.665+0000 7fda6e575700 1 -- 172.21.15.16:0/474866192 --> [v2:172.21.15.16:3300/0,v1:172.21.15.16:6789/0] -- mon_command({"prefix": "get_command_descriptions"} v 0) -- 0x7fda68063870 con 0x7fda68106d70
2024-03-28T22:01:06.482 INFO:teuthology.orchestra.run.smithi016.stdout:/usr/bin/ceph: stderr
2024-03-28T22:01:05.666+0000 7fda657fa700 1 --2- 172.21.15.16:0/474866192 >> [v2:172.21.15.16:6800/1832422779,v1:172.21.15.16:6801/1832422779] conn(0x7fda54038bf0 0x7fda5403b0b0 unknown :-1 s=NONE pgs=0 cs=0 l=1 rev1=0 crypto rx=0 tx=0 comp rx=0 tx=0).connect
2024-03-28T22:01:06.482 INFO:teuthology.orchestra.run.smithi016.stdout:/usr/bin/ceph: stderr
2024-03-28T22:01:05.666+0000 7fda657fa700 1 -- 172.21.15.16:0/474866192 <== mon.0 v2:172.21.15.16:3300/0 5 ==== osd_map(2..2 src has 1..2) ==== 940+0+0 (secure 0 0 0) 0x7fda50011e00 con 0x7fda68106d70
2024-03-28T22:01:06.482 INFO:teuthology.orchestra.run.smithi016.stdout:/usr/bin/ceph: stderr
2024-03-28T22:01:05.666+0000 7fda677fe700 1 --2- 172.21.15.16:0/474866192 >> [v2:172.21.15.16:6800/1832422779,v1:172.21.15.16:6801/1832422779] conn(0x7fda54038bf0 0x7fda5403b0b0 unknown :-1 s=BANNER_CONNECTING pgs=0 cs=0 l=1 rev1=0 crypto rx=0 tx=0 comp rx=0 tx=0)._handle_peer_banner_payload supported=3 required=0
2024-03-28T22:01:06.482 INFO:teuthology.orchestra.run.smithi016.stdout:/usr/bin/ceph: stderr
2024-03-28T22:01:05.666+0000 7fda677fe700 1 --2- 172.21.15.16:0/474866192 >> [v2:172.21.15.16:6800/1832422779,v1:172.21.15.16:6801/1832422779] conn(0x7fda54038bf0 0x7fda5403b0b0 secure :-1 s=READY pgs=8 cs=0 l=1 rev1=1 crypto rx=0x7fda58006fd0 tx=0x7fda58006e40 comp rx=0 tx=0).ready entity=mgr.14120 client_cookie=0 server_cookie=0 in_seq=0 out_seq=0
2024-03-28T22:01:06.482 INFO:teuthology.orchestra.run.smithi016.stdout:/usr/bin/ceph: stderr
2024-03-28T22:01:05.671+0000 7fda657fa700 1 -- 172.21.15.16:0/474866192 <== mon.0 v2:172.21.15.16:3300/0 6 ==== mon_command_ack([{"prefix": "get_command_descriptions"}]=0 v0) ==== 72+0+184932 (secure 0 0 0) 0x7fda5002cdf0 con 0x7fda68106d70
2024-03-28T22:01:06.482 INFO:teuthology.orchestra.run.smithi016.stdout:/usr/bin/ceph: stderr
2024-03-28T22:01:05.877+0000 7fda6e575700 1 -- 172.21.15.16:0/474866192 --> [v2:172.21.15.16:6800/1832422779,v1:172.21.15.16:6801/1832422779] -- mgr_command(tid 0: {"prefix": "cephadm set-user", "user": "root", "target": ["mon-mgr", ""]}) -- 0x7fda68103540 con 0x7fda54038bf0
2024-03-28T22:01:06.482 INFO:teuthology.orchestra.run.smithi016.stdout:/usr/bin/ceph: stderr
2024-03-28T22:01:05.878+0000 7fda657fa700 1 -- 172.21.15.16:0/474866192 <== mgr.14120 v2:172.21.15.16:6800/1832422779 1 ==== mgr_command_reply(tid 0: 0 ) ==== 8+0+16 (secure 0 0 0) 0x7fda68103540 con 0x7fda54038bf0
2024-03-28T22:01:06.483 INFO:teuthology.orchestra.run.smithi016.stdout:/usr/bin/ceph: stderr
2024-03-28T22:01:05.880+0000 7fda6e575700 1 -- 172.21.15.16:0/474866192 >> [v2:172.21.15.16:6800/1832422779,v1:172.21.15.16:6801/1832422779] conn(0x7fda54038bf0 msgr2=0x7fda5403b0b0 secure :-1 s=STATE_CONNECTION_ESTABLISHED l=1).mark_down
2024-03-28T22:01:06.483 INFO:teuthology.orchestra.run.smithi016.stdout:/usr/bin/ceph: stderr
2024-03-28T22:01:05.880+0000 7fda6e575700 1 --2- 172.21.15.16:0/474866192 >> [v2:172.21.15.16:6800/1832422779,v1:172.21.15.16:6801/1832422779] conn(0x7fda54038bf0 0x7fda5403b0b0 secure :-1 s=READY pgs=8 cs=0 l=1 rev1=1 crypto rx=0x7fda58006fd0 tx=0x7fda58006e40 comp rx=0 tx=0).stop
2024-03-28T22:01:06.483 INFO:teuthology.orchestra.run.smithi016.stdout:/usr/bin/ceph: stderr
2024-03-28T22:01:05.880+0000 7fda6e575700 1 -- 172.21.15.16:0/474866192 >> [v2:172.21.15.16:3300/0,v1:172.21.15.16:6789/0] conn(0x7fda68106d70 msgr2=0x7fda6819ad20 secure :-1 s=STATE_CONNECTION_ESTABLISHED l=1).mark_down
2024-03-28T22:01:06.483 INFO:teuthology.orchestra.run.smithi016.stdout:/usr/bin/ceph: stderr
2024-03-28T22:01:05.880+0000 7fda6e575700 1 --2- 172.21.15.16:0/474866192 >> [v2:172.21.15.16:3300/0,v1:172.21.15.16:6789/0] conn(0x7fda68106d70 0x7fda6819ad20 secure :-1 s=READY pgs=40 cs=0 l=1 rev1=1 crypto rx=0x7fda50000c00 tx=0x7fda50011c10 comp rx=0 tx=0).stop
2024-03-28T22:01:06.483 INFO:teuthology.orchestra.run.smithi016.stdout:/usr/bin/ceph: stderr
2024-03-28T22:01:05.880+0000 7fda6e575700 1 -- 172.21.15.16:0/474866192 shutdown_connections
2024-03-28T22:01:06.483 INFO:teuthology.orchestra.run.smithi016.stdout:/usr/bin/ceph: stderr
2024-03-28T22:01:05.880+0000 7fda6e575700 1 --2- 172.21.15.16:0/474866192 >> [v2:172.21.15.16:6800/1832422779,v1:172.21.15.16:6801/1832422779] conn(0x7fda54038bf0 0x7fda5403b0b0 unknown :-1 s=CLOSED pgs=8 cs=0 l=1 rev1=1 crypto rx=0 tx=0 comp rx=0 tx=0).stop
2024-03-28T22:01:06.483 INFO:teuthology.orchestra.run.smithi016.stdout:/usr/bin/ceph: stderr
2024-03-28T22:01:05.880+0000 7fda6e575700 1 --2- 172.21.15.16:0/474866192 >> [v2:172.21.15.16:3300/0,v1:172.21.15.16:6789/0] conn(0x7fda68106d70 0x7fda6819ad20 unknown :-1 s=CLOSED pgs=40 cs=0 l=1 rev1=1 crypto rx=0 tx=0 comp rx=0 tx=0).stop
2024-03-28T22:01:06.483 INFO:teuthology.orchestra.run.smithi016.stdout:/usr/bin/ceph: stderr
2024-03-28T22:01:05.880+0000 7fda6e575700 1 -- 172.21.15.16:0/474866192 >> 172.21.15.16:0/474866192 conn(0x7fda68102310 msgr2=0x7fda68102e30 unknown :-1 s=STATE_NONE l=0).mark_down
2024-03-28T22:01:06.483 INFO:teuthology.orchestra.run.smithi016.stdout:/usr/bin/ceph: stderr
2024-03-28T22:01:05.880+0000 7fda6e575700 1 -- 172.21.15.16:0/474866192 shutdown_connections
2024-03-28T22:01:06.483 INFO:teuthology.orchestra.run.smithi016.stdout:/usr/bin/ceph: stderr
2024-03-28T22:01:05.880+0000 7fda6e575700 1 -- 172.21.15.16:0/474866192 wait complete.
2024-03-28T22:01:06.483 INFO:teuthology.orchestra.run.smithi016.stdout:Generating ssh key...
2024-03-28T22:01:06.814 INFO:journalctl@ceph.mon.a.smithi016.stdout:Mar 28 22:01:06 smithi016 ceph-mon[32374]: from='client.14132 -' entity='client.admin' cmd=[{"prefix": "orch set backend", "module_name": "cephadm", "target": ["mon-mgr", ""]}]: dispatch
2024-03-28T22:01:07.417 INFO:journalctl@ceph.mgr.x.smithi016.stdout:Mar 28 22:01:07 smithi016 ceph-798d9884-ed4e-11ee-95d0-87774f69a715-mgr-x[32604]: Generating public/private rsa key pair.
2024-03-28T22:01:07.417 INFO:journalctl@ceph.mgr.x.smithi016.stdout:Mar 28 22:01:07 smithi016 ceph-798d9884-ed4e-11ee-95d0-87774f69a715-mgr-x[32604]: Your identification has been saved in /tmp/tmpclcnpv_8/key.
2024-03-28T22:01:07.417 INFO:journalctl@ceph.mgr.x.smithi016.stdout:Mar 28 22:01:07 smithi016 ceph-798d9884-ed4e-11ee-95d0-87774f69a715-mgr-x[32604]: Your public key has been saved in /tmp/tmpclcnpv_8/key.pub.
2024-03-28T22:01:07.417 INFO:journalctl@ceph.mgr.x.smithi016.stdout:Mar 28 22:01:07 smithi016 ceph-798d9884-ed4e-11ee-95d0-87774f69a715-mgr-x[32604]: The key fingerprint is:
2024-03-28T22:01:07.417 INFO:journalctl@ceph.mgr.x.smithi016.stdout:Mar 28 22:01:07 smithi016 ceph-798d9884-ed4e-11ee-95d0-87774f69a715-mgr-x[32604]: SHA256:83a0bXZxxl8hqsYhz5b12HsWKh4ev84gxkMhdYfuEQY ceph-798d9884-ed4e-11ee-95d0-87774f69a715
2024-03-28T22:01:07.417 INFO:journalctl@ceph.mgr.x.smithi016.stdout:Mar 28 22:01:07 smithi016 ceph-798d9884-ed4e-11ee-95d0-87774f69a715-mgr-x[32604]: The key's randomart image is:
2024-03-28T22:01:07.417 INFO:journalctl@ceph.mgr.x.smithi016.stdout:Mar 28 22:01:07 smithi016 ceph-798d9884-ed4e-11ee-95d0-87774f69a715-mgr-x[32604]: +---[RSA 3072]----+
2024-03-28T22:01:07.418 INFO:journalctl@ceph.mgr.x.smithi016.stdout:Mar 28 22:01:07 smithi016 ceph-798d9884-ed4e-11ee-95d0-87774f69a715-mgr-x[32604]: | E.... |
2024-03-28T22:01:07.418 INFO:journalctl@ceph.mgr.x.smithi016.stdout:Mar 28 22:01:07 smithi016 ceph-798d9884-ed4e-11ee-95d0-87774f69a715-mgr-x[32604]: | . .+. |
2024-03-28T22:01:07.418 INFO:journalctl@ceph.mgr.x.smithi016.stdout:Mar 28 22:01:07 smithi016 ceph-798d9884-ed4e-11ee-95d0-87774f69a715-mgr-x[32604]: | . .o .. . |
2024-03-28T22:01:07.418 INFO:journalctl@ceph.mgr.x.smithi016.stdout:Mar 28 22:01:07 smithi016 ceph-798d9884-ed4e-11ee-95d0-87774f69a715-mgr-x[32604]: | . .o. ...|
2024-03-28T22:01:07.418 INFO:journalctl@ceph.mgr.x.smithi016.stdout:Mar 28 22:01:07 smithi016 ceph-798d9884-ed4e-11ee-95d0-87774f69a715-mgr-x[32604]: | .So.oo .=|
2024-03-28T22:01:07.418 INFO:journalctl@ceph.mgr.x.smithi016.stdout:Mar 28 22:01:07 smithi016 ceph-798d9884-ed4e-11ee-95d0-87774f69a715-mgr-x[32604]: | Bo=o+o o=|
2024-03-28T22:01:07.418 INFO:journalctl@ceph.mgr.x.smithi016.stdout:Mar 28 22:01:07 smithi016 ceph-798d9884-ed4e-11ee-95d0-87774f69a715-mgr-x[32604]: | &o=oo= +|
2024-03-28T22:01:07.418 INFO:journalctl@ceph.mgr.x.smithi016.stdout:Mar 28 22:01:07 smithi016 ceph-798d9884-ed4e-11ee-95d0-87774f69a715-mgr-x[32604]: | +.+o*+.+ |
2024-03-28T22:01:07.418 INFO:journalctl@ceph.mgr.x.smithi016.stdout:Mar 28 22:01:07 smithi016 ceph-798d9884-ed4e-11ee-95d0-87774f69a715-mgr-x[32604]: | .oo*+ |
2024-03-28T22:01:07.418 INFO:journalctl@ceph.mgr.x.smithi016.stdout:Mar 28 22:01:07 smithi016 ceph-798d9884-ed4e-11ee-95d0-87774f69a715-mgr-x[32604]: +----[SHA256]-----+
2024-03-28T22:01:07.686 INFO:journalctl@ceph.mon.a.smithi016.stdout:Mar 28 22:01:07 smithi016 ceph-mon[32374]: from='client.14134 -' entity='client.admin' cmd=[{"prefix": "cephadm set-user", "user": "root", "target": ["mon-mgr", ""]}]: dispatch
2024-03-28T22:01:07.686 INFO:journalctl@ceph.mon.a.smithi016.stdout:Mar 28 22:01:07 smithi016 ceph-mon[32374]: from='mgr.14120 172.21.15.16:0/3672307959' entity='mgr.x'
2024-03-28T22:01:07.687 INFO:journalctl@ceph.mon.a.smithi016.stdout:Mar 28 22:01:07 smithi016 ceph-mon[32374]: from='mgr.14120 172.21.15.16:0/3672307959' entity='mgr.x'
2024-03-28T22:01:07.708 INFO:teuthology.orchestra.run.smithi016.stdout:/usr/bin/ceph: stderr
2024-03-28T22:01:06.840+0000 7fe8dfcf5700 1 Processor -- start
2024-03-28T22:01:07.709 INFO:teuthology.orchestra.run.smithi016.stdout:/usr/bin/ceph: stderr
2024-03-28T22:01:06.840+0000 7fe8dfcf5700 1 -- start start
2024-03-28T22:01:07.709 INFO:teuthology.orchestra.run.smithi016.stdout:/usr/bin/ceph: stderr
2024-03-28T22:01:06.840+0000 7fe8dfcf5700 1 --2- >> [v2:172.21.15.16:3300/0,v1:172.21.15.16:6789/0] conn(0x7fe8d8107f20 0x7fe8d8108340 unknown :-1 s=NONE pgs=0 cs=0 l=0 rev1=0 crypto rx=0 tx=0 comp rx=0 tx=0).connect
2024-03-28T22:01:07.709 INFO:teuthology.orchestra.run.smithi016.stdout:/usr/bin/ceph: stderr
2024-03-28T22:01:06.840+0000 7fe8dfcf5700 1 -- --> [v2:172.21.15.16:3300/0,v1:172.21.15.16:6789/0] -- mon_getmap magic: 0 -- 0x7fe8d8108880 con 0x7fe8d8107f20
2024-03-28T22:01:07.709 INFO:teuthology.orchestra.run.smithi016.stdout:/usr/bin/ceph: stderr
2024-03-28T22:01:06.840+0000 7fe8dda91700 1 --2- >> [v2:172.21.15.16:3300/0,v1:172.21.15.16:6789/0] conn(0x7fe8d8107f20 0x7fe8d8108340 unknown :-1 s=BANNER_CONNECTING pgs=0 cs=0 l=0 rev1=0 crypto rx=0 tx=0 comp rx=0 tx=0)._handle_peer_banner_payload supported=3 required=0
2024-03-28T22:01:07.709 INFO:teuthology.orchestra.run.smithi016.stdout:/usr/bin/ceph: stderr
2024-03-28T22:01:06.840+0000 7fe8dda91700 1 --2- >> [v2:172.21.15.16:3300/0,v1:172.21.15.16:6789/0] conn(0x7fe8d8107f20 0x7fe8d8108340 unknown :-1 s=HELLO_CONNECTING pgs=0 cs=0 l=0 rev1=1 crypto rx=0 tx=0 comp rx=0 tx=0).handle_hello peer v2:172.21.15.16:3300/0 says I am v2:172.21.15.16:57786/0 (socket says 172.21.15.16:57786)
2024-03-28T22:01:07.709 INFO:teuthology.orchestra.run.smithi016.stdout:/usr/bin/ceph: stderr
2024-03-28T22:01:06.840+0000 7fe8dda91700 1 -- 172.21.15.16:0/1211824398 learned_addr learned my addr 172.21.15.16:0/1211824398 (peer_addr_for_me v2:172.21.15.16:0/0)
2024-03-28T22:01:07.709 INFO:teuthology.orchestra.run.smithi016.stdout:/usr/bin/ceph: stderr
2024-03-28T22:01:06.840+0000 7fe8dda91700 1 -- 172.21.15.16:0/1211824398 --> [v2:172.21.15.16:3300/0,v1:172.21.15.16:6789/0] -- mon_subscribe({config=0+,monmap=0+}) -- 0x7fe8d8108fe0 con 0x7fe8d8107f20
2024-03-28T22:01:07.709 INFO:teuthology.orchestra.run.smithi016.stdout:/usr/bin/ceph: stderr
2024-03-28T22:01:06.841+0000 7fe8dda91700 1 --2- 172.21.15.16:0/1211824398 >> [v2:172.21.15.16:3300/0,v1:172.21.15.16:6789/0] conn(0x7fe8d8107f20 0x7fe8d8108340 secure :-1 s=READY pgs=41 cs=0 l=1 rev1=1 crypto rx=0x7fe8d40098a0 tx=0x7fe8d4009bb0 comp rx=0 tx=0).ready entity=mon.0 client_cookie=a712d43e6e100e22 server_cookie=0 in_seq=0 out_seq=0
2024-03-28T22:01:07.709 INFO:teuthology.orchestra.run.smithi016.stdout:/usr/bin/ceph: stderr
2024-03-28T22:01:06.841+0000 7fe8dca8f700 1 -- 172.21.15.16:0/1211824398 <== mon.0 v2:172.21.15.16:3300/0 1 ==== mon_map magic: 0 ==== 205+0+0 (secure 0 0 0) 0x7fe8d4004160 con 0x7fe8d8107f20
2024-03-28T22:01:07.709 INFO:teuthology.orchestra.run.smithi016.stdout:/usr/bin/ceph: stderr
2024-03-28T22:01:06.841+0000 7fe8dca8f700 1 -- 172.21.15.16:0/1211824398 <== mon.0 v2:172.21.15.16:3300/0 2 ==== config(27 keys) ==== 1109+0+0 (secure 0 0 0) 0x7fe8d4004300 con 0x7fe8d8107f20
2024-03-28T22:01:07.709 INFO:teuthology.orchestra.run.smithi016.stdout:/usr/bin/ceph: stderr
2024-03-28T22:01:06.841+0000 7fe8dca8f700 1 -- 172.21.15.16:0/1211824398 <== mon.0 v2:172.21.15.16:3300/0 3 ==== mon_map magic: 0 ==== 205+0+0 (secure 0 0 0) 0x7fe8d4011b50 con 0x7fe8d8107f20
2024-03-28T22:01:07.709 INFO:teuthology.orchestra.run.smithi016.stdout:/usr/bin/ceph: stderr
2024-03-28T22:01:06.841+0000 7fe8dfcf5700 1 -- 172.21.15.16:0/1211824398 >> [v2:172.21.15.16:3300/0,v1:172.21.15.16:6789/0] conn(0x7fe8d8107f20 msgr2=0x7fe8d8108340 secure :-1 s=STATE_CONNECTION_ESTABLISHED l=1).mark_down
2024-03-28T22:01:07.709 INFO:teuthology.orchestra.run.smithi016.stdout:/usr/bin/ceph: stderr
2024-03-28T22:01:06.841+0000 7fe8dfcf5700 1 --2- 172.21.15.16:0/1211824398 >> [v2:172.21.15.16:3300/0,v1:172.21.15.16:6789/0] conn(0x7fe8d8107f20 0x7fe8d8108340 secure :-1 s=READY pgs=41 cs=0 l=1 rev1=1 crypto rx=0x7fe8d40098a0 tx=0x7fe8d4009bb0 comp rx=0 tx=0).stop
2024-03-28T22:01:07.710 INFO:teuthology.orchestra.run.smithi016.stdout:/usr/bin/ceph: stderr
2024-03-28T22:01:06.841+0000 7fe8dfcf5700 1 -- 172.21.15.16:0/1211824398 shutdown_connections
2024-03-28T22:01:07.710 INFO:teuthology.orchestra.run.smithi016.stdout:/usr/bin/ceph: stderr
2024-03-28T22:01:06.841+0000 7fe8dfcf5700 1 --2- 172.21.15.16:0/1211824398 >> [v2:172.21.15.16:3300/0,v1:172.21.15.16:6789/0] conn(0x7fe8d8107f20 0x7fe8d8108340 unknown :-1 s=CLOSED pgs=41 cs=0 l=1 rev1=1 crypto rx=0 tx=0 comp rx=0 tx=0).stop
2024-03-28T22:01:07.710 INFO:teuthology.orchestra.run.smithi016.stdout:/usr/bin/ceph: stderr
2024-03-28T22:01:06.841+0000 7fe8dfcf5700 1 -- 172.21.15.16:0/1211824398 >> 172.21.15.16:0/1211824398 conn(0x7fe8d81034a0 msgr2=0x7fe8d8105900 unknown :-1 s=STATE_NONE l=0).mark_down
2024-03-28T22:01:07.710 INFO:teuthology.orchestra.run.smithi016.stdout:/usr/bin/ceph: stderr
2024-03-28T22:01:06.841+0000 7fe8dfcf5700 1 -- 172.21.15.16:0/1211824398 shutdown_connections
2024-03-28T22:01:07.710 INFO:teuthology.orchestra.run.smithi016.stdout:/usr/bin/ceph: stderr
2024-03-28T22:01:06.841+0000 7fe8dfcf5700 1 -- 172.21.15.16:0/1211824398 wait complete.
2024-03-28T22:01:07.710 INFO:teuthology.orchestra.run.smithi016.stdout:/usr/bin/ceph: stderr
2024-03-28T22:01:06.842+0000 7fe8dfcf5700 1 Processor -- start
2024-03-28T22:01:07.710 INFO:teuthology.orchestra.run.smithi016.stdout:/usr/bin/ceph: stderr
2024-03-28T22:01:06.842+0000 7fe8dfcf5700 1 -- start start
2024-03-28T22:01:07.710 INFO:teuthology.orchestra.run.smithi016.stdout:/usr/bin/ceph: stderr
2024-03-28T22:01:06.842+0000 7fe8dfcf5700 1 --2- >> [v2:172.21.15.16:3300/0,v1:172.21.15.16:6789/0] conn(0x7fe8d8107f20 0x7fe8d819be00 unknown :-1 s=NONE pgs=0 cs=0 l=1 rev1=0 crypto rx=0 tx=0 comp rx=0 tx=0).connect
2024-03-28T22:01:07.710 INFO:teuthology.orchestra.run.smithi016.stdout:/usr/bin/ceph: stderr
2024-03-28T22:01:06.842+0000 7fe8dfcf5700 1 -- --> [v2:172.21.15.16:3300/0,v1:172.21.15.16:6789/0] -- mon_getmap magic: 0 -- 0x7fe8d810c420 con 0x7fe8d8107f20
2024-03-28T22:01:07.710 INFO:teuthology.orchestra.run.smithi016.stdout:/usr/bin/ceph: stderr
2024-03-28T22:01:06.842+0000 7fe8dda91700 1 --2- >> [v2:172.21.15.16:3300/0,v1:172.21.15.16:6789/0] conn(0x7fe8d8107f20 0x7fe8d819be00 unknown :-1 s=BANNER_CONNECTING pgs=0 cs=0 l=1 rev1=0 crypto rx=0 tx=0 comp rx=0 tx=0)._handle_peer_banner_payload supported=3 required=0
2024-03-28T22:01:07.710 INFO:teuthology.orchestra.run.smithi016.stdout:/usr/bin/ceph: stderr
2024-03-28T22:01:06.842+0000 7fe8dda91700 1 --2- >> [v2:172.21.15.16:3300/0,v1:172.21.15.16:6789/0] conn(0x7fe8d8107f20 0x7fe8d819be00 unknown :-1 s=HELLO_CONNECTING pgs=0 cs=0 l=1 rev1=1 crypto rx=0 tx=0 comp rx=0 tx=0).handle_hello peer v2:172.21.15.16:3300/0 says I am v2:172.21.15.16:57800/0 (socket says 172.21.15.16:57800)
2024-03-28T22:01:07.710 INFO:teuthology.orchestra.run.smithi016.stdout:/usr/bin/ceph: stderr
2024-03-28T22:01:06.842+0000 7fe8dda91700 1 -- 172.21.15.16:0/297510155 learned_addr learned my addr 172.21.15.16:0/297510155 (peer_addr_for_me v2:172.21.15.16:0/0)
2024-03-28T22:01:07.710 INFO:teuthology.orchestra.run.smithi016.stdout:/usr/bin/ceph: stderr
2024-03-28T22:01:06.843+0000 7fe8dda91700 1 -- 172.21.15.16:0/297510155 --> [v2:172.21.15.16:3300/0,v1:172.21.15.16:6789/0] -- mon_subscribe({config=0+,monmap=0+}) -- 0x7fe8d819c340 con 0x7fe8d8107f20
2024-03-28T22:01:07.711 INFO:teuthology.orchestra.run.smithi016.stdout:/usr/bin/ceph: stderr
2024-03-28T22:01:06.843+0000 7fe8dda91700 1 --2- 172.21.15.16:0/297510155 >> [v2:172.21.15.16:3300/0,v1:172.21.15.16:6789/0] conn(0x7fe8d8107f20 0x7fe8d819be00 secure :-1 s=READY pgs=42 cs=0 l=1 rev1=1 crypto rx=0x7fe8d4011670 tx=0x7fe8d4011b60 comp rx=0 tx=0).ready entity=mon.0 client_cookie=0 server_cookie=0 in_seq=0 out_seq=0
2024-03-28T22:01:07.711 INFO:teuthology.orchestra.run.smithi016.stdout:/usr/bin/ceph: stderr
2024-03-28T22:01:06.843+0000 7fe8ceffd700 1 -- 172.21.15.16:0/297510155 <== mon.0 v2:172.21.15.16:3300/0 1 ==== mon_map magic: 0 ==== 205+0+0 (secure 0 0 0) 0x7fe8d40039c0 con 0x7fe8d8107f20
2024-03-28T22:01:07.711 INFO:teuthology.orchestra.run.smithi016.stdout:/usr/bin/ceph: stderr
2024-03-28T22:01:06.843+0000 7fe8ceffd700 1 -- 172.21.15.16:0/297510155 <== mon.0 v2:172.21.15.16:3300/0 2 ==== config(27 keys) ==== 1109+0+0 (secure 0 0 0) 0x7fe8d4011e50 con 0x7fe8d8107f20
2024-03-28T22:01:07.711 INFO:teuthology.orchestra.run.smithi016.stdout:/usr/bin/ceph: stderr
2024-03-28T22:01:06.843+0000 7fe8ceffd700 1 -- 172.21.15.16:0/297510155 <== mon.0 v2:172.21.15.16:3300/0 3 ==== mon_map magic: 0 ==== 205+0+0 (secure 0 0 0) 0x7fe8d401a5c0 con 0x7fe8d8107f20
2024-03-28T22:01:07.711 INFO:teuthology.orchestra.run.smithi016.stdout:/usr/bin/ceph: stderr
2024-03-28T22:01:06.843+0000 7fe8dfcf5700 1 -- 172.21.15.16:0/297510155 --> [v2:172.21.15.16:3300/0,v1:172.21.15.16:6789/0] -- mon_subscribe({mgrmap=0+}) -- 0x7fe8d819c5d0 con 0x7fe8d8107f20
2024-03-28T22:01:07.711 INFO:teuthology.orchestra.run.smithi016.stdout:/usr/bin/ceph: stderr
2024-03-28T22:01:06.843+0000 7fe8dfcf5700 1 -- 172.21.15.16:0/297510155 --> [v2:172.21.15.16:3300/0,v1:172.21.15.16:6789/0] -- mon_subscribe({osdmap=0}) -- 0x7fe8d819f2c0 con 0x7fe8d8107f20
2024-03-28T22:01:07.711 INFO:teuthology.orchestra.run.smithi016.stdout:/usr/bin/ceph: stderr
2024-03-28T22:01:06.844+0000 7fe8ceffd700 1 -- 172.21.15.16:0/297510155 <== mon.0 v2:172.21.15.16:3300/0 4 ==== mgrmap(e 8) ==== 45928+0+0 (secure 0 0 0) 0x7fe8d4024430 con 0x7fe8d8107f20
2024-03-28T22:01:07.711 INFO:teuthology.orchestra.run.smithi016.stdout:/usr/bin/ceph: stderr
2024-03-28T22:01:06.844+0000 7fe8dfcf5700 1 -- 172.21.15.16:0/297510155 --> [v2:172.21.15.16:3300/0,v1:172.21.15.16:6789/0] -- mon_command({"prefix": "get_command_descriptions"} v 0) -- 0x7fe8d8063870 con 0x7fe8d8107f20
2024-03-28T22:01:07.711 INFO:teuthology.orchestra.run.smithi016.stdout:/usr/bin/ceph: stderr
2024-03-28T22:01:06.844+0000 7fe8ceffd700 1 --2- 172.21.15.16:0/297510155 >> [v2:172.21.15.16:6800/1832422779,v1:172.21.15.16:6801/1832422779] conn(0x7fe8c4038ba0 0x7fe8c403b060 unknown :-1 s=NONE pgs=0 cs=0 l=1 rev1=0 crypto rx=0 tx=0 comp rx=0 tx=0).connect
2024-03-28T22:01:07.711 INFO:teuthology.orchestra.run.smithi016.stdout:/usr/bin/ceph: stderr
2024-03-28T22:01:06.844+0000 7fe8dd290700 1 --2- 172.21.15.16:0/297510155 >> [v2:172.21.15.16:6800/1832422779,v1:172.21.15.16:6801/1832422779] conn(0x7fe8c4038ba0 0x7fe8c403b060 unknown :-1 s=BANNER_CONNECTING pgs=0 cs=0 l=1 rev1=0 crypto rx=0 tx=0 comp rx=0 tx=0)._handle_peer_banner_payload supported=3 required=0
2024-03-28T22:01:07.711 INFO:teuthology.orchestra.run.smithi016.stdout:/usr/bin/ceph: stderr
2024-03-28T22:01:06.844+0000 7fe8ceffd700 1 -- 172.21.15.16:0/297510155 <== mon.0 v2:172.21.15.16:3300/0 5 ==== osd_map(2..2 src has 1..2) ==== 940+0+0 (secure 0 0 0) 0x7fe8d404ce30 con 0x7fe8d8107f20
2024-03-28T22:01:07.711 INFO:teuthology.orchestra.run.smithi016.stdout:/usr/bin/ceph: stderr
2024-03-28T22:01:06.844+0000 7fe8dd290700 1 --2- 172.21.15.16:0/297510155 >> [v2:172.21.15.16:6800/1832422779,v1:172.21.15.16:6801/1832422779] conn(0x7fe8c4038ba0 0x7fe8c403b060 secure :-1 s=READY pgs=9 cs=0 l=1 rev1=1 crypto rx=0x7fe8c8006fd0 tx=0x7fe8c8006e40 comp rx=0 tx=0).ready entity=mgr.14120 client_cookie=0 server_cookie=0 in_seq=0 out_seq=0
2024-03-28T22:01:07.711 INFO:teuthology.orchestra.run.smithi016.stdout:/usr/bin/ceph: stderr
2024-03-28T22:01:06.849+0000 7fe8ceffd700 1 -- 172.21.15.16:0/297510155 <== mon.0 v2:172.21.15.16:3300/0 6 ==== mon_command_ack([{"prefix": "get_command_descriptions"}]=0 v0) ==== 72+0+184932 (secure 0 0 0) 0x7fe8d4003b60 con 0x7fe8d8107f20
2024-03-28T22:01:07.711 INFO:teuthology.orchestra.run.smithi016.stdout:/usr/bin/ceph: stderr
2024-03-28T22:01:07.055+0000 7fe8dfcf5700 1 -- 172.21.15.16:0/297510155 --> [v2:172.21.15.16:6800/1832422779,v1:172.21.15.16:6801/1832422779] -- mgr_command(tid 0: {"prefix": "cephadm generate-key", "target": ["mon-mgr", ""]}) -- 0x7fe8d81046c0 con 0x7fe8c4038ba0
2024-03-28T22:01:07.711 INFO:teuthology.orchestra.run.smithi016.stdout:/usr/bin/ceph: stderr
2024-03-28T22:01:07.121+0000 7fe8ceffd700 1 -- 172.21.15.16:0/297510155 <== mgr.14120 v2:172.21.15.16:6800/1832422779 1 ==== mgr_command_reply(tid 0: 0 ) ==== 8+0+0 (secure 0 0 0) 0x7fe8d81046c0 con 0x7fe8c4038ba0
2024-03-28T22:01:07.712 INFO:teuthology.orchestra.run.smithi016.stdout:/usr/bin/ceph: stderr
2024-03-28T22:01:07.123+0000 7fe8dfcf5700 1 -- 172.21.15.16:0/297510155 >> [v2:172.21.15.16:6800/1832422779,v1:172.21.15.16:6801/1832422779] conn(0x7fe8c4038ba0 msgr2=0x7fe8c403b060 secure :-1 s=STATE_CONNECTION_ESTABLISHED l=1).mark_down
2024-03-28T22:01:07.712 INFO:teuthology.orchestra.run.smithi016.stdout:/usr/bin/ceph: stderr
2024-03-28T22:01:07.123+0000 7fe8dfcf5700 1 --2- 172.21.15.16:0/297510155 >> [v2:172.21.15.16:6800/1832422779,v1:172.21.15.16:6801/1832422779] conn(0x7fe8c4038ba0 0x7fe8c403b060 secure :-1 s=READY pgs=9 cs=0 l=1 rev1=1 crypto rx=0x7fe8c8006fd0 tx=0x7fe8c8006e40 comp rx=0 tx=0).stop
2024-03-28T22:01:07.712 INFO:teuthology.orchestra.run.smithi016.stdout:/usr/bin/ceph: stderr
2024-03-28T22:01:07.123+0000 7fe8dfcf5700 1 -- 172.21.15.16:0/297510155 >> [v2:172.21.15.16:3300/0,v1:172.21.15.16:6789/0] conn(0x7fe8d8107f20 msgr2=0x7fe8d819be00 secure :-1 s=STATE_CONNECTION_ESTABLISHED l=1).mark_down
2024-03-28T22:01:07.712 INFO:teuthology.orchestra.run.smithi016.stdout:/usr/bin/ceph: stderr
2024-03-28T22:01:07.123+0000 7fe8dfcf5700 1 --2- 172.21.15.16:0/297510155 >> [v2:172.21.15.16:3300/0,v1:172.21.15.16:6789/0] conn(0x7fe8d8107f20 0x7fe8d819be00 secure :-1 s=READY pgs=42 cs=0 l=1 rev1=1 crypto rx=0x7fe8d4011670 tx=0x7fe8d4011b60 comp rx=0 tx=0).stop
2024-03-28T22:01:07.712 INFO:teuthology.orchestra.run.smithi016.stdout:/usr/bin/ceph: stderr
2024-03-28T22:01:07.123+0000 7fe8dfcf5700 1 -- 172.21.15.16:0/297510155 shutdown_connections
2024-03-28T22:01:07.712 INFO:teuthology.orchestra.run.smithi016.stdout:/usr/bin/ceph: stderr
2024-03-28T22:01:07.123+0000 7fe8dfcf5700 1 --2- 172.21.15.16:0/297510155 >> [v2:172.21.15.16:6800/1832422779,v1:172.21.15.16:6801/1832422779] conn(0x7fe8c4038ba0 0x7fe8c403b060 unknown :-1 s=CLOSED pgs=9 cs=0 l=1 rev1=1 crypto rx=0 tx=0 comp rx=0 tx=0).stop
2024-03-28T22:01:07.712 INFO:teuthology.orchestra.run.smithi016.stdout:/usr/bin/ceph: stderr
2024-03-28T22:01:07.123+0000 7fe8dfcf5700 1 --2- 172.21.15.16:0/297510155 >> [v2:172.21.15.16:3300/0,v1:172.21.15.16:6789/0] conn(0x7fe8d8107f20 0x7fe8d819be00 unknown :-1 s=CLOSED pgs=42 cs=0 l=1 rev1=1 crypto rx=0 tx=0 comp rx=0 tx=0).stop
2024-03-28T22:01:07.712 INFO:teuthology.orchestra.run.smithi016.stdout:/usr/bin/ceph: stderr
2024-03-28T22:01:07.123+0000 7fe8dfcf5700 1 -- 172.21.15.16:0/297510155 >> 172.21.15.16:0/297510155 conn(0x7fe8d81034a0 msgr2=0x7fe8d8103fb0 unknown :-1 s=STATE_NONE l=0).mark_down
2024-03-28T22:01:07.712 INFO:teuthology.orchestra.run.smithi016.stdout:/usr/bin/ceph: stderr
2024-03-28T22:01:07.123+0000 7fe8dfcf5700 1 -- 172.21.15.16:0/297510155 shutdown_connections
2024-03-28T22:01:07.712 INFO:teuthology.orchestra.run.smithi016.stdout:/usr/bin/ceph: stderr
2024-03-28T22:01:07.123+0000 7fe8dfcf5700 1 -- 172.21.15.16:0/297510155 wait complete.
2024-03-28T22:01:08.686 INFO:journalctl@ceph.mon.a.smithi016.stdout:Mar 28 22:01:08 smithi016 ceph-mon[32374]: from='client.14136 -' entity='client.admin' cmd=[{"prefix": "cephadm generate-key", "target": ["mon-mgr", ""]}]: dispatch
2024-03-28T22:01:08.686 INFO:journalctl@ceph.mon.a.smithi016.stdout:Mar 28 22:01:08 smithi016 ceph-mon[32374]: Generating ssh key...
2024-03-28T22:01:08.941 INFO:teuthology.orchestra.run.smithi016.stdout:/usr/bin/ceph: stdout ssh-rsa AAAAB3NzaC1yc2EAAAADAQABAAABgQCqpS+LL1RstHXIb1tCrS18jre6EvgvPhh/oXAEzmEQZB46e/fgm/6qia0uQXMNyq3hE6y4a5IiWOrXZzYt9zwqC5hBpOXkTChog0KCAk9hAvf4QyGZdwLwURSPYPlsGr0pUHum+nKQMw7LUBTR0n7HrrMR2a4faZyq9UPc76DyC4RXtyuT5GXeygB2muIjn4zVTyB/FiS8e6+7E7UJEQYErRyuDu/Mj0hgXxZWelvt1cq4YLJoCfbxREl77DyOCBCyQDRYqrMqxTzWqbuFdZ/3CVndEbzIT5ubqkrBArl092CkD7FZ/M4weUnLGbHBhXA7OYKxdIOSucvo3FbpGDWNGM02KyZ7xiESsrYCzvKEXygOTp4rVhjXuz4rYv8m74v2PTKTNiYiB0SwkHXpMV8tlPcByzcADb0k9kHZzvlzH31Anfx7WVJ7oevTt48HbxvtBS99PVQ/wXYBc2Fl0p/7QsSC6bRMB6OmDr8qGt1Smh7Hpyhy54LdSIWLvwDZE/M= ceph-798d9884-ed4e-11ee-95d0-87774f69a715
2024-03-28T22:01:08.941 INFO:teuthology.orchestra.run.smithi016.stdout:/usr/bin/ceph: stderr
2024-03-28T22:01:08.143+0000 7f5126284700 1 Processor -- start
2024-03-28T22:01:08.942 INFO:teuthology.orchestra.run.smithi016.stdout:/usr/bin/ceph: stderr
2024-03-28T22:01:08.143+0000 7f5126284700 1 -- start start
2024-03-28T22:01:08.942 INFO:teuthology.orchestra.run.smithi016.stdout:/usr/bin/ceph: stderr
2024-03-28T22:01:08.143+0000 7f5126284700 1 --2- >> [v2:172.21.15.16:3300/0,v1:172.21.15.16:6789/0] conn(0x7f5120108900 0x7f512010acf0 unknown :-1 s=NONE pgs=0 cs=0 l=0 rev1=0 crypto rx=0 tx=0 comp rx=0 tx=0).connect
2024-03-28T22:01:08.942 INFO:teuthology.orchestra.run.smithi016.stdout:/usr/bin/ceph: stderr
2024-03-28T22:01:08.143+0000 7f5126284700 1 -- --> [v2:172.21.15.16:3300/0,v1:172.21.15.16:6789/0] -- mon_getmap magic: 0 -- 0x7f512007be70 con 0x7f5120108900
2024-03-28T22:01:08.942 INFO:teuthology.orchestra.run.smithi016.stdout:/usr/bin/ceph: stderr
2024-03-28T22:01:08.143+0000 7f511ffff700 1 --2- >> [v2:172.21.15.16:3300/0,v1:172.21.15.16:6789/0] conn(0x7f5120108900 0x7f512010acf0 unknown :-1 s=BANNER_CONNECTING pgs=0 cs=0 l=0 rev1=0 crypto rx=0 tx=0 comp rx=0 tx=0)._handle_peer_banner_payload supported=3 required=0
2024-03-28T22:01:08.942 INFO:teuthology.orchestra.run.smithi016.stdout:/usr/bin/ceph: stderr
2024-03-28T22:01:08.143+0000 7f511ffff700 1 --2- >> [v2:172.21.15.16:3300/0,v1:172.21.15.16:6789/0] conn(0x7f5120108900 0x7f512010acf0 unknown :-1 s=HELLO_CONNECTING pgs=0 cs=0 l=0 rev1=1 crypto rx=0 tx=0 comp rx=0 tx=0).handle_hello peer v2:172.21.15.16:3300/0 says I am v2:172.21.15.16:57806/0 (socket says 172.21.15.16:57806)
2024-03-28T22:01:08.942 INFO:teuthology.orchestra.run.smithi016.stdout:/usr/bin/ceph: stderr
2024-03-28T22:01:08.143+0000 7f511ffff700 1 -- 172.21.15.16:0/1657746740 learned_addr learned my addr 172.21.15.16:0/1657746740 (peer_addr_for_me v2:172.21.15.16:0/0)
2024-03-28T22:01:08.942 INFO:teuthology.orchestra.run.smithi016.stdout:/usr/bin/ceph: stderr
2024-03-28T22:01:08.143+0000 7f511ffff700 1 -- 172.21.15.16:0/1657746740 --> [v2:172.21.15.16:3300/0,v1:172.21.15.16:6789/0] -- mon_subscribe({config=0+,monmap=0+}) -- 0x7f512010b230 con 0x7f5120108900
2024-03-28T22:01:08.942 INFO:teuthology.orchestra.run.smithi016.stdout:/usr/bin/ceph: stderr
2024-03-28T22:01:08.144+0000 7f511ffff700 1 --2- 172.21.15.16:0/1657746740 >> [v2:172.21.15.16:3300/0,v1:172.21.15.16:6789/0] conn(0x7f5120108900 0x7f512010acf0 secure :-1 s=READY pgs=43 cs=0 l=1 rev1=1 crypto rx=0x7f51100098a0 tx=0x7f5110009bb0 comp rx=0 tx=0).ready entity=mon.0 client_cookie=60b43aad2e212872 server_cookie=0 in_seq=0 out_seq=0
2024-03-28T22:01:08.942 INFO:teuthology.orchestra.run.smithi016.stdout:/usr/bin/ceph: stderr
2024-03-28T22:01:08.144+0000 7f511effd700 1 -- 172.21.15.16:0/1657746740 <== mon.0 v2:172.21.15.16:3300/0 1 ==== mon_map magic: 0 ==== 205+0+0 (secure 0 0 0) 0x7f5110004160 con 0x7f5120108900
2024-03-28T22:01:08.942 INFO:teuthology.orchestra.run.smithi016.stdout:/usr/bin/ceph: stderr
2024-03-28T22:01:08.144+0000 7f511effd700 1 -- 172.21.15.16:0/1657746740 <== mon.0 v2:172.21.15.16:3300/0 2 ==== config(27 keys) ==== 1109+0+0 (secure 0 0 0) 0x7f5110004300 con 0x7f5120108900
2024-03-28T22:01:08.942 INFO:teuthology.orchestra.run.smithi016.stdout:/usr/bin/ceph: stderr
2024-03-28T22:01:08.144+0000 7f511effd700 1 -- 172.21.15.16:0/1657746740 <== mon.0 v2:172.21.15.16:3300/0 3 ==== mon_map magic: 0 ==== 205+0+0 (secure 0 0 0) 0x7f5110011b50 con 0x7f5120108900
2024-03-28T22:01:08.942 INFO:teuthology.orchestra.run.smithi016.stdout:/usr/bin/ceph: stderr
2024-03-28T22:01:08.144+0000 7f5126284700 1 -- 172.21.15.16:0/1657746740 >> [v2:172.21.15.16:3300/0,v1:172.21.15.16:6789/0] conn(0x7f5120108900 msgr2=0x7f512010acf0 secure :-1 s=STATE_CONNECTION_ESTABLISHED l=1).mark_down
2024-03-28T22:01:08.942 INFO:teuthology.orchestra.run.smithi016.stdout:/usr/bin/ceph: stderr
2024-03-28T22:01:08.144+0000 7f5126284700 1 --2- 172.21.15.16:0/1657746740 >> [v2:172.21.15.16:3300/0,v1:172.21.15.16:6789/0] conn(0x7f5120108900 0x7f512010acf0 secure :-1 s=READY pgs=43 cs=0 l=1 rev1=1 crypto rx=0x7f51100098a0 tx=0x7f5110009bb0 comp rx=0 tx=0).stop
2024-03-28T22:01:08.943 INFO:teuthology.orchestra.run.smithi016.stdout:/usr/bin/ceph: stderr
2024-03-28T22:01:08.144+0000 7f5126284700 1 -- 172.21.15.16:0/1657746740 shutdown_connections
2024-03-28T22:01:08.943 INFO:teuthology.orchestra.run.smithi016.stdout:/usr/bin/ceph: stderr
2024-03-28T22:01:08.144+0000 7f5126284700 1 --2- 172.21.15.16:0/1657746740 >> [v2:172.21.15.16:3300/0,v1:172.21.15.16:6789/0] conn(0x7f5120108900 0x7f512010acf0 unknown :-1 s=CLOSED pgs=43 cs=0 l=1 rev1=1 crypto rx=0 tx=0 comp rx=0 tx=0).stop
2024-03-28T22:01:08.943 INFO:teuthology.orchestra.run.smithi016.stdout:/usr/bin/ceph: stderr
2024-03-28T22:01:08.144+0000 7f5126284700 1 -- 172.21.15.16:0/1657746740 >> 172.21.15.16:0/1657746740 conn(0x7f5120102310 msgr2=0x7f5120104750 unknown :-1 s=STATE_NONE l=0).mark_down
2024-03-28T22:01:08.943 INFO:teuthology.orchestra.run.smithi016.stdout:/usr/bin/ceph: stderr
2024-03-28T22:01:08.145+0000 7f5126284700 1 -- 172.21.15.16:0/1657746740 shutdown_connections
2024-03-28T22:01:08.943 INFO:teuthology.orchestra.run.smithi016.stdout:/usr/bin/ceph: stderr
2024-03-28T22:01:08.145+0000 7f5126284700 1 -- 172.21.15.16:0/1657746740 wait complete.
2024-03-28T22:01:08.943 INFO:teuthology.orchestra.run.smithi016.stdout:/usr/bin/ceph: stderr
2024-03-28T22:01:08.145+0000 7f5126284700 1 Processor -- start
2024-03-28T22:01:08.943 INFO:teuthology.orchestra.run.smithi016.stdout:/usr/bin/ceph: stderr
2024-03-28T22:01:08.145+0000 7f5126284700 1 -- start start
2024-03-28T22:01:08.943 INFO:teuthology.orchestra.run.smithi016.stdout:/usr/bin/ceph: stderr
2024-03-28T22:01:08.145+0000 7f5126284700 1 --2- >> [v2:172.21.15.16:3300/0,v1:172.21.15.16:6789/0] conn(0x7f5120108900 0x7f512019bd60 unknown :-1 s=NONE pgs=0 cs=0 l=1 rev1=0 crypto rx=0 tx=0 comp rx=0 tx=0).connect
2024-03-28T22:01:08.943 INFO:teuthology.orchestra.run.smithi016.stdout:/usr/bin/ceph: stderr
2024-03-28T22:01:08.145+0000 7f5126284700 1 -- --> [v2:172.21.15.16:3300/0,v1:172.21.15.16:6789/0] -- mon_getmap magic: 0 -- 0x7f512010c1e0 con 0x7f5120108900
2024-03-28T22:01:08.943 INFO:teuthology.orchestra.run.smithi016.stdout:/usr/bin/ceph: stderr
2024-03-28T22:01:08.146+0000 7f511ffff700 1 --2- >> [v2:172.21.15.16:3300/0,v1:172.21.15.16:6789/0] conn(0x7f5120108900 0x7f512019bd60 unknown :-1 s=BANNER_CONNECTING pgs=0 cs=0 l=1 rev1=0 crypto rx=0 tx=0 comp rx=0 tx=0)._handle_peer_banner_payload supported=3 required=0
2024-03-28T22:01:08.943 INFO:teuthology.orchestra.run.smithi016.stdout:/usr/bin/ceph: stderr
2024-03-28T22:01:08.146+0000 7f511ffff700 1 --2- >> [v2:172.21.15.16:3300/0,v1:172.21.15.16:6789/0] conn(0x7f5120108900 0x7f512019bd60 unknown :-1 s=HELLO_CONNECTING pgs=0 cs=0 l=1 rev1=1 crypto rx=0 tx=0 comp rx=0 tx=0).handle_hello peer v2:172.21.15.16:3300/0 says I am v2:172.21.15.16:57808/0 (socket says 172.21.15.16:57808)
2024-03-28T22:01:08.943 INFO:teuthology.orchestra.run.smithi016.stdout:/usr/bin/ceph: stderr
2024-03-28T22:01:08.146+0000 7f511ffff700 1 -- 172.21.15.16:0/561322471 learned_addr learned my addr 172.21.15.16:0/561322471 (peer_addr_for_me v2:172.21.15.16:0/0)
2024-03-28T22:01:08.943 INFO:teuthology.orchestra.run.smithi016.stdout:/usr/bin/ceph: stderr
2024-03-28T22:01:08.146+0000 7f511ffff700 1 -- 172.21.15.16:0/561322471 --> [v2:172.21.15.16:3300/0,v1:172.21.15.16:6789/0] -- mon_subscribe({config=0+,monmap=0+}) -- 0x7f512019c2a0 con 0x7f5120108900
2024-03-28T22:01:08.943 INFO:teuthology.orchestra.run.smithi016.stdout:/usr/bin/ceph: stderr
2024-03-28T22:01:08.146+0000 7f511ffff700 1 --2- 172.21.15.16:0/561322471 >> [v2:172.21.15.16:3300/0,v1:172.21.15.16:6789/0] conn(0x7f5120108900 0x7f512019bd60 secure :-1 s=READY pgs=44 cs=0 l=1 rev1=1 crypto rx=0x7f5110011b60 tx=0x7f5110011c40 comp rx=0 tx=0).ready entity=mon.0 client_cookie=0 server_cookie=0 in_seq=0 out_seq=0
2024-03-28T22:01:08.944 INFO:teuthology.orchestra.run.smithi016.stdout:/usr/bin/ceph: stderr
2024-03-28T22:01:08.146+0000 7f511d7fa700 1 -- 172.21.15.16:0/561322471 <== mon.0 v2:172.21.15.16:3300/0 1 ==== mon_map magic: 0 ==== 205+0+0 (secure 0 0 0) 0x7f5110003b20 con 0x7f5120108900
2024-03-28T22:01:08.944 INFO:teuthology.orchestra.run.smithi016.stdout:/usr/bin/ceph: stderr
2024-03-28T22:01:08.146+0000 7f511d7fa700 1 -- 172.21.15.16:0/561322471 <== mon.0 v2:172.21.15.16:3300/0 2 ==== config(27 keys) ==== 1109+0+0 (secure 0 0 0) 0x7f5110003cc0 con 0x7f5120108900
2024-03-28T22:01:08.944 INFO:teuthology.orchestra.run.smithi016.stdout:/usr/bin/ceph: stderr
2024-03-28T22:01:08.146+0000 7f5126284700 1 -- 172.21.15.16:0/561322471 --> [v2:172.21.15.16:3300/0,v1:172.21.15.16:6789/0] -- mon_subscribe({mgrmap=0+}) -- 0x7f512019c590 con 0x7f5120108900
2024-03-28T22:01:08.944 INFO:teuthology.orchestra.run.smithi016.stdout:/usr/bin/ceph: stderr
2024-03-28T22:01:08.146+0000 7f511d7fa700 1 -- 172.21.15.16:0/561322471 <== mon.0 v2:172.21.15.16:3300/0 3 ==== mon_map magic: 0 ==== 205+0+0 (secure 0 0 0) 0x7f5110024840 con 0x7f5120108900
2024-03-28T22:01:08.944 INFO:teuthology.orchestra.run.smithi016.stdout:/usr/bin/ceph: stderr
2024-03-28T22:01:08.146+0000 7f5126284700 1 -- 172.21.15.16:0/561322471 --> [v2:172.21.15.16:3300/0,v1:172.21.15.16:6789/0] -- mon_subscribe({osdmap=0}) -- 0x7f512019f220 con 0x7f5120108900
2024-03-28T22:01:08.944 INFO:teuthology.orchestra.run.smithi016.stdout:/usr/bin/ceph: stderr
2024-03-28T22:01:08.147+0000 7f511d7fa700 1 -- 172.21.15.16:0/561322471 <== mon.0 v2:172.21.15.16:3300/0 4 ==== mgrmap(e 8) ==== 45928+0+0 (secure 0 0 0) 0x7f5110022020 con 0x7f5120108900
2024-03-28T22:01:08.944 INFO:teuthology.orchestra.run.smithi016.stdout:/usr/bin/ceph: stderr
2024-03-28T22:01:08.147+0000 7f511d7fa700 1 --2- 172.21.15.16:0/561322471 >> [v2:172.21.15.16:6800/1832422779,v1:172.21.15.16:6801/1832422779] conn(0x7f5108038bf0 0x7f510803b0b0 unknown :-1 s=NONE pgs=0 cs=0 l=1 rev1=0 crypto rx=0 tx=0 comp rx=0 tx=0).connect
2024-03-28T22:01:08.944 INFO:teuthology.orchestra.run.smithi016.stdout:/usr/bin/ceph: stderr
2024-03-28T22:01:08.147+0000 7f511d7fa700 1 -- 172.21.15.16:0/561322471 <== mon.0 v2:172.21.15.16:3300/0 5 ==== osd_map(2..2 src has 1..2) ==== 940+0+0 (secure 0 0 0) 0x7f5110011e00 con 0x7f5120108900
2024-03-28T22:01:08.944 INFO:teuthology.orchestra.run.smithi016.stdout:/usr/bin/ceph: stderr
2024-03-28T22:01:08.147+0000 7f5126284700 1 -- 172.21.15.16:0/561322471 --> [v2:172.21.15.16:3300/0,v1:172.21.15.16:6789/0] -- mon_command({"prefix": "get_command_descriptions"} v 0) -- 0x7f5120063870 con 0x7f5120108900
2024-03-28T22:01:08.944 INFO:teuthology.orchestra.run.smithi016.stdout:/usr/bin/ceph: stderr
2024-03-28T22:01:08.148+0000 7f511f7fe700 1 --2- 172.21.15.16:0/561322471 >> [v2:172.21.15.16:6800/1832422779,v1:172.21.15.16:6801/1832422779] conn(0x7f5108038bf0 0x7f510803b0b0 unknown :-1 s=BANNER_CONNECTING pgs=0 cs=0 l=1 rev1=0 crypto rx=0 tx=0 comp rx=0 tx=0)._handle_peer_banner_payload supported=3 required=0
2024-03-28T22:01:08.944 INFO:teuthology.orchestra.run.smithi016.stdout:/usr/bin/ceph: stderr
2024-03-28T22:01:08.148+0000 7f511f7fe700 1 --2- 172.21.15.16:0/561322471 >> [v2:172.21.15.16:6800/1832422779,v1:172.21.15.16:6801/1832422779] conn(0x7f5108038bf0 0x7f510803b0b0 secure :-1 s=READY pgs=10 cs=0 l=1 rev1=1 crypto rx=0x7f5114006fd0 tx=0x7f5114006e40 comp rx=0 tx=0).ready entity=mgr.14120 client_cookie=0 server_cookie=0 in_seq=0 out_seq=0
2024-03-28T22:01:08.944 INFO:teuthology.orchestra.run.smithi016.stdout:/usr/bin/ceph: stderr
2024-03-28T22:01:08.153+0000 7f511d7fa700 1 -- 172.21.15.16:0/561322471 <== mon.0 v2:172.21.15.16:3300/0 6 ==== mon_command_ack([{"prefix": "get_command_descriptions"}]=0 v0) ==== 72+0+184932 (secure 0 0 0) 0x7f511004c630 con 0x7f5120108900
2024-03-28T22:01:08.944 INFO:teuthology.orchestra.run.smithi016.stdout:/usr/bin/ceph: stderr
2024-03-28T22:01:08.357+0000 7f5126284700 1 -- 172.21.15.16:0/561322471 --> [v2:172.21.15.16:6800/1832422779,v1:172.21.15.16:6801/1832422779] -- mgr_command(tid 0: {"prefix": "cephadm get-pub-key", "target": ["mon-mgr", ""]}) -- 0x7f5120103540 con 0x7f5108038bf0
2024-03-28T22:01:08.944 INFO:teuthology.orchestra.run.smithi016.stdout:/usr/bin/ceph: stderr
2024-03-28T22:01:08.358+0000 7f511d7fa700 1 -- 172.21.15.16:0/561322471 <== mgr.14120 v2:172.21.15.16:6800/1832422779 1 ==== mgr_command_reply(tid 0: 0 ) ==== 8+0+595 (secure 0 0 0) 0x7f5120103540 con 0x7f5108038bf0
2024-03-28T22:01:08.944 INFO:teuthology.orchestra.run.smithi016.stdout:/usr/bin/ceph: stderr
2024-03-28T22:01:08.361+0000 7f5126284700 1 -- 172.21.15.16:0/561322471 >> [v2:172.21.15.16:6800/1832422779,v1:172.21.15.16:6801/1832422779] conn(0x7f5108038bf0 msgr2=0x7f510803b0b0 secure :-1 s=STATE_CONNECTION_ESTABLISHED l=1).mark_down
2024-03-28T22:01:08.945 INFO:teuthology.orchestra.run.smithi016.stdout:/usr/bin/ceph: stderr
2024-03-28T22:01:08.361+0000 7f5126284700 1 --2- 172.21.15.16:0/561322471 >> [v2:172.21.15.16:6800/1832422779,v1:172.21.15.16:6801/1832422779] conn(0x7f5108038bf0 0x7f510803b0b0 secure :-1 s=READY pgs=10 cs=0 l=1 rev1=1 crypto rx=0x7f5114006fd0 tx=0x7f5114006e40 comp rx=0 tx=0).stop
2024-03-28T22:01:08.945 INFO:teuthology.orchestra.run.smithi016.stdout:/usr/bin/ceph: stderr
2024-03-28T22:01:08.361+0000 7f5126284700 1 -- 172.21.15.16:0/561322471 >> [v2:172.21.15.16:3300/0,v1:172.21.15.16:6789/0] conn(0x7f5120108900 msgr2=0x7f512019bd60 secure :-1 s=STATE_CONNECTION_ESTABLISHED l=1).mark_down
2024-03-28T22:01:08.945 INFO:teuthology.orchestra.run.smithi016.stdout:/usr/bin/ceph: stderr
2024-03-28T22:01:08.361+0000 7f5126284700 1 --2- 172.21.15.16:0/561322471 >> [v2:172.21.15.16:3300/0,v1:172.21.15.16:6789/0] conn(0x7f5120108900 0x7f512019bd60 secure :-1 s=READY pgs=44 cs=0 l=1 rev1=1 crypto rx=0x7f5110011b60 tx=0x7f5110011c40 comp rx=0 tx=0).stop
2024-03-28T22:01:08.945 INFO:teuthology.orchestra.run.smithi016.stdout:/usr/bin/ceph: stderr
2024-03-28T22:01:08.361+0000 7f5126284700 1 -- 172.21.15.16:0/561322471 shutdown_connections
2024-03-28T22:01:08.945 INFO:teuthology.orchestra.run.smithi016.stdout:/usr/bin/ceph: stderr
2024-03-28T22:01:08.361+0000 7f5126284700 1 --2- 172.21.15.16:0/561322471 >> [v2:172.21.15.16:6800/1832422779,v1:172.21.15.16:6801/1832422779] conn(0x7f5108038bf0 0x7f510803b0b0 unknown :-1 s=CLOSED pgs=10 cs=0 l=1 rev1=1 crypto rx=0 tx=0 comp rx=0 tx=0).stop
2024-03-28T22:01:08.945 INFO:teuthology.orchestra.run.smithi016.stdout:/usr/bin/ceph: stderr
2024-03-28T22:01:08.361+0000 7f5126284700 1 --2- 172.21.15.16:0/561322471 >> [v2:172.21.15.16:3300/0,v1:172.21.15.16:6789/0] conn(0x7f5120108900 0x7f512019bd60 unknown :-1 s=CLOSED pgs=44 cs=0 l=1 rev1=1 crypto rx=0 tx=0 comp rx=0 tx=0).stop
2024-03-28T22:01:08.945 INFO:teuthology.orchestra.run.smithi016.stdout:/usr/bin/ceph: stderr
2024-03-28T22:01:08.361+0000 7f5126284700 1 -- 172.21.15.16:0/561322471 >> 172.21.15.16:0/561322471 conn(0x7f5120102310 msgr2=0x7f5120102e30 unknown :-1 s=STATE_NONE l=0).mark_down
2024-03-28T22:01:08.945 INFO:teuthology.orchestra.run.smithi016.stdout:/usr/bin/ceph: stderr
2024-03-28T22:01:08.361+0000 7f5126284700 1 -- 172.21.15.16:0/561322471 shutdown_connections
2024-03-28T22:01:08.945 INFO:teuthology.orchestra.run.smithi016.stdout:/usr/bin/ceph: stderr
2024-03-28T22:01:08.361+0000 7f5126284700 1 -- 172.21.15.16:0/561322471 wait complete.
2024-03-28T22:01:08.945 INFO:teuthology.orchestra.run.smithi016.stdout:Wrote public SSH key to /home/ubuntu/cephtest/ceph.pub
2024-03-28T22:01:08.945 INFO:teuthology.orchestra.run.smithi016.stdout:Adding key to root@localhost authorized_keys...
2024-03-28T22:01:08.945 INFO:teuthology.orchestra.run.smithi016.stdout:Adding host smithi016...
2024-03-28T22:01:09.711 INFO:journalctl@ceph.mon.a.smithi016.stdout:Mar 28 22:01:09 smithi016 ceph-mon[32374]: from='client.14138 -' entity='client.admin' cmd=[{"prefix": "cephadm get-pub-key", "target": ["mon-mgr", ""]}]: dispatch
2024-03-28T22:01:10.936 INFO:journalctl@ceph.mon.a.smithi016.stdout:Mar 28 22:01:10 smithi016 ceph-mon[32374]: from='client.14140 -' entity='client.admin' cmd=[{"prefix": "orch host add", "hostname": "smithi016", "addr": "172.21.15.16", "target": ["mon-mgr", ""]}]: dispatch
2024-03-28T22:01:10.936 INFO:journalctl@ceph.mon.a.smithi016.stdout:Mar 28 22:01:10 smithi016 ceph-mon[32374]: Deploying cephadm binary to smithi016
2024-03-28T22:01:14.432 INFO:teuthology.orchestra.run.smithi016.stdout:/usr/bin/ceph: stdout Added host 'smithi016' with addr '172.21.15.16'
2024-03-28T22:01:14.432 INFO:teuthology.orchestra.run.smithi016.stdout:/usr/bin/ceph: stderr
2024-03-28T22:01:09.348+0000 7f9aae3f3700 1 Processor -- start
2024-03-28T22:01:14.432 INFO:teuthology.orchestra.run.smithi016.stdout:/usr/bin/ceph: stderr
2024-03-28T22:01:09.348+0000 7f9aae3f3700 1 -- start start
2024-03-28T22:01:14.432 INFO:teuthology.orchestra.run.smithi016.stdout:/usr/bin/ceph: stderr
2024-03-28T22:01:09.348+0000 7f9aae3f3700 1 --2- >> [v2:172.21.15.16:3300/0,v1:172.21.15.16:6789/0] conn(0x7f9aa807ddc0 0x7f9aa807c2c0 unknown :-1 s=NONE pgs=0 cs=0 l=0 rev1=0 crypto rx=0 tx=0 comp rx=0 tx=0).connect
2024-03-28T22:01:14.432 INFO:teuthology.orchestra.run.smithi016.stdout:/usr/bin/ceph: stderr
2024-03-28T22:01:09.348+0000 7f9aae3f3700 1 -- --> [v2:172.21.15.16:3300/0,v1:172.21.15.16:6789/0] -- mon_getmap magic: 0 -- 0x7f9aa807c800 con 0x7f9aa807ddc0
2024-03-28T22:01:14.432 INFO:teuthology.orchestra.run.smithi016.stdout:/usr/bin/ceph: stderr
2024-03-28T22:01:09.349+0000 7f9aa7fff700 1 --2- >> [v2:172.21.15.16:3300/0,v1:172.21.15.16:6789/0] conn(0x7f9aa807ddc0 0x7f9aa807c2c0 unknown :-1 s=BANNER_CONNECTING pgs=0 cs=0 l=0 rev1=0 crypto rx=0 tx=0 comp rx=0 tx=0)._handle_peer_banner_payload supported=3 required=0
2024-03-28T22:01:14.433 INFO:teuthology.orchestra.run.smithi016.stdout:/usr/bin/ceph: stderr
2024-03-28T22:01:09.349+0000 7f9aa7fff700 1 --2- >> [v2:172.21.15.16:3300/0,v1:172.21.15.16:6789/0] conn(0x7f9aa807ddc0 0x7f9aa807c2c0 unknown :-1 s=HELLO_CONNECTING pgs=0 cs=0 l=0 rev1=1 crypto rx=0 tx=0 comp rx=0 tx=0).handle_hello peer v2:172.21.15.16:3300/0 says I am v2:172.21.15.16:57820/0 (socket says 172.21.15.16:57820)
2024-03-28T22:01:14.433 INFO:teuthology.orchestra.run.smithi016.stdout:/usr/bin/ceph: stderr
2024-03-28T22:01:09.349+0000 7f9aa7fff700 1 -- 172.21.15.16:0/2719813740 learned_addr learned my addr 172.21.15.16:0/2719813740 (peer_addr_for_me v2:172.21.15.16:0/0)
2024-03-28T22:01:14.433 INFO:teuthology.orchestra.run.smithi016.stdout:/usr/bin/ceph: stderr
2024-03-28T22:01:09.349+0000 7f9aa7fff700 1 -- 172.21.15.16:0/2719813740 --> [v2:172.21.15.16:3300/0,v1:172.21.15.16:6789/0] -- mon_subscribe({config=0+,monmap=0+}) -- 0x7f9aa807c980 con 0x7f9aa807ddc0
2024-03-28T22:01:14.433 INFO:teuthology.orchestra.run.smithi016.stdout:/usr/bin/ceph: stderr
2024-03-28T22:01:09.349+0000 7f9aa7fff700 1 --2- 172.21.15.16:0/2719813740 >> [v2:172.21.15.16:3300/0,v1:172.21.15.16:6789/0] conn(0x7f9aa807ddc0 0x7f9aa807c2c0 secure :-1 s=READY pgs=45 cs=0 l=1 rev1=1 crypto rx=0x7f9a900098a0 tx=0x7f9a90009bb0 comp rx=0 tx=0).ready entity=mon.0 client_cookie=d7763db9c9c77344 server_cookie=0 in_seq=0 out_seq=0
2024-03-28T22:01:14.433 INFO:teuthology.orchestra.run.smithi016.stdout:/usr/bin/ceph: stderr
2024-03-28T22:01:09.349+0000 7f9aa6ffd700 1 -- 172.21.15.16:0/2719813740 <== mon.0 v2:172.21.15.16:3300/0 1 ==== mon_map magic: 0 ==== 205+0+0 (secure 0 0 0) 0x7f9a90004160 con 0x7f9aa807ddc0
2024-03-28T22:01:14.433 INFO:teuthology.orchestra.run.smithi016.stdout:/usr/bin/ceph: stderr
2024-03-28T22:01:09.349+0000 7f9aa6ffd700 1 -- 172.21.15.16:0/2719813740 <== mon.0 v2:172.21.15.16:3300/0 2 ==== config(27 keys) ==== 1109+0+0 (secure 0 0 0) 0x7f9a90004300 con 0x7f9aa807ddc0
2024-03-28T22:01:14.433 INFO:teuthology.orchestra.run.smithi016.stdout:/usr/bin/ceph: stderr
2024-03-28T22:01:09.349+0000 7f9aa6ffd700 1 -- 172.21.15.16:0/2719813740 <== mon.0 v2:172.21.15.16:3300/0 3 ==== mon_map magic: 0 ==== 205+0+0 (secure 0 0 0) 0x7f9a90011b50 con 0x7f9aa807ddc0
2024-03-28T22:01:14.433 INFO:teuthology.orchestra.run.smithi016.stdout:/usr/bin/ceph: stderr
2024-03-28T22:01:09.350+0000 7f9aae3f3700 1 -- 172.21.15.16:0/2719813740 >> [v2:172.21.15.16:3300/0,v1:172.21.15.16:6789/0] conn(0x7f9aa807ddc0 msgr2=0x7f9aa807c2c0 secure :-1 s=STATE_CONNECTION_ESTABLISHED l=1).mark_down
2024-03-28T22:01:14.433 INFO:teuthology.orchestra.run.smithi016.stdout:/usr/bin/ceph: stderr
2024-03-28T22:01:09.350+0000 7f9aae3f3700 1 --2- 172.21.15.16:0/2719813740 >> [v2:172.21.15.16:3300/0,v1:172.21.15.16:6789/0] conn(0x7f9aa807ddc0 0x7f9aa807c2c0 secure :-1 s=READY pgs=45 cs=0 l=1 rev1=1 crypto rx=0x7f9a900098a0 tx=0x7f9a90009bb0 comp rx=0 tx=0).stop
2024-03-28T22:01:14.433 INFO:teuthology.orchestra.run.smithi016.stdout:/usr/bin/ceph: stderr
