2024-03-28T22:01:09.350+0000 7f9aae3f3700 1 -- 172.21.15.16:0/2719813740 shutdown_connections
2024-03-28T22:01:14.433 INFO:teuthology.orchestra.run.smithi016.stdout:/usr/bin/ceph: stderr
2024-03-28T22:01:09.350+0000 7f9aae3f3700 1 --2- 172.21.15.16:0/2719813740 >> [v2:172.21.15.16:3300/0,v1:172.21.15.16:6789/0] conn(0x7f9aa807ddc0 0x7f9aa807c2c0 unknown :-1 s=CLOSED pgs=45 cs=0 l=1 rev1=1 crypto rx=0 tx=0 comp rx=0 tx=0).stop
2024-03-28T22:01:14.433 INFO:teuthology.orchestra.run.smithi016.stdout:/usr/bin/ceph: stderr
2024-03-28T22:01:09.350+0000 7f9aae3f3700 1 -- 172.21.15.16:0/2719813740 >> 172.21.15.16:0/2719813740 conn(0x7f9aa81034a0 msgr2=0x7f9aa8105900 unknown :-1 s=STATE_NONE l=0).mark_down
2024-03-28T22:01:14.433 INFO:teuthology.orchestra.run.smithi016.stdout:/usr/bin/ceph: stderr
2024-03-28T22:01:09.350+0000 7f9aae3f3700 1 -- 172.21.15.16:0/2719813740 shutdown_connections
2024-03-28T22:01:14.434 INFO:teuthology.orchestra.run.smithi016.stdout:/usr/bin/ceph: stderr
2024-03-28T22:01:09.350+0000 7f9aae3f3700 1 -- 172.21.15.16:0/2719813740 wait complete.
2024-03-28T22:01:14.434 INFO:teuthology.orchestra.run.smithi016.stdout:/usr/bin/ceph: stderr
2024-03-28T22:01:09.351+0000 7f9aae3f3700 1 Processor -- start
2024-03-28T22:01:14.434 INFO:teuthology.orchestra.run.smithi016.stdout:/usr/bin/ceph: stderr
2024-03-28T22:01:09.351+0000 7f9aae3f3700 1 -- start start
2024-03-28T22:01:14.434 INFO:teuthology.orchestra.run.smithi016.stdout:/usr/bin/ceph: stderr
2024-03-28T22:01:09.351+0000 7f9aae3f3700 1 --2- >> [v2:172.21.15.16:3300/0,v1:172.21.15.16:6789/0] conn(0x7f9aa807ddc0 0x7f9aa819e000 unknown :-1 s=NONE pgs=0 cs=0 l=1 rev1=0 crypto rx=0 tx=0 comp rx=0 tx=0).connect
2024-03-28T22:01:14.434 INFO:teuthology.orchestra.run.smithi016.stdout:/usr/bin/ceph: stderr
2024-03-28T22:01:09.351+0000 7f9aae3f3700 1 -- --> [v2:172.21.15.16:3300/0,v1:172.21.15.16:6789/0] -- mon_getmap magic: 0 -- 0x7f9aa810e490 con 0x7f9aa807ddc0
2024-03-28T22:01:14.434 INFO:teuthology.orchestra.run.smithi016.stdout:/usr/bin/ceph: stderr
2024-03-28T22:01:09.351+0000 7f9aa7fff700 1 --2- >> [v2:172.21.15.16:3300/0,v1:172.21.15.16:6789/0] conn(0x7f9aa807ddc0 0x7f9aa819e000 unknown :-1 s=BANNER_CONNECTING pgs=0 cs=0 l=1 rev1=0 crypto rx=0 tx=0 comp rx=0 tx=0)._handle_peer_banner_payload supported=3 required=0
2024-03-28T22:01:14.434 INFO:teuthology.orchestra.run.smithi016.stdout:/usr/bin/ceph: stderr
2024-03-28T22:01:09.351+0000 7f9aa7fff700 1 --2- >> [v2:172.21.15.16:3300/0,v1:172.21.15.16:6789/0] conn(0x7f9aa807ddc0 0x7f9aa819e000 unknown :-1 s=HELLO_CONNECTING pgs=0 cs=0 l=1 rev1=1 crypto rx=0 tx=0 comp rx=0 tx=0).handle_hello peer v2:172.21.15.16:3300/0 says I am v2:172.21.15.16:57828/0 (socket says 172.21.15.16:57828)
2024-03-28T22:01:14.434 INFO:teuthology.orchestra.run.smithi016.stdout:/usr/bin/ceph: stderr
2024-03-28T22:01:09.351+0000 7f9aa7fff700 1 -- 172.21.15.16:0/549572134 learned_addr learned my addr 172.21.15.16:0/549572134 (peer_addr_for_me v2:172.21.15.16:0/0)
2024-03-28T22:01:14.434 INFO:teuthology.orchestra.run.smithi016.stdout:/usr/bin/ceph: stderr
2024-03-28T22:01:09.351+0000 7f9aa7fff700 1 -- 172.21.15.16:0/549572134 --> [v2:172.21.15.16:3300/0,v1:172.21.15.16:6789/0] -- mon_subscribe({config=0+,monmap=0+}) -- 0x7f9aa819e540 con 0x7f9aa807ddc0
2024-03-28T22:01:14.434 INFO:teuthology.orchestra.run.smithi016.stdout:/usr/bin/ceph: stderr
2024-03-28T22:01:09.351+0000 7f9aa7fff700 1 --2- 172.21.15.16:0/549572134 >> [v2:172.21.15.16:3300/0,v1:172.21.15.16:6789/0] conn(0x7f9aa807ddc0 0x7f9aa819e000 secure :-1 s=READY pgs=46 cs=0 l=1 rev1=1 crypto rx=0x7f9a90011670 tx=0x7f9a90011b60 comp rx=0 tx=0).ready entity=mon.0 client_cookie=0 server_cookie=0 in_seq=0 out_seq=0
2024-03-28T22:01:14.434 INFO:teuthology.orchestra.run.smithi016.stdout:/usr/bin/ceph: stderr
2024-03-28T22:01:09.352+0000 7f9aa57fa700 1 -- 172.21.15.16:0/549572134 <== mon.0 v2:172.21.15.16:3300/0 1 ==== mon_map magic: 0 ==== 205+0+0 (secure 0 0 0) 0x7f9a900039c0 con 0x7f9aa807ddc0
2024-03-28T22:01:14.434 INFO:teuthology.orchestra.run.smithi016.stdout:/usr/bin/ceph: stderr
2024-03-28T22:01:09.352+0000 7f9aa57fa700 1 -- 172.21.15.16:0/549572134 <== mon.0 v2:172.21.15.16:3300/0 2 ==== config(27 keys) ==== 1109+0+0 (secure 0 0 0) 0x7f9a90011e50 con 0x7f9aa807ddc0
2024-03-28T22:01:14.434 INFO:teuthology.orchestra.run.smithi016.stdout:/usr/bin/ceph: stderr
2024-03-28T22:01:09.352+0000 7f9aae3f3700 1 -- 172.21.15.16:0/549572134 --> [v2:172.21.15.16:3300/0,v1:172.21.15.16:6789/0] -- mon_subscribe({mgrmap=0+}) -- 0x7f9aa819e7d0 con 0x7f9aa807ddc0
2024-03-28T22:01:14.435 INFO:teuthology.orchestra.run.smithi016.stdout:/usr/bin/ceph: stderr
2024-03-28T22:01:09.352+0000 7f9aa57fa700 1 -- 172.21.15.16:0/549572134 <== mon.0 v2:172.21.15.16:3300/0 3 ==== mon_map magic: 0 ==== 205+0+0 (secure 0 0 0) 0x7f9a9001a5c0 con 0x7f9aa807ddc0
2024-03-28T22:01:14.435 INFO:teuthology.orchestra.run.smithi016.stdout:/usr/bin/ceph: stderr
2024-03-28T22:01:09.352+0000 7f9aae3f3700 1 -- 172.21.15.16:0/549572134 --> [v2:172.21.15.16:3300/0,v1:172.21.15.16:6789/0] -- mon_subscribe({osdmap=0}) -- 0x7f9aa81a14c0 con 0x7f9aa807ddc0
2024-03-28T22:01:14.435 INFO:teuthology.orchestra.run.smithi016.stdout:/usr/bin/ceph: stderr
2024-03-28T22:01:09.353+0000 7f9aa57fa700 1 -- 172.21.15.16:0/549572134 <== mon.0 v2:172.21.15.16:3300/0 4 ==== mgrmap(e 8) ==== 45928+0+0 (secure 0 0 0) 0x7f9a90024430 con 0x7f9aa807ddc0
2024-03-28T22:01:14.435 INFO:teuthology.orchestra.run.smithi016.stdout:/usr/bin/ceph: stderr
2024-03-28T22:01:09.353+0000 7f9aae3f3700 1 -- 172.21.15.16:0/549572134 --> [v2:172.21.15.16:3300/0,v1:172.21.15.16:6789/0] -- mon_command({"prefix": "get_command_descriptions"} v 0) -- 0x7f9aa8063870 con 0x7f9aa807ddc0
2024-03-28T22:01:14.435 INFO:teuthology.orchestra.run.smithi016.stdout:/usr/bin/ceph: stderr
2024-03-28T22:01:09.353+0000 7f9aa57fa700 1 --2- 172.21.15.16:0/549572134 >> [v2:172.21.15.16:6800/1832422779,v1:172.21.15.16:6801/1832422779] conn(0x7f9a94038b50 0x7f9a9403b010 unknown :-1 s=NONE pgs=0 cs=0 l=1 rev1=0 crypto rx=0 tx=0 comp rx=0 tx=0).connect
2024-03-28T22:01:14.435 INFO:teuthology.orchestra.run.smithi016.stdout:/usr/bin/ceph: stderr
2024-03-28T22:01:09.353+0000 7f9aa57fa700 1 -- 172.21.15.16:0/549572134 <== mon.0 v2:172.21.15.16:3300/0 5 ==== osd_map(2..2 src has 1..2) ==== 940+0+0 (secure 0 0 0) 0x7f9a9004ce50 con 0x7f9aa807ddc0
2024-03-28T22:01:14.435 INFO:teuthology.orchestra.run.smithi016.stdout:/usr/bin/ceph: stderr
2024-03-28T22:01:09.353+0000 7f9aa77fe700 1 --2- 172.21.15.16:0/549572134 >> [v2:172.21.15.16:6800/1832422779,v1:172.21.15.16:6801/1832422779] conn(0x7f9a94038b50 0x7f9a9403b010 unknown :-1 s=BANNER_CONNECTING pgs=0 cs=0 l=1 rev1=0 crypto rx=0 tx=0 comp rx=0 tx=0)._handle_peer_banner_payload supported=3 required=0
2024-03-28T22:01:14.435 INFO:teuthology.orchestra.run.smithi016.stdout:/usr/bin/ceph: stderr
2024-03-28T22:01:09.354+0000 7f9aa77fe700 1 --2- 172.21.15.16:0/549572134 >> [v2:172.21.15.16:6800/1832422779,v1:172.21.15.16:6801/1832422779] conn(0x7f9a94038b50 0x7f9a9403b010 secure :-1 s=READY pgs=11 cs=0 l=1 rev1=1 crypto rx=0x7f9a98006fd0 tx=0x7f9a98006e40 comp rx=0 tx=0).ready entity=mgr.14120 client_cookie=0 server_cookie=0 in_seq=0 out_seq=0
2024-03-28T22:01:14.435 INFO:teuthology.orchestra.run.smithi016.stdout:/usr/bin/ceph: stderr
2024-03-28T22:01:09.358+0000 7f9aa57fa700 1 -- 172.21.15.16:0/549572134 <== mon.0 v2:172.21.15.16:3300/0 6 ==== mon_command_ack([{"prefix": "get_command_descriptions"}]=0 v0) ==== 72+0+184932 (secure 0 0 0) 0x7f9a9004c7a0 con 0x7f9aa807ddc0
2024-03-28T22:01:14.435 INFO:teuthology.orchestra.run.smithi016.stdout:/usr/bin/ceph: stderr
2024-03-28T22:01:09.569+0000 7f9aae3f3700 1 -- 172.21.15.16:0/549572134 --> [v2:172.21.15.16:6800/1832422779,v1:172.21.15.16:6801/1832422779] -- mgr_command(tid 0: {"prefix": "orch host add", "hostname": "smithi016", "addr": "172.21.15.16", "target": ["mon-mgr", ""]}) -- 0x7f9aa81046f0 con 0x7f9a94038b50
2024-03-28T22:01:14.435 INFO:teuthology.orchestra.run.smithi016.stdout:/usr/bin/ceph: stderr
2024-03-28T22:01:13.901+0000 7f9aa57fa700 1 -- 172.21.15.16:0/549572134 <== mgr.14120 v2:172.21.15.16:6800/1832422779 1 ==== mgr_command_reply(tid 0: 0 ) ==== 8+0+48 (secure 0 0 0) 0x7f9aa81046f0 con 0x7f9a94038b50
2024-03-28T22:01:14.435 INFO:teuthology.orchestra.run.smithi016.stdout:/usr/bin/ceph: stderr
2024-03-28T22:01:13.904+0000 7f9aae3f3700 1 -- 172.21.15.16:0/549572134 >> [v2:172.21.15.16:6800/1832422779,v1:172.21.15.16:6801/1832422779] conn(0x7f9a94038b50 msgr2=0x7f9a9403b010 secure :-1 s=STATE_CONNECTION_ESTABLISHED l=1).mark_down
2024-03-28T22:01:14.436 INFO:teuthology.orchestra.run.smithi016.stdout:/usr/bin/ceph: stderr
2024-03-28T22:01:13.904+0000 7f9aae3f3700 1 --2- 172.21.15.16:0/549572134 >> [v2:172.21.15.16:6800/1832422779,v1:172.21.15.16:6801/1832422779] conn(0x7f9a94038b50 0x7f9a9403b010 secure :-1 s=READY pgs=11 cs=0 l=1 rev1=1 crypto rx=0x7f9a98006fd0 tx=0x7f9a98006e40 comp rx=0 tx=0).stop
2024-03-28T22:01:14.436 INFO:teuthology.orchestra.run.smithi016.stdout:/usr/bin/ceph: stderr
2024-03-28T22:01:13.904+0000 7f9aae3f3700 1 -- 172.21.15.16:0/549572134 >> [v2:172.21.15.16:3300/0,v1:172.21.15.16:6789/0] conn(0x7f9aa807ddc0 msgr2=0x7f9aa819e000 secure :-1 s=STATE_CONNECTION_ESTABLISHED l=1).mark_down
2024-03-28T22:01:14.436 INFO:teuthology.orchestra.run.smithi016.stdout:/usr/bin/ceph: stderr
2024-03-28T22:01:13.904+0000 7f9aae3f3700 1 --2- 172.21.15.16:0/549572134 >> [v2:172.21.15.16:3300/0,v1:172.21.15.16:6789/0] conn(0x7f9aa807ddc0 0x7f9aa819e000 secure :-1 s=READY pgs=46 cs=0 l=1 rev1=1 crypto rx=0x7f9a90011670 tx=0x7f9a90011b60 comp rx=0 tx=0).stop
2024-03-28T22:01:14.436 INFO:teuthology.orchestra.run.smithi016.stdout:/usr/bin/ceph: stderr
2024-03-28T22:01:13.904+0000 7f9aae3f3700 1 -- 172.21.15.16:0/549572134 shutdown_connections
2024-03-28T22:01:14.436 INFO:teuthology.orchestra.run.smithi016.stdout:/usr/bin/ceph: stderr
2024-03-28T22:01:13.904+0000 7f9aae3f3700 1 --2- 172.21.15.16:0/549572134 >> [v2:172.21.15.16:6800/1832422779,v1:172.21.15.16:6801/1832422779] conn(0x7f9a94038b50 0x7f9a9403b010 unknown :-1 s=CLOSED pgs=11 cs=0 l=1 rev1=1 crypto rx=0 tx=0 comp rx=0 tx=0).stop
2024-03-28T22:01:14.436 INFO:teuthology.orchestra.run.smithi016.stdout:/usr/bin/ceph: stderr
2024-03-28T22:01:13.904+0000 7f9aae3f3700 1 --2- 172.21.15.16:0/549572134 >> [v2:172.21.15.16:3300/0,v1:172.21.15.16:6789/0] conn(0x7f9aa807ddc0 0x7f9aa819e000 unknown :-1 s=CLOSED pgs=46 cs=0 l=1 rev1=1 crypto rx=0 tx=0 comp rx=0 tx=0).stop
2024-03-28T22:01:14.436 INFO:teuthology.orchestra.run.smithi016.stdout:/usr/bin/ceph: stderr
2024-03-28T22:01:13.904+0000 7f9aae3f3700 1 -- 172.21.15.16:0/549572134 >> 172.21.15.16:0/549572134 conn(0x7f9aa81034a0 msgr2=0x7f9aa8103fe0 unknown :-1 s=STATE_NONE l=0).mark_down
2024-03-28T22:01:14.436 INFO:teuthology.orchestra.run.smithi016.stdout:/usr/bin/ceph: stderr
2024-03-28T22:01:13.905+0000 7f9aae3f3700 1 -- 172.21.15.16:0/549572134 shutdown_connections
2024-03-28T22:01:14.436 INFO:teuthology.orchestra.run.smithi016.stdout:/usr/bin/ceph: stderr
2024-03-28T22:01:13.905+0000 7f9aae3f3700 1 -- 172.21.15.16:0/549572134 wait complete.
2024-03-28T22:01:14.436 INFO:teuthology.orchestra.run.smithi016.stdout:Deploying unmanaged mon service...
2024-03-28T22:01:15.052 INFO:journalctl@ceph.mon.a.smithi016.stdout:Mar 28 22:01:14 smithi016 ceph-mon[32374]: from='mgr.14120 172.21.15.16:0/3672307959' entity='mgr.x'
2024-03-28T22:01:15.052 INFO:journalctl@ceph.mon.a.smithi016.stdout:Mar 28 22:01:14 smithi016 ceph-mon[32374]: Added host smithi016
2024-03-28T22:01:15.052 INFO:journalctl@ceph.mon.a.smithi016.stdout:Mar 28 22:01:14 smithi016 ceph-mon[32374]: from='mgr.14120 172.21.15.16:0/3672307959' entity='mgr.x' cmd=[{"prefix": "config dump", "format": "json"}]: dispatch
2024-03-28T22:01:15.667 INFO:teuthology.orchestra.run.smithi016.stdout:/usr/bin/ceph: stdout Scheduled mon update...
2024-03-28T22:01:15.667 INFO:teuthology.orchestra.run.smithi016.stdout:/usr/bin/ceph: stderr
2024-03-28T22:01:14.820+0000 7f46f99d4700 1 Processor -- start
2024-03-28T22:01:15.667 INFO:teuthology.orchestra.run.smithi016.stdout:/usr/bin/ceph: stderr
2024-03-28T22:01:14.820+0000 7f46f99d4700 1 -- start start
2024-03-28T22:01:15.667 INFO:teuthology.orchestra.run.smithi016.stdout:/usr/bin/ceph: stderr
2024-03-28T22:01:14.820+0000 7f46f99d4700 1 --2- >> [v2:172.21.15.16:3300/0,v1:172.21.15.16:6789/0] conn(0x7f46f4108960 0x7f46f410ad50 unknown :-1 s=NONE pgs=0 cs=0 l=0 rev1=0 crypto rx=0 tx=0 comp rx=0 tx=0).connect
2024-03-28T22:01:15.667 INFO:teuthology.orchestra.run.smithi016.stdout:/usr/bin/ceph: stderr
2024-03-28T22:01:14.820+0000 7f46f99d4700 1 -- --> [v2:172.21.15.16:3300/0,v1:172.21.15.16:6789/0] -- mon_getmap magic: 0 -- 0x7f46f407be10 con 0x7f46f4108960
2024-03-28T22:01:15.667 INFO:teuthology.orchestra.run.smithi016.stdout:/usr/bin/ceph: stderr
2024-03-28T22:01:14.820+0000 7f46f2ffd700 1 --2- >> [v2:172.21.15.16:3300/0,v1:172.21.15.16:6789/0] conn(0x7f46f4108960 0x7f46f410ad50 unknown :-1 s=BANNER_CONNECTING pgs=0 cs=0 l=0 rev1=0 crypto rx=0 tx=0 comp rx=0 tx=0)._handle_peer_banner_payload supported=3 required=0
2024-03-28T22:01:15.667 INFO:teuthology.orchestra.run.smithi016.stdout:/usr/bin/ceph: stderr
2024-03-28T22:01:14.820+0000 7f46f2ffd700 1 --2- >> [v2:172.21.15.16:3300/0,v1:172.21.15.16:6789/0] conn(0x7f46f4108960 0x7f46f410ad50 unknown :-1 s=HELLO_CONNECTING pgs=0 cs=0 l=0 rev1=1 crypto rx=0 tx=0 comp rx=0 tx=0).handle_hello peer v2:172.21.15.16:3300/0 says I am v2:172.21.15.16:47038/0 (socket says 172.21.15.16:47038)
2024-03-28T22:01:15.667 INFO:teuthology.orchestra.run.smithi016.stdout:/usr/bin/ceph: stderr
2024-03-28T22:01:14.820+0000 7f46f2ffd700 1 -- 172.21.15.16:0/4064672443 learned_addr learned my addr 172.21.15.16:0/4064672443 (peer_addr_for_me v2:172.21.15.16:0/0)
2024-03-28T22:01:15.667 INFO:teuthology.orchestra.run.smithi016.stdout:/usr/bin/ceph: stderr
2024-03-28T22:01:14.821+0000 7f46f2ffd700 1 -- 172.21.15.16:0/4064672443 --> [v2:172.21.15.16:3300/0,v1:172.21.15.16:6789/0] -- mon_subscribe({config=0+,monmap=0+}) -- 0x7f46f410b290 con 0x7f46f4108960
2024-03-28T22:01:15.667 INFO:teuthology.orchestra.run.smithi016.stdout:/usr/bin/ceph: stderr
2024-03-28T22:01:14.821+0000 7f46f2ffd700 1 --2- 172.21.15.16:0/4064672443 >> [v2:172.21.15.16:3300/0,v1:172.21.15.16:6789/0] conn(0x7f46f4108960 0x7f46f410ad50 secure :-1 s=READY pgs=47 cs=0 l=1 rev1=1 crypto rx=0x7f46e40098a0 tx=0x7f46e4009bb0 comp rx=0 tx=0).ready entity=mon.0 client_cookie=575530d4569e3b1b server_cookie=0 in_seq=0 out_seq=0
2024-03-28T22:01:15.668 INFO:teuthology.orchestra.run.smithi016.stdout:/usr/bin/ceph: stderr
2024-03-28T22:01:14.821+0000 7f46f1ffb700 1 -- 172.21.15.16:0/4064672443 <== mon.0 v2:172.21.15.16:3300/0 1 ==== mon_map magic: 0 ==== 205+0+0 (secure 0 0 0) 0x7f46e4004160 con 0x7f46f4108960
2024-03-28T22:01:15.668 INFO:teuthology.orchestra.run.smithi016.stdout:/usr/bin/ceph: stderr
2024-03-28T22:01:14.821+0000 7f46f1ffb700 1 -- 172.21.15.16:0/4064672443 <== mon.0 v2:172.21.15.16:3300/0 2 ==== config(27 keys) ==== 1109+0+0 (secure 0 0 0) 0x7f46e4004300 con 0x7f46f4108960
2024-03-28T22:01:15.668 INFO:teuthology.orchestra.run.smithi016.stdout:/usr/bin/ceph: stderr
2024-03-28T22:01:14.821+0000 7f46f1ffb700 1 -- 172.21.15.16:0/4064672443 <== mon.0 v2:172.21.15.16:3300/0 3 ==== mon_map magic: 0 ==== 205+0+0 (secure 0 0 0) 0x7f46e4011b50 con 0x7f46f4108960
2024-03-28T22:01:15.668 INFO:teuthology.orchestra.run.smithi016.stdout:/usr/bin/ceph: stderr
2024-03-28T22:01:14.821+0000 7f46f99d4700 1 -- 172.21.15.16:0/4064672443 >> [v2:172.21.15.16:3300/0,v1:172.21.15.16:6789/0] conn(0x7f46f4108960 msgr2=0x7f46f410ad50 secure :-1 s=STATE_CONNECTION_ESTABLISHED l=1).mark_down
2024-03-28T22:01:15.668 INFO:teuthology.orchestra.run.smithi016.stdout:/usr/bin/ceph: stderr
2024-03-28T22:01:14.821+0000 7f46f99d4700 1 --2- 172.21.15.16:0/4064672443 >> [v2:172.21.15.16:3300/0,v1:172.21.15.16:6789/0] conn(0x7f46f4108960 0x7f46f410ad50 secure :-1 s=READY pgs=47 cs=0 l=1 rev1=1 crypto rx=0x7f46e40098a0 tx=0x7f46e4009bb0 comp rx=0 tx=0).stop
2024-03-28T22:01:15.668 INFO:teuthology.orchestra.run.smithi016.stdout:/usr/bin/ceph: stderr
2024-03-28T22:01:14.822+0000 7f46f99d4700 1 -- 172.21.15.16:0/4064672443 shutdown_connections
2024-03-28T22:01:15.668 INFO:teuthology.orchestra.run.smithi016.stdout:/usr/bin/ceph: stderr
2024-03-28T22:01:14.822+0000 7f46f99d4700 1 --2- 172.21.15.16:0/4064672443 >> [v2:172.21.15.16:3300/0,v1:172.21.15.16:6789/0] conn(0x7f46f4108960 0x7f46f410ad50 unknown :-1 s=CLOSED pgs=47 cs=0 l=1 rev1=1 crypto rx=0 tx=0 comp rx=0 tx=0).stop
2024-03-28T22:01:15.668 INFO:teuthology.orchestra.run.smithi016.stdout:/usr/bin/ceph: stderr
2024-03-28T22:01:14.822+0000 7f46f99d4700 1 -- 172.21.15.16:0/4064672443 >> 172.21.15.16:0/4064672443 conn(0x7f46f4102310 msgr2=0x7f46f4104750 unknown :-1 s=STATE_NONE l=0).mark_down
2024-03-28T22:01:15.668 INFO:teuthology.orchestra.run.smithi016.stdout:/usr/bin/ceph: stderr
2024-03-28T22:01:14.822+0000 7f46f99d4700 1 -- 172.21.15.16:0/4064672443 shutdown_connections
2024-03-28T22:01:15.668 INFO:teuthology.orchestra.run.smithi016.stdout:/usr/bin/ceph: stderr
2024-03-28T22:01:14.822+0000 7f46f99d4700 1 -- 172.21.15.16:0/4064672443 wait complete.
2024-03-28T22:01:15.668 INFO:teuthology.orchestra.run.smithi016.stdout:/usr/bin/ceph: stderr
2024-03-28T22:01:14.822+0000 7f46f99d4700 1 Processor -- start
2024-03-28T22:01:15.668 INFO:teuthology.orchestra.run.smithi016.stdout:/usr/bin/ceph: stderr
2024-03-28T22:01:14.822+0000 7f46f99d4700 1 -- start start
2024-03-28T22:01:15.668 INFO:teuthology.orchestra.run.smithi016.stdout:/usr/bin/ceph: stderr
2024-03-28T22:01:14.822+0000 7f46f99d4700 1 --2- >> [v2:172.21.15.16:3300/0,v1:172.21.15.16:6789/0] conn(0x7f46f4108960 0x7f46f419bdf0 unknown :-1 s=NONE pgs=0 cs=0 l=1 rev1=0 crypto rx=0 tx=0 comp rx=0 tx=0).connect
2024-03-28T22:01:15.669 INFO:teuthology.orchestra.run.smithi016.stdout:/usr/bin/ceph: stderr
2024-03-28T22:01:14.822+0000 7f46f99d4700 1 -- --> [v2:172.21.15.16:3300/0,v1:172.21.15.16:6789/0] -- mon_getmap magic: 0 -- 0x7f46f410c250 con 0x7f46f4108960
2024-03-28T22:01:15.669 INFO:teuthology.orchestra.run.smithi016.stdout:/usr/bin/ceph: stderr
2024-03-28T22:01:14.823+0000 7f46f2ffd700 1 --2- >> [v2:172.21.15.16:3300/0,v1:172.21.15.16:6789/0] conn(0x7f46f4108960 0x7f46f419bdf0 unknown :-1 s=BANNER_CONNECTING pgs=0 cs=0 l=1 rev1=0 crypto rx=0 tx=0 comp rx=0 tx=0)._handle_peer_banner_payload supported=3 required=0
2024-03-28T22:01:15.669 INFO:teuthology.orchestra.run.smithi016.stdout:/usr/bin/ceph: stderr
2024-03-28T22:01:14.823+0000 7f46f2ffd700 1 --2- >> [v2:172.21.15.16:3300/0,v1:172.21.15.16:6789/0] conn(0x7f46f4108960 0x7f46f419bdf0 unknown :-1 s=HELLO_CONNECTING pgs=0 cs=0 l=1 rev1=1 crypto rx=0 tx=0 comp rx=0 tx=0).handle_hello peer v2:172.21.15.16:3300/0 says I am v2:172.21.15.16:47042/0 (socket says 172.21.15.16:47042)
2024-03-28T22:01:15.669 INFO:teuthology.orchestra.run.smithi016.stdout:/usr/bin/ceph: stderr
2024-03-28T22:01:14.823+0000 7f46f2ffd700 1 -- 172.21.15.16:0/3957863831 learned_addr learned my addr 172.21.15.16:0/3957863831 (peer_addr_for_me v2:172.21.15.16:0/0)
2024-03-28T22:01:15.669 INFO:teuthology.orchestra.run.smithi016.stdout:/usr/bin/ceph: stderr
2024-03-28T22:01:14.823+0000 7f46f2ffd700 1 -- 172.21.15.16:0/3957863831 --> [v2:172.21.15.16:3300/0,v1:172.21.15.16:6789/0] -- mon_subscribe({config=0+,monmap=0+}) -- 0x7f46f419c330 con 0x7f46f4108960
2024-03-28T22:01:15.669 INFO:teuthology.orchestra.run.smithi016.stdout:/usr/bin/ceph: stderr
2024-03-28T22:01:14.823+0000 7f46f2ffd700 1 --2- 172.21.15.16:0/3957863831 >> [v2:172.21.15.16:3300/0,v1:172.21.15.16:6789/0] conn(0x7f46f4108960 0x7f46f419bdf0 secure :-1 s=READY pgs=48 cs=0 l=1 rev1=1 crypto rx=0x7f46e4011b60 tx=0x7f46e4011c40 comp rx=0 tx=0).ready entity=mon.0 client_cookie=0 server_cookie=0 in_seq=0 out_seq=0
2024-03-28T22:01:15.669 INFO:teuthology.orchestra.run.smithi016.stdout:/usr/bin/ceph: stderr
2024-03-28T22:01:14.823+0000 7f46f89d2700 1 -- 172.21.15.16:0/3957863831 <== mon.0 v2:172.21.15.16:3300/0 1 ==== mon_map magic: 0 ==== 205+0+0 (secure 0 0 0) 0x7f46e4003b20 con 0x7f46f4108960
2024-03-28T22:01:15.669 INFO:teuthology.orchestra.run.smithi016.stdout:/usr/bin/ceph: stderr
2024-03-28T22:01:14.823+0000 7f46f89d2700 1 -- 172.21.15.16:0/3957863831 <== mon.0 v2:172.21.15.16:3300/0 2 ==== config(27 keys) ==== 1109+0+0 (secure 0 0 0) 0x7f46e4003cc0 con 0x7f46f4108960
2024-03-28T22:01:15.669 INFO:teuthology.orchestra.run.smithi016.stdout:/usr/bin/ceph: stderr
2024-03-28T22:01:14.823+0000 7f46f99d4700 1 -- 172.21.15.16:0/3957863831 --> [v2:172.21.15.16:3300/0,v1:172.21.15.16:6789/0] -- mon_subscribe({mgrmap=0+}) -- 0x7f46f419c5c0 con 0x7f46f4108960
2024-03-28T22:01:15.669 INFO:teuthology.orchestra.run.smithi016.stdout:/usr/bin/ceph: stderr
2024-03-28T22:01:14.823+0000 7f46f89d2700 1 -- 172.21.15.16:0/3957863831 <== mon.0 v2:172.21.15.16:3300/0 3 ==== mon_map magic: 0 ==== 205+0+0 (secure 0 0 0) 0x7f46e4024840 con 0x7f46f4108960
2024-03-28T22:01:15.669 INFO:teuthology.orchestra.run.smithi016.stdout:/usr/bin/ceph: stderr
2024-03-28T22:01:14.823+0000 7f46f99d4700 1 -- 172.21.15.16:0/3957863831 --> [v2:172.21.15.16:3300/0,v1:172.21.15.16:6789/0] -- mon_subscribe({osdmap=0}) -- 0x7f46f419f2b0 con 0x7f46f4108960
2024-03-28T22:01:15.669 INFO:teuthology.orchestra.run.smithi016.stdout:/usr/bin/ceph: stderr
2024-03-28T22:01:14.824+0000 7f46f89d2700 1 -- 172.21.15.16:0/3957863831 <== mon.0 v2:172.21.15.16:3300/0 4 ==== mgrmap(e 8) ==== 45928+0+0 (secure 0 0 0) 0x7f46e4022020 con 0x7f46f4108960
2024-03-28T22:01:15.669 INFO:teuthology.orchestra.run.smithi016.stdout:/usr/bin/ceph: stderr
2024-03-28T22:01:14.824+0000 7f46f99d4700 1 -- 172.21.15.16:0/3957863831 --> [v2:172.21.15.16:3300/0,v1:172.21.15.16:6789/0] -- mon_command({"prefix": "get_command_descriptions"} v 0) -- 0x7f46f4063870 con 0x7f46f4108960
2024-03-28T22:01:15.669 INFO:teuthology.orchestra.run.smithi016.stdout:/usr/bin/ceph: stderr
2024-03-28T22:01:14.824+0000 7f46f89d2700 1 --2- 172.21.15.16:0/3957863831 >> [v2:172.21.15.16:6800/1832422779,v1:172.21.15.16:6801/1832422779] conn(0x7f46dc038ba0 0x7f46dc03b060 unknown :-1 s=NONE pgs=0 cs=0 l=1 rev1=0 crypto rx=0 tx=0 comp rx=0 tx=0).connect
2024-03-28T22:01:15.670 INFO:teuthology.orchestra.run.smithi016.stdout:/usr/bin/ceph: stderr
2024-03-28T22:01:14.824+0000 7f46f89d2700 1 -- 172.21.15.16:0/3957863831 <== mon.0 v2:172.21.15.16:3300/0 5 ==== osd_map(2..2 src has 1..2) ==== 940+0+0 (secure 0 0 0) 0x7f46e4011e00 con 0x7f46f4108960
2024-03-28T22:01:15.670 INFO:teuthology.orchestra.run.smithi016.stdout:/usr/bin/ceph: stderr
2024-03-28T22:01:14.825+0000 7f46f27fc700 1 --2- 172.21.15.16:0/3957863831 >> [v2:172.21.15.16:6800/1832422779,v1:172.21.15.16:6801/1832422779] conn(0x7f46dc038ba0 0x7f46dc03b060 unknown :-1 s=BANNER_CONNECTING pgs=0 cs=0 l=1 rev1=0 crypto rx=0 tx=0 comp rx=0 tx=0)._handle_peer_banner_payload supported=3 required=0
2024-03-28T22:01:15.670 INFO:teuthology.orchestra.run.smithi016.stdout:/usr/bin/ceph: stderr
2024-03-28T22:01:14.825+0000 7f46f27fc700 1 --2- 172.21.15.16:0/3957863831 >> [v2:172.21.15.16:6800/1832422779,v1:172.21.15.16:6801/1832422779] conn(0x7f46dc038ba0 0x7f46dc03b060 secure :-1 s=READY pgs=12 cs=0 l=1 rev1=1 crypto rx=0x7f46e8006fd0 tx=0x7f46e8006e40 comp rx=0 tx=0).ready entity=mgr.14120 client_cookie=0 server_cookie=0 in_seq=0 out_seq=0
2024-03-28T22:01:15.670 INFO:teuthology.orchestra.run.smithi016.stdout:/usr/bin/ceph: stderr
2024-03-28T22:01:14.829+0000 7f46f89d2700 1 -- 172.21.15.16:0/3957863831 <== mon.0 v2:172.21.15.16:3300/0 6 ==== mon_command_ack([{"prefix": "get_command_descriptions"}]=0 v0) ==== 72+0+184932 (secure 0 0 0) 0x7f46e402d450 con 0x7f46f4108960
2024-03-28T22:01:15.670 INFO:teuthology.orchestra.run.smithi016.stdout:/usr/bin/ceph: stderr
2024-03-28T22:01:15.046+0000 7f46f99d4700 1 -- 172.21.15.16:0/3957863831 --> [v2:172.21.15.16:6800/1832422779,v1:172.21.15.16:6801/1832422779] -- mgr_command(tid 0: {"prefix": "orch apply", "service_type": "mon", "unmanaged": true, "target": ["mon-mgr", ""]}) -- 0x7f46f4103560 con 0x7f46dc038ba0
2024-03-28T22:01:15.670 INFO:teuthology.orchestra.run.smithi016.stdout:/usr/bin/ceph: stderr
2024-03-28T22:01:15.050+0000 7f46f89d2700 1 -- 172.21.15.16:0/3957863831 <== mgr.14120 v2:172.21.15.16:6800/1832422779 1 ==== mgr_command_reply(tid 0: 0 ) ==== 8+0+24 (secure 0 0 0) 0x7f46f4103560 con 0x7f46dc038ba0
2024-03-28T22:01:15.670 INFO:teuthology.orchestra.run.smithi016.stdout:/usr/bin/ceph: stderr
2024-03-28T22:01:15.052+0000 7f46f99d4700 1 -- 172.21.15.16:0/3957863831 >> [v2:172.21.15.16:6800/1832422779,v1:172.21.15.16:6801/1832422779] conn(0x7f46dc038ba0 msgr2=0x7f46dc03b060 secure :-1 s=STATE_CONNECTION_ESTABLISHED l=1).mark_down
2024-03-28T22:01:15.670 INFO:teuthology.orchestra.run.smithi016.stdout:/usr/bin/ceph: stderr
2024-03-28T22:01:15.052+0000 7f46f99d4700 1 --2- 172.21.15.16:0/3957863831 >> [v2:172.21.15.16:6800/1832422779,v1:172.21.15.16:6801/1832422779] conn(0x7f46dc038ba0 0x7f46dc03b060 secure :-1 s=READY pgs=12 cs=0 l=1 rev1=1 crypto rx=0x7f46e8006fd0 tx=0x7f46e8006e40 comp rx=0 tx=0).stop
2024-03-28T22:01:15.670 INFO:teuthology.orchestra.run.smithi016.stdout:/usr/bin/ceph: stderr
2024-03-28T22:01:15.052+0000 7f46f99d4700 1 -- 172.21.15.16:0/3957863831 >> [v2:172.21.15.16:3300/0,v1:172.21.15.16:6789/0] conn(0x7f46f4108960 msgr2=0x7f46f419bdf0 secure :-1 s=STATE_CONNECTION_ESTABLISHED l=1).mark_down
2024-03-28T22:01:15.670 INFO:teuthology.orchestra.run.smithi016.stdout:/usr/bin/ceph: stderr
2024-03-28T22:01:15.052+0000 7f46f99d4700 1 --2- 172.21.15.16:0/3957863831 >> [v2:172.21.15.16:3300/0,v1:172.21.15.16:6789/0] conn(0x7f46f4108960 0x7f46f419bdf0 secure :-1 s=READY pgs=48 cs=0 l=1 rev1=1 crypto rx=0x7f46e4011b60 tx=0x7f46e4011c40 comp rx=0 tx=0).stop
2024-03-28T22:01:15.670 INFO:teuthology.orchestra.run.smithi016.stdout:/usr/bin/ceph: stderr
2024-03-28T22:01:15.052+0000 7f46f99d4700 1 -- 172.21.15.16:0/3957863831 shutdown_connections
2024-03-28T22:01:15.670 INFO:teuthology.orchestra.run.smithi016.stdout:/usr/bin/ceph: stderr
2024-03-28T22:01:15.052+0000 7f46f99d4700 1 --2- 172.21.15.16:0/3957863831 >> [v2:172.21.15.16:6800/1832422779,v1:172.21.15.16:6801/1832422779] conn(0x7f46dc038ba0 0x7f46dc03b060 unknown :-1 s=CLOSED pgs=12 cs=0 l=1 rev1=1 crypto rx=0 tx=0 comp rx=0 tx=0).stop
2024-03-28T22:01:15.671 INFO:teuthology.orchestra.run.smithi016.stdout:/usr/bin/ceph: stderr
2024-03-28T22:01:15.052+0000 7f46f99d4700 1 --2- 172.21.15.16:0/3957863831 >> [v2:172.21.15.16:3300/0,v1:172.21.15.16:6789/0] conn(0x7f46f4108960 0x7f46f419bdf0 unknown :-1 s=CLOSED pgs=48 cs=0 l=1 rev1=1 crypto rx=0 tx=0 comp rx=0 tx=0).stop
2024-03-28T22:01:15.671 INFO:teuthology.orchestra.run.smithi016.stdout:/usr/bin/ceph: stderr
2024-03-28T22:01:15.052+0000 7f46f99d4700 1 -- 172.21.15.16:0/3957863831 >> 172.21.15.16:0/3957863831 conn(0x7f46f4102310 msgr2=0x7f46f4102e50 unknown :-1 s=STATE_NONE l=0).mark_down
2024-03-28T22:01:15.671 INFO:teuthology.orchestra.run.smithi016.stdout:/usr/bin/ceph: stderr
2024-03-28T22:01:15.053+0000 7f46f99d4700 1 -- 172.21.15.16:0/3957863831 shutdown_connections
2024-03-28T22:01:15.671 INFO:teuthology.orchestra.run.smithi016.stdout:/usr/bin/ceph: stderr
2024-03-28T22:01:15.053+0000 7f46f99d4700 1 -- 172.21.15.16:0/3957863831 wait complete.
2024-03-28T22:01:15.671 INFO:teuthology.orchestra.run.smithi016.stdout:Deploying unmanaged mgr service...
2024-03-28T22:01:16.269 INFO:journalctl@ceph.mon.a.smithi016.stdout:Mar 28 22:01:16 smithi016 ceph-mon[32374]: from='client.14142 -' entity='client.admin' cmd=[{"prefix": "orch apply", "service_type": "mon", "unmanaged": true, "target": ["mon-mgr", ""]}]: dispatch
2024-03-28T22:01:16.270 INFO:journalctl@ceph.mon.a.smithi016.stdout:Mar 28 22:01:16 smithi016 ceph-mon[32374]: Saving service mon spec with placement count:5
2024-03-28T22:01:16.270 INFO:journalctl@ceph.mon.a.smithi016.stdout:Mar 28 22:01:16 smithi016 ceph-mon[32374]: from='mgr.14120 172.21.15.16:0/3672307959' entity='mgr.x'
2024-03-28T22:01:17.284 INFO:teuthology.orchestra.run.smithi016.stdout:/usr/bin/ceph: stdout Scheduled mgr update...
2024-03-28T22:01:17.284 INFO:teuthology.orchestra.run.smithi016.stdout:/usr/bin/ceph: stderr
2024-03-28T22:01:16.088+0000 7f39d592c700 1 Processor -- start
2024-03-28T22:01:17.284 INFO:teuthology.orchestra.run.smithi016.stdout:/usr/bin/ceph: stderr
2024-03-28T22:01:16.088+0000 7f39d592c700 1 -- start start
2024-03-28T22:01:17.285 INFO:teuthology.orchestra.run.smithi016.stdout:/usr/bin/ceph: stderr
2024-03-28T22:01:16.088+0000 7f39d592c700 1 --2- >> [v2:172.21.15.16:3300/0,v1:172.21.15.16:6789/0] conn(0x7f39d0107f20 0x7f39d0108340 unknown :-1 s=NONE pgs=0 cs=0 l=0 rev1=0 crypto rx=0 tx=0 comp rx=0 tx=0).connect
2024-03-28T22:01:17.285 INFO:teuthology.orchestra.run.smithi016.stdout:/usr/bin/ceph: stderr
2024-03-28T22:01:16.088+0000 7f39d592c700 1 -- --> [v2:172.21.15.16:3300/0,v1:172.21.15.16:6789/0] -- mon_getmap magic: 0 -- 0x7f39d0108880 con 0x7f39d0107f20
2024-03-28T22:01:17.285 INFO:teuthology.orchestra.run.smithi016.stdout:/usr/bin/ceph: stderr
2024-03-28T22:01:16.088+0000 7f39ceffd700 1 --2- >> [v2:172.21.15.16:3300/0,v1:172.21.15.16:6789/0] conn(0x7f39d0107f20 0x7f39d0108340 unknown :-1 s=BANNER_CONNECTING pgs=0 cs=0 l=0 rev1=0 crypto rx=0 tx=0 comp rx=0 tx=0)._handle_peer_banner_payload supported=3 required=0
2024-03-28T22:01:17.285 INFO:teuthology.orchestra.run.smithi016.stdout:/usr/bin/ceph: stderr
2024-03-28T22:01:16.088+0000 7f39ceffd700 1 --2- >> [v2:172.21.15.16:3300/0,v1:172.21.15.16:6789/0] conn(0x7f39d0107f20 0x7f39d0108340 unknown :-1 s=HELLO_CONNECTING pgs=0 cs=0 l=0 rev1=1 crypto rx=0 tx=0 comp rx=0 tx=0).handle_hello peer v2:172.21.15.16:3300/0 says I am v2:172.21.15.16:47044/0 (socket says 172.21.15.16:47044)
2024-03-28T22:01:17.285 INFO:teuthology.orchestra.run.smithi016.stdout:/usr/bin/ceph: stderr
2024-03-28T22:01:16.089+0000 7f39ceffd700 1 -- 172.21.15.16:0/3338238574 learned_addr learned my addr 172.21.15.16:0/3338238574 (peer_addr_for_me v2:172.21.15.16:0/0)
2024-03-28T22:01:17.285 INFO:teuthology.orchestra.run.smithi016.stdout:/usr/bin/ceph: stderr
2024-03-28T22:01:16.089+0000 7f39ceffd700 1 -- 172.21.15.16:0/3338238574 --> [v2:172.21.15.16:3300/0,v1:172.21.15.16:6789/0] -- mon_subscribe({config=0+,monmap=0+}) -- 0x7f39d0108fe0 con 0x7f39d0107f20
2024-03-28T22:01:17.285 INFO:teuthology.orchestra.run.smithi016.stdout:/usr/bin/ceph: stderr
2024-03-28T22:01:16.089+0000 7f39ceffd700 1 --2- 172.21.15.16:0/3338238574 >> [v2:172.21.15.16:3300/0,v1:172.21.15.16:6789/0] conn(0x7f39d0107f20 0x7f39d0108340 secure :-1 s=READY pgs=49 cs=0 l=1 rev1=1 crypto rx=0x7f39c8009e80 tx=0x7f39c800b330 comp rx=0 tx=0).ready entity=mon.0 client_cookie=8c9b7055af6c94fc server_cookie=0 in_seq=0 out_seq=0
2024-03-28T22:01:17.285 INFO:teuthology.orchestra.run.smithi016.stdout:/usr/bin/ceph: stderr
2024-03-28T22:01:16.089+0000 7f39cdffb700 1 -- 172.21.15.16:0/3338238574 <== mon.0 v2:172.21.15.16:3300/0 1 ==== mon_map magic: 0 ==== 205+0+0 (secure 0 0 0) 0x7f39c8017070 con 0x7f39d0107f20
2024-03-28T22:01:17.285 INFO:teuthology.orchestra.run.smithi016.stdout:/usr/bin/ceph: stderr
2024-03-28T22:01:16.089+0000 7f39cdffb700 1 -- 172.21.15.16:0/3338238574 <== mon.0 v2:172.21.15.16:3300/0 2 ==== config(27 keys) ==== 1109+0+0 (secure 0 0 0) 0x7f39c800b8c0 con 0x7f39d0107f20
2024-03-28T22:01:17.285 INFO:teuthology.orchestra.run.smithi016.stdout:/usr/bin/ceph: stderr
2024-03-28T22:01:16.089+0000 7f39cdffb700 1 -- 172.21.15.16:0/3338238574 <== mon.0 v2:172.21.15.16:3300/0 3 ==== mon_map magic: 0 ==== 205+0+0 (secure 0 0 0) 0x7f39c80045c0 con 0x7f39d0107f20
2024-03-28T22:01:17.285 INFO:teuthology.orchestra.run.smithi016.stdout:/usr/bin/ceph: stderr
2024-03-28T22:01:16.090+0000 7f39d592c700 1 -- 172.21.15.16:0/3338238574 >> [v2:172.21.15.16:3300/0,v1:172.21.15.16:6789/0] conn(0x7f39d0107f20 msgr2=0x7f39d0108340 secure :-1 s=STATE_CONNECTION_ESTABLISHED l=1).mark_down
2024-03-28T22:01:17.285 INFO:teuthology.orchestra.run.smithi016.stdout:/usr/bin/ceph: stderr
2024-03-28T22:01:16.090+0000 7f39d592c700 1 --2- 172.21.15.16:0/3338238574 >> [v2:172.21.15.16:3300/0,v1:172.21.15.16:6789/0] conn(0x7f39d0107f20 0x7f39d0108340 secure :-1 s=READY pgs=49 cs=0 l=1 rev1=1 crypto rx=0x7f39c8009e80 tx=0x7f39c800b330 comp rx=0 tx=0).stop
2024-03-28T22:01:17.285 INFO:teuthology.orchestra.run.smithi016.stdout:/usr/bin/ceph: stderr
2024-03-28T22:01:16.090+0000 7f39d592c700 1 -- 172.21.15.16:0/3338238574 shutdown_connections
2024-03-28T22:01:17.285 INFO:teuthology.orchestra.run.smithi016.stdout:/usr/bin/ceph: stderr
2024-03-28T22:01:16.090+0000 7f39d592c700 1 --2- 172.21.15.16:0/3338238574 >> [v2:172.21.15.16:3300/0,v1:172.21.15.16:6789/0] conn(0x7f39d0107f20 0x7f39d0108340 unknown :-1 s=CLOSED pgs=49 cs=0 l=1 rev1=1 crypto rx=0 tx=0 comp rx=0 tx=0).stop
2024-03-28T22:01:17.285 INFO:teuthology.orchestra.run.smithi016.stdout:/usr/bin/ceph: stderr
2024-03-28T22:01:16.090+0000 7f39d592c700 1 -- 172.21.15.16:0/3338238574 >> 172.21.15.16:0/3338238574 conn(0x7f39d01034a0 msgr2=0x7f39d0105900 unknown :-1 s=STATE_NONE l=0).mark_down
2024-03-28T22:01:17.286 INFO:teuthology.orchestra.run.smithi016.stdout:/usr/bin/ceph: stderr
2024-03-28T22:01:16.090+0000 7f39d592c700 1 -- 172.21.15.16:0/3338238574 shutdown_connections
2024-03-28T22:01:17.286 INFO:teuthology.orchestra.run.smithi016.stdout:/usr/bin/ceph: stderr
2024-03-28T22:01:16.090+0000 7f39d592c700 1 -- 172.21.15.16:0/3338238574 wait complete.
2024-03-28T22:01:17.286 INFO:teuthology.orchestra.run.smithi016.stdout:/usr/bin/ceph: stderr
2024-03-28T22:01:16.090+0000 7f39d592c700 1 Processor -- start
2024-03-28T22:01:17.286 INFO:teuthology.orchestra.run.smithi016.stdout:/usr/bin/ceph: stderr
2024-03-28T22:01:16.091+0000 7f39d592c700 1 -- start start
2024-03-28T22:01:17.286 INFO:teuthology.orchestra.run.smithi016.stdout:/usr/bin/ceph: stderr
2024-03-28T22:01:16.091+0000 7f39d592c700 1 --2- >> [v2:172.21.15.16:3300/0,v1:172.21.15.16:6789/0] conn(0x7f39d0107f20 0x7f39d007db50 unknown :-1 s=NONE pgs=0 cs=0 l=1 rev1=0 crypto rx=0 tx=0 comp rx=0 tx=0).connect
2024-03-28T22:01:17.286 INFO:teuthology.orchestra.run.smithi016.stdout:/usr/bin/ceph: stderr
2024-03-28T22:01:16.091+0000 7f39d592c700 1 -- --> [v2:172.21.15.16:3300/0,v1:172.21.15.16:6789/0] -- mon_getmap magic: 0 -- 0x7f39d010c420 con 0x7f39d0107f20
2024-03-28T22:01:17.286 INFO:teuthology.orchestra.run.smithi016.stdout:/usr/bin/ceph: stderr
2024-03-28T22:01:16.091+0000 7f39ceffd700 1 --2- >> [v2:172.21.15.16:3300/0,v1:172.21.15.16:6789/0] conn(0x7f39d0107f20 0x7f39d007db50 unknown :-1 s=BANNER_CONNECTING pgs=0 cs=0 l=1 rev1=0 crypto rx=0 tx=0 comp rx=0 tx=0)._handle_peer_banner_payload supported=3 required=0
2024-03-28T22:01:17.286 INFO:teuthology.orchestra.run.smithi016.stdout:/usr/bin/ceph: stderr
2024-03-28T22:01:16.091+0000 7f39ceffd700 1 --2- >> [v2:172.21.15.16:3300/0,v1:172.21.15.16:6789/0] conn(0x7f39d0107f20 0x7f39d007db50 unknown :-1 s=HELLO_CONNECTING pgs=0 cs=0 l=1 rev1=1 crypto rx=0 tx=0 comp rx=0 tx=0).handle_hello peer v2:172.21.15.16:3300/0 says I am v2:172.21.15.16:47052/0 (socket says 172.21.15.16:47052)
2024-03-28T22:01:17.286 INFO:teuthology.orchestra.run.smithi016.stdout:/usr/bin/ceph: stderr
2024-03-28T22:01:16.091+0000 7f39ceffd700 1 -- 172.21.15.16:0/2633492903 learned_addr learned my addr 172.21.15.16:0/2633492903 (peer_addr_for_me v2:172.21.15.16:0/0)
2024-03-28T22:01:17.286 INFO:teuthology.orchestra.run.smithi016.stdout:/usr/bin/ceph: stderr
2024-03-28T22:01:16.091+0000 7f39ceffd700 1 -- 172.21.15.16:0/2633492903 --> [v2:172.21.15.16:3300/0,v1:172.21.15.16:6789/0] -- mon_subscribe({config=0+,monmap=0+}) -- 0x7f39d007e090 con 0x7f39d0107f20
2024-03-28T22:01:17.286 INFO:teuthology.orchestra.run.smithi016.stdout:/usr/bin/ceph: stderr
2024-03-28T22:01:16.091+0000 7f39ceffd700 1 --2- 172.21.15.16:0/2633492903 >> [v2:172.21.15.16:3300/0,v1:172.21.15.16:6789/0] conn(0x7f39d0107f20 0x7f39d007db50 secure :-1 s=READY pgs=50 cs=0 l=1 rev1=1 crypto rx=0x7f39c8004350 tx=0x7f39c800bd50 comp rx=0 tx=0).ready entity=mon.0 client_cookie=0 server_cookie=0 in_seq=0 out_seq=0
2024-03-28T22:01:17.286 INFO:teuthology.orchestra.run.smithi016.stdout:/usr/bin/ceph: stderr
2024-03-28T22:01:16.091+0000 7f39d492a700 1 -- 172.21.15.16:0/2633492903 <== mon.0 v2:172.21.15.16:3300/0 1 ==== mon_map magic: 0 ==== 205+0+0 (secure 0 0 0) 0x7f39c8020020 con 0x7f39d0107f20
2024-03-28T22:01:17.286 INFO:teuthology.orchestra.run.smithi016.stdout:/usr/bin/ceph: stderr
2024-03-28T22:01:16.092+0000 7f39d492a700 1 -- 172.21.15.16:0/2633492903 <== mon.0 v2:172.21.15.16:3300/0 2 ==== config(27 keys) ==== 1109+0+0 (secure 0 0 0) 0x7f39c8003c10 con 0x7f39d0107f20
2024-03-28T22:01:17.287 INFO:teuthology.orchestra.run.smithi016.stdout:/usr/bin/ceph: stderr
2024-03-28T22:01:16.092+0000 7f39d592c700 1 -- 172.21.15.16:0/2633492903 --> [v2:172.21.15.16:3300/0,v1:172.21.15.16:6789/0] -- mon_subscribe({mgrmap=0+}) -- 0x7f39d007c280 con 0x7f39d0107f20
2024-03-28T22:01:17.287 INFO:teuthology.orchestra.run.smithi016.stdout:/usr/bin/ceph: stderr
2024-03-28T22:01:16.092+0000 7f39d492a700 1 -- 172.21.15.16:0/2633492903 <== mon.0 v2:172.21.15.16:3300/0 3 ==== mon_map magic: 0 ==== 205+0+0 (secure 0 0 0) 0x7f39c8017040 con 0x7f39d0107f20
2024-03-28T22:01:17.287 INFO:teuthology.orchestra.run.smithi016.stdout:/usr/bin/ceph: stderr
2024-03-28T22:01:16.092+0000 7f39d592c700 1 -- 172.21.15.16:0/2633492903 --> [v2:172.21.15.16:3300/0,v1:172.21.15.16:6789/0] -- mon_subscribe({osdmap=0}) -- 0x7f39d007c7c0 con 0x7f39d0107f20
2024-03-28T22:01:17.287 INFO:teuthology.orchestra.run.smithi016.stdout:/usr/bin/ceph: stderr
2024-03-28T22:01:16.092+0000 7f39d492a700 1 -- 172.21.15.16:0/2633492903 <== mon.0 v2:172.21.15.16:3300/0 4 ==== mgrmap(e 8) ==== 45928+0+0 (secure 0 0 0) 0x7f39c8023020 con 0x7f39d0107f20
2024-03-28T22:01:17.287 INFO:teuthology.orchestra.run.smithi016.stdout:/usr/bin/ceph: stderr
2024-03-28T22:01:16.093+0000 7f39d492a700 1 --2- 172.21.15.16:0/2633492903 >> [v2:172.21.15.16:6800/1832422779,v1:172.21.15.16:6801/1832422779] conn(0x7f39bc038ba0 0x7f39bc03b060 unknown :-1 s=NONE pgs=0 cs=0 l=1 rev1=0 crypto rx=0 tx=0 comp rx=0 tx=0).connect
2024-03-28T22:01:17.287 INFO:teuthology.orchestra.run.smithi016.stdout:/usr/bin/ceph: stderr
2024-03-28T22:01:16.093+0000 7f39d492a700 1 -- 172.21.15.16:0/2633492903 <== mon.0 v2:172.21.15.16:3300/0 5 ==== osd_map(2..2 src has 1..2) ==== 940+0+0 (secure 0 0 0) 0x7f39c800f050 con 0x7f39d0107f20
2024-03-28T22:01:17.287 INFO:teuthology.orchestra.run.smithi016.stdout:/usr/bin/ceph: stderr
2024-03-28T22:01:16.093+0000 7f39d592c700 1 -- 172.21.15.16:0/2633492903 --> [v2:172.21.15.16:3300/0,v1:172.21.15.16:6789/0] -- mon_command({"prefix": "get_command_descriptions"} v 0) -- 0x7f39d0063870 con 0x7f39d0107f20
2024-03-28T22:01:17.287 INFO:teuthology.orchestra.run.smithi016.stdout:/usr/bin/ceph: stderr
2024-03-28T22:01:16.093+0000 7f39ce7fc700 1 --2- 172.21.15.16:0/2633492903 >> [v2:172.21.15.16:6800/1832422779,v1:172.21.15.16:6801/1832422779] conn(0x7f39bc038ba0 0x7f39bc03b060 unknown :-1 s=BANNER_CONNECTING pgs=0 cs=0 l=1 rev1=0 crypto rx=0 tx=0 comp rx=0 tx=0)._handle_peer_banner_payload supported=3 required=0
2024-03-28T22:01:17.287 INFO:teuthology.orchestra.run.smithi016.stdout:/usr/bin/ceph: stderr
2024-03-28T22:01:16.093+0000 7f39ce7fc700 1 --2- 172.21.15.16:0/2633492903 >> [v2:172.21.15.16:6800/1832422779,v1:172.21.15.16:6801/1832422779] conn(0x7f39bc038ba0 0x7f39bc03b060 secure :-1 s=READY pgs=13 cs=0 l=1 rev1=1 crypto rx=0x7f39b8006fd0 tx=0x7f39b8006e40 comp rx=0 tx=0).ready entity=mgr.14120 client_cookie=0 server_cookie=0 in_seq=0 out_seq=0
2024-03-28T22:01:17.287 INFO:teuthology.orchestra.run.smithi016.stdout:/usr/bin/ceph: stderr
2024-03-28T22:01:16.098+0000 7f39d492a700 1 -- 172.21.15.16:0/2633492903 <== mon.0 v2:172.21.15.16:3300/0 6 ==== mon_command_ack([{"prefix": "get_command_descriptions"}]=0 v0) ==== 72+0+184932 (secure 0 0 0) 0x7f39c802a020 con 0x7f39d0107f20
2024-03-28T22:01:17.287 INFO:teuthology.orchestra.run.smithi016.stdout:/usr/bin/ceph: stderr
2024-03-28T22:01:16.317+0000 7f39d592c700 1 -- 172.21.15.16:0/2633492903 --> [v2:172.21.15.16:6800/1832422779,v1:172.21.15.16:6801/1832422779] -- mgr_command(tid 0: {"prefix": "orch apply", "service_type": "mgr", "unmanaged": true, "target": ["mon-mgr", ""]}) -- 0x7f39d007cef0 con 0x7f39bc038ba0
2024-03-28T22:01:17.287 INFO:teuthology.orchestra.run.smithi016.stdout:/usr/bin/ceph: stderr
2024-03-28T22:01:16.321+0000 7f39d492a700 1 -- 172.21.15.16:0/2633492903 <== mgr.14120 v2:172.21.15.16:6800/1832422779 1 ==== mgr_command_reply(tid 0: 0 ) ==== 8+0+24 (secure 0 0 0) 0x7f39d007cef0 con 0x7f39bc038ba0
2024-03-28T22:01:17.287 INFO:teuthology.orchestra.run.smithi016.stdout:/usr/bin/ceph: stderr
2024-03-28T22:01:16.323+0000 7f39d592c700 1 -- 172.21.15.16:0/2633492903 >> [v2:172.21.15.16:6800/1832422779,v1:172.21.15.16:6801/1832422779] conn(0x7f39bc038ba0 msgr2=0x7f39bc03b060 secure :-1 s=STATE_CONNECTION_ESTABLISHED l=1).mark_down
2024-03-28T22:01:17.287 INFO:teuthology.orchestra.run.smithi016.stdout:/usr/bin/ceph: stderr
2024-03-28T22:01:16.323+0000 7f39d592c700 1 --2- 172.21.15.16:0/2633492903 >> [v2:172.21.15.16:6800/1832422779,v1:172.21.15.16:6801/1832422779] conn(0x7f39bc038ba0 0x7f39bc03b060 secure :-1 s=READY pgs=13 cs=0 l=1 rev1=1 crypto rx=0x7f39b8006fd0 tx=0x7f39b8006e40 comp rx=0 tx=0).stop
2024-03-28T22:01:17.288 INFO:teuthology.orchestra.run.smithi016.stdout:/usr/bin/ceph: stderr
2024-03-28T22:01:16.323+0000 7f39d592c700 1 -- 172.21.15.16:0/2633492903 >> [v2:172.21.15.16:3300/0,v1:172.21.15.16:6789/0] conn(0x7f39d0107f20 msgr2=0x7f39d007db50 secure :-1 s=STATE_CONNECTION_ESTABLISHED l=1).mark_down
2024-03-28T22:01:17.288 INFO:teuthology.orchestra.run.smithi016.stdout:/usr/bin/ceph: stderr
2024-03-28T22:01:16.323+0000 7f39d592c700 1 --2- 172.21.15.16:0/2633492903 >> [v2:172.21.15.16:3300/0,v1:172.21.15.16:6789/0] conn(0x7f39d0107f20 0x7f39d007db50 secure :-1 s=READY pgs=50 cs=0 l=1 rev1=1 crypto rx=0x7f39c8004350 tx=0x7f39c800bd50 comp rx=0 tx=0).stop
2024-03-28T22:01:17.288 INFO:teuthology.orchestra.run.smithi016.stdout:/usr/bin/ceph: stderr
2024-03-28T22:01:16.323+0000 7f39d592c700 1 -- 172.21.15.16:0/2633492903 shutdown_connections
2024-03-28T22:01:17.288 INFO:teuthology.orchestra.run.smithi016.stdout:/usr/bin/ceph: stderr
2024-03-28T22:01:16.323+0000 7f39d592c700 1 --2- 172.21.15.16:0/2633492903 >> [v2:172.21.15.16:6800/1832422779,v1:172.21.15.16:6801/1832422779] conn(0x7f39bc038ba0 0x7f39bc03b060 unknown :-1 s=CLOSED pgs=13 cs=0 l=1 rev1=1 crypto rx=0 tx=0 comp rx=0 tx=0).stop
2024-03-28T22:01:17.288 INFO:teuthology.orchestra.run.smithi016.stdout:/usr/bin/ceph: stderr
2024-03-28T22:01:16.323+0000 7f39d592c700 1 --2- 172.21.15.16:0/2633492903 >> [v2:172.21.15.16:3300/0,v1:172.21.15.16:6789/0] conn(0x7f39d0107f20 0x7f39d007db50 unknown :-1 s=CLOSED pgs=50 cs=0 l=1 rev1=1 crypto rx=0 tx=0 comp rx=0 tx=0).stop
2024-03-28T22:01:17.288 INFO:teuthology.orchestra.run.smithi016.stdout:/usr/bin/ceph: stderr
2024-03-28T22:01:16.323+0000 7f39d592c700 1 -- 172.21.15.16:0/2633492903 >> 172.21.15.16:0/2633492903 conn(0x7f39d01034a0 msgr2=0x7f39d0103fb0 unknown :-1 s=STATE_NONE l=0).mark_down
2024-03-28T22:01:17.288 INFO:teuthology.orchestra.run.smithi016.stdout:/usr/bin/ceph: stderr
2024-03-28T22:01:16.324+0000 7f39d592c700 1 -- 172.21.15.16:0/2633492903 shutdown_connections
2024-03-28T22:01:17.288 INFO:teuthology.orchestra.run.smithi016.stdout:/usr/bin/ceph: stderr
2024-03-28T22:01:16.324+0000 7f39d592c700 1 -- 172.21.15.16:0/2633492903 wait complete.
2024-03-28T22:01:17.604 INFO:journalctl@ceph.mon.a.smithi016.stdout:Mar 28 22:01:17 smithi016 ceph-mon[32374]: from='client.14144 -' entity='client.admin' cmd=[{"prefix": "orch apply", "service_type": "mgr", "unmanaged": true, "target": ["mon-mgr", ""]}]: dispatch
2024-03-28T22:01:17.605 INFO:journalctl@ceph.mon.a.smithi016.stdout:Mar 28 22:01:17 smithi016 ceph-mon[32374]: Saving service mgr spec with placement count:2
2024-03-28T22:01:17.605 INFO:journalctl@ceph.mon.a.smithi016.stdout:Mar 28 22:01:17 smithi016 ceph-mon[32374]: from='mgr.14120 172.21.15.16:0/3672307959' entity='mgr.x'
2024-03-28T22:01:18.753 INFO:teuthology.orchestra.run.smithi016.stdout:/usr/bin/ceph: stderr
2024-03-28T22:01:17.710+0000 7f977c6c6700 1 Processor -- start
2024-03-28T22:01:18.753 INFO:teuthology.orchestra.run.smithi016.stdout:/usr/bin/ceph: stderr
2024-03-28T22:01:17.710+0000 7f977c6c6700 1 -- start start
2024-03-28T22:01:18.753 INFO:teuthology.orchestra.run.smithi016.stdout:/usr/bin/ceph: stderr
2024-03-28T22:01:17.710+0000 7f977c6c6700 1 --2- >> [v2:172.21.15.16:3300/0,v1:172.21.15.16:6789/0] conn(0x7f97741088e0 0x7f977410acd0 unknown :-1 s=NONE pgs=0 cs=0 l=0 rev1=0 crypto rx=0 tx=0 comp rx=0 tx=0).connect
2024-03-28T22:01:18.753 INFO:teuthology.orchestra.run.smithi016.stdout:/usr/bin/ceph: stderr
2024-03-28T22:01:17.710+0000 7f977c6c6700 1 -- --> [v2:172.21.15.16:3300/0,v1:172.21.15.16:6789/0] -- mon_getmap magic: 0 -- 0x7f977407be90 con 0x7f97741088e0
2024-03-28T22:01:18.753 INFO:teuthology.orchestra.run.smithi016.stdout:/usr/bin/ceph: stderr
2024-03-28T22:01:17.710+0000 7f977a462700 1 --2- >> [v2:172.21.15.16:3300/0,v1:172.21.15.16:6789/0] conn(0x7f97741088e0 0x7f977410acd0 unknown :-1 s=BANNER_CONNECTING pgs=0 cs=0 l=0 rev1=0 crypto rx=0 tx=0 comp rx=0 tx=0)._handle_peer_banner_payload supported=3 required=0
2024-03-28T22:01:18.753 INFO:teuthology.orchestra.run.smithi016.stdout:/usr/bin/ceph: stderr
2024-03-28T22:01:17.710+0000 7f977a462700 1 --2- >> [v2:172.21.15.16:3300/0,v1:172.21.15.16:6789/0] conn(0x7f97741088e0 0x7f977410acd0 unknown :-1 s=HELLO_CONNECTING pgs=0 cs=0 l=0 rev1=1 crypto rx=0 tx=0 comp rx=0 tx=0).handle_hello peer v2:172.21.15.16:3300/0 says I am v2:172.21.15.16:47068/0 (socket says 172.21.15.16:47068)
2024-03-28T22:01:18.754 INFO:teuthology.orchestra.run.smithi016.stdout:/usr/bin/ceph: stderr
2024-03-28T22:01:17.710+0000 7f977a462700 1 -- 172.21.15.16:0/1584936127 learned_addr learned my addr 172.21.15.16:0/1584936127 (peer_addr_for_me v2:172.21.15.16:0/0)
2024-03-28T22:01:18.754 INFO:teuthology.orchestra.run.smithi016.stdout:/usr/bin/ceph: stderr
2024-03-28T22:01:17.710+0000 7f977a462700 1 -- 172.21.15.16:0/1584936127 --> [v2:172.21.15.16:3300/0,v1:172.21.15.16:6789/0] -- mon_subscribe({config=0+,monmap=0+}) -- 0x7f977410b210 con 0x7f97741088e0
2024-03-28T22:01:18.754 INFO:teuthology.orchestra.run.smithi016.stdout:/usr/bin/ceph: stderr
2024-03-28T22:01:17.711+0000 7f977a462700 1 --2- 172.21.15.16:0/1584936127 >> [v2:172.21.15.16:3300/0,v1:172.21.15.16:6789/0] conn(0x7f97741088e0 0x7f977410acd0 secure :-1 s=READY pgs=51 cs=0 l=1 rev1=1 crypto rx=0x7f97700098a0 tx=0x7f9770009bb0 comp rx=0 tx=0).ready entity=mon.0 client_cookie=afa2f72ba999766c server_cookie=0 in_seq=0 out_seq=0
2024-03-28T22:01:18.754 INFO:teuthology.orchestra.run.smithi016.stdout:/usr/bin/ceph: stderr
2024-03-28T22:01:17.711+0000 7f9779460700 1 -- 172.21.15.16:0/1584936127 <== mon.0 v2:172.21.15.16:3300/0 1 ==== mon_map magic: 0 ==== 205+0+0 (secure 0 0 0) 0x7f9770004160 con 0x7f97741088e0
2024-03-28T22:01:18.754 INFO:teuthology.orchestra.run.smithi016.stdout:/usr/bin/ceph: stderr
2024-03-28T22:01:17.711+0000 7f9779460700 1 -- 172.21.15.16:0/1584936127 <== mon.0 v2:172.21.15.16:3300/0 2 ==== config(27 keys) ==== 1109+0+0 (secure 0 0 0) 0x7f9770004300 con 0x7f97741088e0
2024-03-28T22:01:18.754 INFO:teuthology.orchestra.run.smithi016.stdout:/usr/bin/ceph: stderr
2024-03-28T22:01:17.711+0000 7f9779460700 1 -- 172.21.15.16:0/1584936127 <== mon.0 v2:172.21.15.16:3300/0 3 ==== mon_map magic: 0 ==== 205+0+0 (secure 0 0 0) 0x7f9770011b50 con 0x7f97741088e0
2024-03-28T22:01:18.754 INFO:teuthology.orchestra.run.smithi016.stdout:/usr/bin/ceph: stderr
2024-03-28T22:01:17.711+0000 7f977c6c6700 1 -- 172.21.15.16:0/1584936127 >> [v2:172.21.15.16:3300/0,v1:172.21.15.16:6789/0] conn(0x7f97741088e0 msgr2=0x7f977410acd0 secure :-1 s=STATE_CONNECTION_ESTABLISHED l=1).mark_down
2024-03-28T22:01:18.754 INFO:teuthology.orchestra.run.smithi016.stdout:/usr/bin/ceph: stderr
2024-03-28T22:01:17.711+0000 7f977c6c6700 1 --2- 172.21.15.16:0/1584936127 >> [v2:172.21.15.16:3300/0,v1:172.21.15.16:6789/0] conn(0x7f97741088e0 0x7f977410acd0 secure :-1 s=READY pgs=51 cs=0 l=1 rev1=1 crypto rx=0x7f97700098a0 tx=0x7f9770009bb0 comp rx=0 tx=0).stop
2024-03-28T22:01:18.754 INFO:teuthology.orchestra.run.smithi016.stdout:/usr/bin/ceph: stderr
2024-03-28T22:01:17.711+0000 7f977c6c6700 1 -- 172.21.15.16:0/1584936127 shutdown_connections
2024-03-28T22:01:18.754 INFO:teuthology.orchestra.run.smithi016.stdout:/usr/bin/ceph: stderr
2024-03-28T22:01:17.711+0000 7f977c6c6700 1 --2- 172.21.15.16:0/1584936127 >> [v2:172.21.15.16:3300/0,v1:172.21.15.16:6789/0] conn(0x7f97741088e0 0x7f977410acd0 unknown :-1 s=CLOSED pgs=51 cs=0 l=1 rev1=1 crypto rx=0 tx=0 comp rx=0 tx=0).stop
2024-03-28T22:01:18.754 INFO:teuthology.orchestra.run.smithi016.stdout:/usr/bin/ceph: stderr
2024-03-28T22:01:17.711+0000 7f977c6c6700 1 -- 172.21.15.16:0/1584936127 >> 172.21.15.16:0/1584936127 conn(0x7f9774102310 msgr2=0x7f9774104750 unknown :-1 s=STATE_NONE l=0).mark_down
2024-03-28T22:01:18.754 INFO:teuthology.orchestra.run.smithi016.stdout:/usr/bin/ceph: stderr
2024-03-28T22:01:17.711+0000 7f977c6c6700 1 -- 172.21.15.16:0/1584936127 shutdown_connections
2024-03-28T22:01:18.755 INFO:teuthology.orchestra.run.smithi016.stdout:/usr/bin/ceph: stderr
2024-03-28T22:01:17.711+0000 7f977c6c6700 1 -- 172.21.15.16:0/1584936127 wait complete.
2024-03-28T22:01:18.755 INFO:teuthology.orchestra.run.smithi016.stdout:/usr/bin/ceph: stderr
2024-03-28T22:01:17.712+0000 7f977c6c6700 1 Processor -- start
2024-03-28T22:01:18.755 INFO:teuthology.orchestra.run.smithi016.stdout:/usr/bin/ceph: stderr
2024-03-28T22:01:17.712+0000 7f977c6c6700 1 -- start start
2024-03-28T22:01:18.755 INFO:teuthology.orchestra.run.smithi016.stdout:/usr/bin/ceph: stderr
