2024-03-28T22:01:31.426+0000 7f959de6b700 1 -- 172.21.15.16:0/2095443002 --> [v2:172.21.15.16:3300/0,v1:172.21.15.16:6789/0] -- mon_subscribe({config=0+,monmap=0+}) -- 0x7f959819e4d0 con 0x7f9598106770
2024-03-28T22:01:32.412 INFO:teuthology.orchestra.run.smithi016.stdout:/usr/bin/ceph: stderr
2024-03-28T22:01:31.426+0000 7f959de6b700 1 --2- 172.21.15.16:0/2095443002 >> [v2:172.21.15.16:3300/0,v1:172.21.15.16:6789/0] conn(0x7f9598106770 0x7f959819df90 secure :-1 s=READY pgs=71 cs=0 l=1 rev1=1 crypto rx=0x7f95940117e0 tx=0x7f9594011c10 comp rx=0 tx=0).ready entity=mon.0 client_cookie=0 server_cookie=0 in_seq=0 out_seq=0
2024-03-28T22:01:32.412 INFO:teuthology.orchestra.run.smithi016.stdout:/usr/bin/ceph: stderr
2024-03-28T22:01:31.426+0000 7f958effd700 1 -- 172.21.15.16:0/2095443002 <== mon.0 v2:172.21.15.16:3300/0 1 ==== mon_map magic: 0 ==== 205+0+0 (secure 0 0 0) 0x7f9594003bf0 con 0x7f9598106770
2024-03-28T22:01:32.412 INFO:teuthology.orchestra.run.smithi016.stdout:/usr/bin/ceph: stderr
2024-03-28T22:01:31.426+0000 7f95a00cf700 1 -- 172.21.15.16:0/2095443002 --> [v2:172.21.15.16:3300/0,v1:172.21.15.16:6789/0] -- mon_subscribe({mgrmap=0+}) -- 0x7f959819e760 con 0x7f9598106770
2024-03-28T22:01:32.412 INFO:teuthology.orchestra.run.smithi016.stdout:/usr/bin/ceph: stderr
2024-03-28T22:01:31.426+0000 7f958effd700 1 -- 172.21.15.16:0/2095443002 <== mon.0 v2:172.21.15.16:3300/0 2 ==== config(27 keys) ==== 1140+0+0 (secure 0 0 0) 0x7f959401a910 con 0x7f9598106770
2024-03-28T22:01:32.412 INFO:teuthology.orchestra.run.smithi016.stdout:/usr/bin/ceph: stderr
2024-03-28T22:01:31.426+0000 7f958effd700 1 -- 172.21.15.16:0/2095443002 <== mon.0 v2:172.21.15.16:3300/0 3 ==== mon_map magic: 0 ==== 205+0+0 (secure 0 0 0) 0x7f9594024970 con 0x7f9598106770
2024-03-28T22:01:32.412 INFO:teuthology.orchestra.run.smithi016.stdout:/usr/bin/ceph: stderr
2024-03-28T22:01:31.426+0000 7f95a00cf700 1 -- 172.21.15.16:0/2095443002 --> [v2:172.21.15.16:3300/0,v1:172.21.15.16:6789/0] -- mon_subscribe({osdmap=0}) -- 0x7f959819ebc0 con 0x7f9598106770
2024-03-28T22:01:32.412 INFO:teuthology.orchestra.run.smithi016.stdout:/usr/bin/ceph: stderr
2024-03-28T22:01:31.427+0000 7f958effd700 1 -- 172.21.15.16:0/2095443002 <== mon.0 v2:172.21.15.16:3300/0 4 ==== mgrmap(e 11) ==== 45835+0+0 (secure 0 0 0) 0x7f9594022020 con 0x7f9598106770
2024-03-28T22:01:32.412 INFO:teuthology.orchestra.run.smithi016.stdout:/usr/bin/ceph: stderr
2024-03-28T22:01:31.427+0000 7f95a00cf700 1 -- 172.21.15.16:0/2095443002 --> [v2:172.21.15.16:3300/0,v1:172.21.15.16:6789/0] -- mon_command({"prefix": "get_command_descriptions"} v 0) -- 0x7f957c005360 con 0x7f9598106770
2024-03-28T22:01:32.412 INFO:teuthology.orchestra.run.smithi016.stdout:/usr/bin/ceph: stderr
2024-03-28T22:01:31.427+0000 7f958effd700 1 --2- 172.21.15.16:0/2095443002 >> [v2:172.21.15.16:6800/21986004,v1:172.21.15.16:6801/21986004] conn(0x7f9584038a90 0x7f958403af50 unknown :-1 s=NONE pgs=0 cs=0 l=1 rev1=0 crypto rx=0 tx=0 comp rx=0 tx=0).connect
2024-03-28T22:01:32.412 INFO:teuthology.orchestra.run.smithi016.stdout:/usr/bin/ceph: stderr
2024-03-28T22:01:31.427+0000 7f958effd700 1 -- 172.21.15.16:0/2095443002 <== mon.0 v2:172.21.15.16:3300/0 5 ==== osd_map(3..3 src has 1..3) ==== 1155+0+0 (secure 0 0 0) 0x7f959404ccd0 con 0x7f9598106770
2024-03-28T22:01:32.412 INFO:teuthology.orchestra.run.smithi016.stdout:/usr/bin/ceph: stderr
2024-03-28T22:01:31.427+0000 7f959d66a700 1 --2- 172.21.15.16:0/2095443002 >> [v2:172.21.15.16:6800/21986004,v1:172.21.15.16:6801/21986004] conn(0x7f9584038a90 0x7f958403af50 unknown :-1 s=BANNER_CONNECTING pgs=0 cs=0 l=1 rev1=0 crypto rx=0 tx=0 comp rx=0 tx=0)._handle_peer_banner_payload supported=3 required=0
2024-03-28T22:01:32.413 INFO:teuthology.orchestra.run.smithi016.stdout:/usr/bin/ceph: stderr
2024-03-28T22:01:31.428+0000 7f959d66a700 1 --2- 172.21.15.16:0/2095443002 >> [v2:172.21.15.16:6800/21986004,v1:172.21.15.16:6801/21986004] conn(0x7f9584038a90 0x7f958403af50 secure :-1 s=READY pgs=7 cs=0 l=1 rev1=1 crypto rx=0x7f9588006fd0 tx=0x7f9588006e40 comp rx=0 tx=0).ready entity=mgr.14152 client_cookie=0 server_cookie=0 in_seq=0 out_seq=0
2024-03-28T22:01:32.413 INFO:teuthology.orchestra.run.smithi016.stdout:/usr/bin/ceph: stderr
2024-03-28T22:01:31.433+0000 7f958effd700 1 -- 172.21.15.16:0/2095443002 <== mon.0 v2:172.21.15.16:3300/0 6 ==== mon_command_ack([{"prefix": "get_command_descriptions"}]=0 v0) ==== 72+0+184932 (secure 0 0 0) 0x7f9594011e20 con 0x7f9598106770
2024-03-28T22:01:32.413 INFO:teuthology.orchestra.run.smithi016.stdout:/usr/bin/ceph: stderr
2024-03-28T22:01:31.642+0000 7f95a00cf700 1 -- 172.21.15.16:0/2095443002 --> [v2:172.21.15.16:6800/21986004,v1:172.21.15.16:6801/21986004] -- mgr_command(tid 0: {"prefix": "dashboard create-self-signed-cert", "target": ["mon-mgr", ""]}) -- 0x7f957c000bf0 con 0x7f9584038a90
2024-03-28T22:01:32.413 INFO:teuthology.orchestra.run.smithi016.stdout:/usr/bin/ceph: stderr
2024-03-28T22:01:31.754+0000 7f958effd700 1 -- 172.21.15.16:0/2095443002 <== mon.0 v2:172.21.15.16:3300/0 7 ==== mgrmap(e 12) ==== 45941+0+0 (secure 0 0 0) 0x7f9594024cd0 con 0x7f9598106770
2024-03-28T22:01:32.413 INFO:teuthology.orchestra.run.smithi016.stdout:/usr/bin/ceph: stderr
2024-03-28T22:01:31.793+0000 7f958effd700 1 -- 172.21.15.16:0/2095443002 <== mgr.14152 v2:172.21.15.16:6800/21986004 1 ==== mgr_command_reply(tid 0: 0 ) ==== 8+0+32 (secure 0 0 0) 0x7f957c000bf0 con 0x7f9584038a90
2024-03-28T22:01:32.413 INFO:teuthology.orchestra.run.smithi016.stdout:/usr/bin/ceph: stderr
2024-03-28T22:01:31.795+0000 7f95a00cf700 1 -- 172.21.15.16:0/2095443002 >> [v2:172.21.15.16:6800/21986004,v1:172.21.15.16:6801/21986004] conn(0x7f9584038a90 msgr2=0x7f958403af50 secure :-1 s=STATE_CONNECTION_ESTABLISHED l=1).mark_down
2024-03-28T22:01:32.413 INFO:teuthology.orchestra.run.smithi016.stdout:/usr/bin/ceph: stderr
2024-03-28T22:01:31.795+0000 7f95a00cf700 1 --2- 172.21.15.16:0/2095443002 >> [v2:172.21.15.16:6800/21986004,v1:172.21.15.16:6801/21986004] conn(0x7f9584038a90 0x7f958403af50 secure :-1 s=READY pgs=7 cs=0 l=1 rev1=1 crypto rx=0x7f9588006fd0 tx=0x7f9588006e40 comp rx=0 tx=0).stop
2024-03-28T22:01:32.413 INFO:teuthology.orchestra.run.smithi016.stdout:/usr/bin/ceph: stderr
2024-03-28T22:01:31.795+0000 7f95a00cf700 1 -- 172.21.15.16:0/2095443002 >> [v2:172.21.15.16:3300/0,v1:172.21.15.16:6789/0] conn(0x7f9598106770 msgr2=0x7f959819df90 secure :-1 s=STATE_CONNECTION_ESTABLISHED l=1).mark_down
2024-03-28T22:01:32.413 INFO:teuthology.orchestra.run.smithi016.stdout:/usr/bin/ceph: stderr
2024-03-28T22:01:31.795+0000 7f95a00cf700 1 --2- 172.21.15.16:0/2095443002 >> [v2:172.21.15.16:3300/0,v1:172.21.15.16:6789/0] conn(0x7f9598106770 0x7f959819df90 secure :-1 s=READY pgs=71 cs=0 l=1 rev1=1 crypto rx=0x7f95940117e0 tx=0x7f9594011c10 comp rx=0 tx=0).stop
2024-03-28T22:01:32.413 INFO:teuthology.orchestra.run.smithi016.stdout:/usr/bin/ceph: stderr
2024-03-28T22:01:31.795+0000 7f95a00cf700 1 -- 172.21.15.16:0/2095443002 shutdown_connections
2024-03-28T22:01:32.413 INFO:teuthology.orchestra.run.smithi016.stdout:/usr/bin/ceph: stderr
2024-03-28T22:01:31.795+0000 7f95a00cf700 1 --2- 172.21.15.16:0/2095443002 >> [v2:172.21.15.16:6800/21986004,v1:172.21.15.16:6801/21986004] conn(0x7f9584038a90 0x7f958403af50 unknown :-1 s=CLOSED pgs=7 cs=0 l=1 rev1=1 crypto rx=0 tx=0 comp rx=0 tx=0).stop
2024-03-28T22:01:32.413 INFO:teuthology.orchestra.run.smithi016.stdout:/usr/bin/ceph: stderr
2024-03-28T22:01:31.795+0000 7f95a00cf700 1 --2- 172.21.15.16:0/2095443002 >> [v2:172.21.15.16:3300/0,v1:172.21.15.16:6789/0] conn(0x7f9598106770 0x7f959819df90 unknown :-1 s=CLOSED pgs=71 cs=0 l=1 rev1=1 crypto rx=0 tx=0 comp rx=0 tx=0).stop
2024-03-28T22:01:32.413 INFO:teuthology.orchestra.run.smithi016.stdout:/usr/bin/ceph: stderr
2024-03-28T22:01:31.795+0000 7f95a00cf700 1 -- 172.21.15.16:0/2095443002 >> 172.21.15.16:0/2095443002 conn(0x7f9598102310 msgr2=0x7f9598194c30 unknown :-1 s=STATE_NONE l=0).mark_down
2024-03-28T22:01:32.413 INFO:teuthology.orchestra.run.smithi016.stdout:/usr/bin/ceph: stderr
2024-03-28T22:01:31.795+0000 7f95a00cf700 1 -- 172.21.15.16:0/2095443002 shutdown_connections
2024-03-28T22:01:32.414 INFO:teuthology.orchestra.run.smithi016.stdout:/usr/bin/ceph: stderr
2024-03-28T22:01:31.795+0000 7f95a00cf700 1 -- 172.21.15.16:0/2095443002 wait complete.
2024-03-28T22:01:32.414 INFO:teuthology.orchestra.run.smithi016.stdout:Creating initial admin user...
2024-03-28T22:01:33.043 INFO:journalctl@ceph.mon.a.smithi016.stdout:Mar 28 22:01:32 smithi016 ceph-mon[32374]: from='client.14164 -' entity='client.admin' cmd=[{"prefix": "dashboard create-self-signed-cert", "target": ["mon-mgr", ""]}]: dispatch
2024-03-28T22:01:33.043 INFO:journalctl@ceph.mon.a.smithi016.stdout:Mar 28 22:01:32 smithi016 ceph-mon[32374]: mgrmap e12: x(active, since 2s)
2024-03-28T22:01:33.043 INFO:journalctl@ceph.mon.a.smithi016.stdout:Mar 28 22:01:32 smithi016 ceph-mon[32374]: from='mgr.14152 172.21.15.16:0/956354196' entity='mgr.x'
2024-03-28T22:01:33.043 INFO:journalctl@ceph.mon.a.smithi016.stdout:Mar 28 22:01:32 smithi016 ceph-mon[32374]: from='mgr.14152 172.21.15.16:0/956354196' entity='mgr.x'
2024-03-28T22:01:33.900 INFO:teuthology.orchestra.run.smithi016.stdout:/usr/bin/ceph: stdout {"username": "admin", "password": "$2b$12$qns13rxshREUtM964T6VM.UY3PAMY0eqQKlK/wGjmk.xtziPT1.di", "roles": ["administrator"], "name": null, "email": null, "lastUpdate": 1711663293, "enabled": true, "pwdExpirationDate": null, "pwdUpdateRequired": true}
2024-03-28T22:01:33.900 INFO:teuthology.orchestra.run.smithi016.stdout:/usr/bin/ceph: stderr
2024-03-28T22:01:32.796+0000 7f446460e700 1 Processor -- start
2024-03-28T22:01:33.900 INFO:teuthology.orchestra.run.smithi016.stdout:/usr/bin/ceph: stderr
2024-03-28T22:01:32.796+0000 7f446460e700 1 -- start start
2024-03-28T22:01:33.901 INFO:teuthology.orchestra.run.smithi016.stdout:/usr/bin/ceph: stderr
2024-03-28T22:01:32.796+0000 7f446460e700 1 --2- >> [v2:172.21.15.16:3300/0,v1:172.21.15.16:6789/0] conn(0x7f445c107f20 0x7f445c108340 unknown :-1 s=NONE pgs=0 cs=0 l=0 rev1=0 crypto rx=0 tx=0 comp rx=0 tx=0).connect
2024-03-28T22:01:33.901 INFO:teuthology.orchestra.run.smithi016.stdout:/usr/bin/ceph: stderr
2024-03-28T22:01:32.796+0000 7f446460e700 1 -- --> [v2:172.21.15.16:3300/0,v1:172.21.15.16:6789/0] -- mon_getmap magic: 0 -- 0x7f445c108880 con 0x7f445c107f20
2024-03-28T22:01:33.901 INFO:teuthology.orchestra.run.smithi016.stdout:/usr/bin/ceph: stderr
2024-03-28T22:01:32.797+0000 7f44623aa700 1 --2- >> [v2:172.21.15.16:3300/0,v1:172.21.15.16:6789/0] conn(0x7f445c107f20 0x7f445c108340 unknown :-1 s=BANNER_CONNECTING pgs=0 cs=0 l=0 rev1=0 crypto rx=0 tx=0 comp rx=0 tx=0)._handle_peer_banner_payload supported=3 required=0
2024-03-28T22:01:33.901 INFO:teuthology.orchestra.run.smithi016.stdout:/usr/bin/ceph: stderr
2024-03-28T22:01:32.797+0000 7f44623aa700 1 --2- >> [v2:172.21.15.16:3300/0,v1:172.21.15.16:6789/0] conn(0x7f445c107f20 0x7f445c108340 unknown :-1 s=HELLO_CONNECTING pgs=0 cs=0 l=0 rev1=1 crypto rx=0 tx=0 comp rx=0 tx=0).handle_hello peer v2:172.21.15.16:3300/0 says I am v2:172.21.15.16:38986/0 (socket says 172.21.15.16:38986)
2024-03-28T22:01:33.901 INFO:teuthology.orchestra.run.smithi016.stdout:/usr/bin/ceph: stderr
2024-03-28T22:01:32.797+0000 7f44623aa700 1 -- 172.21.15.16:0/3258670840 learned_addr learned my addr 172.21.15.16:0/3258670840 (peer_addr_for_me v2:172.21.15.16:0/0)
2024-03-28T22:01:33.901 INFO:teuthology.orchestra.run.smithi016.stdout:/usr/bin/ceph: stderr
2024-03-28T22:01:32.797+0000 7f44623aa700 1 -- 172.21.15.16:0/3258670840 --> [v2:172.21.15.16:3300/0,v1:172.21.15.16:6789/0] -- mon_subscribe({config=0+,monmap=0+}) -- 0x7f445c108fe0 con 0x7f445c107f20
2024-03-28T22:01:33.901 INFO:teuthology.orchestra.run.smithi016.stdout:/usr/bin/ceph: stderr
2024-03-28T22:01:32.797+0000 7f44623aa700 1 --2- 172.21.15.16:0/3258670840 >> [v2:172.21.15.16:3300/0,v1:172.21.15.16:6789/0] conn(0x7f445c107f20 0x7f445c108340 secure :-1 s=READY pgs=72 cs=0 l=1 rev1=1 crypto rx=0x7f4454009e80 tx=0x7f445400b330 comp rx=0 tx=0).ready entity=mon.0 client_cookie=12e487306740d1b server_cookie=0 in_seq=0 out_seq=0
2024-03-28T22:01:33.901 INFO:teuthology.orchestra.run.smithi016.stdout:/usr/bin/ceph: stderr
2024-03-28T22:01:32.797+0000 7f44613a8700 1 -- 172.21.15.16:0/3258670840 <== mon.0 v2:172.21.15.16:3300/0 1 ==== mon_map magic: 0 ==== 205+0+0 (secure 0 0 0) 0x7f4454017070 con 0x7f445c107f20
2024-03-28T22:01:33.901 INFO:teuthology.orchestra.run.smithi016.stdout:/usr/bin/ceph: stderr
2024-03-28T22:01:32.797+0000 7f44613a8700 1 -- 172.21.15.16:0/3258670840 <== mon.0 v2:172.21.15.16:3300/0 2 ==== config(27 keys) ==== 1140+0+0 (secure 0 0 0) 0x7f445400b8c0 con 0x7f445c107f20
2024-03-28T22:01:33.901 INFO:teuthology.orchestra.run.smithi016.stdout:/usr/bin/ceph: stderr
2024-03-28T22:01:32.797+0000 7f44613a8700 1 -- 172.21.15.16:0/3258670840 <== mon.0 v2:172.21.15.16:3300/0 3 ==== mon_map magic: 0 ==== 205+0+0 (secure 0 0 0) 0x7f44540045c0 con 0x7f445c107f20
2024-03-28T22:01:33.901 INFO:teuthology.orchestra.run.smithi016.stdout:/usr/bin/ceph: stderr
2024-03-28T22:01:32.798+0000 7f446460e700 1 -- 172.21.15.16:0/3258670840 >> [v2:172.21.15.16:3300/0,v1:172.21.15.16:6789/0] conn(0x7f445c107f20 msgr2=0x7f445c108340 secure :-1 s=STATE_CONNECTION_ESTABLISHED l=1).mark_down
2024-03-28T22:01:33.901 INFO:teuthology.orchestra.run.smithi016.stdout:/usr/bin/ceph: stderr
2024-03-28T22:01:32.798+0000 7f446460e700 1 --2- 172.21.15.16:0/3258670840 >> [v2:172.21.15.16:3300/0,v1:172.21.15.16:6789/0] conn(0x7f445c107f20 0x7f445c108340 secure :-1 s=READY pgs=72 cs=0 l=1 rev1=1 crypto rx=0x7f4454009e80 tx=0x7f445400b330 comp rx=0 tx=0).stop
2024-03-28T22:01:33.902 INFO:teuthology.orchestra.run.smithi016.stdout:/usr/bin/ceph: stderr
2024-03-28T22:01:32.798+0000 7f446460e700 1 -- 172.21.15.16:0/3258670840 shutdown_connections
2024-03-28T22:01:33.902 INFO:teuthology.orchestra.run.smithi016.stdout:/usr/bin/ceph: stderr
2024-03-28T22:01:32.798+0000 7f446460e700 1 --2- 172.21.15.16:0/3258670840 >> [v2:172.21.15.16:3300/0,v1:172.21.15.16:6789/0] conn(0x7f445c107f20 0x7f445c108340 unknown :-1 s=CLOSED pgs=72 cs=0 l=1 rev1=1 crypto rx=0 tx=0 comp rx=0 tx=0).stop
2024-03-28T22:01:33.902 INFO:teuthology.orchestra.run.smithi016.stdout:/usr/bin/ceph: stderr
2024-03-28T22:01:32.798+0000 7f446460e700 1 -- 172.21.15.16:0/3258670840 >> 172.21.15.16:0/3258670840 conn(0x7f445c1034a0 msgr2=0x7f445c105900 unknown :-1 s=STATE_NONE l=0).mark_down
2024-03-28T22:01:33.902 INFO:teuthology.orchestra.run.smithi016.stdout:/usr/bin/ceph: stderr
2024-03-28T22:01:32.798+0000 7f446460e700 1 -- 172.21.15.16:0/3258670840 shutdown_connections
2024-03-28T22:01:33.902 INFO:teuthology.orchestra.run.smithi016.stdout:/usr/bin/ceph: stderr
2024-03-28T22:01:32.798+0000 7f446460e700 1 -- 172.21.15.16:0/3258670840 wait complete.
2024-03-28T22:01:33.902 INFO:teuthology.orchestra.run.smithi016.stdout:/usr/bin/ceph: stderr
2024-03-28T22:01:32.799+0000 7f446460e700 1 Processor -- start
2024-03-28T22:01:33.902 INFO:teuthology.orchestra.run.smithi016.stdout:/usr/bin/ceph: stderr
2024-03-28T22:01:32.799+0000 7f446460e700 1 -- start start
2024-03-28T22:01:33.902 INFO:teuthology.orchestra.run.smithi016.stdout:/usr/bin/ceph: stderr
2024-03-28T22:01:32.799+0000 7f446460e700 1 --2- >> [v2:172.21.15.16:3300/0,v1:172.21.15.16:6789/0] conn(0x7f445c107f20 0x7f445c19bdd0 unknown :-1 s=NONE pgs=0 cs=0 l=1 rev1=0 crypto rx=0 tx=0 comp rx=0 tx=0).connect
2024-03-28T22:01:33.902 INFO:teuthology.orchestra.run.smithi016.stdout:/usr/bin/ceph: stderr
2024-03-28T22:01:32.799+0000 7f446460e700 1 -- --> [v2:172.21.15.16:3300/0,v1:172.21.15.16:6789/0] -- mon_getmap magic: 0 -- 0x7f445c10c420 con 0x7f445c107f20
2024-03-28T22:01:33.902 INFO:teuthology.orchestra.run.smithi016.stdout:/usr/bin/ceph: stderr
2024-03-28T22:01:32.799+0000 7f44623aa700 1 --2- >> [v2:172.21.15.16:3300/0,v1:172.21.15.16:6789/0] conn(0x7f445c107f20 0x7f445c19bdd0 unknown :-1 s=BANNER_CONNECTING pgs=0 cs=0 l=1 rev1=0 crypto rx=0 tx=0 comp rx=0 tx=0)._handle_peer_banner_payload supported=3 required=0
2024-03-28T22:01:33.902 INFO:teuthology.orchestra.run.smithi016.stdout:/usr/bin/ceph: stderr
2024-03-28T22:01:32.799+0000 7f44623aa700 1 --2- >> [v2:172.21.15.16:3300/0,v1:172.21.15.16:6789/0] conn(0x7f445c107f20 0x7f445c19bdd0 unknown :-1 s=HELLO_CONNECTING pgs=0 cs=0 l=1 rev1=1 crypto rx=0 tx=0 comp rx=0 tx=0).handle_hello peer v2:172.21.15.16:3300/0 says I am v2:172.21.15.16:38996/0 (socket says 172.21.15.16:38996)
2024-03-28T22:01:33.902 INFO:teuthology.orchestra.run.smithi016.stdout:/usr/bin/ceph: stderr
2024-03-28T22:01:32.799+0000 7f44623aa700 1 -- 172.21.15.16:0/2025179929 learned_addr learned my addr 172.21.15.16:0/2025179929 (peer_addr_for_me v2:172.21.15.16:0/0)
2024-03-28T22:01:33.903 INFO:teuthology.orchestra.run.smithi016.stdout:/usr/bin/ceph: stderr
2024-03-28T22:01:32.799+0000 7f44623aa700 1 -- 172.21.15.16:0/2025179929 --> [v2:172.21.15.16:3300/0,v1:172.21.15.16:6789/0] -- mon_subscribe({config=0+,monmap=0+}) -- 0x7f445c19c310 con 0x7f445c107f20
2024-03-28T22:01:33.903 INFO:teuthology.orchestra.run.smithi016.stdout:/usr/bin/ceph: stderr
2024-03-28T22:01:32.799+0000 7f44623aa700 1 --2- 172.21.15.16:0/2025179929 >> [v2:172.21.15.16:3300/0,v1:172.21.15.16:6789/0] conn(0x7f445c107f20 0x7f445c19bdd0 secure :-1 s=READY pgs=73 cs=0 l=1 rev1=1 crypto rx=0x7f445400b7b0 tx=0x7f445400bd50 comp rx=0 tx=0).ready entity=mon.0 client_cookie=0 server_cookie=0 in_seq=0 out_seq=0
2024-03-28T22:01:33.903 INFO:teuthology.orchestra.run.smithi016.stdout:/usr/bin/ceph: stderr
2024-03-28T22:01:32.799+0000 7f445b7fe700 1 -- 172.21.15.16:0/2025179929 <== mon.0 v2:172.21.15.16:3300/0 1 ==== mon_map magic: 0 ==== 205+0+0 (secure 0 0 0) 0x7f4454020020 con 0x7f445c107f20
2024-03-28T22:01:33.903 INFO:teuthology.orchestra.run.smithi016.stdout:/usr/bin/ceph: stderr
2024-03-28T22:01:32.799+0000 7f445b7fe700 1 -- 172.21.15.16:0/2025179929 <== mon.0 v2:172.21.15.16:3300/0 2 ==== config(27 keys) ==== 1140+0+0 (secure 0 0 0) 0x7f4454003d90 con 0x7f445c107f20
2024-03-28T22:01:33.903 INFO:teuthology.orchestra.run.smithi016.stdout:/usr/bin/ceph: stderr
2024-03-28T22:01:32.799+0000 7f445b7fe700 1 -- 172.21.15.16:0/2025179929 <== mon.0 v2:172.21.15.16:3300/0 3 ==== mon_map magic: 0 ==== 205+0+0 (secure 0 0 0) 0x7f4454017040 con 0x7f445c107f20
2024-03-28T22:01:33.903 INFO:teuthology.orchestra.run.smithi016.stdout:/usr/bin/ceph: stderr
2024-03-28T22:01:32.799+0000 7f446460e700 1 -- 172.21.15.16:0/2025179929 --> [v2:172.21.15.16:3300/0,v1:172.21.15.16:6789/0] -- mon_subscribe({mgrmap=0+}) -- 0x7f445c19c5a0 con 0x7f445c107f20
2024-03-28T22:01:33.903 INFO:teuthology.orchestra.run.smithi016.stdout:/usr/bin/ceph: stderr
2024-03-28T22:01:32.800+0000 7f446460e700 1 -- 172.21.15.16:0/2025179929 --> [v2:172.21.15.16:3300/0,v1:172.21.15.16:6789/0] -- mon_subscribe({osdmap=0}) -- 0x7f445c19f290 con 0x7f445c107f20
2024-03-28T22:01:33.903 INFO:teuthology.orchestra.run.smithi016.stdout:/usr/bin/ceph: stderr
2024-03-28T22:01:32.800+0000 7f445b7fe700 1 -- 172.21.15.16:0/2025179929 <== mon.0 v2:172.21.15.16:3300/0 4 ==== mgrmap(e 12) ==== 45941+0+0 (secure 0 0 0) 0x7f4454023020 con 0x7f445c107f20
2024-03-28T22:01:33.903 INFO:teuthology.orchestra.run.smithi016.stdout:/usr/bin/ceph: stderr
2024-03-28T22:01:32.801+0000 7f445b7fe700 1 --2- 172.21.15.16:0/2025179929 >> [v2:172.21.15.16:6800/21986004,v1:172.21.15.16:6801/21986004] conn(0x7f4444038ba0 0x7f444403b060 unknown :-1 s=NONE pgs=0 cs=0 l=1 rev1=0 crypto rx=0 tx=0 comp rx=0 tx=0).connect
2024-03-28T22:01:33.903 INFO:teuthology.orchestra.run.smithi016.stdout:/usr/bin/ceph: stderr
2024-03-28T22:01:32.801+0000 7f446460e700 1 -- 172.21.15.16:0/2025179929 --> [v2:172.21.15.16:3300/0,v1:172.21.15.16:6789/0] -- mon_command({"prefix": "get_command_descriptions"} v 0) -- 0x7f445c063870 con 0x7f445c107f20
2024-03-28T22:01:33.903 INFO:teuthology.orchestra.run.smithi016.stdout:/usr/bin/ceph: stderr
2024-03-28T22:01:32.801+0000 7f445b7fe700 1 -- 172.21.15.16:0/2025179929 <== mon.0 v2:172.21.15.16:3300/0 5 ==== osd_map(3..3 src has 1..3) ==== 1155+0+0 (secure 0 0 0) 0x7f445400f050 con 0x7f445c107f20
2024-03-28T22:01:33.903 INFO:teuthology.orchestra.run.smithi016.stdout:/usr/bin/ceph: stderr
2024-03-28T22:01:32.801+0000 7f4461ba9700 1 --2- 172.21.15.16:0/2025179929 >> [v2:172.21.15.16:6800/21986004,v1:172.21.15.16:6801/21986004] conn(0x7f4444038ba0 0x7f444403b060 unknown :-1 s=BANNER_CONNECTING pgs=0 cs=0 l=1 rev1=0 crypto rx=0 tx=0 comp rx=0 tx=0)._handle_peer_banner_payload supported=3 required=0
2024-03-28T22:01:33.904 INFO:teuthology.orchestra.run.smithi016.stdout:/usr/bin/ceph: stderr
2024-03-28T22:01:32.801+0000 7f4461ba9700 1 --2- 172.21.15.16:0/2025179929 >> [v2:172.21.15.16:6800/21986004,v1:172.21.15.16:6801/21986004] conn(0x7f4444038ba0 0x7f444403b060 secure :-1 s=READY pgs=8 cs=0 l=1 rev1=1 crypto rx=0x7f4450006fd0 tx=0x7f4450006e40 comp rx=0 tx=0).ready entity=mgr.14152 client_cookie=0 server_cookie=0 in_seq=0 out_seq=0
2024-03-28T22:01:33.904 INFO:teuthology.orchestra.run.smithi016.stdout:/usr/bin/ceph: stderr
2024-03-28T22:01:32.806+0000 7f445b7fe700 1 -- 172.21.15.16:0/2025179929 <== mon.0 v2:172.21.15.16:3300/0 6 ==== mon_command_ack([{"prefix": "get_command_descriptions"}]=0 v0) ==== 72+0+184932 (secure 0 0 0) 0x7f445402a020 con 0x7f445c107f20
2024-03-28T22:01:33.904 INFO:teuthology.orchestra.run.smithi016.stdout:/usr/bin/ceph: stderr
2024-03-28T22:01:33.041+0000 7f446460e700 1 -- 172.21.15.16:0/2025179929 --> [v2:172.21.15.16:6800/21986004,v1:172.21.15.16:6801/21986004] -- mgr_command(tid 0: {"prefix": "dashboard ac-user-create", "username": "admin", "rolename": "administrator", "force_password": true, "pwd_update_required": true, "target": ["mon-mgr", ""]}) -- 0x7f445c104620 con 0x7f4444038ba0
2024-03-28T22:01:33.904 INFO:teuthology.orchestra.run.smithi016.stdout:/usr/bin/ceph: stderr
2024-03-28T22:01:33.287+0000 7f445b7fe700 1 -- 172.21.15.16:0/2025179929 <== mgr.14152 v2:172.21.15.16:6800/21986004 1 ==== mgr_command_reply(tid 0: 0 ) ==== 8+0+252 (secure 0 0 0) 0x7f445c104620 con 0x7f4444038ba0
2024-03-28T22:01:33.904 INFO:teuthology.orchestra.run.smithi016.stdout:/usr/bin/ceph: stderr
2024-03-28T22:01:33.289+0000 7f446460e700 1 -- 172.21.15.16:0/2025179929 >> [v2:172.21.15.16:6800/21986004,v1:172.21.15.16:6801/21986004] conn(0x7f4444038ba0 msgr2=0x7f444403b060 secure :-1 s=STATE_CONNECTION_ESTABLISHED l=1).mark_down
2024-03-28T22:01:33.904 INFO:teuthology.orchestra.run.smithi016.stdout:/usr/bin/ceph: stderr
2024-03-28T22:01:33.289+0000 7f446460e700 1 --2- 172.21.15.16:0/2025179929 >> [v2:172.21.15.16:6800/21986004,v1:172.21.15.16:6801/21986004] conn(0x7f4444038ba0 0x7f444403b060 secure :-1 s=READY pgs=8 cs=0 l=1 rev1=1 crypto rx=0x7f4450006fd0 tx=0x7f4450006e40 comp rx=0 tx=0).stop
2024-03-28T22:01:33.904 INFO:teuthology.orchestra.run.smithi016.stdout:/usr/bin/ceph: stderr
2024-03-28T22:01:33.289+0000 7f446460e700 1 -- 172.21.15.16:0/2025179929 >> [v2:172.21.15.16:3300/0,v1:172.21.15.16:6789/0] conn(0x7f445c107f20 msgr2=0x7f445c19bdd0 secure :-1 s=STATE_CONNECTION_ESTABLISHED l=1).mark_down
2024-03-28T22:01:33.904 INFO:teuthology.orchestra.run.smithi016.stdout:/usr/bin/ceph: stderr
2024-03-28T22:01:33.289+0000 7f446460e700 1 --2- 172.21.15.16:0/2025179929 >> [v2:172.21.15.16:3300/0,v1:172.21.15.16:6789/0] conn(0x7f445c107f20 0x7f445c19bdd0 secure :-1 s=READY pgs=73 cs=0 l=1 rev1=1 crypto rx=0x7f445400b7b0 tx=0x7f445400bd50 comp rx=0 tx=0).stop
2024-03-28T22:01:33.904 INFO:teuthology.orchestra.run.smithi016.stdout:/usr/bin/ceph: stderr
2024-03-28T22:01:33.289+0000 7f446460e700 1 -- 172.21.15.16:0/2025179929 shutdown_connections
2024-03-28T22:01:33.904 INFO:teuthology.orchestra.run.smithi016.stdout:/usr/bin/ceph: stderr
2024-03-28T22:01:33.289+0000 7f446460e700 1 --2- 172.21.15.16:0/2025179929 >> [v2:172.21.15.16:6800/21986004,v1:172.21.15.16:6801/21986004] conn(0x7f4444038ba0 0x7f444403b060 unknown :-1 s=CLOSED pgs=8 cs=0 l=1 rev1=1 crypto rx=0 tx=0 comp rx=0 tx=0).stop
2024-03-28T22:01:33.904 INFO:teuthology.orchestra.run.smithi016.stdout:/usr/bin/ceph: stderr
2024-03-28T22:01:33.289+0000 7f446460e700 1 --2- 172.21.15.16:0/2025179929 >> [v2:172.21.15.16:3300/0,v1:172.21.15.16:6789/0] conn(0x7f445c107f20 0x7f445c19bdd0 unknown :-1 s=CLOSED pgs=73 cs=0 l=1 rev1=1 crypto rx=0 tx=0 comp rx=0 tx=0).stop
2024-03-28T22:01:33.904 INFO:teuthology.orchestra.run.smithi016.stdout:/usr/bin/ceph: stderr
2024-03-28T22:01:33.289+0000 7f446460e700 1 -- 172.21.15.16:0/2025179929 >> 172.21.15.16:0/2025179929 conn(0x7f445c1034a0 msgr2=0x7f445c103f10 unknown :-1 s=STATE_NONE l=0).mark_down
2024-03-28T22:01:33.904 INFO:teuthology.orchestra.run.smithi016.stdout:/usr/bin/ceph: stderr
2024-03-28T22:01:33.289+0000 7f446460e700 1 -- 172.21.15.16:0/2025179929 shutdown_connections
2024-03-28T22:01:33.905 INFO:teuthology.orchestra.run.smithi016.stdout:/usr/bin/ceph: stderr
2024-03-28T22:01:33.290+0000 7f446460e700 1 -- 172.21.15.16:0/2025179929 wait complete.
2024-03-28T22:01:33.905 INFO:teuthology.orchestra.run.smithi016.stdout:Fetching dashboard port number...
2024-03-28T22:01:34.261 INFO:journalctl@ceph.mon.a.smithi016.stdout:Mar 28 22:01:33 smithi016 ceph-mon[32374]: from='mgr.14152 172.21.15.16:0/956354196' entity='mgr.x'
2024-03-28T22:01:34.261 INFO:journalctl@ceph.mon.a.smithi016.stdout:Mar 28 22:01:33 smithi016 ceph-mon[32374]: from='mgr.14152 172.21.15.16:0/956354196' entity='mgr.x'
2024-03-28T22:01:35.186 INFO:journalctl@ceph.mon.a.smithi016.stdout:Mar 28 22:01:34 smithi016 ceph-mon[32374]: from='client.14166 -' entity='client.admin' cmd=[{"prefix": "dashboard ac-user-create", "username": "admin", "rolename": "administrator", "force_password": true, "pwd_update_required": true, "target": ["mon-mgr", ""]}]: dispatch
2024-03-28T22:01:35.186 INFO:journalctl@ceph.mon.a.smithi016.stdout:Mar 28 22:01:34 smithi016 ceph-mon[32374]: from='client.? 172.21.15.16:0/2979399212' entity='client.admin' cmd=[{"prefix": "config get", "who": "mgr", "key": "mgr/dashboard/ssl_server_port"}]: dispatch
2024-03-28T22:01:35.476 INFO:teuthology.orchestra.run.smithi016.stdout:/usr/bin/ceph: stdout 8443
2024-03-28T22:01:35.476 INFO:teuthology.orchestra.run.smithi016.stdout:/usr/bin/ceph: stderr
2024-03-28T22:01:34.360+0000 7fcb0c3fb700 1 Processor -- start
2024-03-28T22:01:35.477 INFO:teuthology.orchestra.run.smithi016.stdout:/usr/bin/ceph: stderr
2024-03-28T22:01:34.360+0000 7fcb0c3fb700 1 -- start start
2024-03-28T22:01:35.477 INFO:teuthology.orchestra.run.smithi016.stdout:/usr/bin/ceph: stderr
2024-03-28T22:01:34.360+0000 7fcb0c3fb700 1 --2- >> [v2:172.21.15.16:3300/0,v1:172.21.15.16:6789/0] conn(0x7fcb04106d70 0x7fcb04107190 unknown :-1 s=NONE pgs=0 cs=0 l=0 rev1=0 crypto rx=0 tx=0 comp rx=0 tx=0).connect
2024-03-28T22:01:35.477 INFO:teuthology.orchestra.run.smithi016.stdout:/usr/bin/ceph: stderr
2024-03-28T22:01:34.360+0000 7fcb0c3fb700 1 -- --> [v2:172.21.15.16:3300/0,v1:172.21.15.16:6789/0] -- mon_getmap magic: 0 -- 0x7fcb04107760 con 0x7fcb04106d70
2024-03-28T22:01:35.477 INFO:teuthology.orchestra.run.smithi016.stdout:/usr/bin/ceph: stderr
2024-03-28T22:01:34.361+0000 7fcb0a197700 1 --2- >> [v2:172.21.15.16:3300/0,v1:172.21.15.16:6789/0] conn(0x7fcb04106d70 0x7fcb04107190 unknown :-1 s=BANNER_CONNECTING pgs=0 cs=0 l=0 rev1=0 crypto rx=0 tx=0 comp rx=0 tx=0)._handle_peer_banner_payload supported=3 required=0
2024-03-28T22:01:35.477 INFO:teuthology.orchestra.run.smithi016.stdout:/usr/bin/ceph: stderr
2024-03-28T22:01:34.361+0000 7fcb0a197700 1 --2- >> [v2:172.21.15.16:3300/0,v1:172.21.15.16:6789/0] conn(0x7fcb04106d70 0x7fcb04107190 unknown :-1 s=HELLO_CONNECTING pgs=0 cs=0 l=0 rev1=1 crypto rx=0 tx=0 comp rx=0 tx=0).handle_hello peer v2:172.21.15.16:3300/0 says I am v2:172.21.15.16:39002/0 (socket says 172.21.15.16:39002)
2024-03-28T22:01:35.477 INFO:teuthology.orchestra.run.smithi016.stdout:/usr/bin/ceph: stderr
2024-03-28T22:01:34.361+0000 7fcb0a197700 1 -- 172.21.15.16:0/961644400 learned_addr learned my addr 172.21.15.16:0/961644400 (peer_addr_for_me v2:172.21.15.16:0/0)
2024-03-28T22:01:35.477 INFO:teuthology.orchestra.run.smithi016.stdout:/usr/bin/ceph: stderr
2024-03-28T22:01:34.361+0000 7fcb0a197700 1 -- 172.21.15.16:0/961644400 --> [v2:172.21.15.16:3300/0,v1:172.21.15.16:6789/0] -- mon_subscribe({config=0+,monmap=0+}) -- 0x7fcb04107f70 con 0x7fcb04106d70
2024-03-28T22:01:35.477 INFO:teuthology.orchestra.run.smithi016.stdout:/usr/bin/ceph: stderr
2024-03-28T22:01:34.361+0000 7fcb0a197700 1 --2- 172.21.15.16:0/961644400 >> [v2:172.21.15.16:3300/0,v1:172.21.15.16:6789/0] conn(0x7fcb04106d70 0x7fcb04107190 secure :-1 s=READY pgs=74 cs=0 l=1 rev1=1 crypto rx=0x7fcb000098a0 tx=0x7fcb00009bb0 comp rx=0 tx=0).ready entity=mon.0 client_cookie=709f307803d32674 server_cookie=0 in_seq=0 out_seq=0
2024-03-28T22:01:35.477 INFO:teuthology.orchestra.run.smithi016.stdout:/usr/bin/ceph: stderr
2024-03-28T22:01:34.361+0000 7fcb09195700 1 -- 172.21.15.16:0/961644400 <== mon.0 v2:172.21.15.16:3300/0 1 ==== mon_map magic: 0 ==== 205+0+0 (secure 0 0 0) 0x7fcb00004160 con 0x7fcb04106d70
2024-03-28T22:01:35.477 INFO:teuthology.orchestra.run.smithi016.stdout:/usr/bin/ceph: stderr
2024-03-28T22:01:34.361+0000 7fcb09195700 1 -- 172.21.15.16:0/961644400 <== mon.0 v2:172.21.15.16:3300/0 2 ==== config(27 keys) ==== 1140+0+0 (secure 0 0 0) 0x7fcb00004300 con 0x7fcb04106d70
2024-03-28T22:01:35.477 INFO:teuthology.orchestra.run.smithi016.stdout:/usr/bin/ceph: stderr
2024-03-28T22:01:34.361+0000 7fcb09195700 1 -- 172.21.15.16:0/961644400 <== mon.0 v2:172.21.15.16:3300/0 3 ==== mon_map magic: 0 ==== 205+0+0 (secure 0 0 0) 0x7fcb00011b20 con 0x7fcb04106d70
2024-03-28T22:01:35.477 INFO:teuthology.orchestra.run.smithi016.stdout:/usr/bin/ceph: stderr
2024-03-28T22:01:34.362+0000 7fcb0c3fb700 1 -- 172.21.15.16:0/961644400 >> [v2:172.21.15.16:3300/0,v1:172.21.15.16:6789/0] conn(0x7fcb04106d70 msgr2=0x7fcb04107190 secure :-1 s=STATE_CONNECTION_ESTABLISHED l=1).mark_down
2024-03-28T22:01:35.477 INFO:teuthology.orchestra.run.smithi016.stdout:/usr/bin/ceph: stderr
2024-03-28T22:01:34.362+0000 7fcb0c3fb700 1 --2- 172.21.15.16:0/961644400 >> [v2:172.21.15.16:3300/0,v1:172.21.15.16:6789/0] conn(0x7fcb04106d70 0x7fcb04107190 secure :-1 s=READY pgs=74 cs=0 l=1 rev1=1 crypto rx=0x7fcb000098a0 tx=0x7fcb00009bb0 comp rx=0 tx=0).stop
2024-03-28T22:01:35.477 INFO:teuthology.orchestra.run.smithi016.stdout:/usr/bin/ceph: stderr
2024-03-28T22:01:34.362+0000 7fcb0c3fb700 1 -- 172.21.15.16:0/961644400 shutdown_connections
2024-03-28T22:01:35.477 INFO:teuthology.orchestra.run.smithi016.stdout:/usr/bin/ceph: stderr
2024-03-28T22:01:34.362+0000 7fcb0c3fb700 1 --2- 172.21.15.16:0/961644400 >> [v2:172.21.15.16:3300/0,v1:172.21.15.16:6789/0] conn(0x7fcb04106d70 0x7fcb04107190 unknown :-1 s=CLOSED pgs=74 cs=0 l=1 rev1=1 crypto rx=0 tx=0 comp rx=0 tx=0).stop
2024-03-28T22:01:35.478 INFO:teuthology.orchestra.run.smithi016.stdout:/usr/bin/ceph: stderr
2024-03-28T22:01:34.362+0000 7fcb0c3fb700 1 -- 172.21.15.16:0/961644400 >> 172.21.15.16:0/961644400 conn(0x7fcb04102310 msgr2=0x7fcb04104750 unknown :-1 s=STATE_NONE l=0).mark_down
2024-03-28T22:01:35.478 INFO:teuthology.orchestra.run.smithi016.stdout:/usr/bin/ceph: stderr
2024-03-28T22:01:34.362+0000 7fcb0c3fb700 1 -- 172.21.15.16:0/961644400 shutdown_connections
2024-03-28T22:01:35.478 INFO:teuthology.orchestra.run.smithi016.stdout:/usr/bin/ceph: stderr
2024-03-28T22:01:34.362+0000 7fcb0c3fb700 1 -- 172.21.15.16:0/961644400 wait complete.
2024-03-28T22:01:35.478 INFO:teuthology.orchestra.run.smithi016.stdout:/usr/bin/ceph: stderr
2024-03-28T22:01:34.363+0000 7fcb0c3fb700 1 Processor -- start
2024-03-28T22:01:35.478 INFO:teuthology.orchestra.run.smithi016.stdout:/usr/bin/ceph: stderr
2024-03-28T22:01:34.363+0000 7fcb0c3fb700 1 -- start start
2024-03-28T22:01:35.478 INFO:teuthology.orchestra.run.smithi016.stdout:/usr/bin/ceph: stderr
2024-03-28T22:01:34.363+0000 7fcb0c3fb700 1 --2- >> [v2:172.21.15.16:3300/0,v1:172.21.15.16:6789/0] conn(0x7fcb04106d70 0x7fcb0407ba90 unknown :-1 s=NONE pgs=0 cs=0 l=1 rev1=0 crypto rx=0 tx=0 comp rx=0 tx=0).connect
2024-03-28T22:01:35.478 INFO:teuthology.orchestra.run.smithi016.stdout:/usr/bin/ceph: stderr
2024-03-28T22:01:34.363+0000 7fcb0c3fb700 1 -- --> [v2:172.21.15.16:3300/0,v1:172.21.15.16:6789/0] -- mon_getmap magic: 0 -- 0x7fcb0410b320 con 0x7fcb04106d70
2024-03-28T22:01:35.478 INFO:teuthology.orchestra.run.smithi016.stdout:/usr/bin/ceph: stderr
2024-03-28T22:01:34.363+0000 7fcb0a197700 1 --2- >> [v2:172.21.15.16:3300/0,v1:172.21.15.16:6789/0] conn(0x7fcb04106d70 0x7fcb0407ba90 unknown :-1 s=BANNER_CONNECTING pgs=0 cs=0 l=1 rev1=0 crypto rx=0 tx=0 comp rx=0 tx=0)._handle_peer_banner_payload supported=3 required=0
2024-03-28T22:01:35.478 INFO:teuthology.orchestra.run.smithi016.stdout:/usr/bin/ceph: stderr
2024-03-28T22:01:34.363+0000 7fcb0a197700 1 --2- >> [v2:172.21.15.16:3300/0,v1:172.21.15.16:6789/0] conn(0x7fcb04106d70 0x7fcb0407ba90 unknown :-1 s=HELLO_CONNECTING pgs=0 cs=0 l=1 rev1=1 crypto rx=0 tx=0 comp rx=0 tx=0).handle_hello peer v2:172.21.15.16:3300/0 says I am v2:172.21.15.16:39008/0 (socket says 172.21.15.16:39008)
2024-03-28T22:01:35.478 INFO:teuthology.orchestra.run.smithi016.stdout:/usr/bin/ceph: stderr
2024-03-28T22:01:34.363+0000 7fcb0a197700 1 -- 172.21.15.16:0/2979399212 learned_addr learned my addr 172.21.15.16:0/2979399212 (peer_addr_for_me v2:172.21.15.16:0/0)
2024-03-28T22:01:35.478 INFO:teuthology.orchestra.run.smithi016.stdout:/usr/bin/ceph: stderr
2024-03-28T22:01:34.363+0000 7fcb0a197700 1 -- 172.21.15.16:0/2979399212 --> [v2:172.21.15.16:3300/0,v1:172.21.15.16:6789/0] -- mon_subscribe({config=0+,monmap=0+}) -- 0x7fcb0419ea90 con 0x7fcb04106d70
2024-03-28T22:01:35.478 INFO:teuthology.orchestra.run.smithi016.stdout:/usr/bin/ceph: stderr
2024-03-28T22:01:34.363+0000 7fcb0a197700 1 --2- 172.21.15.16:0/2979399212 >> [v2:172.21.15.16:3300/0,v1:172.21.15.16:6789/0] conn(0x7fcb04106d70 0x7fcb0407ba90 secure :-1 s=READY pgs=75 cs=0 l=1 rev1=1 crypto rx=0x7fcb000117e0 tx=0x7fcb00011c10 comp rx=0 tx=0).ready entity=mon.0 client_cookie=0 server_cookie=0 in_seq=0 out_seq=0
2024-03-28T22:01:35.478 INFO:teuthology.orchestra.run.smithi016.stdout:/usr/bin/ceph: stderr
2024-03-28T22:01:34.364+0000 7fcafb7fe700 1 -- 172.21.15.16:0/2979399212 <== mon.0 v2:172.21.15.16:3300/0 1 ==== mon_map magic: 0 ==== 205+0+0 (secure 0 0 0) 0x7fcb00003bf0 con 0x7fcb04106d70
2024-03-28T22:01:35.479 INFO:teuthology.orchestra.run.smithi016.stdout:/usr/bin/ceph: stderr
2024-03-28T22:01:34.364+0000 7fcb0c3fb700 1 -- 172.21.15.16:0/2979399212 --> [v2:172.21.15.16:3300/0,v1:172.21.15.16:6789/0] -- mon_subscribe({mgrmap=0+}) -- 0x7fcb0419ec60 con 0x7fcb04106d70
2024-03-28T22:01:35.479 INFO:teuthology.orchestra.run.smithi016.stdout:/usr/bin/ceph: stderr
2024-03-28T22:01:34.364+0000 7fcafb7fe700 1 -- 172.21.15.16:0/2979399212 <== mon.0 v2:172.21.15.16:3300/0 2 ==== config(27 keys) ==== 1140+0+0 (secure 0 0 0) 0x7fcb0001a910 con 0x7fcb04106d70
2024-03-28T22:01:35.479 INFO:teuthology.orchestra.run.smithi016.stdout:/usr/bin/ceph: stderr
2024-03-28T22:01:34.364+0000 7fcafb7fe700 1 -- 172.21.15.16:0/2979399212 <== mon.0 v2:172.21.15.16:3300/0 3 ==== mon_map magic: 0 ==== 205+0+0 (secure 0 0 0) 0x7fcb000249a0 con 0x7fcb04106d70
2024-03-28T22:01:35.479 INFO:teuthology.orchestra.run.smithi016.stdout:/usr/bin/ceph: stderr
2024-03-28T22:01:34.364+0000 7fcb0c3fb700 1 -- 172.21.15.16:0/2979399212 --> [v2:172.21.15.16:3300/0,v1:172.21.15.16:6789/0] -- mon_subscribe({osdmap=0}) -- 0x7fcb0419f000 con 0x7fcb04106d70
2024-03-28T22:01:35.479 INFO:teuthology.orchestra.run.smithi016.stdout:/usr/bin/ceph: stderr
2024-03-28T22:01:34.364+0000 7fcafb7fe700 1 -- 172.21.15.16:0/2979399212 <== mon.0 v2:172.21.15.16:3300/0 4 ==== mgrmap(e 12) ==== 45941+0+0 (secure 0 0 0) 0x7fcb00022020 con 0x7fcb04106d70
2024-03-28T22:01:35.479 INFO:teuthology.orchestra.run.smithi016.stdout:/usr/bin/ceph: stderr
2024-03-28T22:01:34.365+0000 7fcb0c3fb700 1 -- 172.21.15.16:0/2979399212 --> [v2:172.21.15.16:3300/0,v1:172.21.15.16:6789/0] -- mon_command({"prefix": "get_command_descriptions"} v 0) -- 0x7fcb04063870 con 0x7fcb04106d70
2024-03-28T22:01:35.479 INFO:teuthology.orchestra.run.smithi016.stdout:/usr/bin/ceph: stderr
2024-03-28T22:01:34.365+0000 7fcafb7fe700 1 --2- 172.21.15.16:0/2979399212 >> [v2:172.21.15.16:6800/21986004,v1:172.21.15.16:6801/21986004] conn(0x7fcaf0038c00 0x7fcaf003b0c0 unknown :-1 s=NONE pgs=0 cs=0 l=1 rev1=0 crypto rx=0 tx=0 comp rx=0 tx=0).connect
2024-03-28T22:01:35.479 INFO:teuthology.orchestra.run.smithi016.stdout:/usr/bin/ceph: stderr
2024-03-28T22:01:34.365+0000 7fcafb7fe700 1 -- 172.21.15.16:0/2979399212 <== mon.0 v2:172.21.15.16:3300/0 5 ==== osd_map(3..3 src has 1..3) ==== 1155+0+0 (secure 0 0 0) 0x7fcb0004cf10 con 0x7fcb04106d70
2024-03-28T22:01:35.479 INFO:teuthology.orchestra.run.smithi016.stdout:/usr/bin/ceph: stderr
2024-03-28T22:01:34.365+0000 7fcb09996700 1 --2- 172.21.15.16:0/2979399212 >> [v2:172.21.15.16:6800/21986004,v1:172.21.15.16:6801/21986004] conn(0x7fcaf0038c00 0x7fcaf003b0c0 unknown :-1 s=BANNER_CONNECTING pgs=0 cs=0 l=1 rev1=0 crypto rx=0 tx=0 comp rx=0 tx=0)._handle_peer_banner_payload supported=3 required=0
2024-03-28T22:01:35.479 INFO:teuthology.orchestra.run.smithi016.stdout:/usr/bin/ceph: stderr
2024-03-28T22:01:34.365+0000 7fcb09996700 1 --2- 172.21.15.16:0/2979399212 >> [v2:172.21.15.16:6800/21986004,v1:172.21.15.16:6801/21986004] conn(0x7fcaf0038c00 0x7fcaf003b0c0 secure :-1 s=READY pgs=9 cs=0 l=1 rev1=1 crypto rx=0x7fcaf4006fd0 tx=0x7fcaf4006e40 comp rx=0 tx=0).ready entity=mgr.14152 client_cookie=0 server_cookie=0 in_seq=0 out_seq=0
2024-03-28T22:01:35.479 INFO:teuthology.orchestra.run.smithi016.stdout:/usr/bin/ceph: stderr
2024-03-28T22:01:34.370+0000 7fcafb7fe700 1 -- 172.21.15.16:0/2979399212 <== mon.0 v2:172.21.15.16:3300/0 6 ==== mon_command_ack([{"prefix": "get_command_descriptions"}]=0 v0) ==== 72+0+184932 (secure 0 0 0) 0x7fcb00011e20 con 0x7fcb04106d70
2024-03-28T22:01:35.479 INFO:teuthology.orchestra.run.smithi016.stdout:/usr/bin/ceph: stderr
2024-03-28T22:01:34.578+0000 7fcb0c3fb700 1 -- 172.21.15.16:0/2979399212 --> [v2:172.21.15.16:3300/0,v1:172.21.15.16:6789/0] -- mon_command({"prefix": "config get", "who": "mgr", "key": "mgr/dashboard/ssl_server_port"} v 0) -- 0x7fcb0419f7f0 con 0x7fcb04106d70
2024-03-28T22:01:35.479 INFO:teuthology.orchestra.run.smithi016.stdout:/usr/bin/ceph: stderr
2024-03-28T22:01:34.579+0000 7fcafb7fe700 1 -- 172.21.15.16:0/2979399212 <== mon.0 v2:172.21.15.16:3300/0 7 ==== mon_command_ack([{"prefix": "config get", "who": "mgr", "key": "mgr/dashboard/ssl_server_port"}]=0 v8) ==== 112+0+5 (secure 0 0 0) 0x7fcb0000b3e0 con 0x7fcb04106d70
2024-03-28T22:01:35.479 INFO:teuthology.orchestra.run.smithi016.stdout:/usr/bin/ceph: stderr
2024-03-28T22:01:34.581+0000 7fcb0c3fb700 1 -- 172.21.15.16:0/2979399212 >> [v2:172.21.15.16:6800/21986004,v1:172.21.15.16:6801/21986004] conn(0x7fcaf0038c00 msgr2=0x7fcaf003b0c0 secure :-1 s=STATE_CONNECTION_ESTABLISHED l=1).mark_down
2024-03-28T22:01:35.480 INFO:teuthology.orchestra.run.smithi016.stdout:/usr/bin/ceph: stderr
2024-03-28T22:01:34.581+0000 7fcb0c3fb700 1 --2- 172.21.15.16:0/2979399212 >> [v2:172.21.15.16:6800/21986004,v1:172.21.15.16:6801/21986004] conn(0x7fcaf0038c00 0x7fcaf003b0c0 secure :-1 s=READY pgs=9 cs=0 l=1 rev1=1 crypto rx=0x7fcaf4006fd0 tx=0x7fcaf4006e40 comp rx=0 tx=0).stop
2024-03-28T22:01:35.480 INFO:teuthology.orchestra.run.smithi016.stdout:/usr/bin/ceph: stderr
2024-03-28T22:01:34.581+0000 7fcb0c3fb700 1 -- 172.21.15.16:0/2979399212 >> [v2:172.21.15.16:3300/0,v1:172.21.15.16:6789/0] conn(0x7fcb04106d70 msgr2=0x7fcb0407ba90 secure :-1 s=STATE_CONNECTION_ESTABLISHED l=1).mark_down
2024-03-28T22:01:35.480 INFO:teuthology.orchestra.run.smithi016.stdout:/usr/bin/ceph: stderr
2024-03-28T22:01:34.581+0000 7fcb0c3fb700 1 --2- 172.21.15.16:0/2979399212 >> [v2:172.21.15.16:3300/0,v1:172.21.15.16:6789/0] conn(0x7fcb04106d70 0x7fcb0407ba90 secure :-1 s=READY pgs=75 cs=0 l=1 rev1=1 crypto rx=0x7fcb000117e0 tx=0x7fcb00011c10 comp rx=0 tx=0).stop
2024-03-28T22:01:35.480 INFO:teuthology.orchestra.run.smithi016.stdout:/usr/bin/ceph: stderr
2024-03-28T22:01:34.581+0000 7fcb0c3fb700 1 -- 172.21.15.16:0/2979399212 shutdown_connections
2024-03-28T22:01:35.480 INFO:teuthology.orchestra.run.smithi016.stdout:/usr/bin/ceph: stderr
2024-03-28T22:01:34.581+0000 7fcb0c3fb700 1 --2- 172.21.15.16:0/2979399212 >> [v2:172.21.15.16:6800/21986004,v1:172.21.15.16:6801/21986004] conn(0x7fcaf0038c00 0x7fcaf003b0c0 unknown :-1 s=CLOSED pgs=9 cs=0 l=1 rev1=1 crypto rx=0 tx=0 comp rx=0 tx=0).stop
2024-03-28T22:01:35.480 INFO:teuthology.orchestra.run.smithi016.stdout:/usr/bin/ceph: stderr
2024-03-28T22:01:34.581+0000 7fcb0c3fb700 1 --2- 172.21.15.16:0/2979399212 >> [v2:172.21.15.16:3300/0,v1:172.21.15.16:6789/0] conn(0x7fcb04106d70 0x7fcb0407ba90 unknown :-1 s=CLOSED pgs=75 cs=0 l=1 rev1=1 crypto rx=0 tx=0 comp rx=0 tx=0).stop
2024-03-28T22:01:35.480 INFO:teuthology.orchestra.run.smithi016.stdout:/usr/bin/ceph: stderr
2024-03-28T22:01:34.581+0000 7fcb0c3fb700 1 -- 172.21.15.16:0/2979399212 >> 172.21.15.16:0/2979399212 conn(0x7fcb04102310 msgr2=0x7fcb04102db0 unknown :-1 s=STATE_NONE l=0).mark_down
2024-03-28T22:01:35.480 INFO:teuthology.orchestra.run.smithi016.stdout:/usr/bin/ceph: stderr
2024-03-28T22:01:34.581+0000 7fcb0c3fb700 1 -- 172.21.15.16:0/2979399212 shutdown_connections
2024-03-28T22:01:35.480 INFO:teuthology.orchestra.run.smithi016.stdout:/usr/bin/ceph: stderr
2024-03-28T22:01:34.581+0000 7fcb0c3fb700 1 -- 172.21.15.16:0/2979399212 wait complete.
2024-03-28T22:01:35.486 INFO:teuthology.orchestra.run.smithi016.stdout:Non-zero exit code 1 from systemctl is-enabled firewalld.service
2024-03-28T22:01:35.486 INFO:teuthology.orchestra.run.smithi016.stdout:systemctl: stdout disabled
2024-03-28T22:01:35.494 INFO:teuthology.orchestra.run.smithi016.stdout:Non-zero exit code 3 from systemctl is-active firewalld.service
2024-03-28T22:01:35.494 INFO:teuthology.orchestra.run.smithi016.stdout:systemctl: stdout inactive
2024-03-28T22:01:35.494 INFO:teuthology.orchestra.run.smithi016.stdout:firewalld.service is not enabled
2024-03-28T22:01:35.494 INFO:teuthology.orchestra.run.smithi016.stdout:Not possible to open ports <[8443]>. firewalld.service is not available
2024-03-28T22:01:35.495 INFO:teuthology.orchestra.run.smithi016.stdout:Ceph Dashboard is now available at:
2024-03-28T22:01:35.495 INFO:teuthology.orchestra.run.smithi016.stdout:
2024-03-28T22:01:35.496 INFO:teuthology.orchestra.run.smithi016.stdout: URL: https://smithi016.front.sepia.ceph.com:8443/
2024-03-28T22:01:35.496 INFO:teuthology.orchestra.run.smithi016.stdout: User: admin
2024-03-28T22:01:35.496 INFO:teuthology.orchestra.run.smithi016.stdout: Password: 0n5qkdqpaz
2024-03-28T22:01:35.496 INFO:teuthology.orchestra.run.smithi016.stdout:
2024-03-28T22:01:35.496 INFO:teuthology.orchestra.run.smithi016.stdout:Saving cluster configuration to /var/lib/ceph/798d9884-ed4e-11ee-95d0-87774f69a715/config directory
2024-03-28T22:01:35.496 INFO:teuthology.orchestra.run.smithi016.stdout:Enabling autotune for osd_memory_target
2024-03-28T22:01:37.160 INFO:journalctl@ceph.mon.a.smithi016.stdout:Mar 28 22:01:36 smithi016 ceph-mon[32374]: mgrmap e13: x(active, since 6s)
2024-03-28T22:01:37.169 INFO:teuthology.orchestra.run.smithi016.stdout:/usr/bin/ceph: stderr
2024-03-28T22:01:36.244+0000 7f0d548d1700 1 Processor -- start
2024-03-28T22:01:37.169 INFO:teuthology.orchestra.run.smithi016.stdout:/usr/bin/ceph: stderr
2024-03-28T22:01:36.244+0000 7f0d548d1700 1 -- start start
2024-03-28T22:01:37.169 INFO:teuthology.orchestra.run.smithi016.stdout:/usr/bin/ceph: stderr
2024-03-28T22:01:36.244+0000 7f0d548d1700 1 --2- >> [v2:172.21.15.16:3300/0,v1:172.21.15.16:6789/0] conn(0x7f0d50107f20 0x7f0d50108340 unknown :-1 s=NONE pgs=0 cs=0 l=0 rev1=0 crypto rx=0 tx=0 comp rx=0 tx=0).connect
2024-03-28T22:01:37.169 INFO:teuthology.orchestra.run.smithi016.stdout:/usr/bin/ceph: stderr
2024-03-28T22:01:36.244+0000 7f0d548d1700 1 -- --> [v2:172.21.15.16:3300/0,v1:172.21.15.16:6789/0] -- mon_getmap magic: 0 -- 0x7f0d50108880 con 0x7f0d50107f20
2024-03-28T22:01:37.170 INFO:teuthology.orchestra.run.smithi016.stdout:/usr/bin/ceph: stderr
2024-03-28T22:01:36.244+0000 7f0d4e59c700 1 --2- >> [v2:172.21.15.16:3300/0,v1:172.21.15.16:6789/0] conn(0x7f0d50107f20 0x7f0d50108340 unknown :-1 s=BANNER_CONNECTING pgs=0 cs=0 l=0 rev1=0 crypto rx=0 tx=0 comp rx=0 tx=0)._handle_peer_banner_payload supported=3 required=0
2024-03-28T22:01:37.170 INFO:teuthology.orchestra.run.smithi016.stdout:/usr/bin/ceph: stderr
2024-03-28T22:01:36.244+0000 7f0d4e59c700 1 --2- >> [v2:172.21.15.16:3300/0,v1:172.21.15.16:6789/0] conn(0x7f0d50107f20 0x7f0d50108340 unknown :-1 s=HELLO_CONNECTING pgs=0 cs=0 l=0 rev1=1 crypto rx=0 tx=0 comp rx=0 tx=0).handle_hello peer v2:172.21.15.16:3300/0 says I am v2:172.21.15.16:39014/0 (socket says 172.21.15.16:39014)
2024-03-28T22:01:37.170 INFO:teuthology.orchestra.run.smithi016.stdout:/usr/bin/ceph: stderr
2024-03-28T22:01:36.244+0000 7f0d4e59c700 1 -- 172.21.15.16:0/1030768273 learned_addr learned my addr 172.21.15.16:0/1030768273 (peer_addr_for_me v2:172.21.15.16:0/0)
2024-03-28T22:01:37.170 INFO:teuthology.orchestra.run.smithi016.stdout:/usr/bin/ceph: stderr
2024-03-28T22:01:36.244+0000 7f0d4e59c700 1 -- 172.21.15.16:0/1030768273 --> [v2:172.21.15.16:3300/0,v1:172.21.15.16:6789/0] -- mon_subscribe({config=0+,monmap=0+}) -- 0x7f0d50108fe0 con 0x7f0d50107f20
2024-03-28T22:01:37.170 INFO:teuthology.orchestra.run.smithi016.stdout:/usr/bin/ceph: stderr
2024-03-28T22:01:36.245+0000 7f0d4e59c700 1 --2- 172.21.15.16:0/1030768273 >> [v2:172.21.15.16:3300/0,v1:172.21.15.16:6789/0] conn(0x7f0d50107f20 0x7f0d50108340 secure :-1 s=READY pgs=76 cs=0 l=1 rev1=1 crypto rx=0x7f0d400098a0 tx=0x7f0d40009bb0 comp rx=0 tx=0).ready entity=mon.0 client_cookie=a320382da4123a2b server_cookie=0 in_seq=0 out_seq=0
2024-03-28T22:01:37.170 INFO:teuthology.orchestra.run.smithi016.stdout:/usr/bin/ceph: stderr
2024-03-28T22:01:36.245+0000 7f0d4d59a700 1 -- 172.21.15.16:0/1030768273 <== mon.0 v2:172.21.15.16:3300/0 1 ==== mon_map magic: 0 ==== 205+0+0 (secure 0 0 0) 0x7f0d40004160 con 0x7f0d50107f20
2024-03-28T22:01:37.170 INFO:teuthology.orchestra.run.smithi016.stdout:/usr/bin/ceph: stderr
2024-03-28T22:01:36.245+0000 7f0d4d59a700 1 -- 172.21.15.16:0/1030768273 <== mon.0 v2:172.21.15.16:3300/0 2 ==== config(27 keys) ==== 1140+0+0 (secure 0 0 0) 0x7f0d40004300 con 0x7f0d50107f20
2024-03-28T22:01:37.170 INFO:teuthology.orchestra.run.smithi016.stdout:/usr/bin/ceph: stderr
2024-03-28T22:01:36.245+0000 7f0d4d59a700 1 -- 172.21.15.16:0/1030768273 <== mon.0 v2:172.21.15.16:3300/0 3 ==== mon_map magic: 0 ==== 205+0+0 (secure 0 0 0) 0x7f0d40011b20 con 0x7f0d50107f20
2024-03-28T22:01:37.170 INFO:teuthology.orchestra.run.smithi016.stdout:/usr/bin/ceph: stderr
2024-03-28T22:01:36.245+0000 7f0d548d1700 1 -- 172.21.15.16:0/1030768273 >> [v2:172.21.15.16:3300/0,v1:172.21.15.16:6789/0] conn(0x7f0d50107f20 msgr2=0x7f0d50108340 secure :-1 s=STATE_CONNECTION_ESTABLISHED l=1).mark_down
2024-03-28T22:01:37.170 INFO:teuthology.orchestra.run.smithi016.stdout:/usr/bin/ceph: stderr
2024-03-28T22:01:36.245+0000 7f0d548d1700 1 --2- 172.21.15.16:0/1030768273 >> [v2:172.21.15.16:3300/0,v1:172.21.15.16:6789/0] conn(0x7f0d50107f20 0x7f0d50108340 secure :-1 s=READY pgs=76 cs=0 l=1 rev1=1 crypto rx=0x7f0d400098a0 tx=0x7f0d40009bb0 comp rx=0 tx=0).stop
2024-03-28T22:01:37.170 INFO:teuthology.orchestra.run.smithi016.stdout:/usr/bin/ceph: stderr
2024-03-28T22:01:36.245+0000 7f0d548d1700 1 -- 172.21.15.16:0/1030768273 shutdown_connections
2024-03-28T22:01:37.170 INFO:teuthology.orchestra.run.smithi016.stdout:/usr/bin/ceph: stderr
2024-03-28T22:01:36.246+0000 7f0d548d1700 1 --2- 172.21.15.16:0/1030768273 >> [v2:172.21.15.16:3300/0,v1:172.21.15.16:6789/0] conn(0x7f0d50107f20 0x7f0d50108340 unknown :-1 s=CLOSED pgs=76 cs=0 l=1 rev1=1 crypto rx=0 tx=0 comp rx=0 tx=0).stop
2024-03-28T22:01:37.170 INFO:teuthology.orchestra.run.smithi016.stdout:/usr/bin/ceph: stderr
2024-03-28T22:01:36.246+0000 7f0d548d1700 1 -- 172.21.15.16:0/1030768273 >> 172.21.15.16:0/1030768273 conn(0x7f0d501034a0 msgr2=0x7f0d50105900 unknown :-1 s=STATE_NONE l=0).mark_down
2024-03-28T22:01:37.171 INFO:teuthology.orchestra.run.smithi016.stdout:/usr/bin/ceph: stderr
2024-03-28T22:01:36.246+0000 7f0d548d1700 1 -- 172.21.15.16:0/1030768273 shutdown_connections
2024-03-28T22:01:37.171 INFO:teuthology.orchestra.run.smithi016.stdout:/usr/bin/ceph: stderr
2024-03-28T22:01:36.246+0000 7f0d548d1700 1 -- 172.21.15.16:0/1030768273 wait complete.
2024-03-28T22:01:37.171 INFO:teuthology.orchestra.run.smithi016.stdout:/usr/bin/ceph: stderr
2024-03-28T22:01:36.246+0000 7f0d548d1700 1 Processor -- start
2024-03-28T22:01:37.171 INFO:teuthology.orchestra.run.smithi016.stdout:/usr/bin/ceph: stderr
2024-03-28T22:01:36.246+0000 7f0d548d1700 1 -- start start
2024-03-28T22:01:37.171 INFO:teuthology.orchestra.run.smithi016.stdout:/usr/bin/ceph: stderr
2024-03-28T22:01:36.247+0000 7f0d548d1700 1 --2- >> [v2:172.21.15.16:3300/0,v1:172.21.15.16:6789/0] conn(0x7f0d50107f20 0x7f0d5007db50 unknown :-1 s=NONE pgs=0 cs=0 l=1 rev1=0 crypto rx=0 tx=0 comp rx=0 tx=0).connect
2024-03-28T22:01:37.171 INFO:teuthology.orchestra.run.smithi016.stdout:/usr/bin/ceph: stderr
2024-03-28T22:01:36.247+0000 7f0d548d1700 1 -- --> [v2:172.21.15.16:3300/0,v1:172.21.15.16:6789/0] -- mon_getmap magic: 0 -- 0x7f0d5010c420 con 0x7f0d50107f20
2024-03-28T22:01:37.171 INFO:teuthology.orchestra.run.smithi016.stdout:/usr/bin/ceph: stderr
2024-03-28T22:01:36.247+0000 7f0d4e59c700 1 --2- >> [v2:172.21.15.16:3300/0,v1:172.21.15.16:6789/0] conn(0x7f0d50107f20 0x7f0d5007db50 unknown :-1 s=BANNER_CONNECTING pgs=0 cs=0 l=1 rev1=0 crypto rx=0 tx=0 comp rx=0 tx=0)._handle_peer_banner_payload supported=3 required=0
2024-03-28T22:01:37.171 INFO:teuthology.orchestra.run.smithi016.stdout:/usr/bin/ceph: stderr
