2024-03-28T22:25:11.350+0000 7fac08c00700 1 --2- 172.21.15.43:0/906337656 >> [v2:172.21.15.43:6800/3517712438,v1:172.21.15.43:6801/3517712438] conn(0x7fabe8038bf0 0x7fabe803b0b0 secure :-1 s=READY pgs=12 cs=0 l=1 rev1=1 crypto rx=0x7fabf0006fd0 tx=0x7fabf0006e40 comp rx=0 tx=0).stop
2024-03-28T22:25:12.160 INFO:teuthology.orchestra.run.smithi043.stdout:/usr/bin/ceph: stderr
2024-03-28T22:25:11.350+0000 7fac08c00700 1 -- 172.21.15.43:0/906337656 >> [v2:172.21.15.43:3300/0,v1:172.21.15.43:6789/0] conn(0x7fac04107cc0 msgr2=0x7fac0419de60 secure :-1 s=STATE_CONNECTION_ESTABLISHED l=1).mark_down
2024-03-28T22:25:12.160 INFO:teuthology.orchestra.run.smithi043.stdout:/usr/bin/ceph: stderr
2024-03-28T22:25:11.350+0000 7fac08c00700 1 --2- 172.21.15.43:0/906337656 >> [v2:172.21.15.43:3300/0,v1:172.21.15.43:6789/0] conn(0x7fac04107cc0 0x7fac0419de60 secure :-1 s=READY pgs=48 cs=0 l=1 rev1=1 crypto rx=0x7fabf4011b60 tx=0x7fabf4011c40 comp rx=0 tx=0).stop
2024-03-28T22:25:12.160 INFO:teuthology.orchestra.run.smithi043.stdout:/usr/bin/ceph: stderr
2024-03-28T22:25:11.350+0000 7fac08c00700 1 -- 172.21.15.43:0/906337656 shutdown_connections
2024-03-28T22:25:12.160 INFO:teuthology.orchestra.run.smithi043.stdout:/usr/bin/ceph: stderr
2024-03-28T22:25:11.350+0000 7fac08c00700 1 --2- 172.21.15.43:0/906337656 >> [v2:172.21.15.43:6800/3517712438,v1:172.21.15.43:6801/3517712438] conn(0x7fabe8038bf0 0x7fabe803b0b0 unknown :-1 s=CLOSED pgs=12 cs=0 l=1 rev1=1 crypto rx=0 tx=0 comp rx=0 tx=0).stop
2024-03-28T22:25:12.160 INFO:teuthology.orchestra.run.smithi043.stdout:/usr/bin/ceph: stderr
2024-03-28T22:25:11.350+0000 7fac08c00700 1 --2- 172.21.15.43:0/906337656 >> [v2:172.21.15.43:3300/0,v1:172.21.15.43:6789/0] conn(0x7fac04107cc0 0x7fac0419de60 unknown :-1 s=CLOSED pgs=48 cs=0 l=1 rev1=1 crypto rx=0 tx=0 comp rx=0 tx=0).stop
2024-03-28T22:25:12.160 INFO:teuthology.orchestra.run.smithi043.stdout:/usr/bin/ceph: stderr
2024-03-28T22:25:11.350+0000 7fac08c00700 1 -- 172.21.15.43:0/906337656 >> 172.21.15.43:0/906337656 conn(0x7fac04103340 msgr2=0x7fac04103d40 unknown :-1 s=STATE_NONE l=0).mark_down
2024-03-28T22:25:12.160 INFO:teuthology.orchestra.run.smithi043.stdout:/usr/bin/ceph: stderr
2024-03-28T22:25:11.350+0000 7fac08c00700 1 -- 172.21.15.43:0/906337656 shutdown_connections
2024-03-28T22:25:12.160 INFO:teuthology.orchestra.run.smithi043.stdout:/usr/bin/ceph: stderr
2024-03-28T22:25:11.350+0000 7fac08c00700 1 -- 172.21.15.43:0/906337656 wait complete.
2024-03-28T22:25:12.160 INFO:teuthology.orchestra.run.smithi043.stdout:Deploying unmanaged mgr service...
2024-03-28T22:25:12.576 INFO:journalctl@ceph.mon.a.smithi043.stdout:Mar 28 22:25:12 smithi043 ceph-mon[31823]: from='client.14142 -' entity='client.admin' cmd=[{"prefix": "orch apply", "service_type": "mon", "unmanaged": true, "target": ["mon-mgr", ""]}]: dispatch
2024-03-28T22:25:12.576 INFO:journalctl@ceph.mon.a.smithi043.stdout:Mar 28 22:25:12 smithi043 ceph-mon[31823]: Saving service mon spec with placement count:5
2024-03-28T22:25:12.577 INFO:journalctl@ceph.mon.a.smithi043.stdout:Mar 28 22:25:12 smithi043 ceph-mon[31823]: from='mgr.14120 172.21.15.43:0/1538160804' entity='mgr.x'
2024-03-28T22:25:14.190 INFO:teuthology.orchestra.run.smithi043.stdout:/usr/bin/ceph: stdout Scheduled mgr update...
2024-03-28T22:25:14.191 INFO:teuthology.orchestra.run.smithi043.stdout:/usr/bin/ceph: stderr
2024-03-28T22:25:13.230+0000 7f9683800700 1 Processor -- start
2024-03-28T22:25:14.191 INFO:teuthology.orchestra.run.smithi043.stdout:/usr/bin/ceph: stderr
2024-03-28T22:25:13.231+0000 7f9683800700 1 -- start start
2024-03-28T22:25:14.191 INFO:teuthology.orchestra.run.smithi043.stdout:/usr/bin/ceph: stderr
2024-03-28T22:25:13.231+0000 7f9683800700 1 --2- >> [v2:172.21.15.43:3300/0,v1:172.21.15.43:6789/0] conn(0x7f967c106570 0x7f967c1089a0 unknown :-1 s=NONE pgs=0 cs=0 l=0 rev1=0 crypto rx=0 tx=0 comp rx=0 tx=0).connect
2024-03-28T22:25:14.191 INFO:teuthology.orchestra.run.smithi043.stdout:/usr/bin/ceph: stderr
2024-03-28T22:25:13.231+0000 7f9683800700 1 -- --> [v2:172.21.15.43:3300/0,v1:172.21.15.43:6789/0] -- mon_getmap magic: 0 -- 0x7f967c07be30 con 0x7f967c106570
2024-03-28T22:25:14.191 INFO:teuthology.orchestra.run.smithi043.stdout:/usr/bin/ceph: stderr
2024-03-28T22:25:13.232+0000 7f9680e00700 1 --2- >> [v2:172.21.15.43:3300/0,v1:172.21.15.43:6789/0] conn(0x7f967c106570 0x7f967c1089a0 unknown :-1 s=BANNER_CONNECTING pgs=0 cs=0 l=0 rev1=0 crypto rx=0 tx=0 comp rx=0 tx=0)._handle_peer_banner_payload supported=3 required=0
2024-03-28T22:25:14.191 INFO:teuthology.orchestra.run.smithi043.stdout:/usr/bin/ceph: stderr
2024-03-28T22:25:13.232+0000 7f9680e00700 1 --2- >> [v2:172.21.15.43:3300/0,v1:172.21.15.43:6789/0] conn(0x7f967c106570 0x7f967c1089a0 unknown :-1 s=HELLO_CONNECTING pgs=0 cs=0 l=0 rev1=1 crypto rx=0 tx=0 comp rx=0 tx=0).handle_hello peer v2:172.21.15.43:3300/0 says I am v2:172.21.15.43:32772/0 (socket says 172.21.15.43:32772)
2024-03-28T22:25:14.191 INFO:teuthology.orchestra.run.smithi043.stdout:/usr/bin/ceph: stderr
2024-03-28T22:25:13.232+0000 7f9680e00700 1 -- 172.21.15.43:0/1273799198 learned_addr learned my addr 172.21.15.43:0/1273799198 (peer_addr_for_me v2:172.21.15.43:0/0)
2024-03-28T22:25:14.191 INFO:teuthology.orchestra.run.smithi043.stdout:/usr/bin/ceph: stderr
2024-03-28T22:25:13.232+0000 7f9680e00700 1 -- 172.21.15.43:0/1273799198 --> [v2:172.21.15.43:3300/0,v1:172.21.15.43:6789/0] -- mon_subscribe({config=0+,monmap=0+}) -- 0x7f967c108ee0 con 0x7f967c106570
2024-03-28T22:25:14.191 INFO:teuthology.orchestra.run.smithi043.stdout:/usr/bin/ceph: stderr
2024-03-28T22:25:13.233+0000 7f9680e00700 1 --2- 172.21.15.43:0/1273799198 >> [v2:172.21.15.43:3300/0,v1:172.21.15.43:6789/0] conn(0x7f967c106570 0x7f967c1089a0 secure :-1 s=READY pgs=49 cs=0 l=1 rev1=1 crypto rx=0x7f96700098a0 tx=0x7f9670009bb0 comp rx=0 tx=0).ready entity=mon.0 client_cookie=78f8b2083aff944a server_cookie=0 in_seq=0 out_seq=0
2024-03-28T22:25:14.191 INFO:teuthology.orchestra.run.smithi043.stdout:/usr/bin/ceph: stderr
2024-03-28T22:25:13.233+0000 7f967b400700 1 -- 172.21.15.43:0/1273799198 <== mon.0 v2:172.21.15.43:3300/0 1 ==== mon_map magic: 0 ==== 205+0+0 (secure 0 0 0) 0x7f9670004160 con 0x7f967c106570
2024-03-28T22:25:14.191 INFO:teuthology.orchestra.run.smithi043.stdout:/usr/bin/ceph: stderr
2024-03-28T22:25:13.233+0000 7f967b400700 1 -- 172.21.15.43:0/1273799198 <== mon.0 v2:172.21.15.43:3300/0 2 ==== config(27 keys) ==== 1109+0+0 (secure 0 0 0) 0x7f9670004300 con 0x7f967c106570
2024-03-28T22:25:14.191 INFO:teuthology.orchestra.run.smithi043.stdout:/usr/bin/ceph: stderr
2024-03-28T22:25:13.233+0000 7f967b400700 1 -- 172.21.15.43:0/1273799198 <== mon.0 v2:172.21.15.43:3300/0 3 ==== mon_map magic: 0 ==== 205+0+0 (secure 0 0 0) 0x7f9670011b50 con 0x7f967c106570
2024-03-28T22:25:14.191 INFO:teuthology.orchestra.run.smithi043.stdout:/usr/bin/ceph: stderr
2024-03-28T22:25:13.234+0000 7f9683800700 1 -- 172.21.15.43:0/1273799198 >> [v2:172.21.15.43:3300/0,v1:172.21.15.43:6789/0] conn(0x7f967c106570 msgr2=0x7f967c1089a0 secure :-1 s=STATE_CONNECTION_ESTABLISHED l=1).mark_down
2024-03-28T22:25:14.192 INFO:teuthology.orchestra.run.smithi043.stdout:/usr/bin/ceph: stderr
2024-03-28T22:25:13.234+0000 7f9683800700 1 --2- 172.21.15.43:0/1273799198 >> [v2:172.21.15.43:3300/0,v1:172.21.15.43:6789/0] conn(0x7f967c106570 0x7f967c1089a0 secure :-1 s=READY pgs=49 cs=0 l=1 rev1=1 crypto rx=0x7f96700098a0 tx=0x7f9670009bb0 comp rx=0 tx=0).stop
2024-03-28T22:25:14.192 INFO:teuthology.orchestra.run.smithi043.stdout:/usr/bin/ceph: stderr
2024-03-28T22:25:13.234+0000 7f9683800700 1 -- 172.21.15.43:0/1273799198 shutdown_connections
2024-03-28T22:25:14.192 INFO:teuthology.orchestra.run.smithi043.stdout:/usr/bin/ceph: stderr
2024-03-28T22:25:13.234+0000 7f9683800700 1 --2- 172.21.15.43:0/1273799198 >> [v2:172.21.15.43:3300/0,v1:172.21.15.43:6789/0] conn(0x7f967c106570 0x7f967c1089a0 unknown :-1 s=CLOSED pgs=49 cs=0 l=1 rev1=1 crypto rx=0 tx=0 comp rx=0 tx=0).stop
2024-03-28T22:25:14.192 INFO:teuthology.orchestra.run.smithi043.stdout:/usr/bin/ceph: stderr
2024-03-28T22:25:13.234+0000 7f9683800700 1 -- 172.21.15.43:0/1273799198 >> 172.21.15.43:0/1273799198 conn(0x7f967c102170 msgr2=0x7f967c104590 unknown :-1 s=STATE_NONE l=0).mark_down
2024-03-28T22:25:14.192 INFO:teuthology.orchestra.run.smithi043.stdout:/usr/bin/ceph: stderr
2024-03-28T22:25:13.234+0000 7f9683800700 1 -- 172.21.15.43:0/1273799198 shutdown_connections
2024-03-28T22:25:14.192 INFO:teuthology.orchestra.run.smithi043.stdout:/usr/bin/ceph: stderr
2024-03-28T22:25:13.234+0000 7f9683800700 1 -- 172.21.15.43:0/1273799198 wait complete.
2024-03-28T22:25:14.192 INFO:teuthology.orchestra.run.smithi043.stdout:/usr/bin/ceph: stderr
2024-03-28T22:25:13.235+0000 7f9683800700 1 Processor -- start
2024-03-28T22:25:14.192 INFO:teuthology.orchestra.run.smithi043.stdout:/usr/bin/ceph: stderr
2024-03-28T22:25:13.236+0000 7f9683800700 1 -- start start
2024-03-28T22:25:14.192 INFO:teuthology.orchestra.run.smithi043.stdout:/usr/bin/ceph: stderr
2024-03-28T22:25:13.236+0000 7f9683800700 1 --2- >> [v2:172.21.15.43:3300/0,v1:172.21.15.43:6789/0] conn(0x7f967c106570 0x7f967c1a2280 unknown :-1 s=NONE pgs=0 cs=0 l=1 rev1=0 crypto rx=0 tx=0 comp rx=0 tx=0).connect
2024-03-28T22:25:14.192 INFO:teuthology.orchestra.run.smithi043.stdout:/usr/bin/ceph: stderr
2024-03-28T22:25:13.236+0000 7f9683800700 1 -- --> [v2:172.21.15.43:3300/0,v1:172.21.15.43:6789/0] -- mon_getmap magic: 0 -- 0x7f967c109f70 con 0x7f967c106570
2024-03-28T22:25:14.192 INFO:teuthology.orchestra.run.smithi043.stdout:/usr/bin/ceph: stderr
2024-03-28T22:25:13.236+0000 7f9680e00700 1 --2- >> [v2:172.21.15.43:3300/0,v1:172.21.15.43:6789/0] conn(0x7f967c106570 0x7f967c1a2280 unknown :-1 s=BANNER_CONNECTING pgs=0 cs=0 l=1 rev1=0 crypto rx=0 tx=0 comp rx=0 tx=0)._handle_peer_banner_payload supported=3 required=0
2024-03-28T22:25:14.192 INFO:teuthology.orchestra.run.smithi043.stdout:/usr/bin/ceph: stderr
2024-03-28T22:25:13.236+0000 7f9680e00700 1 --2- >> [v2:172.21.15.43:3300/0,v1:172.21.15.43:6789/0] conn(0x7f967c106570 0x7f967c1a2280 unknown :-1 s=HELLO_CONNECTING pgs=0 cs=0 l=1 rev1=1 crypto rx=0 tx=0 comp rx=0 tx=0).handle_hello peer v2:172.21.15.43:3300/0 says I am v2:172.21.15.43:32788/0 (socket says 172.21.15.43:32788)
2024-03-28T22:25:14.192 INFO:teuthology.orchestra.run.smithi043.stdout:/usr/bin/ceph: stderr
2024-03-28T22:25:13.236+0000 7f9680e00700 1 -- 172.21.15.43:0/160884991 learned_addr learned my addr 172.21.15.43:0/160884991 (peer_addr_for_me v2:172.21.15.43:0/0)
2024-03-28T22:25:14.192 INFO:teuthology.orchestra.run.smithi043.stdout:/usr/bin/ceph: stderr
2024-03-28T22:25:13.237+0000 7f9680e00700 1 -- 172.21.15.43:0/160884991 --> [v2:172.21.15.43:3300/0,v1:172.21.15.43:6789/0] -- mon_subscribe({config=0+,monmap=0+}) -- 0x7f967c1a27c0 con 0x7f967c106570
2024-03-28T22:25:14.193 INFO:teuthology.orchestra.run.smithi043.stdout:/usr/bin/ceph: stderr
2024-03-28T22:25:13.237+0000 7f9680e00700 1 --2- 172.21.15.43:0/160884991 >> [v2:172.21.15.43:3300/0,v1:172.21.15.43:6789/0] conn(0x7f967c106570 0x7f967c1a2280 secure :-1 s=READY pgs=50 cs=0 l=1 rev1=1 crypto rx=0x7f9670011b60 tx=0x7f9670011c40 comp rx=0 tx=0).ready entity=mon.0 client_cookie=0 server_cookie=0 in_seq=0 out_seq=0
2024-03-28T22:25:14.193 INFO:teuthology.orchestra.run.smithi043.stdout:/usr/bin/ceph: stderr
2024-03-28T22:25:13.237+0000 7f9679600700 1 -- 172.21.15.43:0/160884991 <== mon.0 v2:172.21.15.43:3300/0 1 ==== mon_map magic: 0 ==== 205+0+0 (secure 0 0 0) 0x7f9670003b20 con 0x7f967c106570
2024-03-28T22:25:14.193 INFO:teuthology.orchestra.run.smithi043.stdout:/usr/bin/ceph: stderr
2024-03-28T22:25:13.237+0000 7f9679600700 1 -- 172.21.15.43:0/160884991 <== mon.0 v2:172.21.15.43:3300/0 2 ==== config(27 keys) ==== 1109+0+0 (secure 0 0 0) 0x7f9670003cc0 con 0x7f967c106570
2024-03-28T22:25:14.193 INFO:teuthology.orchestra.run.smithi043.stdout:/usr/bin/ceph: stderr
2024-03-28T22:25:13.237+0000 7f9683800700 1 -- 172.21.15.43:0/160884991 --> [v2:172.21.15.43:3300/0,v1:172.21.15.43:6789/0] -- mon_subscribe({mgrmap=0+}) -- 0x7f967c1a2a50 con 0x7f967c106570
2024-03-28T22:25:14.193 INFO:teuthology.orchestra.run.smithi043.stdout:/usr/bin/ceph: stderr
2024-03-28T22:25:13.237+0000 7f9683800700 1 -- 172.21.15.43:0/160884991 --> [v2:172.21.15.43:3300/0,v1:172.21.15.43:6789/0] -- mon_subscribe({osdmap=0}) -- 0x7f967c1a5740 con 0x7f967c106570
2024-03-28T22:25:14.193 INFO:teuthology.orchestra.run.smithi043.stdout:/usr/bin/ceph: stderr
2024-03-28T22:25:13.238+0000 7f9679600700 1 -- 172.21.15.43:0/160884991 <== mon.0 v2:172.21.15.43:3300/0 3 ==== mon_map magic: 0 ==== 205+0+0 (secure 0 0 0) 0x7f9670024840 con 0x7f967c106570
2024-03-28T22:25:14.193 INFO:teuthology.orchestra.run.smithi043.stdout:/usr/bin/ceph: stderr
2024-03-28T22:25:13.238+0000 7f9679600700 1 -- 172.21.15.43:0/160884991 <== mon.0 v2:172.21.15.43:3300/0 4 ==== mgrmap(e 8) ==== 45928+0+0 (secure 0 0 0) 0x7f9670022020 con 0x7f967c106570
2024-03-28T22:25:14.193 INFO:teuthology.orchestra.run.smithi043.stdout:/usr/bin/ceph: stderr
2024-03-28T22:25:13.239+0000 7f9683800700 1 -- 172.21.15.43:0/160884991 --> [v2:172.21.15.43:3300/0,v1:172.21.15.43:6789/0] -- mon_command({"prefix": "get_command_descriptions"} v 0) -- 0x7f967c063870 con 0x7f967c106570
2024-03-28T22:25:14.193 INFO:teuthology.orchestra.run.smithi043.stdout:/usr/bin/ceph: stderr
2024-03-28T22:25:13.239+0000 7f9679600700 1 --2- 172.21.15.43:0/160884991 >> [v2:172.21.15.43:6800/3517712438,v1:172.21.15.43:6801/3517712438] conn(0x7f9664038ba0 0x7f966403b060 unknown :-1 s=NONE pgs=0 cs=0 l=1 rev1=0 crypto rx=0 tx=0 comp rx=0 tx=0).connect
2024-03-28T22:25:14.193 INFO:teuthology.orchestra.run.smithi043.stdout:/usr/bin/ceph: stderr
2024-03-28T22:25:13.239+0000 7f9679600700 1 -- 172.21.15.43:0/160884991 <== mon.0 v2:172.21.15.43:3300/0 5 ==== osd_map(2..2 src has 1..2) ==== 940+0+0 (secure 0 0 0) 0x7f9670011e00 con 0x7f967c106570
2024-03-28T22:25:14.193 INFO:teuthology.orchestra.run.smithi043.stdout:/usr/bin/ceph: stderr
2024-03-28T22:25:13.239+0000 7f967be00700 1 --2- 172.21.15.43:0/160884991 >> [v2:172.21.15.43:6800/3517712438,v1:172.21.15.43:6801/3517712438] conn(0x7f9664038ba0 0x7f966403b060 unknown :-1 s=BANNER_CONNECTING pgs=0 cs=0 l=1 rev1=0 crypto rx=0 tx=0 comp rx=0 tx=0)._handle_peer_banner_payload supported=3 required=0
2024-03-28T22:25:14.193 INFO:teuthology.orchestra.run.smithi043.stdout:/usr/bin/ceph: stderr
2024-03-28T22:25:13.240+0000 7f967be00700 1 --2- 172.21.15.43:0/160884991 >> [v2:172.21.15.43:6800/3517712438,v1:172.21.15.43:6801/3517712438] conn(0x7f9664038ba0 0x7f966403b060 secure :-1 s=READY pgs=13 cs=0 l=1 rev1=1 crypto rx=0x7f9668006fd0 tx=0x7f9668006e40 comp rx=0 tx=0).ready entity=mgr.14120 client_cookie=0 server_cookie=0 in_seq=0 out_seq=0
2024-03-28T22:25:14.193 INFO:teuthology.orchestra.run.smithi043.stdout:/usr/bin/ceph: stderr
2024-03-28T22:25:13.245+0000 7f9679600700 1 -- 172.21.15.43:0/160884991 <== mon.0 v2:172.21.15.43:3300/0 6 ==== mon_command_ack([{"prefix": "get_command_descriptions"}]=0 v0) ==== 72+0+184932 (secure 0 0 0) 0x7f9670016260 con 0x7f967c106570
2024-03-28T22:25:14.193 INFO:teuthology.orchestra.run.smithi043.stdout:/usr/bin/ceph: stderr
2024-03-28T22:25:13.445+0000 7f9679600700 1 -- 172.21.15.43:0/160884991 <== mon.0 v2:172.21.15.43:3300/0 7 ==== config(27 keys) ==== 1140+0+0 (secure 0 0 0) 0x7f9670052080 con 0x7f967c106570
2024-03-28T22:25:14.194 INFO:teuthology.orchestra.run.smithi043.stdout:/usr/bin/ceph: stderr
2024-03-28T22:25:13.489+0000 7f9683800700 1 -- 172.21.15.43:0/160884991 --> [v2:172.21.15.43:6800/3517712438,v1:172.21.15.43:6801/3517712438] -- mgr_command(tid 0: {"prefix": "orch apply", "service_type": "mgr", "unmanaged": true, "target": ["mon-mgr", ""]}) -- 0x7f967c0008d0 con 0x7f9664038ba0
2024-03-28T22:25:14.194 INFO:teuthology.orchestra.run.smithi043.stdout:/usr/bin/ceph: stderr
2024-03-28T22:25:13.496+0000 7f9679600700 1 -- 172.21.15.43:0/160884991 <== mgr.14120 v2:172.21.15.43:6800/3517712438 1 ==== mgr_command_reply(tid 0: 0 ) ==== 8+0+24 (secure 0 0 0) 0x7f967c0008d0 con 0x7f9664038ba0
2024-03-28T22:25:14.194 INFO:teuthology.orchestra.run.smithi043.stdout:/usr/bin/ceph: stderr
2024-03-28T22:25:13.499+0000 7f9683800700 1 -- 172.21.15.43:0/160884991 >> [v2:172.21.15.43:6800/3517712438,v1:172.21.15.43:6801/3517712438] conn(0x7f9664038ba0 msgr2=0x7f966403b060 secure :-1 s=STATE_CONNECTION_ESTABLISHED l=1).mark_down
2024-03-28T22:25:14.194 INFO:teuthology.orchestra.run.smithi043.stdout:/usr/bin/ceph: stderr
2024-03-28T22:25:13.499+0000 7f9683800700 1 --2- 172.21.15.43:0/160884991 >> [v2:172.21.15.43:6800/3517712438,v1:172.21.15.43:6801/3517712438] conn(0x7f9664038ba0 0x7f966403b060 secure :-1 s=READY pgs=13 cs=0 l=1 rev1=1 crypto rx=0x7f9668006fd0 tx=0x7f9668006e40 comp rx=0 tx=0).stop
2024-03-28T22:25:14.194 INFO:teuthology.orchestra.run.smithi043.stdout:/usr/bin/ceph: stderr
2024-03-28T22:25:13.499+0000 7f9683800700 1 -- 172.21.15.43:0/160884991 >> [v2:172.21.15.43:3300/0,v1:172.21.15.43:6789/0] conn(0x7f967c106570 msgr2=0x7f967c1a2280 secure :-1 s=STATE_CONNECTION_ESTABLISHED l=1).mark_down
2024-03-28T22:25:14.194 INFO:teuthology.orchestra.run.smithi043.stdout:/usr/bin/ceph: stderr
2024-03-28T22:25:13.499+0000 7f9683800700 1 --2- 172.21.15.43:0/160884991 >> [v2:172.21.15.43:3300/0,v1:172.21.15.43:6789/0] conn(0x7f967c106570 0x7f967c1a2280 secure :-1 s=READY pgs=50 cs=0 l=1 rev1=1 crypto rx=0x7f9670011b60 tx=0x7f9670011c40 comp rx=0 tx=0).stop
2024-03-28T22:25:14.194 INFO:teuthology.orchestra.run.smithi043.stdout:/usr/bin/ceph: stderr
2024-03-28T22:25:13.499+0000 7f9683800700 1 -- 172.21.15.43:0/160884991 shutdown_connections
2024-03-28T22:25:14.194 INFO:teuthology.orchestra.run.smithi043.stdout:/usr/bin/ceph: stderr
2024-03-28T22:25:13.499+0000 7f9683800700 1 --2- 172.21.15.43:0/160884991 >> [v2:172.21.15.43:6800/3517712438,v1:172.21.15.43:6801/3517712438] conn(0x7f9664038ba0 0x7f966403b060 unknown :-1 s=CLOSED pgs=13 cs=0 l=1 rev1=1 crypto rx=0 tx=0 comp rx=0 tx=0).stop
2024-03-28T22:25:14.194 INFO:teuthology.orchestra.run.smithi043.stdout:/usr/bin/ceph: stderr
2024-03-28T22:25:13.499+0000 7f9683800700 1 --2- 172.21.15.43:0/160884991 >> [v2:172.21.15.43:3300/0,v1:172.21.15.43:6789/0] conn(0x7f967c106570 0x7f967c1a2280 unknown :-1 s=CLOSED pgs=50 cs=0 l=1 rev1=1 crypto rx=0 tx=0 comp rx=0 tx=0).stop
2024-03-28T22:25:14.194 INFO:teuthology.orchestra.run.smithi043.stdout:/usr/bin/ceph: stderr
2024-03-28T22:25:13.499+0000 7f9683800700 1 -- 172.21.15.43:0/160884991 >> 172.21.15.43:0/160884991 conn(0x7f967c102170 msgr2=0x7f967c104560 unknown :-1 s=STATE_NONE l=0).mark_down
2024-03-28T22:25:14.194 INFO:teuthology.orchestra.run.smithi043.stdout:/usr/bin/ceph: stderr
2024-03-28T22:25:13.499+0000 7f9683800700 1 -- 172.21.15.43:0/160884991 shutdown_connections
2024-03-28T22:25:14.194 INFO:teuthology.orchestra.run.smithi043.stdout:/usr/bin/ceph: stderr
2024-03-28T22:25:13.500+0000 7f9683800700 1 -- 172.21.15.43:0/160884991 wait complete.
2024-03-28T22:25:14.767 INFO:journalctl@ceph.mon.a.smithi043.stdout:Mar 28 22:25:14 smithi043 ceph-mon[31823]: pgmap v3: 0 pgs: ; 0 B data, 0 B used, 0 B / 0 B avail
2024-03-28T22:25:14.767 INFO:journalctl@ceph.mon.a.smithi043.stdout:Mar 28 22:25:14 smithi043 ceph-mon[31823]: from='mgr.14120 172.21.15.43:0/1538160804' entity='mgr.x'
2024-03-28T22:25:14.767 INFO:journalctl@ceph.mon.a.smithi043.stdout:Mar 28 22:25:14 smithi043 ceph-mon[31823]: from='client.14144 -' entity='client.admin' cmd=[{"prefix": "orch apply", "service_type": "mgr", "unmanaged": true, "target": ["mon-mgr", ""]}]: dispatch
2024-03-28T22:25:14.767 INFO:journalctl@ceph.mon.a.smithi043.stdout:Mar 28 22:25:14 smithi043 ceph-mon[31823]: Saving service mgr spec with placement count:2
2024-03-28T22:25:14.767 INFO:journalctl@ceph.mon.a.smithi043.stdout:Mar 28 22:25:14 smithi043 ceph-mon[31823]: from='mgr.14120 172.21.15.43:0/1538160804' entity='mgr.x'
2024-03-28T22:25:14.767 INFO:journalctl@ceph.mon.a.smithi043.stdout:Mar 28 22:25:14 smithi043 ceph-mon[31823]: from='mgr.14120 172.21.15.43:0/1538160804' entity='mgr.x'
2024-03-28T22:25:15.775 INFO:teuthology.orchestra.run.smithi043.stdout:/usr/bin/ceph: stderr
2024-03-28T22:25:14.865+0000 7f791b000700 1 Processor -- start
2024-03-28T22:25:15.775 INFO:teuthology.orchestra.run.smithi043.stdout:/usr/bin/ceph: stderr
2024-03-28T22:25:14.865+0000 7f791b000700 1 -- start start
2024-03-28T22:25:15.775 INFO:teuthology.orchestra.run.smithi043.stdout:/usr/bin/ceph: stderr
2024-03-28T22:25:14.866+0000 7f791b000700 1 --2- >> [v2:172.21.15.43:3300/0,v1:172.21.15.43:6789/0] conn(0x7f7914105f80 0x7f79141063a0 unknown :-1 s=NONE pgs=0 cs=0 l=0 rev1=0 crypto rx=0 tx=0 comp rx=0 tx=0).connect
2024-03-28T22:25:15.775 INFO:teuthology.orchestra.run.smithi043.stdout:/usr/bin/ceph: stderr
2024-03-28T22:25:14.866+0000 7f791b000700 1 -- --> [v2:172.21.15.43:3300/0,v1:172.21.15.43:6789/0] -- mon_getmap magic: 0 -- 0x7f7914106970 con 0x7f7914105f80
2024-03-28T22:25:15.775 INFO:teuthology.orchestra.run.smithi043.stdout:/usr/bin/ceph: stderr
2024-03-28T22:25:14.866+0000 7f7913e00700 1 --2- >> [v2:172.21.15.43:3300/0,v1:172.21.15.43:6789/0] conn(0x7f7914105f80 0x7f79141063a0 unknown :-1 s=BANNER_CONNECTING pgs=0 cs=0 l=0 rev1=0 crypto rx=0 tx=0 comp rx=0 tx=0)._handle_peer_banner_payload supported=3 required=0
2024-03-28T22:25:15.775 INFO:teuthology.orchestra.run.smithi043.stdout:/usr/bin/ceph: stderr
2024-03-28T22:25:14.866+0000 7f7913e00700 1 --2- >> [v2:172.21.15.43:3300/0,v1:172.21.15.43:6789/0] conn(0x7f7914105f80 0x7f79141063a0 unknown :-1 s=HELLO_CONNECTING pgs=0 cs=0 l=0 rev1=1 crypto rx=0 tx=0 comp rx=0 tx=0).handle_hello peer v2:172.21.15.43:3300/0 says I am v2:172.21.15.43:32790/0 (socket says 172.21.15.43:32790)
2024-03-28T22:25:15.778 INFO:teuthology.orchestra.run.smithi043.stdout:/usr/bin/ceph: stderr
2024-03-28T22:25:14.866+0000 7f7913e00700 1 -- 172.21.15.43:0/3571779005 learned_addr learned my addr 172.21.15.43:0/3571779005 (peer_addr_for_me v2:172.21.15.43:0/0)
2024-03-28T22:25:15.778 INFO:teuthology.orchestra.run.smithi043.stdout:/usr/bin/ceph: stderr
2024-03-28T22:25:14.867+0000 7f7913e00700 1 -- 172.21.15.43:0/3571779005 --> [v2:172.21.15.43:3300/0,v1:172.21.15.43:6789/0] -- mon_subscribe({config=0+,monmap=0+}) -- 0x7f7914108f10 con 0x7f7914105f80
2024-03-28T22:25:15.778 INFO:teuthology.orchestra.run.smithi043.stdout:/usr/bin/ceph: stderr
2024-03-28T22:25:14.867+0000 7f7913e00700 1 --2- 172.21.15.43:0/3571779005 >> [v2:172.21.15.43:3300/0,v1:172.21.15.43:6789/0] conn(0x7f7914105f80 0x7f79141063a0 secure :-1 s=READY pgs=51 cs=0 l=1 rev1=1 crypto rx=0x7f79040098a0 tx=0x7f7904009bb0 comp rx=0 tx=0).ready entity=mon.0 client_cookie=49b5f63e6b9c7bc6 server_cookie=0 in_seq=0 out_seq=0
2024-03-28T22:25:15.778 INFO:teuthology.orchestra.run.smithi043.stdout:/usr/bin/ceph: stderr
2024-03-28T22:25:14.867+0000 7f7912a00700 1 -- 172.21.15.43:0/3571779005 <== mon.0 v2:172.21.15.43:3300/0 1 ==== mon_map magic: 0 ==== 205+0+0 (secure 0 0 0) 0x7f7904004160 con 0x7f7914105f80
2024-03-28T22:25:15.778 INFO:teuthology.orchestra.run.smithi043.stdout:/usr/bin/ceph: stderr
2024-03-28T22:25:14.867+0000 7f7912a00700 1 -- 172.21.15.43:0/3571779005 <== mon.0 v2:172.21.15.43:3300/0 2 ==== config(27 keys) ==== 1140+0+0 (secure 0 0 0) 0x7f7904004300 con 0x7f7914105f80
2024-03-28T22:25:15.778 INFO:teuthology.orchestra.run.smithi043.stdout:/usr/bin/ceph: stderr
2024-03-28T22:25:14.868+0000 7f7912a00700 1 -- 172.21.15.43:0/3571779005 <== mon.0 v2:172.21.15.43:3300/0 3 ==== mon_map magic: 0 ==== 205+0+0 (secure 0 0 0) 0x7f7904011b20 con 0x7f7914105f80
2024-03-28T22:25:15.778 INFO:teuthology.orchestra.run.smithi043.stdout:/usr/bin/ceph: stderr
2024-03-28T22:25:14.868+0000 7f791b000700 1 -- 172.21.15.43:0/3571779005 >> [v2:172.21.15.43:3300/0,v1:172.21.15.43:6789/0] conn(0x7f7914105f80 msgr2=0x7f79141063a0 secure :-1 s=STATE_CONNECTION_ESTABLISHED l=1).mark_down
2024-03-28T22:25:15.778 INFO:teuthology.orchestra.run.smithi043.stdout:/usr/bin/ceph: stderr
2024-03-28T22:25:14.868+0000 7f791b000700 1 --2- 172.21.15.43:0/3571779005 >> [v2:172.21.15.43:3300/0,v1:172.21.15.43:6789/0] conn(0x7f7914105f80 0x7f79141063a0 secure :-1 s=READY pgs=51 cs=0 l=1 rev1=1 crypto rx=0x7f79040098a0 tx=0x7f7904009bb0 comp rx=0 tx=0).stop
2024-03-28T22:25:15.779 INFO:teuthology.orchestra.run.smithi043.stdout:/usr/bin/ceph: stderr
2024-03-28T22:25:14.868+0000 7f791b000700 1 -- 172.21.15.43:0/3571779005 shutdown_connections
2024-03-28T22:25:15.779 INFO:teuthology.orchestra.run.smithi043.stdout:/usr/bin/ceph: stderr
2024-03-28T22:25:14.868+0000 7f791b000700 1 --2- 172.21.15.43:0/3571779005 >> [v2:172.21.15.43:3300/0,v1:172.21.15.43:6789/0] conn(0x7f7914105f80 0x7f79141063a0 unknown :-1 s=CLOSED pgs=51 cs=0 l=1 rev1=1 crypto rx=0 tx=0 comp rx=0 tx=0).stop
2024-03-28T22:25:15.779 INFO:teuthology.orchestra.run.smithi043.stdout:/usr/bin/ceph: stderr
2024-03-28T22:25:14.868+0000 7f791b000700 1 -- 172.21.15.43:0/3571779005 >> 172.21.15.43:0/3571779005 conn(0x7f79141018d0 msgr2=0x7f7914103cf0 unknown :-1 s=STATE_NONE l=0).mark_down
2024-03-28T22:25:15.779 INFO:teuthology.orchestra.run.smithi043.stdout:/usr/bin/ceph: stderr
2024-03-28T22:25:14.869+0000 7f791b000700 1 -- 172.21.15.43:0/3571779005 shutdown_connections
2024-03-28T22:25:15.779 INFO:teuthology.orchestra.run.smithi043.stdout:/usr/bin/ceph: stderr
2024-03-28T22:25:14.869+0000 7f791b000700 1 -- 172.21.15.43:0/3571779005 wait complete.
2024-03-28T22:25:15.779 INFO:teuthology.orchestra.run.smithi043.stdout:/usr/bin/ceph: stderr
2024-03-28T22:25:14.870+0000 7f791b000700 1 Processor -- start
2024-03-28T22:25:15.779 INFO:teuthology.orchestra.run.smithi043.stdout:/usr/bin/ceph: stderr
2024-03-28T22:25:14.870+0000 7f791b000700 1 -- start start
2024-03-28T22:25:15.779 INFO:teuthology.orchestra.run.smithi043.stdout:/usr/bin/ceph: stderr
2024-03-28T22:25:14.870+0000 7f791b000700 1 --2- >> [v2:172.21.15.43:3300/0,v1:172.21.15.43:6789/0] conn(0x7f7914105f80 0x7f791419de60 unknown :-1 s=NONE pgs=0 cs=0 l=1 rev1=0 crypto rx=0 tx=0 comp rx=0 tx=0).connect
2024-03-28T22:25:15.779 INFO:teuthology.orchestra.run.smithi043.stdout:/usr/bin/ceph: stderr
2024-03-28T22:25:14.870+0000 7f791b000700 1 -- --> [v2:172.21.15.43:3300/0,v1:172.21.15.43:6789/0] -- mon_getmap magic: 0 -- 0x7f791410c2c0 con 0x7f7914105f80
2024-03-28T22:25:15.779 INFO:teuthology.orchestra.run.smithi043.stdout:/usr/bin/ceph: stderr
2024-03-28T22:25:14.870+0000 7f7913e00700 1 --2- >> [v2:172.21.15.43:3300/0,v1:172.21.15.43:6789/0] conn(0x7f7914105f80 0x7f791419de60 unknown :-1 s=BANNER_CONNECTING pgs=0 cs=0 l=1 rev1=0 crypto rx=0 tx=0 comp rx=0 tx=0)._handle_peer_banner_payload supported=3 required=0
2024-03-28T22:25:15.779 INFO:teuthology.orchestra.run.smithi043.stdout:/usr/bin/ceph: stderr
2024-03-28T22:25:14.870+0000 7f7913e00700 1 --2- >> [v2:172.21.15.43:3300/0,v1:172.21.15.43:6789/0] conn(0x7f7914105f80 0x7f791419de60 unknown :-1 s=HELLO_CONNECTING pgs=0 cs=0 l=1 rev1=1 crypto rx=0 tx=0 comp rx=0 tx=0).handle_hello peer v2:172.21.15.43:3300/0 says I am v2:172.21.15.43:32804/0 (socket says 172.21.15.43:32804)
2024-03-28T22:25:15.779 INFO:teuthology.orchestra.run.smithi043.stdout:/usr/bin/ceph: stderr
2024-03-28T22:25:14.870+0000 7f7913e00700 1 -- 172.21.15.43:0/1273979528 learned_addr learned my addr 172.21.15.43:0/1273979528 (peer_addr_for_me v2:172.21.15.43:0/0)
2024-03-28T22:25:15.779 INFO:teuthology.orchestra.run.smithi043.stdout:/usr/bin/ceph: stderr
2024-03-28T22:25:14.871+0000 7f7913e00700 1 -- 172.21.15.43:0/1273979528 --> [v2:172.21.15.43:3300/0,v1:172.21.15.43:6789/0] -- mon_subscribe({config=0+,monmap=0+}) -- 0x7f791419e3a0 con 0x7f7914105f80
2024-03-28T22:25:15.779 INFO:teuthology.orchestra.run.smithi043.stdout:/usr/bin/ceph: stderr
2024-03-28T22:25:14.871+0000 7f7913e00700 1 --2- 172.21.15.43:0/1273979528 >> [v2:172.21.15.43:3300/0,v1:172.21.15.43:6789/0] conn(0x7f7914105f80 0x7f791419de60 secure :-1 s=READY pgs=52 cs=0 l=1 rev1=1 crypto rx=0x7f79040117e0 tx=0x7f7904011ba0 comp rx=0 tx=0).ready entity=mon.0 client_cookie=0 server_cookie=0 in_seq=0 out_seq=0
2024-03-28T22:25:15.779 INFO:teuthology.orchestra.run.smithi043.stdout:/usr/bin/ceph: stderr
2024-03-28T22:25:14.871+0000 7f7910c00700 1 -- 172.21.15.43:0/1273979528 <== mon.0 v2:172.21.15.43:3300/0 1 ==== mon_map magic: 0 ==== 205+0+0 (secure 0 0 0) 0x7f7904003bf0 con 0x7f7914105f80
2024-03-28T22:25:15.782 INFO:teuthology.orchestra.run.smithi043.stdout:/usr/bin/ceph: stderr
2024-03-28T22:25:14.871+0000 7f7910c00700 1 -- 172.21.15.43:0/1273979528 <== mon.0 v2:172.21.15.43:3300/0 2 ==== config(27 keys) ==== 1140+0+0 (secure 0 0 0) 0x7f790401a910 con 0x7f7914105f80
2024-03-28T22:25:15.782 INFO:teuthology.orchestra.run.smithi043.stdout:/usr/bin/ceph: stderr
2024-03-28T22:25:14.871+0000 7f791b000700 1 -- 172.21.15.43:0/1273979528 --> [v2:172.21.15.43:3300/0,v1:172.21.15.43:6789/0] -- mon_subscribe({mgrmap=0+}) -- 0x7f791419e630 con 0x7f7914105f80
2024-03-28T22:25:15.782 INFO:teuthology.orchestra.run.smithi043.stdout:/usr/bin/ceph: stderr
2024-03-28T22:25:14.871+0000 7f7910c00700 1 -- 172.21.15.43:0/1273979528 <== mon.0 v2:172.21.15.43:3300/0 3 ==== mon_map magic: 0 ==== 205+0+0 (secure 0 0 0) 0x7f7904024970 con 0x7f7914105f80
2024-03-28T22:25:15.782 INFO:teuthology.orchestra.run.smithi043.stdout:/usr/bin/ceph: stderr
2024-03-28T22:25:14.872+0000 7f791b000700 1 -- 172.21.15.43:0/1273979528 --> [v2:172.21.15.43:3300/0,v1:172.21.15.43:6789/0] -- mon_subscribe({osdmap=0}) -- 0x7f791419ea90 con 0x7f7914105f80
2024-03-28T22:25:15.782 INFO:teuthology.orchestra.run.smithi043.stdout:/usr/bin/ceph: stderr
2024-03-28T22:25:14.873+0000 7f791b000700 1 -- 172.21.15.43:0/1273979528 --> [v2:172.21.15.43:3300/0,v1:172.21.15.43:6789/0] -- mon_command({"prefix": "get_command_descriptions"} v 0) -- 0x7f7914063870 con 0x7f7914105f80
2024-03-28T22:25:15.782 INFO:teuthology.orchestra.run.smithi043.stdout:/usr/bin/ceph: stderr
2024-03-28T22:25:14.873+0000 7f7910c00700 1 -- 172.21.15.43:0/1273979528 <== mon.0 v2:172.21.15.43:3300/0 4 ==== mgrmap(e 8) ==== 45928+0+0 (secure 0 0 0) 0x7f7904022020 con 0x7f7914105f80
2024-03-28T22:25:15.782 INFO:teuthology.orchestra.run.smithi043.stdout:/usr/bin/ceph: stderr
2024-03-28T22:25:14.873+0000 7f7910c00700 1 --2- 172.21.15.43:0/1273979528 >> [v2:172.21.15.43:6800/3517712438,v1:172.21.15.43:6801/3517712438] conn(0x7f78f8038bf0 0x7f78f803b0b0 unknown :-1 s=NONE pgs=0 cs=0 l=1 rev1=0 crypto rx=0 tx=0 comp rx=0 tx=0).connect
2024-03-28T22:25:15.782 INFO:teuthology.orchestra.run.smithi043.stdout:/usr/bin/ceph: stderr
2024-03-28T22:25:14.873+0000 7f7910c00700 1 -- 172.21.15.43:0/1273979528 <== mon.0 v2:172.21.15.43:3300/0 5 ==== osd_map(2..2 src has 1..2) ==== 940+0+0 (secure 0 0 0) 0x7f790404cd70 con 0x7f7914105f80
2024-03-28T22:25:15.783 INFO:teuthology.orchestra.run.smithi043.stdout:/usr/bin/ceph: stderr
2024-03-28T22:25:14.874+0000 7f7913400700 1 --2- 172.21.15.43:0/1273979528 >> [v2:172.21.15.43:6800/3517712438,v1:172.21.15.43:6801/3517712438] conn(0x7f78f8038bf0 0x7f78f803b0b0 unknown :-1 s=BANNER_CONNECTING pgs=0 cs=0 l=1 rev1=0 crypto rx=0 tx=0 comp rx=0 tx=0)._handle_peer_banner_payload supported=3 required=0
2024-03-28T22:25:15.783 INFO:teuthology.orchestra.run.smithi043.stdout:/usr/bin/ceph: stderr
2024-03-28T22:25:14.874+0000 7f7913400700 1 --2- 172.21.15.43:0/1273979528 >> [v2:172.21.15.43:6800/3517712438,v1:172.21.15.43:6801/3517712438] conn(0x7f78f8038bf0 0x7f78f803b0b0 secure :-1 s=READY pgs=14 cs=0 l=1 rev1=1 crypto rx=0x7f7900006fd0 tx=0x7f7900006e40 comp rx=0 tx=0).ready entity=mgr.14120 client_cookie=0 server_cookie=0 in_seq=0 out_seq=0
2024-03-28T22:25:15.783 INFO:teuthology.orchestra.run.smithi043.stdout:/usr/bin/ceph: stderr
2024-03-28T22:25:14.878+0000 7f7910c00700 1 -- 172.21.15.43:0/1273979528 <== mon.0 v2:172.21.15.43:3300/0 6 ==== mon_command_ack([{"prefix": "get_command_descriptions"}]=0 v0) ==== 72+0+184932 (secure 0 0 0) 0x7f7904051070 con 0x7f7914105f80
2024-03-28T22:25:15.783 INFO:teuthology.orchestra.run.smithi043.stdout:/usr/bin/ceph: stderr
2024-03-28T22:25:15.136+0000 7f791b000700 1 -- 172.21.15.43:0/1273979528 --> [v2:172.21.15.43:3300/0,v1:172.21.15.43:6789/0] -- mon_command([{prefix=config set, name=mgr/cephadm/container_init}] v 0) -- 0x7f79141a1320 con 0x7f7914105f80
2024-03-28T22:25:15.783 INFO:teuthology.orchestra.run.smithi043.stdout:/usr/bin/ceph: stderr
2024-03-28T22:25:15.141+0000 7f7910c00700 1 -- 172.21.15.43:0/1273979528 <== mon.0 v2:172.21.15.43:3300/0 7 ==== mon_command_ack([{prefix=config set, name=mgr/cephadm/container_init}]=0 v7)=0 v7) ==== 142+0+0 (secure 0 0 0) 0x7f790401ab70 con 0x7f7914105f80
2024-03-28T22:25:15.783 INFO:teuthology.orchestra.run.smithi043.stdout:/usr/bin/ceph: stderr
2024-03-28T22:25:15.144+0000 7f791b000700 1 -- 172.21.15.43:0/1273979528 >> [v2:172.21.15.43:6800/3517712438,v1:172.21.15.43:6801/3517712438] conn(0x7f78f8038bf0 msgr2=0x7f78f803b0b0 secure :-1 s=STATE_CONNECTION_ESTABLISHED l=1).mark_down
2024-03-28T22:25:15.783 INFO:teuthology.orchestra.run.smithi043.stdout:/usr/bin/ceph: stderr
2024-03-28T22:25:15.144+0000 7f791b000700 1 --2- 172.21.15.43:0/1273979528 >> [v2:172.21.15.43:6800/3517712438,v1:172.21.15.43:6801/3517712438] conn(0x7f78f8038bf0 0x7f78f803b0b0 secure :-1 s=READY pgs=14 cs=0 l=1 rev1=1 crypto rx=0x7f7900006fd0 tx=0x7f7900006e40 comp rx=0 tx=0).stop
2024-03-28T22:25:15.783 INFO:teuthology.orchestra.run.smithi043.stdout:/usr/bin/ceph: stderr
2024-03-28T22:25:15.144+0000 7f791b000700 1 -- 172.21.15.43:0/1273979528 >> [v2:172.21.15.43:3300/0,v1:172.21.15.43:6789/0] conn(0x7f7914105f80 msgr2=0x7f791419de60 secure :-1 s=STATE_CONNECTION_ESTABLISHED l=1).mark_down
2024-03-28T22:25:15.783 INFO:teuthology.orchestra.run.smithi043.stdout:/usr/bin/ceph: stderr
2024-03-28T22:25:15.144+0000 7f791b000700 1 --2- 172.21.15.43:0/1273979528 >> [v2:172.21.15.43:3300/0,v1:172.21.15.43:6789/0] conn(0x7f7914105f80 0x7f791419de60 secure :-1 s=READY pgs=52 cs=0 l=1 rev1=1 crypto rx=0x7f79040117e0 tx=0x7f7904011ba0 comp rx=0 tx=0).stop
2024-03-28T22:25:15.783 INFO:teuthology.orchestra.run.smithi043.stdout:/usr/bin/ceph: stderr
2024-03-28T22:25:15.144+0000 7f791b000700 1 -- 172.21.15.43:0/1273979528 shutdown_connections
2024-03-28T22:25:15.783 INFO:teuthology.orchestra.run.smithi043.stdout:/usr/bin/ceph: stderr
2024-03-28T22:25:15.144+0000 7f791b000700 1 --2- 172.21.15.43:0/1273979528 >> [v2:172.21.15.43:6800/3517712438,v1:172.21.15.43:6801/3517712438] conn(0x7f78f8038bf0 0x7f78f803b0b0 unknown :-1 s=CLOSED pgs=14 cs=0 l=1 rev1=1 crypto rx=0 tx=0 comp rx=0 tx=0).stop
2024-03-28T22:25:15.783 INFO:teuthology.orchestra.run.smithi043.stdout:/usr/bin/ceph: stderr
2024-03-28T22:25:15.144+0000 7f791b000700 1 --2- 172.21.15.43:0/1273979528 >> [v2:172.21.15.43:3300/0,v1:172.21.15.43:6789/0] conn(0x7f7914105f80 0x7f791419de60 unknown :-1 s=CLOSED pgs=52 cs=0 l=1 rev1=1 crypto rx=0 tx=0 comp rx=0 tx=0).stop
2024-03-28T22:25:15.783 INFO:teuthology.orchestra.run.smithi043.stdout:/usr/bin/ceph: stderr
2024-03-28T22:25:15.144+0000 7f791b000700 1 -- 172.21.15.43:0/1273979528 >> 172.21.15.43:0/1273979528 conn(0x7f79141018d0 msgr2=0x7f79141022d0 unknown :-1 s=STATE_NONE l=0).mark_down
2024-03-28T22:25:15.784 INFO:teuthology.orchestra.run.smithi043.stdout:/usr/bin/ceph: stderr
2024-03-28T22:25:15.145+0000 7f791b000700 1 -- 172.21.15.43:0/1273979528 shutdown_connections
2024-03-28T22:25:15.784 INFO:teuthology.orchestra.run.smithi043.stdout:/usr/bin/ceph: stderr
2024-03-28T22:25:15.145+0000 7f791b000700 1 -- 172.21.15.43:0/1273979528 wait complete.
2024-03-28T22:25:16.517 INFO:journalctl@ceph.mon.a.smithi043.stdout:Mar 28 22:25:16 smithi043 ceph-mon[31823]: pgmap v4: 0 pgs: ; 0 B data, 0 B used, 0 B / 0 B avail
2024-03-28T22:25:16.517 INFO:journalctl@ceph.mon.a.smithi043.stdout:Mar 28 22:25:16 smithi043 ceph-mon[31823]: from='client.? 172.21.15.43:0/1273979528' entity='client.admin'
2024-03-28T22:25:17.736 INFO:teuthology.orchestra.run.smithi043.stdout:/usr/bin/ceph: stderr
2024-03-28T22:25:16.804+0000 7f6019400700 1 Processor -- start
2024-03-28T22:25:17.738 INFO:teuthology.orchestra.run.smithi043.stdout:/usr/bin/ceph: stderr
2024-03-28T22:25:16.804+0000 7f6019400700 1 -- start start
2024-03-28T22:25:17.738 INFO:teuthology.orchestra.run.smithi043.stdout:/usr/bin/ceph: stderr
2024-03-28T22:25:16.804+0000 7f6019400700 1 --2- >> [v2:172.21.15.43:3300/0,v1:172.21.15.43:6789/0] conn(0x7f6014107d80 0x7f60141081a0 unknown :-1 s=NONE pgs=0 cs=0 l=0 rev1=0 crypto rx=0 tx=0 comp rx=0 tx=0).connect
2024-03-28T22:25:17.738 INFO:teuthology.orchestra.run.smithi043.stdout:/usr/bin/ceph: stderr
2024-03-28T22:25:16.805+0000 7f6019400700 1 -- --> [v2:172.21.15.43:3300/0,v1:172.21.15.43:6789/0] -- mon_getmap magic: 0 -- 0x7f6014108770 con 0x7f6014107d80
2024-03-28T22:25:17.738 INFO:teuthology.orchestra.run.smithi043.stdout:/usr/bin/ceph: stderr
2024-03-28T22:25:16.805+0000 7f6012800700 1 --2- >> [v2:172.21.15.43:3300/0,v1:172.21.15.43:6789/0] conn(0x7f6014107d80 0x7f60141081a0 unknown :-1 s=BANNER_CONNECTING pgs=0 cs=0 l=0 rev1=0 crypto rx=0 tx=0 comp rx=0 tx=0)._handle_peer_banner_payload supported=3 required=0
2024-03-28T22:25:17.738 INFO:teuthology.orchestra.run.smithi043.stdout:/usr/bin/ceph: stderr
2024-03-28T22:25:16.805+0000 7f6012800700 1 --2- >> [v2:172.21.15.43:3300/0,v1:172.21.15.43:6789/0] conn(0x7f6014107d80 0x7f60141081a0 unknown :-1 s=HELLO_CONNECTING pgs=0 cs=0 l=0 rev1=1 crypto rx=0 tx=0 comp rx=0 tx=0).handle_hello peer v2:172.21.15.43:3300/0 says I am v2:172.21.15.43:36918/0 (socket says 172.21.15.43:36918)
2024-03-28T22:25:17.738 INFO:teuthology.orchestra.run.smithi043.stdout:/usr/bin/ceph: stderr
2024-03-28T22:25:16.805+0000 7f6012800700 1 -- 172.21.15.43:0/583394391 learned_addr learned my addr 172.21.15.43:0/583394391 (peer_addr_for_me v2:172.21.15.43:0/0)
2024-03-28T22:25:17.738 INFO:teuthology.orchestra.run.smithi043.stdout:/usr/bin/ceph: stderr
2024-03-28T22:25:16.806+0000 7f6012800700 1 -- 172.21.15.43:0/583394391 --> [v2:172.21.15.43:3300/0,v1:172.21.15.43:6789/0] -- mon_subscribe({config=0+,monmap=0+}) -- 0x7f6014108ee0 con 0x7f6014107d80
2024-03-28T22:25:17.738 INFO:teuthology.orchestra.run.smithi043.stdout:/usr/bin/ceph: stderr
2024-03-28T22:25:16.806+0000 7f6012800700 1 --2- 172.21.15.43:0/583394391 >> [v2:172.21.15.43:3300/0,v1:172.21.15.43:6789/0] conn(0x7f6014107d80 0x7f60141081a0 secure :-1 s=READY pgs=53 cs=0 l=1 rev1=1 crypto rx=0x7f60040098a0 tx=0x7f6004009bb0 comp rx=0 tx=0).ready entity=mon.0 client_cookie=8131c614d0c20f7d server_cookie=0 in_seq=0 out_seq=0
2024-03-28T22:25:17.738 INFO:teuthology.orchestra.run.smithi043.stdout:/usr/bin/ceph: stderr
2024-03-28T22:25:16.806+0000 7f6011400700 1 -- 172.21.15.43:0/583394391 <== mon.0 v2:172.21.15.43:3300/0 1 ==== mon_map magic: 0 ==== 205+0+0 (secure 0 0 0) 0x7f6004004160 con 0x7f6014107d80
2024-03-28T22:25:17.739 INFO:teuthology.orchestra.run.smithi043.stdout:/usr/bin/ceph: stderr
2024-03-28T22:25:16.806+0000 7f6011400700 1 -- 172.21.15.43:0/583394391 <== mon.0 v2:172.21.15.43:3300/0 2 ==== config(27 keys) ==== 1140+0+0 (secure 0 0 0) 0x7f6004004300 con 0x7f6014107d80
2024-03-28T22:25:17.739 INFO:teuthology.orchestra.run.smithi043.stdout:/usr/bin/ceph: stderr
2024-03-28T22:25:16.806+0000 7f6011400700 1 -- 172.21.15.43:0/583394391 <== mon.0 v2:172.21.15.43:3300/0 3 ==== mon_map magic: 0 ==== 205+0+0 (secure 0 0 0) 0x7f6004011b20 con 0x7f6014107d80
2024-03-28T22:25:17.739 INFO:teuthology.orchestra.run.smithi043.stdout:/usr/bin/ceph: stderr
2024-03-28T22:25:16.808+0000 7f6019400700 1 -- 172.21.15.43:0/583394391 >> [v2:172.21.15.43:3300/0,v1:172.21.15.43:6789/0] conn(0x7f6014107d80 msgr2=0x7f60141081a0 secure :-1 s=STATE_CONNECTION_ESTABLISHED l=1).mark_down
2024-03-28T22:25:17.739 INFO:teuthology.orchestra.run.smithi043.stdout:/usr/bin/ceph: stderr
2024-03-28T22:25:16.808+0000 7f6019400700 1 --2- 172.21.15.43:0/583394391 >> [v2:172.21.15.43:3300/0,v1:172.21.15.43:6789/0] conn(0x7f6014107d80 0x7f60141081a0 secure :-1 s=READY pgs=53 cs=0 l=1 rev1=1 crypto rx=0x7f60040098a0 tx=0x7f6004009bb0 comp rx=0 tx=0).stop
2024-03-28T22:25:17.742 INFO:teuthology.orchestra.run.smithi043.stdout:/usr/bin/ceph: stderr
2024-03-28T22:25:16.808+0000 7f6019400700 1 -- 172.21.15.43:0/583394391 shutdown_connections
2024-03-28T22:25:17.743 INFO:teuthology.orchestra.run.smithi043.stdout:/usr/bin/ceph: stderr
2024-03-28T22:25:16.808+0000 7f6019400700 1 --2- 172.21.15.43:0/583394391 >> [v2:172.21.15.43:3300/0,v1:172.21.15.43:6789/0] conn(0x7f6014107d80 0x7f60141081a0 unknown :-1 s=CLOSED pgs=53 cs=0 l=1 rev1=1 crypto rx=0 tx=0 comp rx=0 tx=0).stop
2024-03-28T22:25:17.743 INFO:teuthology.orchestra.run.smithi043.stdout:/usr/bin/ceph: stderr
2024-03-28T22:25:16.808+0000 7f6019400700 1 -- 172.21.15.43:0/583394391 >> 172.21.15.43:0/583394391 conn(0x7f6014103340 msgr2=0x7f6014105760 unknown :-1 s=STATE_NONE l=0).mark_down
2024-03-28T22:25:17.743 INFO:teuthology.orchestra.run.smithi043.stdout:/usr/bin/ceph: stderr
2024-03-28T22:25:16.808+0000 7f6019400700 1 -- 172.21.15.43:0/583394391 shutdown_connections
2024-03-28T22:25:17.743 INFO:teuthology.orchestra.run.smithi043.stdout:/usr/bin/ceph: stderr
2024-03-28T22:25:16.808+0000 7f6019400700 1 -- 172.21.15.43:0/583394391 wait complete.
2024-03-28T22:25:17.743 INFO:teuthology.orchestra.run.smithi043.stdout:/usr/bin/ceph: stderr
2024-03-28T22:25:16.809+0000 7f6019400700 1 Processor -- start
2024-03-28T22:25:17.743 INFO:teuthology.orchestra.run.smithi043.stdout:/usr/bin/ceph: stderr
2024-03-28T22:25:16.809+0000 7f6019400700 1 -- start start
2024-03-28T22:25:17.743 INFO:teuthology.orchestra.run.smithi043.stdout:/usr/bin/ceph: stderr
2024-03-28T22:25:16.810+0000 7f6019400700 1 --2- >> [v2:172.21.15.43:3300/0,v1:172.21.15.43:6789/0] conn(0x7f6014107d80 0x7f601419de70 unknown :-1 s=NONE pgs=0 cs=0 l=1 rev1=0 crypto rx=0 tx=0 comp rx=0 tx=0).connect
2024-03-28T22:25:17.743 INFO:teuthology.orchestra.run.smithi043.stdout:/usr/bin/ceph: stderr
2024-03-28T22:25:16.810+0000 7f6019400700 1 -- --> [v2:172.21.15.43:3300/0,v1:172.21.15.43:6789/0] -- mon_getmap magic: 0 -- 0x7f601410c290 con 0x7f6014107d80
2024-03-28T22:25:17.743 INFO:teuthology.orchestra.run.smithi043.stdout:/usr/bin/ceph: stderr
2024-03-28T22:25:16.810+0000 7f6012800700 1 --2- >> [v2:172.21.15.43:3300/0,v1:172.21.15.43:6789/0] conn(0x7f6014107d80 0x7f601419de70 unknown :-1 s=BANNER_CONNECTING pgs=0 cs=0 l=1 rev1=0 crypto rx=0 tx=0 comp rx=0 tx=0)._handle_peer_banner_payload supported=3 required=0
2024-03-28T22:25:17.743 INFO:teuthology.orchestra.run.smithi043.stdout:/usr/bin/ceph: stderr
2024-03-28T22:25:16.810+0000 7f6012800700 1 --2- >> [v2:172.21.15.43:3300/0,v1:172.21.15.43:6789/0] conn(0x7f6014107d80 0x7f601419de70 unknown :-1 s=HELLO_CONNECTING pgs=0 cs=0 l=1 rev1=1 crypto rx=0 tx=0 comp rx=0 tx=0).handle_hello peer v2:172.21.15.43:3300/0 says I am v2:172.21.15.43:36934/0 (socket says 172.21.15.43:36934)
2024-03-28T22:25:17.743 INFO:teuthology.orchestra.run.smithi043.stdout:/usr/bin/ceph: stderr
2024-03-28T22:25:16.810+0000 7f6012800700 1 -- 172.21.15.43:0/477336173 learned_addr learned my addr 172.21.15.43:0/477336173 (peer_addr_for_me v2:172.21.15.43:0/0)
2024-03-28T22:25:17.743 INFO:teuthology.orchestra.run.smithi043.stdout:/usr/bin/ceph: stderr
2024-03-28T22:25:16.810+0000 7f6012800700 1 -- 172.21.15.43:0/477336173 --> [v2:172.21.15.43:3300/0,v1:172.21.15.43:6789/0] -- mon_subscribe({config=0+,monmap=0+}) -- 0x7f601419e3b0 con 0x7f6014107d80
2024-03-28T22:25:17.743 INFO:teuthology.orchestra.run.smithi043.stdout:/usr/bin/ceph: stderr
2024-03-28T22:25:16.811+0000 7f6012800700 1 --2- 172.21.15.43:0/477336173 >> [v2:172.21.15.43:3300/0,v1:172.21.15.43:6789/0] conn(0x7f6014107d80 0x7f601419de70 secure :-1 s=READY pgs=54 cs=0 l=1 rev1=1 crypto rx=0x7f6004000c00 tx=0x7f6004011c10 comp rx=0 tx=0).ready entity=mon.0 client_cookie=0 server_cookie=0 in_seq=0 out_seq=0
2024-03-28T22:25:17.743 INFO:teuthology.orchestra.run.smithi043.stdout:/usr/bin/ceph: stderr
2024-03-28T22:25:16.811+0000 7f600b400700 1 -- 172.21.15.43:0/477336173 <== mon.0 v2:172.21.15.43:3300/0 1 ==== mon_map magic: 0 ==== 205+0+0 (secure 0 0 0) 0x7f6004003b60 con 0x7f6014107d80
2024-03-28T22:25:17.743 INFO:teuthology.orchestra.run.smithi043.stdout:/usr/bin/ceph: stderr
2024-03-28T22:25:16.811+0000 7f6019400700 1 -- 172.21.15.43:0/477336173 --> [v2:172.21.15.43:3300/0,v1:172.21.15.43:6789/0] -- mon_subscribe({mgrmap=0+}) -- 0x7f601419e640 con 0x7f6014107d80
2024-03-28T22:25:17.744 INFO:teuthology.orchestra.run.smithi043.stdout:/usr/bin/ceph: stderr
2024-03-28T22:25:16.811+0000 7f600b400700 1 -- 172.21.15.43:0/477336173 <== mon.0 v2:172.21.15.43:3300/0 2 ==== config(27 keys) ==== 1140+0+0 (secure 0 0 0) 0x7f600401a910 con 0x7f6014107d80
2024-03-28T22:25:17.744 INFO:teuthology.orchestra.run.smithi043.stdout:/usr/bin/ceph: stderr
2024-03-28T22:25:16.811+0000 7f600b400700 1 -- 172.21.15.43:0/477336173 <== mon.0 v2:172.21.15.43:3300/0 3 ==== mon_map magic: 0 ==== 205+0+0 (secure 0 0 0) 0x7f6004024930 con 0x7f6014107d80
2024-03-28T22:25:17.744 INFO:teuthology.orchestra.run.smithi043.stdout:/usr/bin/ceph: stderr
2024-03-28T22:25:16.811+0000 7f6019400700 1 -- 172.21.15.43:0/477336173 --> [v2:172.21.15.43:3300/0,v1:172.21.15.43:6789/0] -- mon_subscribe({osdmap=0}) -- 0x7f601419eaa0 con 0x7f6014107d80
2024-03-28T22:25:17.744 INFO:teuthology.orchestra.run.smithi043.stdout:/usr/bin/ceph: stderr
2024-03-28T22:25:16.812+0000 7f6019400700 1 -- 172.21.15.43:0/477336173 --> [v2:172.21.15.43:3300/0,v1:172.21.15.43:6789/0] -- mon_command({"prefix": "get_command_descriptions"} v 0) -- 0x7f6014063870 con 0x7f6014107d80
2024-03-28T22:25:17.744 INFO:teuthology.orchestra.run.smithi043.stdout:/usr/bin/ceph: stderr
2024-03-28T22:25:16.813+0000 7f600b400700 1 -- 172.21.15.43:0/477336173 <== mon.0 v2:172.21.15.43:3300/0 4 ==== mgrmap(e 8) ==== 45928+0+0 (secure 0 0 0) 0x7f6004022020 con 0x7f6014107d80
2024-03-28T22:25:17.744 INFO:teuthology.orchestra.run.smithi043.stdout:/usr/bin/ceph: stderr
2024-03-28T22:25:16.813+0000 7f600b400700 1 --2- 172.21.15.43:0/477336173 >> [v2:172.21.15.43:6800/3517712438,v1:172.21.15.43:6801/3517712438] conn(0x7f5ff8038ba0 0x7f5ff803b060 unknown :-1 s=NONE pgs=0 cs=0 l=1 rev1=0 crypto rx=0 tx=0 comp rx=0 tx=0).connect
2024-03-28T22:25:17.744 INFO:teuthology.orchestra.run.smithi043.stdout:/usr/bin/ceph: stderr
2024-03-28T22:25:16.813+0000 7f600b400700 1 -- 172.21.15.43:0/477336173 <== mon.0 v2:172.21.15.43:3300/0 5 ==== osd_map(2..2 src has 1..2) ==== 940+0+0 (secure 0 0 0) 0x7f600404cc20 con 0x7f6014107d80
2024-03-28T22:25:17.744 INFO:teuthology.orchestra.run.smithi043.stdout:/usr/bin/ceph: stderr
2024-03-28T22:25:16.814+0000 7f6011e00700 1 --2- 172.21.15.43:0/477336173 >> [v2:172.21.15.43:6800/3517712438,v1:172.21.15.43:6801/3517712438] conn(0x7f5ff8038ba0 0x7f5ff803b060 unknown :-1 s=BANNER_CONNECTING pgs=0 cs=0 l=1 rev1=0 crypto rx=0 tx=0 comp rx=0 tx=0)._handle_peer_banner_payload supported=3 required=0
2024-03-28T22:25:17.744 INFO:teuthology.orchestra.run.smithi043.stdout:/usr/bin/ceph: stderr
2024-03-28T22:25:16.815+0000 7f6011e00700 1 --2- 172.21.15.43:0/477336173 >> [v2:172.21.15.43:6800/3517712438,v1:172.21.15.43:6801/3517712438] conn(0x7f5ff8038ba0 0x7f5ff803b060 secure :-1 s=READY pgs=15 cs=0 l=1 rev1=1 crypto rx=0x7f6000006fd0 tx=0x7f6000006e40 comp rx=0 tx=0).ready entity=mgr.14120 client_cookie=0 server_cookie=0 in_seq=0 out_seq=0
2024-03-28T22:25:17.744 INFO:teuthology.orchestra.run.smithi043.stdout:/usr/bin/ceph: stderr
2024-03-28T22:25:16.819+0000 7f600b400700 1 -- 172.21.15.43:0/477336173 <== mon.0 v2:172.21.15.43:3300/0 6 ==== mon_command_ack([{"prefix": "get_command_descriptions"}]=0 v0) ==== 72+0+184932 (secure 0 0 0) 0x7f600401aac0 con 0x7f6014107d80
2024-03-28T22:25:17.744 INFO:teuthology.orchestra.run.smithi043.stdout:/usr/bin/ceph: stderr
2024-03-28T22:25:17.057+0000 7f6019400700 1 -- 172.21.15.43:0/477336173 --> [v2:172.21.15.43:3300/0,v1:172.21.15.43:6789/0] -- mon_command([{prefix=config set, name=mgr/dashboard/ssl_server_port}] v 0) -- 0x7f60141a1530 con 0x7f6014107d80
2024-03-28T22:25:17.744 INFO:teuthology.orchestra.run.smithi043.stdout:/usr/bin/ceph: stderr
2024-03-28T22:25:17.060+0000 7f600b400700 1 -- 172.21.15.43:0/477336173 <== mon.0 v2:172.21.15.43:3300/0 7 ==== mon_command_ack([{prefix=config set, name=mgr/dashboard/ssl_server_port}]=0 v8)=0 v8) ==== 130+0+0 (secure 0 0 0) 0x7f600402d3f0 con 0x7f6014107d80
2024-03-28T22:25:17.744 INFO:teuthology.orchestra.run.smithi043.stdout:/usr/bin/ceph: stderr
2024-03-28T22:25:17.064+0000 7f6019400700 1 -- 172.21.15.43:0/477336173 >> [v2:172.21.15.43:6800/3517712438,v1:172.21.15.43:6801/3517712438] conn(0x7f5ff8038ba0 msgr2=0x7f5ff803b060 secure :-1 s=STATE_CONNECTION_ESTABLISHED l=1).mark_down
2024-03-28T22:25:17.744 INFO:teuthology.orchestra.run.smithi043.stdout:/usr/bin/ceph: stderr
2024-03-28T22:25:17.064+0000 7f6019400700 1 --2- 172.21.15.43:0/477336173 >> [v2:172.21.15.43:6800/3517712438,v1:172.21.15.43:6801/3517712438] conn(0x7f5ff8038ba0 0x7f5ff803b060 secure :-1 s=READY pgs=15 cs=0 l=1 rev1=1 crypto rx=0x7f6000006fd0 tx=0x7f6000006e40 comp rx=0 tx=0).stop
2024-03-28T22:25:17.744 INFO:teuthology.orchestra.run.smithi043.stdout:/usr/bin/ceph: stderr
2024-03-28T22:25:17.064+0000 7f6019400700 1 -- 172.21.15.43:0/477336173 >> [v2:172.21.15.43:3300/0,v1:172.21.15.43:6789/0] conn(0x7f6014107d80 msgr2=0x7f601419de70 secure :-1 s=STATE_CONNECTION_ESTABLISHED l=1).mark_down
2024-03-28T22:25:17.745 INFO:teuthology.orchestra.run.smithi043.stdout:/usr/bin/ceph: stderr
2024-03-28T22:25:17.064+0000 7f6019400700 1 --2- 172.21.15.43:0/477336173 >> [v2:172.21.15.43:3300/0,v1:172.21.15.43:6789/0] conn(0x7f6014107d80 0x7f601419de70 secure :-1 s=READY pgs=54 cs=0 l=1 rev1=1 crypto rx=0x7f6004000c00 tx=0x7f6004011c10 comp rx=0 tx=0).stop
2024-03-28T22:25:17.745 INFO:teuthology.orchestra.run.smithi043.stdout:/usr/bin/ceph: stderr
2024-03-28T22:25:17.064+0000 7f6019400700 1 -- 172.21.15.43:0/477336173 shutdown_connections
