2024-03-28T22:25:32.864+0000 7f0fe7e00700 1 -- 172.21.15.43:0/1887129795 shutdown_connections
2024-03-28T22:25:33.527 INFO:teuthology.orchestra.run.smithi043.stdout:/usr/bin/ceph: stderr
2024-03-28T22:25:32.864+0000 7f0fe7e00700 1 --2- 172.21.15.43:0/1887129795 >> [v2:172.21.15.43:6800/369798199,v1:172.21.15.43:6801/369798199] conn(0x7f0fcc038c50 0x7f0fcc03b110 unknown :-1 s=CLOSED pgs=8 cs=0 l=1 rev1=1 crypto rx=0 tx=0 comp rx=0 tx=0).stop
2024-03-28T22:25:33.527 INFO:teuthology.orchestra.run.smithi043.stdout:/usr/bin/ceph: stderr
2024-03-28T22:25:32.864+0000 7f0fe7e00700 1 --2- 172.21.15.43:0/1887129795 >> [v2:172.21.15.43:3300/0,v1:172.21.15.43:6789/0] conn(0x7f0fe8108550 0x7f0fe8107dd0 unknown :-1 s=CLOSED pgs=73 cs=0 l=1 rev1=1 crypto rx=0 tx=0 comp rx=0 tx=0).stop
2024-03-28T22:25:33.527 INFO:teuthology.orchestra.run.smithi043.stdout:/usr/bin/ceph: stderr
2024-03-28T22:25:32.864+0000 7f0fe7e00700 1 -- 172.21.15.43:0/1887129795 >> 172.21.15.43:0/1887129795 conn(0x7f0fe8101fc0 msgr2=0x7f0fe8102a80 unknown :-1 s=STATE_NONE l=0).mark_down
2024-03-28T22:25:33.527 INFO:teuthology.orchestra.run.smithi043.stdout:/usr/bin/ceph: stderr
2024-03-28T22:25:32.864+0000 7f0fe7e00700 1 -- 172.21.15.43:0/1887129795 shutdown_connections
2024-03-28T22:25:33.527 INFO:teuthology.orchestra.run.smithi043.stdout:/usr/bin/ceph: stderr
2024-03-28T22:25:32.865+0000 7f0fe7e00700 1 -- 172.21.15.43:0/1887129795 wait complete.
2024-03-28T22:25:33.527 INFO:teuthology.orchestra.run.smithi043.stdout:Fetching dashboard port number...
2024-03-28T22:25:34.146 INFO:journalctl@ceph.mon.a.smithi043.stdout:Mar 28 22:25:33 smithi043 ceph-mon[31823]: from='client.14166 -' entity='client.admin' cmd=[{"prefix": "dashboard ac-user-create", "username": "admin", "rolename": "administrator", "force_password": true, "pwd_update_required": true, "target": ["mon-mgr", ""]}]: dispatch
2024-03-28T22:25:34.146 INFO:journalctl@ceph.mon.a.smithi043.stdout:Mar 28 22:25:33 smithi043 ceph-mon[31823]: from='mgr.14152 172.21.15.43:0/96476537' entity='mgr.x'
2024-03-28T22:25:34.146 INFO:journalctl@ceph.mon.a.smithi043.stdout:Mar 28 22:25:33 smithi043 ceph-mon[31823]: from='mgr.14152 172.21.15.43:0/96476537' entity='mgr.x'
2024-03-28T22:25:35.008 INFO:journalctl@ceph.mon.a.smithi043.stdout:Mar 28 22:25:34 smithi043 ceph-mon[31823]: from='client.? 172.21.15.43:0/2548766026' entity='client.admin' cmd=[{"prefix": "config get", "who": "mgr", "key": "mgr/dashboard/ssl_server_port"}]: dispatch
2024-03-28T22:25:35.664 INFO:teuthology.orchestra.run.smithi043.stdout:/usr/bin/ceph: stdout 8443
2024-03-28T22:25:35.665 INFO:teuthology.orchestra.run.smithi043.stdout:/usr/bin/ceph: stderr
2024-03-28T22:25:34.146+0000 7faa61400700 1 Processor -- start
2024-03-28T22:25:35.665 INFO:teuthology.orchestra.run.smithi043.stdout:/usr/bin/ceph: stderr
2024-03-28T22:25:34.146+0000 7faa61400700 1 -- start start
2024-03-28T22:25:35.665 INFO:teuthology.orchestra.run.smithi043.stdout:/usr/bin/ceph: stderr
2024-03-28T22:25:34.146+0000 7faa61400700 1 --2- >> [v2:172.21.15.43:3300/0,v1:172.21.15.43:6789/0] conn(0x7faa5c108630 0x7faa5c10aa20 unknown :-1 s=NONE pgs=0 cs=0 l=0 rev1=0 crypto rx=0 tx=0 comp rx=0 tx=0).connect
2024-03-28T22:25:35.665 INFO:teuthology.orchestra.run.smithi043.stdout:/usr/bin/ceph: stderr
2024-03-28T22:25:34.147+0000 7faa61400700 1 -- --> [v2:172.21.15.43:3300/0,v1:172.21.15.43:6789/0] -- mon_getmap magic: 0 -- 0x7faa5c07bdd0 con 0x7faa5c108630
2024-03-28T22:25:35.665 INFO:teuthology.orchestra.run.smithi043.stdout:/usr/bin/ceph: stderr
2024-03-28T22:25:34.147+0000 7faa5be00700 1 --2- >> [v2:172.21.15.43:3300/0,v1:172.21.15.43:6789/0] conn(0x7faa5c108630 0x7faa5c10aa20 unknown :-1 s=BANNER_CONNECTING pgs=0 cs=0 l=0 rev1=0 crypto rx=0 tx=0 comp rx=0 tx=0)._handle_peer_banner_payload supported=3 required=0
2024-03-28T22:25:35.665 INFO:teuthology.orchestra.run.smithi043.stdout:/usr/bin/ceph: stderr
2024-03-28T22:25:34.147+0000 7faa5be00700 1 --2- >> [v2:172.21.15.43:3300/0,v1:172.21.15.43:6789/0] conn(0x7faa5c108630 0x7faa5c10aa20 unknown :-1 s=HELLO_CONNECTING pgs=0 cs=0 l=0 rev1=1 crypto rx=0 tx=0 comp rx=0 tx=0).handle_hello peer v2:172.21.15.43:3300/0 says I am v2:172.21.15.43:55226/0 (socket says 172.21.15.43:55226)
2024-03-28T22:25:35.665 INFO:teuthology.orchestra.run.smithi043.stdout:/usr/bin/ceph: stderr
2024-03-28T22:25:34.147+0000 7faa5be00700 1 -- 172.21.15.43:0/2605589914 learned_addr learned my addr 172.21.15.43:0/2605589914 (peer_addr_for_me v2:172.21.15.43:0/0)
2024-03-28T22:25:35.665 INFO:teuthology.orchestra.run.smithi043.stdout:/usr/bin/ceph: stderr
2024-03-28T22:25:34.147+0000 7faa5be00700 1 -- 172.21.15.43:0/2605589914 --> [v2:172.21.15.43:3300/0,v1:172.21.15.43:6789/0] -- mon_subscribe({config=0+,monmap=0+}) -- 0x7faa5c10af60 con 0x7faa5c108630
2024-03-28T22:25:35.665 INFO:teuthology.orchestra.run.smithi043.stdout:/usr/bin/ceph: stderr
2024-03-28T22:25:34.148+0000 7faa5be00700 1 --2- 172.21.15.43:0/2605589914 >> [v2:172.21.15.43:3300/0,v1:172.21.15.43:6789/0] conn(0x7faa5c108630 0x7faa5c10aa20 secure :-1 s=READY pgs=74 cs=0 l=1 rev1=1 crypto rx=0x7faa4c0098a0 tx=0x7faa4c009bb0 comp rx=0 tx=0).ready entity=mon.0 client_cookie=77dd02a53e3f3789 server_cookie=0 in_seq=0 out_seq=0
2024-03-28T22:25:35.665 INFO:teuthology.orchestra.run.smithi043.stdout:/usr/bin/ceph: stderr
2024-03-28T22:25:34.148+0000 7faa5aa00700 1 -- 172.21.15.43:0/2605589914 <== mon.0 v2:172.21.15.43:3300/0 1 ==== mon_map magic: 0 ==== 205+0+0 (secure 0 0 0) 0x7faa4c004160 con 0x7faa5c108630
2024-03-28T22:25:35.665 INFO:teuthology.orchestra.run.smithi043.stdout:/usr/bin/ceph: stderr
2024-03-28T22:25:34.148+0000 7faa5aa00700 1 -- 172.21.15.43:0/2605589914 <== mon.0 v2:172.21.15.43:3300/0 2 ==== config(27 keys) ==== 1140+0+0 (secure 0 0 0) 0x7faa4c004300 con 0x7faa5c108630
2024-03-28T22:25:35.665 INFO:teuthology.orchestra.run.smithi043.stdout:/usr/bin/ceph: stderr
2024-03-28T22:25:34.148+0000 7faa5aa00700 1 -- 172.21.15.43:0/2605589914 <== mon.0 v2:172.21.15.43:3300/0 3 ==== mon_map magic: 0 ==== 205+0+0 (secure 0 0 0) 0x7faa4c011b20 con 0x7faa5c108630
2024-03-28T22:25:35.669 INFO:teuthology.orchestra.run.smithi043.stdout:/usr/bin/ceph: stderr
2024-03-28T22:25:34.149+0000 7faa61400700 1 -- 172.21.15.43:0/2605589914 >> [v2:172.21.15.43:3300/0,v1:172.21.15.43:6789/0] conn(0x7faa5c108630 msgr2=0x7faa5c10aa20 secure :-1 s=STATE_CONNECTION_ESTABLISHED l=1).mark_down
2024-03-28T22:25:35.669 INFO:teuthology.orchestra.run.smithi043.stdout:/usr/bin/ceph: stderr
2024-03-28T22:25:34.149+0000 7faa61400700 1 --2- 172.21.15.43:0/2605589914 >> [v2:172.21.15.43:3300/0,v1:172.21.15.43:6789/0] conn(0x7faa5c108630 0x7faa5c10aa20 secure :-1 s=READY pgs=74 cs=0 l=1 rev1=1 crypto rx=0x7faa4c0098a0 tx=0x7faa4c009bb0 comp rx=0 tx=0).stop
2024-03-28T22:25:35.670 INFO:teuthology.orchestra.run.smithi043.stdout:/usr/bin/ceph: stderr
2024-03-28T22:25:34.149+0000 7faa61400700 1 -- 172.21.15.43:0/2605589914 shutdown_connections
2024-03-28T22:25:35.670 INFO:teuthology.orchestra.run.smithi043.stdout:/usr/bin/ceph: stderr
2024-03-28T22:25:34.149+0000 7faa61400700 1 --2- 172.21.15.43:0/2605589914 >> [v2:172.21.15.43:3300/0,v1:172.21.15.43:6789/0] conn(0x7faa5c108630 0x7faa5c10aa20 unknown :-1 s=CLOSED pgs=74 cs=0 l=1 rev1=1 crypto rx=0 tx=0 comp rx=0 tx=0).stop
2024-03-28T22:25:35.670 INFO:teuthology.orchestra.run.smithi043.stdout:/usr/bin/ceph: stderr
2024-03-28T22:25:34.149+0000 7faa61400700 1 -- 172.21.15.43:0/2605589914 >> 172.21.15.43:0/2605589914 conn(0x7faa5c101fc0 msgr2=0x7faa5c1043e0 unknown :-1 s=STATE_NONE l=0).mark_down
2024-03-28T22:25:35.670 INFO:teuthology.orchestra.run.smithi043.stdout:/usr/bin/ceph: stderr
2024-03-28T22:25:34.149+0000 7faa61400700 1 -- 172.21.15.43:0/2605589914 shutdown_connections
2024-03-28T22:25:35.670 INFO:teuthology.orchestra.run.smithi043.stdout:/usr/bin/ceph: stderr
2024-03-28T22:25:34.149+0000 7faa61400700 1 -- 172.21.15.43:0/2605589914 wait complete.
2024-03-28T22:25:35.670 INFO:teuthology.orchestra.run.smithi043.stdout:/usr/bin/ceph: stderr
2024-03-28T22:25:34.150+0000 7faa61400700 1 Processor -- start
2024-03-28T22:25:35.670 INFO:teuthology.orchestra.run.smithi043.stdout:/usr/bin/ceph: stderr
2024-03-28T22:25:34.151+0000 7faa61400700 1 -- start start
2024-03-28T22:25:35.670 INFO:teuthology.orchestra.run.smithi043.stdout:/usr/bin/ceph: stderr
2024-03-28T22:25:34.151+0000 7faa61400700 1 --2- >> [v2:172.21.15.43:3300/0,v1:172.21.15.43:6789/0] conn(0x7faa5c108630 0x7faa5c19ba80 unknown :-1 s=NONE pgs=0 cs=0 l=1 rev1=0 crypto rx=0 tx=0 comp rx=0 tx=0).connect
2024-03-28T22:25:35.670 INFO:teuthology.orchestra.run.smithi043.stdout:/usr/bin/ceph: stderr
2024-03-28T22:25:34.151+0000 7faa61400700 1 -- --> [v2:172.21.15.43:3300/0,v1:172.21.15.43:6789/0] -- mon_getmap magic: 0 -- 0x7faa5c10bf00 con 0x7faa5c108630
2024-03-28T22:25:35.670 INFO:teuthology.orchestra.run.smithi043.stdout:/usr/bin/ceph: stderr
2024-03-28T22:25:34.151+0000 7faa5be00700 1 --2- >> [v2:172.21.15.43:3300/0,v1:172.21.15.43:6789/0] conn(0x7faa5c108630 0x7faa5c19ba80 unknown :-1 s=BANNER_CONNECTING pgs=0 cs=0 l=1 rev1=0 crypto rx=0 tx=0 comp rx=0 tx=0)._handle_peer_banner_payload supported=3 required=0
2024-03-28T22:25:35.670 INFO:teuthology.orchestra.run.smithi043.stdout:/usr/bin/ceph: stderr
2024-03-28T22:25:34.151+0000 7faa5be00700 1 --2- >> [v2:172.21.15.43:3300/0,v1:172.21.15.43:6789/0] conn(0x7faa5c108630 0x7faa5c19ba80 unknown :-1 s=HELLO_CONNECTING pgs=0 cs=0 l=1 rev1=1 crypto rx=0 tx=0 comp rx=0 tx=0).handle_hello peer v2:172.21.15.43:3300/0 says I am v2:172.21.15.43:55230/0 (socket says 172.21.15.43:55230)
2024-03-28T22:25:35.670 INFO:teuthology.orchestra.run.smithi043.stdout:/usr/bin/ceph: stderr
2024-03-28T22:25:34.151+0000 7faa5be00700 1 -- 172.21.15.43:0/2548766026 learned_addr learned my addr 172.21.15.43:0/2548766026 (peer_addr_for_me v2:172.21.15.43:0/0)
2024-03-28T22:25:35.670 INFO:teuthology.orchestra.run.smithi043.stdout:/usr/bin/ceph: stderr
2024-03-28T22:25:34.152+0000 7faa5be00700 1 -- 172.21.15.43:0/2548766026 --> [v2:172.21.15.43:3300/0,v1:172.21.15.43:6789/0] -- mon_subscribe({config=0+,monmap=0+}) -- 0x7faa5c19bfc0 con 0x7faa5c108630
2024-03-28T22:25:35.671 INFO:teuthology.orchestra.run.smithi043.stdout:/usr/bin/ceph: stderr
2024-03-28T22:25:34.152+0000 7faa5be00700 1 --2- 172.21.15.43:0/2548766026 >> [v2:172.21.15.43:3300/0,v1:172.21.15.43:6789/0] conn(0x7faa5c108630 0x7faa5c19ba80 secure :-1 s=READY pgs=75 cs=0 l=1 rev1=1 crypto rx=0x7faa4c0117e0 tx=0x7faa4c011ba0 comp rx=0 tx=0).ready entity=mon.0 client_cookie=0 server_cookie=0 in_seq=0 out_seq=0
2024-03-28T22:25:35.671 INFO:teuthology.orchestra.run.smithi043.stdout:/usr/bin/ceph: stderr
2024-03-28T22:25:34.152+0000 7faa58c00700 1 -- 172.21.15.43:0/2548766026 <== mon.0 v2:172.21.15.43:3300/0 1 ==== mon_map magic: 0 ==== 205+0+0 (secure 0 0 0) 0x7faa4c003ba0 con 0x7faa5c108630
2024-03-28T22:25:35.671 INFO:teuthology.orchestra.run.smithi043.stdout:/usr/bin/ceph: stderr
2024-03-28T22:25:34.152+0000 7faa58c00700 1 -- 172.21.15.43:0/2548766026 <== mon.0 v2:172.21.15.43:3300/0 2 ==== config(27 keys) ==== 1140+0+0 (secure 0 0 0) 0x7faa4c01a910 con 0x7faa5c108630
2024-03-28T22:25:35.671 INFO:teuthology.orchestra.run.smithi043.stdout:/usr/bin/ceph: stderr
2024-03-28T22:25:34.152+0000 7faa61400700 1 -- 172.21.15.43:0/2548766026 --> [v2:172.21.15.43:3300/0,v1:172.21.15.43:6789/0] -- mon_subscribe({mgrmap=0+}) -- 0x7faa5c19c250 con 0x7faa5c108630
2024-03-28T22:25:35.671 INFO:teuthology.orchestra.run.smithi043.stdout:/usr/bin/ceph: stderr
2024-03-28T22:25:34.152+0000 7faa58c00700 1 -- 172.21.15.43:0/2548766026 <== mon.0 v2:172.21.15.43:3300/0 3 ==== mon_map magic: 0 ==== 205+0+0 (secure 0 0 0) 0x7faa4c0248f0 con 0x7faa5c108630
2024-03-28T22:25:35.671 INFO:teuthology.orchestra.run.smithi043.stdout:/usr/bin/ceph: stderr
2024-03-28T22:25:34.152+0000 7faa61400700 1 -- 172.21.15.43:0/2548766026 --> [v2:172.21.15.43:3300/0,v1:172.21.15.43:6789/0] -- mon_subscribe({osdmap=0}) -- 0x7faa5c19c6b0 con 0x7faa5c108630
2024-03-28T22:25:35.671 INFO:teuthology.orchestra.run.smithi043.stdout:/usr/bin/ceph: stderr
2024-03-28T22:25:34.153+0000 7faa58c00700 1 -- 172.21.15.43:0/2548766026 <== mon.0 v2:172.21.15.43:3300/0 4 ==== mgrmap(e 12) ==== 45941+0+0 (secure 0 0 0) 0x7faa4c022020 con 0x7faa5c108630
2024-03-28T22:25:35.671 INFO:teuthology.orchestra.run.smithi043.stdout:/usr/bin/ceph: stderr
2024-03-28T22:25:34.154+0000 7faa58c00700 1 --2- 172.21.15.43:0/2548766026 >> [v2:172.21.15.43:6800/369798199,v1:172.21.15.43:6801/369798199] conn(0x7faa40038c50 0x7faa4003b110 unknown :-1 s=NONE pgs=0 cs=0 l=1 rev1=0 crypto rx=0 tx=0 comp rx=0 tx=0).connect
2024-03-28T22:25:35.671 INFO:teuthology.orchestra.run.smithi043.stdout:/usr/bin/ceph: stderr
2024-03-28T22:25:34.154+0000 7faa61400700 1 -- 172.21.15.43:0/2548766026 --> [v2:172.21.15.43:3300/0,v1:172.21.15.43:6789/0] -- mon_command({"prefix": "get_command_descriptions"} v 0) -- 0x7faa5c063870 con 0x7faa5c108630
2024-03-28T22:25:35.671 INFO:teuthology.orchestra.run.smithi043.stdout:/usr/bin/ceph: stderr
2024-03-28T22:25:34.154+0000 7faa58c00700 1 -- 172.21.15.43:0/2548766026 <== mon.0 v2:172.21.15.43:3300/0 5 ==== osd_map(3..3 src has 1..3) ==== 1155+0+0 (secure 0 0 0) 0x7faa4c04d060 con 0x7faa5c108630
2024-03-28T22:25:35.671 INFO:teuthology.orchestra.run.smithi043.stdout:/usr/bin/ceph: stderr
2024-03-28T22:25:34.154+0000 7faa5b400700 1 --2- 172.21.15.43:0/2548766026 >> [v2:172.21.15.43:6800/369798199,v1:172.21.15.43:6801/369798199] conn(0x7faa40038c50 0x7faa4003b110 unknown :-1 s=BANNER_CONNECTING pgs=0 cs=0 l=1 rev1=0 crypto rx=0 tx=0 comp rx=0 tx=0)._handle_peer_banner_payload supported=3 required=0
2024-03-28T22:25:35.671 INFO:teuthology.orchestra.run.smithi043.stdout:/usr/bin/ceph: stderr
2024-03-28T22:25:34.155+0000 7faa5b400700 1 --2- 172.21.15.43:0/2548766026 >> [v2:172.21.15.43:6800/369798199,v1:172.21.15.43:6801/369798199] conn(0x7faa40038c50 0x7faa4003b110 secure :-1 s=READY pgs=9 cs=0 l=1 rev1=1 crypto rx=0x7faa48006fd0 tx=0x7faa48006e40 comp rx=0 tx=0).ready entity=mgr.14152 client_cookie=0 server_cookie=0 in_seq=0 out_seq=0
2024-03-28T22:25:35.671 INFO:teuthology.orchestra.run.smithi043.stdout:/usr/bin/ceph: stderr
2024-03-28T22:25:34.160+0000 7faa58c00700 1 -- 172.21.15.43:0/2548766026 <== mon.0 v2:172.21.15.43:3300/0 6 ==== mon_command_ack([{"prefix": "get_command_descriptions"}]=0 v0) ==== 72+0+184932 (secure 0 0 0) 0x7faa4c00b3e0 con 0x7faa5c108630
2024-03-28T22:25:35.671 INFO:teuthology.orchestra.run.smithi043.stdout:/usr/bin/ceph: stderr
2024-03-28T22:25:34.382+0000 7faa61400700 1 -- 172.21.15.43:0/2548766026 --> [v2:172.21.15.43:3300/0,v1:172.21.15.43:6789/0] -- mon_command({"prefix": "config get", "who": "mgr", "key": "mgr/dashboard/ssl_server_port"} v 0) -- 0x7faa5c19f080 con 0x7faa5c108630
2024-03-28T22:25:35.672 INFO:teuthology.orchestra.run.smithi043.stdout:/usr/bin/ceph: stderr
2024-03-28T22:25:34.382+0000 7faa58c00700 1 -- 172.21.15.43:0/2548766026 <== mon.0 v2:172.21.15.43:3300/0 7 ==== mon_command_ack([{"prefix": "config get", "who": "mgr", "key": "mgr/dashboard/ssl_server_port"}]=0 v8) ==== 112+0+5 (secure 0 0 0) 0x7faa4c01e120 con 0x7faa5c108630
2024-03-28T22:25:35.672 INFO:teuthology.orchestra.run.smithi043.stdout:/usr/bin/ceph: stderr
2024-03-28T22:25:34.385+0000 7faa61400700 1 -- 172.21.15.43:0/2548766026 >> [v2:172.21.15.43:6800/369798199,v1:172.21.15.43:6801/369798199] conn(0x7faa40038c50 msgr2=0x7faa4003b110 secure :-1 s=STATE_CONNECTION_ESTABLISHED l=1).mark_down
2024-03-28T22:25:35.672 INFO:teuthology.orchestra.run.smithi043.stdout:/usr/bin/ceph: stderr
2024-03-28T22:25:34.385+0000 7faa61400700 1 --2- 172.21.15.43:0/2548766026 >> [v2:172.21.15.43:6800/369798199,v1:172.21.15.43:6801/369798199] conn(0x7faa40038c50 0x7faa4003b110 secure :-1 s=READY pgs=9 cs=0 l=1 rev1=1 crypto rx=0x7faa48006fd0 tx=0x7faa48006e40 comp rx=0 tx=0).stop
2024-03-28T22:25:35.672 INFO:teuthology.orchestra.run.smithi043.stdout:/usr/bin/ceph: stderr
2024-03-28T22:25:34.385+0000 7faa61400700 1 -- 172.21.15.43:0/2548766026 >> [v2:172.21.15.43:3300/0,v1:172.21.15.43:6789/0] conn(0x7faa5c108630 msgr2=0x7faa5c19ba80 secure :-1 s=STATE_CONNECTION_ESTABLISHED l=1).mark_down
2024-03-28T22:25:35.672 INFO:teuthology.orchestra.run.smithi043.stdout:/usr/bin/ceph: stderr
2024-03-28T22:25:34.385+0000 7faa61400700 1 --2- 172.21.15.43:0/2548766026 >> [v2:172.21.15.43:3300/0,v1:172.21.15.43:6789/0] conn(0x7faa5c108630 0x7faa5c19ba80 secure :-1 s=READY pgs=75 cs=0 l=1 rev1=1 crypto rx=0x7faa4c0117e0 tx=0x7faa4c011ba0 comp rx=0 tx=0).stop
2024-03-28T22:25:35.672 INFO:teuthology.orchestra.run.smithi043.stdout:/usr/bin/ceph: stderr
2024-03-28T22:25:34.385+0000 7faa61400700 1 -- 172.21.15.43:0/2548766026 shutdown_connections
2024-03-28T22:25:35.672 INFO:teuthology.orchestra.run.smithi043.stdout:/usr/bin/ceph: stderr
2024-03-28T22:25:34.385+0000 7faa61400700 1 --2- 172.21.15.43:0/2548766026 >> [v2:172.21.15.43:6800/369798199,v1:172.21.15.43:6801/369798199] conn(0x7faa40038c50 0x7faa4003b110 unknown :-1 s=CLOSED pgs=9 cs=0 l=1 rev1=1 crypto rx=0 tx=0 comp rx=0 tx=0).stop
2024-03-28T22:25:35.672 INFO:teuthology.orchestra.run.smithi043.stdout:/usr/bin/ceph: stderr
2024-03-28T22:25:34.385+0000 7faa61400700 1 --2- 172.21.15.43:0/2548766026 >> [v2:172.21.15.43:3300/0,v1:172.21.15.43:6789/0] conn(0x7faa5c108630 0x7faa5c19ba80 unknown :-1 s=CLOSED pgs=75 cs=0 l=1 rev1=1 crypto rx=0 tx=0 comp rx=0 tx=0).stop
2024-03-28T22:25:35.672 INFO:teuthology.orchestra.run.smithi043.stdout:/usr/bin/ceph: stderr
2024-03-28T22:25:34.385+0000 7faa61400700 1 -- 172.21.15.43:0/2548766026 >> 172.21.15.43:0/2548766026 conn(0x7faa5c101fc0 msgr2=0x7faa5c102a40 unknown :-1 s=STATE_NONE l=0).mark_down
2024-03-28T22:25:35.672 INFO:teuthology.orchestra.run.smithi043.stdout:/usr/bin/ceph: stderr
2024-03-28T22:25:34.385+0000 7faa61400700 1 -- 172.21.15.43:0/2548766026 shutdown_connections
2024-03-28T22:25:35.672 INFO:teuthology.orchestra.run.smithi043.stdout:/usr/bin/ceph: stderr
2024-03-28T22:25:34.385+0000 7faa61400700 1 -- 172.21.15.43:0/2548766026 wait complete.
2024-03-28T22:25:35.705 INFO:teuthology.orchestra.run.smithi043.stdout:Non-zero exit code 1 from systemctl is-enabled firewalld.service
2024-03-28T22:25:35.706 INFO:teuthology.orchestra.run.smithi043.stdout:systemctl: stdout disabled
2024-03-28T22:25:35.732 INFO:teuthology.orchestra.run.smithi043.stdout:Non-zero exit code 3 from systemctl is-active firewalld.service
2024-03-28T22:25:35.732 INFO:teuthology.orchestra.run.smithi043.stdout:systemctl: stdout inactive
2024-03-28T22:25:35.733 INFO:teuthology.orchestra.run.smithi043.stdout:firewalld.service is not enabled
2024-03-28T22:25:35.733 INFO:teuthology.orchestra.run.smithi043.stdout:Not possible to open ports <[8443]>. firewalld.service is not available
2024-03-28T22:25:35.741 INFO:teuthology.orchestra.run.smithi043.stdout:Ceph Dashboard is now available at:
2024-03-28T22:25:35.741 INFO:teuthology.orchestra.run.smithi043.stdout:
2024-03-28T22:25:35.741 INFO:teuthology.orchestra.run.smithi043.stdout: URL: https://smithi043.front.sepia.ceph.com:8443/
2024-03-28T22:25:35.741 INFO:teuthology.orchestra.run.smithi043.stdout: User: admin
2024-03-28T22:25:35.741 INFO:teuthology.orchestra.run.smithi043.stdout: Password: zky7sttg9j
2024-03-28T22:25:35.742 INFO:teuthology.orchestra.run.smithi043.stdout:
2024-03-28T22:25:35.742 INFO:teuthology.orchestra.run.smithi043.stdout:Saving cluster configuration to /var/lib/ceph/c2276428-ed51-11ee-95d0-87774f69a715/config directory
2024-03-28T22:25:35.744 INFO:teuthology.orchestra.run.smithi043.stdout:Enabling autotune for osd_memory_target
2024-03-28T22:25:35.912 INFO:journalctl@ceph.mon.a.smithi043.stdout:Mar 28 22:25:35 smithi043 ceph-mon[31823]: mgrmap e13: x(active, since 6s)
2024-03-28T22:25:37.200 INFO:teuthology.orchestra.run.smithi043.stdout:/usr/bin/ceph: stderr
2024-03-28T22:25:36.346+0000 7ff29e400700 1 Processor -- start
2024-03-28T22:25:37.200 INFO:teuthology.orchestra.run.smithi043.stdout:/usr/bin/ceph: stderr
2024-03-28T22:25:36.346+0000 7ff29e400700 1 -- start start
2024-03-28T22:25:37.200 INFO:teuthology.orchestra.run.smithi043.stdout:/usr/bin/ceph: stderr
2024-03-28T22:25:36.347+0000 7ff29e400700 1 --2- >> [v2:172.21.15.43:3300/0,v1:172.21.15.43:6789/0] conn(0x7ff29807ddc0 0x7ff29807c2c0 unknown :-1 s=NONE pgs=0 cs=0 l=0 rev1=0 crypto rx=0 tx=0 comp rx=0 tx=0).connect
2024-03-28T22:25:37.200 INFO:teuthology.orchestra.run.smithi043.stdout:/usr/bin/ceph: stderr
2024-03-28T22:25:36.347+0000 7ff29e400700 1 -- --> [v2:172.21.15.43:3300/0,v1:172.21.15.43:6789/0] -- mon_getmap magic: 0 -- 0x7ff29807c800 con 0x7ff29807ddc0
2024-03-28T22:25:37.200 INFO:teuthology.orchestra.run.smithi043.stdout:/usr/bin/ceph: stderr
2024-03-28T22:25:36.347+0000 7ff297400700 1 --2- >> [v2:172.21.15.43:3300/0,v1:172.21.15.43:6789/0] conn(0x7ff29807ddc0 0x7ff29807c2c0 unknown :-1 s=BANNER_CONNECTING pgs=0 cs=0 l=0 rev1=0 crypto rx=0 tx=0 comp rx=0 tx=0)._handle_peer_banner_payload supported=3 required=0
2024-03-28T22:25:37.200 INFO:teuthology.orchestra.run.smithi043.stdout:/usr/bin/ceph: stderr
2024-03-28T22:25:36.347+0000 7ff297400700 1 --2- >> [v2:172.21.15.43:3300/0,v1:172.21.15.43:6789/0] conn(0x7ff29807ddc0 0x7ff29807c2c0 unknown :-1 s=HELLO_CONNECTING pgs=0 cs=0 l=0 rev1=1 crypto rx=0 tx=0 comp rx=0 tx=0).handle_hello peer v2:172.21.15.43:3300/0 says I am v2:172.21.15.43:34472/0 (socket says 172.21.15.43:34472)
2024-03-28T22:25:37.200 INFO:teuthology.orchestra.run.smithi043.stdout:/usr/bin/ceph: stderr
2024-03-28T22:25:36.347+0000 7ff297400700 1 -- 172.21.15.43:0/1261229729 learned_addr learned my addr 172.21.15.43:0/1261229729 (peer_addr_for_me v2:172.21.15.43:0/0)
2024-03-28T22:25:37.200 INFO:teuthology.orchestra.run.smithi043.stdout:/usr/bin/ceph: stderr
2024-03-28T22:25:36.348+0000 7ff297400700 1 -- 172.21.15.43:0/1261229729 --> [v2:172.21.15.43:3300/0,v1:172.21.15.43:6789/0] -- mon_subscribe({config=0+,monmap=0+}) -- 0x7ff29807c980 con 0x7ff29807ddc0
2024-03-28T22:25:37.201 INFO:teuthology.orchestra.run.smithi043.stdout:/usr/bin/ceph: stderr
2024-03-28T22:25:36.348+0000 7ff297400700 1 --2- 172.21.15.43:0/1261229729 >> [v2:172.21.15.43:3300/0,v1:172.21.15.43:6789/0] conn(0x7ff29807ddc0 0x7ff29807c2c0 secure :-1 s=READY pgs=76 cs=0 l=1 rev1=1 crypto rx=0x7ff2880098a0 tx=0x7ff288009bb0 comp rx=0 tx=0).ready entity=mon.0 client_cookie=2bce064816c5590b server_cookie=0 in_seq=0 out_seq=0
2024-03-28T22:25:37.201 INFO:teuthology.orchestra.run.smithi043.stdout:/usr/bin/ceph: stderr
2024-03-28T22:25:36.348+0000 7ff296000700 1 -- 172.21.15.43:0/1261229729 <== mon.0 v2:172.21.15.43:3300/0 1 ==== mon_map magic: 0 ==== 205+0+0 (secure 0 0 0) 0x7ff288004160 con 0x7ff29807ddc0
2024-03-28T22:25:37.201 INFO:teuthology.orchestra.run.smithi043.stdout:/usr/bin/ceph: stderr
2024-03-28T22:25:36.348+0000 7ff296000700 1 -- 172.21.15.43:0/1261229729 <== mon.0 v2:172.21.15.43:3300/0 2 ==== config(27 keys) ==== 1140+0+0 (secure 0 0 0) 0x7ff288004300 con 0x7ff29807ddc0
2024-03-28T22:25:37.206 INFO:teuthology.orchestra.run.smithi043.stdout:/usr/bin/ceph: stderr
2024-03-28T22:25:36.348+0000 7ff296000700 1 -- 172.21.15.43:0/1261229729 <== mon.0 v2:172.21.15.43:3300/0 3 ==== mon_map magic: 0 ==== 205+0+0 (secure 0 0 0) 0x7ff288011b20 con 0x7ff29807ddc0
2024-03-28T22:25:37.206 INFO:teuthology.orchestra.run.smithi043.stdout:/usr/bin/ceph: stderr
2024-03-28T22:25:36.349+0000 7ff29e400700 1 -- 172.21.15.43:0/1261229729 >> [v2:172.21.15.43:3300/0,v1:172.21.15.43:6789/0] conn(0x7ff29807ddc0 msgr2=0x7ff29807c2c0 secure :-1 s=STATE_CONNECTION_ESTABLISHED l=1).mark_down
2024-03-28T22:25:37.206 INFO:teuthology.orchestra.run.smithi043.stdout:/usr/bin/ceph: stderr
2024-03-28T22:25:36.349+0000 7ff29e400700 1 --2- 172.21.15.43:0/1261229729 >> [v2:172.21.15.43:3300/0,v1:172.21.15.43:6789/0] conn(0x7ff29807ddc0 0x7ff29807c2c0 secure :-1 s=READY pgs=76 cs=0 l=1 rev1=1 crypto rx=0x7ff2880098a0 tx=0x7ff288009bb0 comp rx=0 tx=0).stop
2024-03-28T22:25:37.206 INFO:teuthology.orchestra.run.smithi043.stdout:/usr/bin/ceph: stderr
2024-03-28T22:25:36.349+0000 7ff29e400700 1 -- 172.21.15.43:0/1261229729 shutdown_connections
2024-03-28T22:25:37.206 INFO:teuthology.orchestra.run.smithi043.stdout:/usr/bin/ceph: stderr
2024-03-28T22:25:36.349+0000 7ff29e400700 1 --2- 172.21.15.43:0/1261229729 >> [v2:172.21.15.43:3300/0,v1:172.21.15.43:6789/0] conn(0x7ff29807ddc0 0x7ff29807c2c0 unknown :-1 s=CLOSED pgs=76 cs=0 l=1 rev1=1 crypto rx=0 tx=0 comp rx=0 tx=0).stop
2024-03-28T22:25:37.206 INFO:teuthology.orchestra.run.smithi043.stdout:/usr/bin/ceph: stderr
2024-03-28T22:25:36.349+0000 7ff29e400700 1 -- 172.21.15.43:0/1261229729 >> 172.21.15.43:0/1261229729 conn(0x7ff298103340 msgr2=0x7ff298105760 unknown :-1 s=STATE_NONE l=0).mark_down
2024-03-28T22:25:37.206 INFO:teuthology.orchestra.run.smithi043.stdout:/usr/bin/ceph: stderr
2024-03-28T22:25:36.349+0000 7ff29e400700 1 -- 172.21.15.43:0/1261229729 shutdown_connections
2024-03-28T22:25:37.206 INFO:teuthology.orchestra.run.smithi043.stdout:/usr/bin/ceph: stderr
2024-03-28T22:25:36.349+0000 7ff29e400700 1 -- 172.21.15.43:0/1261229729 wait complete.
2024-03-28T22:25:37.206 INFO:teuthology.orchestra.run.smithi043.stdout:/usr/bin/ceph: stderr
2024-03-28T22:25:36.350+0000 7ff29e400700 1 Processor -- start
2024-03-28T22:25:37.206 INFO:teuthology.orchestra.run.smithi043.stdout:/usr/bin/ceph: stderr
2024-03-28T22:25:36.351+0000 7ff29e400700 1 -- start start
2024-03-28T22:25:37.206 INFO:teuthology.orchestra.run.smithi043.stdout:/usr/bin/ceph: stderr
2024-03-28T22:25:36.351+0000 7ff29e400700 1 --2- >> [v2:172.21.15.43:3300/0,v1:172.21.15.43:6789/0] conn(0x7ff29807ddc0 0x7ff29819de30 unknown :-1 s=NONE pgs=0 cs=0 l=1 rev1=0 crypto rx=0 tx=0 comp rx=0 tx=0).connect
2024-03-28T22:25:37.207 INFO:teuthology.orchestra.run.smithi043.stdout:/usr/bin/ceph: stderr
2024-03-28T22:25:36.351+0000 7ff29e400700 1 -- --> [v2:172.21.15.43:3300/0,v1:172.21.15.43:6789/0] -- mon_getmap magic: 0 -- 0x7ff29810e300 con 0x7ff29807ddc0
2024-03-28T22:25:37.207 INFO:teuthology.orchestra.run.smithi043.stdout:/usr/bin/ceph: stderr
2024-03-28T22:25:36.351+0000 7ff297400700 1 --2- >> [v2:172.21.15.43:3300/0,v1:172.21.15.43:6789/0] conn(0x7ff29807ddc0 0x7ff29819de30 unknown :-1 s=BANNER_CONNECTING pgs=0 cs=0 l=1 rev1=0 crypto rx=0 tx=0 comp rx=0 tx=0)._handle_peer_banner_payload supported=3 required=0
2024-03-28T22:25:37.207 INFO:teuthology.orchestra.run.smithi043.stdout:/usr/bin/ceph: stderr
2024-03-28T22:25:36.351+0000 7ff297400700 1 --2- >> [v2:172.21.15.43:3300/0,v1:172.21.15.43:6789/0] conn(0x7ff29807ddc0 0x7ff29819de30 unknown :-1 s=HELLO_CONNECTING pgs=0 cs=0 l=1 rev1=1 crypto rx=0 tx=0 comp rx=0 tx=0).handle_hello peer v2:172.21.15.43:3300/0 says I am v2:172.21.15.43:34480/0 (socket says 172.21.15.43:34480)
2024-03-28T22:25:37.207 INFO:teuthology.orchestra.run.smithi043.stdout:/usr/bin/ceph: stderr
2024-03-28T22:25:36.351+0000 7ff297400700 1 -- 172.21.15.43:0/401463956 learned_addr learned my addr 172.21.15.43:0/401463956 (peer_addr_for_me v2:172.21.15.43:0/0)
2024-03-28T22:25:37.207 INFO:teuthology.orchestra.run.smithi043.stdout:/usr/bin/ceph: stderr
2024-03-28T22:25:36.352+0000 7ff297400700 1 -- 172.21.15.43:0/401463956 --> [v2:172.21.15.43:3300/0,v1:172.21.15.43:6789/0] -- mon_subscribe({config=0+,monmap=0+}) -- 0x7ff29819e370 con 0x7ff29807ddc0
2024-03-28T22:25:37.207 INFO:teuthology.orchestra.run.smithi043.stdout:/usr/bin/ceph: stderr
2024-03-28T22:25:36.352+0000 7ff297400700 1 --2- 172.21.15.43:0/401463956 >> [v2:172.21.15.43:3300/0,v1:172.21.15.43:6789/0] conn(0x7ff29807ddc0 0x7ff29819de30 secure :-1 s=READY pgs=77 cs=0 l=1 rev1=1 crypto rx=0x7ff288011b60 tx=0x7ff288011c40 comp rx=0 tx=0).ready entity=mon.0 client_cookie=0 server_cookie=0 in_seq=0 out_seq=0
2024-03-28T22:25:37.207 INFO:teuthology.orchestra.run.smithi043.stdout:/usr/bin/ceph: stderr
2024-03-28T22:25:36.352+0000 7ff28fe00700 1 -- 172.21.15.43:0/401463956 <== mon.0 v2:172.21.15.43:3300/0 1 ==== mon_map magic: 0 ==== 205+0+0 (secure 0 0 0) 0x7ff288003b60 con 0x7ff29807ddc0
2024-03-28T22:25:37.207 INFO:teuthology.orchestra.run.smithi043.stdout:/usr/bin/ceph: stderr
2024-03-28T22:25:36.352+0000 7ff28fe00700 1 -- 172.21.15.43:0/401463956 <== mon.0 v2:172.21.15.43:3300/0 2 ==== config(27 keys) ==== 1140+0+0 (secure 0 0 0) 0x7ff28801a910 con 0x7ff29807ddc0
2024-03-28T22:25:37.207 INFO:teuthology.orchestra.run.smithi043.stdout:/usr/bin/ceph: stderr
2024-03-28T22:25:36.352+0000 7ff29e400700 1 -- 172.21.15.43:0/401463956 --> [v2:172.21.15.43:3300/0,v1:172.21.15.43:6789/0] -- mon_subscribe({mgrmap=0+}) -- 0x7ff29819e600 con 0x7ff29807ddc0
2024-03-28T22:25:37.207 INFO:teuthology.orchestra.run.smithi043.stdout:/usr/bin/ceph: stderr
2024-03-28T22:25:36.352+0000 7ff28fe00700 1 -- 172.21.15.43:0/401463956 <== mon.0 v2:172.21.15.43:3300/0 3 ==== mon_map magic: 0 ==== 205+0+0 (secure 0 0 0) 0x7ff288024930 con 0x7ff29807ddc0
2024-03-28T22:25:37.207 INFO:teuthology.orchestra.run.smithi043.stdout:/usr/bin/ceph: stderr
2024-03-28T22:25:36.352+0000 7ff29e400700 1 -- 172.21.15.43:0/401463956 --> [v2:172.21.15.43:3300/0,v1:172.21.15.43:6789/0] -- mon_subscribe({osdmap=0}) -- 0x7ff29819ea60 con 0x7ff29807ddc0
2024-03-28T22:25:37.207 INFO:teuthology.orchestra.run.smithi043.stdout:/usr/bin/ceph: stderr
2024-03-28T22:25:36.353+0000 7ff28fe00700 1 -- 172.21.15.43:0/401463956 <== mon.0 v2:172.21.15.43:3300/0 4 ==== mgrmap(e 13) ==== 45984+0+0 (secure 0 0 0) 0x7ff288022020 con 0x7ff29807ddc0
2024-03-28T22:25:37.207 INFO:teuthology.orchestra.run.smithi043.stdout:/usr/bin/ceph: stderr
2024-03-28T22:25:36.354+0000 7ff29e400700 1 -- 172.21.15.43:0/401463956 --> [v2:172.21.15.43:3300/0,v1:172.21.15.43:6789/0] -- mon_command({"prefix": "get_command_descriptions"} v 0) -- 0x7ff298063870 con 0x7ff29807ddc0
2024-03-28T22:25:37.207 INFO:teuthology.orchestra.run.smithi043.stdout:/usr/bin/ceph: stderr
2024-03-28T22:25:36.354+0000 7ff28fe00700 1 --2- 172.21.15.43:0/401463956 >> [v2:172.21.15.43:6800/369798199,v1:172.21.15.43:6801/369798199] conn(0x7ff27c038cf0 0x7ff27c03b1b0 unknown :-1 s=NONE pgs=0 cs=0 l=1 rev1=0 crypto rx=0 tx=0 comp rx=0 tx=0).connect
2024-03-28T22:25:37.208 INFO:teuthology.orchestra.run.smithi043.stdout:/usr/bin/ceph: stderr
2024-03-28T22:25:36.354+0000 7ff28fe00700 1 -- 172.21.15.43:0/401463956 <== mon.0 v2:172.21.15.43:3300/0 5 ==== osd_map(3..3 src has 1..3) ==== 1155+0+0 (secure 0 0 0) 0x7ff28804cf90 con 0x7ff29807ddc0
2024-03-28T22:25:37.208 INFO:teuthology.orchestra.run.smithi043.stdout:/usr/bin/ceph: stderr
2024-03-28T22:25:36.354+0000 7ff296a00700 1 --2- 172.21.15.43:0/401463956 >> [v2:172.21.15.43:6800/369798199,v1:172.21.15.43:6801/369798199] conn(0x7ff27c038cf0 0x7ff27c03b1b0 unknown :-1 s=BANNER_CONNECTING pgs=0 cs=0 l=1 rev1=0 crypto rx=0 tx=0 comp rx=0 tx=0)._handle_peer_banner_payload supported=3 required=0
2024-03-28T22:25:37.208 INFO:teuthology.orchestra.run.smithi043.stdout:/usr/bin/ceph: stderr
2024-03-28T22:25:36.355+0000 7ff296a00700 1 --2- 172.21.15.43:0/401463956 >> [v2:172.21.15.43:6800/369798199,v1:172.21.15.43:6801/369798199] conn(0x7ff27c038cf0 0x7ff27c03b1b0 secure :-1 s=READY pgs=10 cs=0 l=1 rev1=1 crypto rx=0x7ff284006fd0 tx=0x7ff284006e40 comp rx=0 tx=0).ready entity=mgr.14152 client_cookie=0 server_cookie=0 in_seq=0 out_seq=0
2024-03-28T22:25:37.208 INFO:teuthology.orchestra.run.smithi043.stdout:/usr/bin/ceph: stderr
2024-03-28T22:25:36.360+0000 7ff28fe00700 1 -- 172.21.15.43:0/401463956 <== mon.0 v2:172.21.15.43:3300/0 6 ==== mon_command_ack([{"prefix": "get_command_descriptions"}]=0 v0) ==== 72+0+184932 (secure 0 0 0) 0x7ff28801ab30 con 0x7ff29807ddc0
2024-03-28T22:25:37.208 INFO:teuthology.orchestra.run.smithi043.stdout:/usr/bin/ceph: stderr
2024-03-28T22:25:36.583+0000 7ff29e400700 1 -- 172.21.15.43:0/401463956 --> [v2:172.21.15.43:3300/0,v1:172.21.15.43:6789/0] -- mon_command([{prefix=config set, name=osd_memory_target_autotune}] v 0) -- 0x7ff2981a14f0 con 0x7ff29807ddc0
2024-03-28T22:25:37.208 INFO:teuthology.orchestra.run.smithi043.stdout:/usr/bin/ceph: stderr
2024-03-28T22:25:36.584+0000 7ff28fe00700 1 -- 172.21.15.43:0/401463956 <== mon.0 v2:172.21.15.43:3300/0 7 ==== mon_command_ack([{prefix=config set, name=osd_memory_target_autotune}]=0 v8)=0 v8) ==== 127+0+0 (secure 0 0 0) 0x7ff28802d770 con 0x7ff29807ddc0
2024-03-28T22:25:37.208 INFO:teuthology.orchestra.run.smithi043.stdout:/usr/bin/ceph: stderr
2024-03-28T22:25:36.586+0000 7ff29e400700 1 -- 172.21.15.43:0/401463956 >> [v2:172.21.15.43:6800/369798199,v1:172.21.15.43:6801/369798199] conn(0x7ff27c038cf0 msgr2=0x7ff27c03b1b0 secure :-1 s=STATE_CONNECTION_ESTABLISHED l=1).mark_down
2024-03-28T22:25:37.208 INFO:teuthology.orchestra.run.smithi043.stdout:/usr/bin/ceph: stderr
2024-03-28T22:25:36.587+0000 7ff29e400700 1 --2- 172.21.15.43:0/401463956 >> [v2:172.21.15.43:6800/369798199,v1:172.21.15.43:6801/369798199] conn(0x7ff27c038cf0 0x7ff27c03b1b0 secure :-1 s=READY pgs=10 cs=0 l=1 rev1=1 crypto rx=0x7ff284006fd0 tx=0x7ff284006e40 comp rx=0 tx=0).stop
2024-03-28T22:25:37.208 INFO:teuthology.orchestra.run.smithi043.stdout:/usr/bin/ceph: stderr
2024-03-28T22:25:36.587+0000 7ff29e400700 1 -- 172.21.15.43:0/401463956 >> [v2:172.21.15.43:3300/0,v1:172.21.15.43:6789/0] conn(0x7ff29807ddc0 msgr2=0x7ff29819de30 secure :-1 s=STATE_CONNECTION_ESTABLISHED l=1).mark_down
2024-03-28T22:25:37.208 INFO:teuthology.orchestra.run.smithi043.stdout:/usr/bin/ceph: stderr
2024-03-28T22:25:36.587+0000 7ff29e400700 1 --2- 172.21.15.43:0/401463956 >> [v2:172.21.15.43:3300/0,v1:172.21.15.43:6789/0] conn(0x7ff29807ddc0 0x7ff29819de30 secure :-1 s=READY pgs=77 cs=0 l=1 rev1=1 crypto rx=0x7ff288011b60 tx=0x7ff288011c40 comp rx=0 tx=0).stop
2024-03-28T22:25:37.208 INFO:teuthology.orchestra.run.smithi043.stdout:/usr/bin/ceph: stderr
2024-03-28T22:25:36.587+0000 7ff29e400700 1 -- 172.21.15.43:0/401463956 shutdown_connections
2024-03-28T22:25:37.208 INFO:teuthology.orchestra.run.smithi043.stdout:/usr/bin/ceph: stderr
2024-03-28T22:25:36.587+0000 7ff29e400700 1 --2- 172.21.15.43:0/401463956 >> [v2:172.21.15.43:6800/369798199,v1:172.21.15.43:6801/369798199] conn(0x7ff27c038cf0 0x7ff27c03b1b0 unknown :-1 s=CLOSED pgs=10 cs=0 l=1 rev1=1 crypto rx=0 tx=0 comp rx=0 tx=0).stop
2024-03-28T22:25:37.208 INFO:teuthology.orchestra.run.smithi043.stdout:/usr/bin/ceph: stderr
2024-03-28T22:25:36.587+0000 7ff29e400700 1 --2- 172.21.15.43:0/401463956 >> [v2:172.21.15.43:3300/0,v1:172.21.15.43:6789/0] conn(0x7ff29807ddc0 0x7ff29819de30 unknown :-1 s=CLOSED pgs=77 cs=0 l=1 rev1=1 crypto rx=0 tx=0 comp rx=0 tx=0).stop
2024-03-28T22:25:37.208 INFO:teuthology.orchestra.run.smithi043.stdout:/usr/bin/ceph: stderr
2024-03-28T22:25:36.587+0000 7ff29e400700 1 -- 172.21.15.43:0/401463956 >> 172.21.15.43:0/401463956 conn(0x7ff298103340 msgr2=0x7ff298103de0 unknown :-1 s=STATE_NONE l=0).mark_down
2024-03-28T22:25:37.209 INFO:teuthology.orchestra.run.smithi043.stdout:/usr/bin/ceph: stderr
2024-03-28T22:25:36.587+0000 7ff29e400700 1 -- 172.21.15.43:0/401463956 shutdown_connections
2024-03-28T22:25:37.209 INFO:teuthology.orchestra.run.smithi043.stdout:/usr/bin/ceph: stderr
2024-03-28T22:25:36.587+0000 7ff29e400700 1 -- 172.21.15.43:0/401463956 wait complete.
2024-03-28T22:25:38.793 INFO:teuthology.orchestra.run.smithi043.stdout:/usr/bin/ceph: stderr
2024-03-28T22:25:37.802+0000 7fa88a400700 1 Processor -- start
2024-03-28T22:25:38.794 INFO:teuthology.orchestra.run.smithi043.stdout:/usr/bin/ceph: stderr
2024-03-28T22:25:37.803+0000 7fa88a400700 1 -- start start
2024-03-28T22:25:38.794 INFO:teuthology.orchestra.run.smithi043.stdout:/usr/bin/ceph: stderr
2024-03-28T22:25:37.803+0000 7fa88a400700 1 --2- >> [v2:172.21.15.43:3300/0,v1:172.21.15.43:6789/0] conn(0x7fa8841069e0 0x7fa884106e00 unknown :-1 s=NONE pgs=0 cs=0 l=0 rev1=0 crypto rx=0 tx=0 comp rx=0 tx=0).connect
2024-03-28T22:25:38.794 INFO:teuthology.orchestra.run.smithi043.stdout:/usr/bin/ceph: stderr
2024-03-28T22:25:37.803+0000 7fa88a400700 1 -- --> [v2:172.21.15.43:3300/0,v1:172.21.15.43:6789/0] -- mon_getmap magic: 0 -- 0x7fa8841073d0 con 0x7fa8841069e0
2024-03-28T22:25:38.794 INFO:teuthology.orchestra.run.smithi043.stdout:/usr/bin/ceph: stderr
2024-03-28T22:25:37.804+0000 7fa889000700 1 --2- >> [v2:172.21.15.43:3300/0,v1:172.21.15.43:6789/0] conn(0x7fa8841069e0 0x7fa884106e00 unknown :-1 s=BANNER_CONNECTING pgs=0 cs=0 l=0 rev1=0 crypto rx=0 tx=0 comp rx=0 tx=0)._handle_peer_banner_payload supported=3 required=0
2024-03-28T22:25:38.794 INFO:teuthology.orchestra.run.smithi043.stdout:/usr/bin/ceph: stderr
2024-03-28T22:25:37.804+0000 7fa889000700 1 --2- >> [v2:172.21.15.43:3300/0,v1:172.21.15.43:6789/0] conn(0x7fa8841069e0 0x7fa884106e00 unknown :-1 s=HELLO_CONNECTING pgs=0 cs=0 l=0 rev1=1 crypto rx=0 tx=0 comp rx=0 tx=0).handle_hello peer v2:172.21.15.43:3300/0 says I am v2:172.21.15.43:34494/0 (socket says 172.21.15.43:34494)
2024-03-28T22:25:38.794 INFO:teuthology.orchestra.run.smithi043.stdout:/usr/bin/ceph: stderr
2024-03-28T22:25:37.804+0000 7fa889000700 1 -- 172.21.15.43:0/3997470063 learned_addr learned my addr 172.21.15.43:0/3997470063 (peer_addr_for_me v2:172.21.15.43:0/0)
2024-03-28T22:25:38.794 INFO:teuthology.orchestra.run.smithi043.stdout:/usr/bin/ceph: stderr
2024-03-28T22:25:37.804+0000 7fa889000700 1 -- 172.21.15.43:0/3997470063 --> [v2:172.21.15.43:3300/0,v1:172.21.15.43:6789/0] -- mon_subscribe({config=0+,monmap=0+}) -- 0x7fa884107be0 con 0x7fa8841069e0
2024-03-28T22:25:38.794 INFO:teuthology.orchestra.run.smithi043.stdout:/usr/bin/ceph: stderr
2024-03-28T22:25:37.805+0000 7fa889000700 1 --2- 172.21.15.43:0/3997470063 >> [v2:172.21.15.43:3300/0,v1:172.21.15.43:6789/0] conn(0x7fa8841069e0 0x7fa884106e00 secure :-1 s=READY pgs=78 cs=0 l=1 rev1=1 crypto rx=0x7fa87800bb40 tx=0x7fa87800be50 comp rx=0 tx=0).ready entity=mon.0 client_cookie=ed72806d3ad4ac34 server_cookie=0 in_seq=0 out_seq=0
2024-03-28T22:25:38.794 INFO:teuthology.orchestra.run.smithi043.stdout:/usr/bin/ceph: stderr
2024-03-28T22:25:37.805+0000 7fa883400700 1 -- 172.21.15.43:0/3997470063 <== mon.0 v2:172.21.15.43:3300/0 1 ==== mon_map magic: 0 ==== 205+0+0 (secure 0 0 0) 0x7fa87800dbe0 con 0x7fa8841069e0
2024-03-28T22:25:38.794 INFO:teuthology.orchestra.run.smithi043.stdout:/usr/bin/ceph: stderr
2024-03-28T22:25:37.805+0000 7fa883400700 1 -- 172.21.15.43:0/3997470063 <== mon.0 v2:172.21.15.43:3300/0 2 ==== config(27 keys) ==== 1140+0+0 (secure 0 0 0) 0x7fa878004510 con 0x7fa8841069e0
2024-03-28T22:25:38.794 INFO:teuthology.orchestra.run.smithi043.stdout:/usr/bin/ceph: stderr
2024-03-28T22:25:37.805+0000 7fa883400700 1 -- 172.21.15.43:0/3997470063 <== mon.0 v2:172.21.15.43:3300/0 3 ==== mon_map magic: 0 ==== 205+0+0 (secure 0 0 0) 0x7fa878010470 con 0x7fa8841069e0
2024-03-28T22:25:38.794 INFO:teuthology.orchestra.run.smithi043.stdout:/usr/bin/ceph: stderr
2024-03-28T22:25:37.806+0000 7fa88a400700 1 -- 172.21.15.43:0/3997470063 >> [v2:172.21.15.43:3300/0,v1:172.21.15.43:6789/0] conn(0x7fa8841069e0 msgr2=0x7fa884106e00 secure :-1 s=STATE_CONNECTION_ESTABLISHED l=1).mark_down
2024-03-28T22:25:38.794 INFO:teuthology.orchestra.run.smithi043.stdout:/usr/bin/ceph: stderr
2024-03-28T22:25:37.806+0000 7fa88a400700 1 --2- 172.21.15.43:0/3997470063 >> [v2:172.21.15.43:3300/0,v1:172.21.15.43:6789/0] conn(0x7fa8841069e0 0x7fa884106e00 secure :-1 s=READY pgs=78 cs=0 l=1 rev1=1 crypto rx=0x7fa87800bb40 tx=0x7fa87800be50 comp rx=0 tx=0).stop
2024-03-28T22:25:38.799 INFO:teuthology.orchestra.run.smithi043.stdout:/usr/bin/ceph: stderr
2024-03-28T22:25:37.806+0000 7fa88a400700 1 -- 172.21.15.43:0/3997470063 shutdown_connections
2024-03-28T22:25:38.799 INFO:teuthology.orchestra.run.smithi043.stdout:/usr/bin/ceph: stderr
2024-03-28T22:25:37.806+0000 7fa88a400700 1 --2- 172.21.15.43:0/3997470063 >> [v2:172.21.15.43:3300/0,v1:172.21.15.43:6789/0] conn(0x7fa8841069e0 0x7fa884106e00 unknown :-1 s=CLOSED pgs=78 cs=0 l=1 rev1=1 crypto rx=0 tx=0 comp rx=0 tx=0).stop
2024-03-28T22:25:38.799 INFO:teuthology.orchestra.run.smithi043.stdout:/usr/bin/ceph: stderr
2024-03-28T22:25:37.806+0000 7fa88a400700 1 -- 172.21.15.43:0/3997470063 >> 172.21.15.43:0/3997470063 conn(0x7fa884101fc0 msgr2=0x7fa8841043e0 unknown :-1 s=STATE_NONE l=0).mark_down
2024-03-28T22:25:38.799 INFO:teuthology.orchestra.run.smithi043.stdout:/usr/bin/ceph: stderr
2024-03-28T22:25:37.806+0000 7fa88a400700 1 -- 172.21.15.43:0/3997470063 shutdown_connections
2024-03-28T22:25:38.799 INFO:teuthology.orchestra.run.smithi043.stdout:/usr/bin/ceph: stderr
2024-03-28T22:25:37.806+0000 7fa88a400700 1 -- 172.21.15.43:0/3997470063 wait complete.
2024-03-28T22:25:38.799 INFO:teuthology.orchestra.run.smithi043.stdout:/usr/bin/ceph: stderr
2024-03-28T22:25:37.807+0000 7fa88a400700 1 Processor -- start
2024-03-28T22:25:38.799 INFO:teuthology.orchestra.run.smithi043.stdout:/usr/bin/ceph: stderr
2024-03-28T22:25:37.808+0000 7fa88a400700 1 -- start start
2024-03-28T22:25:38.799 INFO:teuthology.orchestra.run.smithi043.stdout:/usr/bin/ceph: stderr
2024-03-28T22:25:37.808+0000 7fa88a400700 1 --2- >> [v2:172.21.15.43:3300/0,v1:172.21.15.43:6789/0] conn(0x7fa8841069e0 0x7fa88419dd90 unknown :-1 s=NONE pgs=0 cs=0 l=1 rev1=0 crypto rx=0 tx=0 comp rx=0 tx=0).connect
2024-03-28T22:25:38.799 INFO:teuthology.orchestra.run.smithi043.stdout:/usr/bin/ceph: stderr
2024-03-28T22:25:37.808+0000 7fa88a400700 1 -- --> [v2:172.21.15.43:3300/0,v1:172.21.15.43:6789/0] -- mon_getmap magic: 0 -- 0x7fa88407afd0 con 0x7fa8841069e0
2024-03-28T22:25:38.799 INFO:teuthology.orchestra.run.smithi043.stdout:/usr/bin/ceph: stderr
2024-03-28T22:25:37.808+0000 7fa889000700 1 --2- >> [v2:172.21.15.43:3300/0,v1:172.21.15.43:6789/0] conn(0x7fa8841069e0 0x7fa88419dd90 unknown :-1 s=BANNER_CONNECTING pgs=0 cs=0 l=1 rev1=0 crypto rx=0 tx=0 comp rx=0 tx=0)._handle_peer_banner_payload supported=3 required=0
2024-03-28T22:25:38.800 INFO:teuthology.orchestra.run.smithi043.stdout:/usr/bin/ceph: stderr
2024-03-28T22:25:37.808+0000 7fa889000700 1 --2- >> [v2:172.21.15.43:3300/0,v1:172.21.15.43:6789/0] conn(0x7fa8841069e0 0x7fa88419dd90 unknown :-1 s=HELLO_CONNECTING pgs=0 cs=0 l=1 rev1=1 crypto rx=0 tx=0 comp rx=0 tx=0).handle_hello peer v2:172.21.15.43:3300/0 says I am v2:172.21.15.43:34508/0 (socket says 172.21.15.43:34508)
2024-03-28T22:25:38.800 INFO:teuthology.orchestra.run.smithi043.stdout:/usr/bin/ceph: stderr
2024-03-28T22:25:37.808+0000 7fa889000700 1 -- 172.21.15.43:0/1254205488 learned_addr learned my addr 172.21.15.43:0/1254205488 (peer_addr_for_me v2:172.21.15.43:0/0)
2024-03-28T22:25:38.800 INFO:teuthology.orchestra.run.smithi043.stdout:/usr/bin/ceph: stderr
2024-03-28T22:25:37.809+0000 7fa889000700 1 -- 172.21.15.43:0/1254205488 --> [v2:172.21.15.43:3300/0,v1:172.21.15.43:6789/0] -- mon_subscribe({config=0+,monmap=0+}) -- 0x7fa88419e2d0 con 0x7fa8841069e0
2024-03-28T22:25:38.800 INFO:teuthology.orchestra.run.smithi043.stdout:/usr/bin/ceph: stderr
2024-03-28T22:25:37.809+0000 7fa889000700 1 --2- 172.21.15.43:0/1254205488 >> [v2:172.21.15.43:3300/0,v1:172.21.15.43:6789/0] conn(0x7fa8841069e0 0x7fa88419dd90 secure :-1 s=READY pgs=79 cs=0 l=1 rev1=1 crypto rx=0x7fa8780046e0 tx=0x7fa8780040b0 comp rx=0 tx=0).ready entity=mon.0 client_cookie=0 server_cookie=0 in_seq=0 out_seq=0
2024-03-28T22:25:38.800 INFO:teuthology.orchestra.run.smithi043.stdout:/usr/bin/ceph: stderr
2024-03-28T22:25:37.809+0000 7fa881600700 1 -- 172.21.15.43:0/1254205488 <== mon.0 v2:172.21.15.43:3300/0 1 ==== mon_map magic: 0 ==== 205+0+0 (secure 0 0 0) 0x7fa878010720 con 0x7fa8841069e0
2024-03-28T22:25:38.800 INFO:teuthology.orchestra.run.smithi043.stdout:/usr/bin/ceph: stderr
2024-03-28T22:25:37.809+0000 7fa881600700 1 -- 172.21.15.43:0/1254205488 <== mon.0 v2:172.21.15.43:3300/0 2 ==== config(27 keys) ==== 1140+0+0 (secure 0 0 0) 0x7fa87801d070 con 0x7fa8841069e0
2024-03-28T22:25:38.800 INFO:teuthology.orchestra.run.smithi043.stdout:/usr/bin/ceph: stderr
2024-03-28T22:25:37.809+0000 7fa881600700 1 -- 172.21.15.43:0/1254205488 <== mon.0 v2:172.21.15.43:3300/0 3 ==== mon_map magic: 0 ==== 205+0+0 (secure 0 0 0) 0x7fa878021b10 con 0x7fa8841069e0
2024-03-28T22:25:38.800 INFO:teuthology.orchestra.run.smithi043.stdout:/usr/bin/ceph: stderr
2024-03-28T22:25:37.809+0000 7fa88a400700 1 -- 172.21.15.43:0/1254205488 --> [v2:172.21.15.43:3300/0,v1:172.21.15.43:6789/0] -- mon_subscribe({mgrmap=0+}) -- 0x7fa88419e560 con 0x7fa8841069e0
2024-03-28T22:25:38.800 INFO:teuthology.orchestra.run.smithi043.stdout:/usr/bin/ceph: stderr
2024-03-28T22:25:37.810+0000 7fa88a400700 1 -- 172.21.15.43:0/1254205488 --> [v2:172.21.15.43:3300/0,v1:172.21.15.43:6789/0] -- mon_subscribe({osdmap=0}) -- 0x7fa8841a1210 con 0x7fa8841069e0
2024-03-28T22:25:38.800 INFO:teuthology.orchestra.run.smithi043.stdout:/usr/bin/ceph: stderr
2024-03-28T22:25:37.811+0000 7fa881600700 1 -- 172.21.15.43:0/1254205488 <== mon.0 v2:172.21.15.43:3300/0 4 ==== mgrmap(e 13) ==== 45984+0+0 (secure 0 0 0) 0x7fa87801f030 con 0x7fa8841069e0
2024-03-28T22:25:38.800 INFO:teuthology.orchestra.run.smithi043.stdout:/usr/bin/ceph: stderr
2024-03-28T22:25:37.811+0000 7fa88a400700 1 -- 172.21.15.43:0/1254205488 --> [v2:172.21.15.43:3300/0,v1:172.21.15.43:6789/0] -- mon_command({"prefix": "get_command_descriptions"} v 0) -- 0x7fa884063870 con 0x7fa8841069e0
2024-03-28T22:25:38.800 INFO:teuthology.orchestra.run.smithi043.stdout:/usr/bin/ceph: stderr
2024-03-28T22:25:37.811+0000 7fa881600700 1 --2- 172.21.15.43:0/1254205488 >> [v2:172.21.15.43:6800/369798199,v1:172.21.15.43:6801/369798199] conn(0x7fa86c038ce0 0x7fa86c03b1a0 unknown :-1 s=NONE pgs=0 cs=0 l=1 rev1=0 crypto rx=0 tx=0 comp rx=0 tx=0).connect
2024-03-28T22:25:38.800 INFO:teuthology.orchestra.run.smithi043.stdout:/usr/bin/ceph: stderr
2024-03-28T22:25:37.811+0000 7fa881600700 1 -- 172.21.15.43:0/1254205488 <== mon.0 v2:172.21.15.43:3300/0 5 ==== osd_map(3..3 src has 1..3) ==== 1155+0+0 (secure 0 0 0) 0x7fa87804ced0 con 0x7fa8841069e0
2024-03-28T22:25:38.800 INFO:teuthology.orchestra.run.smithi043.stdout:/usr/bin/ceph: stderr
2024-03-28T22:25:37.811+0000 7fa883e00700 1 --2- 172.21.15.43:0/1254205488 >> [v2:172.21.15.43:6800/369798199,v1:172.21.15.43:6801/369798199] conn(0x7fa86c038ce0 0x7fa86c03b1a0 unknown :-1 s=BANNER_CONNECTING pgs=0 cs=0 l=1 rev1=0 crypto rx=0 tx=0 comp rx=0 tx=0)._handle_peer_banner_payload supported=3 required=0
2024-03-28T22:25:38.800 INFO:teuthology.orchestra.run.smithi043.stdout:/usr/bin/ceph: stderr
2024-03-28T22:25:37.812+0000 7fa883e00700 1 --2- 172.21.15.43:0/1254205488 >> [v2:172.21.15.43:6800/369798199,v1:172.21.15.43:6801/369798199] conn(0x7fa86c038ce0 0x7fa86c03b1a0 secure :-1 s=READY pgs=11 cs=0 l=1 rev1=1 crypto rx=0x7fa870006fd0 tx=0x7fa870006e40 comp rx=0 tx=0).ready entity=mgr.14152 client_cookie=0 server_cookie=0 in_seq=0 out_seq=0
2024-03-28T22:25:38.801 INFO:teuthology.orchestra.run.smithi043.stdout:/usr/bin/ceph: stderr
2024-03-28T22:25:37.817+0000 7fa881600700 1 -- 172.21.15.43:0/1254205488 <== mon.0 v2:172.21.15.43:3300/0 6 ==== mon_command_ack([{"prefix": "get_command_descriptions"}]=0 v0) ==== 72+0+184932 (secure 0 0 0) 0x7fa878015070 con 0x7fa8841069e0
2024-03-28T22:25:38.801 INFO:teuthology.orchestra.run.smithi043.stdout:/usr/bin/ceph: stderr
2024-03-28T22:25:38.157+0000 7fa88a400700 1 -- 172.21.15.43:0/1254205488 --> [v2:172.21.15.43:3300/0,v1:172.21.15.43:6789/0] -- mon_command([{prefix=config-key set, key=mgr/dashboard/cluster/status}] v 0) -- 0x7fa88402df00 con 0x7fa8841069e0
2024-03-28T22:25:38.801 INFO:teuthology.orchestra.run.smithi043.stdout:/usr/bin/ceph: stderr
2024-03-28T22:25:38.160+0000 7fa881600700 1 -- 172.21.15.43:0/1254205488 <== mon.0 v2:172.21.15.43:3300/0 7 ==== mon_command_ack([{prefix=config-key set, key=mgr/dashboard/cluster/status}]=0 set mgr/dashboard/cluster/status v27)=0 set mgr/dashboard/cluster/status v27) ==== 153+0+0 (secure 0 0 0) 0x7fa8780183a0 con 0x7fa8841069e0
2024-03-28T22:25:38.801 INFO:teuthology.orchestra.run.smithi043.stdout:/usr/bin/ceph: stderr
2024-03-28T22:25:38.163+0000 7fa88a400700 1 -- 172.21.15.43:0/1254205488 >> [v2:172.21.15.43:6800/369798199,v1:172.21.15.43:6801/369798199] conn(0x7fa86c038ce0 msgr2=0x7fa86c03b1a0 secure :-1 s=STATE_CONNECTION_ESTABLISHED l=1).mark_down
2024-03-28T22:25:38.801 INFO:teuthology.orchestra.run.smithi043.stdout:/usr/bin/ceph: stderr
2024-03-28T22:25:38.163+0000 7fa88a400700 1 --2- 172.21.15.43:0/1254205488 >> [v2:172.21.15.43:6800/369798199,v1:172.21.15.43:6801/369798199] conn(0x7fa86c038ce0 0x7fa86c03b1a0 secure :-1 s=READY pgs=11 cs=0 l=1 rev1=1 crypto rx=0x7fa870006fd0 tx=0x7fa870006e40 comp rx=0 tx=0).stop
2024-03-28T22:25:38.801 INFO:teuthology.orchestra.run.smithi043.stdout:/usr/bin/ceph: stderr
2024-03-28T22:25:38.163+0000 7fa88a400700 1 -- 172.21.15.43:0/1254205488 >> [v2:172.21.15.43:3300/0,v1:172.21.15.43:6789/0] conn(0x7fa8841069e0 msgr2=0x7fa88419dd90 secure :-1 s=STATE_CONNECTION_ESTABLISHED l=1).mark_down
2024-03-28T22:25:38.801 INFO:teuthology.orchestra.run.smithi043.stdout:/usr/bin/ceph: stderr
2024-03-28T22:25:38.163+0000 7fa88a400700 1 --2- 172.21.15.43:0/1254205488 >> [v2:172.21.15.43:3300/0,v1:172.21.15.43:6789/0] conn(0x7fa8841069e0 0x7fa88419dd90 secure :-1 s=READY pgs=79 cs=0 l=1 rev1=1 crypto rx=0x7fa8780046e0 tx=0x7fa8780040b0 comp rx=0 tx=0).stop
2024-03-28T22:25:38.801 INFO:teuthology.orchestra.run.smithi043.stdout:/usr/bin/ceph: stderr
2024-03-28T22:25:38.163+0000 7fa88a400700 1 -- 172.21.15.43:0/1254205488 shutdown_connections
2024-03-28T22:25:38.801 INFO:teuthology.orchestra.run.smithi043.stdout:/usr/bin/ceph: stderr
2024-03-28T22:25:38.163+0000 7fa88a400700 1 --2- 172.21.15.43:0/1254205488 >> [v2:172.21.15.43:6800/369798199,v1:172.21.15.43:6801/369798199] conn(0x7fa86c038ce0 0x7fa86c03b1a0 unknown :-1 s=CLOSED pgs=11 cs=0 l=1 rev1=1 crypto rx=0 tx=0 comp rx=0 tx=0).stop
2024-03-28T22:25:38.801 INFO:teuthology.orchestra.run.smithi043.stdout:/usr/bin/ceph: stderr
2024-03-28T22:25:38.163+0000 7fa88a400700 1 --2- 172.21.15.43:0/1254205488 >> [v2:172.21.15.43:3300/0,v1:172.21.15.43:6789/0] conn(0x7fa8841069e0 0x7fa88419dd90 unknown :-1 s=CLOSED pgs=79 cs=0 l=1 rev1=1 crypto rx=0 tx=0 comp rx=0 tx=0).stop
