2024-03-28T22:46:29.883+0000 7f1393777700 1 -- 172.21.15.50:0/556581982 >> [v2:172.21.15.50:6800/2116348389,v1:172.21.15.50:6801/2116348389] conn(0x7f1378036790 msgr2=0x7f1378038c40 secure :-1 s=STATE_CONNECTION_ESTABLISHED l=1).mark_down
2024-03-28T22:46:30.784 INFO:teuthology.orchestra.run.smithi050.stdout:/usr/bin/ceph: stderr
2024-03-28T22:46:29.883+0000 7f1393777700 1 --2- 172.21.15.50:0/556581982 >> [v2:172.21.15.50:6800/2116348389,v1:172.21.15.50:6801/2116348389] conn(0x7f1378036790 0x7f1378038c40 secure :-1 s=READY pgs=21 cs=0 l=1 rev1=1 crypto rx=0x7f137c009990 tx=0x7f137c006e40 comp rx=0 tx=0).stop
2024-03-28T22:46:30.784 INFO:teuthology.orchestra.run.smithi050.stdout:/usr/bin/ceph: stderr
2024-03-28T22:46:29.883+0000 7f1393777700 1 -- 172.21.15.50:0/556581982 >> [v2:172.21.15.50:3300/0,v1:172.21.15.50:6789/0] conn(0x7f138c1028f0 msgr2=0x7f138c1116c0 secure :-1 s=STATE_CONNECTION_ESTABLISHED l=1).mark_down
2024-03-28T22:46:30.784 INFO:teuthology.orchestra.run.smithi050.stdout:/usr/bin/ceph: stderr
2024-03-28T22:46:29.883+0000 7f1393777700 1 --2- 172.21.15.50:0/556581982 >> [v2:172.21.15.50:3300/0,v1:172.21.15.50:6789/0] conn(0x7f138c1028f0 0x7f138c1116c0 secure :-1 s=READY pgs=66 cs=0 l=1 rev1=1 crypto rx=0x7f1388011680 tx=0x7f1388009250 comp rx=0 tx=0).stop
2024-03-28T22:46:30.784 INFO:teuthology.orchestra.run.smithi050.stdout:/usr/bin/ceph: stderr
2024-03-28T22:46:29.883+0000 7f1393777700 1 -- 172.21.15.50:0/556581982 shutdown_connections
2024-03-28T22:46:30.784 INFO:teuthology.orchestra.run.smithi050.stdout:/usr/bin/ceph: stderr
2024-03-28T22:46:29.883+0000 7f1393777700 1 --2- 172.21.15.50:0/556581982 >> [v2:172.21.15.50:6800/2116348389,v1:172.21.15.50:6801/2116348389] conn(0x7f1378036790 0x7f1378038c40 unknown :-1 s=CLOSED pgs=21 cs=0 l=1 rev1=1 crypto rx=0 tx=0 comp rx=0 tx=0).stop
2024-03-28T22:46:30.784 INFO:teuthology.orchestra.run.smithi050.stdout:/usr/bin/ceph: stderr
2024-03-28T22:46:29.883+0000 7f1393777700 1 --2- 172.21.15.50:0/556581982 >> [v2:172.21.15.50:3300/0,v1:172.21.15.50:6789/0] conn(0x7f138c1028f0 0x7f138c1116c0 unknown :-1 s=CLOSED pgs=66 cs=0 l=1 rev1=1 crypto rx=0 tx=0 comp rx=0 tx=0).stop
2024-03-28T22:46:30.784 INFO:teuthology.orchestra.run.smithi050.stdout:/usr/bin/ceph: stderr
2024-03-28T22:46:29.883+0000 7f1393777700 1 -- 172.21.15.50:0/556581982 >> 172.21.15.50:0/556581982 conn(0x7f138c0fe0d0 msgr2=0x7f138c0fec20 unknown :-1 s=STATE_NONE l=0).mark_down
2024-03-28T22:46:30.784 INFO:teuthology.orchestra.run.smithi050.stdout:/usr/bin/ceph: stderr
2024-03-28T22:46:29.884+0000 7f1393777700 1 -- 172.21.15.50:0/556581982 shutdown_connections
2024-03-28T22:46:30.784 INFO:teuthology.orchestra.run.smithi050.stdout:/usr/bin/ceph: stderr
2024-03-28T22:46:29.884+0000 7f1393777700 1 -- 172.21.15.50:0/556581982 wait complete.
2024-03-28T22:46:31.024 INFO:journalctl@ceph.mon.smithi050.smithi050.stdout:Mar 28 22:46:30 smithi050 ceph-mon[29294]: from='client.? 172.21.15.50:0/556581982' entity='client.admin' cmd='[{"prefix": "mgr module enable", "module": "dashboard"}]': finished
2024-03-28T22:46:31.024 INFO:journalctl@ceph.mon.smithi050.smithi050.stdout:Mar 28 22:46:30 smithi050 ceph-mon[29294]: mgrmap e9: smithi050.ogxclx(active, since 24s)
2024-03-28T22:46:32.040 INFO:journalctl@ceph.mon.smithi050.smithi050.stdout:Mar 28 22:46:31 smithi050 ceph-mon[29294]: from='client.? 172.21.15.50:0/2865517179' entity='client.admin' cmd=[{"prefix": "mgr stat"}]: dispatch
2024-03-28T22:46:32.063 INFO:teuthology.orchestra.run.smithi050.stdout:/usr/bin/ceph: stdout {
2024-03-28T22:46:32.063 INFO:teuthology.orchestra.run.smithi050.stdout:/usr/bin/ceph: stdout "epoch": 9,
2024-03-28T22:46:32.063 INFO:teuthology.orchestra.run.smithi050.stdout:/usr/bin/ceph: stdout "available": true,
2024-03-28T22:46:32.063 INFO:teuthology.orchestra.run.smithi050.stdout:/usr/bin/ceph: stdout "active_name": "smithi050.ogxclx",
2024-03-28T22:46:32.063 INFO:teuthology.orchestra.run.smithi050.stdout:/usr/bin/ceph: stdout "num_standby": 0
2024-03-28T22:46:32.064 INFO:teuthology.orchestra.run.smithi050.stdout:/usr/bin/ceph: stdout }
2024-03-28T22:46:32.064 INFO:teuthology.orchestra.run.smithi050.stdout:/usr/bin/ceph: stderr
2024-03-28T22:46:31.209+0000 7f826e6ab700 1 Processor -- start
2024-03-28T22:46:32.064 INFO:teuthology.orchestra.run.smithi050.stdout:/usr/bin/ceph: stderr
2024-03-28T22:46:31.209+0000 7f826e6ab700 1 -- start start
2024-03-28T22:46:32.064 INFO:teuthology.orchestra.run.smithi050.stdout:/usr/bin/ceph: stderr
2024-03-28T22:46:31.209+0000 7f826e6ab700 1 --2- >> [v2:172.21.15.50:3300/0,v1:172.21.15.50:6789/0] conn(0x7f8268071210 0x7f8268107980 unknown :-1 s=NONE pgs=0 cs=0 l=0 rev1=0 crypto rx=0 tx=0 comp rx=0 tx=0).connect
2024-03-28T22:46:32.064 INFO:teuthology.orchestra.run.smithi050.stdout:/usr/bin/ceph: stderr
2024-03-28T22:46:31.209+0000 7f826e6ab700 1 -- --> [v2:172.21.15.50:3300/0,v1:172.21.15.50:6789/0] -- mon_getmap magic: 0 v1 -- 0x7f8268071620 con 0x7f8268071210
2024-03-28T22:46:32.064 INFO:teuthology.orchestra.run.smithi050.stdout:/usr/bin/ceph: stderr
2024-03-28T22:46:31.210+0000 7f8267fff700 1 --2- >> [v2:172.21.15.50:3300/0,v1:172.21.15.50:6789/0] conn(0x7f8268071210 0x7f8268107980 unknown :-1 s=BANNER_CONNECTING pgs=0 cs=0 l=0 rev1=0 crypto rx=0 tx=0 comp rx=0 tx=0)._handle_peer_banner_payload supported=3 required=0
2024-03-28T22:46:32.064 INFO:teuthology.orchestra.run.smithi050.stdout:/usr/bin/ceph: stderr
2024-03-28T22:46:31.210+0000 7f8267fff700 1 --2- >> [v2:172.21.15.50:3300/0,v1:172.21.15.50:6789/0] conn(0x7f8268071210 0x7f8268107980 unknown :-1 s=HELLO_CONNECTING pgs=0 cs=0 l=0 rev1=1 crypto rx=0 tx=0 comp rx=0 tx=0).handle_hello peer v2:172.21.15.50:3300/0 says I am v2:172.21.15.50:43152/0 (socket says 172.21.15.50:43152)
2024-03-28T22:46:32.064 INFO:teuthology.orchestra.run.smithi050.stdout:/usr/bin/ceph: stderr
2024-03-28T22:46:31.210+0000 7f8267fff700 1 -- 172.21.15.50:0/1228540996 learned_addr learned my addr 172.21.15.50:0/1228540996 (peer_addr_for_me v2:172.21.15.50:0/0)
2024-03-28T22:46:32.064 INFO:teuthology.orchestra.run.smithi050.stdout:/usr/bin/ceph: stderr
2024-03-28T22:46:31.210+0000 7f8267fff700 1 -- 172.21.15.50:0/1228540996 --> [v2:172.21.15.50:3300/0,v1:172.21.15.50:6789/0] -- mon_subscribe({config=0+,monmap=0+}) v3 -- 0x7f8268103370 con 0x7f8268071210
2024-03-28T22:46:32.064 INFO:teuthology.orchestra.run.smithi050.stdout:/usr/bin/ceph: stderr
2024-03-28T22:46:31.210+0000 7f8267fff700 1 --2- 172.21.15.50:0/1228540996 >> [v2:172.21.15.50:3300/0,v1:172.21.15.50:6789/0] conn(0x7f8268071210 0x7f8268107980 secure :-1 s=READY pgs=69 cs=0 l=1 rev1=1 crypto rx=0x7f82580098e0 tx=0x7f8258009250 comp rx=0 tx=0).ready entity=mon.0 client_cookie=1bb461efd0427d72 server_cookie=0 in_seq=0 out_seq=0
2024-03-28T22:46:32.064 INFO:teuthology.orchestra.run.smithi050.stdout:/usr/bin/ceph: stderr
2024-03-28T22:46:31.210+0000 7f8266ffd700 1 -- 172.21.15.50:0/1228540996 <== mon.0 v2:172.21.15.50:3300/0 1 ==== mon_map magic: 0 v1 ==== 229+0+0 (secure 0 0 0) 0x7f825800b860 con 0x7f8268071210
2024-03-28T22:46:32.064 INFO:teuthology.orchestra.run.smithi050.stdout:/usr/bin/ceph: stderr
2024-03-28T22:46:31.210+0000 7f8266ffd700 1 -- 172.21.15.50:0/1228540996 <== mon.0 v2:172.21.15.50:3300/0 2 ==== config(27 keys) v1 ==== 1109+0+0 (secure 0 0 0) 0x7f825800be90 con 0x7f8268071210
2024-03-28T22:46:32.065 INFO:teuthology.orchestra.run.smithi050.stdout:/usr/bin/ceph: stderr
2024-03-28T22:46:31.210+0000 7f8266ffd700 1 -- 172.21.15.50:0/1228540996 <== mon.0 v2:172.21.15.50:3300/0 3 ==== mon_map magic: 0 v1 ==== 229+0+0 (secure 0 0 0) 0x7f82580103c0 con 0x7f8268071210
2024-03-28T22:46:32.065 INFO:teuthology.orchestra.run.smithi050.stdout:/usr/bin/ceph: stderr
2024-03-28T22:46:31.211+0000 7f826e6ab700 1 -- 172.21.15.50:0/1228540996 >> [v2:172.21.15.50:3300/0,v1:172.21.15.50:6789/0] conn(0x7f8268071210 msgr2=0x7f8268107980 secure :-1 s=STATE_CONNECTION_ESTABLISHED l=1).mark_down
2024-03-28T22:46:32.065 INFO:teuthology.orchestra.run.smithi050.stdout:/usr/bin/ceph: stderr
2024-03-28T22:46:31.211+0000 7f826e6ab700 1 --2- 172.21.15.50:0/1228540996 >> [v2:172.21.15.50:3300/0,v1:172.21.15.50:6789/0] conn(0x7f8268071210 0x7f8268107980 secure :-1 s=READY pgs=69 cs=0 l=1 rev1=1 crypto rx=0x7f82580098e0 tx=0x7f8258009250 comp rx=0 tx=0).stop
2024-03-28T22:46:32.065 INFO:teuthology.orchestra.run.smithi050.stdout:/usr/bin/ceph: stderr
2024-03-28T22:46:31.211+0000 7f826e6ab700 1 -- 172.21.15.50:0/1228540996 shutdown_connections
2024-03-28T22:46:32.065 INFO:teuthology.orchestra.run.smithi050.stdout:/usr/bin/ceph: stderr
2024-03-28T22:46:31.211+0000 7f826e6ab700 1 --2- 172.21.15.50:0/1228540996 >> [v2:172.21.15.50:3300/0,v1:172.21.15.50:6789/0] conn(0x7f8268071210 0x7f8268107980 unknown :-1 s=CLOSED pgs=69 cs=0 l=1 rev1=1 crypto rx=0 tx=0 comp rx=0 tx=0).stop
2024-03-28T22:46:32.065 INFO:teuthology.orchestra.run.smithi050.stdout:/usr/bin/ceph: stderr
2024-03-28T22:46:31.211+0000 7f826e6ab700 1 -- 172.21.15.50:0/1228540996 >> 172.21.15.50:0/1228540996 conn(0x7f82680fcfb0 msgr2=0x7f82680ff3c0 unknown :-1 s=STATE_NONE l=0).mark_down
2024-03-28T22:46:32.065 INFO:teuthology.orchestra.run.smithi050.stdout:/usr/bin/ceph: stderr
2024-03-28T22:46:31.211+0000 7f826e6ab700 1 -- 172.21.15.50:0/1228540996 shutdown_connections
2024-03-28T22:46:32.065 INFO:teuthology.orchestra.run.smithi050.stdout:/usr/bin/ceph: stderr
2024-03-28T22:46:31.211+0000 7f826e6ab700 1 -- 172.21.15.50:0/1228540996 wait complete.
2024-03-28T22:46:32.065 INFO:teuthology.orchestra.run.smithi050.stdout:/usr/bin/ceph: stderr
2024-03-28T22:46:31.212+0000 7f826e6ab700 1 Processor -- start
2024-03-28T22:46:32.065 INFO:teuthology.orchestra.run.smithi050.stdout:/usr/bin/ceph: stderr
2024-03-28T22:46:31.212+0000 7f826e6ab700 1 -- start start
2024-03-28T22:46:32.065 INFO:teuthology.orchestra.run.smithi050.stdout:/usr/bin/ceph: stderr
2024-03-28T22:46:31.212+0000 7f826e6ab700 1 --2- >> [v2:172.21.15.50:3300/0,v1:172.21.15.50:6789/0] conn(0x7f8268071210 0x7f8268113910 unknown :-1 s=NONE pgs=0 cs=0 l=1 rev1=0 crypto rx=0 tx=0 comp rx=0 tx=0).connect
2024-03-28T22:46:32.065 INFO:teuthology.orchestra.run.smithi050.stdout:/usr/bin/ceph: stderr
2024-03-28T22:46:31.212+0000 7f826e6ab700 1 -- --> [v2:172.21.15.50:3300/0,v1:172.21.15.50:6789/0] -- mon_getmap magic: 0 v1 -- 0x7f8268113e50 con 0x7f8268071210
2024-03-28T22:46:32.065 INFO:teuthology.orchestra.run.smithi050.stdout:/usr/bin/ceph: stderr
2024-03-28T22:46:31.212+0000 7f8267fff700 1 --2- >> [v2:172.21.15.50:3300/0,v1:172.21.15.50:6789/0] conn(0x7f8268071210 0x7f8268113910 unknown :-1 s=BANNER_CONNECTING pgs=0 cs=0 l=1 rev1=0 crypto rx=0 tx=0 comp rx=0 tx=0)._handle_peer_banner_payload supported=3 required=0
2024-03-28T22:46:32.065 INFO:teuthology.orchestra.run.smithi050.stdout:/usr/bin/ceph: stderr
2024-03-28T22:46:31.212+0000 7f8267fff700 1 --2- >> [v2:172.21.15.50:3300/0,v1:172.21.15.50:6789/0] conn(0x7f8268071210 0x7f8268113910 unknown :-1 s=HELLO_CONNECTING pgs=0 cs=0 l=1 rev1=1 crypto rx=0 tx=0 comp rx=0 tx=0).handle_hello peer v2:172.21.15.50:3300/0 says I am v2:172.21.15.50:43158/0 (socket says 172.21.15.50:43158)
2024-03-28T22:46:32.065 INFO:teuthology.orchestra.run.smithi050.stdout:/usr/bin/ceph: stderr
2024-03-28T22:46:31.212+0000 7f8267fff700 1 -- 172.21.15.50:0/2865517179 learned_addr learned my addr 172.21.15.50:0/2865517179 (peer_addr_for_me v2:172.21.15.50:0/0)
2024-03-28T22:46:32.066 INFO:teuthology.orchestra.run.smithi050.stdout:/usr/bin/ceph: stderr
2024-03-28T22:46:31.212+0000 7f8267fff700 1 -- 172.21.15.50:0/2865517179 --> [v2:172.21.15.50:3300/0,v1:172.21.15.50:6789/0] -- mon_subscribe({config=0+,monmap=0+}) v3 -- 0x7f82580094f0 con 0x7f8268071210
2024-03-28T22:46:32.066 INFO:teuthology.orchestra.run.smithi050.stdout:/usr/bin/ceph: stderr
2024-03-28T22:46:31.212+0000 7f8267fff700 1 --2- 172.21.15.50:0/2865517179 >> [v2:172.21.15.50:3300/0,v1:172.21.15.50:6789/0] conn(0x7f8268071210 0x7f8268113910 secure :-1 s=READY pgs=70 cs=0 l=1 rev1=1 crypto rx=0x7f82580105b0 tx=0x7f8258009250 comp rx=0 tx=0).ready entity=mon.0 client_cookie=0 server_cookie=0 in_seq=0 out_seq=0
2024-03-28T22:46:32.066 INFO:teuthology.orchestra.run.smithi050.stdout:/usr/bin/ceph: stderr
2024-03-28T22:46:31.213+0000 7f8264ff9700 1 -- 172.21.15.50:0/2865517179 <== mon.0 v2:172.21.15.50:3300/0 1 ==== mon_map magic: 0 v1 ==== 229+0+0 (secure 0 0 0) 0x7f8258010840 con 0x7f8268071210
2024-03-28T22:46:32.066 INFO:teuthology.orchestra.run.smithi050.stdout:/usr/bin/ceph: stderr
2024-03-28T22:46:31.213+0000 7f8264ff9700 1 -- 172.21.15.50:0/2865517179 <== mon.0 v2:172.21.15.50:3300/0 2 ==== config(27 keys) v1 ==== 1109+0+0 (secure 0 0 0) 0x7f8258010e70 con 0x7f8268071210
2024-03-28T22:46:32.066 INFO:teuthology.orchestra.run.smithi050.stdout:/usr/bin/ceph: stderr
2024-03-28T22:46:31.213+0000 7f826e6ab700 1 -- 172.21.15.50:0/2865517179 --> [v2:172.21.15.50:3300/0,v1:172.21.15.50:6789/0] -- mon_subscribe({mgrmap=0+}) v3 -- 0x7f82681140b0 con 0x7f8268071210
2024-03-28T22:46:32.066 INFO:teuthology.orchestra.run.smithi050.stdout:/usr/bin/ceph: stderr
2024-03-28T22:46:31.213+0000 7f8264ff9700 1 -- 172.21.15.50:0/2865517179 <== mon.0 v2:172.21.15.50:3300/0 3 ==== mon_map magic: 0 v1 ==== 229+0+0 (secure 0 0 0) 0x7f825801ae50 con 0x7f8268071210
2024-03-28T22:46:32.066 INFO:teuthology.orchestra.run.smithi050.stdout:/usr/bin/ceph: stderr
2024-03-28T22:46:31.213+0000 7f826e6ab700 1 -- 172.21.15.50:0/2865517179 --> [v2:172.21.15.50:3300/0,v1:172.21.15.50:6789/0] -- mon_subscribe({osdmap=0}) v3 -- 0x7f8268114bc0 con 0x7f8268071210
2024-03-28T22:46:32.066 INFO:teuthology.orchestra.run.smithi050.stdout:/usr/bin/ceph: stderr
2024-03-28T22:46:31.214+0000 7f8264ff9700 1 -- 172.21.15.50:0/2865517179 <== mon.0 v2:172.21.15.50:3300/0 4 ==== mgrmap(e 9) v1 ==== 43381+0+0 (secure 0 0 0) 0x7f825801a430 con 0x7f8268071210
2024-03-28T22:46:32.066 INFO:teuthology.orchestra.run.smithi050.stdout:/usr/bin/ceph: stderr
2024-03-28T22:46:31.214+0000 7f826e6ab700 1 -- 172.21.15.50:0/2865517179 --> [v2:172.21.15.50:3300/0,v1:172.21.15.50:6789/0] -- mon_command({"prefix": "get_command_descriptions"} v 0) v1 -- 0x7f826805f5f0 con 0x7f8268071210
2024-03-28T22:46:32.066 INFO:teuthology.orchestra.run.smithi050.stdout:/usr/bin/ceph: stderr
2024-03-28T22:46:31.214+0000 7f8264ff9700 1 --2- 172.21.15.50:0/2865517179 >> [v2:172.21.15.50:6800/2116348389,v1:172.21.15.50:6801/2116348389] conn(0x7f82500367e0 0x7f8250038c90 unknown :-1 s=NONE pgs=0 cs=0 l=1 rev1=0 crypto rx=0 tx=0 comp rx=0 tx=0).connect
2024-03-28T22:46:32.066 INFO:teuthology.orchestra.run.smithi050.stdout:/usr/bin/ceph: stderr
2024-03-28T22:46:31.214+0000 7f8264ff9700 1 -- 172.21.15.50:0/2865517179 <== mon.0 v2:172.21.15.50:3300/0 5 ==== osd_map(2..2 src has 1..2) v4 ==== 936+0+0 (secure 0 0 0) 0x7f825804a5b0 con 0x7f8268071210
2024-03-28T22:46:32.066 INFO:teuthology.orchestra.run.smithi050.stdout:/usr/bin/ceph: stderr
2024-03-28T22:46:31.214+0000 7f82677fe700 1 -- 172.21.15.50:0/2865517179 >> [v2:172.21.15.50:6800/2116348389,v1:172.21.15.50:6801/2116348389] conn(0x7f82500367e0 msgr2=0x7f8250038c90 unknown :-1 s=STATE_CONNECTING_RE l=1).process reconnect failed to v2:172.21.15.50:6800/2116348389
2024-03-28T22:46:32.066 INFO:teuthology.orchestra.run.smithi050.stdout:/usr/bin/ceph: stderr
2024-03-28T22:46:31.214+0000 7f82677fe700 1 --2- 172.21.15.50:0/2865517179 >> [v2:172.21.15.50:6800/2116348389,v1:172.21.15.50:6801/2116348389] conn(0x7f82500367e0 0x7f8250038c90 unknown :-1 s=START_CONNECT pgs=0 cs=0 l=1 rev1=0 crypto rx=0 tx=0 comp rx=0 tx=0)._fault waiting 0.200000
2024-03-28T22:46:32.067 INFO:teuthology.orchestra.run.smithi050.stdout:/usr/bin/ceph: stderr
2024-03-28T22:46:31.223+0000 7f8264ff9700 1 -- 172.21.15.50:0/2865517179 <== mon.0 v2:172.21.15.50:3300/0 6 ==== mon_command_ack([{"prefix": "get_command_descriptions"}]=0 v0) v1 ==== 72+0+176504 (secure 0 0 0) 0x7f8258018940 con 0x7f8268071210
2024-03-28T22:46:32.067 INFO:teuthology.orchestra.run.smithi050.stdout:/usr/bin/ceph: stderr
2024-03-28T22:46:31.415+0000 7f82677fe700 1 -- 172.21.15.50:0/2865517179 >> [v2:172.21.15.50:6800/2116348389,v1:172.21.15.50:6801/2116348389] conn(0x7f82500367e0 msgr2=0x7f8250038c90 unknown :-1 s=STATE_CONNECTING_RE l=1).process reconnect failed to v2:172.21.15.50:6800/2116348389
2024-03-28T22:46:32.067 INFO:teuthology.orchestra.run.smithi050.stdout:/usr/bin/ceph: stderr
2024-03-28T22:46:31.415+0000 7f82677fe700 1 --2- 172.21.15.50:0/2865517179 >> [v2:172.21.15.50:6800/2116348389,v1:172.21.15.50:6801/2116348389] conn(0x7f82500367e0 0x7f8250038c90 unknown :-1 s=START_CONNECT pgs=0 cs=0 l=1 rev1=0 crypto rx=0 tx=0 comp rx=0 tx=0)._fault waiting 0.400000
2024-03-28T22:46:32.067 INFO:teuthology.orchestra.run.smithi050.stdout:/usr/bin/ceph: stderr
2024-03-28T22:46:31.473+0000 7f826e6ab700 1 -- 172.21.15.50:0/2865517179 --> [v2:172.21.15.50:3300/0,v1:172.21.15.50:6789/0] -- mon_command({"prefix": "mgr stat"} v 0) v1 -- 0x7f826804bed0 con 0x7f8268071210
2024-03-28T22:46:32.067 INFO:teuthology.orchestra.run.smithi050.stdout:/usr/bin/ceph: stderr
2024-03-28T22:46:31.474+0000 7f8264ff9700 1 -- 172.21.15.50:0/2865517179 <== mon.0 v2:172.21.15.50:3300/0 7 ==== mon_command_ack([{"prefix": "mgr stat"}]=0 v9) v1 ==== 56+0+103 (secure 0 0 0) 0x7f8258018350 con 0x7f8268071210
2024-03-28T22:46:32.067 INFO:teuthology.orchestra.run.smithi050.stdout:/usr/bin/ceph: stderr
2024-03-28T22:46:31.476+0000 7f826e6ab700 1 -- 172.21.15.50:0/2865517179 >> [v2:172.21.15.50:6800/2116348389,v1:172.21.15.50:6801/2116348389] conn(0x7f82500367e0 msgr2=0x7f8250038c90 unknown :-1 s=STATE_CONNECTING l=1).mark_down
2024-03-28T22:46:32.067 INFO:teuthology.orchestra.run.smithi050.stdout:/usr/bin/ceph: stderr
2024-03-28T22:46:31.476+0000 7f826e6ab700 1 --2- 172.21.15.50:0/2865517179 >> [v2:172.21.15.50:6800/2116348389,v1:172.21.15.50:6801/2116348389] conn(0x7f82500367e0 0x7f8250038c90 unknown :-1 s=START_CONNECT pgs=0 cs=0 l=1 rev1=0 crypto rx=0 tx=0 comp rx=0 tx=0).stop
2024-03-28T22:46:32.067 INFO:teuthology.orchestra.run.smithi050.stdout:/usr/bin/ceph: stderr
2024-03-28T22:46:31.476+0000 7f826e6ab700 1 -- 172.21.15.50:0/2865517179 >> [v2:172.21.15.50:3300/0,v1:172.21.15.50:6789/0] conn(0x7f8268071210 msgr2=0x7f8268113910 secure :-1 s=STATE_CONNECTION_ESTABLISHED l=1).mark_down
2024-03-28T22:46:32.067 INFO:teuthology.orchestra.run.smithi050.stdout:/usr/bin/ceph: stderr
2024-03-28T22:46:31.476+0000 7f826e6ab700 1 --2- 172.21.15.50:0/2865517179 >> [v2:172.21.15.50:3300/0,v1:172.21.15.50:6789/0] conn(0x7f8268071210 0x7f8268113910 secure :-1 s=READY pgs=70 cs=0 l=1 rev1=1 crypto rx=0x7f82580105b0 tx=0x7f8258009250 comp rx=0 tx=0).stop
2024-03-28T22:46:32.067 INFO:teuthology.orchestra.run.smithi050.stdout:/usr/bin/ceph: stderr
2024-03-28T22:46:31.476+0000 7f826e6ab700 1 -- 172.21.15.50:0/2865517179 shutdown_connections
2024-03-28T22:46:32.067 INFO:teuthology.orchestra.run.smithi050.stdout:/usr/bin/ceph: stderr
2024-03-28T22:46:31.476+0000 7f826e6ab700 1 --2- 172.21.15.50:0/2865517179 >> [v2:172.21.15.50:6800/2116348389,v1:172.21.15.50:6801/2116348389] conn(0x7f82500367e0 0x7f8250038c90 unknown :-1 s=CLOSED pgs=0 cs=0 l=1 rev1=0 crypto rx=0 tx=0 comp rx=0 tx=0).stop
2024-03-28T22:46:32.067 INFO:teuthology.orchestra.run.smithi050.stdout:/usr/bin/ceph: stderr
2024-03-28T22:46:31.476+0000 7f826e6ab700 1 --2- 172.21.15.50:0/2865517179 >> [v2:172.21.15.50:3300/0,v1:172.21.15.50:6789/0] conn(0x7f8268071210 0x7f8268113910 unknown :-1 s=CLOSED pgs=70 cs=0 l=1 rev1=1 crypto rx=0 tx=0 comp rx=0 tx=0).stop
2024-03-28T22:46:32.067 INFO:teuthology.orchestra.run.smithi050.stdout:/usr/bin/ceph: stderr
2024-03-28T22:46:31.476+0000 7f826e6ab700 1 -- 172.21.15.50:0/2865517179 >> 172.21.15.50:0/2865517179 conn(0x7f82680fcfb0 msgr2=0x7f82680fdbc0 unknown :-1 s=STATE_NONE l=0).mark_down
2024-03-28T22:46:32.068 INFO:teuthology.orchestra.run.smithi050.stdout:/usr/bin/ceph: stderr
2024-03-28T22:46:31.476+0000 7f826e6ab700 1 -- 172.21.15.50:0/2865517179 shutdown_connections
2024-03-28T22:46:32.068 INFO:teuthology.orchestra.run.smithi050.stdout:/usr/bin/ceph: stderr
2024-03-28T22:46:31.476+0000 7f826e6ab700 1 -- 172.21.15.50:0/2865517179 wait complete.
2024-03-28T22:46:32.068 INFO:teuthology.orchestra.run.smithi050.stdout:Waiting for the mgr to restart...
2024-03-28T22:46:32.068 INFO:teuthology.orchestra.run.smithi050.stdout:Waiting for mgr epoch 9...
2024-03-28T22:46:36.619 INFO:journalctl@ceph.mon.smithi050.smithi050.stdout:Mar 28 22:46:36 smithi050 ceph-mon[29294]: Active manager daemon smithi050.ogxclx restarted
2024-03-28T22:46:36.619 INFO:journalctl@ceph.mon.smithi050.smithi050.stdout:Mar 28 22:46:36 smithi050 ceph-mon[29294]: Activating manager daemon smithi050.ogxclx
2024-03-28T22:46:36.619 INFO:journalctl@ceph.mon.smithi050.smithi050.stdout:Mar 28 22:46:36 smithi050 ceph-mon[29294]: osdmap e3: 0 total, 0 up, 0 in
2024-03-28T22:46:36.620 INFO:journalctl@ceph.mon.smithi050.smithi050.stdout:Mar 28 22:46:36 smithi050 ceph-mon[29294]: mgrmap e10: smithi050.ogxclx(active, starting, since 0.00337023s)
2024-03-28T22:46:36.620 INFO:journalctl@ceph.mon.smithi050.smithi050.stdout:Mar 28 22:46:36 smithi050 ceph-mon[29294]: from='mgr.14162 172.21.15.50:0/3352803483' entity='mgr.smithi050.ogxclx' cmd=[{"prefix": "mon metadata", "id": "smithi050"}]: dispatch
2024-03-28T22:46:36.620 INFO:journalctl@ceph.mon.smithi050.smithi050.stdout:Mar 28 22:46:36 smithi050 ceph-mon[29294]: from='mgr.14162 172.21.15.50:0/3352803483' entity='mgr.smithi050.ogxclx' cmd=[{"prefix": "mgr metadata", "who": "smithi050.ogxclx", "id": "smithi050.ogxclx"}]: dispatch
2024-03-28T22:46:36.620 INFO:journalctl@ceph.mon.smithi050.smithi050.stdout:Mar 28 22:46:36 smithi050 ceph-mon[29294]: from='mgr.14162 172.21.15.50:0/3352803483' entity='mgr.smithi050.ogxclx' cmd=[{"prefix": "mds metadata"}]: dispatch
2024-03-28T22:46:36.620 INFO:journalctl@ceph.mon.smithi050.smithi050.stdout:Mar 28 22:46:36 smithi050 ceph-mon[29294]: from='mgr.14162 172.21.15.50:0/3352803483' entity='mgr.smithi050.ogxclx' cmd=[{"prefix": "osd metadata"}]: dispatch
2024-03-28T22:46:36.620 INFO:journalctl@ceph.mon.smithi050.smithi050.stdout:Mar 28 22:46:36 smithi050 ceph-mon[29294]: from='mgr.14162 172.21.15.50:0/3352803483' entity='mgr.smithi050.ogxclx' cmd=[{"prefix": "mon metadata"}]: dispatch
2024-03-28T22:46:36.620 INFO:journalctl@ceph.mon.smithi050.smithi050.stdout:Mar 28 22:46:36 smithi050 ceph-mon[29294]: Manager daemon smithi050.ogxclx is now available
2024-03-28T22:46:36.620 INFO:journalctl@ceph.mon.smithi050.smithi050.stdout:Mar 28 22:46:36 smithi050 ceph-mon[29294]: from='mgr.14162 172.21.15.50:0/3352803483' entity='mgr.smithi050.ogxclx' cmd=[{"prefix": "config dump", "format": "json"}]: dispatch
2024-03-28T22:46:36.620 INFO:journalctl@ceph.mon.smithi050.smithi050.stdout:Mar 28 22:46:36 smithi050 ceph-mon[29294]: from='mgr.14162 172.21.15.50:0/3352803483' entity='mgr.smithi050.ogxclx' cmd=[{"prefix": "config dump", "format": "json"}]: dispatch
2024-03-28T22:46:36.620 INFO:journalctl@ceph.mon.smithi050.smithi050.stdout:Mar 28 22:46:36 smithi050 ceph-mon[29294]: from='mgr.14162 172.21.15.50:0/3352803483' entity='mgr.smithi050.ogxclx' cmd=[{"prefix":"config rm","who":"mgr","name":"mgr/rbd_support/smithi050.ogxclx/mirror_snapshot_schedule"}]: dispatch
2024-03-28T22:46:36.620 INFO:journalctl@ceph.mon.smithi050.smithi050.stdout:Mar 28 22:46:36 smithi050 ceph-mon[29294]: from='mgr.14162 172.21.15.50:0/3352803483' entity='mgr.smithi050.ogxclx' cmd=[{"prefix":"config rm","who":"mgr","name":"mgr/rbd_support/smithi050.ogxclx/trash_purge_schedule"}]: dispatch
2024-03-28T22:46:38.200 INFO:teuthology.orchestra.run.smithi050.stdout:/usr/bin/ceph: stdout {
2024-03-28T22:46:38.200 INFO:teuthology.orchestra.run.smithi050.stdout:/usr/bin/ceph: stdout "mgrmap_epoch": 11,
2024-03-28T22:46:38.200 INFO:teuthology.orchestra.run.smithi050.stdout:/usr/bin/ceph: stdout "initialized": true
2024-03-28T22:46:38.201 INFO:teuthology.orchestra.run.smithi050.stdout:/usr/bin/ceph: stdout }
2024-03-28T22:46:38.201 INFO:teuthology.orchestra.run.smithi050.stdout:/usr/bin/ceph: stderr
2024-03-28T22:46:32.457+0000 7f6bbc8c3700 1 Processor -- start
2024-03-28T22:46:38.201 INFO:teuthology.orchestra.run.smithi050.stdout:/usr/bin/ceph: stderr
2024-03-28T22:46:32.457+0000 7f6bbc8c3700 1 -- start start
2024-03-28T22:46:38.201 INFO:teuthology.orchestra.run.smithi050.stdout:/usr/bin/ceph: stderr
2024-03-28T22:46:32.457+0000 7f6bbc8c3700 1 --2- >> [v2:172.21.15.50:3300/0,v1:172.21.15.50:6789/0] conn(0x7f6bb8102ca0 0x7f6bb81030b0 unknown :-1 s=NONE pgs=0 cs=0 l=0 rev1=0 crypto rx=0 tx=0 comp rx=0 tx=0).connect
2024-03-28T22:46:38.201 INFO:teuthology.orchestra.run.smithi050.stdout:/usr/bin/ceph: stderr
2024-03-28T22:46:32.457+0000 7f6bbc8c3700 1 -- --> [v2:172.21.15.50:3300/0,v1:172.21.15.50:6789/0] -- mon_getmap magic: 0 v1 -- 0x7f6bb8103680 con 0x7f6bb8102ca0
2024-03-28T22:46:38.201 INFO:teuthology.orchestra.run.smithi050.stdout:/usr/bin/ceph: stderr
2024-03-28T22:46:32.458+0000 7f6bb659c700 1 --2- >> [v2:172.21.15.50:3300/0,v1:172.21.15.50:6789/0] conn(0x7f6bb8102ca0 0x7f6bb81030b0 unknown :-1 s=BANNER_CONNECTING pgs=0 cs=0 l=0 rev1=0 crypto rx=0 tx=0 comp rx=0 tx=0)._handle_peer_banner_payload supported=3 required=0
2024-03-28T22:46:38.201 INFO:teuthology.orchestra.run.smithi050.stdout:/usr/bin/ceph: stderr
2024-03-28T22:46:32.458+0000 7f6bb659c700 1 --2- >> [v2:172.21.15.50:3300/0,v1:172.21.15.50:6789/0] conn(0x7f6bb8102ca0 0x7f6bb81030b0 unknown :-1 s=HELLO_CONNECTING pgs=0 cs=0 l=0 rev1=1 crypto rx=0 tx=0 comp rx=0 tx=0).handle_hello peer v2:172.21.15.50:3300/0 says I am v2:172.21.15.50:43164/0 (socket says 172.21.15.50:43164)
2024-03-28T22:46:38.201 INFO:teuthology.orchestra.run.smithi050.stdout:/usr/bin/ceph: stderr
2024-03-28T22:46:32.458+0000 7f6bb659c700 1 -- 172.21.15.50:0/1339536045 learned_addr learned my addr 172.21.15.50:0/1339536045 (peer_addr_for_me v2:172.21.15.50:0/0)
2024-03-28T22:46:38.201 INFO:teuthology.orchestra.run.smithi050.stdout:/usr/bin/ceph: stderr
2024-03-28T22:46:32.458+0000 7f6bb659c700 1 -- 172.21.15.50:0/1339536045 --> [v2:172.21.15.50:3300/0,v1:172.21.15.50:6789/0] -- mon_subscribe({config=0+,monmap=0+}) v3 -- 0x7f6bb81037c0 con 0x7f6bb8102ca0
2024-03-28T22:46:38.202 INFO:teuthology.orchestra.run.smithi050.stdout:/usr/bin/ceph: stderr
2024-03-28T22:46:32.458+0000 7f6bb659c700 1 --2- 172.21.15.50:0/1339536045 >> [v2:172.21.15.50:3300/0,v1:172.21.15.50:6789/0] conn(0x7f6bb8102ca0 0x7f6bb81030b0 secure :-1 s=READY pgs=71 cs=0 l=1 rev1=1 crypto rx=0x7f6bac0098e0 tx=0x7f6bac009250 comp rx=0 tx=0).ready entity=mon.0 client_cookie=15b6ef56635aca6e server_cookie=0 in_seq=0 out_seq=0
2024-03-28T22:46:38.202 INFO:teuthology.orchestra.run.smithi050.stdout:/usr/bin/ceph: stderr
2024-03-28T22:46:32.458+0000 7f6bb559a700 1 -- 172.21.15.50:0/1339536045 <== mon.0 v2:172.21.15.50:3300/0 1 ==== mon_map magic: 0 v1 ==== 229+0+0 (secure 0 0 0) 0x7f6bac00b860 con 0x7f6bb8102ca0
2024-03-28T22:46:38.202 INFO:teuthology.orchestra.run.smithi050.stdout:/usr/bin/ceph: stderr
2024-03-28T22:46:32.458+0000 7f6bb559a700 1 -- 172.21.15.50:0/1339536045 <== mon.0 v2:172.21.15.50:3300/0 2 ==== config(27 keys) v1 ==== 1109+0+0 (secure 0 0 0) 0x7f6bac00be90 con 0x7f6bb8102ca0
2024-03-28T22:46:38.202 INFO:teuthology.orchestra.run.smithi050.stdout:/usr/bin/ceph: stderr
2024-03-28T22:46:32.458+0000 7f6bb559a700 1 -- 172.21.15.50:0/1339536045 <== mon.0 v2:172.21.15.50:3300/0 3 ==== mon_map magic: 0 v1 ==== 229+0+0 (secure 0 0 0) 0x7f6bac0103c0 con 0x7f6bb8102ca0
2024-03-28T22:46:38.202 INFO:teuthology.orchestra.run.smithi050.stdout:/usr/bin/ceph: stderr
2024-03-28T22:46:32.459+0000 7f6bbc8c3700 1 -- 172.21.15.50:0/1339536045 >> [v2:172.21.15.50:3300/0,v1:172.21.15.50:6789/0] conn(0x7f6bb8102ca0 msgr2=0x7f6bb81030b0 secure :-1 s=STATE_CONNECTION_ESTABLISHED l=1).mark_down
2024-03-28T22:46:38.202 INFO:teuthology.orchestra.run.smithi050.stdout:/usr/bin/ceph: stderr
2024-03-28T22:46:32.459+0000 7f6bbc8c3700 1 --2- 172.21.15.50:0/1339536045 >> [v2:172.21.15.50:3300/0,v1:172.21.15.50:6789/0] conn(0x7f6bb8102ca0 0x7f6bb81030b0 secure :-1 s=READY pgs=71 cs=0 l=1 rev1=1 crypto rx=0x7f6bac0098e0 tx=0x7f6bac009250 comp rx=0 tx=0).stop
2024-03-28T22:46:38.202 INFO:teuthology.orchestra.run.smithi050.stdout:/usr/bin/ceph: stderr
2024-03-28T22:46:32.459+0000 7f6bbc8c3700 1 -- 172.21.15.50:0/1339536045 shutdown_connections
2024-03-28T22:46:38.202 INFO:teuthology.orchestra.run.smithi050.stdout:/usr/bin/ceph: stderr
2024-03-28T22:46:32.459+0000 7f6bbc8c3700 1 --2- 172.21.15.50:0/1339536045 >> [v2:172.21.15.50:3300/0,v1:172.21.15.50:6789/0] conn(0x7f6bb8102ca0 0x7f6bb81030b0 unknown :-1 s=CLOSED pgs=71 cs=0 l=1 rev1=1 crypto rx=0 tx=0 comp rx=0 tx=0).stop
2024-03-28T22:46:38.202 INFO:teuthology.orchestra.run.smithi050.stdout:/usr/bin/ceph: stderr
2024-03-28T22:46:32.459+0000 7f6bbc8c3700 1 -- 172.21.15.50:0/1339536045 >> 172.21.15.50:0/1339536045 conn(0x7f6bb80fc700 msgr2=0x7f6bb80feb10 unknown :-1 s=STATE_NONE l=0).mark_down
2024-03-28T22:46:38.202 INFO:teuthology.orchestra.run.smithi050.stdout:/usr/bin/ceph: stderr
2024-03-28T22:46:32.459+0000 7f6bbc8c3700 1 -- 172.21.15.50:0/1339536045 shutdown_connections
2024-03-28T22:46:38.203 INFO:teuthology.orchestra.run.smithi050.stdout:/usr/bin/ceph: stderr
2024-03-28T22:46:32.459+0000 7f6bbc8c3700 1 -- 172.21.15.50:0/1339536045 wait complete.
2024-03-28T22:46:38.203 INFO:teuthology.orchestra.run.smithi050.stdout:/usr/bin/ceph: stderr
2024-03-28T22:46:32.460+0000 7f6bbc8c3700 1 Processor -- start
2024-03-28T22:46:38.203 INFO:teuthology.orchestra.run.smithi050.stdout:/usr/bin/ceph: stderr
2024-03-28T22:46:32.460+0000 7f6bbc8c3700 1 -- start start
2024-03-28T22:46:38.203 INFO:teuthology.orchestra.run.smithi050.stdout:/usr/bin/ceph: stderr
2024-03-28T22:46:32.460+0000 7f6bbc8c3700 1 --2- >> [v2:172.21.15.50:3300/0,v1:172.21.15.50:6789/0] conn(0x7f6bb8102ca0 0x7f6bb81138f0 unknown :-1 s=NONE pgs=0 cs=0 l=1 rev1=0 crypto rx=0 tx=0 comp rx=0 tx=0).connect
2024-03-28T22:46:38.203 INFO:teuthology.orchestra.run.smithi050.stdout:/usr/bin/ceph: stderr
2024-03-28T22:46:32.460+0000 7f6bbc8c3700 1 -- --> [v2:172.21.15.50:3300/0,v1:172.21.15.50:6789/0] -- mon_getmap magic: 0 v1 -- 0x7f6bb8113e30 con 0x7f6bb8102ca0
2024-03-28T22:46:38.203 INFO:teuthology.orchestra.run.smithi050.stdout:/usr/bin/ceph: stderr
2024-03-28T22:46:32.460+0000 7f6bb659c700 1 --2- >> [v2:172.21.15.50:3300/0,v1:172.21.15.50:6789/0] conn(0x7f6bb8102ca0 0x7f6bb81138f0 unknown :-1 s=BANNER_CONNECTING pgs=0 cs=0 l=1 rev1=0 crypto rx=0 tx=0 comp rx=0 tx=0)._handle_peer_banner_payload supported=3 required=0
2024-03-28T22:46:38.203 INFO:teuthology.orchestra.run.smithi050.stdout:/usr/bin/ceph: stderr
2024-03-28T22:46:32.460+0000 7f6bb659c700 1 --2- >> [v2:172.21.15.50:3300/0,v1:172.21.15.50:6789/0] conn(0x7f6bb8102ca0 0x7f6bb81138f0 unknown :-1 s=HELLO_CONNECTING pgs=0 cs=0 l=1 rev1=1 crypto rx=0 tx=0 comp rx=0 tx=0).handle_hello peer v2:172.21.15.50:3300/0 says I am v2:172.21.15.50:43176/0 (socket says 172.21.15.50:43176)
2024-03-28T22:46:38.203 INFO:teuthology.orchestra.run.smithi050.stdout:/usr/bin/ceph: stderr
2024-03-28T22:46:32.460+0000 7f6bb659c700 1 -- 172.21.15.50:0/109986252 learned_addr learned my addr 172.21.15.50:0/109986252 (peer_addr_for_me v2:172.21.15.50:0/0)
2024-03-28T22:46:38.203 INFO:teuthology.orchestra.run.smithi050.stdout:/usr/bin/ceph: stderr
2024-03-28T22:46:32.460+0000 7f6bb659c700 1 -- 172.21.15.50:0/109986252 --> [v2:172.21.15.50:3300/0,v1:172.21.15.50:6789/0] -- mon_subscribe({config=0+,monmap=0+}) v3 -- 0x7f6bac0094f0 con 0x7f6bb8102ca0
2024-03-28T22:46:38.203 INFO:teuthology.orchestra.run.smithi050.stdout:/usr/bin/ceph: stderr
2024-03-28T22:46:32.460+0000 7f6bb659c700 1 --2- 172.21.15.50:0/109986252 >> [v2:172.21.15.50:3300/0,v1:172.21.15.50:6789/0] conn(0x7f6bb8102ca0 0x7f6bb81138f0 secure :-1 s=READY pgs=72 cs=0 l=1 rev1=1 crypto rx=0x7f6bac011680 tx=0x7f6bac009250 comp rx=0 tx=0).ready entity=mon.0 client_cookie=0 server_cookie=0 in_seq=0 out_seq=0
2024-03-28T22:46:38.203 INFO:teuthology.orchestra.run.smithi050.stdout:/usr/bin/ceph: stderr
2024-03-28T22:46:32.461+0000 7f6ba6ffd700 1 -- 172.21.15.50:0/109986252 <== mon.0 v2:172.21.15.50:3300/0 1 ==== mon_map magic: 0 v1 ==== 229+0+0 (secure 0 0 0) 0x7f6bac010890 con 0x7f6bb8102ca0
2024-03-28T22:46:38.203 INFO:teuthology.orchestra.run.smithi050.stdout:/usr/bin/ceph: stderr
2024-03-28T22:46:32.461+0000 7f6bbc8c3700 1 -- 172.21.15.50:0/109986252 --> [v2:172.21.15.50:3300/0,v1:172.21.15.50:6789/0] -- mon_subscribe({mgrmap=0+}) v3 -- 0x7f6bb8114030 con 0x7f6bb8102ca0
2024-03-28T22:46:38.204 INFO:teuthology.orchestra.run.smithi050.stdout:/usr/bin/ceph: stderr
2024-03-28T22:46:32.461+0000 7f6bbc8c3700 1 -- 172.21.15.50:0/109986252 --> [v2:172.21.15.50:3300/0,v1:172.21.15.50:6789/0] -- mon_subscribe({osdmap=0}) v3 -- 0x7f6bb8114ba0 con 0x7f6bb8102ca0
2024-03-28T22:46:38.204 INFO:teuthology.orchestra.run.smithi050.stdout:/usr/bin/ceph: stderr
2024-03-28T22:46:32.461+0000 7f6ba6ffd700 1 -- 172.21.15.50:0/109986252 <== mon.0 v2:172.21.15.50:3300/0 2 ==== config(27 keys) v1 ==== 1109+0+0 (secure 0 0 0) 0x7f6bac010ec0 con 0x7f6bb8102ca0
2024-03-28T22:46:38.204 INFO:teuthology.orchestra.run.smithi050.stdout:/usr/bin/ceph: stderr
2024-03-28T22:46:32.461+0000 7f6ba6ffd700 1 -- 172.21.15.50:0/109986252 <== mon.0 v2:172.21.15.50:3300/0 3 ==== mon_map magic: 0 v1 ==== 229+0+0 (secure 0 0 0) 0x7f6bac0243f0 con 0x7f6bb8102ca0
2024-03-28T22:46:38.204 INFO:teuthology.orchestra.run.smithi050.stdout:/usr/bin/ceph: stderr
2024-03-28T22:46:32.461+0000 7f6ba6ffd700 1 -- 172.21.15.50:0/109986252 <== mon.0 v2:172.21.15.50:3300/0 4 ==== mgrmap(e 9) v1 ==== 43381+0+0 (secure 0 0 0) 0x7f6bac02d3f0 con 0x7f6bb8102ca0
2024-03-28T22:46:38.204 INFO:teuthology.orchestra.run.smithi050.stdout:/usr/bin/ceph: stderr
2024-03-28T22:46:32.462+0000 7f6ba6ffd700 1 --2- 172.21.15.50:0/109986252 >> [v2:172.21.15.50:6800/2116348389,v1:172.21.15.50:6801/2116348389] conn(0x7f6ba0036830 0x7f6ba0038ce0 unknown :-1 s=NONE pgs=0 cs=0 l=1 rev1=0 crypto rx=0 tx=0 comp rx=0 tx=0).connect
2024-03-28T22:46:38.204 INFO:teuthology.orchestra.run.smithi050.stdout:/usr/bin/ceph: stderr
2024-03-28T22:46:32.462+0000 7f6ba6ffd700 1 -- 172.21.15.50:0/109986252 --> [v2:172.21.15.50:6800/2116348389,v1:172.21.15.50:6801/2116348389] -- command(tid 0: {"prefix": "get_command_descriptions"}) v1 -- 0x7f6ba00393f0 con 0x7f6ba0036830
2024-03-28T22:46:38.204 INFO:teuthology.orchestra.run.smithi050.stdout:/usr/bin/ceph: stderr
2024-03-28T22:46:32.462+0000 7f6ba6ffd700 1 -- 172.21.15.50:0/109986252 <== mon.0 v2:172.21.15.50:3300/0 5 ==== osd_map(2..2 src has 1..2) v4 ==== 936+0+0 (secure 0 0 0) 0x7f6bac04a270 con 0x7f6bb8102ca0
2024-03-28T22:46:38.204 INFO:teuthology.orchestra.run.smithi050.stdout:/usr/bin/ceph: stderr
2024-03-28T22:46:32.462+0000 7f6bb5d9b700 1 -- 172.21.15.50:0/109986252 >> [v2:172.21.15.50:6800/2116348389,v1:172.21.15.50:6801/2116348389] conn(0x7f6ba0036830 msgr2=0x7f6ba0038ce0 unknown :-1 s=STATE_CONNECTING_RE l=1).process reconnect failed to v2:172.21.15.50:6800/2116348389
2024-03-28T22:46:38.204 INFO:teuthology.orchestra.run.smithi050.stdout:/usr/bin/ceph: stderr
2024-03-28T22:46:32.462+0000 7f6bb5d9b700 1 --2- 172.21.15.50:0/109986252 >> [v2:172.21.15.50:6800/2116348389,v1:172.21.15.50:6801/2116348389] conn(0x7f6ba0036830 0x7f6ba0038ce0 unknown :-1 s=START_CONNECT pgs=0 cs=0 l=1 rev1=0 crypto rx=0 tx=0 comp rx=0 tx=0)._fault waiting 0.200000
2024-03-28T22:46:38.204 INFO:teuthology.orchestra.run.smithi050.stdout:/usr/bin/ceph: stderr
2024-03-28T22:46:32.663+0000 7f6bb5d9b700 1 -- 172.21.15.50:0/109986252 >> [v2:172.21.15.50:6800/2116348389,v1:172.21.15.50:6801/2116348389] conn(0x7f6ba0036830 msgr2=0x7f6ba0038ce0 unknown :-1 s=STATE_CONNECTING_RE l=1).process reconnect failed to v2:172.21.15.50:6800/2116348389
2024-03-28T22:46:38.204 INFO:teuthology.orchestra.run.smithi050.stdout:/usr/bin/ceph: stderr
2024-03-28T22:46:32.663+0000 7f6bb5d9b700 1 --2- 172.21.15.50:0/109986252 >> [v2:172.21.15.50:6800/2116348389,v1:172.21.15.50:6801/2116348389] conn(0x7f6ba0036830 0x7f6ba0038ce0 unknown :-1 s=START_CONNECT pgs=0 cs=0 l=1 rev1=0 crypto rx=0 tx=0 comp rx=0 tx=0)._fault waiting 0.400000
2024-03-28T22:46:38.204 INFO:teuthology.orchestra.run.smithi050.stdout:/usr/bin/ceph: stderr
2024-03-28T22:46:33.064+0000 7f6bb5d9b700 1 -- 172.21.15.50:0/109986252 >> [v2:172.21.15.50:6800/2116348389,v1:172.21.15.50:6801/2116348389] conn(0x7f6ba0036830 msgr2=0x7f6ba0038ce0 unknown :-1 s=STATE_CONNECTING_RE l=1).process reconnect failed to v2:172.21.15.50:6800/2116348389
2024-03-28T22:46:38.205 INFO:teuthology.orchestra.run.smithi050.stdout:/usr/bin/ceph: stderr
2024-03-28T22:46:33.064+0000 7f6bb5d9b700 1 --2- 172.21.15.50:0/109986252 >> [v2:172.21.15.50:6800/2116348389,v1:172.21.15.50:6801/2116348389] conn(0x7f6ba0036830 0x7f6ba0038ce0 unknown :-1 s=START_CONNECT pgs=0 cs=0 l=1 rev1=0 crypto rx=0 tx=0 comp rx=0 tx=0)._fault waiting 0.800000
2024-03-28T22:46:38.205 INFO:teuthology.orchestra.run.smithi050.stdout:/usr/bin/ceph: stderr
2024-03-28T22:46:33.865+0000 7f6bb5d9b700 1 -- 172.21.15.50:0/109986252 >> [v2:172.21.15.50:6800/2116348389,v1:172.21.15.50:6801/2116348389] conn(0x7f6ba0036830 msgr2=0x7f6ba0038ce0 unknown :-1 s=STATE_CONNECTING_RE l=1).process reconnect failed to v2:172.21.15.50:6800/2116348389
2024-03-28T22:46:38.205 INFO:teuthology.orchestra.run.smithi050.stdout:/usr/bin/ceph: stderr
2024-03-28T22:46:33.865+0000 7f6bb5d9b700 1 --2- 172.21.15.50:0/109986252 >> [v2:172.21.15.50:6800/2116348389,v1:172.21.15.50:6801/2116348389] conn(0x7f6ba0036830 0x7f6ba0038ce0 unknown :-1 s=START_CONNECT pgs=0 cs=0 l=1 rev1=0 crypto rx=0 tx=0 comp rx=0 tx=0)._fault waiting 1.600000
2024-03-28T22:46:38.205 INFO:teuthology.orchestra.run.smithi050.stdout:/usr/bin/ceph: stderr
2024-03-28T22:46:35.466+0000 7f6bb5d9b700 1 -- 172.21.15.50:0/109986252 >> [v2:172.21.15.50:6800/2116348389,v1:172.21.15.50:6801/2116348389] conn(0x7f6ba0036830 msgr2=0x7f6ba0038ce0 unknown :-1 s=STATE_CONNECTING_RE l=1).process reconnect failed to v2:172.21.15.50:6800/2116348389
2024-03-28T22:46:38.205 INFO:teuthology.orchestra.run.smithi050.stdout:/usr/bin/ceph: stderr
2024-03-28T22:46:35.466+0000 7f6bb5d9b700 1 --2- 172.21.15.50:0/109986252 >> [v2:172.21.15.50:6800/2116348389,v1:172.21.15.50:6801/2116348389] conn(0x7f6ba0036830 0x7f6ba0038ce0 unknown :-1 s=START_CONNECT pgs=0 cs=0 l=1 rev1=0 crypto rx=0 tx=0 comp rx=0 tx=0)._fault waiting 3.200000
2024-03-28T22:46:38.205 INFO:teuthology.orchestra.run.smithi050.stdout:/usr/bin/ceph: stderr
2024-03-28T22:46:36.564+0000 7f6ba6ffd700 1 -- 172.21.15.50:0/109986252 <== mon.0 v2:172.21.15.50:3300/0 6 ==== mgrmap(e 10) v1 ==== 43148+0+0 (secure 0 0 0) 0x7f6bac01a8c0 con 0x7f6bb8102ca0
2024-03-28T22:46:38.205 INFO:teuthology.orchestra.run.smithi050.stdout:/usr/bin/ceph: stderr
2024-03-28T22:46:36.564+0000 7f6ba6ffd700 1 -- 172.21.15.50:0/109986252 >> [v2:172.21.15.50:6800/2116348389,v1:172.21.15.50:6801/2116348389] conn(0x7f6ba0036830 msgr2=0x7f6ba0038ce0 unknown :-1 s=STATE_CONNECTING l=1).mark_down
2024-03-28T22:46:38.205 INFO:teuthology.orchestra.run.smithi050.stdout:/usr/bin/ceph: stderr
2024-03-28T22:46:36.564+0000 7f6ba6ffd700 1 --2- 172.21.15.50:0/109986252 >> [v2:172.21.15.50:6800/2116348389,v1:172.21.15.50:6801/2116348389] conn(0x7f6ba0036830 0x7f6ba0038ce0 unknown :-1 s=START_CONNECT pgs=0 cs=0 l=1 rev1=0 crypto rx=0 tx=0 comp rx=0 tx=0).stop
2024-03-28T22:46:38.205 INFO:teuthology.orchestra.run.smithi050.stdout:/usr/bin/ceph: stderr
2024-03-28T22:46:37.565+0000 7f6ba6ffd700 1 -- 172.21.15.50:0/109986252 <== mon.0 v2:172.21.15.50:3300/0 7 ==== mgrmap(e 11) v1 ==== 43275+0+0 (secure 0 0 0) 0x7f6bac04bbc0 con 0x7f6bb8102ca0
2024-03-28T22:46:38.205 INFO:teuthology.orchestra.run.smithi050.stdout:/usr/bin/ceph: stderr
2024-03-28T22:46:37.565+0000 7f6ba6ffd700 1 --2- 172.21.15.50:0/109986252 >> [v2:172.21.15.50:6800/1419191113,v1:172.21.15.50:6801/1419191113] conn(0x7f6ba003a070 0x7f6ba003c450 unknown :-1 s=NONE pgs=0 cs=0 l=1 rev1=0 crypto rx=0 tx=0 comp rx=0 tx=0).connect
2024-03-28T22:46:38.205 INFO:teuthology.orchestra.run.smithi050.stdout:/usr/bin/ceph: stderr
2024-03-28T22:46:37.565+0000 7f6ba6ffd700 1 -- 172.21.15.50:0/109986252 --> [v2:172.21.15.50:6800/1419191113,v1:172.21.15.50:6801/1419191113] -- command(tid 0: {"prefix": "get_command_descriptions"}) v1 -- 0x7f6ba00393f0 con 0x7f6ba003a070
2024-03-28T22:46:38.205 INFO:teuthology.orchestra.run.smithi050.stdout:/usr/bin/ceph: stderr
2024-03-28T22:46:37.566+0000 7f6bb5d9b700 1 --2- 172.21.15.50:0/109986252 >> [v2:172.21.15.50:6800/1419191113,v1:172.21.15.50:6801/1419191113] conn(0x7f6ba003a070 0x7f6ba003c450 unknown :-1 s=BANNER_CONNECTING pgs=0 cs=0 l=1 rev1=0 crypto rx=0 tx=0 comp rx=0 tx=0)._handle_peer_banner_payload supported=3 required=0
2024-03-28T22:46:38.205 INFO:teuthology.orchestra.run.smithi050.stdout:/usr/bin/ceph: stderr
2024-03-28T22:46:37.567+0000 7f6bb5d9b700 1 --2- 172.21.15.50:0/109986252 >> [v2:172.21.15.50:6800/1419191113,v1:172.21.15.50:6801/1419191113] conn(0x7f6ba003a070 0x7f6ba003c450 secure :-1 s=READY pgs=3 cs=0 l=1 rev1=1 crypto rx=0x7f6ba80039d0 tx=0x7f6ba8009350 comp rx=0 tx=0).ready entity=mgr.14162 client_cookie=0 server_cookie=0 in_seq=0 out_seq=0
2024-03-28T22:46:38.206 INFO:teuthology.orchestra.run.smithi050.stdout:/usr/bin/ceph: stderr
2024-03-28T22:46:37.567+0000 7f6ba6ffd700 1 -- 172.21.15.50:0/109986252 <== mgr.14162 v2:172.21.15.50:6800/1419191113 1 ==== command_reply(tid 0: 0 ) v1 ==== 8+0+6549 (secure 0 0 0) 0x7f6ba00393f0 con 0x7f6ba003a070
2024-03-28T22:46:38.206 INFO:teuthology.orchestra.run.smithi050.stdout:/usr/bin/ceph: stderr
2024-03-28T22:46:37.573+0000 7f6bbc8c3700 1 -- 172.21.15.50:0/109986252 --> [v2:172.21.15.50:6800/1419191113,v1:172.21.15.50:6801/1419191113] -- command(tid 1: {"prefix": "mgr_status"}) v1 -- 0x7f6b980025f0 con 0x7f6ba003a070
2024-03-28T22:46:38.206 INFO:teuthology.orchestra.run.smithi050.stdout:/usr/bin/ceph: stderr
2024-03-28T22:46:37.573+0000 7f6ba6ffd700 1 -- 172.21.15.50:0/109986252 <== mgr.14162 v2:172.21.15.50:6800/1419191113 2 ==== command_reply(tid 1: 0 ) v1 ==== 8+0+52 (secure 0 0 0) 0x7f6b980025f0 con 0x7f6ba003a070
2024-03-28T22:46:38.206 INFO:teuthology.orchestra.run.smithi050.stdout:/usr/bin/ceph: stderr
2024-03-28T22:46:37.574+0000 7f6bbc8c3700 1 -- 172.21.15.50:0/109986252 >> [v2:172.21.15.50:6800/1419191113,v1:172.21.15.50:6801/1419191113] conn(0x7f6ba003a070 msgr2=0x7f6ba003c450 secure :-1 s=STATE_CONNECTION_ESTABLISHED l=1).mark_down
2024-03-28T22:46:38.206 INFO:teuthology.orchestra.run.smithi050.stdout:/usr/bin/ceph: stderr
2024-03-28T22:46:37.574+0000 7f6bbc8c3700 1 --2- 172.21.15.50:0/109986252 >> [v2:172.21.15.50:6800/1419191113,v1:172.21.15.50:6801/1419191113] conn(0x7f6ba003a070 0x7f6ba003c450 secure :-1 s=READY pgs=3 cs=0 l=1 rev1=1 crypto rx=0x7f6ba80039d0 tx=0x7f6ba8009350 comp rx=0 tx=0).stop
2024-03-28T22:46:38.206 INFO:teuthology.orchestra.run.smithi050.stdout:/usr/bin/ceph: stderr
2024-03-28T22:46:37.574+0000 7f6bbc8c3700 1 -- 172.21.15.50:0/109986252 >> [v2:172.21.15.50:3300/0,v1:172.21.15.50:6789/0] conn(0x7f6bb8102ca0 msgr2=0x7f6bb81138f0 secure :-1 s=STATE_CONNECTION_ESTABLISHED l=1).mark_down
2024-03-28T22:46:38.206 INFO:teuthology.orchestra.run.smithi050.stdout:/usr/bin/ceph: stderr
2024-03-28T22:46:37.574+0000 7f6bbc8c3700 1 --2- 172.21.15.50:0/109986252 >> [v2:172.21.15.50:3300/0,v1:172.21.15.50:6789/0] conn(0x7f6bb8102ca0 0x7f6bb81138f0 secure :-1 s=READY pgs=72 cs=0 l=1 rev1=1 crypto rx=0x7f6bac011680 tx=0x7f6bac009250 comp rx=0 tx=0).stop
2024-03-28T22:46:38.206 INFO:teuthology.orchestra.run.smithi050.stdout:/usr/bin/ceph: stderr
2024-03-28T22:46:37.574+0000 7f6bbc8c3700 1 -- 172.21.15.50:0/109986252 shutdown_connections
2024-03-28T22:46:38.206 INFO:teuthology.orchestra.run.smithi050.stdout:/usr/bin/ceph: stderr
2024-03-28T22:46:37.574+0000 7f6bbc8c3700 1 --2- 172.21.15.50:0/109986252 >> [v2:172.21.15.50:6800/1419191113,v1:172.21.15.50:6801/1419191113] conn(0x7f6ba003a070 0x7f6ba003c450 unknown :-1 s=CLOSED pgs=3 cs=0 l=1 rev1=1 crypto rx=0 tx=0 comp rx=0 tx=0).stop
2024-03-28T22:46:38.206 INFO:teuthology.orchestra.run.smithi050.stdout:/usr/bin/ceph: stderr
2024-03-28T22:46:37.574+0000 7f6bbc8c3700 1 --2- 172.21.15.50:0/109986252 >> [v2:172.21.15.50:3300/0,v1:172.21.15.50:6789/0] conn(0x7f6bb8102ca0 0x7f6bb81138f0 unknown :-1 s=CLOSED pgs=72 cs=0 l=1 rev1=1 crypto rx=0 tx=0 comp rx=0 tx=0).stop
2024-03-28T22:46:38.206 INFO:teuthology.orchestra.run.smithi050.stdout:/usr/bin/ceph: stderr
2024-03-28T22:46:37.574+0000 7f6bbc8c3700 1 --2- 172.21.15.50:0/109986252 >> [v2:172.21.15.50:6800/2116348389,v1:172.21.15.50:6801/2116348389] conn(0x7f6ba0036830 0x7f6ba0038ce0 unknown :-1 s=CLOSED pgs=0 cs=0 l=1 rev1=0 crypto rx=0 tx=0 comp rx=0 tx=0).stop
2024-03-28T22:46:38.206 INFO:teuthology.orchestra.run.smithi050.stdout:/usr/bin/ceph: stderr
2024-03-28T22:46:37.574+0000 7f6bbc8c3700 1 -- 172.21.15.50:0/109986252 >> 172.21.15.50:0/109986252 conn(0x7f6bb80fc700 msgr2=0x7f6bb80fd280 unknown :-1 s=STATE_NONE l=0).mark_down
2024-03-28T22:46:38.207 INFO:teuthology.orchestra.run.smithi050.stdout:/usr/bin/ceph: stderr
2024-03-28T22:46:37.574+0000 7f6bbc8c3700 1 -- 172.21.15.50:0/109986252 shutdown_connections
2024-03-28T22:46:38.207 INFO:teuthology.orchestra.run.smithi050.stdout:/usr/bin/ceph: stderr
2024-03-28T22:46:37.574+0000 7f6bbc8c3700 1 -- 172.21.15.50:0/109986252 wait complete.
2024-03-28T22:46:38.207 INFO:teuthology.orchestra.run.smithi050.stdout:mgr epoch 9 is available
2024-03-28T22:46:38.207 INFO:teuthology.orchestra.run.smithi050.stdout:Generating a dashboard self-signed certificate...
2024-03-28T22:46:38.581 INFO:journalctl@ceph.mon.smithi050.smithi050.stdout:Mar 28 22:46:38 smithi050 ceph-mon[29294]: [28/Mar/2024:22:46:37] ENGINE Bus STARTING
2024-03-28T22:46:38.581 INFO:journalctl@ceph.mon.smithi050.smithi050.stdout:Mar 28 22:46:38 smithi050 ceph-mon[29294]: [28/Mar/2024:22:46:37] ENGINE Serving on https://172.21.15.50:7150
2024-03-28T22:46:38.581 INFO:journalctl@ceph.mon.smithi050.smithi050.stdout:Mar 28 22:46:38 smithi050 ceph-mon[29294]: [28/Mar/2024:22:46:37] ENGINE Bus STARTED
2024-03-28T22:46:38.581 INFO:journalctl@ceph.mon.smithi050.smithi050.stdout:Mar 28 22:46:38 smithi050 ceph-mon[29294]: from='mgr.14162 172.21.15.50:0/3352803483' entity='mgr.smithi050.ogxclx'
2024-03-28T22:46:38.581 INFO:journalctl@ceph.mon.smithi050.smithi050.stdout:Mar 28 22:46:38 smithi050 ceph-mon[29294]: from='client.14166 -' entity='client.admin' cmd=[{"prefix": "get_command_descriptions"}]: dispatch
2024-03-28T22:46:38.581 INFO:journalctl@ceph.mon.smithi050.smithi050.stdout:Mar 28 22:46:38 smithi050 ceph-mon[29294]: mgrmap e11: smithi050.ogxclx(active, since 1.00543s)
2024-03-28T22:46:38.581 INFO:journalctl@ceph.mon.smithi050.smithi050.stdout:Mar 28 22:46:38 smithi050 ceph-mon[29294]: from='client.14166 -' entity='client.admin' cmd=[{"prefix": "mgr_status"}]: dispatch
2024-03-28T22:46:39.412 INFO:teuthology.orchestra.run.smithi050.stdout:/usr/bin/ceph: stdout Self-signed certificate created
2024-03-28T22:46:39.412 INFO:teuthology.orchestra.run.smithi050.stdout:/usr/bin/ceph: stderr
2024-03-28T22:46:38.606+0000 7ff511e83700 1 Processor -- start
2024-03-28T22:46:39.412 INFO:teuthology.orchestra.run.smithi050.stdout:/usr/bin/ceph: stderr
2024-03-28T22:46:38.606+0000 7ff511e83700 1 -- start start
2024-03-28T22:46:39.412 INFO:teuthology.orchestra.run.smithi050.stdout:/usr/bin/ceph: stderr
2024-03-28T22:46:38.606+0000 7ff511e83700 1 --2- >> [v2:172.21.15.50:3300/0,v1:172.21.15.50:6789/0] conn(0x7ff50c078c50 0x7ff50c077250 unknown :-1 s=NONE pgs=0 cs=0 l=0 rev1=0 crypto rx=0 tx=0 comp rx=0 tx=0).connect
2024-03-28T22:46:39.412 INFO:teuthology.orchestra.run.smithi050.stdout:/usr/bin/ceph: stderr
2024-03-28T22:46:38.606+0000 7ff511e83700 1 -- --> [v2:172.21.15.50:3300/0,v1:172.21.15.50:6789/0] -- mon_getmap magic: 0 v1 -- 0x7ff50c079060 con 0x7ff50c078c50
2024-03-28T22:46:39.412 INFO:teuthology.orchestra.run.smithi050.stdout:/usr/bin/ceph: stderr
2024-03-28T22:46:38.606+0000 7ff50b7fe700 1 --2- >> [v2:172.21.15.50:3300/0,v1:172.21.15.50:6789/0] conn(0x7ff50c078c50 0x7ff50c077250 unknown :-1 s=BANNER_CONNECTING pgs=0 cs=0 l=0 rev1=0 crypto rx=0 tx=0 comp rx=0 tx=0)._handle_peer_banner_payload supported=3 required=0
2024-03-28T22:46:39.413 INFO:teuthology.orchestra.run.smithi050.stdout:/usr/bin/ceph: stderr
2024-03-28T22:46:38.606+0000 7ff50b7fe700 1 --2- >> [v2:172.21.15.50:3300/0,v1:172.21.15.50:6789/0] conn(0x7ff50c078c50 0x7ff50c077250 unknown :-1 s=HELLO_CONNECTING pgs=0 cs=0 l=0 rev1=1 crypto rx=0 tx=0 comp rx=0 tx=0).handle_hello peer v2:172.21.15.50:3300/0 says I am v2:172.21.15.50:58884/0 (socket says 172.21.15.50:58884)
2024-03-28T22:46:39.413 INFO:teuthology.orchestra.run.smithi050.stdout:/usr/bin/ceph: stderr
2024-03-28T22:46:38.606+0000 7ff50b7fe700 1 -- 172.21.15.50:0/3258437110 learned_addr learned my addr 172.21.15.50:0/3258437110 (peer_addr_for_me v2:172.21.15.50:0/0)
2024-03-28T22:46:39.413 INFO:teuthology.orchestra.run.smithi050.stdout:/usr/bin/ceph: stderr
2024-03-28T22:46:38.606+0000 7ff50b7fe700 1 -- 172.21.15.50:0/3258437110 --> [v2:172.21.15.50:3300/0,v1:172.21.15.50:6789/0] -- mon_subscribe({config=0+,monmap=0+}) v3 -- 0x7ff50c077790 con 0x7ff50c078c50
2024-03-28T22:46:39.413 INFO:teuthology.orchestra.run.smithi050.stdout:/usr/bin/ceph: stderr
2024-03-28T22:46:38.607+0000 7ff50b7fe700 1 --2- 172.21.15.50:0/3258437110 >> [v2:172.21.15.50:3300/0,v1:172.21.15.50:6789/0] conn(0x7ff50c078c50 0x7ff50c077250 secure :-1 s=READY pgs=80 cs=0 l=1 rev1=1 crypto rx=0x7ff4fc0098e0 tx=0x7ff4fc009250 comp rx=0 tx=0).ready entity=mon.0 client_cookie=b72fc7b26702da31 server_cookie=0 in_seq=0 out_seq=0
2024-03-28T22:46:39.413 INFO:teuthology.orchestra.run.smithi050.stdout:/usr/bin/ceph: stderr
2024-03-28T22:46:38.607+0000 7ff50a7fc700 1 -- 172.21.15.50:0/3258437110 <== mon.0 v2:172.21.15.50:3300/0 1 ==== mon_map magic: 0 v1 ==== 229+0+0 (secure 0 0 0) 0x7ff4fc00b860 con 0x7ff50c078c50
