2024-03-28T22:46:09.966+0000 7f4fdb0bf700 1 -- 172.21.15.50:0/1689307863 --> [v2:172.21.15.50:3300/0,v1:172.21.15.50:6789/0] -- mon_command({"prefix": "get_command_descriptions"} v 0) v1 -- 0x7f4fd404bed0 con 0x7f4fd4102920
2024-03-28T22:46:11.041 INFO:teuthology.orchestra.run.smithi050.stdout:/usr/bin/ceph: stderr
2024-03-28T22:46:09.966+0000 7f4fd17fa700 1 -- 172.21.15.50:0/1689307863 <== mon.0 v2:172.21.15.50:3300/0 5 ==== osd_map(2..2 src has 1..2) v4 ==== 936+0+0 (secure 0 0 0) 0x7f4fc804a720 con 0x7f4fd4102920
2024-03-28T22:46:11.041 INFO:teuthology.orchestra.run.smithi050.stdout:/usr/bin/ceph: stderr
2024-03-28T22:46:09.966+0000 7f4fd3fff700 1 --2- 172.21.15.50:0/1689307863 >> [v2:172.21.15.50:6800/2116348389,v1:172.21.15.50:6801/2116348389] conn(0x7f4fc4036770 0x7f4fc4038c20 unknown :-1 s=BANNER_CONNECTING pgs=0 cs=0 l=1 rev1=0 crypto rx=0 tx=0 comp rx=0 tx=0)._handle_peer_banner_payload supported=3 required=0
2024-03-28T22:46:11.041 INFO:teuthology.orchestra.run.smithi050.stdout:/usr/bin/ceph: stderr
2024-03-28T22:46:09.967+0000 7f4fd3fff700 1 --2- 172.21.15.50:0/1689307863 >> [v2:172.21.15.50:6800/2116348389,v1:172.21.15.50:6801/2116348389] conn(0x7f4fc4036770 0x7f4fc4038c20 secure :-1 s=READY pgs=9 cs=0 l=1 rev1=1 crypto rx=0x7f4fc0009990 tx=0x7f4fc0006e40 comp rx=0 tx=0).ready entity=mgr.14120 client_cookie=0 server_cookie=0 in_seq=0 out_seq=0
2024-03-28T22:46:11.041 INFO:teuthology.orchestra.run.smithi050.stdout:/usr/bin/ceph: stderr
2024-03-28T22:46:09.971+0000 7f4fd17fa700 1 -- 172.21.15.50:0/1689307863 <== mon.0 v2:172.21.15.50:3300/0 6 ==== mon_command_ack([{"prefix": "get_command_descriptions"}]=0 v0) v1 ==== 72+0+176504 (secure 0 0 0) 0x7f4fc8018350 con 0x7f4fd4102920
2024-03-28T22:46:11.042 INFO:teuthology.orchestra.run.smithi050.stdout:/usr/bin/ceph: stderr
2024-03-28T22:46:10.170+0000 7f4fdb0bf700 1 -- 172.21.15.50:0/1689307863 --> [v2:172.21.15.50:6800/2116348389,v1:172.21.15.50:6801/2116348389] -- mgr_command(tid 0: {"prefix": "cephadm generate-key", "target": ["mon-mgr", ""]}) v1 -- 0x7f4fd4077df0 con 0x7f4fc4036770
2024-03-28T22:46:11.042 INFO:teuthology.orchestra.run.smithi050.stdout:/usr/bin/ceph: stderr
2024-03-28T22:46:10.431+0000 7f4fd17fa700 1 -- 172.21.15.50:0/1689307863 <== mgr.14120 v2:172.21.15.50:6800/2116348389 1 ==== mgr_command_reply(tid 0: 0 ) v1 ==== 8+0+0 (secure 0 0 0) 0x7f4fd4077df0 con 0x7f4fc4036770
2024-03-28T22:46:11.042 INFO:teuthology.orchestra.run.smithi050.stdout:/usr/bin/ceph: stderr
2024-03-28T22:46:10.433+0000 7f4fdb0bf700 1 -- 172.21.15.50:0/1689307863 >> [v2:172.21.15.50:6800/2116348389,v1:172.21.15.50:6801/2116348389] conn(0x7f4fc4036770 msgr2=0x7f4fc4038c20 secure :-1 s=STATE_CONNECTION_ESTABLISHED l=1).mark_down
2024-03-28T22:46:11.042 INFO:teuthology.orchestra.run.smithi050.stdout:/usr/bin/ceph: stderr
2024-03-28T22:46:10.433+0000 7f4fdb0bf700 1 --2- 172.21.15.50:0/1689307863 >> [v2:172.21.15.50:6800/2116348389,v1:172.21.15.50:6801/2116348389] conn(0x7f4fc4036770 0x7f4fc4038c20 secure :-1 s=READY pgs=9 cs=0 l=1 rev1=1 crypto rx=0x7f4fc0009990 tx=0x7f4fc0006e40 comp rx=0 tx=0).stop
2024-03-28T22:46:11.042 INFO:teuthology.orchestra.run.smithi050.stdout:/usr/bin/ceph: stderr
2024-03-28T22:46:10.433+0000 7f4fdb0bf700 1 -- 172.21.15.50:0/1689307863 >> [v2:172.21.15.50:3300/0,v1:172.21.15.50:6789/0] conn(0x7f4fd4102920 msgr2=0x7f4fd4078c40 secure :-1 s=STATE_CONNECTION_ESTABLISHED l=1).mark_down
2024-03-28T22:46:11.042 INFO:teuthology.orchestra.run.smithi050.stdout:/usr/bin/ceph: stderr
2024-03-28T22:46:10.433+0000 7f4fdb0bf700 1 --2- 172.21.15.50:0/1689307863 >> [v2:172.21.15.50:3300/0,v1:172.21.15.50:6789/0] conn(0x7f4fd4102920 0x7f4fd4078c40 secure :-1 s=READY pgs=42 cs=0 l=1 rev1=1 crypto rx=0x7f4fc800b440 tx=0x7f4fc8009250 comp rx=0 tx=0).stop
2024-03-28T22:46:11.042 INFO:teuthology.orchestra.run.smithi050.stdout:/usr/bin/ceph: stderr
2024-03-28T22:46:10.433+0000 7f4fdb0bf700 1 -- 172.21.15.50:0/1689307863 shutdown_connections
2024-03-28T22:46:11.042 INFO:teuthology.orchestra.run.smithi050.stdout:/usr/bin/ceph: stderr
2024-03-28T22:46:10.433+0000 7f4fdb0bf700 1 --2- 172.21.15.50:0/1689307863 >> [v2:172.21.15.50:6800/2116348389,v1:172.21.15.50:6801/2116348389] conn(0x7f4fc4036770 0x7f4fc4038c20 unknown :-1 s=CLOSED pgs=9 cs=0 l=1 rev1=1 crypto rx=0 tx=0 comp rx=0 tx=0).stop
2024-03-28T22:46:11.042 INFO:teuthology.orchestra.run.smithi050.stdout:/usr/bin/ceph: stderr
2024-03-28T22:46:10.433+0000 7f4fdb0bf700 1 --2- 172.21.15.50:0/1689307863 >> [v2:172.21.15.50:3300/0,v1:172.21.15.50:6789/0] conn(0x7f4fd4102920 0x7f4fd4078c40 unknown :-1 s=CLOSED pgs=42 cs=0 l=1 rev1=1 crypto rx=0 tx=0 comp rx=0 tx=0).stop
2024-03-28T22:46:11.042 INFO:teuthology.orchestra.run.smithi050.stdout:/usr/bin/ceph: stderr
2024-03-28T22:46:10.433+0000 7f4fdb0bf700 1 -- 172.21.15.50:0/1689307863 >> 172.21.15.50:0/1689307863 conn(0x7f4fd40fe0a0 msgr2=0x7f4fd40fec00 unknown :-1 s=STATE_NONE l=0).mark_down
2024-03-28T22:46:11.042 INFO:teuthology.orchestra.run.smithi050.stdout:/usr/bin/ceph: stderr
2024-03-28T22:46:10.433+0000 7f4fdb0bf700 1 -- 172.21.15.50:0/1689307863 shutdown_connections
2024-03-28T22:46:11.042 INFO:teuthology.orchestra.run.smithi050.stdout:/usr/bin/ceph: stderr
2024-03-28T22:46:10.433+0000 7f4fdb0bf700 1 -- 172.21.15.50:0/1689307863 wait complete.
2024-03-28T22:46:11.684 INFO:journalctl@ceph.mon.smithi050.smithi050.stdout:Mar 28 22:46:11 smithi050 ceph-mon[29294]: from='client.14136 -' entity='client.admin' cmd=[{"prefix": "cephadm generate-key", "target": ["mon-mgr", ""]}]: dispatch
2024-03-28T22:46:11.684 INFO:journalctl@ceph.mon.smithi050.smithi050.stdout:Mar 28 22:46:11 smithi050 ceph-mon[29294]: Generating ssh key...
2024-03-28T22:46:11.685 INFO:journalctl@ceph.mon.smithi050.smithi050.stdout:Mar 28 22:46:11 smithi050 ceph-mon[29294]: from='mgr.14120 172.21.15.50:0/551650774' entity='mgr.smithi050.ogxclx'
2024-03-28T22:46:11.685 INFO:journalctl@ceph.mon.smithi050.smithi050.stdout:Mar 28 22:46:11 smithi050 ceph-mon[29294]: from='mgr.14120 172.21.15.50:0/551650774' entity='mgr.smithi050.ogxclx'
2024-03-28T22:46:12.279 INFO:teuthology.orchestra.run.smithi050.stdout:/usr/bin/ceph: stdout ssh-rsa AAAAB3NzaC1yc2EAAAADAQABAAABgQDdp1QoiiSeZyAoA+lQ1qGK45s/r5fdiLUQnq9SuIpQU+zqMnCU2tKghIwzp4zFU1B1yxx+W9iBmqd6dyA2KlUhcPIepMrJt7b6PQeKTdmCjZWxoYBWjPo3UNH1Cph1a//tu4n2tK6tpz3aJy3wzZyETgvWFyT8eJpPvxw+DOLkFkJH9ByRRPay9WlqRRKa5+S//27haaRZOoPRAPaK7vSkP0eE+/Tdr9HaPHeE+8xWV4eTYvOtTPO2EtKDRECij9NS7CZIeUC9HeJtWMvML5z1Wi/Se4p8IP2DWwsiMYEGM6kgtPkjACHRNX1prJeHcAGacMcyJR1G+LKVeqlb04pwZ+g5C9sdXE3n9nJPYoca42sub6rMKMhzD1RiOx8eBRnffTouW+rT+tf3ViyAjLyxgMqjxSbMRy8ddgYzK9dOhknw8cd2jEw35AKzMOQqZthy90XoJU4nVLXPnh/zfW3hXCJxe4K5hQwtbcC2vMjRBkgXkQvh3W5dynHfBiy498U= ceph-c46f9b76-ed54-11ee-95d0-87774f69a715
2024-03-28T22:46:12.279 INFO:teuthology.orchestra.run.smithi050.stdout:/usr/bin/ceph: stderr
2024-03-28T22:46:11.482+0000 7f98b7ce8700 1 Processor -- start
2024-03-28T22:46:12.279 INFO:teuthology.orchestra.run.smithi050.stdout:/usr/bin/ceph: stderr
2024-03-28T22:46:11.482+0000 7f98b7ce8700 1 -- start start
2024-03-28T22:46:12.279 INFO:teuthology.orchestra.run.smithi050.stdout:/usr/bin/ceph: stderr
2024-03-28T22:46:11.482+0000 7f98b7ce8700 1 --2- >> [v2:172.21.15.50:3300/0,v1:172.21.15.50:6789/0] conn(0x7f98b0076b30 0x7f98b0107960 unknown :-1 s=NONE pgs=0 cs=0 l=0 rev1=0 crypto rx=0 tx=0 comp rx=0 tx=0).connect
2024-03-28T22:46:12.279 INFO:teuthology.orchestra.run.smithi050.stdout:/usr/bin/ceph: stderr
2024-03-28T22:46:11.482+0000 7f98b7ce8700 1 -- --> [v2:172.21.15.50:3300/0,v1:172.21.15.50:6789/0] -- mon_getmap magic: 0 v1 -- 0x7f98b0076f40 con 0x7f98b0076b30
2024-03-28T22:46:12.279 INFO:teuthology.orchestra.run.smithi050.stdout:/usr/bin/ceph: stderr
2024-03-28T22:46:11.482+0000 7f98b5a84700 1 --2- >> [v2:172.21.15.50:3300/0,v1:172.21.15.50:6789/0] conn(0x7f98b0076b30 0x7f98b0107960 unknown :-1 s=BANNER_CONNECTING pgs=0 cs=0 l=0 rev1=0 crypto rx=0 tx=0 comp rx=0 tx=0)._handle_peer_banner_payload supported=3 required=0
2024-03-28T22:46:12.279 INFO:teuthology.orchestra.run.smithi050.stdout:/usr/bin/ceph: stderr
2024-03-28T22:46:11.482+0000 7f98b5a84700 1 --2- >> [v2:172.21.15.50:3300/0,v1:172.21.15.50:6789/0] conn(0x7f98b0076b30 0x7f98b0107960 unknown :-1 s=HELLO_CONNECTING pgs=0 cs=0 l=0 rev1=1 crypto rx=0 tx=0 comp rx=0 tx=0).handle_hello peer v2:172.21.15.50:3300/0 says I am v2:172.21.15.50:58452/0 (socket says 172.21.15.50:58452)
2024-03-28T22:46:12.279 INFO:teuthology.orchestra.run.smithi050.stdout:/usr/bin/ceph: stderr
2024-03-28T22:46:11.482+0000 7f98b5a84700 1 -- 172.21.15.50:0/1680706969 learned_addr learned my addr 172.21.15.50:0/1680706969 (peer_addr_for_me v2:172.21.15.50:0/0)
2024-03-28T22:46:12.279 INFO:teuthology.orchestra.run.smithi050.stdout:/usr/bin/ceph: stderr
2024-03-28T22:46:11.483+0000 7f98b5a84700 1 -- 172.21.15.50:0/1680706969 --> [v2:172.21.15.50:3300/0,v1:172.21.15.50:6789/0] -- mon_subscribe({config=0+,monmap=0+}) v3 -- 0x7f98b0103350 con 0x7f98b0076b30
2024-03-28T22:46:12.279 INFO:teuthology.orchestra.run.smithi050.stdout:/usr/bin/ceph: stderr
2024-03-28T22:46:11.483+0000 7f98b5a84700 1 --2- 172.21.15.50:0/1680706969 >> [v2:172.21.15.50:3300/0,v1:172.21.15.50:6789/0] conn(0x7f98b0076b30 0x7f98b0107960 secure :-1 s=READY pgs=43 cs=0 l=1 rev1=1 crypto rx=0x7f98ac0098e0 tx=0x7f98ac009250 comp rx=0 tx=0).ready entity=mon.0 client_cookie=8e47582c22c05e34 server_cookie=0 in_seq=0 out_seq=0
2024-03-28T22:46:12.279 INFO:teuthology.orchestra.run.smithi050.stdout:/usr/bin/ceph: stderr
2024-03-28T22:46:11.483+0000 7f98b4a82700 1 -- 172.21.15.50:0/1680706969 <== mon.0 v2:172.21.15.50:3300/0 1 ==== mon_map magic: 0 v1 ==== 229+0+0 (secure 0 0 0) 0x7f98ac00b8f0 con 0x7f98b0076b30
2024-03-28T22:46:12.280 INFO:teuthology.orchestra.run.smithi050.stdout:/usr/bin/ceph: stderr
2024-03-28T22:46:11.483+0000 7f98b4a82700 1 -- 172.21.15.50:0/1680706969 <== mon.0 v2:172.21.15.50:3300/0 2 ==== config(27 keys) v1 ==== 1044+0+0 (secure 0 0 0) 0x7f98ac011420 con 0x7f98b0076b30
2024-03-28T22:46:12.280 INFO:teuthology.orchestra.run.smithi050.stdout:/usr/bin/ceph: stderr
2024-03-28T22:46:11.483+0000 7f98b4a82700 1 -- 172.21.15.50:0/1680706969 <== mon.0 v2:172.21.15.50:3300/0 3 ==== mon_map magic: 0 v1 ==== 229+0+0 (secure 0 0 0) 0x7f98ac010540 con 0x7f98b0076b30
2024-03-28T22:46:12.280 INFO:teuthology.orchestra.run.smithi050.stdout:/usr/bin/ceph: stderr
2024-03-28T22:46:11.483+0000 7f98b7ce8700 1 -- 172.21.15.50:0/1680706969 >> [v2:172.21.15.50:3300/0,v1:172.21.15.50:6789/0] conn(0x7f98b0076b30 msgr2=0x7f98b0107960 secure :-1 s=STATE_CONNECTION_ESTABLISHED l=1).mark_down
2024-03-28T22:46:12.280 INFO:teuthology.orchestra.run.smithi050.stdout:/usr/bin/ceph: stderr
2024-03-28T22:46:11.483+0000 7f98b7ce8700 1 --2- 172.21.15.50:0/1680706969 >> [v2:172.21.15.50:3300/0,v1:172.21.15.50:6789/0] conn(0x7f98b0076b30 0x7f98b0107960 secure :-1 s=READY pgs=43 cs=0 l=1 rev1=1 crypto rx=0x7f98ac0098e0 tx=0x7f98ac009250 comp rx=0 tx=0).stop
2024-03-28T22:46:12.280 INFO:teuthology.orchestra.run.smithi050.stdout:/usr/bin/ceph: stderr
2024-03-28T22:46:11.484+0000 7f98b7ce8700 1 -- 172.21.15.50:0/1680706969 shutdown_connections
2024-03-28T22:46:12.280 INFO:teuthology.orchestra.run.smithi050.stdout:/usr/bin/ceph: stderr
2024-03-28T22:46:11.484+0000 7f98b7ce8700 1 --2- 172.21.15.50:0/1680706969 >> [v2:172.21.15.50:3300/0,v1:172.21.15.50:6789/0] conn(0x7f98b0076b30 0x7f98b0107960 unknown :-1 s=CLOSED pgs=43 cs=0 l=1 rev1=1 crypto rx=0 tx=0 comp rx=0 tx=0).stop
2024-03-28T22:46:12.280 INFO:teuthology.orchestra.run.smithi050.stdout:/usr/bin/ceph: stderr
2024-03-28T22:46:11.484+0000 7f98b7ce8700 1 -- 172.21.15.50:0/1680706969 >> 172.21.15.50:0/1680706969 conn(0x7f98b00fd010 msgr2=0x7f98b00ff420 unknown :-1 s=STATE_NONE l=0).mark_down
2024-03-28T22:46:12.280 INFO:teuthology.orchestra.run.smithi050.stdout:/usr/bin/ceph: stderr
2024-03-28T22:46:11.484+0000 7f98b7ce8700 1 -- 172.21.15.50:0/1680706969 shutdown_connections
2024-03-28T22:46:12.280 INFO:teuthology.orchestra.run.smithi050.stdout:/usr/bin/ceph: stderr
2024-03-28T22:46:11.484+0000 7f98b7ce8700 1 -- 172.21.15.50:0/1680706969 wait complete.
2024-03-28T22:46:12.280 INFO:teuthology.orchestra.run.smithi050.stdout:/usr/bin/ceph: stderr
2024-03-28T22:46:11.484+0000 7f98b7ce8700 1 Processor -- start
2024-03-28T22:46:12.280 INFO:teuthology.orchestra.run.smithi050.stdout:/usr/bin/ceph: stderr
2024-03-28T22:46:11.484+0000 7f98b7ce8700 1 -- start start
2024-03-28T22:46:12.280 INFO:teuthology.orchestra.run.smithi050.stdout:/usr/bin/ceph: stderr
2024-03-28T22:46:11.484+0000 7f98b7ce8700 1 --2- >> [v2:172.21.15.50:3300/0,v1:172.21.15.50:6789/0] conn(0x7f98b0076b30 0x7f98b0113950 unknown :-1 s=NONE pgs=0 cs=0 l=1 rev1=0 crypto rx=0 tx=0 comp rx=0 tx=0).connect
2024-03-28T22:46:12.280 INFO:teuthology.orchestra.run.smithi050.stdout:/usr/bin/ceph: stderr
2024-03-28T22:46:11.484+0000 7f98b7ce8700 1 -- --> [v2:172.21.15.50:3300/0,v1:172.21.15.50:6789/0] -- mon_getmap magic: 0 v1 -- 0x7f98b0113e90 con 0x7f98b0076b30
2024-03-28T22:46:12.280 INFO:teuthology.orchestra.run.smithi050.stdout:/usr/bin/ceph: stderr
2024-03-28T22:46:11.485+0000 7f98b5a84700 1 --2- >> [v2:172.21.15.50:3300/0,v1:172.21.15.50:6789/0] conn(0x7f98b0076b30 0x7f98b0113950 unknown :-1 s=BANNER_CONNECTING pgs=0 cs=0 l=1 rev1=0 crypto rx=0 tx=0 comp rx=0 tx=0)._handle_peer_banner_payload supported=3 required=0
2024-03-28T22:46:12.280 INFO:teuthology.orchestra.run.smithi050.stdout:/usr/bin/ceph: stderr
2024-03-28T22:46:11.485+0000 7f98b5a84700 1 --2- >> [v2:172.21.15.50:3300/0,v1:172.21.15.50:6789/0] conn(0x7f98b0076b30 0x7f98b0113950 unknown :-1 s=HELLO_CONNECTING pgs=0 cs=0 l=1 rev1=1 crypto rx=0 tx=0 comp rx=0 tx=0).handle_hello peer v2:172.21.15.50:3300/0 says I am v2:172.21.15.50:58454/0 (socket says 172.21.15.50:58454)
2024-03-28T22:46:12.281 INFO:teuthology.orchestra.run.smithi050.stdout:/usr/bin/ceph: stderr
2024-03-28T22:46:11.485+0000 7f98b5a84700 1 -- 172.21.15.50:0/1106006006 learned_addr learned my addr 172.21.15.50:0/1106006006 (peer_addr_for_me v2:172.21.15.50:0/0)
2024-03-28T22:46:12.281 INFO:teuthology.orchestra.run.smithi050.stdout:/usr/bin/ceph: stderr
2024-03-28T22:46:11.485+0000 7f98b5a84700 1 -- 172.21.15.50:0/1106006006 --> [v2:172.21.15.50:3300/0,v1:172.21.15.50:6789/0] -- mon_subscribe({config=0+,monmap=0+}) v3 -- 0x7f98ac0094f0 con 0x7f98b0076b30
2024-03-28T22:46:12.281 INFO:teuthology.orchestra.run.smithi050.stdout:/usr/bin/ceph: stderr
2024-03-28T22:46:11.485+0000 7f98b5a84700 1 --2- 172.21.15.50:0/1106006006 >> [v2:172.21.15.50:3300/0,v1:172.21.15.50:6789/0] conn(0x7f98b0076b30 0x7f98b0113950 secure :-1 s=READY pgs=44 cs=0 l=1 rev1=1 crypto rx=0x7f98ac011db0 tx=0x7f98ac009250 comp rx=0 tx=0).ready entity=mon.0 client_cookie=0 server_cookie=0 in_seq=0 out_seq=0
2024-03-28T22:46:12.281 INFO:teuthology.orchestra.run.smithi050.stdout:/usr/bin/ceph: stderr
2024-03-28T22:46:11.485+0000 7f98a67fc700 1 -- 172.21.15.50:0/1106006006 <== mon.0 v2:172.21.15.50:3300/0 1 ==== mon_map magic: 0 v1 ==== 229+0+0 (secure 0 0 0) 0x7f98ac0107b0 con 0x7f98b0076b30
2024-03-28T22:46:12.281 INFO:teuthology.orchestra.run.smithi050.stdout:/usr/bin/ceph: stderr
2024-03-28T22:46:11.485+0000 7f98a67fc700 1 -- 172.21.15.50:0/1106006006 <== mon.0 v2:172.21.15.50:3300/0 2 ==== config(27 keys) v1 ==== 1044+0+0 (secure 0 0 0) 0x7f98ac010da0 con 0x7f98b0076b30
2024-03-28T22:46:12.281 INFO:teuthology.orchestra.run.smithi050.stdout:/usr/bin/ceph: stderr
2024-03-28T22:46:11.485+0000 7f98b7ce8700 1 -- 172.21.15.50:0/1106006006 --> [v2:172.21.15.50:3300/0,v1:172.21.15.50:6789/0] -- mon_subscribe({mgrmap=0+}) v3 -- 0x7f98b01140f0 con 0x7f98b0076b30
2024-03-28T22:46:12.281 INFO:teuthology.orchestra.run.smithi050.stdout:/usr/bin/ceph: stderr
2024-03-28T22:46:11.485+0000 7f98a67fc700 1 -- 172.21.15.50:0/1106006006 <== mon.0 v2:172.21.15.50:3300/0 3 ==== mon_map magic: 0 v1 ==== 229+0+0 (secure 0 0 0) 0x7f98ac01ad60 con 0x7f98b0076b30
2024-03-28T22:46:12.281 INFO:teuthology.orchestra.run.smithi050.stdout:/usr/bin/ceph: stderr
2024-03-28T22:46:11.485+0000 7f98b7ce8700 1 -- 172.21.15.50:0/1106006006 --> [v2:172.21.15.50:3300/0,v1:172.21.15.50:6789/0] -- mon_subscribe({osdmap=0}) v3 -- 0x7f98b0114c00 con 0x7f98b0076b30
2024-03-28T22:46:12.281 INFO:teuthology.orchestra.run.smithi050.stdout:/usr/bin/ceph: stderr
2024-03-28T22:46:11.486+0000 7f98a67fc700 1 -- 172.21.15.50:0/1106006006 <== mon.0 v2:172.21.15.50:3300/0 4 ==== mgrmap(e 8) v1 ==== 43368+0+0 (secure 0 0 0) 0x7f98ac02e440 con 0x7f98b0076b30
2024-03-28T22:46:12.281 INFO:teuthology.orchestra.run.smithi050.stdout:/usr/bin/ceph: stderr
2024-03-28T22:46:11.486+0000 7f98a67fc700 1 --2- 172.21.15.50:0/1106006006 >> [v2:172.21.15.50:6800/2116348389,v1:172.21.15.50:6801/2116348389] conn(0x7f989c0367e0 0x7f989c038c90 unknown :-1 s=NONE pgs=0 cs=0 l=1 rev1=0 crypto rx=0 tx=0 comp rx=0 tx=0).connect
2024-03-28T22:46:12.281 INFO:teuthology.orchestra.run.smithi050.stdout:/usr/bin/ceph: stderr
2024-03-28T22:46:11.486+0000 7f98a67fc700 1 -- 172.21.15.50:0/1106006006 <== mon.0 v2:172.21.15.50:3300/0 5 ==== osd_map(2..2 src has 1..2) v4 ==== 936+0+0 (secure 0 0 0) 0x7f98ac04adb0 con 0x7f98b0076b30
2024-03-28T22:46:12.281 INFO:teuthology.orchestra.run.smithi050.stdout:/usr/bin/ceph: stderr
2024-03-28T22:46:11.486+0000 7f98b7ce8700 1 -- 172.21.15.50:0/1106006006 --> [v2:172.21.15.50:3300/0,v1:172.21.15.50:6789/0] -- mon_command({"prefix": "get_command_descriptions"} v 0) v1 -- 0x7f98b005f5f0 con 0x7f98b0076b30
2024-03-28T22:46:12.281 INFO:teuthology.orchestra.run.smithi050.stdout:/usr/bin/ceph: stderr
2024-03-28T22:46:11.486+0000 7f98b5283700 1 --2- 172.21.15.50:0/1106006006 >> [v2:172.21.15.50:6800/2116348389,v1:172.21.15.50:6801/2116348389] conn(0x7f989c0367e0 0x7f989c038c90 unknown :-1 s=BANNER_CONNECTING pgs=0 cs=0 l=1 rev1=0 crypto rx=0 tx=0 comp rx=0 tx=0)._handle_peer_banner_payload supported=3 required=0
2024-03-28T22:46:12.281 INFO:teuthology.orchestra.run.smithi050.stdout:/usr/bin/ceph: stderr
2024-03-28T22:46:11.487+0000 7f98b5283700 1 --2- 172.21.15.50:0/1106006006 >> [v2:172.21.15.50:6800/2116348389,v1:172.21.15.50:6801/2116348389] conn(0x7f989c0367e0 0x7f989c038c90 secure :-1 s=READY pgs=10 cs=0 l=1 rev1=1 crypto rx=0x7f98a0009990 tx=0x7f98a0006e40 comp rx=0 tx=0).ready entity=mgr.14120 client_cookie=0 server_cookie=0 in_seq=0 out_seq=0
2024-03-28T22:46:12.282 INFO:teuthology.orchestra.run.smithi050.stdout:/usr/bin/ceph: stderr
2024-03-28T22:46:11.491+0000 7f98a67fc700 1 -- 172.21.15.50:0/1106006006 <== mon.0 v2:172.21.15.50:3300/0 6 ==== mon_command_ack([{"prefix": "get_command_descriptions"}]=0 v0) v1 ==== 72+0+176504 (secure 0 0 0) 0x7f98ac0243f0 con 0x7f98b0076b30
2024-03-28T22:46:12.282 INFO:teuthology.orchestra.run.smithi050.stdout:/usr/bin/ceph: stderr
2024-03-28T22:46:11.687+0000 7f98b7ce8700 1 -- 172.21.15.50:0/1106006006 --> [v2:172.21.15.50:6800/2116348389,v1:172.21.15.50:6801/2116348389] -- mgr_command(tid 0: {"prefix": "cephadm get-pub-key", "target": ["mon-mgr", ""]}) v1 -- 0x7f98b00fe480 con 0x7f989c0367e0
2024-03-28T22:46:12.282 INFO:teuthology.orchestra.run.smithi050.stdout:/usr/bin/ceph: stderr
2024-03-28T22:46:11.688+0000 7f98a67fc700 1 -- 172.21.15.50:0/1106006006 <== mgr.14120 v2:172.21.15.50:6800/2116348389 1 ==== mgr_command_reply(tid 0: 0 ) v1 ==== 8+0+595 (secure 0 0 0) 0x7f98b00fe480 con 0x7f989c0367e0
2024-03-28T22:46:12.282 INFO:teuthology.orchestra.run.smithi050.stdout:/usr/bin/ceph: stderr
2024-03-28T22:46:11.690+0000 7f98b7ce8700 1 -- 172.21.15.50:0/1106006006 >> [v2:172.21.15.50:6800/2116348389,v1:172.21.15.50:6801/2116348389] conn(0x7f989c0367e0 msgr2=0x7f989c038c90 secure :-1 s=STATE_CONNECTION_ESTABLISHED l=1).mark_down
2024-03-28T22:46:12.282 INFO:teuthology.orchestra.run.smithi050.stdout:/usr/bin/ceph: stderr
2024-03-28T22:46:11.690+0000 7f98b7ce8700 1 --2- 172.21.15.50:0/1106006006 >> [v2:172.21.15.50:6800/2116348389,v1:172.21.15.50:6801/2116348389] conn(0x7f989c0367e0 0x7f989c038c90 secure :-1 s=READY pgs=10 cs=0 l=1 rev1=1 crypto rx=0x7f98a0009990 tx=0x7f98a0006e40 comp rx=0 tx=0).stop
2024-03-28T22:46:12.282 INFO:teuthology.orchestra.run.smithi050.stdout:/usr/bin/ceph: stderr
2024-03-28T22:46:11.690+0000 7f98b7ce8700 1 -- 172.21.15.50:0/1106006006 >> [v2:172.21.15.50:3300/0,v1:172.21.15.50:6789/0] conn(0x7f98b0076b30 msgr2=0x7f98b0113950 secure :-1 s=STATE_CONNECTION_ESTABLISHED l=1).mark_down
2024-03-28T22:46:12.282 INFO:teuthology.orchestra.run.smithi050.stdout:/usr/bin/ceph: stderr
2024-03-28T22:46:11.690+0000 7f98b7ce8700 1 --2- 172.21.15.50:0/1106006006 >> [v2:172.21.15.50:3300/0,v1:172.21.15.50:6789/0] conn(0x7f98b0076b30 0x7f98b0113950 secure :-1 s=READY pgs=44 cs=0 l=1 rev1=1 crypto rx=0x7f98ac011db0 tx=0x7f98ac009250 comp rx=0 tx=0).stop
2024-03-28T22:46:12.282 INFO:teuthology.orchestra.run.smithi050.stdout:/usr/bin/ceph: stderr
2024-03-28T22:46:11.690+0000 7f98b7ce8700 1 -- 172.21.15.50:0/1106006006 shutdown_connections
2024-03-28T22:46:12.282 INFO:teuthology.orchestra.run.smithi050.stdout:/usr/bin/ceph: stderr
2024-03-28T22:46:11.690+0000 7f98b7ce8700 1 --2- 172.21.15.50:0/1106006006 >> [v2:172.21.15.50:6800/2116348389,v1:172.21.15.50:6801/2116348389] conn(0x7f989c0367e0 0x7f989c038c90 unknown :-1 s=CLOSED pgs=10 cs=0 l=1 rev1=1 crypto rx=0 tx=0 comp rx=0 tx=0).stop
2024-03-28T22:46:12.282 INFO:teuthology.orchestra.run.smithi050.stdout:/usr/bin/ceph: stderr
2024-03-28T22:46:11.690+0000 7f98b7ce8700 1 --2- 172.21.15.50:0/1106006006 >> [v2:172.21.15.50:3300/0,v1:172.21.15.50:6789/0] conn(0x7f98b0076b30 0x7f98b0113950 unknown :-1 s=CLOSED pgs=44 cs=0 l=1 rev1=1 crypto rx=0 tx=0 comp rx=0 tx=0).stop
2024-03-28T22:46:12.282 INFO:teuthology.orchestra.run.smithi050.stdout:/usr/bin/ceph: stderr
2024-03-28T22:46:11.690+0000 7f98b7ce8700 1 -- 172.21.15.50:0/1106006006 >> 172.21.15.50:0/1106006006 conn(0x7f98b00fd010 msgr2=0x7f98b00fdc70 unknown :-1 s=STATE_NONE l=0).mark_down
2024-03-28T22:46:12.282 INFO:teuthology.orchestra.run.smithi050.stdout:/usr/bin/ceph: stderr
2024-03-28T22:46:11.690+0000 7f98b7ce8700 1 -- 172.21.15.50:0/1106006006 shutdown_connections
2024-03-28T22:46:12.282 INFO:teuthology.orchestra.run.smithi050.stdout:/usr/bin/ceph: stderr
2024-03-28T22:46:11.690+0000 7f98b7ce8700 1 -- 172.21.15.50:0/1106006006 wait complete.
2024-03-28T22:46:12.282 INFO:teuthology.orchestra.run.smithi050.stdout:Wrote public SSH key to /home/ubuntu/cephtest/ceph.pub
2024-03-28T22:46:12.283 INFO:teuthology.orchestra.run.smithi050.stdout:Adding key to root@localhost authorized_keys...
2024-03-28T22:46:12.283 INFO:teuthology.orchestra.run.smithi050.stdout:Adding host smithi050...
2024-03-28T22:46:12.675 INFO:journalctl@ceph.mon.smithi050.smithi050.stdout:Mar 28 22:46:12 smithi050 ceph-mon[29294]: from='client.14138 -' entity='client.admin' cmd=[{"prefix": "cephadm get-pub-key", "target": ["mon-mgr", ""]}]: dispatch
2024-03-28T22:46:13.552 INFO:journalctl@ceph.mon.smithi050.smithi050.stdout:Mar 28 22:46:13 smithi050 ceph-mon[29294]: from='client.14140 -' entity='client.admin' cmd=[{"prefix": "orch host add", "hostname": "smithi050", "addr": "172.21.15.50", "target": ["mon-mgr", ""]}]: dispatch
2024-03-28T22:46:14.831 INFO:journalctl@ceph.mon.smithi050.smithi050.stdout:Mar 28 22:46:14 smithi050 ceph-mon[29294]: Deploying cephadm binary to smithi050
2024-03-28T22:46:15.517 INFO:teuthology.orchestra.run.smithi050.stdout:/usr/bin/ceph: stdout Added host 'smithi050' with addr '172.21.15.50'
2024-03-28T22:46:15.517 INFO:teuthology.orchestra.run.smithi050.stdout:/usr/bin/ceph: stderr
2024-03-28T22:46:12.675+0000 7f2fab028700 1 Processor -- start
2024-03-28T22:46:15.517 INFO:teuthology.orchestra.run.smithi050.stdout:/usr/bin/ceph: stderr
2024-03-28T22:46:12.675+0000 7f2fab028700 1 -- start start
2024-03-28T22:46:15.517 INFO:teuthology.orchestra.run.smithi050.stdout:/usr/bin/ceph: stderr
2024-03-28T22:46:12.675+0000 7f2fab028700 1 --2- >> [v2:172.21.15.50:3300/0,v1:172.21.15.50:6789/0] conn(0x7f2fa4101890 0x7f2fa4101ca0 unknown :-1 s=NONE pgs=0 cs=0 l=0 rev1=0 crypto rx=0 tx=0 comp rx=0 tx=0).connect
2024-03-28T22:46:15.518 INFO:teuthology.orchestra.run.smithi050.stdout:/usr/bin/ceph: stderr
2024-03-28T22:46:12.675+0000 7f2fab028700 1 -- --> [v2:172.21.15.50:3300/0,v1:172.21.15.50:6789/0] -- mon_getmap magic: 0 v1 -- 0x7f2fa41021e0 con 0x7f2fa4101890
2024-03-28T22:46:15.518 INFO:teuthology.orchestra.run.smithi050.stdout:/usr/bin/ceph: stderr
2024-03-28T22:46:12.675+0000 7f2fa8dc4700 1 --2- >> [v2:172.21.15.50:3300/0,v1:172.21.15.50:6789/0] conn(0x7f2fa4101890 0x7f2fa4101ca0 unknown :-1 s=BANNER_CONNECTING pgs=0 cs=0 l=0 rev1=0 crypto rx=0 tx=0 comp rx=0 tx=0)._handle_peer_banner_payload supported=3 required=0
2024-03-28T22:46:15.518 INFO:teuthology.orchestra.run.smithi050.stdout:/usr/bin/ceph: stderr
2024-03-28T22:46:12.675+0000 7f2fa8dc4700 1 --2- >> [v2:172.21.15.50:3300/0,v1:172.21.15.50:6789/0] conn(0x7f2fa4101890 0x7f2fa4101ca0 unknown :-1 s=HELLO_CONNECTING pgs=0 cs=0 l=0 rev1=1 crypto rx=0 tx=0 comp rx=0 tx=0).handle_hello peer v2:172.21.15.50:3300/0 says I am v2:172.21.15.50:58460/0 (socket says 172.21.15.50:58460)
2024-03-28T22:46:15.518 INFO:teuthology.orchestra.run.smithi050.stdout:/usr/bin/ceph: stderr
2024-03-28T22:46:12.675+0000 7f2fa8dc4700 1 -- 172.21.15.50:0/2173527293 learned_addr learned my addr 172.21.15.50:0/2173527293 (peer_addr_for_me v2:172.21.15.50:0/0)
2024-03-28T22:46:15.518 INFO:teuthology.orchestra.run.smithi050.stdout:/usr/bin/ceph: stderr
2024-03-28T22:46:12.675+0000 7f2fa8dc4700 1 -- 172.21.15.50:0/2173527293 --> [v2:172.21.15.50:3300/0,v1:172.21.15.50:6789/0] -- mon_subscribe({config=0+,monmap=0+}) v3 -- 0x7f2fa4102320 con 0x7f2fa4101890
2024-03-28T22:46:15.518 INFO:teuthology.orchestra.run.smithi050.stdout:/usr/bin/ceph: stderr
2024-03-28T22:46:12.675+0000 7f2fa8dc4700 1 --2- 172.21.15.50:0/2173527293 >> [v2:172.21.15.50:3300/0,v1:172.21.15.50:6789/0] conn(0x7f2fa4101890 0x7f2fa4101ca0 secure :-1 s=READY pgs=45 cs=0 l=1 rev1=1 crypto rx=0x7f2f9c00d0d0 tx=0x7f2f9c00ba50 comp rx=0 tx=0).ready entity=mon.0 client_cookie=62477d8b7dea59e1 server_cookie=0 in_seq=0 out_seq=0
2024-03-28T22:46:15.519 INFO:teuthology.orchestra.run.smithi050.stdout:/usr/bin/ceph: stderr
2024-03-28T22:46:12.676+0000 7f2fa37fe700 1 -- 172.21.15.50:0/2173527293 <== mon.0 v2:172.21.15.50:3300/0 1 ==== mon_map magic: 0 v1 ==== 229+0+0 (secure 0 0 0) 0x7f2f9c00de80 con 0x7f2fa4101890
2024-03-28T22:46:15.519 INFO:teuthology.orchestra.run.smithi050.stdout:/usr/bin/ceph: stderr
2024-03-28T22:46:12.676+0000 7f2fa37fe700 1 -- 172.21.15.50:0/2173527293 <== mon.0 v2:172.21.15.50:3300/0 2 ==== config(27 keys) v1 ==== 1044+0+0 (secure 0 0 0) 0x7f2f9c009610 con 0x7f2fa4101890
2024-03-28T22:46:15.519 INFO:teuthology.orchestra.run.smithi050.stdout:/usr/bin/ceph: stderr
2024-03-28T22:46:12.676+0000 7f2fa37fe700 1 -- 172.21.15.50:0/2173527293 <== mon.0 v2:172.21.15.50:3300/0 3 ==== mon_map magic: 0 v1 ==== 229+0+0 (secure 0 0 0) 0x7f2f9c014610 con 0x7f2fa4101890
2024-03-28T22:46:15.519 INFO:teuthology.orchestra.run.smithi050.stdout:/usr/bin/ceph: stderr
2024-03-28T22:46:12.676+0000 7f2fab028700 1 -- 172.21.15.50:0/2173527293 >> [v2:172.21.15.50:3300/0,v1:172.21.15.50:6789/0] conn(0x7f2fa4101890 msgr2=0x7f2fa4101ca0 secure :-1 s=STATE_CONNECTION_ESTABLISHED l=1).mark_down
2024-03-28T22:46:15.519 INFO:teuthology.orchestra.run.smithi050.stdout:/usr/bin/ceph: stderr
2024-03-28T22:46:12.676+0000 7f2fab028700 1 --2- 172.21.15.50:0/2173527293 >> [v2:172.21.15.50:3300/0,v1:172.21.15.50:6789/0] conn(0x7f2fa4101890 0x7f2fa4101ca0 secure :-1 s=READY pgs=45 cs=0 l=1 rev1=1 crypto rx=0x7f2f9c00d0d0 tx=0x7f2f9c00ba50 comp rx=0 tx=0).stop
2024-03-28T22:46:15.519 INFO:teuthology.orchestra.run.smithi050.stdout:/usr/bin/ceph: stderr
2024-03-28T22:46:12.676+0000 7f2fab028700 1 -- 172.21.15.50:0/2173527293 shutdown_connections
2024-03-28T22:46:15.520 INFO:teuthology.orchestra.run.smithi050.stdout:/usr/bin/ceph: stderr
2024-03-28T22:46:12.676+0000 7f2fab028700 1 --2- 172.21.15.50:0/2173527293 >> [v2:172.21.15.50:3300/0,v1:172.21.15.50:6789/0] conn(0x7f2fa4101890 0x7f2fa4101ca0 unknown :-1 s=CLOSED pgs=45 cs=0 l=1 rev1=1 crypto rx=0 tx=0 comp rx=0 tx=0).stop
2024-03-28T22:46:15.520 INFO:teuthology.orchestra.run.smithi050.stdout:/usr/bin/ceph: stderr
2024-03-28T22:46:12.676+0000 7f2fab028700 1 -- 172.21.15.50:0/2173527293 >> 172.21.15.50:0/2173527293 conn(0x7f2fa40fd010 msgr2=0x7f2fa40ff420 unknown :-1 s=STATE_NONE l=0).mark_down
2024-03-28T22:46:15.520 INFO:teuthology.orchestra.run.smithi050.stdout:/usr/bin/ceph: stderr
2024-03-28T22:46:12.676+0000 7f2fab028700 1 -- 172.21.15.50:0/2173527293 shutdown_connections
2024-03-28T22:46:15.520 INFO:teuthology.orchestra.run.smithi050.stdout:/usr/bin/ceph: stderr
2024-03-28T22:46:12.676+0000 7f2fab028700 1 -- 172.21.15.50:0/2173527293 wait complete.
2024-03-28T22:46:15.520 INFO:teuthology.orchestra.run.smithi050.stdout:/usr/bin/ceph: stderr
2024-03-28T22:46:12.677+0000 7f2fab028700 1 Processor -- start
2024-03-28T22:46:15.520 INFO:teuthology.orchestra.run.smithi050.stdout:/usr/bin/ceph: stderr
2024-03-28T22:46:12.677+0000 7f2fab028700 1 -- start start
2024-03-28T22:46:15.521 INFO:teuthology.orchestra.run.smithi050.stdout:/usr/bin/ceph: stderr
2024-03-28T22:46:12.677+0000 7f2fab028700 1 --2- >> [v2:172.21.15.50:3300/0,v1:172.21.15.50:6789/0] conn(0x7f2fa4101890 0x7f2fa410f470 unknown :-1 s=NONE pgs=0 cs=0 l=1 rev1=0 crypto rx=0 tx=0 comp rx=0 tx=0).connect
2024-03-28T22:46:15.521 INFO:teuthology.orchestra.run.smithi050.stdout:/usr/bin/ceph: stderr
2024-03-28T22:46:12.677+0000 7f2fab028700 1 -- --> [v2:172.21.15.50:3300/0,v1:172.21.15.50:6789/0] -- mon_getmap magic: 0 v1 -- 0x7f2fa410f9b0 con 0x7f2fa4101890
2024-03-28T22:46:15.521 INFO:teuthology.orchestra.run.smithi050.stdout:/usr/bin/ceph: stderr
2024-03-28T22:46:12.677+0000 7f2fa8dc4700 1 --2- >> [v2:172.21.15.50:3300/0,v1:172.21.15.50:6789/0] conn(0x7f2fa4101890 0x7f2fa410f470 unknown :-1 s=BANNER_CONNECTING pgs=0 cs=0 l=1 rev1=0 crypto rx=0 tx=0 comp rx=0 tx=0)._handle_peer_banner_payload supported=3 required=0
2024-03-28T22:46:15.521 INFO:teuthology.orchestra.run.smithi050.stdout:/usr/bin/ceph: stderr
2024-03-28T22:46:12.677+0000 7f2fa8dc4700 1 --2- >> [v2:172.21.15.50:3300/0,v1:172.21.15.50:6789/0] conn(0x7f2fa4101890 0x7f2fa410f470 unknown :-1 s=HELLO_CONNECTING pgs=0 cs=0 l=1 rev1=1 crypto rx=0 tx=0 comp rx=0 tx=0).handle_hello peer v2:172.21.15.50:3300/0 says I am v2:172.21.15.50:58466/0 (socket says 172.21.15.50:58466)
2024-03-28T22:46:15.521 INFO:teuthology.orchestra.run.smithi050.stdout:/usr/bin/ceph: stderr
2024-03-28T22:46:12.677+0000 7f2fa8dc4700 1 -- 172.21.15.50:0/462363639 learned_addr learned my addr 172.21.15.50:0/462363639 (peer_addr_for_me v2:172.21.15.50:0/0)
2024-03-28T22:46:15.521 INFO:teuthology.orchestra.run.smithi050.stdout:/usr/bin/ceph: stderr
2024-03-28T22:46:12.678+0000 7f2fa8dc4700 1 -- 172.21.15.50:0/462363639 --> [v2:172.21.15.50:3300/0,v1:172.21.15.50:6789/0] -- mon_subscribe({config=0+,monmap=0+}) v3 -- 0x7f2f9c00bcf0 con 0x7f2fa4101890
2024-03-28T22:46:15.522 INFO:teuthology.orchestra.run.smithi050.stdout:/usr/bin/ceph: stderr
2024-03-28T22:46:12.678+0000 7f2fa8dc4700 1 --2- 172.21.15.50:0/462363639 >> [v2:172.21.15.50:3300/0,v1:172.21.15.50:6789/0] conn(0x7f2fa4101890 0x7f2fa410f470 secure :-1 s=READY pgs=46 cs=0 l=1 rev1=1 crypto rx=0x7f2f9c014730 tx=0x7f2f9c00ba50 comp rx=0 tx=0).ready entity=mon.0 client_cookie=0 server_cookie=0 in_seq=0 out_seq=0
2024-03-28T22:46:15.522 INFO:teuthology.orchestra.run.smithi050.stdout:/usr/bin/ceph: stderr
2024-03-28T22:46:12.678+0000 7f2fa17fa700 1 -- 172.21.15.50:0/462363639 <== mon.0 v2:172.21.15.50:3300/0 1 ==== mon_map magic: 0 v1 ==== 229+0+0 (secure 0 0 0) 0x7f2f9c009a60 con 0x7f2fa4101890
2024-03-28T22:46:15.522 INFO:teuthology.orchestra.run.smithi050.stdout:/usr/bin/ceph: stderr
2024-03-28T22:46:12.678+0000 7f2fa17fa700 1 -- 172.21.15.50:0/462363639 <== mon.0 v2:172.21.15.50:3300/0 2 ==== config(27 keys) v1 ==== 1044+0+0 (secure 0 0 0) 0x7f2f9c00b2e0 con 0x7f2fa4101890
2024-03-28T22:46:15.522 INFO:teuthology.orchestra.run.smithi050.stdout:/usr/bin/ceph: stderr
2024-03-28T22:46:12.678+0000 7f2fab028700 1 -- 172.21.15.50:0/462363639 --> [v2:172.21.15.50:3300/0,v1:172.21.15.50:6789/0] -- mon_subscribe({mgrmap=0+}) v3 -- 0x7f2fa410fbb0 con 0x7f2fa4101890
2024-03-28T22:46:15.522 INFO:teuthology.orchestra.run.smithi050.stdout:/usr/bin/ceph: stderr
2024-03-28T22:46:12.678+0000 7f2fa17fa700 1 -- 172.21.15.50:0/462363639 <== mon.0 v2:172.21.15.50:3300/0 3 ==== mon_map magic: 0 v1 ==== 229+0+0 (secure 0 0 0) 0x7f2f9c01eba0 con 0x7f2fa4101890
2024-03-28T22:46:15.522 INFO:teuthology.orchestra.run.smithi050.stdout:/usr/bin/ceph: stderr
2024-03-28T22:46:12.678+0000 7f2fab028700 1 -- 172.21.15.50:0/462363639 --> [v2:172.21.15.50:3300/0,v1:172.21.15.50:6789/0] -- mon_subscribe({osdmap=0}) v3 -- 0x7f2fa4110720 con 0x7f2fa4101890
2024-03-28T22:46:15.523 INFO:teuthology.orchestra.run.smithi050.stdout:/usr/bin/ceph: stderr
2024-03-28T22:46:12.679+0000 7f2fa17fa700 1 -- 172.21.15.50:0/462363639 <== mon.0 v2:172.21.15.50:3300/0 4 ==== mgrmap(e 8) v1 ==== 43368+0+0 (secure 0 0 0) 0x7f2f9c0263b0 con 0x7f2fa4101890
2024-03-28T22:46:15.523 INFO:teuthology.orchestra.run.smithi050.stdout:/usr/bin/ceph: stderr
2024-03-28T22:46:12.679+0000 7f2fa17fa700 1 --2- 172.21.15.50:0/462363639 >> [v2:172.21.15.50:6800/2116348389,v1:172.21.15.50:6801/2116348389] conn(0x7f2f900367e0 0x7f2f90038c90 unknown :-1 s=NONE pgs=0 cs=0 l=1 rev1=0 crypto rx=0 tx=0 comp rx=0 tx=0).connect
2024-03-28T22:46:15.523 INFO:teuthology.orchestra.run.smithi050.stdout:/usr/bin/ceph: stderr
2024-03-28T22:46:12.679+0000 7f2fab028700 1 -- 172.21.15.50:0/462363639 --> [v2:172.21.15.50:3300/0,v1:172.21.15.50:6789/0] -- mon_command({"prefix": "get_command_descriptions"} v 0) v1 -- 0x7f2fa405f5f0 con 0x7f2fa4101890
2024-03-28T22:46:15.523 INFO:teuthology.orchestra.run.smithi050.stdout:/usr/bin/ceph: stderr
2024-03-28T22:46:12.679+0000 7f2fa17fa700 1 -- 172.21.15.50:0/462363639 <== mon.0 v2:172.21.15.50:3300/0 5 ==== osd_map(2..2 src has 1..2) v4 ==== 936+0+0 (secure 0 0 0) 0x7f2f9c04c330 con 0x7f2fa4101890
2024-03-28T22:46:15.523 INFO:teuthology.orchestra.run.smithi050.stdout:/usr/bin/ceph: stderr
2024-03-28T22:46:12.679+0000 7f2fa3fff700 1 --2- 172.21.15.50:0/462363639 >> [v2:172.21.15.50:6800/2116348389,v1:172.21.15.50:6801/2116348389] conn(0x7f2f900367e0 0x7f2f90038c90 unknown :-1 s=BANNER_CONNECTING pgs=0 cs=0 l=1 rev1=0 crypto rx=0 tx=0 comp rx=0 tx=0)._handle_peer_banner_payload supported=3 required=0
2024-03-28T22:46:15.524 INFO:teuthology.orchestra.run.smithi050.stdout:/usr/bin/ceph: stderr
2024-03-28T22:46:12.680+0000 7f2fa3fff700 1 --2- 172.21.15.50:0/462363639 >> [v2:172.21.15.50:6800/2116348389,v1:172.21.15.50:6801/2116348389] conn(0x7f2f900367e0 0x7f2f90038c90 secure :-1 s=READY pgs=11 cs=0 l=1 rev1=1 crypto rx=0x7f2f94009990 tx=0x7f2f94006e40 comp rx=0 tx=0).ready entity=mgr.14120 client_cookie=0 server_cookie=0 in_seq=0 out_seq=0
2024-03-28T22:46:15.524 INFO:teuthology.orchestra.run.smithi050.stdout:/usr/bin/ceph: stderr
2024-03-28T22:46:12.684+0000 7f2fa17fa700 1 -- 172.21.15.50:0/462363639 <== mon.0 v2:172.21.15.50:3300/0 6 ==== mon_command_ack([{"prefix": "get_command_descriptions"}]=0 v0) v1 ==== 72+0+176504 (secure 0 0 0) 0x7f2f9c019080 con 0x7f2fa4101890
2024-03-28T22:46:15.524 INFO:teuthology.orchestra.run.smithi050.stdout:/usr/bin/ceph: stderr
2024-03-28T22:46:12.883+0000 7f2fab028700 1 -- 172.21.15.50:0/462363639 --> [v2:172.21.15.50:6800/2116348389,v1:172.21.15.50:6801/2116348389] -- mgr_command(tid 0: {"prefix": "orch host add", "hostname": "smithi050", "addr": "172.21.15.50", "target": ["mon-mgr", ""]}) v1 -- 0x7f2fa4110b10 con 0x7f2f900367e0
2024-03-28T22:46:15.524 INFO:teuthology.orchestra.run.smithi050.stdout:/usr/bin/ceph: stderr
2024-03-28T22:46:14.919+0000 7f2fa17fa700 1 -- 172.21.15.50:0/462363639 <== mgr.14120 v2:172.21.15.50:6800/2116348389 1 ==== mgr_command_reply(tid 0: 0 ) v1 ==== 8+0+48 (secure 0 0 0) 0x7f2fa4110b10 con 0x7f2f900367e0
2024-03-28T22:46:15.524 INFO:teuthology.orchestra.run.smithi050.stdout:/usr/bin/ceph: stderr
2024-03-28T22:46:14.922+0000 7f2fab028700 1 -- 172.21.15.50:0/462363639 >> [v2:172.21.15.50:6800/2116348389,v1:172.21.15.50:6801/2116348389] conn(0x7f2f900367e0 msgr2=0x7f2f90038c90 secure :-1 s=STATE_CONNECTION_ESTABLISHED l=1).mark_down
2024-03-28T22:46:15.524 INFO:teuthology.orchestra.run.smithi050.stdout:/usr/bin/ceph: stderr
2024-03-28T22:46:14.922+0000 7f2fab028700 1 --2- 172.21.15.50:0/462363639 >> [v2:172.21.15.50:6800/2116348389,v1:172.21.15.50:6801/2116348389] conn(0x7f2f900367e0 0x7f2f90038c90 secure :-1 s=READY pgs=11 cs=0 l=1 rev1=1 crypto rx=0x7f2f94009990 tx=0x7f2f94006e40 comp rx=0 tx=0).stop
2024-03-28T22:46:15.524 INFO:teuthology.orchestra.run.smithi050.stdout:/usr/bin/ceph: stderr
2024-03-28T22:46:14.922+0000 7f2fab028700 1 -- 172.21.15.50:0/462363639 >> [v2:172.21.15.50:3300/0,v1:172.21.15.50:6789/0] conn(0x7f2fa4101890 msgr2=0x7f2fa410f470 secure :-1 s=STATE_CONNECTION_ESTABLISHED l=1).mark_down
2024-03-28T22:46:15.525 INFO:teuthology.orchestra.run.smithi050.stdout:/usr/bin/ceph: stderr
2024-03-28T22:46:14.922+0000 7f2fab028700 1 --2- 172.21.15.50:0/462363639 >> [v2:172.21.15.50:3300/0,v1:172.21.15.50:6789/0] conn(0x7f2fa4101890 0x7f2fa410f470 secure :-1 s=READY pgs=46 cs=0 l=1 rev1=1 crypto rx=0x7f2f9c014730 tx=0x7f2f9c00ba50 comp rx=0 tx=0).stop
2024-03-28T22:46:15.525 INFO:teuthology.orchestra.run.smithi050.stdout:/usr/bin/ceph: stderr
2024-03-28T22:46:14.922+0000 7f2fab028700 1 -- 172.21.15.50:0/462363639 shutdown_connections
2024-03-28T22:46:15.525 INFO:teuthology.orchestra.run.smithi050.stdout:/usr/bin/ceph: stderr
2024-03-28T22:46:14.922+0000 7f2fab028700 1 --2- 172.21.15.50:0/462363639 >> [v2:172.21.15.50:6800/2116348389,v1:172.21.15.50:6801/2116348389] conn(0x7f2f900367e0 0x7f2f90038c90 unknown :-1 s=CLOSED pgs=11 cs=0 l=1 rev1=1 crypto rx=0 tx=0 comp rx=0 tx=0).stop
2024-03-28T22:46:15.525 INFO:teuthology.orchestra.run.smithi050.stdout:/usr/bin/ceph: stderr
2024-03-28T22:46:14.922+0000 7f2fab028700 1 --2- 172.21.15.50:0/462363639 >> [v2:172.21.15.50:3300/0,v1:172.21.15.50:6789/0] conn(0x7f2fa4101890 0x7f2fa410f470 unknown :-1 s=CLOSED pgs=46 cs=0 l=1 rev1=1 crypto rx=0 tx=0 comp rx=0 tx=0).stop
2024-03-28T22:46:15.525 INFO:teuthology.orchestra.run.smithi050.stdout:/usr/bin/ceph: stderr
2024-03-28T22:46:14.922+0000 7f2fab028700 1 -- 172.21.15.50:0/462363639 >> 172.21.15.50:0/462363639 conn(0x7f2fa40fd010 msgr2=0x7f2fa4105ce0 unknown :-1 s=STATE_NONE l=0).mark_down
2024-03-28T22:46:15.525 INFO:teuthology.orchestra.run.smithi050.stdout:/usr/bin/ceph: stderr
2024-03-28T22:46:14.922+0000 7f2fab028700 1 -- 172.21.15.50:0/462363639 shutdown_connections
2024-03-28T22:46:15.526 INFO:teuthology.orchestra.run.smithi050.stdout:/usr/bin/ceph: stderr
2024-03-28T22:46:14.922+0000 7f2fab028700 1 -- 172.21.15.50:0/462363639 wait complete.
2024-03-28T22:46:15.526 INFO:teuthology.orchestra.run.smithi050.stdout:Deploying mon service with default placement...
2024-03-28T22:46:16.081 INFO:journalctl@ceph.mon.smithi050.smithi050.stdout:Mar 28 22:46:15 smithi050 ceph-mon[29294]: from='mgr.14120 172.21.15.50:0/551650774' entity='mgr.smithi050.ogxclx'
2024-03-28T22:46:16.081 INFO:journalctl@ceph.mon.smithi050.smithi050.stdout:Mar 28 22:46:15 smithi050 ceph-mon[29294]: Added host smithi050
2024-03-28T22:46:16.081 INFO:journalctl@ceph.mon.smithi050.smithi050.stdout:Mar 28 22:46:15 smithi050 ceph-mon[29294]: from='mgr.14120 172.21.15.50:0/551650774' entity='mgr.smithi050.ogxclx' cmd=[{"prefix": "config dump", "format": "json"}]: dispatch
2024-03-28T22:46:16.889 INFO:teuthology.orchestra.run.smithi050.stdout:/usr/bin/ceph: stdout Scheduled mon update...
2024-03-28T22:46:16.889 INFO:teuthology.orchestra.run.smithi050.stdout:/usr/bin/ceph: stderr
2024-03-28T22:46:15.907+0000 7f8f28971700 1 Processor -- start
2024-03-28T22:46:16.889 INFO:teuthology.orchestra.run.smithi050.stdout:/usr/bin/ceph: stderr
2024-03-28T22:46:15.907+0000 7f8f28971700 1 -- start start
2024-03-28T22:46:16.889 INFO:teuthology.orchestra.run.smithi050.stdout:/usr/bin/ceph: stderr
2024-03-28T22:46:15.908+0000 7f8f28971700 1 --2- >> [v2:172.21.15.50:3300/0,v1:172.21.15.50:6789/0] conn(0x7f8f24071260 0x7f8f241054f0 unknown :-1 s=NONE pgs=0 cs=0 l=0 rev1=0 crypto rx=0 tx=0 comp rx=0 tx=0).connect
2024-03-28T22:46:16.889 INFO:teuthology.orchestra.run.smithi050.stdout:/usr/bin/ceph: stderr
2024-03-28T22:46:15.908+0000 7f8f28971700 1 -- --> [v2:172.21.15.50:3300/0,v1:172.21.15.50:6789/0] -- mon_getmap magic: 0 v1 -- 0x7f8f24071670 con 0x7f8f24071260
2024-03-28T22:46:16.889 INFO:teuthology.orchestra.run.smithi050.stdout:/usr/bin/ceph: stderr
2024-03-28T22:46:15.908+0000 7f8f2259c700 1 --2- >> [v2:172.21.15.50:3300/0,v1:172.21.15.50:6789/0] conn(0x7f8f24071260 0x7f8f241054f0 unknown :-1 s=BANNER_CONNECTING pgs=0 cs=0 l=0 rev1=0 crypto rx=0 tx=0 comp rx=0 tx=0)._handle_peer_banner_payload supported=3 required=0
2024-03-28T22:46:16.889 INFO:teuthology.orchestra.run.smithi050.stdout:/usr/bin/ceph: stderr
2024-03-28T22:46:15.908+0000 7f8f2259c700 1 --2- >> [v2:172.21.15.50:3300/0,v1:172.21.15.50:6789/0] conn(0x7f8f24071260 0x7f8f241054f0 unknown :-1 s=HELLO_CONNECTING pgs=0 cs=0 l=0 rev1=1 crypto rx=0 tx=0 comp rx=0 tx=0).handle_hello peer v2:172.21.15.50:3300/0 says I am v2:172.21.15.50:58474/0 (socket says 172.21.15.50:58474)
2024-03-28T22:46:16.889 INFO:teuthology.orchestra.run.smithi050.stdout:/usr/bin/ceph: stderr
2024-03-28T22:46:15.908+0000 7f8f2259c700 1 -- 172.21.15.50:0/3216764864 learned_addr learned my addr 172.21.15.50:0/3216764864 (peer_addr_for_me v2:172.21.15.50:0/0)
2024-03-28T22:46:16.890 INFO:teuthology.orchestra.run.smithi050.stdout:/usr/bin/ceph: stderr
2024-03-28T22:46:15.908+0000 7f8f2259c700 1 -- 172.21.15.50:0/3216764864 --> [v2:172.21.15.50:3300/0,v1:172.21.15.50:6789/0] -- mon_subscribe({config=0+,monmap=0+}) v3 -- 0x7f8f24105a30 con 0x7f8f24071260
2024-03-28T22:46:16.890 INFO:teuthology.orchestra.run.smithi050.stdout:/usr/bin/ceph: stderr
2024-03-28T22:46:15.909+0000 7f8f2259c700 1 --2- 172.21.15.50:0/3216764864 >> [v2:172.21.15.50:3300/0,v1:172.21.15.50:6789/0] conn(0x7f8f24071260 0x7f8f241054f0 secure :-1 s=READY pgs=47 cs=0 l=1 rev1=1 crypto rx=0x7f8f140098e0 tx=0x7f8f14009250 comp rx=0 tx=0).ready entity=mon.0 client_cookie=6d80f33d23c03f33 server_cookie=0 in_seq=0 out_seq=0
2024-03-28T22:46:16.890 INFO:teuthology.orchestra.run.smithi050.stdout:/usr/bin/ceph: stderr
2024-03-28T22:46:15.909+0000 7f8f2159a700 1 -- 172.21.15.50:0/3216764864 <== mon.0 v2:172.21.15.50:3300/0 1 ==== mon_map magic: 0 v1 ==== 229+0+0 (secure 0 0 0) 0x7f8f1400b860 con 0x7f8f24071260
2024-03-28T22:46:16.890 INFO:teuthology.orchestra.run.smithi050.stdout:/usr/bin/ceph: stderr
2024-03-28T22:46:15.909+0000 7f8f2159a700 1 -- 172.21.15.50:0/3216764864 <== mon.0 v2:172.21.15.50:3300/0 2 ==== config(27 keys) v1 ==== 1044+0+0 (secure 0 0 0) 0x7f8f1400be50 con 0x7f8f24071260
2024-03-28T22:46:16.890 INFO:teuthology.orchestra.run.smithi050.stdout:/usr/bin/ceph: stderr
2024-03-28T22:46:15.909+0000 7f8f2159a700 1 -- 172.21.15.50:0/3216764864 <== mon.0 v2:172.21.15.50:3300/0 3 ==== mon_map magic: 0 v1 ==== 229+0+0 (secure 0 0 0) 0x7f8f14010380 con 0x7f8f24071260
2024-03-28T22:46:16.890 INFO:teuthology.orchestra.run.smithi050.stdout:/usr/bin/ceph: stderr
2024-03-28T22:46:15.910+0000 7f8f28971700 1 -- 172.21.15.50:0/3216764864 >> [v2:172.21.15.50:3300/0,v1:172.21.15.50:6789/0] conn(0x7f8f24071260 msgr2=0x7f8f241054f0 secure :-1 s=STATE_CONNECTION_ESTABLISHED l=1).mark_down
2024-03-28T22:46:16.890 INFO:teuthology.orchestra.run.smithi050.stdout:/usr/bin/ceph: stderr
2024-03-28T22:46:15.910+0000 7f8f28971700 1 --2- 172.21.15.50:0/3216764864 >> [v2:172.21.15.50:3300/0,v1:172.21.15.50:6789/0] conn(0x7f8f24071260 0x7f8f241054f0 secure :-1 s=READY pgs=47 cs=0 l=1 rev1=1 crypto rx=0x7f8f140098e0 tx=0x7f8f14009250 comp rx=0 tx=0).stop
2024-03-28T22:46:16.890 INFO:teuthology.orchestra.run.smithi050.stdout:/usr/bin/ceph: stderr
2024-03-28T22:46:15.910+0000 7f8f28971700 1 -- 172.21.15.50:0/3216764864 shutdown_connections
2024-03-28T22:46:16.890 INFO:teuthology.orchestra.run.smithi050.stdout:/usr/bin/ceph: stderr
2024-03-28T22:46:15.910+0000 7f8f28971700 1 --2- 172.21.15.50:0/3216764864 >> [v2:172.21.15.50:3300/0,v1:172.21.15.50:6789/0] conn(0x7f8f24071260 0x7f8f241054f0 unknown :-1 s=CLOSED pgs=47 cs=0 l=1 rev1=1 crypto rx=0 tx=0 comp rx=0 tx=0).stop
2024-03-28T22:46:16.890 INFO:teuthology.orchestra.run.smithi050.stdout:/usr/bin/ceph: stderr
2024-03-28T22:46:15.910+0000 7f8f28971700 1 -- 172.21.15.50:0/3216764864 >> 172.21.15.50:0/3216764864 conn(0x7f8f240fcf40 msgr2=0x7f8f240ff350 unknown :-1 s=STATE_NONE l=0).mark_down
2024-03-28T22:46:16.890 INFO:teuthology.orchestra.run.smithi050.stdout:/usr/bin/ceph: stderr
2024-03-28T22:46:15.910+0000 7f8f28971700 1 -- 172.21.15.50:0/3216764864 shutdown_connections
2024-03-28T22:46:16.890 INFO:teuthology.orchestra.run.smithi050.stdout:/usr/bin/ceph: stderr
2024-03-28T22:46:15.910+0000 7f8f28971700 1 -- 172.21.15.50:0/3216764864 wait complete.
2024-03-28T22:46:16.890 INFO:teuthology.orchestra.run.smithi050.stdout:/usr/bin/ceph: stderr
2024-03-28T22:46:15.911+0000 7f8f28971700 1 Processor -- start
2024-03-28T22:46:16.890 INFO:teuthology.orchestra.run.smithi050.stdout:/usr/bin/ceph: stderr
2024-03-28T22:46:15.911+0000 7f8f28971700 1 -- start start
2024-03-28T22:46:16.891 INFO:teuthology.orchestra.run.smithi050.stdout:/usr/bin/ceph: stderr
2024-03-28T22:46:15.911+0000 7f8f28971700 1 --2- >> [v2:172.21.15.50:3300/0,v1:172.21.15.50:6789/0] conn(0x7f8f24071260 0x7f8f241116b0 unknown :-1 s=NONE pgs=0 cs=0 l=1 rev1=0 crypto rx=0 tx=0 comp rx=0 tx=0).connect
2024-03-28T22:46:16.891 INFO:teuthology.orchestra.run.smithi050.stdout:/usr/bin/ceph: stderr
2024-03-28T22:46:15.911+0000 7f8f28971700 1 -- --> [v2:172.21.15.50:3300/0,v1:172.21.15.50:6789/0] -- mon_getmap magic: 0 v1 -- 0x7f8f24111bf0 con 0x7f8f24071260
2024-03-28T22:46:16.891 INFO:teuthology.orchestra.run.smithi050.stdout:/usr/bin/ceph: stderr
2024-03-28T22:46:15.911+0000 7f8f2259c700 1 --2- >> [v2:172.21.15.50:3300/0,v1:172.21.15.50:6789/0] conn(0x7f8f24071260 0x7f8f241116b0 unknown :-1 s=BANNER_CONNECTING pgs=0 cs=0 l=1 rev1=0 crypto rx=0 tx=0 comp rx=0 tx=0)._handle_peer_banner_payload supported=3 required=0
2024-03-28T22:46:16.891 INFO:teuthology.orchestra.run.smithi050.stdout:/usr/bin/ceph: stderr
2024-03-28T22:46:15.911+0000 7f8f2259c700 1 --2- >> [v2:172.21.15.50:3300/0,v1:172.21.15.50:6789/0] conn(0x7f8f24071260 0x7f8f241116b0 unknown :-1 s=HELLO_CONNECTING pgs=0 cs=0 l=1 rev1=1 crypto rx=0 tx=0 comp rx=0 tx=0).handle_hello peer v2:172.21.15.50:3300/0 says I am v2:172.21.15.50:58486/0 (socket says 172.21.15.50:58486)
2024-03-28T22:46:16.891 INFO:teuthology.orchestra.run.smithi050.stdout:/usr/bin/ceph: stderr
2024-03-28T22:46:15.911+0000 7f8f2259c700 1 -- 172.21.15.50:0/3727332268 learned_addr learned my addr 172.21.15.50:0/3727332268 (peer_addr_for_me v2:172.21.15.50:0/0)
2024-03-28T22:46:16.891 INFO:teuthology.orchestra.run.smithi050.stdout:/usr/bin/ceph: stderr
2024-03-28T22:46:15.911+0000 7f8f2259c700 1 -- 172.21.15.50:0/3727332268 --> [v2:172.21.15.50:3300/0,v1:172.21.15.50:6789/0] -- mon_subscribe({config=0+,monmap=0+}) v3 -- 0x7f8f140094f0 con 0x7f8f24071260
2024-03-28T22:46:16.891 INFO:teuthology.orchestra.run.smithi050.stdout:/usr/bin/ceph: stderr
2024-03-28T22:46:15.912+0000 7f8f2259c700 1 --2- 172.21.15.50:0/3727332268 >> [v2:172.21.15.50:3300/0,v1:172.21.15.50:6789/0] conn(0x7f8f24071260 0x7f8f241116b0 secure :-1 s=READY pgs=48 cs=0 l=1 rev1=1 crypto rx=0x7f8f14011bd0 tx=0x7f8f14009250 comp rx=0 tx=0).ready entity=mon.0 client_cookie=0 server_cookie=0 in_seq=0 out_seq=0
2024-03-28T22:46:16.891 INFO:teuthology.orchestra.run.smithi050.stdout:/usr/bin/ceph: stderr
2024-03-28T22:46:15.912+0000 7f8f12ffd700 1 -- 172.21.15.50:0/3727332268 <== mon.0 v2:172.21.15.50:3300/0 1 ==== mon_map magic: 0 v1 ==== 229+0+0 (secure 0 0 0) 0x7f8f1401a7a0 con 0x7f8f24071260
2024-03-28T22:46:16.891 INFO:teuthology.orchestra.run.smithi050.stdout:/usr/bin/ceph: stderr
2024-03-28T22:46:15.912+0000 7f8f12ffd700 1 -- 172.21.15.50:0/3727332268 <== mon.0 v2:172.21.15.50:3300/0 2 ==== config(27 keys) v1 ==== 1044+0+0 (secure 0 0 0) 0x7f8f1401ad90 con 0x7f8f24071260
2024-03-28T22:46:16.891 INFO:teuthology.orchestra.run.smithi050.stdout:/usr/bin/ceph: stderr
2024-03-28T22:46:15.912+0000 7f8f28971700 1 -- 172.21.15.50:0/3727332268 --> [v2:172.21.15.50:3300/0,v1:172.21.15.50:6789/0] -- mon_subscribe({mgrmap=0+}) v3 -- 0x7f8f24111df0 con 0x7f8f24071260
2024-03-28T22:46:16.891 INFO:teuthology.orchestra.run.smithi050.stdout:/usr/bin/ceph: stderr
2024-03-28T22:46:15.912+0000 7f8f12ffd700 1 -- 172.21.15.50:0/3727332268 <== mon.0 v2:172.21.15.50:3300/0 3 ==== mon_map magic: 0 v1 ==== 229+0+0 (secure 0 0 0) 0x7f8f14024de0 con 0x7f8f24071260
2024-03-28T22:46:16.891 INFO:teuthology.orchestra.run.smithi050.stdout:/usr/bin/ceph: stderr
2024-03-28T22:46:15.912+0000 7f8f28971700 1 -- 172.21.15.50:0/3727332268 --> [v2:172.21.15.50:3300/0,v1:172.21.15.50:6789/0] -- mon_subscribe({osdmap=0}) v3 -- 0x7f8f24112960 con 0x7f8f24071260
2024-03-28T22:46:16.891 INFO:teuthology.orchestra.run.smithi050.stdout:/usr/bin/ceph: stderr
2024-03-28T22:46:15.913+0000 7f8f12ffd700 1 -- 172.21.15.50:0/3727332268 <== mon.0 v2:172.21.15.50:3300/0 4 ==== mgrmap(e 8) v1 ==== 43368+0+0 (secure 0 0 0) 0x7f8f1402e440 con 0x7f8f24071260
2024-03-28T22:46:16.891 INFO:teuthology.orchestra.run.smithi050.stdout:/usr/bin/ceph: stderr
2024-03-28T22:46:15.913+0000 7f8f28971700 1 -- 172.21.15.50:0/3727332268 --> [v2:172.21.15.50:3300/0,v1:172.21.15.50:6789/0] -- mon_command({"prefix": "get_command_descriptions"} v 0) v1 -- 0x7f8f2404bed0 con 0x7f8f24071260
2024-03-28T22:46:16.891 INFO:teuthology.orchestra.run.smithi050.stdout:/usr/bin/ceph: stderr
