2024-03-28T22:45:53.071+0000 7f62fb7fe700 1 --2- 172.21.15.50:0/408308770 >> [v2:172.21.15.50:3300/0,v1:172.21.15.50:6789/0] conn(0x7f62fc102970 0x7f62fc111720 secure :-1 s=READY pgs=17 cs=0 l=1 rev1=1 crypto rx=0x7f62ec00ba90 tx=0x7f62ec009250 comp rx=0 tx=0).ready entity=mon.0 client_cookie=0 server_cookie=0 in_seq=0 out_seq=0
2024-03-28T22:45:53.669 INFO:teuthology.orchestra.run.smithi050.stdout:/usr/bin/ceph: stderr
2024-03-28T22:45:53.071+0000 7f62e3fff700 1 -- 172.21.15.50:0/408308770 <== mon.0 v2:172.21.15.50:3300/0 1 ==== mon_map magic: 0 v1 ==== 229+0+0 (secure 0 0 0) 0x7f62ec0107c0 con 0x7f62fc102970
2024-03-28T22:45:53.669 INFO:teuthology.orchestra.run.smithi050.stdout:/usr/bin/ceph: stderr
2024-03-28T22:45:53.072+0000 7f62e3fff700 1 -- 172.21.15.50:0/408308770 <== mon.0 v2:172.21.15.50:3300/0 2 ==== config(27 keys) v1 ==== 1044+0+0 (secure 0 0 0) 0x7f62ec010db0 con 0x7f62fc102970
2024-03-28T22:45:53.669 INFO:teuthology.orchestra.run.smithi050.stdout:/usr/bin/ceph: stderr
2024-03-28T22:45:53.072+0000 7f6301cdd700 1 -- 172.21.15.50:0/408308770 --> [v2:172.21.15.50:3300/0,v1:172.21.15.50:6789/0] -- mon_subscribe({mgrmap=0+}) v3 -- 0x7f62fc111e60 con 0x7f62fc102970
2024-03-28T22:45:53.669 INFO:teuthology.orchestra.run.smithi050.stdout:/usr/bin/ceph: stderr
2024-03-28T22:45:53.072+0000 7f62e3fff700 1 -- 172.21.15.50:0/408308770 <== mon.0 v2:172.21.15.50:3300/0 3 ==== mon_map magic: 0 v1 ==== 229+0+0 (secure 0 0 0) 0x7f62ec01add0 con 0x7f62fc102970
2024-03-28T22:45:53.669 INFO:teuthology.orchestra.run.smithi050.stdout:/usr/bin/ceph: stderr
2024-03-28T22:45:53.072+0000 7f6301cdd700 1 -- 172.21.15.50:0/408308770 --> [v2:172.21.15.50:3300/0,v1:172.21.15.50:6789/0] -- mon_subscribe({osdmap=0}) v3 -- 0x7f62fc1129d0 con 0x7f62fc102970
2024-03-28T22:45:53.669 INFO:teuthology.orchestra.run.smithi050.stdout:/usr/bin/ceph: stderr
2024-03-28T22:45:53.072+0000 7f62e3fff700 1 -- 172.21.15.50:0/408308770 <== mon.0 v2:172.21.15.50:3300/0 4 ==== mgrmap(e 2) v1 ==== 43124+0+0 (secure 0 0 0) 0x7f62ec010920 con 0x7f62fc102970
2024-03-28T22:45:53.669 INFO:teuthology.orchestra.run.smithi050.stdout:/usr/bin/ceph: stderr
2024-03-28T22:45:53.073+0000 7f6301cdd700 1 -- 172.21.15.50:0/408308770 --> [v2:172.21.15.50:3300/0,v1:172.21.15.50:6789/0] -- mon_command({"prefix": "get_command_descriptions"} v 0) v1 -- 0x7f62fc05f5f0 con 0x7f62fc102970
2024-03-28T22:45:53.669 INFO:teuthology.orchestra.run.smithi050.stdout:/usr/bin/ceph: stderr
2024-03-28T22:45:53.073+0000 7f62e3fff700 1 -- 172.21.15.50:0/408308770 <== mon.0 v2:172.21.15.50:3300/0 5 ==== osd_map(1..1 src has 1..1) v4 ==== 721+0+0 (secure 0 0 0) 0x7f62ec04a140 con 0x7f62fc102970
2024-03-28T22:45:53.669 INFO:teuthology.orchestra.run.smithi050.stdout:/usr/bin/ceph: stderr
2024-03-28T22:45:53.075+0000 7f62e3fff700 1 -- 172.21.15.50:0/408308770 <== mon.0 v2:172.21.15.50:3300/0 6 ==== mon_command_ack([{"prefix": "get_command_descriptions"}]=0 v0) v1 ==== 72+0+71349 (secure 0 0 0) 0x7f62ec01a430 con 0x7f62fc102970
2024-03-28T22:45:53.669 INFO:teuthology.orchestra.run.smithi050.stdout:/usr/bin/ceph: stderr
2024-03-28T22:45:53.148+0000 7f6301cdd700 1 -- 172.21.15.50:0/408308770 --> [v2:172.21.15.50:3300/0,v1:172.21.15.50:6789/0] -- mon_command({"prefix": "status", "format": "json-pretty"} v 0) v1 -- 0x7f62fc04bed0 con 0x7f62fc102970
2024-03-28T22:45:53.669 INFO:teuthology.orchestra.run.smithi050.stdout:/usr/bin/ceph: stderr
2024-03-28T22:45:53.148+0000 7f62e3fff700 1 -- 172.21.15.50:0/408308770 <== mon.0 v2:172.21.15.50:3300/0 7 ==== mon_command_ack([{"prefix": "status", "format": "json-pretty"}]=0 v0) v1 ==== 79+0+1248 (secure 0 0 0) 0x7f62ec018350 con 0x7f62fc102970
2024-03-28T22:45:53.670 INFO:teuthology.orchestra.run.smithi050.stdout:/usr/bin/ceph: stderr
2024-03-28T22:45:53.149+0000 7f6301cdd700 1 -- 172.21.15.50:0/408308770 >> [v2:172.21.15.50:3300/0,v1:172.21.15.50:6789/0] conn(0x7f62fc102970 msgr2=0x7f62fc111720 secure :-1 s=STATE_CONNECTION_ESTABLISHED l=1).mark_down
2024-03-28T22:45:53.670 INFO:teuthology.orchestra.run.smithi050.stdout:/usr/bin/ceph: stderr
2024-03-28T22:45:53.149+0000 7f6301cdd700 1 --2- 172.21.15.50:0/408308770 >> [v2:172.21.15.50:3300/0,v1:172.21.15.50:6789/0] conn(0x7f62fc102970 0x7f62fc111720 secure :-1 s=READY pgs=17 cs=0 l=1 rev1=1 crypto rx=0x7f62ec00ba90 tx=0x7f62ec009250 comp rx=0 tx=0).stop
2024-03-28T22:45:53.670 INFO:teuthology.orchestra.run.smithi050.stdout:/usr/bin/ceph: stderr
2024-03-28T22:45:53.149+0000 7f6301cdd700 1 -- 172.21.15.50:0/408308770 shutdown_connections
2024-03-28T22:45:53.670 INFO:teuthology.orchestra.run.smithi050.stdout:/usr/bin/ceph: stderr
2024-03-28T22:45:53.149+0000 7f6301cdd700 1 --2- 172.21.15.50:0/408308770 >> [v2:172.21.15.50:3300/0,v1:172.21.15.50:6789/0] conn(0x7f62fc102970 0x7f62fc111720 unknown :-1 s=CLOSED pgs=17 cs=0 l=1 rev1=1 crypto rx=0 tx=0 comp rx=0 tx=0).stop
2024-03-28T22:45:53.670 INFO:teuthology.orchestra.run.smithi050.stdout:/usr/bin/ceph: stderr
2024-03-28T22:45:53.149+0000 7f6301cdd700 1 -- 172.21.15.50:0/408308770 >> 172.21.15.50:0/408308770 conn(0x7f62fc0fe090 msgr2=0x7f62fc0fec70 unknown :-1 s=STATE_NONE l=0).mark_down
2024-03-28T22:45:53.670 INFO:teuthology.orchestra.run.smithi050.stdout:/usr/bin/ceph: stderr
2024-03-28T22:45:53.149+0000 7f6301cdd700 1 -- 172.21.15.50:0/408308770 shutdown_connections
2024-03-28T22:45:53.670 INFO:teuthology.orchestra.run.smithi050.stdout:/usr/bin/ceph: stderr
2024-03-28T22:45:53.149+0000 7f6301cdd700 1 -- 172.21.15.50:0/408308770 wait complete.
2024-03-28T22:45:53.670 INFO:teuthology.orchestra.run.smithi050.stdout:mgr not available, waiting (3/15)...
2024-03-28T22:45:54.331 INFO:journalctl@ceph.mon.smithi050.smithi050.stdout:Mar 28 22:45:53 smithi050 ceph-mon[29294]: from='client.? 172.21.15.50:0/408308770' entity='client.admin' cmd=[{"prefix": "status", "format": "json-pretty"}]: dispatch
2024-03-28T22:45:54.331 INFO:journalctl@ceph.mon.smithi050.smithi050.stdout:Mar 28 22:45:53 smithi050 ceph-mon[29294]: mgrmap e3: smithi050.ogxclx(active, since 1.00649s)
2024-03-28T22:45:56.027 INFO:journalctl@ceph.mon.smithi050.smithi050.stdout:Mar 28 22:45:55 smithi050 ceph-mon[29294]: mgrmap e4: smithi050.ogxclx(active, since 2s)
2024-03-28T22:45:56.860 INFO:teuthology.orchestra.run.smithi050.stdout:/usr/bin/ceph: stdout
2024-03-28T22:45:56.860 INFO:teuthology.orchestra.run.smithi050.stdout:/usr/bin/ceph: stdout {
2024-03-28T22:45:56.860 INFO:teuthology.orchestra.run.smithi050.stdout:/usr/bin/ceph: stdout "fsid": "c46f9b76-ed54-11ee-95d0-87774f69a715",
2024-03-28T22:45:56.861 INFO:teuthology.orchestra.run.smithi050.stdout:/usr/bin/ceph: stdout "health": {
2024-03-28T22:45:56.861 INFO:teuthology.orchestra.run.smithi050.stdout:/usr/bin/ceph: stdout "status": "HEALTH_OK",
2024-03-28T22:45:56.861 INFO:teuthology.orchestra.run.smithi050.stdout:/usr/bin/ceph: stdout "checks": {},
2024-03-28T22:45:56.861 INFO:teuthology.orchestra.run.smithi050.stdout:/usr/bin/ceph: stdout "mutes": []
2024-03-28T22:45:56.861 INFO:teuthology.orchestra.run.smithi050.stdout:/usr/bin/ceph: stdout },
2024-03-28T22:45:56.861 INFO:teuthology.orchestra.run.smithi050.stdout:/usr/bin/ceph: stdout "election_epoch": 5,
2024-03-28T22:45:56.861 INFO:teuthology.orchestra.run.smithi050.stdout:/usr/bin/ceph: stdout "quorum": [
2024-03-28T22:45:56.861 INFO:teuthology.orchestra.run.smithi050.stdout:/usr/bin/ceph: stdout 0
2024-03-28T22:45:56.861 INFO:teuthology.orchestra.run.smithi050.stdout:/usr/bin/ceph: stdout ],
2024-03-28T22:45:56.861 INFO:teuthology.orchestra.run.smithi050.stdout:/usr/bin/ceph: stdout "quorum_names": [
2024-03-28T22:45:56.861 INFO:teuthology.orchestra.run.smithi050.stdout:/usr/bin/ceph: stdout "smithi050"
2024-03-28T22:45:56.861 INFO:teuthology.orchestra.run.smithi050.stdout:/usr/bin/ceph: stdout ],
2024-03-28T22:45:56.861 INFO:teuthology.orchestra.run.smithi050.stdout:/usr/bin/ceph: stdout "quorum_age": 12,
2024-03-28T22:45:56.861 INFO:teuthology.orchestra.run.smithi050.stdout:/usr/bin/ceph: stdout "monmap": {
2024-03-28T22:45:56.861 INFO:teuthology.orchestra.run.smithi050.stdout:/usr/bin/ceph: stdout "epoch": 1,
2024-03-28T22:45:56.862 INFO:teuthology.orchestra.run.smithi050.stdout:/usr/bin/ceph: stdout "min_mon_release_name": "quincy",
2024-03-28T22:45:56.862 INFO:teuthology.orchestra.run.smithi050.stdout:/usr/bin/ceph: stdout "num_mons": 1
2024-03-28T22:45:56.862 INFO:teuthology.orchestra.run.smithi050.stdout:/usr/bin/ceph: stdout },
2024-03-28T22:45:56.862 INFO:teuthology.orchestra.run.smithi050.stdout:/usr/bin/ceph: stdout "osdmap": {
2024-03-28T22:45:56.862 INFO:teuthology.orchestra.run.smithi050.stdout:/usr/bin/ceph: stdout "epoch": 1,
2024-03-28T22:45:56.862 INFO:teuthology.orchestra.run.smithi050.stdout:/usr/bin/ceph: stdout "num_osds": 0,
2024-03-28T22:45:56.862 INFO:teuthology.orchestra.run.smithi050.stdout:/usr/bin/ceph: stdout "num_up_osds": 0,
2024-03-28T22:45:56.862 INFO:teuthology.orchestra.run.smithi050.stdout:/usr/bin/ceph: stdout "osd_up_since": 0,
2024-03-28T22:45:56.871 INFO:teuthology.orchestra.run.smithi050.stdout:/usr/bin/ceph: stdout "num_in_osds": 0,
2024-03-28T22:45:56.871 INFO:teuthology.orchestra.run.smithi050.stdout:/usr/bin/ceph: stdout "osd_in_since": 0,
2024-03-28T22:45:56.871 INFO:teuthology.orchestra.run.smithi050.stdout:/usr/bin/ceph: stdout "num_remapped_pgs": 0
2024-03-28T22:45:56.871 INFO:teuthology.orchestra.run.smithi050.stdout:/usr/bin/ceph: stdout },
2024-03-28T22:45:56.871 INFO:teuthology.orchestra.run.smithi050.stdout:/usr/bin/ceph: stdout "pgmap": {
2024-03-28T22:45:56.871 INFO:teuthology.orchestra.run.smithi050.stdout:/usr/bin/ceph: stdout "pgs_by_state": [],
2024-03-28T22:45:56.871 INFO:teuthology.orchestra.run.smithi050.stdout:/usr/bin/ceph: stdout "num_pgs": 0,
2024-03-28T22:45:56.871 INFO:teuthology.orchestra.run.smithi050.stdout:/usr/bin/ceph: stdout "num_pools": 0,
2024-03-28T22:45:56.871 INFO:teuthology.orchestra.run.smithi050.stdout:/usr/bin/ceph: stdout "num_objects": 0,
2024-03-28T22:45:56.871 INFO:teuthology.orchestra.run.smithi050.stdout:/usr/bin/ceph: stdout "data_bytes": 0,
2024-03-28T22:45:56.871 INFO:teuthology.orchestra.run.smithi050.stdout:/usr/bin/ceph: stdout "bytes_used": 0,
2024-03-28T22:45:56.871 INFO:teuthology.orchestra.run.smithi050.stdout:/usr/bin/ceph: stdout "bytes_avail": 0,
2024-03-28T22:45:56.872 INFO:teuthology.orchestra.run.smithi050.stdout:/usr/bin/ceph: stdout "bytes_total": 0
2024-03-28T22:45:56.872 INFO:teuthology.orchestra.run.smithi050.stdout:/usr/bin/ceph: stdout },
2024-03-28T22:45:56.872 INFO:teuthology.orchestra.run.smithi050.stdout:/usr/bin/ceph: stdout "fsmap": {
2024-03-28T22:45:56.872 INFO:teuthology.orchestra.run.smithi050.stdout:/usr/bin/ceph: stdout "epoch": 1,
2024-03-28T22:45:56.872 INFO:teuthology.orchestra.run.smithi050.stdout:/usr/bin/ceph: stdout "by_rank": [],
2024-03-28T22:45:56.872 INFO:teuthology.orchestra.run.smithi050.stdout:/usr/bin/ceph: stdout "up:standby": 0
2024-03-28T22:45:56.872 INFO:teuthology.orchestra.run.smithi050.stdout:/usr/bin/ceph: stdout },
2024-03-28T22:45:56.872 INFO:teuthology.orchestra.run.smithi050.stdout:/usr/bin/ceph: stdout "mgrmap": {
2024-03-28T22:45:56.872 INFO:teuthology.orchestra.run.smithi050.stdout:/usr/bin/ceph: stdout "available": true,
2024-03-28T22:45:56.872 INFO:teuthology.orchestra.run.smithi050.stdout:/usr/bin/ceph: stdout "num_standbys": 0,
2024-03-28T22:45:56.872 INFO:teuthology.orchestra.run.smithi050.stdout:/usr/bin/ceph: stdout "modules": [
2024-03-28T22:45:56.872 INFO:teuthology.orchestra.run.smithi050.stdout:/usr/bin/ceph: stdout "iostat",
2024-03-28T22:45:56.872 INFO:teuthology.orchestra.run.smithi050.stdout:/usr/bin/ceph: stdout "nfs",
2024-03-28T22:45:56.872 INFO:teuthology.orchestra.run.smithi050.stdout:/usr/bin/ceph: stdout "restful"
2024-03-28T22:45:56.872 INFO:teuthology.orchestra.run.smithi050.stdout:/usr/bin/ceph: stdout ],
2024-03-28T22:45:56.873 INFO:teuthology.orchestra.run.smithi050.stdout:/usr/bin/ceph: stdout "services": {}
2024-03-28T22:45:56.873 INFO:teuthology.orchestra.run.smithi050.stdout:/usr/bin/ceph: stdout },
2024-03-28T22:45:56.873 INFO:teuthology.orchestra.run.smithi050.stdout:/usr/bin/ceph: stdout "servicemap": {
2024-03-28T22:45:56.873 INFO:teuthology.orchestra.run.smithi050.stdout:/usr/bin/ceph: stdout "epoch": 1,
2024-03-28T22:45:56.873 INFO:teuthology.orchestra.run.smithi050.stdout:/usr/bin/ceph: stdout "modified": "2024-03-28T22:45:37.490305+0000",
2024-03-28T22:45:56.873 INFO:teuthology.orchestra.run.smithi050.stdout:/usr/bin/ceph: stdout "services": {}
2024-03-28T22:45:56.873 INFO:teuthology.orchestra.run.smithi050.stdout:/usr/bin/ceph: stdout },
2024-03-28T22:45:56.873 INFO:teuthology.orchestra.run.smithi050.stdout:/usr/bin/ceph: stdout "progress_events": {}
2024-03-28T22:45:56.873 INFO:teuthology.orchestra.run.smithi050.stdout:/usr/bin/ceph: stdout }
2024-03-28T22:45:56.873 INFO:teuthology.orchestra.run.smithi050.stdout:/usr/bin/ceph: stderr
2024-03-28T22:45:56.039+0000 7f193f50d700 1 Processor -- start
2024-03-28T22:45:56.873 INFO:teuthology.orchestra.run.smithi050.stdout:/usr/bin/ceph: stderr
2024-03-28T22:45:56.039+0000 7f193f50d700 1 -- start start
2024-03-28T22:45:56.873 INFO:teuthology.orchestra.run.smithi050.stdout:/usr/bin/ceph: stderr
2024-03-28T22:45:56.040+0000 7f193f50d700 1 --2- >> [v2:172.21.15.50:3300/0,v1:172.21.15.50:6789/0] conn(0x7f1938102920 0x7f1938102d30 unknown :-1 s=NONE pgs=0 cs=0 l=0 rev1=0 crypto rx=0 tx=0 comp rx=0 tx=0).connect
2024-03-28T22:45:56.873 INFO:teuthology.orchestra.run.smithi050.stdout:/usr/bin/ceph: stderr
2024-03-28T22:45:56.040+0000 7f193f50d700 1 -- --> [v2:172.21.15.50:3300/0,v1:172.21.15.50:6789/0] -- mon_getmap magic: 0 v1 -- 0x7f1938103270 con 0x7f1938102920
2024-03-28T22:45:56.873 INFO:teuthology.orchestra.run.smithi050.stdout:/usr/bin/ceph: stderr
2024-03-28T22:45:56.040+0000 7f193d2a9700 1 --2- >> [v2:172.21.15.50:3300/0,v1:172.21.15.50:6789/0] conn(0x7f1938102920 0x7f1938102d30 unknown :-1 s=BANNER_CONNECTING pgs=0 cs=0 l=0 rev1=0 crypto rx=0 tx=0 comp rx=0 tx=0)._handle_peer_banner_payload supported=3 required=0
2024-03-28T22:45:56.873 INFO:teuthology.orchestra.run.smithi050.stdout:/usr/bin/ceph: stderr
2024-03-28T22:45:56.040+0000 7f193d2a9700 1 --2- >> [v2:172.21.15.50:3300/0,v1:172.21.15.50:6789/0] conn(0x7f1938102920 0x7f1938102d30 unknown :-1 s=HELLO_CONNECTING pgs=0 cs=0 l=0 rev1=1 crypto rx=0 tx=0 comp rx=0 tx=0).handle_hello peer v2:172.21.15.50:3300/0 says I am v2:172.21.15.50:53274/0 (socket says 172.21.15.50:53274)
2024-03-28T22:45:56.874 INFO:teuthology.orchestra.run.smithi050.stdout:/usr/bin/ceph: stderr
2024-03-28T22:45:56.040+0000 7f193d2a9700 1 -- 172.21.15.50:0/2746296284 learned_addr learned my addr 172.21.15.50:0/2746296284 (peer_addr_for_me v2:172.21.15.50:0/0)
2024-03-28T22:45:56.874 INFO:teuthology.orchestra.run.smithi050.stdout:/usr/bin/ceph: stderr
2024-03-28T22:45:56.040+0000 7f193d2a9700 1 -- 172.21.15.50:0/2746296284 --> [v2:172.21.15.50:3300/0,v1:172.21.15.50:6789/0] -- mon_subscribe({config=0+,monmap=0+}) v3 -- 0x7f19381033b0 con 0x7f1938102920
2024-03-28T22:45:56.874 INFO:teuthology.orchestra.run.smithi050.stdout:/usr/bin/ceph: stderr
2024-03-28T22:45:56.040+0000 7f193d2a9700 1 --2- 172.21.15.50:0/2746296284 >> [v2:172.21.15.50:3300/0,v1:172.21.15.50:6789/0] conn(0x7f1938102920 0x7f1938102d30 secure :-1 s=READY pgs=18 cs=0 l=1 rev1=1 crypto rx=0x7f192c0098e0 tx=0x7f192c009250 comp rx=0 tx=0).ready entity=mon.0 client_cookie=43fc80cd5ce76e97 server_cookie=0 in_seq=0 out_seq=0
2024-03-28T22:45:56.874 INFO:teuthology.orchestra.run.smithi050.stdout:/usr/bin/ceph: stderr
2024-03-28T22:45:56.040+0000 7f192bfff700 1 -- 172.21.15.50:0/2746296284 <== mon.0 v2:172.21.15.50:3300/0 1 ==== mon_map magic: 0 v1 ==== 229+0+0 (secure 0 0 0) 0x7f192c00b860 con 0x7f1938102920
2024-03-28T22:45:56.874 INFO:teuthology.orchestra.run.smithi050.stdout:/usr/bin/ceph: stderr
2024-03-28T22:45:56.040+0000 7f192bfff700 1 -- 172.21.15.50:0/2746296284 <== mon.0 v2:172.21.15.50:3300/0 2 ==== config(27 keys) v1 ==== 1044+0+0 (secure 0 0 0) 0x7f192c00be50 con 0x7f1938102920
2024-03-28T22:45:56.874 INFO:teuthology.orchestra.run.smithi050.stdout:/usr/bin/ceph: stderr
2024-03-28T22:45:56.040+0000 7f192bfff700 1 -- 172.21.15.50:0/2746296284 <== mon.0 v2:172.21.15.50:3300/0 3 ==== mon_map magic: 0 v1 ==== 229+0+0 (secure 0 0 0) 0x7f192c010380 con 0x7f1938102920
2024-03-28T22:45:56.874 INFO:teuthology.orchestra.run.smithi050.stdout:/usr/bin/ceph: stderr
2024-03-28T22:45:56.041+0000 7f193f50d700 1 -- 172.21.15.50:0/2746296284 >> [v2:172.21.15.50:3300/0,v1:172.21.15.50:6789/0] conn(0x7f1938102920 msgr2=0x7f1938102d30 secure :-1 s=STATE_CONNECTION_ESTABLISHED l=1).mark_down
2024-03-28T22:45:56.874 INFO:teuthology.orchestra.run.smithi050.stdout:/usr/bin/ceph: stderr
2024-03-28T22:45:56.041+0000 7f193f50d700 1 --2- 172.21.15.50:0/2746296284 >> [v2:172.21.15.50:3300/0,v1:172.21.15.50:6789/0] conn(0x7f1938102920 0x7f1938102d30 secure :-1 s=READY pgs=18 cs=0 l=1 rev1=1 crypto rx=0x7f192c0098e0 tx=0x7f192c009250 comp rx=0 tx=0).stop
2024-03-28T22:45:56.874 INFO:teuthology.orchestra.run.smithi050.stdout:/usr/bin/ceph: stderr
2024-03-28T22:45:56.041+0000 7f193f50d700 1 -- 172.21.15.50:0/2746296284 shutdown_connections
2024-03-28T22:45:56.874 INFO:teuthology.orchestra.run.smithi050.stdout:/usr/bin/ceph: stderr
2024-03-28T22:45:56.041+0000 7f193f50d700 1 --2- 172.21.15.50:0/2746296284 >> [v2:172.21.15.50:3300/0,v1:172.21.15.50:6789/0] conn(0x7f1938102920 0x7f1938102d30 unknown :-1 s=CLOSED pgs=18 cs=0 l=1 rev1=1 crypto rx=0 tx=0 comp rx=0 tx=0).stop
2024-03-28T22:45:56.874 INFO:teuthology.orchestra.run.smithi050.stdout:/usr/bin/ceph: stderr
2024-03-28T22:45:56.041+0000 7f193f50d700 1 -- 172.21.15.50:0/2746296284 >> 172.21.15.50:0/2746296284 conn(0x7f19380fe0a0 msgr2=0x7f19381004b0 unknown :-1 s=STATE_NONE l=0).mark_down
2024-03-28T22:45:56.874 INFO:teuthology.orchestra.run.smithi050.stdout:/usr/bin/ceph: stderr
2024-03-28T22:45:56.041+0000 7f193f50d700 1 -- 172.21.15.50:0/2746296284 shutdown_connections
2024-03-28T22:45:56.874 INFO:teuthology.orchestra.run.smithi050.stdout:/usr/bin/ceph: stderr
2024-03-28T22:45:56.041+0000 7f193f50d700 1 -- 172.21.15.50:0/2746296284 wait complete.
2024-03-28T22:45:56.874 INFO:teuthology.orchestra.run.smithi050.stdout:/usr/bin/ceph: stderr
2024-03-28T22:45:56.042+0000 7f193f50d700 1 Processor -- start
2024-03-28T22:45:56.874 INFO:teuthology.orchestra.run.smithi050.stdout:/usr/bin/ceph: stderr
2024-03-28T22:45:56.042+0000 7f193f50d700 1 -- start start
2024-03-28T22:45:56.875 INFO:teuthology.orchestra.run.smithi050.stdout:/usr/bin/ceph: stderr
2024-03-28T22:45:56.042+0000 7f193f50d700 1 --2- >> [v2:172.21.15.50:3300/0,v1:172.21.15.50:6789/0] conn(0x7f1938102920 0x7f1938078c40 unknown :-1 s=NONE pgs=0 cs=0 l=1 rev1=0 crypto rx=0 tx=0 comp rx=0 tx=0).connect
2024-03-28T22:45:56.875 INFO:teuthology.orchestra.run.smithi050.stdout:/usr/bin/ceph: stderr
2024-03-28T22:45:56.042+0000 7f193f50d700 1 -- --> [v2:172.21.15.50:3300/0,v1:172.21.15.50:6789/0] -- mon_getmap magic: 0 v1 -- 0x7f1938079180 con 0x7f1938102920
2024-03-28T22:45:56.875 INFO:teuthology.orchestra.run.smithi050.stdout:/usr/bin/ceph: stderr
2024-03-28T22:45:56.042+0000 7f193d2a9700 1 --2- >> [v2:172.21.15.50:3300/0,v1:172.21.15.50:6789/0] conn(0x7f1938102920 0x7f1938078c40 unknown :-1 s=BANNER_CONNECTING pgs=0 cs=0 l=1 rev1=0 crypto rx=0 tx=0 comp rx=0 tx=0)._handle_peer_banner_payload supported=3 required=0
2024-03-28T22:45:56.875 INFO:teuthology.orchestra.run.smithi050.stdout:/usr/bin/ceph: stderr
2024-03-28T22:45:56.042+0000 7f193d2a9700 1 --2- >> [v2:172.21.15.50:3300/0,v1:172.21.15.50:6789/0] conn(0x7f1938102920 0x7f1938078c40 unknown :-1 s=HELLO_CONNECTING pgs=0 cs=0 l=1 rev1=1 crypto rx=0 tx=0 comp rx=0 tx=0).handle_hello peer v2:172.21.15.50:3300/0 says I am v2:172.21.15.50:53280/0 (socket says 172.21.15.50:53280)
2024-03-28T22:45:56.875 INFO:teuthology.orchestra.run.smithi050.stdout:/usr/bin/ceph: stderr
2024-03-28T22:45:56.042+0000 7f193d2a9700 1 -- 172.21.15.50:0/1315581663 learned_addr learned my addr 172.21.15.50:0/1315581663 (peer_addr_for_me v2:172.21.15.50:0/0)
2024-03-28T22:45:56.875 INFO:teuthology.orchestra.run.smithi050.stdout:/usr/bin/ceph: stderr
2024-03-28T22:45:56.042+0000 7f193d2a9700 1 -- 172.21.15.50:0/1315581663 --> [v2:172.21.15.50:3300/0,v1:172.21.15.50:6789/0] -- mon_subscribe({config=0+,monmap=0+}) v3 -- 0x7f192c0094f0 con 0x7f1938102920
2024-03-28T22:45:56.875 INFO:teuthology.orchestra.run.smithi050.stdout:/usr/bin/ceph: stderr
2024-03-28T22:45:56.042+0000 7f193d2a9700 1 --2- 172.21.15.50:0/1315581663 >> [v2:172.21.15.50:3300/0,v1:172.21.15.50:6789/0] conn(0x7f1938102920 0x7f1938078c40 secure :-1 s=READY pgs=19 cs=0 l=1 rev1=1 crypto rx=0x7f192c00b440 tx=0x7f192c009250 comp rx=0 tx=0).ready entity=mon.0 client_cookie=0 server_cookie=0 in_seq=0 out_seq=0
2024-03-28T22:45:56.875 INFO:teuthology.orchestra.run.smithi050.stdout:/usr/bin/ceph: stderr
2024-03-28T22:45:56.042+0000 7f1929ffb700 1 -- 172.21.15.50:0/1315581663 <== mon.0 v2:172.21.15.50:3300/0 1 ==== mon_map magic: 0 v1 ==== 229+0+0 (secure 0 0 0) 0x7f192c010760 con 0x7f1938102920
2024-03-28T22:45:56.875 INFO:teuthology.orchestra.run.smithi050.stdout:/usr/bin/ceph: stderr
2024-03-28T22:45:56.042+0000 7f1929ffb700 1 -- 172.21.15.50:0/1315581663 <== mon.0 v2:172.21.15.50:3300/0 2 ==== config(27 keys) v1 ==== 1044+0+0 (secure 0 0 0) 0x7f192c010d50 con 0x7f1938102920
2024-03-28T22:45:56.875 INFO:teuthology.orchestra.run.smithi050.stdout:/usr/bin/ceph: stderr
2024-03-28T22:45:56.042+0000 7f1929ffb700 1 -- 172.21.15.50:0/1315581663 <== mon.0 v2:172.21.15.50:3300/0 3 ==== mon_map magic: 0 v1 ==== 229+0+0 (secure 0 0 0) 0x7f192c01ae20 con 0x7f1938102920
2024-03-28T22:45:56.875 INFO:teuthology.orchestra.run.smithi050.stdout:/usr/bin/ceph: stderr
2024-03-28T22:45:56.043+0000 7f193f50d700 1 -- 172.21.15.50:0/1315581663 --> [v2:172.21.15.50:3300/0,v1:172.21.15.50:6789/0] -- mon_subscribe({mgrmap=0+}) v3 -- 0x7f19380771f0 con 0x7f1938102920
2024-03-28T22:45:56.875 INFO:teuthology.orchestra.run.smithi050.stdout:/usr/bin/ceph: stderr
2024-03-28T22:45:56.043+0000 7f193f50d700 1 -- 172.21.15.50:0/1315581663 --> [v2:172.21.15.50:3300/0,v1:172.21.15.50:6789/0] -- mon_subscribe({osdmap=0}) v3 -- 0x7f19380776e0 con 0x7f1938102920
2024-03-28T22:45:56.875 INFO:teuthology.orchestra.run.smithi050.stdout:/usr/bin/ceph: stderr
2024-03-28T22:45:56.043+0000 7f1929ffb700 1 -- 172.21.15.50:0/1315581663 <== mon.0 v2:172.21.15.50:3300/0 4 ==== mgrmap(e 4) v1 ==== 43357+0+0 (secure 0 0 0) 0x7f192c0108c0 con 0x7f1938102920
2024-03-28T22:45:56.875 INFO:teuthology.orchestra.run.smithi050.stdout:/usr/bin/ceph: stderr
2024-03-28T22:45:56.044+0000 7f1929ffb700 1 --2- 172.21.15.50:0/1315581663 >> [v2:172.21.15.50:6800/3350969758,v1:172.21.15.50:6801/3350969758] conn(0x7f1924036720 0x7f1924038bd0 unknown :-1 s=NONE pgs=0 cs=0 l=1 rev1=0 crypto rx=0 tx=0 comp rx=0 tx=0).connect
2024-03-28T22:45:56.875 INFO:teuthology.orchestra.run.smithi050.stdout:/usr/bin/ceph: stderr
2024-03-28T22:45:56.044+0000 7f193f50d700 1 -- 172.21.15.50:0/1315581663 --> [v2:172.21.15.50:3300/0,v1:172.21.15.50:6789/0] -- mon_command({"prefix": "get_command_descriptions"} v 0) v1 -- 0x7f193804bed0 con 0x7f1938102920
2024-03-28T22:45:56.876 INFO:teuthology.orchestra.run.smithi050.stdout:/usr/bin/ceph: stderr
2024-03-28T22:45:56.044+0000 7f1929ffb700 1 -- 172.21.15.50:0/1315581663 <== mon.0 v2:172.21.15.50:3300/0 5 ==== osd_map(1..1 src has 1..1) v4 ==== 721+0+0 (secure 0 0 0) 0x7f192c04a550 con 0x7f1938102920
2024-03-28T22:45:56.876 INFO:teuthology.orchestra.run.smithi050.stdout:/usr/bin/ceph: stderr
2024-03-28T22:45:56.044+0000 7f193caa8700 1 --2- 172.21.15.50:0/1315581663 >> [v2:172.21.15.50:6800/3350969758,v1:172.21.15.50:6801/3350969758] conn(0x7f1924036720 0x7f1924038bd0 unknown :-1 s=BANNER_CONNECTING pgs=0 cs=0 l=1 rev1=0 crypto rx=0 tx=0 comp rx=0 tx=0)._handle_peer_banner_payload supported=3 required=0
2024-03-28T22:45:56.876 INFO:teuthology.orchestra.run.smithi050.stdout:/usr/bin/ceph: stderr
2024-03-28T22:45:56.044+0000 7f193caa8700 1 --2- 172.21.15.50:0/1315581663 >> [v2:172.21.15.50:6800/3350969758,v1:172.21.15.50:6801/3350969758] conn(0x7f1924036720 0x7f1924038bd0 secure :-1 s=READY pgs=6 cs=0 l=1 rev1=1 crypto rx=0x7f1934009990 tx=0x7f1934006e40 comp rx=0 tx=0).ready entity=mgr.14100 client_cookie=0 server_cookie=0 in_seq=0 out_seq=0
2024-03-28T22:45:56.876 INFO:teuthology.orchestra.run.smithi050.stdout:/usr/bin/ceph: stderr
2024-03-28T22:45:56.049+0000 7f1929ffb700 1 -- 172.21.15.50:0/1315581663 <== mon.0 v2:172.21.15.50:3300/0 6 ==== mon_command_ack([{"prefix": "get_command_descriptions"}]=0 v0) v1 ==== 72+0+176504 (secure 0 0 0) 0x7f192c02e440 con 0x7f1938102920
2024-03-28T22:45:56.876 INFO:teuthology.orchestra.run.smithi050.stdout:/usr/bin/ceph: stderr
2024-03-28T22:45:56.319+0000 7f193f50d700 1 -- 172.21.15.50:0/1315581663 --> [v2:172.21.15.50:3300/0,v1:172.21.15.50:6789/0] -- mon_command({"prefix": "status", "format": "json-pretty"} v 0) v1 -- 0x7f19381046a0 con 0x7f1938102920
2024-03-28T22:45:56.876 INFO:teuthology.orchestra.run.smithi050.stdout:/usr/bin/ceph: stderr
2024-03-28T22:45:56.320+0000 7f1929ffb700 1 -- 172.21.15.50:0/1315581663 <== mon.0 v2:172.21.15.50:3300/0 7 ==== mon_command_ack([{"prefix": "status", "format": "json-pretty"}]=0 v0) v1 ==== 79+0+1248 (secure 0 0 0) 0x7f192c002000 con 0x7f1938102920
2024-03-28T22:45:56.876 INFO:teuthology.orchestra.run.smithi050.stdout:/usr/bin/ceph: stderr
2024-03-28T22:45:56.323+0000 7f193f50d700 1 -- 172.21.15.50:0/1315581663 >> [v2:172.21.15.50:6800/3350969758,v1:172.21.15.50:6801/3350969758] conn(0x7f1924036720 msgr2=0x7f1924038bd0 secure :-1 s=STATE_CONNECTION_ESTABLISHED l=1).mark_down
2024-03-28T22:45:56.876 INFO:teuthology.orchestra.run.smithi050.stdout:/usr/bin/ceph: stderr
2024-03-28T22:45:56.323+0000 7f193f50d700 1 --2- 172.21.15.50:0/1315581663 >> [v2:172.21.15.50:6800/3350969758,v1:172.21.15.50:6801/3350969758] conn(0x7f1924036720 0x7f1924038bd0 secure :-1 s=READY pgs=6 cs=0 l=1 rev1=1 crypto rx=0x7f1934009990 tx=0x7f1934006e40 comp rx=0 tx=0).stop
2024-03-28T22:45:56.876 INFO:teuthology.orchestra.run.smithi050.stdout:/usr/bin/ceph: stderr
2024-03-28T22:45:56.323+0000 7f193f50d700 1 -- 172.21.15.50:0/1315581663 >> [v2:172.21.15.50:3300/0,v1:172.21.15.50:6789/0] conn(0x7f1938102920 msgr2=0x7f1938078c40 secure :-1 s=STATE_CONNECTION_ESTABLISHED l=1).mark_down
2024-03-28T22:45:56.876 INFO:teuthology.orchestra.run.smithi050.stdout:/usr/bin/ceph: stderr
2024-03-28T22:45:56.323+0000 7f193f50d700 1 --2- 172.21.15.50:0/1315581663 >> [v2:172.21.15.50:3300/0,v1:172.21.15.50:6789/0] conn(0x7f1938102920 0x7f1938078c40 secure :-1 s=READY pgs=19 cs=0 l=1 rev1=1 crypto rx=0x7f192c00b440 tx=0x7f192c009250 comp rx=0 tx=0).stop
2024-03-28T22:45:56.876 INFO:teuthology.orchestra.run.smithi050.stdout:/usr/bin/ceph: stderr
2024-03-28T22:45:56.323+0000 7f193f50d700 1 -- 172.21.15.50:0/1315581663 shutdown_connections
2024-03-28T22:45:56.876 INFO:teuthology.orchestra.run.smithi050.stdout:/usr/bin/ceph: stderr
2024-03-28T22:45:56.323+0000 7f193f50d700 1 --2- 172.21.15.50:0/1315581663 >> [v2:172.21.15.50:6800/3350969758,v1:172.21.15.50:6801/3350969758] conn(0x7f1924036720 0x7f1924038bd0 unknown :-1 s=CLOSED pgs=6 cs=0 l=1 rev1=1 crypto rx=0 tx=0 comp rx=0 tx=0).stop
2024-03-28T22:45:56.876 INFO:teuthology.orchestra.run.smithi050.stdout:/usr/bin/ceph: stderr
2024-03-28T22:45:56.323+0000 7f193f50d700 1 --2- 172.21.15.50:0/1315581663 >> [v2:172.21.15.50:3300/0,v1:172.21.15.50:6789/0] conn(0x7f1938102920 0x7f1938078c40 unknown :-1 s=CLOSED pgs=19 cs=0 l=1 rev1=1 crypto rx=0 tx=0 comp rx=0 tx=0).stop
2024-03-28T22:45:56.876 INFO:teuthology.orchestra.run.smithi050.stdout:/usr/bin/ceph: stderr
2024-03-28T22:45:56.323+0000 7f193f50d700 1 -- 172.21.15.50:0/1315581663 >> 172.21.15.50:0/1315581663 conn(0x7f19380fe0a0 msgr2=0x7f19380fec00 unknown :-1 s=STATE_NONE l=0).mark_down
2024-03-28T22:45:56.876 INFO:teuthology.orchestra.run.smithi050.stdout:/usr/bin/ceph: stderr
2024-03-28T22:45:56.323+0000 7f193f50d700 1 -- 172.21.15.50:0/1315581663 shutdown_connections
2024-03-28T22:45:56.877 INFO:teuthology.orchestra.run.smithi050.stdout:/usr/bin/ceph: stderr
2024-03-28T22:45:56.323+0000 7f193f50d700 1 -- 172.21.15.50:0/1315581663 wait complete.
2024-03-28T22:45:56.877 INFO:teuthology.orchestra.run.smithi050.stdout:mgr is available
2024-03-28T22:45:57.059 INFO:journalctl@ceph.mon.smithi050.smithi050.stdout:Mar 28 22:45:56 smithi050 ceph-mon[29294]: from='client.? 172.21.15.50:0/1315581663' entity='client.admin' cmd=[{"prefix": "status", "format": "json-pretty"}]: dispatch
2024-03-28T22:45:58.029 INFO:journalctl@ceph.mon.smithi050.smithi050.stdout:Mar 28 22:45:57 smithi050 ceph-mon[29294]: from='client.? 172.21.15.50:0/342017151' entity='client.admin' cmd=[{"prefix": "config assimilate-conf"}]: dispatch
2024-03-28T22:45:58.039 INFO:teuthology.orchestra.run.smithi050.stdout:/usr/bin/ceph: stdout
2024-03-28T22:45:58.039 INFO:teuthology.orchestra.run.smithi050.stdout:/usr/bin/ceph: stdout [global]
2024-03-28T22:45:58.039 INFO:teuthology.orchestra.run.smithi050.stdout:/usr/bin/ceph: stdout fsid = c46f9b76-ed54-11ee-95d0-87774f69a715
2024-03-28T22:45:58.039 INFO:teuthology.orchestra.run.smithi050.stdout:/usr/bin/ceph: stdout mon_osd_allow_pg_remap = true
2024-03-28T22:45:58.039 INFO:teuthology.orchestra.run.smithi050.stdout:/usr/bin/ceph: stdout mon_osd_allow_primary_affinity = true
2024-03-28T22:45:58.039 INFO:teuthology.orchestra.run.smithi050.stdout:/usr/bin/ceph: stdout mon_warn_on_no_sortbitwise = false
2024-03-28T22:45:58.039 INFO:teuthology.orchestra.run.smithi050.stdout:/usr/bin/ceph: stdout osd_crush_chooseleaf_type = 0
2024-03-28T22:45:58.039 INFO:teuthology.orchestra.run.smithi050.stdout:/usr/bin/ceph: stdout
2024-03-28T22:45:58.039 INFO:teuthology.orchestra.run.smithi050.stdout:/usr/bin/ceph: stdout [mgr]
2024-03-28T22:45:58.039 INFO:teuthology.orchestra.run.smithi050.stdout:/usr/bin/ceph: stdout mgr/telemetry/nag = false
2024-03-28T22:45:58.039 INFO:teuthology.orchestra.run.smithi050.stdout:/usr/bin/ceph: stdout
2024-03-28T22:45:58.039 INFO:teuthology.orchestra.run.smithi050.stdout:/usr/bin/ceph: stdout [osd]
2024-03-28T22:45:58.039 INFO:teuthology.orchestra.run.smithi050.stdout:/usr/bin/ceph: stdout mon_osd_backfillfull_ratio = 0.85
2024-03-28T22:45:58.039 INFO:teuthology.orchestra.run.smithi050.stdout:/usr/bin/ceph: stdout mon_osd_full_ratio = 0.9
2024-03-28T22:45:58.040 INFO:teuthology.orchestra.run.smithi050.stdout:/usr/bin/ceph: stdout mon_osd_nearfull_ratio = 0.8
2024-03-28T22:45:58.040 INFO:teuthology.orchestra.run.smithi050.stdout:/usr/bin/ceph: stdout osd_map_max_advance = 10
2024-03-28T22:45:58.040 INFO:teuthology.orchestra.run.smithi050.stdout:/usr/bin/ceph: stdout osd_sloppy_crc = true
2024-03-28T22:45:58.040 INFO:teuthology.orchestra.run.smithi050.stdout:/usr/bin/ceph: stderr
2024-03-28T22:45:57.258+0000 7f90996ff700 1 Processor -- start
2024-03-28T22:45:58.040 INFO:teuthology.orchestra.run.smithi050.stdout:/usr/bin/ceph: stderr
2024-03-28T22:45:57.258+0000 7f90996ff700 1 -- start start
2024-03-28T22:45:58.040 INFO:teuthology.orchestra.run.smithi050.stdout:/usr/bin/ceph: stderr
2024-03-28T22:45:57.259+0000 7f90996ff700 1 --2- >> [v2:172.21.15.50:3300/0,v1:172.21.15.50:6789/0] conn(0x7f9094101830 0x7f9094101c40 unknown :-1 s=NONE pgs=0 cs=0 l=0 rev1=0 crypto rx=0 tx=0 comp rx=0 tx=0).connect
2024-03-28T22:45:58.040 INFO:teuthology.orchestra.run.smithi050.stdout:/usr/bin/ceph: stderr
2024-03-28T22:45:57.259+0000 7f90996ff700 1 -- --> [v2:172.21.15.50:3300/0,v1:172.21.15.50:6789/0] -- mon_getmap magic: 0 v1 -- 0x7f9094102180 con 0x7f9094101830
2024-03-28T22:45:58.040 INFO:teuthology.orchestra.run.smithi050.stdout:/usr/bin/ceph: stderr
2024-03-28T22:45:57.259+0000 7f9092ffd700 1 --2- >> [v2:172.21.15.50:3300/0,v1:172.21.15.50:6789/0] conn(0x7f9094101830 0x7f9094101c40 unknown :-1 s=BANNER_CONNECTING pgs=0 cs=0 l=0 rev1=0 crypto rx=0 tx=0 comp rx=0 tx=0)._handle_peer_banner_payload supported=3 required=0
2024-03-28T22:45:58.040 INFO:teuthology.orchestra.run.smithi050.stdout:/usr/bin/ceph: stderr
2024-03-28T22:45:57.259+0000 7f9092ffd700 1 --2- >> [v2:172.21.15.50:3300/0,v1:172.21.15.50:6789/0] conn(0x7f9094101830 0x7f9094101c40 unknown :-1 s=HELLO_CONNECTING pgs=0 cs=0 l=0 rev1=1 crypto rx=0 tx=0 comp rx=0 tx=0).handle_hello peer v2:172.21.15.50:3300/0 says I am v2:172.21.15.50:53294/0 (socket says 172.21.15.50:53294)
2024-03-28T22:45:58.040 INFO:teuthology.orchestra.run.smithi050.stdout:/usr/bin/ceph: stderr
2024-03-28T22:45:57.259+0000 7f9092ffd700 1 -- 172.21.15.50:0/684953354 learned_addr learned my addr 172.21.15.50:0/684953354 (peer_addr_for_me v2:172.21.15.50:0/0)
2024-03-28T22:45:58.040 INFO:teuthology.orchestra.run.smithi050.stdout:/usr/bin/ceph: stderr
2024-03-28T22:45:57.259+0000 7f9092ffd700 1 -- 172.21.15.50:0/684953354 --> [v2:172.21.15.50:3300/0,v1:172.21.15.50:6789/0] -- mon_subscribe({config=0+,monmap=0+}) v3 -- 0x7f90941022c0 con 0x7f9094101830
2024-03-28T22:45:58.040 INFO:teuthology.orchestra.run.smithi050.stdout:/usr/bin/ceph: stderr
2024-03-28T22:45:57.259+0000 7f9092ffd700 1 --2- 172.21.15.50:0/684953354 >> [v2:172.21.15.50:3300/0,v1:172.21.15.50:6789/0] conn(0x7f9094101830 0x7f9094101c40 secure :-1 s=READY pgs=20 cs=0 l=1 rev1=1 crypto rx=0x7f908400bb80 tx=0x7f908400b4f0 comp rx=0 tx=0).ready entity=mon.0 client_cookie=bcdb27f6bccfc14f server_cookie=0 in_seq=0 out_seq=0
2024-03-28T22:45:58.040 INFO:teuthology.orchestra.run.smithi050.stdout:/usr/bin/ceph: stderr
2024-03-28T22:45:57.259+0000 7f9091ffb700 1 -- 172.21.15.50:0/684953354 <== mon.0 v2:172.21.15.50:3300/0 1 ==== mon_map magic: 0 v1 ==== 229+0+0 (secure 0 0 0) 0x7f908400dd00 con 0x7f9094101830
2024-03-28T22:45:58.041 INFO:teuthology.orchestra.run.smithi050.stdout:/usr/bin/ceph: stderr
2024-03-28T22:45:57.259+0000 7f9091ffb700 1 -- 172.21.15.50:0/684953354 <== mon.0 v2:172.21.15.50:3300/0 2 ==== config(27 keys) v1 ==== 1044+0+0 (secure 0 0 0) 0x7f908400de60 con 0x7f9094101830
2024-03-28T22:45:58.041 INFO:teuthology.orchestra.run.smithi050.stdout:/usr/bin/ceph: stderr
2024-03-28T22:45:57.259+0000 7f9091ffb700 1 -- 172.21.15.50:0/684953354 <== mon.0 v2:172.21.15.50:3300/0 3 ==== mon_map magic: 0 v1 ==== 229+0+0 (secure 0 0 0) 0x7f90840188a0 con 0x7f9094101830
2024-03-28T22:45:58.041 INFO:teuthology.orchestra.run.smithi050.stdout:/usr/bin/ceph: stderr
2024-03-28T22:45:57.260+0000 7f90996ff700 1 -- 172.21.15.50:0/684953354 >> [v2:172.21.15.50:3300/0,v1:172.21.15.50:6789/0] conn(0x7f9094101830 msgr2=0x7f9094101c40 secure :-1 s=STATE_CONNECTION_ESTABLISHED l=1).mark_down
2024-03-28T22:45:58.041 INFO:teuthology.orchestra.run.smithi050.stdout:/usr/bin/ceph: stderr
2024-03-28T22:45:57.260+0000 7f90996ff700 1 --2- 172.21.15.50:0/684953354 >> [v2:172.21.15.50:3300/0,v1:172.21.15.50:6789/0] conn(0x7f9094101830 0x7f9094101c40 secure :-1 s=READY pgs=20 cs=0 l=1 rev1=1 crypto rx=0x7f908400bb80 tx=0x7f908400b4f0 comp rx=0 tx=0).stop
2024-03-28T22:45:58.041 INFO:teuthology.orchestra.run.smithi050.stdout:/usr/bin/ceph: stderr
2024-03-28T22:45:57.260+0000 7f90996ff700 1 -- 172.21.15.50:0/684953354 shutdown_connections
2024-03-28T22:45:58.041 INFO:teuthology.orchestra.run.smithi050.stdout:/usr/bin/ceph: stderr
2024-03-28T22:45:57.260+0000 7f90996ff700 1 --2- 172.21.15.50:0/684953354 >> [v2:172.21.15.50:3300/0,v1:172.21.15.50:6789/0] conn(0x7f9094101830 0x7f9094101c40 unknown :-1 s=CLOSED pgs=20 cs=0 l=1 rev1=1 crypto rx=0 tx=0 comp rx=0 tx=0).stop
2024-03-28T22:45:58.041 INFO:teuthology.orchestra.run.smithi050.stdout:/usr/bin/ceph: stderr
2024-03-28T22:45:57.260+0000 7f90996ff700 1 -- 172.21.15.50:0/684953354 >> 172.21.15.50:0/684953354 conn(0x7f90940fcfb0 msgr2=0x7f90940ff3c0 unknown :-1 s=STATE_NONE l=0).mark_down
2024-03-28T22:45:58.041 INFO:teuthology.orchestra.run.smithi050.stdout:/usr/bin/ceph: stderr
2024-03-28T22:45:57.260+0000 7f90996ff700 1 -- 172.21.15.50:0/684953354 shutdown_connections
2024-03-28T22:45:58.041 INFO:teuthology.orchestra.run.smithi050.stdout:/usr/bin/ceph: stderr
2024-03-28T22:45:57.260+0000 7f90996ff700 1 -- 172.21.15.50:0/684953354 wait complete.
2024-03-28T22:45:58.041 INFO:teuthology.orchestra.run.smithi050.stdout:/usr/bin/ceph: stderr
2024-03-28T22:45:57.261+0000 7f90996ff700 1 Processor -- start
2024-03-28T22:45:58.041 INFO:teuthology.orchestra.run.smithi050.stdout:/usr/bin/ceph: stderr
2024-03-28T22:45:57.261+0000 7f90996ff700 1 -- start start
2024-03-28T22:45:58.041 INFO:teuthology.orchestra.run.smithi050.stdout:/usr/bin/ceph: stderr
2024-03-28T22:45:57.261+0000 7f90996ff700 1 --2- >> [v2:172.21.15.50:3300/0,v1:172.21.15.50:6789/0] conn(0x7f9094101830 0x7f909410f400 unknown :-1 s=NONE pgs=0 cs=0 l=1 rev1=0 crypto rx=0 tx=0 comp rx=0 tx=0).connect
2024-03-28T22:45:58.041 INFO:teuthology.orchestra.run.smithi050.stdout:/usr/bin/ceph: stderr
2024-03-28T22:45:57.261+0000 7f90996ff700 1 -- --> [v2:172.21.15.50:3300/0,v1:172.21.15.50:6789/0] -- mon_getmap magic: 0 v1 -- 0x7f909410f940 con 0x7f9094101830
2024-03-28T22:45:58.041 INFO:teuthology.orchestra.run.smithi050.stdout:/usr/bin/ceph: stderr
2024-03-28T22:45:57.261+0000 7f9092ffd700 1 --2- >> [v2:172.21.15.50:3300/0,v1:172.21.15.50:6789/0] conn(0x7f9094101830 0x7f909410f400 unknown :-1 s=BANNER_CONNECTING pgs=0 cs=0 l=1 rev1=0 crypto rx=0 tx=0 comp rx=0 tx=0)._handle_peer_banner_payload supported=3 required=0
2024-03-28T22:45:58.041 INFO:teuthology.orchestra.run.smithi050.stdout:/usr/bin/ceph: stderr
2024-03-28T22:45:57.261+0000 7f9092ffd700 1 --2- >> [v2:172.21.15.50:3300/0,v1:172.21.15.50:6789/0] conn(0x7f9094101830 0x7f909410f400 unknown :-1 s=HELLO_CONNECTING pgs=0 cs=0 l=1 rev1=1 crypto rx=0 tx=0 comp rx=0 tx=0).handle_hello peer v2:172.21.15.50:3300/0 says I am v2:172.21.15.50:53306/0 (socket says 172.21.15.50:53306)
2024-03-28T22:45:58.042 INFO:teuthology.orchestra.run.smithi050.stdout:/usr/bin/ceph: stderr
2024-03-28T22:45:57.261+0000 7f9092ffd700 1 -- 172.21.15.50:0/342017151 learned_addr learned my addr 172.21.15.50:0/342017151 (peer_addr_for_me v2:172.21.15.50:0/0)
2024-03-28T22:45:58.042 INFO:teuthology.orchestra.run.smithi050.stdout:/usr/bin/ceph: stderr
2024-03-28T22:45:57.261+0000 7f9092ffd700 1 -- 172.21.15.50:0/342017151 --> [v2:172.21.15.50:3300/0,v1:172.21.15.50:6789/0] -- mon_subscribe({config=0+,monmap=0+}) v3 -- 0x7f908400b790 con 0x7f9094101830
2024-03-28T22:45:58.042 INFO:teuthology.orchestra.run.smithi050.stdout:/usr/bin/ceph: stderr
2024-03-28T22:45:57.261+0000 7f9092ffd700 1 --2- 172.21.15.50:0/342017151 >> [v2:172.21.15.50:3300/0,v1:172.21.15.50:6789/0] conn(0x7f9094101830 0x7f909410f400 secure :-1 s=READY pgs=21 cs=0 l=1 rev1=1 crypto rx=0x7f9084018600 tx=0x7f908400b4f0 comp rx=0 tx=0).ready entity=mon.0 client_cookie=0 server_cookie=0 in_seq=0 out_seq=0
2024-03-28T22:45:58.042 INFO:teuthology.orchestra.run.smithi050.stdout:/usr/bin/ceph: stderr
2024-03-28T22:45:57.261+0000 7f908b7fe700 1 -- 172.21.15.50:0/342017151 <== mon.0 v2:172.21.15.50:3300/0 1 ==== mon_map magic: 0 v1 ==== 229+0+0 (secure 0 0 0) 0x7f9084010bd0 con 0x7f9094101830
2024-03-28T22:45:58.042 INFO:teuthology.orchestra.run.smithi050.stdout:/usr/bin/ceph: stderr
2024-03-28T22:45:57.262+0000 7f90996ff700 1 -- 172.21.15.50:0/342017151 --> [v2:172.21.15.50:3300/0,v1:172.21.15.50:6789/0] -- mon_subscribe({mgrmap=0+}) v3 -- 0x7f909410fb40 con 0x7f9094101830
2024-03-28T22:45:58.042 INFO:teuthology.orchestra.run.smithi050.stdout:/usr/bin/ceph: stderr
2024-03-28T22:45:57.262+0000 7f908b7fe700 1 -- 172.21.15.50:0/342017151 <== mon.0 v2:172.21.15.50:3300/0 2 ==== config(27 keys) v1 ==== 1044+0+0 (secure 0 0 0) 0x7f908401d050 con 0x7f9094101830
2024-03-28T22:45:58.042 INFO:teuthology.orchestra.run.smithi050.stdout:/usr/bin/ceph: stderr
2024-03-28T22:45:57.262+0000 7f908b7fe700 1 -- 172.21.15.50:0/342017151 <== mon.0 v2:172.21.15.50:3300/0 3 ==== mon_map magic: 0 v1 ==== 229+0+0 (secure 0 0 0) 0x7f9084022590 con 0x7f9094101830
2024-03-28T22:45:58.042 INFO:teuthology.orchestra.run.smithi050.stdout:/usr/bin/ceph: stderr
2024-03-28T22:45:57.262+0000 7f90996ff700 1 -- 172.21.15.50:0/342017151 --> [v2:172.21.15.50:3300/0,v1:172.21.15.50:6789/0] -- mon_subscribe({osdmap=0}) v3 -- 0x7f90941106b0 con 0x7f9094101830
2024-03-28T22:45:58.042 INFO:teuthology.orchestra.run.smithi050.stdout:/usr/bin/ceph: stderr
2024-03-28T22:45:57.262+0000 7f908b7fe700 1 -- 172.21.15.50:0/342017151 <== mon.0 v2:172.21.15.50:3300/0 4 ==== mgrmap(e 4) v1 ==== 43357+0+0 (secure 0 0 0) 0x7f9084022790 con 0x7f9094101830
2024-03-28T22:45:58.042 INFO:teuthology.orchestra.run.smithi050.stdout:/usr/bin/ceph: stderr
2024-03-28T22:45:57.262+0000 7f90996ff700 1 -- 172.21.15.50:0/342017151 --> [v2:172.21.15.50:3300/0,v1:172.21.15.50:6789/0] -- mon_command({"prefix": "get_command_descriptions"} v 0) v1 -- 0x7f909405f5f0 con 0x7f9094101830
2024-03-28T22:45:58.042 INFO:teuthology.orchestra.run.smithi050.stdout:/usr/bin/ceph: stderr
2024-03-28T22:45:57.263+0000 7f908b7fe700 1 --2- 172.21.15.50:0/342017151 >> [v2:172.21.15.50:6800/3350969758,v1:172.21.15.50:6801/3350969758] conn(0x7f9080036720 0x7f9080038bd0 unknown :-1 s=NONE pgs=0 cs=0 l=1 rev1=0 crypto rx=0 tx=0 comp rx=0 tx=0).connect
2024-03-28T22:45:58.042 INFO:teuthology.orchestra.run.smithi050.stdout:/usr/bin/ceph: stderr
2024-03-28T22:45:57.263+0000 7f908b7fe700 1 -- 172.21.15.50:0/342017151 <== mon.0 v2:172.21.15.50:3300/0 5 ==== osd_map(1..1 src has 1..1) v4 ==== 721+0+0 (secure 0 0 0) 0x7f9084014070 con 0x7f9094101830
2024-03-28T22:45:58.042 INFO:teuthology.orchestra.run.smithi050.stdout:/usr/bin/ceph: stderr
2024-03-28T22:45:57.263+0000 7f90927fc700 1 --2- 172.21.15.50:0/342017151 >> [v2:172.21.15.50:6800/3350969758,v1:172.21.15.50:6801/3350969758] conn(0x7f9080036720 0x7f9080038bd0 unknown :-1 s=BANNER_CONNECTING pgs=0 cs=0 l=1 rev1=0 crypto rx=0 tx=0 comp rx=0 tx=0)._handle_peer_banner_payload supported=3 required=0
2024-03-28T22:45:58.042 INFO:teuthology.orchestra.run.smithi050.stdout:/usr/bin/ceph: stderr
2024-03-28T22:45:57.263+0000 7f90927fc700 1 --2- 172.21.15.50:0/342017151 >> [v2:172.21.15.50:6800/3350969758,v1:172.21.15.50:6801/3350969758] conn(0x7f9080036720 0x7f9080038bd0 secure :-1 s=READY pgs=7 cs=0 l=1 rev1=1 crypto rx=0x7f907c009990 tx=0x7f907c006e40 comp rx=0 tx=0).ready entity=mgr.14100 client_cookie=0 server_cookie=0 in_seq=0 out_seq=0
2024-03-28T22:45:58.043 INFO:teuthology.orchestra.run.smithi050.stdout:/usr/bin/ceph: stderr
2024-03-28T22:45:57.267+0000 7f908b7fe700 1 -- 172.21.15.50:0/342017151 <== mon.0 v2:172.21.15.50:3300/0 6 ==== mon_command_ack([{"prefix": "get_command_descriptions"}]=0 v0) v1 ==== 72+0+176504 (secure 0 0 0) 0x7f90840218d0 con 0x7f9094101830
2024-03-28T22:45:58.043 INFO:teuthology.orchestra.run.smithi050.stdout:/usr/bin/ceph: stderr
2024-03-28T22:45:57.459+0000 7f90996ff700 1 -- 172.21.15.50:0/342017151 --> [v2:172.21.15.50:3300/0,v1:172.21.15.50:6789/0] -- mon_command({"prefix": "config assimilate-conf"} v 0) v1 -- 0x7f909404bed0 con 0x7f9094101830
2024-03-28T22:45:58.043 INFO:teuthology.orchestra.run.smithi050.stdout:/usr/bin/ceph: stderr
2024-03-28T22:45:57.460+0000 7f908b7fe700 1 -- 172.21.15.50:0/342017151 <== mon.0 v2:172.21.15.50:3300/0 7 ==== mon_command_ack([{"prefix": "config assimilate-conf"}]=0 v3) v1 ==== 70+0+373 (secure 0 0 0) 0x7f9084023470 con 0x7f9094101830
2024-03-28T22:45:58.043 INFO:teuthology.orchestra.run.smithi050.stdout:/usr/bin/ceph: stderr
2024-03-28T22:45:57.462+0000 7f90996ff700 1 -- 172.21.15.50:0/342017151 >> [v2:172.21.15.50:6800/3350969758,v1:172.21.15.50:6801/3350969758] conn(0x7f9080036720 msgr2=0x7f9080038bd0 secure :-1 s=STATE_CONNECTION_ESTABLISHED l=1).mark_down
2024-03-28T22:45:58.043 INFO:teuthology.orchestra.run.smithi050.stdout:/usr/bin/ceph: stderr
2024-03-28T22:45:57.462+0000 7f90996ff700 1 --2- 172.21.15.50:0/342017151 >> [v2:172.21.15.50:6800/3350969758,v1:172.21.15.50:6801/3350969758] conn(0x7f9080036720 0x7f9080038bd0 secure :-1 s=READY pgs=7 cs=0 l=1 rev1=1 crypto rx=0x7f907c009990 tx=0x7f907c006e40 comp rx=0 tx=0).stop
2024-03-28T22:45:58.043 INFO:teuthology.orchestra.run.smithi050.stdout:/usr/bin/ceph: stderr
2024-03-28T22:45:57.462+0000 7f90996ff700 1 -- 172.21.15.50:0/342017151 >> [v2:172.21.15.50:3300/0,v1:172.21.15.50:6789/0] conn(0x7f9094101830 msgr2=0x7f909410f400 secure :-1 s=STATE_CONNECTION_ESTABLISHED l=1).mark_down
2024-03-28T22:45:58.043 INFO:teuthology.orchestra.run.smithi050.stdout:/usr/bin/ceph: stderr
2024-03-28T22:45:57.462+0000 7f90996ff700 1 --2- 172.21.15.50:0/342017151 >> [v2:172.21.15.50:3300/0,v1:172.21.15.50:6789/0] conn(0x7f9094101830 0x7f909410f400 secure :-1 s=READY pgs=21 cs=0 l=1 rev1=1 crypto rx=0x7f9084018600 tx=0x7f908400b4f0 comp rx=0 tx=0).stop
2024-03-28T22:45:58.043 INFO:teuthology.orchestra.run.smithi050.stdout:/usr/bin/ceph: stderr
2024-03-28T22:45:57.462+0000 7f90996ff700 1 -- 172.21.15.50:0/342017151 shutdown_connections
2024-03-28T22:45:58.043 INFO:teuthology.orchestra.run.smithi050.stdout:/usr/bin/ceph: stderr
2024-03-28T22:45:57.462+0000 7f90996ff700 1 --2- 172.21.15.50:0/342017151 >> [v2:172.21.15.50:6800/3350969758,v1:172.21.15.50:6801/3350969758] conn(0x7f9080036720 0x7f9080038bd0 unknown :-1 s=CLOSED pgs=7 cs=0 l=1 rev1=1 crypto rx=0 tx=0 comp rx=0 tx=0).stop
2024-03-28T22:45:58.043 INFO:teuthology.orchestra.run.smithi050.stdout:/usr/bin/ceph: stderr
2024-03-28T22:45:57.462+0000 7f90996ff700 1 --2- 172.21.15.50:0/342017151 >> [v2:172.21.15.50:3300/0,v1:172.21.15.50:6789/0] conn(0x7f9094101830 0x7f909410f400 unknown :-1 s=CLOSED pgs=21 cs=0 l=1 rev1=1 crypto rx=0 tx=0 comp rx=0 tx=0).stop
2024-03-28T22:45:58.043 INFO:teuthology.orchestra.run.smithi050.stdout:/usr/bin/ceph: stderr
2024-03-28T22:45:57.462+0000 7f90996ff700 1 -- 172.21.15.50:0/342017151 >> 172.21.15.50:0/342017151 conn(0x7f90940fcfb0 msgr2=0x7f9094105bd0 unknown :-1 s=STATE_NONE l=0).mark_down
2024-03-28T22:45:58.043 INFO:teuthology.orchestra.run.smithi050.stdout:/usr/bin/ceph: stderr
2024-03-28T22:45:57.462+0000 7f90996ff700 1 -- 172.21.15.50:0/342017151 shutdown_connections
2024-03-28T22:45:58.043 INFO:teuthology.orchestra.run.smithi050.stdout:/usr/bin/ceph: stderr
2024-03-28T22:45:57.462+0000 7f90996ff700 1 -- 172.21.15.50:0/342017151 wait complete.
2024-03-28T22:45:58.043 INFO:teuthology.orchestra.run.smithi050.stdout:Enabling cephadm module...
2024-03-28T22:45:59.081 INFO:journalctl@ceph.mon.smithi050.smithi050.stdout:Mar 28 22:45:58 smithi050 ceph-mon[29294]: from='client.? 172.21.15.50:0/8543369' entity='client.admin' cmd=[{"prefix": "mgr module enable", "module": "cephadm"}]: dispatch
2024-03-28T22:45:59.527 INFO:teuthology.orchestra.run.smithi050.stdout:/usr/bin/ceph: stderr
2024-03-28T22:45:58.488+0000 7efebe73d700 1 Processor -- start
2024-03-28T22:45:59.527 INFO:teuthology.orchestra.run.smithi050.stdout:/usr/bin/ceph: stderr
2024-03-28T22:45:58.488+0000 7efebe73d700 1 -- start start
2024-03-28T22:45:59.527 INFO:teuthology.orchestra.run.smithi050.stdout:/usr/bin/ceph: stderr
2024-03-28T22:45:58.489+0000 7efebe73d700 1 --2- >> [v2:172.21.15.50:3300/0,v1:172.21.15.50:6789/0] conn(0x7efeb81017f0 0x7efeb8101c00 unknown :-1 s=NONE pgs=0 cs=0 l=0 rev1=0 crypto rx=0 tx=0 comp rx=0 tx=0).connect
2024-03-28T22:45:59.527 INFO:teuthology.orchestra.run.smithi050.stdout:/usr/bin/ceph: stderr
2024-03-28T22:45:58.489+0000 7efebe73d700 1 -- --> [v2:172.21.15.50:3300/0,v1:172.21.15.50:6789/0] -- mon_getmap magic: 0 v1 -- 0x7efeb8102140 con 0x7efeb81017f0
2024-03-28T22:45:59.527 INFO:teuthology.orchestra.run.smithi050.stdout:/usr/bin/ceph: stderr
2024-03-28T22:45:58.489+0000 7efeb7fff700 1 --2- >> [v2:172.21.15.50:3300/0,v1:172.21.15.50:6789/0] conn(0x7efeb81017f0 0x7efeb8101c00 unknown :-1 s=BANNER_CONNECTING pgs=0 cs=0 l=0 rev1=0 crypto rx=0 tx=0 comp rx=0 tx=0)._handle_peer_banner_payload supported=3 required=0
2024-03-28T22:45:59.527 INFO:teuthology.orchestra.run.smithi050.stdout:/usr/bin/ceph: stderr
2024-03-28T22:45:58.489+0000 7efeb7fff700 1 --2- >> [v2:172.21.15.50:3300/0,v1:172.21.15.50:6789/0] conn(0x7efeb81017f0 0x7efeb8101c00 unknown :-1 s=HELLO_CONNECTING pgs=0 cs=0 l=0 rev1=1 crypto rx=0 tx=0 comp rx=0 tx=0).handle_hello peer v2:172.21.15.50:3300/0 says I am v2:172.21.15.50:41668/0 (socket says 172.21.15.50:41668)
2024-03-28T22:45:59.527 INFO:teuthology.orchestra.run.smithi050.stdout:/usr/bin/ceph: stderr
2024-03-28T22:45:58.489+0000 7efeb7fff700 1 -- 172.21.15.50:0/1922255272 learned_addr learned my addr 172.21.15.50:0/1922255272 (peer_addr_for_me v2:172.21.15.50:0/0)
2024-03-28T22:45:59.527 INFO:teuthology.orchestra.run.smithi050.stdout:/usr/bin/ceph: stderr
2024-03-28T22:45:58.489+0000 7efeb7fff700 1 -- 172.21.15.50:0/1922255272 --> [v2:172.21.15.50:3300/0,v1:172.21.15.50:6789/0] -- mon_subscribe({config=0+,monmap=0+}) v3 -- 0x7efeb8102280 con 0x7efeb81017f0
2024-03-28T22:45:59.528 INFO:teuthology.orchestra.run.smithi050.stdout:/usr/bin/ceph: stderr
2024-03-28T22:45:58.489+0000 7efeb7fff700 1 --2- 172.21.15.50:0/1922255272 >> [v2:172.21.15.50:3300/0,v1:172.21.15.50:6789/0] conn(0x7efeb81017f0 0x7efeb8101c00 secure :-1 s=READY pgs=22 cs=0 l=1 rev1=1 crypto rx=0x7efeac0098e0 tx=0x7efeac009250 comp rx=0 tx=0).ready entity=mon.0 client_cookie=2031aa61388b875c server_cookie=0 in_seq=0 out_seq=0
2024-03-28T22:45:59.528 INFO:teuthology.orchestra.run.smithi050.stdout:/usr/bin/ceph: stderr
2024-03-28T22:45:58.489+0000 7efeb6ffd700 1 -- 172.21.15.50:0/1922255272 <== mon.0 v2:172.21.15.50:3300/0 1 ==== mon_map magic: 0 v1 ==== 229+0+0 (secure 0 0 0) 0x7efeac00b860 con 0x7efeb81017f0
2024-03-28T22:45:59.528 INFO:teuthology.orchestra.run.smithi050.stdout:/usr/bin/ceph: stderr
2024-03-28T22:45:58.489+0000 7efeb6ffd700 1 -- 172.21.15.50:0/1922255272 <== mon.0 v2:172.21.15.50:3300/0 2 ==== config(27 keys) v1 ==== 1044+0+0 (secure 0 0 0) 0x7efeac00be50 con 0x7efeb81017f0
2024-03-28T22:45:59.528 INFO:teuthology.orchestra.run.smithi050.stdout:/usr/bin/ceph: stderr
