2024-04-01T06:49:38.582 INFO:teuthology.orchestra.run.smithi083.stdout:/usr/bin/ceph: stderr
2024-04-01T06:49:38.028+0000 7f51a67fc700 1 -- 172.21.15.83:0/2827251651 <== mon.0 v2:172.21.15.83:3300/0 5 ==== osd_map(3..3 src has 1..3) v4 ==== 1155+0+0 (secure 0 0 0) 0x7f51ac04cc80 con 0x7f51b0107020
2024-04-01T06:49:38.582 INFO:teuthology.orchestra.run.smithi083.stdout:/usr/bin/ceph: stderr
2024-04-01T06:49:38.028+0000 7f51b4e7e700 1 --2- 172.21.15.83:0/2827251651 >> [v2:172.21.15.83:6800/3375372052,v1:172.21.15.83:6801/3375372052] conn(0x7f519c038700 0x7f519c03abc0 unknown :-1 s=BANNER_CONNECTING pgs=0 cs=0 l=1 rev1=0 crypto rx=0 tx=0 comp rx=0 tx=0)._handle_peer_banner_payload supported=3 required=0
2024-04-01T06:49:38.582 INFO:teuthology.orchestra.run.smithi083.stdout:/usr/bin/ceph: stderr
2024-04-01T06:49:38.028+0000 7f51b4e7e700 1 --2- 172.21.15.83:0/2827251651 >> [v2:172.21.15.83:6800/3375372052,v1:172.21.15.83:6801/3375372052] conn(0x7f519c038700 0x7f519c03abc0 secure :-1 s=READY pgs=9 cs=0 l=1 rev1=1 crypto rx=0x7f51a0006fd0 tx=0x7f51a0006e40 comp rx=0 tx=0).ready entity=mgr.14152 client_cookie=0 server_cookie=0 in_seq=0 out_seq=0
2024-04-01T06:49:38.582 INFO:teuthology.orchestra.run.smithi083.stdout:/usr/bin/ceph: stderr
2024-04-01T06:49:38.032+0000 7f51a67fc700 1 -- 172.21.15.83:0/2827251651 <== mon.0 v2:172.21.15.83:3300/0 6 ==== mon_command_ack([{"prefix": "get_command_descriptions"}]=0 v0) v1 ==== 72+0+182738 (secure 0 0 0) 0x7f51ac01a430 con 0x7f51b0107020
2024-04-01T06:49:38.582 INFO:teuthology.orchestra.run.smithi083.stdout:/usr/bin/ceph: stderr
2024-04-01T06:49:38.221+0000 7f51b78e3700 1 -- 172.21.15.83:0/2827251651 --> [v2:172.21.15.83:3300/0,v1:172.21.15.83:6789/0] -- mon_command({"prefix": "config get", "who": "mgr", "key": "mgr/dashboard/ssl_server_port"} v 0) v1 -- 0x7f51b019d6b0 con 0x7f51b0107020
2024-04-01T06:49:38.582 INFO:teuthology.orchestra.run.smithi083.stdout:/usr/bin/ceph: stderr
2024-04-01T06:49:38.221+0000 7f51a67fc700 1 -- 172.21.15.83:0/2827251651 <== mon.0 v2:172.21.15.83:3300/0 7 ==== mon_command_ack([{"prefix": "config get", "who": "mgr", "key": "mgr/dashboard/ssl_server_port"}]=0 v8) v1 ==== 112+0+5 (secure 0 0 0) 0x7f51ac023390 con 0x7f51b0107020
2024-04-01T06:49:38.582 INFO:teuthology.orchestra.run.smithi083.stdout:/usr/bin/ceph: stderr
2024-04-01T06:49:38.223+0000 7f51b78e3700 1 -- 172.21.15.83:0/2827251651 >> [v2:172.21.15.83:6800/3375372052,v1:172.21.15.83:6801/3375372052] conn(0x7f519c038700 msgr2=0x7f519c03abc0 secure :-1 s=STATE_CONNECTION_ESTABLISHED l=1).mark_down
2024-04-01T06:49:38.583 INFO:teuthology.orchestra.run.smithi083.stdout:/usr/bin/ceph: stderr
2024-04-01T06:49:38.223+0000 7f51b78e3700 1 --2- 172.21.15.83:0/2827251651 >> [v2:172.21.15.83:6800/3375372052,v1:172.21.15.83:6801/3375372052] conn(0x7f519c038700 0x7f519c03abc0 secure :-1 s=READY pgs=9 cs=0 l=1 rev1=1 crypto rx=0x7f51a0006fd0 tx=0x7f51a0006e40 comp rx=0 tx=0).stop
2024-04-01T06:49:38.583 INFO:teuthology.orchestra.run.smithi083.stdout:/usr/bin/ceph: stderr
2024-04-01T06:49:38.223+0000 7f51b78e3700 1 -- 172.21.15.83:0/2827251651 >> [v2:172.21.15.83:3300/0,v1:172.21.15.83:6789/0] conn(0x7f51b0107020 msgr2=0x7f51b019a240 secure :-1 s=STATE_CONNECTION_ESTABLISHED l=1).mark_down
2024-04-01T06:49:38.583 INFO:teuthology.orchestra.run.smithi083.stdout:/usr/bin/ceph: stderr
2024-04-01T06:49:38.223+0000 7f51b78e3700 1 --2- 172.21.15.83:0/2827251651 >> [v2:172.21.15.83:3300/0,v1:172.21.15.83:6789/0] conn(0x7f51b0107020 0x7f51b019a240 secure :-1 s=READY pgs=75 cs=0 l=1 rev1=1 crypto rx=0x7f51ac006af0 tx=0x7f51ac011a10 comp rx=0 tx=0).stop
2024-04-01T06:49:38.583 INFO:teuthology.orchestra.run.smithi083.stdout:/usr/bin/ceph: stderr
2024-04-01T06:49:38.223+0000 7f51b78e3700 1 -- 172.21.15.83:0/2827251651 shutdown_connections
2024-04-01T06:49:38.583 INFO:teuthology.orchestra.run.smithi083.stdout:/usr/bin/ceph: stderr
2024-04-01T06:49:38.223+0000 7f51b78e3700 1 --2- 172.21.15.83:0/2827251651 >> [v2:172.21.15.83:6800/3375372052,v1:172.21.15.83:6801/3375372052] conn(0x7f519c038700 0x7f519c03abc0 unknown :-1 s=CLOSED pgs=9 cs=0 l=1 rev1=1 crypto rx=0 tx=0 comp rx=0 tx=0).stop
2024-04-01T06:49:38.583 INFO:teuthology.orchestra.run.smithi083.stdout:/usr/bin/ceph: stderr
2024-04-01T06:49:38.224+0000 7f51b78e3700 1 --2- 172.21.15.83:0/2827251651 >> [v2:172.21.15.83:3300/0,v1:172.21.15.83:6789/0] conn(0x7f51b0107020 0x7f51b019a240 unknown :-1 s=CLOSED pgs=75 cs=0 l=1 rev1=1 crypto rx=0 tx=0 comp rx=0 tx=0).stop
2024-04-01T06:49:38.583 INFO:teuthology.orchestra.run.smithi083.stdout:/usr/bin/ceph: stderr
2024-04-01T06:49:38.224+0000 7f51b78e3700 1 -- 172.21.15.83:0/2827251651 >> 172.21.15.83:0/2827251651 conn(0x7f51b01009f0 msgr2=0x7f51b0101560 unknown :-1 s=STATE_NONE l=0).mark_down
2024-04-01T06:49:38.583 INFO:teuthology.orchestra.run.smithi083.stdout:/usr/bin/ceph: stderr
2024-04-01T06:49:38.224+0000 7f51b78e3700 1 -- 172.21.15.83:0/2827251651 shutdown_connections
2024-04-01T06:49:38.583 INFO:teuthology.orchestra.run.smithi083.stdout:/usr/bin/ceph: stderr
2024-04-01T06:49:38.224+0000 7f51b78e3700 1 -- 172.21.15.83:0/2827251651 wait complete.
2024-04-01T06:49:38.586 INFO:teuthology.orchestra.run.smithi083.stdout:Non-zero exit code 1 from systemctl is-enabled firewalld.service
2024-04-01T06:49:38.586 INFO:teuthology.orchestra.run.smithi083.stdout:systemctl: stdout disabled
2024-04-01T06:49:38.593 INFO:teuthology.orchestra.run.smithi083.stdout:Non-zero exit code 3 from systemctl is-active firewalld.service
2024-04-01T06:49:38.593 INFO:teuthology.orchestra.run.smithi083.stdout:systemctl: stdout inactive
2024-04-01T06:49:38.593 INFO:teuthology.orchestra.run.smithi083.stdout:firewalld.service is not enabled
2024-04-01T06:49:38.593 INFO:teuthology.orchestra.run.smithi083.stdout:Not possible to open ports <[8443]>. firewalld.service is not available
2024-04-01T06:49:38.595 INFO:teuthology.orchestra.run.smithi083.stdout:Ceph Dashboard is now available at:
2024-04-01T06:49:38.595 INFO:teuthology.orchestra.run.smithi083.stdout:
2024-04-01T06:49:38.595 INFO:teuthology.orchestra.run.smithi083.stdout: URL: https://smithi083:8443/
2024-04-01T06:49:38.595 INFO:teuthology.orchestra.run.smithi083.stdout: User: admin
2024-04-01T06:49:38.595 INFO:teuthology.orchestra.run.smithi083.stdout: Password: okp577i2yf
2024-04-01T06:49:38.595 INFO:teuthology.orchestra.run.smithi083.stdout:
2024-04-01T06:49:38.596 INFO:teuthology.orchestra.run.smithi083.stdout:Saving cluster configuration to /var/lib/ceph/c6f8eff4-eff3-11ee-b647-cb9ed24678a4/config directory
2024-04-01T06:49:38.596 INFO:teuthology.orchestra.run.smithi083.stdout:Enabling autotune for osd_memory_target
2024-04-01T06:49:39.570 INFO:teuthology.orchestra.run.smithi083.stdout:/usr/bin/ceph: stderr
2024-04-01T06:49:38.969+0000 7f008b6d3700 1 Processor -- start
2024-04-01T06:49:39.570 INFO:teuthology.orchestra.run.smithi083.stdout:/usr/bin/ceph: stderr
2024-04-01T06:49:38.969+0000 7f008b6d3700 1 -- start start
2024-04-01T06:49:39.571 INFO:teuthology.orchestra.run.smithi083.stdout:/usr/bin/ceph: stderr
2024-04-01T06:49:38.969+0000 7f008b6d3700 1 --2- >> [v2:172.21.15.83:3300/0,v1:172.21.15.83:6789/0] conn(0x7f00841065a0 0x7f00841069c0 unknown :-1 s=NONE pgs=0 cs=0 l=0 rev1=0 crypto rx=0 tx=0 comp rx=0 tx=0).connect
2024-04-01T06:49:39.571 INFO:teuthology.orchestra.run.smithi083.stdout:/usr/bin/ceph: stderr
2024-04-01T06:49:38.969+0000 7f008b6d3700 1 -- --> [v2:172.21.15.83:3300/0,v1:172.21.15.83:6789/0] -- mon_getmap magic: 0 v1 -- 0x7f0084106f90 con 0x7f00841065a0
2024-04-01T06:49:39.571 INFO:teuthology.orchestra.run.smithi083.stdout:/usr/bin/ceph: stderr
2024-04-01T06:49:38.969+0000 7f008946f700 1 --2- >> [v2:172.21.15.83:3300/0,v1:172.21.15.83:6789/0] conn(0x7f00841065a0 0x7f00841069c0 unknown :-1 s=BANNER_CONNECTING pgs=0 cs=0 l=0 rev1=0 crypto rx=0 tx=0 comp rx=0 tx=0)._handle_peer_banner_payload supported=3 required=0
2024-04-01T06:49:39.571 INFO:teuthology.orchestra.run.smithi083.stdout:/usr/bin/ceph: stderr
2024-04-01T06:49:38.969+0000 7f008946f700 1 --2- >> [v2:172.21.15.83:3300/0,v1:172.21.15.83:6789/0] conn(0x7f00841065a0 0x7f00841069c0 unknown :-1 s=HELLO_CONNECTING pgs=0 cs=0 l=0 rev1=1 crypto rx=0 tx=0 comp rx=0 tx=0).handle_hello peer v2:172.21.15.83:3300/0 says I am v2:172.21.15.83:45756/0 (socket says 172.21.15.83:45756)
2024-04-01T06:49:39.571 INFO:teuthology.orchestra.run.smithi083.stdout:/usr/bin/ceph: stderr
2024-04-01T06:49:38.969+0000 7f008946f700 1 -- 172.21.15.83:0/1781020956 learned_addr learned my addr 172.21.15.83:0/1781020956 (peer_addr_for_me v2:172.21.15.83:0/0)
2024-04-01T06:49:39.571 INFO:teuthology.orchestra.run.smithi083.stdout:/usr/bin/ceph: stderr
2024-04-01T06:49:38.969+0000 7f008946f700 1 -- 172.21.15.83:0/1781020956 --> [v2:172.21.15.83:3300/0,v1:172.21.15.83:6789/0] -- mon_subscribe({config=0+,monmap=0+}) v3 -- 0x7f0084107750 con 0x7f00841065a0
2024-04-01T06:49:39.571 INFO:teuthology.orchestra.run.smithi083.stdout:/usr/bin/ceph: stderr
2024-04-01T06:49:38.970+0000 7f008946f700 1 --2- 172.21.15.83:0/1781020956 >> [v2:172.21.15.83:3300/0,v1:172.21.15.83:6789/0] conn(0x7f00841065a0 0x7f00841069c0 secure :-1 s=READY pgs=76 cs=0 l=1 rev1=1 crypto rx=0x7f00800098a0 tx=0x7f0080009bb0 comp rx=0 tx=0).ready entity=mon.0 client_cookie=7f0de5a8d68ba86c server_cookie=0 in_seq=0 out_seq=0
2024-04-01T06:49:39.571 INFO:teuthology.orchestra.run.smithi083.stdout:/usr/bin/ceph: stderr
2024-04-01T06:49:38.970+0000 7f007bfff700 1 -- 172.21.15.83:0/1781020956 <== mon.0 v2:172.21.15.83:3300/0 1 ==== mon_map magic: 0 v1 ==== 205+0+0 (secure 0 0 0) 0x7f0080004160 con 0x7f00841065a0
2024-04-01T06:49:39.571 INFO:teuthology.orchestra.run.smithi083.stdout:/usr/bin/ceph: stderr
2024-04-01T06:49:38.970+0000 7f007bfff700 1 -- 172.21.15.83:0/1781020956 <== mon.0 v2:172.21.15.83:3300/0 2 ==== config(26 keys) v1 ==== 1105+0+0 (secure 0 0 0) 0x7f00800042c0 con 0x7f00841065a0
2024-04-01T06:49:39.571 INFO:teuthology.orchestra.run.smithi083.stdout:/usr/bin/ceph: stderr
2024-04-01T06:49:38.970+0000 7f007bfff700 1 -- 172.21.15.83:0/1781020956 <== mon.0 v2:172.21.15.83:3300/0 3 ==== mon_map magic: 0 v1 ==== 205+0+0 (secure 0 0 0) 0x7f00800119b0 con 0x7f00841065a0
2024-04-01T06:49:39.571 INFO:teuthology.orchestra.run.smithi083.stdout:/usr/bin/ceph: stderr
2024-04-01T06:49:38.970+0000 7f008b6d3700 1 -- 172.21.15.83:0/1781020956 >> [v2:172.21.15.83:3300/0,v1:172.21.15.83:6789/0] conn(0x7f00841065a0 msgr2=0x7f00841069c0 secure :-1 s=STATE_CONNECTION_ESTABLISHED l=1).mark_down
2024-04-01T06:49:39.571 INFO:teuthology.orchestra.run.smithi083.stdout:/usr/bin/ceph: stderr
2024-04-01T06:49:38.970+0000 7f008b6d3700 1 --2- 172.21.15.83:0/1781020956 >> [v2:172.21.15.83:3300/0,v1:172.21.15.83:6789/0] conn(0x7f00841065a0 0x7f00841069c0 secure :-1 s=READY pgs=76 cs=0 l=1 rev1=1 crypto rx=0x7f00800098a0 tx=0x7f0080009bb0 comp rx=0 tx=0).stop
2024-04-01T06:49:39.571 INFO:teuthology.orchestra.run.smithi083.stdout:/usr/bin/ceph: stderr
2024-04-01T06:49:38.970+0000 7f008b6d3700 1 -- 172.21.15.83:0/1781020956 shutdown_connections
2024-04-01T06:49:39.571 INFO:teuthology.orchestra.run.smithi083.stdout:/usr/bin/ceph: stderr
2024-04-01T06:49:38.970+0000 7f008b6d3700 1 --2- 172.21.15.83:0/1781020956 >> [v2:172.21.15.83:3300/0,v1:172.21.15.83:6789/0] conn(0x7f00841065a0 0x7f00841069c0 unknown :-1 s=CLOSED pgs=76 cs=0 l=1 rev1=1 crypto rx=0 tx=0 comp rx=0 tx=0).stop
2024-04-01T06:49:39.571 INFO:teuthology.orchestra.run.smithi083.stdout:/usr/bin/ceph: stderr
2024-04-01T06:49:38.970+0000 7f008b6d3700 1 -- 172.21.15.83:0/1781020956 >> 172.21.15.83:0/1781020956 conn(0x7f0084101b60 msgr2=0x7f0084103f80 unknown :-1 s=STATE_NONE l=0).mark_down
2024-04-01T06:49:39.572 INFO:teuthology.orchestra.run.smithi083.stdout:/usr/bin/ceph: stderr
2024-04-01T06:49:38.970+0000 7f008b6d3700 1 -- 172.21.15.83:0/1781020956 shutdown_connections
2024-04-01T06:49:39.572 INFO:teuthology.orchestra.run.smithi083.stdout:/usr/bin/ceph: stderr
2024-04-01T06:49:38.970+0000 7f008b6d3700 1 -- 172.21.15.83:0/1781020956 wait complete.
2024-04-01T06:49:39.572 INFO:teuthology.orchestra.run.smithi083.stdout:/usr/bin/ceph: stderr
2024-04-01T06:49:38.971+0000 7f008b6d3700 1 Processor -- start
2024-04-01T06:49:39.572 INFO:teuthology.orchestra.run.smithi083.stdout:/usr/bin/ceph: stderr
2024-04-01T06:49:38.971+0000 7f008b6d3700 1 -- start start
2024-04-01T06:49:39.572 INFO:teuthology.orchestra.run.smithi083.stdout:/usr/bin/ceph: stderr
2024-04-01T06:49:38.971+0000 7f008b6d3700 1 --2- >> [v2:172.21.15.83:3300/0,v1:172.21.15.83:6789/0] conn(0x7f00841065a0 0x7f008407bb20 unknown :-1 s=NONE pgs=0 cs=0 l=1 rev1=0 crypto rx=0 tx=0 comp rx=0 tx=0).connect
2024-04-01T06:49:39.572 INFO:teuthology.orchestra.run.smithi083.stdout:/usr/bin/ceph: stderr
2024-04-01T06:49:38.971+0000 7f008b6d3700 1 -- --> [v2:172.21.15.83:3300/0,v1:172.21.15.83:6789/0] -- mon_getmap magic: 0 v1 -- 0x7f008407c060 con 0x7f00841065a0
2024-04-01T06:49:39.572 INFO:teuthology.orchestra.run.smithi083.stdout:/usr/bin/ceph: stderr
2024-04-01T06:49:38.971+0000 7f008946f700 1 --2- >> [v2:172.21.15.83:3300/0,v1:172.21.15.83:6789/0] conn(0x7f00841065a0 0x7f008407bb20 unknown :-1 s=BANNER_CONNECTING pgs=0 cs=0 l=1 rev1=0 crypto rx=0 tx=0 comp rx=0 tx=0)._handle_peer_banner_payload supported=3 required=0
2024-04-01T06:49:39.572 INFO:teuthology.orchestra.run.smithi083.stdout:/usr/bin/ceph: stderr
2024-04-01T06:49:38.971+0000 7f008946f700 1 --2- >> [v2:172.21.15.83:3300/0,v1:172.21.15.83:6789/0] conn(0x7f00841065a0 0x7f008407bb20 unknown :-1 s=HELLO_CONNECTING pgs=0 cs=0 l=1 rev1=1 crypto rx=0 tx=0 comp rx=0 tx=0).handle_hello peer v2:172.21.15.83:3300/0 says I am v2:172.21.15.83:45760/0 (socket says 172.21.15.83:45760)
2024-04-01T06:49:39.572 INFO:teuthology.orchestra.run.smithi083.stdout:/usr/bin/ceph: stderr
2024-04-01T06:49:38.971+0000 7f008946f700 1 -- 172.21.15.83:0/3083284259 learned_addr learned my addr 172.21.15.83:0/3083284259 (peer_addr_for_me v2:172.21.15.83:0/0)
2024-04-01T06:49:39.572 INFO:teuthology.orchestra.run.smithi083.stdout:/usr/bin/ceph: stderr
2024-04-01T06:49:38.972+0000 7f008946f700 1 -- 172.21.15.83:0/3083284259 --> [v2:172.21.15.83:3300/0,v1:172.21.15.83:6789/0] -- mon_subscribe({config=0+,monmap=0+}) v3 -- 0x7f0080009550 con 0x7f00841065a0
2024-04-01T06:49:39.572 INFO:teuthology.orchestra.run.smithi083.stdout:/usr/bin/ceph: stderr
2024-04-01T06:49:38.972+0000 7f008946f700 1 --2- 172.21.15.83:0/3083284259 >> [v2:172.21.15.83:3300/0,v1:172.21.15.83:6789/0] conn(0x7f00841065a0 0x7f008407bb20 secure :-1 s=READY pgs=77 cs=0 l=1 rev1=1 crypto rx=0x7f0080006af0 tx=0x7f0080011a10 comp rx=0 tx=0).ready entity=mon.0 client_cookie=0 server_cookie=0 in_seq=0 out_seq=0
2024-04-01T06:49:39.572 INFO:teuthology.orchestra.run.smithi083.stdout:/usr/bin/ceph: stderr
2024-04-01T06:49:38.972+0000 7f007a7fc700 1 -- 172.21.15.83:0/3083284259 <== mon.0 v2:172.21.15.83:3300/0 1 ==== mon_map magic: 0 v1 ==== 205+0+0 (secure 0 0 0) 0x7f0080003a40 con 0x7f00841065a0
2024-04-01T06:49:39.572 INFO:teuthology.orchestra.run.smithi083.stdout:/usr/bin/ceph: stderr
2024-04-01T06:49:38.972+0000 7f007a7fc700 1 -- 172.21.15.83:0/3083284259 <== mon.0 v2:172.21.15.83:3300/0 2 ==== config(26 keys) v1 ==== 1105+0+0 (secure 0 0 0) 0x7f0080003ba0 con 0x7f00841065a0
2024-04-01T06:49:39.572 INFO:teuthology.orchestra.run.smithi083.stdout:/usr/bin/ceph: stderr
2024-04-01T06:49:38.972+0000 7f007a7fc700 1 -- 172.21.15.83:0/3083284259 <== mon.0 v2:172.21.15.83:3300/0 3 ==== mon_map magic: 0 v1 ==== 205+0+0 (secure 0 0 0) 0x7f0080019690 con 0x7f00841065a0
2024-04-01T06:49:39.572 INFO:teuthology.orchestra.run.smithi083.stdout:/usr/bin/ceph: stderr
2024-04-01T06:49:38.972+0000 7f008b6d3700 1 -- 172.21.15.83:0/3083284259 --> [v2:172.21.15.83:3300/0,v1:172.21.15.83:6789/0] -- mon_subscribe({mgrmap=0+}) v3 -- 0x7f008407a2a0 con 0x7f00841065a0
2024-04-01T06:49:39.573 INFO:teuthology.orchestra.run.smithi083.stdout:/usr/bin/ceph: stderr
2024-04-01T06:49:38.972+0000 7f008b6d3700 1 -- 172.21.15.83:0/3083284259 --> [v2:172.21.15.83:3300/0,v1:172.21.15.83:6789/0] -- mon_subscribe({osdmap=0}) v3 -- 0x7f008407a740 con 0x7f00841065a0
2024-04-01T06:49:39.573 INFO:teuthology.orchestra.run.smithi083.stdout:/usr/bin/ceph: stderr
2024-04-01T06:49:38.973+0000 7f007a7fc700 1 -- 172.21.15.83:0/3083284259 <== mon.0 v2:172.21.15.83:3300/0 4 ==== mgrmap(e 12) v1 ==== 45546+0+0 (secure 0 0 0) 0x7f008001a430 con 0x7f00841065a0
2024-04-01T06:49:39.573 INFO:teuthology.orchestra.run.smithi083.stdout:/usr/bin/ceph: stderr
2024-04-01T06:49:38.973+0000 7f008b6d3700 1 -- 172.21.15.83:0/3083284259 --> [v2:172.21.15.83:3300/0,v1:172.21.15.83:6789/0] -- mon_command({"prefix": "get_command_descriptions"} v 0) v1 -- 0x7f008410a980 con 0x7f00841065a0
2024-04-01T06:49:39.573 INFO:teuthology.orchestra.run.smithi083.stdout:/usr/bin/ceph: stderr
2024-04-01T06:49:38.973+0000 7f007a7fc700 1 --2- 172.21.15.83:0/3083284259 >> [v2:172.21.15.83:6800/3375372052,v1:172.21.15.83:6801/3375372052] conn(0x7f0070038700 0x7f007003abc0 unknown :-1 s=NONE pgs=0 cs=0 l=1 rev1=0 crypto rx=0 tx=0 comp rx=0 tx=0).connect
2024-04-01T06:49:39.573 INFO:teuthology.orchestra.run.smithi083.stdout:/usr/bin/ceph: stderr
2024-04-01T06:49:38.973+0000 7f007a7fc700 1 -- 172.21.15.83:0/3083284259 <== mon.0 v2:172.21.15.83:3300/0 5 ==== osd_map(3..3 src has 1..3) v4 ==== 1155+0+0 (secure 0 0 0) 0x7f008004cb20 con 0x7f00841065a0
2024-04-01T06:49:39.573 INFO:teuthology.orchestra.run.smithi083.stdout:/usr/bin/ceph: stderr
2024-04-01T06:49:38.973+0000 7f0088c6e700 1 --2- 172.21.15.83:0/3083284259 >> [v2:172.21.15.83:6800/3375372052,v1:172.21.15.83:6801/3375372052] conn(0x7f0070038700 0x7f007003abc0 unknown :-1 s=BANNER_CONNECTING pgs=0 cs=0 l=1 rev1=0 crypto rx=0 tx=0 comp rx=0 tx=0)._handle_peer_banner_payload supported=3 required=0
2024-04-01T06:49:39.573 INFO:teuthology.orchestra.run.smithi083.stdout:/usr/bin/ceph: stderr
2024-04-01T06:49:38.973+0000 7f0088c6e700 1 --2- 172.21.15.83:0/3083284259 >> [v2:172.21.15.83:6800/3375372052,v1:172.21.15.83:6801/3375372052] conn(0x7f0070038700 0x7f007003abc0 secure :-1 s=READY pgs=10 cs=0 l=1 rev1=1 crypto rx=0x7f0074006fd0 tx=0x7f0074006e40 comp rx=0 tx=0).ready entity=mgr.14152 client_cookie=0 server_cookie=0 in_seq=0 out_seq=0
2024-04-01T06:49:39.573 INFO:teuthology.orchestra.run.smithi083.stdout:/usr/bin/ceph: stderr
2024-04-01T06:49:38.978+0000 7f007a7fc700 1 -- 172.21.15.83:0/3083284259 <== mon.0 v2:172.21.15.83:3300/0 6 ==== mon_command_ack([{"prefix": "get_command_descriptions"}]=0 v0) v1 ==== 72+0+182738 (secure 0 0 0) 0x7f0080023570 con 0x7f00841065a0
2024-04-01T06:49:39.573 INFO:teuthology.orchestra.run.smithi083.stdout:/usr/bin/ceph: stderr
2024-04-01T06:49:39.166+0000 7f008b6d3700 1 -- 172.21.15.83:0/3083284259 --> [v2:172.21.15.83:3300/0,v1:172.21.15.83:6789/0] -- mon_command([{prefix=config set, name=osd_memory_target_autotune}] v 0) v1 -- 0x7f008410abc0 con 0x7f00841065a0
2024-04-01T06:49:39.573 INFO:teuthology.orchestra.run.smithi083.stdout:/usr/bin/ceph: stderr
2024-04-01T06:49:39.167+0000 7f007a7fc700 1 -- 172.21.15.83:0/3083284259 <== mon.0 v2:172.21.15.83:3300/0 7 ==== mon_command_ack([{prefix=config set, name=osd_memory_target_autotune}]=0 v8)=0 v8) v1 ==== 127+0+0 (secure 0 0 0) 0x7f0080023390 con 0x7f00841065a0
2024-04-01T06:49:39.573 INFO:teuthology.orchestra.run.smithi083.stdout:/usr/bin/ceph: stderr
2024-04-01T06:49:39.169+0000 7f008b6d3700 1 -- 172.21.15.83:0/3083284259 >> [v2:172.21.15.83:6800/3375372052,v1:172.21.15.83:6801/3375372052] conn(0x7f0070038700 msgr2=0x7f007003abc0 secure :-1 s=STATE_CONNECTION_ESTABLISHED l=1).mark_down
2024-04-01T06:49:39.573 INFO:teuthology.orchestra.run.smithi083.stdout:/usr/bin/ceph: stderr
2024-04-01T06:49:39.169+0000 7f008b6d3700 1 --2- 172.21.15.83:0/3083284259 >> [v2:172.21.15.83:6800/3375372052,v1:172.21.15.83:6801/3375372052] conn(0x7f0070038700 0x7f007003abc0 secure :-1 s=READY pgs=10 cs=0 l=1 rev1=1 crypto rx=0x7f0074006fd0 tx=0x7f0074006e40 comp rx=0 tx=0).stop
2024-04-01T06:49:39.573 INFO:teuthology.orchestra.run.smithi083.stdout:/usr/bin/ceph: stderr
2024-04-01T06:49:39.169+0000 7f008b6d3700 1 -- 172.21.15.83:0/3083284259 >> [v2:172.21.15.83:3300/0,v1:172.21.15.83:6789/0] conn(0x7f00841065a0 msgr2=0x7f008407bb20 secure :-1 s=STATE_CONNECTION_ESTABLISHED l=1).mark_down
2024-04-01T06:49:39.573 INFO:teuthology.orchestra.run.smithi083.stdout:/usr/bin/ceph: stderr
2024-04-01T06:49:39.169+0000 7f008b6d3700 1 --2- 172.21.15.83:0/3083284259 >> [v2:172.21.15.83:3300/0,v1:172.21.15.83:6789/0] conn(0x7f00841065a0 0x7f008407bb20 secure :-1 s=READY pgs=77 cs=0 l=1 rev1=1 crypto rx=0x7f0080006af0 tx=0x7f0080011a10 comp rx=0 tx=0).stop
2024-04-01T06:49:39.573 INFO:teuthology.orchestra.run.smithi083.stdout:/usr/bin/ceph: stderr
2024-04-01T06:49:39.169+0000 7f008b6d3700 1 -- 172.21.15.83:0/3083284259 shutdown_connections
2024-04-01T06:49:39.574 INFO:teuthology.orchestra.run.smithi083.stdout:/usr/bin/ceph: stderr
2024-04-01T06:49:39.169+0000 7f008b6d3700 1 --2- 172.21.15.83:0/3083284259 >> [v2:172.21.15.83:6800/3375372052,v1:172.21.15.83:6801/3375372052] conn(0x7f0070038700 0x7f007003abc0 unknown :-1 s=CLOSED pgs=10 cs=0 l=1 rev1=1 crypto rx=0 tx=0 comp rx=0 tx=0).stop
2024-04-01T06:49:39.574 INFO:teuthology.orchestra.run.smithi083.stdout:/usr/bin/ceph: stderr
2024-04-01T06:49:39.169+0000 7f008b6d3700 1 --2- 172.21.15.83:0/3083284259 >> [v2:172.21.15.83:3300/0,v1:172.21.15.83:6789/0] conn(0x7f00841065a0 0x7f008407bb20 unknown :-1 s=CLOSED pgs=77 cs=0 l=1 rev1=1 crypto rx=0 tx=0 comp rx=0 tx=0).stop
2024-04-01T06:49:39.574 INFO:teuthology.orchestra.run.smithi083.stdout:/usr/bin/ceph: stderr
2024-04-01T06:49:39.169+0000 7f008b6d3700 1 -- 172.21.15.83:0/3083284259 >> 172.21.15.83:0/3083284259 conn(0x7f0084101b60 msgr2=0x7f0084102760 unknown :-1 s=STATE_NONE l=0).mark_down
2024-04-01T06:49:39.574 INFO:teuthology.orchestra.run.smithi083.stdout:/usr/bin/ceph: stderr
2024-04-01T06:49:39.169+0000 7f008b6d3700 1 -- 172.21.15.83:0/3083284259 shutdown_connections
2024-04-01T06:49:39.574 INFO:teuthology.orchestra.run.smithi083.stdout:/usr/bin/ceph: stderr
2024-04-01T06:49:39.169+0000 7f008b6d3700 1 -- 172.21.15.83:0/3083284259 wait complete.
2024-04-01T06:49:40.762 INFO:teuthology.orchestra.run.smithi083.stdout:/usr/bin/ceph: stderr
2024-04-01T06:49:39.965+0000 7fd45e359700 1 Processor -- start
2024-04-01T06:49:40.762 INFO:teuthology.orchestra.run.smithi083.stdout:/usr/bin/ceph: stderr
2024-04-01T06:49:39.965+0000 7fd45e359700 1 -- start start
2024-04-01T06:49:40.763 INFO:teuthology.orchestra.run.smithi083.stdout:/usr/bin/ceph: stderr
2024-04-01T06:49:39.965+0000 7fd45e359700 1 --2- >> [v2:172.21.15.83:3300/0,v1:172.21.15.83:6789/0] conn(0x7fd458106580 0x7fd4581069a0 unknown :-1 s=NONE pgs=0 cs=0 l=0 rev1=0 crypto rx=0 tx=0 comp rx=0 tx=0).connect
2024-04-01T06:49:40.763 INFO:teuthology.orchestra.run.smithi083.stdout:/usr/bin/ceph: stderr
2024-04-01T06:49:39.965+0000 7fd45e359700 1 -- --> [v2:172.21.15.83:3300/0,v1:172.21.15.83:6789/0] -- mon_getmap magic: 0 v1 -- 0x7fd458106f70 con 0x7fd458106580
2024-04-01T06:49:40.763 INFO:teuthology.orchestra.run.smithi083.stdout:/usr/bin/ceph: stderr
2024-04-01T06:49:39.966+0000 7fd457fff700 1 --2- >> [v2:172.21.15.83:3300/0,v1:172.21.15.83:6789/0] conn(0x7fd458106580 0x7fd4581069a0 unknown :-1 s=BANNER_CONNECTING pgs=0 cs=0 l=0 rev1=0 crypto rx=0 tx=0 comp rx=0 tx=0)._handle_peer_banner_payload supported=3 required=0
2024-04-01T06:49:40.763 INFO:teuthology.orchestra.run.smithi083.stdout:/usr/bin/ceph: stderr
2024-04-01T06:49:39.966+0000 7fd457fff700 1 --2- >> [v2:172.21.15.83:3300/0,v1:172.21.15.83:6789/0] conn(0x7fd458106580 0x7fd4581069a0 unknown :-1 s=HELLO_CONNECTING pgs=0 cs=0 l=0 rev1=1 crypto rx=0 tx=0 comp rx=0 tx=0).handle_hello peer v2:172.21.15.83:3300/0 says I am v2:172.21.15.83:45774/0 (socket says 172.21.15.83:45774)
2024-04-01T06:49:40.763 INFO:teuthology.orchestra.run.smithi083.stdout:/usr/bin/ceph: stderr
2024-04-01T06:49:39.966+0000 7fd457fff700 1 -- 172.21.15.83:0/774305397 learned_addr learned my addr 172.21.15.83:0/774305397 (peer_addr_for_me v2:172.21.15.83:0/0)
2024-04-01T06:49:40.763 INFO:teuthology.orchestra.run.smithi083.stdout:/usr/bin/ceph: stderr
2024-04-01T06:49:39.966+0000 7fd457fff700 1 -- 172.21.15.83:0/774305397 --> [v2:172.21.15.83:3300/0,v1:172.21.15.83:6789/0] -- mon_subscribe({config=0+,monmap=0+}) v3 -- 0x7fd458107730 con 0x7fd458106580
2024-04-01T06:49:40.763 INFO:teuthology.orchestra.run.smithi083.stdout:/usr/bin/ceph: stderr
2024-04-01T06:49:39.966+0000 7fd457fff700 1 --2- 172.21.15.83:0/774305397 >> [v2:172.21.15.83:3300/0,v1:172.21.15.83:6789/0] conn(0x7fd458106580 0x7fd4581069a0 secure :-1 s=READY pgs=78 cs=0 l=1 rev1=1 crypto rx=0x7fd44c0098a0 tx=0x7fd44c009bb0 comp rx=0 tx=0).ready entity=mon.0 client_cookie=2a957261c8bba3a9 server_cookie=0 in_seq=0 out_seq=0
2024-04-01T06:49:40.763 INFO:teuthology.orchestra.run.smithi083.stdout:/usr/bin/ceph: stderr
2024-04-01T06:49:39.966+0000 7fd456ffd700 1 -- 172.21.15.83:0/774305397 <== mon.0 v2:172.21.15.83:3300/0 1 ==== mon_map magic: 0 v1 ==== 205+0+0 (secure 0 0 0) 0x7fd44c004160 con 0x7fd458106580
2024-04-01T06:49:40.763 INFO:teuthology.orchestra.run.smithi083.stdout:/usr/bin/ceph: stderr
2024-04-01T06:49:39.966+0000 7fd456ffd700 1 -- 172.21.15.83:0/774305397 <== mon.0 v2:172.21.15.83:3300/0 2 ==== config(26 keys) v1 ==== 1105+0+0 (secure 0 0 0) 0x7fd44c0042c0 con 0x7fd458106580
2024-04-01T06:49:40.763 INFO:teuthology.orchestra.run.smithi083.stdout:/usr/bin/ceph: stderr
2024-04-01T06:49:39.966+0000 7fd456ffd700 1 -- 172.21.15.83:0/774305397 <== mon.0 v2:172.21.15.83:3300/0 3 ==== mon_map magic: 0 v1 ==== 205+0+0 (secure 0 0 0) 0x7fd44c0119b0 con 0x7fd458106580
2024-04-01T06:49:40.763 INFO:teuthology.orchestra.run.smithi083.stdout:/usr/bin/ceph: stderr
2024-04-01T06:49:39.967+0000 7fd45e359700 1 -- 172.21.15.83:0/774305397 >> [v2:172.21.15.83:3300/0,v1:172.21.15.83:6789/0] conn(0x7fd458106580 msgr2=0x7fd4581069a0 secure :-1 s=STATE_CONNECTION_ESTABLISHED l=1).mark_down
2024-04-01T06:49:40.763 INFO:teuthology.orchestra.run.smithi083.stdout:/usr/bin/ceph: stderr
2024-04-01T06:49:39.967+0000 7fd45e359700 1 --2- 172.21.15.83:0/774305397 >> [v2:172.21.15.83:3300/0,v1:172.21.15.83:6789/0] conn(0x7fd458106580 0x7fd4581069a0 secure :-1 s=READY pgs=78 cs=0 l=1 rev1=1 crypto rx=0x7fd44c0098a0 tx=0x7fd44c009bb0 comp rx=0 tx=0).stop
2024-04-01T06:49:40.763 INFO:teuthology.orchestra.run.smithi083.stdout:/usr/bin/ceph: stderr
2024-04-01T06:49:39.967+0000 7fd45e359700 1 -- 172.21.15.83:0/774305397 shutdown_connections
2024-04-01T06:49:40.763 INFO:teuthology.orchestra.run.smithi083.stdout:/usr/bin/ceph: stderr
2024-04-01T06:49:39.967+0000 7fd45e359700 1 --2- 172.21.15.83:0/774305397 >> [v2:172.21.15.83:3300/0,v1:172.21.15.83:6789/0] conn(0x7fd458106580 0x7fd4581069a0 unknown :-1 s=CLOSED pgs=78 cs=0 l=1 rev1=1 crypto rx=0 tx=0 comp rx=0 tx=0).stop
2024-04-01T06:49:40.763 INFO:teuthology.orchestra.run.smithi083.stdout:/usr/bin/ceph: stderr
2024-04-01T06:49:39.967+0000 7fd45e359700 1 -- 172.21.15.83:0/774305397 >> 172.21.15.83:0/774305397 conn(0x7fd458101b60 msgr2=0x7fd458103f80 unknown :-1 s=STATE_NONE l=0).mark_down
2024-04-01T06:49:40.764 INFO:teuthology.orchestra.run.smithi083.stdout:/usr/bin/ceph: stderr
2024-04-01T06:49:39.967+0000 7fd45e359700 1 -- 172.21.15.83:0/774305397 shutdown_connections
2024-04-01T06:49:40.764 INFO:teuthology.orchestra.run.smithi083.stdout:/usr/bin/ceph: stderr
2024-04-01T06:49:39.967+0000 7fd45e359700 1 -- 172.21.15.83:0/774305397 wait complete.
2024-04-01T06:49:40.764 INFO:teuthology.orchestra.run.smithi083.stdout:/usr/bin/ceph: stderr
2024-04-01T06:49:39.967+0000 7fd45e359700 1 Processor -- start
2024-04-01T06:49:40.764 INFO:teuthology.orchestra.run.smithi083.stdout:/usr/bin/ceph: stderr
2024-04-01T06:49:39.967+0000 7fd45e359700 1 -- start start
2024-04-01T06:49:40.764 INFO:teuthology.orchestra.run.smithi083.stdout:/usr/bin/ceph: stderr
2024-04-01T06:49:39.968+0000 7fd45e359700 1 --2- >> [v2:172.21.15.83:3300/0,v1:172.21.15.83:6789/0] conn(0x7fd458106580 0x7fd45819a2a0 unknown :-1 s=NONE pgs=0 cs=0 l=1 rev1=0 crypto rx=0 tx=0 comp rx=0 tx=0).connect
2024-04-01T06:49:40.764 INFO:teuthology.orchestra.run.smithi083.stdout:/usr/bin/ceph: stderr
2024-04-01T06:49:39.968+0000 7fd45e359700 1 -- --> [v2:172.21.15.83:3300/0,v1:172.21.15.83:6789/0] -- mon_getmap magic: 0 v1 -- 0x7fd45819a7e0 con 0x7fd458106580
2024-04-01T06:49:40.764 INFO:teuthology.orchestra.run.smithi083.stdout:/usr/bin/ceph: stderr
2024-04-01T06:49:39.968+0000 7fd457fff700 1 --2- >> [v2:172.21.15.83:3300/0,v1:172.21.15.83:6789/0] conn(0x7fd458106580 0x7fd45819a2a0 unknown :-1 s=BANNER_CONNECTING pgs=0 cs=0 l=1 rev1=0 crypto rx=0 tx=0 comp rx=0 tx=0)._handle_peer_banner_payload supported=3 required=0
2024-04-01T06:49:40.764 INFO:teuthology.orchestra.run.smithi083.stdout:/usr/bin/ceph: stderr
2024-04-01T06:49:39.968+0000 7fd457fff700 1 --2- >> [v2:172.21.15.83:3300/0,v1:172.21.15.83:6789/0] conn(0x7fd458106580 0x7fd45819a2a0 unknown :-1 s=HELLO_CONNECTING pgs=0 cs=0 l=1 rev1=1 crypto rx=0 tx=0 comp rx=0 tx=0).handle_hello peer v2:172.21.15.83:3300/0 says I am v2:172.21.15.83:45786/0 (socket says 172.21.15.83:45786)
2024-04-01T06:49:40.764 INFO:teuthology.orchestra.run.smithi083.stdout:/usr/bin/ceph: stderr
2024-04-01T06:49:39.968+0000 7fd457fff700 1 -- 172.21.15.83:0/476597056 learned_addr learned my addr 172.21.15.83:0/476597056 (peer_addr_for_me v2:172.21.15.83:0/0)
2024-04-01T06:49:40.764 INFO:teuthology.orchestra.run.smithi083.stdout:/usr/bin/ceph: stderr
2024-04-01T06:49:39.968+0000 7fd457fff700 1 -- 172.21.15.83:0/476597056 --> [v2:172.21.15.83:3300/0,v1:172.21.15.83:6789/0] -- mon_subscribe({config=0+,monmap=0+}) v3 -- 0x7fd44c009550 con 0x7fd458106580
2024-04-01T06:49:40.764 INFO:teuthology.orchestra.run.smithi083.stdout:/usr/bin/ceph: stderr
2024-04-01T06:49:39.968+0000 7fd457fff700 1 --2- 172.21.15.83:0/476597056 >> [v2:172.21.15.83:3300/0,v1:172.21.15.83:6789/0] conn(0x7fd458106580 0x7fd45819a2a0 secure :-1 s=READY pgs=79 cs=0 l=1 rev1=1 crypto rx=0x7fd44c006af0 tx=0x7fd44c011a10 comp rx=0 tx=0).ready entity=mon.0 client_cookie=0 server_cookie=0 in_seq=0 out_seq=0
2024-04-01T06:49:40.764 INFO:teuthology.orchestra.run.smithi083.stdout:/usr/bin/ceph: stderr
2024-04-01T06:49:39.968+0000 7fd4557fa700 1 -- 172.21.15.83:0/476597056 <== mon.0 v2:172.21.15.83:3300/0 1 ==== mon_map magic: 0 v1 ==== 205+0+0 (secure 0 0 0) 0x7fd44c003a40 con 0x7fd458106580
2024-04-01T06:49:40.764 INFO:teuthology.orchestra.run.smithi083.stdout:/usr/bin/ceph: stderr
2024-04-01T06:49:39.968+0000 7fd4557fa700 1 -- 172.21.15.83:0/476597056 <== mon.0 v2:172.21.15.83:3300/0 2 ==== config(26 keys) v1 ==== 1105+0+0 (secure 0 0 0) 0x7fd44c003ba0 con 0x7fd458106580
2024-04-01T06:49:40.764 INFO:teuthology.orchestra.run.smithi083.stdout:/usr/bin/ceph: stderr
2024-04-01T06:49:39.968+0000 7fd45e359700 1 -- 172.21.15.83:0/476597056 --> [v2:172.21.15.83:3300/0,v1:172.21.15.83:6789/0] -- mon_subscribe({mgrmap=0+}) v3 -- 0x7fd45819a9e0 con 0x7fd458106580
2024-04-01T06:49:40.765 INFO:teuthology.orchestra.run.smithi083.stdout:/usr/bin/ceph: stderr
2024-04-01T06:49:39.968+0000 7fd4557fa700 1 -- 172.21.15.83:0/476597056 <== mon.0 v2:172.21.15.83:3300/0 3 ==== mon_map magic: 0 v1 ==== 205+0+0 (secure 0 0 0) 0x7fd44c019690 con 0x7fd458106580
2024-04-01T06:49:40.765 INFO:teuthology.orchestra.run.smithi083.stdout:/usr/bin/ceph: stderr
2024-04-01T06:49:39.968+0000 7fd45e359700 1 -- 172.21.15.83:0/476597056 --> [v2:172.21.15.83:3300/0,v1:172.21.15.83:6789/0] -- mon_subscribe({osdmap=0}) v3 -- 0x7fd45819ae80 con 0x7fd458106580
2024-04-01T06:49:40.765 INFO:teuthology.orchestra.run.smithi083.stdout:/usr/bin/ceph: stderr
2024-04-01T06:49:39.969+0000 7fd45e359700 1 -- 172.21.15.83:0/476597056 --> [v2:172.21.15.83:3300/0,v1:172.21.15.83:6789/0] -- mon_command({"prefix": "get_command_descriptions"} v 0) v1 -- 0x7fd45810a960 con 0x7fd458106580
2024-04-01T06:49:40.765 INFO:teuthology.orchestra.run.smithi083.stdout:/usr/bin/ceph: stderr
2024-04-01T06:49:39.969+0000 7fd4557fa700 1 -- 172.21.15.83:0/476597056 <== mon.0 v2:172.21.15.83:3300/0 4 ==== mgrmap(e 13) v1 ==== 45589+0+0 (secure 0 0 0) 0x7fd44c01aa60 con 0x7fd458106580
2024-04-01T06:49:40.765 INFO:teuthology.orchestra.run.smithi083.stdout:/usr/bin/ceph: stderr
2024-04-01T06:49:39.970+0000 7fd4557fa700 1 --2- 172.21.15.83:0/476597056 >> [v2:172.21.15.83:6800/3375372052,v1:172.21.15.83:6801/3375372052] conn(0x7fd4400387f0 0x7fd44003acb0 unknown :-1 s=NONE pgs=0 cs=0 l=1 rev1=0 crypto rx=0 tx=0 comp rx=0 tx=0).connect
2024-04-01T06:49:40.765 INFO:teuthology.orchestra.run.smithi083.stdout:/usr/bin/ceph: stderr
2024-04-01T06:49:39.970+0000 7fd4557fa700 1 -- 172.21.15.83:0/476597056 <== mon.0 v2:172.21.15.83:3300/0 5 ==== osd_map(3..3 src has 1..3) v4 ==== 1155+0+0 (secure 0 0 0) 0x7fd44c04cb00 con 0x7fd458106580
2024-04-01T06:49:40.765 INFO:teuthology.orchestra.run.smithi083.stdout:/usr/bin/ceph: stderr
2024-04-01T06:49:39.970+0000 7fd4577fe700 1 --2- 172.21.15.83:0/476597056 >> [v2:172.21.15.83:6800/3375372052,v1:172.21.15.83:6801/3375372052] conn(0x7fd4400387f0 0x7fd44003acb0 unknown :-1 s=BANNER_CONNECTING pgs=0 cs=0 l=1 rev1=0 crypto rx=0 tx=0 comp rx=0 tx=0)._handle_peer_banner_payload supported=3 required=0
2024-04-01T06:49:40.765 INFO:teuthology.orchestra.run.smithi083.stdout:/usr/bin/ceph: stderr
2024-04-01T06:49:39.970+0000 7fd4577fe700 1 --2- 172.21.15.83:0/476597056 >> [v2:172.21.15.83:6800/3375372052,v1:172.21.15.83:6801/3375372052] conn(0x7fd4400387f0 0x7fd44003acb0 secure :-1 s=READY pgs=11 cs=0 l=1 rev1=1 crypto rx=0x7fd448006fd0 tx=0x7fd448006e40 comp rx=0 tx=0).ready entity=mgr.14152 client_cookie=0 server_cookie=0 in_seq=0 out_seq=0
2024-04-01T06:49:40.765 INFO:teuthology.orchestra.run.smithi083.stdout:/usr/bin/ceph: stderr
2024-04-01T06:49:39.974+0000 7fd4557fa700 1 -- 172.21.15.83:0/476597056 <== mon.0 v2:172.21.15.83:3300/0 6 ==== mon_command_ack([{"prefix": "get_command_descriptions"}]=0 v0) v1 ==== 72+0+182738 (secure 0 0 0) 0x7fd44c023780 con 0x7fd458106580
2024-04-01T06:49:40.765 INFO:teuthology.orchestra.run.smithi083.stdout:/usr/bin/ceph: stderr
2024-04-01T06:49:40.272+0000 7fd45e359700 1 -- 172.21.15.83:0/476597056 --> [v2:172.21.15.83:3300/0,v1:172.21.15.83:6789/0] -- mon_command([{prefix=config-key set, key=mgr/dashboard/cluster/status}] v 0) v1 -- 0x7fd45819d710 con 0x7fd458106580
2024-04-01T06:49:40.765 INFO:teuthology.orchestra.run.smithi083.stdout:/usr/bin/ceph: stderr
2024-04-01T06:49:40.275+0000 7fd4557fa700 1 -- 172.21.15.83:0/476597056 <== mon.0 v2:172.21.15.83:3300/0 7 ==== mon_command_ack([{prefix=config-key set, key=mgr/dashboard/cluster/status}]=0 set mgr/dashboard/cluster/status v28)=0 set mgr/dashboard/cluster/status v28) v1 ==== 153+0+0 (secure 0 0 0) 0x7fd44c023390 con 0x7fd458106580
2024-04-01T06:49:40.765 INFO:teuthology.orchestra.run.smithi083.stdout:/usr/bin/ceph: stderr
2024-04-01T06:49:40.277+0000 7fd45e359700 1 -- 172.21.15.83:0/476597056 >> [v2:172.21.15.83:6800/3375372052,v1:172.21.15.83:6801/3375372052] conn(0x7fd4400387f0 msgr2=0x7fd44003acb0 secure :-1 s=STATE_CONNECTION_ESTABLISHED l=1).mark_down
2024-04-01T06:49:40.765 INFO:teuthology.orchestra.run.smithi083.stdout:/usr/bin/ceph: stderr
2024-04-01T06:49:40.277+0000 7fd45e359700 1 --2- 172.21.15.83:0/476597056 >> [v2:172.21.15.83:6800/3375372052,v1:172.21.15.83:6801/3375372052] conn(0x7fd4400387f0 0x7fd44003acb0 secure :-1 s=READY pgs=11 cs=0 l=1 rev1=1 crypto rx=0x7fd448006fd0 tx=0x7fd448006e40 comp rx=0 tx=0).stop
2024-04-01T06:49:40.765 INFO:teuthology.orchestra.run.smithi083.stdout:/usr/bin/ceph: stderr
2024-04-01T06:49:40.277+0000 7fd45e359700 1 -- 172.21.15.83:0/476597056 >> [v2:172.21.15.83:3300/0,v1:172.21.15.83:6789/0] conn(0x7fd458106580 msgr2=0x7fd45819a2a0 secure :-1 s=STATE_CONNECTION_ESTABLISHED l=1).mark_down
2024-04-01T06:49:40.765 INFO:teuthology.orchestra.run.smithi083.stdout:/usr/bin/ceph: stderr
2024-04-01T06:49:40.277+0000 7fd45e359700 1 --2- 172.21.15.83:0/476597056 >> [v2:172.21.15.83:3300/0,v1:172.21.15.83:6789/0] conn(0x7fd458106580 0x7fd45819a2a0 secure :-1 s=READY pgs=79 cs=0 l=1 rev1=1 crypto rx=0x7fd44c006af0 tx=0x7fd44c011a10 comp rx=0 tx=0).stop
2024-04-01T06:49:40.766 INFO:teuthology.orchestra.run.smithi083.stdout:/usr/bin/ceph: stderr
2024-04-01T06:49:40.277+0000 7fd45e359700 1 -- 172.21.15.83:0/476597056 shutdown_connections
2024-04-01T06:49:40.766 INFO:teuthology.orchestra.run.smithi083.stdout:/usr/bin/ceph: stderr
2024-04-01T06:49:40.277+0000 7fd45e359700 1 --2- 172.21.15.83:0/476597056 >> [v2:172.21.15.83:6800/3375372052,v1:172.21.15.83:6801/3375372052] conn(0x7fd4400387f0 0x7fd44003acb0 unknown :-1 s=CLOSED pgs=11 cs=0 l=1 rev1=1 crypto rx=0 tx=0 comp rx=0 tx=0).stop
2024-04-01T06:49:40.766 INFO:teuthology.orchestra.run.smithi083.stdout:/usr/bin/ceph: stderr
2024-04-01T06:49:40.277+0000 7fd45e359700 1 --2- 172.21.15.83:0/476597056 >> [v2:172.21.15.83:3300/0,v1:172.21.15.83:6789/0] conn(0x7fd458106580 0x7fd45819a2a0 unknown :-1 s=CLOSED pgs=79 cs=0 l=1 rev1=1 crypto rx=0 tx=0 comp rx=0 tx=0).stop
2024-04-01T06:49:40.766 INFO:teuthology.orchestra.run.smithi083.stdout:/usr/bin/ceph: stderr
2024-04-01T06:49:40.277+0000 7fd45e359700 1 -- 172.21.15.83:0/476597056 >> 172.21.15.83:0/476597056 conn(0x7fd458101b60 msgr2=0x7fd4581026e0 unknown :-1 s=STATE_NONE l=0).mark_down
2024-04-01T06:49:40.766 INFO:teuthology.orchestra.run.smithi083.stdout:/usr/bin/ceph: stderr
2024-04-01T06:49:40.277+0000 7fd45e359700 1 -- 172.21.15.83:0/476597056 shutdown_connections
2024-04-01T06:49:40.766 INFO:teuthology.orchestra.run.smithi083.stdout:/usr/bin/ceph: stderr
2024-04-01T06:49:40.277+0000 7fd45e359700 1 -- 172.21.15.83:0/476597056 wait complete.
2024-04-01T06:49:40.766 INFO:teuthology.orchestra.run.smithi083.stdout:/usr/bin/ceph: stderr set mgr/dashboard/cluster/status
2024-04-01T06:49:40.766 INFO:teuthology.orchestra.run.smithi083.stdout:You can access the Ceph CLI as following in case of multi-cluster or non-default config:
2024-04-01T06:49:40.766 INFO:teuthology.orchestra.run.smithi083.stdout:
2024-04-01T06:49:40.766 INFO:teuthology.orchestra.run.smithi083.stdout: sudo /home/ubuntu/cephtest/cephadm shell --fsid c6f8eff4-eff3-11ee-b647-cb9ed24678a4 -c /etc/ceph/ceph.conf -k /etc/ceph/ceph.client.admin.keyring
2024-04-01T06:49:40.766 INFO:teuthology.orchestra.run.smithi083.stdout:
2024-04-01T06:49:40.766 INFO:teuthology.orchestra.run.smithi083.stdout:Or, if you are only running a single cluster on this host:
2024-04-01T06:49:40.766 INFO:teuthology.orchestra.run.smithi083.stdout:
2024-04-01T06:49:40.766 INFO:teuthology.orchestra.run.smithi083.stdout: sudo /home/ubuntu/cephtest/cephadm shell
2024-04-01T06:49:40.767 INFO:teuthology.orchestra.run.smithi083.stdout:
2024-04-01T06:49:40.767 INFO:teuthology.orchestra.run.smithi083.stdout:Please consider enabling telemetry to help improve Ceph:
2024-04-01T06:49:40.767 INFO:teuthology.orchestra.run.smithi083.stdout:
2024-04-01T06:49:40.767 INFO:teuthology.orchestra.run.smithi083.stdout: ceph telemetry on
2024-04-01T06:49:40.767 INFO:teuthology.orchestra.run.smithi083.stdout:
2024-04-01T06:49:40.767 INFO:teuthology.orchestra.run.smithi083.stdout:For more information see:
2024-04-01T06:49:40.767 INFO:teuthology.orchestra.run.smithi083.stdout:
2024-04-01T06:49:40.767 INFO:teuthology.orchestra.run.smithi083.stdout: https://docs.ceph.com/en/latest/mgr/telemetry/
2024-04-01T06:49:40.767 INFO:teuthology.orchestra.run.smithi083.stdout:
2024-04-01T06:49:40.767 INFO:teuthology.orchestra.run.smithi083.stdout:Bootstrap complete.
2024-04-01T06:49:40.796 INFO:tasks.cephadm:Fetching config...
2024-04-01T06:49:40.796 DEBUG:teuthology.orchestra.run.smithi083:> set -ex
2024-04-01T06:49:40.796 DEBUG:teuthology.orchestra.run.smithi083:> dd if=/etc/ceph/ceph.conf of=/dev/stdout
2024-04-01T06:49:40.813 INFO:tasks.cephadm:Fetching client.admin keyring...
2024-04-01T06:49:40.814 DEBUG:teuthology.orchestra.run.smithi083:> set -ex
2024-04-01T06:49:40.814 DEBUG:teuthology.orchestra.run.smithi083:> dd if=/etc/ceph/ceph.client.admin.keyring of=/dev/stdout
2024-04-01T06:49:40.871 INFO:tasks.cephadm:Fetching mon keyring...
2024-04-01T06:49:40.871 DEBUG:teuthology.orchestra.run.smithi083:> set -ex
2024-04-01T06:49:40.871 DEBUG:teuthology.orchestra.run.smithi083:> sudo dd if=/var/lib/ceph/c6f8eff4-eff3-11ee-b647-cb9ed24678a4/mon.a/keyring of=/dev/stdout
2024-04-01T06:49:40.936 INFO:journalctl@ceph.mon.a.smithi083.stdout:Apr 01 06:49:40 smithi083 ceph-mon[43429]: mgrmap e13: x(active, since 6s)
2024-04-01T06:49:40.936 INFO:journalctl@ceph.mon.a.smithi083.stdout:Apr 01 06:49:40 smithi083 ceph-mon[43429]: from='client.? 172.21.15.83:0/476597056' entity='client.admin'
2024-04-01T06:49:40.940 INFO:tasks.cephadm:Fetching pub ssh key...
2024-04-01T06:49:40.940 DEBUG:teuthology.orchestra.run.smithi083:> set -ex
2024-04-01T06:49:40.940 DEBUG:teuthology.orchestra.run.smithi083:> dd if=/home/ubuntu/cephtest/ceph.pub of=/dev/stdout
2024-04-01T06:49:40.998 INFO:tasks.cephadm:Installing pub ssh key for root users...
2024-04-01T06:49:40.998 DEBUG:teuthology.orchestra.run.smithi083:> sudo install -d -m 0700 /root/.ssh && echo 'ssh-rsa AAAAB3NzaC1yc2EAAAADAQABAAABgQDRZewNwzfbm1DechZhdt3SGepeth/+LIOGoloKply+q1fMxXyBgf6CfAbngIloidGNWi+rFS1LvUSRbSl4ambov54xC5IF/HjGiHMmcw/kJgYru9go6YGFNB8iuyaxht9PLx2ZJmPa6a96QmmM5jZJLcKA9ZclzSid6xjxdELl7DYxF3M/FXS4kUByTL0O9DTUo4QJyXSKasCGbHyyAM7z4R2woQEZ7yWVXTP18Rsq0CDM5Sw1ff1Mq5VbeDCZMFE3d2l+O18H3c6DT9wrgCLNZVGSw+vRpMKTs1xK7lwncSy4QA1gnNfOlxC48EXLiotDTScaNtkxL8u+e4Dcj4S99C0LcjZTRuXgPU6z0bsMA5MPglhOhfvs32FUYZ+xYTDDy0eID9vaC1UWO09stWKDzQ8MCASLVu/hnjEzQDrZcrj5UZC7ZBZYxKC4JsvXN+E8/VOJE0lLxkiK0ZrSKjejgENtmaX6VkHEY29J3J5KX8x6WpGUn9riNx1TIgIXqX0= ceph-c6f8eff4-eff3-11ee-b647-cb9ed24678a4' | sudo tee -a /root/.ssh/authorized_keys && sudo chmod 0600 /root/.ssh/authorized_keys
2024-04-01T06:49:41.076 INFO:teuthology.orchestra.run.smithi083.stdout:ssh-rsa AAAAB3NzaC1yc2EAAAADAQABAAABgQDRZewNwzfbm1DechZhdt3SGepeth/+LIOGoloKply+q1fMxXyBgf6CfAbngIloidGNWi+rFS1LvUSRbSl4ambov54xC5IF/HjGiHMmcw/kJgYru9go6YGFNB8iuyaxht9PLx2ZJmPa6a96QmmM5jZJLcKA9ZclzSid6xjxdELl7DYxF3M/FXS4kUByTL0O9DTUo4QJyXSKasCGbHyyAM7z4R2woQEZ7yWVXTP18Rsq0CDM5Sw1ff1Mq5VbeDCZMFE3d2l+O18H3c6DT9wrgCLNZVGSw+vRpMKTs1xK7lwncSy4QA1gnNfOlxC48EXLiotDTScaNtkxL8u+e4Dcj4S99C0LcjZTRuXgPU6z0bsMA5MPglhOhfvs32FUYZ+xYTDDy0eID9vaC1UWO09stWKDzQ8MCASLVu/hnjEzQDrZcrj5UZC7ZBZYxKC4JsvXN+E8/VOJE0lLxkiK0ZrSKjejgENtmaX6VkHEY29J3J5KX8x6WpGUn9riNx1TIgIXqX0= ceph-c6f8eff4-eff3-11ee-b647-cb9ed24678a4
2024-04-01T06:49:41.088 DEBUG:teuthology.orchestra.run.smithi145:> sudo install -d -m 0700 /root/.ssh && echo 'ssh-rsa AAAAB3NzaC1yc2EAAAADAQABAAABgQDRZewNwzfbm1DechZhdt3SGepeth/+LIOGoloKply+q1fMxXyBgf6CfAbngIloidGNWi+rFS1LvUSRbSl4ambov54xC5IF/HjGiHMmcw/kJgYru9go6YGFNB8iuyaxht9PLx2ZJmPa6a96QmmM5jZJLcKA9ZclzSid6xjxdELl7DYxF3M/FXS4kUByTL0O9DTUo4QJyXSKasCGbHyyAM7z4R2woQEZ7yWVXTP18Rsq0CDM5Sw1ff1Mq5VbeDCZMFE3d2l+O18H3c6DT9wrgCLNZVGSw+vRpMKTs1xK7lwncSy4QA1gnNfOlxC48EXLiotDTScaNtkxL8u+e4Dcj4S99C0LcjZTRuXgPU6z0bsMA5MPglhOhfvs32FUYZ+xYTDDy0eID9vaC1UWO09stWKDzQ8MCASLVu/hnjEzQDrZcrj5UZC7ZBZYxKC4JsvXN+E8/VOJE0lLxkiK0ZrSKjejgENtmaX6VkHEY29J3J5KX8x6WpGUn9riNx1TIgIXqX0= ceph-c6f8eff4-eff3-11ee-b647-cb9ed24678a4' | sudo tee -a /root/.ssh/authorized_keys && sudo chmod 0600 /root/.ssh/authorized_keys
2024-04-01T06:49:41.136 INFO:teuthology.orchestra.run.smithi145.stdout:ssh-rsa AAAAB3NzaC1yc2EAAAADAQABAAABgQDRZewNwzfbm1DechZhdt3SGepeth/+LIOGoloKply+q1fMxXyBgf6CfAbngIloidGNWi+rFS1LvUSRbSl4ambov54xC5IF/HjGiHMmcw/kJgYru9go6YGFNB8iuyaxht9PLx2ZJmPa6a96QmmM5jZJLcKA9ZclzSid6xjxdELl7DYxF3M/FXS4kUByTL0O9DTUo4QJyXSKasCGbHyyAM7z4R2woQEZ7yWVXTP18Rsq0CDM5Sw1ff1Mq5VbeDCZMFE3d2l+O18H3c6DT9wrgCLNZVGSw+vRpMKTs1xK7lwncSy4QA1gnNfOlxC48EXLiotDTScaNtkxL8u+e4Dcj4S99C0LcjZTRuXgPU6z0bsMA5MPglhOhfvs32FUYZ+xYTDDy0eID9vaC1UWO09stWKDzQ8MCASLVu/hnjEzQDrZcrj5UZC7ZBZYxKC4JsvXN+E8/VOJE0lLxkiK0ZrSKjejgENtmaX6VkHEY29J3J5KX8x6WpGUn9riNx1TIgIXqX0= ceph-c6f8eff4-eff3-11ee-b647-cb9ed24678a4
2024-04-01T06:49:41.152 DEBUG:teuthology.orchestra.run.smithi153:> sudo install -d -m 0700 /root/.ssh && echo 'ssh-rsa AAAAB3NzaC1yc2EAAAADAQABAAABgQDRZewNwzfbm1DechZhdt3SGepeth/+LIOGoloKply+q1fMxXyBgf6CfAbngIloidGNWi+rFS1LvUSRbSl4ambov54xC5IF/HjGiHMmcw/kJgYru9go6YGFNB8iuyaxht9PLx2ZJmPa6a96QmmM5jZJLcKA9ZclzSid6xjxdELl7DYxF3M/FXS4kUByTL0O9DTUo4QJyXSKasCGbHyyAM7z4R2woQEZ7yWVXTP18Rsq0CDM5Sw1ff1Mq5VbeDCZMFE3d2l+O18H3c6DT9wrgCLNZVGSw+vRpMKTs1xK7lwncSy4QA1gnNfOlxC48EXLiotDTScaNtkxL8u+e4Dcj4S99C0LcjZTRuXgPU6z0bsMA5MPglhOhfvs32FUYZ+xYTDDy0eID9vaC1UWO09stWKDzQ8MCASLVu/hnjEzQDrZcrj5UZC7ZBZYxKC4JsvXN+E8/VOJE0lLxkiK0ZrSKjejgENtmaX6VkHEY29J3J5KX8x6WpGUn9riNx1TIgIXqX0= ceph-c6f8eff4-eff3-11ee-b647-cb9ed24678a4' | sudo tee -a /root/.ssh/authorized_keys && sudo chmod 0600 /root/.ssh/authorized_keys
2024-04-01T06:49:41.197 INFO:teuthology.orchestra.run.smithi153.stdout:ssh-rsa AAAAB3NzaC1yc2EAAAADAQABAAABgQDRZewNwzfbm1DechZhdt3SGepeth/+LIOGoloKply+q1fMxXyBgf6CfAbngIloidGNWi+rFS1LvUSRbSl4ambov54xC5IF/HjGiHMmcw/kJgYru9go6YGFNB8iuyaxht9PLx2ZJmPa6a96QmmM5jZJLcKA9ZclzSid6xjxdELl7DYxF3M/FXS4kUByTL0O9DTUo4QJyXSKasCGbHyyAM7z4R2woQEZ7yWVXTP18Rsq0CDM5Sw1ff1Mq5VbeDCZMFE3d2l+O18H3c6DT9wrgCLNZVGSw+vRpMKTs1xK7lwncSy4QA1gnNfOlxC48EXLiotDTScaNtkxL8u+e4Dcj4S99C0LcjZTRuXgPU6z0bsMA5MPglhOhfvs32FUYZ+xYTDDy0eID9vaC1UWO09stWKDzQ8MCASLVu/hnjEzQDrZcrj5UZC7ZBZYxKC4JsvXN+E8/VOJE0lLxkiK0ZrSKjejgENtmaX6VkHEY29J3J5KX8x6WpGUn9riNx1TIgIXqX0= ceph-c6f8eff4-eff3-11ee-b647-cb9ed24678a4
2024-04-01T06:49:41.210 DEBUG:teuthology.orchestra.run.smithi083:> sudo /home/ubuntu/cephtest/cephadm --image quay-quay-quay.apps.os.sepia.ceph.com/ceph-ci/ceph:9d2ee692f5a7771b6f28f4467ab0ee05cf8e7a12 shell -c /etc/ceph/ceph.conf -k /etc/ceph/ceph.client.admin.keyring --fsid c6f8eff4-eff3-11ee-b647-cb9ed24678a4 -- ceph config set mgr mgr/cephadm/allow_ptrace true
2024-04-01T06:49:41.431 INFO:teuthology.orchestra.run.smithi083.stderr:Inferring config /var/lib/ceph/c6f8eff4-eff3-11ee-b647-cb9ed24678a4/mon.a/config
2024-04-01T06:49:42.513 INFO:teuthology.orchestra.run.smithi083.stderr:2024-04-01T06:49:42.513+0000 7f2e3c4b6700 1 -- 172.21.15.83:0/3497423656 >> [v2:172.21.15.83:3300/0,v1:172.21.15.83:6789/0] conn(0x7f2e341011c0 msgr2=0x7f2e341035b0 secure :-1 s=STATE_CONNECTION_ESTABLISHED l=1).mark_down
2024-04-01T06:49:42.513 INFO:teuthology.orchestra.run.smithi083.stderr:2024-04-01T06:49:42.513+0000 7f2e3c4b6700 1 --2- 172.21.15.83:0/3497423656 >> [v2:172.21.15.83:3300/0,v1:172.21.15.83:6789/0] conn(0x7f2e341011c0 0x7f2e341035b0 secure :-1 s=READY pgs=80 cs=0 l=1 rev1=1 crypto rx=0x7f2e2400b0a0 tx=0x7f2e2400b3b0 comp rx=0 tx=0).stop
2024-04-01T06:49:42.513 INFO:teuthology.orchestra.run.smithi083.stderr:2024-04-01T06:49:42.513+0000 7f2e3c4b6700 1 -- 172.21.15.83:0/3497423656 shutdown_connections
2024-04-01T06:49:42.513 INFO:teuthology.orchestra.run.smithi083.stderr:2024-04-01T06:49:42.513+0000 7f2e3c4b6700 1 --2- 172.21.15.83:0/3497423656 >> [v2:172.21.15.83:3300/0,v1:172.21.15.83:6789/0] conn(0x7f2e341011c0 0x7f2e341035b0 unknown :-1 s=CLOSED pgs=80 cs=0 l=1 rev1=1 crypto rx=0 tx=0 comp rx=0 tx=0).stop
2024-04-01T06:49:42.513 INFO:teuthology.orchestra.run.smithi083.stderr:2024-04-01T06:49:42.513+0000 7f2e3c4b6700 1 -- 172.21.15.83:0/3497423656 >> 172.21.15.83:0/3497423656 conn(0x7f2e340fabd0 msgr2=0x7f2e340fd010 unknown :-1 s=STATE_NONE l=0).mark_down
2024-04-01T06:49:42.513 INFO:teuthology.orchestra.run.smithi083.stderr:2024-04-01T06:49:42.513+0000 7f2e3c4b6700 1 -- 172.21.15.83:0/3497423656 shutdown_connections
2024-04-01T06:49:42.513 INFO:teuthology.orchestra.run.smithi083.stderr:2024-04-01T06:49:42.513+0000 7f2e3c4b6700 1 -- 172.21.15.83:0/3497423656 wait complete.
2024-04-01T06:49:42.515 INFO:teuthology.orchestra.run.smithi083.stderr:2024-04-01T06:49:42.514+0000 7f2e3c4b6700 1 Processor -- start
2024-04-01T06:49:42.515 INFO:teuthology.orchestra.run.smithi083.stderr:2024-04-01T06:49:42.514+0000 7f2e3c4b6700 1 -- start start
2024-04-01T06:49:42.515 INFO:teuthology.orchestra.run.smithi083.stderr:2024-04-01T06:49:42.514+0000 7f2e3c4b6700 1 --2- >> [v2:172.21.15.83:3300/0,v1:172.21.15.83:6789/0] conn(0x7f2e341011c0 0x7f2e341009a0 unknown :-1 s=NONE pgs=0 cs=0 l=1 rev1=0 crypto rx=0 tx=0 comp rx=0 tx=0).connect
2024-04-01T06:49:42.515 INFO:teuthology.orchestra.run.smithi083.stderr:2024-04-01T06:49:42.514+0000 7f2e3c4b6700 1 -- --> [v2:172.21.15.83:3300/0,v1:172.21.15.83:6789/0] -- mon_getmap magic: 0 v1 -- 0x7f2e34100ee0 con 0x7f2e341011c0
2024-04-01T06:49:42.515 INFO:teuthology.orchestra.run.smithi083.stderr:2024-04-01T06:49:42.514+0000 7f2e3a252700 1 --2- >> [v2:172.21.15.83:3300/0,v1:172.21.15.83:6789/0] conn(0x7f2e341011c0 0x7f2e341009a0 unknown :-1 s=BANNER_CONNECTING pgs=0 cs=0 l=1 rev1=0 crypto rx=0 tx=0 comp rx=0 tx=0)._handle_peer_banner_payload supported=3 required=0
2024-04-01T06:49:42.515 INFO:teuthology.orchestra.run.smithi083.stderr:2024-04-01T06:49:42.514+0000 7f2e3a252700 1 --2- >> [v2:172.21.15.83:3300/0,v1:172.21.15.83:6789/0] conn(0x7f2e341011c0 0x7f2e341009a0 unknown :-1 s=HELLO_CONNECTING pgs=0 cs=0 l=1 rev1=1 crypto rx=0 tx=0 comp rx=0 tx=0).handle_hello peer v2:172.21.15.83:3300/0 says I am v2:172.21.15.83:45810/0 (socket says 172.21.15.83:45810)
2024-04-01T06:49:42.515 INFO:teuthology.orchestra.run.smithi083.stderr:2024-04-01T06:49:42.514+0000 7f2e3a252700 1 -- 172.21.15.83:0/2480716845 learned_addr learned my addr 172.21.15.83:0/2480716845 (peer_addr_for_me v2:172.21.15.83:0/0)
2024-04-01T06:49:42.515 INFO:teuthology.orchestra.run.smithi083.stderr:2024-04-01T06:49:42.514+0000 7f2e3a252700 1 -- 172.21.15.83:0/2480716845 --> [v2:172.21.15.83:3300/0,v1:172.21.15.83:6789/0] -- mon_subscribe({config=0+,monmap=0+}) v3 -- 0x7f2e24009d00 con 0x7f2e341011c0
