2024-03-29T04:36:11.468+0000 7fdb40194700 1 -- 172.21.15.142:0/1612467113 >> [v2:172.21.15.142:3300/0,v1:172.21.15.142:6789/0] conn(0x7fdb38104e50 msgr2=0x7fdb3819c3a0 secure :-1 s=STATE_CONNECTION_ESTABLISHED l=1).mark_down
2024-03-29T04:36:12.362 INFO:teuthology.orchestra.run.smithi142.stdout:/usr/bin/ceph: stderr
2024-03-29T04:36:11.468+0000 7fdb40194700 1 --2- 172.21.15.142:0/1612467113 >> [v2:172.21.15.142:3300/0,v1:172.21.15.142:6789/0] conn(0x7fdb38104e50 0x7fdb3819c3a0 secure :-1 s=READY pgs=85 cs=0 l=1 rev1=1 crypto rx=0x7fdb34006ba0 tx=0x7fdb34011b50 comp rx=0 tx=0).stop
2024-03-29T04:36:12.362 INFO:teuthology.orchestra.run.smithi142.stdout:/usr/bin/ceph: stderr
2024-03-29T04:36:11.468+0000 7fdb40194700 1 -- 172.21.15.142:0/1612467113 shutdown_connections
2024-03-29T04:36:12.362 INFO:teuthology.orchestra.run.smithi142.stdout:/usr/bin/ceph: stderr
2024-03-29T04:36:11.468+0000 7fdb40194700 1 --2- 172.21.15.142:0/1612467113 >> [v2:172.21.15.142:6800/779416791,v1:172.21.15.142:6801/779416791] conn(0x7fdb24038370 0x7fdb2403a830 unknown :-1 s=CLOSED pgs=9 cs=0 l=1 rev1=1 crypto rx=0 tx=0 comp rx=0 tx=0).stop
2024-03-29T04:36:12.362 INFO:teuthology.orchestra.run.smithi142.stdout:/usr/bin/ceph: stderr
2024-03-29T04:36:11.468+0000 7fdb40194700 1 --2- 172.21.15.142:0/1612467113 >> [v2:172.21.15.142:3300/0,v1:172.21.15.142:6789/0] conn(0x7fdb38104e50 0x7fdb3819c3a0 unknown :-1 s=CLOSED pgs=85 cs=0 l=1 rev1=1 crypto rx=0 tx=0 comp rx=0 tx=0).stop
2024-03-29T04:36:12.362 INFO:teuthology.orchestra.run.smithi142.stdout:/usr/bin/ceph: stderr
2024-03-29T04:36:11.468+0000 7fdb40194700 1 -- 172.21.15.142:0/1612467113 >> 172.21.15.142:0/1612467113 conn(0x7fdb381009f0 msgr2=0x7fdb38190a10 unknown :-1 s=STATE_NONE l=0).mark_down
2024-03-29T04:36:12.362 INFO:teuthology.orchestra.run.smithi142.stdout:/usr/bin/ceph: stderr
2024-03-29T04:36:11.468+0000 7fdb40194700 1 -- 172.21.15.142:0/1612467113 shutdown_connections
2024-03-29T04:36:12.362 INFO:teuthology.orchestra.run.smithi142.stdout:/usr/bin/ceph: stderr
2024-03-29T04:36:11.468+0000 7fdb40194700 1 -- 172.21.15.142:0/1612467113 wait complete.
2024-03-29T04:36:12.363 INFO:journalctl@ceph.mon.smithi142.smithi142.stdout:Mar 29 04:36:12 smithi142 ceph-mon[29027]: from='client.? 172.21.15.142:0/1612467113' entity='client.admin' cmd=[{"prefix": "config get", "who": "mgr", "key": "mgr/dashboard/ssl_server_port"}]: dispatch
2024-03-29T04:36:12.364 INFO:teuthology.orchestra.run.smithi142.stdout:Non-zero exit code 1 from systemctl is-enabled firewalld.service
2024-03-29T04:36:12.364 INFO:teuthology.orchestra.run.smithi142.stdout:systemctl: stdout disabled
2024-03-29T04:36:12.372 INFO:teuthology.orchestra.run.smithi142.stdout:Non-zero exit code 3 from systemctl is-active firewalld.service
2024-03-29T04:36:12.372 INFO:teuthology.orchestra.run.smithi142.stdout:systemctl: stdout inactive
2024-03-29T04:36:12.372 INFO:teuthology.orchestra.run.smithi142.stdout:firewalld.service is not enabled
2024-03-29T04:36:12.372 INFO:teuthology.orchestra.run.smithi142.stdout:Not possible to open ports <[8443]>. firewalld.service is not available
2024-03-29T04:36:12.374 INFO:teuthology.orchestra.run.smithi142.stdout:Ceph Dashboard is now available at:
2024-03-29T04:36:12.374 INFO:teuthology.orchestra.run.smithi142.stdout:
2024-03-29T04:36:12.375 INFO:teuthology.orchestra.run.smithi142.stdout: URL: https://smithi142.front.sepia.ceph.com:8443/
2024-03-29T04:36:12.375 INFO:teuthology.orchestra.run.smithi142.stdout: User: admin
2024-03-29T04:36:12.375 INFO:teuthology.orchestra.run.smithi142.stdout: Password: 8ozshsdzoo
2024-03-29T04:36:12.375 INFO:teuthology.orchestra.run.smithi142.stdout:
2024-03-29T04:36:12.375 INFO:teuthology.orchestra.run.smithi142.stdout:Saving cluster configuration to /var/lib/ceph/9f96302c-ed85-11ee-95d0-87774f69a715/config directory
2024-03-29T04:36:12.375 INFO:teuthology.orchestra.run.smithi142.stdout:Enabling autotune for osd_memory_target
2024-03-29T04:36:13.608 INFO:journalctl@ceph.mon.smithi142.smithi142.stdout:Mar 29 04:36:13 smithi142 ceph-mon[29027]: mgrmap e13: smithi142.swesrg(active, since 6s)
2024-03-29T04:36:13.645 INFO:teuthology.orchestra.run.smithi142.stdout:/usr/bin/ceph: stderr
2024-03-29T04:36:12.831+0000 7f5e42204700 1 Processor -- start
2024-03-29T04:36:13.645 INFO:teuthology.orchestra.run.smithi142.stdout:/usr/bin/ceph: stderr
2024-03-29T04:36:12.831+0000 7f5e42204700 1 -- start start
2024-03-29T04:36:13.646 INFO:teuthology.orchestra.run.smithi142.stdout:/usr/bin/ceph: stderr
2024-03-29T04:36:12.831+0000 7f5e42204700 1 --2- >> [v2:172.21.15.142:3300/0,v1:172.21.15.142:6789/0] conn(0x7f5e3c106560 0x7f5e3c106980 unknown :-1 s=NONE pgs=0 cs=0 l=0 rev1=0 crypto rx=0 tx=0 comp rx=0 tx=0).connect
2024-03-29T04:36:13.646 INFO:teuthology.orchestra.run.smithi142.stdout:/usr/bin/ceph: stderr
2024-03-29T04:36:12.831+0000 7f5e42204700 1 -- --> [v2:172.21.15.142:3300/0,v1:172.21.15.142:6789/0] -- mon_getmap magic: 0 v1 -- 0x7f5e3c106f50 con 0x7f5e3c106560
2024-03-29T04:36:13.646 INFO:teuthology.orchestra.run.smithi142.stdout:/usr/bin/ceph: stderr
2024-03-29T04:36:12.831+0000 7f5e3b7fe700 1 --2- >> [v2:172.21.15.142:3300/0,v1:172.21.15.142:6789/0] conn(0x7f5e3c106560 0x7f5e3c106980 unknown :-1 s=BANNER_CONNECTING pgs=0 cs=0 l=0 rev1=0 crypto rx=0 tx=0 comp rx=0 tx=0)._handle_peer_banner_payload supported=3 required=0
2024-03-29T04:36:13.646 INFO:teuthology.orchestra.run.smithi142.stdout:/usr/bin/ceph: stderr
2024-03-29T04:36:12.831+0000 7f5e3b7fe700 1 --2- >> [v2:172.21.15.142:3300/0,v1:172.21.15.142:6789/0] conn(0x7f5e3c106560 0x7f5e3c106980 unknown :-1 s=HELLO_CONNECTING pgs=0 cs=0 l=0 rev1=1 crypto rx=0 tx=0 comp rx=0 tx=0).handle_hello peer v2:172.21.15.142:3300/0 says I am v2:172.21.15.142:58290/0 (socket says 172.21.15.142:58290)
2024-03-29T04:36:13.647 INFO:teuthology.orchestra.run.smithi142.stdout:/usr/bin/ceph: stderr
2024-03-29T04:36:12.831+0000 7f5e3b7fe700 1 -- 172.21.15.142:0/1462296161 learned_addr learned my addr 172.21.15.142:0/1462296161 (peer_addr_for_me v2:172.21.15.142:0/0)
2024-03-29T04:36:13.647 INFO:teuthology.orchestra.run.smithi142.stdout:/usr/bin/ceph: stderr
2024-03-29T04:36:12.831+0000 7f5e3b7fe700 1 -- 172.21.15.142:0/1462296161 --> [v2:172.21.15.142:3300/0,v1:172.21.15.142:6789/0] -- mon_subscribe({config=0+,monmap=0+}) v3 -- 0x7f5e3c107760 con 0x7f5e3c106560
2024-03-29T04:36:13.647 INFO:teuthology.orchestra.run.smithi142.stdout:/usr/bin/ceph: stderr
2024-03-29T04:36:12.832+0000 7f5e3b7fe700 1 --2- 172.21.15.142:0/1462296161 >> [v2:172.21.15.142:3300/0,v1:172.21.15.142:6789/0] conn(0x7f5e3c106560 0x7f5e3c106980 secure :-1 s=READY pgs=86 cs=0 l=1 rev1=1 crypto rx=0x7f5e2c0098a0 tx=0x7f5e2c009bb0 comp rx=0 tx=0).ready entity=mon.0 client_cookie=628cda2b105cbec3 server_cookie=0 in_seq=0 out_seq=0
2024-03-29T04:36:13.647 INFO:teuthology.orchestra.run.smithi142.stdout:/usr/bin/ceph: stderr
2024-03-29T04:36:12.832+0000 7f5e3a7fc700 1 -- 172.21.15.142:0/1462296161 <== mon.0 v2:172.21.15.142:3300/0 1 ==== mon_map magic: 0 v1 ==== 229+0+0 (secure 0 0 0) 0x7f5e2c004180 con 0x7f5e3c106560
2024-03-29T04:36:13.647 INFO:teuthology.orchestra.run.smithi142.stdout:/usr/bin/ceph: stderr
2024-03-29T04:36:12.832+0000 7f5e3a7fc700 1 -- 172.21.15.142:0/1462296161 <== mon.0 v2:172.21.15.142:3300/0 2 ==== config(27 keys) v1 ==== 1101+0+0 (secure 0 0 0) 0x7f5e2c0042e0 con 0x7f5e3c106560
2024-03-29T04:36:13.647 INFO:teuthology.orchestra.run.smithi142.stdout:/usr/bin/ceph: stderr
2024-03-29T04:36:12.832+0000 7f5e3a7fc700 1 -- 172.21.15.142:0/1462296161 <== mon.0 v2:172.21.15.142:3300/0 3 ==== mon_map magic: 0 v1 ==== 229+0+0 (secure 0 0 0) 0x7f5e2c011af0 con 0x7f5e3c106560
2024-03-29T04:36:13.647 INFO:teuthology.orchestra.run.smithi142.stdout:/usr/bin/ceph: stderr
2024-03-29T04:36:12.832+0000 7f5e42204700 1 -- 172.21.15.142:0/1462296161 >> [v2:172.21.15.142:3300/0,v1:172.21.15.142:6789/0] conn(0x7f5e3c106560 msgr2=0x7f5e3c106980 secure :-1 s=STATE_CONNECTION_ESTABLISHED l=1).mark_down
2024-03-29T04:36:13.648 INFO:teuthology.orchestra.run.smithi142.stdout:/usr/bin/ceph: stderr
2024-03-29T04:36:12.832+0000 7f5e42204700 1 --2- 172.21.15.142:0/1462296161 >> [v2:172.21.15.142:3300/0,v1:172.21.15.142:6789/0] conn(0x7f5e3c106560 0x7f5e3c106980 secure :-1 s=READY pgs=86 cs=0 l=1 rev1=1 crypto rx=0x7f5e2c0098a0 tx=0x7f5e2c009bb0 comp rx=0 tx=0).stop
2024-03-29T04:36:13.648 INFO:teuthology.orchestra.run.smithi142.stdout:/usr/bin/ceph: stderr
2024-03-29T04:36:12.832+0000 7f5e42204700 1 -- 172.21.15.142:0/1462296161 shutdown_connections
2024-03-29T04:36:13.648 INFO:teuthology.orchestra.run.smithi142.stdout:/usr/bin/ceph: stderr
2024-03-29T04:36:12.832+0000 7f5e42204700 1 --2- 172.21.15.142:0/1462296161 >> [v2:172.21.15.142:3300/0,v1:172.21.15.142:6789/0] conn(0x7f5e3c106560 0x7f5e3c106980 unknown :-1 s=CLOSED pgs=86 cs=0 l=1 rev1=1 crypto rx=0 tx=0 comp rx=0 tx=0).stop
2024-03-29T04:36:13.648 INFO:teuthology.orchestra.run.smithi142.stdout:/usr/bin/ceph: stderr
2024-03-29T04:36:12.832+0000 7f5e42204700 1 -- 172.21.15.142:0/1462296161 >> 172.21.15.142:0/1462296161 conn(0x7f5e3c101b40 msgr2=0x7f5e3c103f60 unknown :-1 s=STATE_NONE l=0).mark_down
2024-03-29T04:36:13.648 INFO:teuthology.orchestra.run.smithi142.stdout:/usr/bin/ceph: stderr
2024-03-29T04:36:12.832+0000 7f5e42204700 1 -- 172.21.15.142:0/1462296161 shutdown_connections
2024-03-29T04:36:13.649 INFO:teuthology.orchestra.run.smithi142.stdout:/usr/bin/ceph: stderr
2024-03-29T04:36:12.832+0000 7f5e42204700 1 -- 172.21.15.142:0/1462296161 wait complete.
2024-03-29T04:36:13.649 INFO:teuthology.orchestra.run.smithi142.stdout:/usr/bin/ceph: stderr
2024-03-29T04:36:12.833+0000 7f5e42204700 1 Processor -- start
2024-03-29T04:36:13.649 INFO:teuthology.orchestra.run.smithi142.stdout:/usr/bin/ceph: stderr
2024-03-29T04:36:12.833+0000 7f5e42204700 1 -- start start
2024-03-29T04:36:13.649 INFO:teuthology.orchestra.run.smithi142.stdout:/usr/bin/ceph: stderr
2024-03-29T04:36:12.833+0000 7f5e42204700 1 --2- >> [v2:172.21.15.142:3300/0,v1:172.21.15.142:6789/0] conn(0x7f5e3c106560 0x7f5e3c19c440 unknown :-1 s=NONE pgs=0 cs=0 l=1 rev1=0 crypto rx=0 tx=0 comp rx=0 tx=0).connect
2024-03-29T04:36:13.649 INFO:teuthology.orchestra.run.smithi142.stdout:/usr/bin/ceph: stderr
2024-03-29T04:36:12.833+0000 7f5e42204700 1 -- --> [v2:172.21.15.142:3300/0,v1:172.21.15.142:6789/0] -- mon_getmap magic: 0 v1 -- 0x7f5e3c19c980 con 0x7f5e3c106560
2024-03-29T04:36:13.649 INFO:teuthology.orchestra.run.smithi142.stdout:/usr/bin/ceph: stderr
2024-03-29T04:36:12.833+0000 7f5e3b7fe700 1 --2- >> [v2:172.21.15.142:3300/0,v1:172.21.15.142:6789/0] conn(0x7f5e3c106560 0x7f5e3c19c440 unknown :-1 s=BANNER_CONNECTING pgs=0 cs=0 l=1 rev1=0 crypto rx=0 tx=0 comp rx=0 tx=0)._handle_peer_banner_payload supported=3 required=0
2024-03-29T04:36:13.650 INFO:teuthology.orchestra.run.smithi142.stdout:/usr/bin/ceph: stderr
2024-03-29T04:36:12.833+0000 7f5e3b7fe700 1 --2- >> [v2:172.21.15.142:3300/0,v1:172.21.15.142:6789/0] conn(0x7f5e3c106560 0x7f5e3c19c440 unknown :-1 s=HELLO_CONNECTING pgs=0 cs=0 l=1 rev1=1 crypto rx=0 tx=0 comp rx=0 tx=0).handle_hello peer v2:172.21.15.142:3300/0 says I am v2:172.21.15.142:58296/0 (socket says 172.21.15.142:58296)
2024-03-29T04:36:13.650 INFO:teuthology.orchestra.run.smithi142.stdout:/usr/bin/ceph: stderr
2024-03-29T04:36:12.833+0000 7f5e3b7fe700 1 -- 172.21.15.142:0/244707946 learned_addr learned my addr 172.21.15.142:0/244707946 (peer_addr_for_me v2:172.21.15.142:0/0)
2024-03-29T04:36:13.650 INFO:teuthology.orchestra.run.smithi142.stdout:/usr/bin/ceph: stderr
2024-03-29T04:36:12.834+0000 7f5e3b7fe700 1 -- 172.21.15.142:0/244707946 --> [v2:172.21.15.142:3300/0,v1:172.21.15.142:6789/0] -- mon_subscribe({config=0+,monmap=0+}) v3 -- 0x7f5e2c009550 con 0x7f5e3c106560
2024-03-29T04:36:13.650 INFO:teuthology.orchestra.run.smithi142.stdout:/usr/bin/ceph: stderr
2024-03-29T04:36:12.834+0000 7f5e3b7fe700 1 --2- 172.21.15.142:0/244707946 >> [v2:172.21.15.142:3300/0,v1:172.21.15.142:6789/0] conn(0x7f5e3c106560 0x7f5e3c19c440 secure :-1 s=READY pgs=87 cs=0 l=1 rev1=1 crypto rx=0x7f5e2c011670 tx=0x7f5e2c011aa0 comp rx=0 tx=0).ready entity=mon.0 client_cookie=0 server_cookie=0 in_seq=0 out_seq=0
2024-03-29T04:36:13.650 INFO:teuthology.orchestra.run.smithi142.stdout:/usr/bin/ceph: stderr
2024-03-29T04:36:12.834+0000 7f5e38ff9700 1 -- 172.21.15.142:0/244707946 <== mon.0 v2:172.21.15.142:3300/0 1 ==== mon_map magic: 0 v1 ==== 229+0+0 (secure 0 0 0) 0x7f5e2c0039c0 con 0x7f5e3c106560
2024-03-29T04:36:13.650 INFO:teuthology.orchestra.run.smithi142.stdout:/usr/bin/ceph: stderr
2024-03-29T04:36:12.834+0000 7f5e38ff9700 1 -- 172.21.15.142:0/244707946 <== mon.0 v2:172.21.15.142:3300/0 2 ==== config(27 keys) v1 ==== 1101+0+0 (secure 0 0 0) 0x7f5e2c003b20 con 0x7f5e3c106560
2024-03-29T04:36:13.651 INFO:teuthology.orchestra.run.smithi142.stdout:/usr/bin/ceph: stderr
2024-03-29T04:36:12.834+0000 7f5e42204700 1 -- 172.21.15.142:0/244707946 --> [v2:172.21.15.142:3300/0,v1:172.21.15.142:6789/0] -- mon_subscribe({mgrmap=0+}) v3 -- 0x7f5e3c19cb80 con 0x7f5e3c106560
2024-03-29T04:36:13.651 INFO:teuthology.orchestra.run.smithi142.stdout:/usr/bin/ceph: stderr
2024-03-29T04:36:12.834+0000 7f5e38ff9700 1 -- 172.21.15.142:0/244707946 <== mon.0 v2:172.21.15.142:3300/0 3 ==== mon_map magic: 0 v1 ==== 229+0+0 (secure 0 0 0) 0x7f5e2c0247f0 con 0x7f5e3c106560
2024-03-29T04:36:13.651 INFO:teuthology.orchestra.run.smithi142.stdout:/usr/bin/ceph: stderr
2024-03-29T04:36:12.834+0000 7f5e42204700 1 -- 172.21.15.142:0/244707946 --> [v2:172.21.15.142:3300/0,v1:172.21.15.142:6789/0] -- mon_subscribe({osdmap=0}) v3 -- 0x7f5e3c19d020 con 0x7f5e3c106560
2024-03-29T04:36:13.651 INFO:teuthology.orchestra.run.smithi142.stdout:/usr/bin/ceph: stderr
2024-03-29T04:36:12.835+0000 7f5e38ff9700 1 -- 172.21.15.142:0/244707946 <== mon.0 v2:172.21.15.142:3300/0 4 ==== mgrmap(e 13) v1 ==== 45340+0+0 (secure 0 0 0) 0x7f5e2c024ab0 con 0x7f5e3c106560
2024-03-29T04:36:13.651 INFO:teuthology.orchestra.run.smithi142.stdout:/usr/bin/ceph: stderr
2024-03-29T04:36:12.835+0000 7f5e42204700 1 -- 172.21.15.142:0/244707946 --> [v2:172.21.15.142:3300/0,v1:172.21.15.142:6789/0] -- mon_command({"prefix": "get_command_descriptions"} v 0) v1 -- 0x7f5e3c0623c0 con 0x7f5e3c106560
2024-03-29T04:36:13.651 INFO:teuthology.orchestra.run.smithi142.stdout:/usr/bin/ceph: stderr
2024-03-29T04:36:12.835+0000 7f5e38ff9700 1 --2- 172.21.15.142:0/244707946 >> [v2:172.21.15.142:6800/779416791,v1:172.21.15.142:6801/779416791] conn(0x7f5e240383d0 0x7f5e2403a890 unknown :-1 s=NONE pgs=0 cs=0 l=1 rev1=0 crypto rx=0 tx=0 comp rx=0 tx=0).connect
2024-03-29T04:36:13.652 INFO:teuthology.orchestra.run.smithi142.stdout:/usr/bin/ceph: stderr
2024-03-29T04:36:12.835+0000 7f5e38ff9700 1 -- 172.21.15.142:0/244707946 <== mon.0 v2:172.21.15.142:3300/0 5 ==== osd_map(3..3 src has 1..3) v4 ==== 1155+0+0 (secure 0 0 0) 0x7f5e2c04c780 con 0x7f5e3c106560
2024-03-29T04:36:13.652 INFO:teuthology.orchestra.run.smithi142.stdout:/usr/bin/ceph: stderr
2024-03-29T04:36:12.835+0000 7f5e3affd700 1 --2- 172.21.15.142:0/244707946 >> [v2:172.21.15.142:6800/779416791,v1:172.21.15.142:6801/779416791] conn(0x7f5e240383d0 0x7f5e2403a890 unknown :-1 s=BANNER_CONNECTING pgs=0 cs=0 l=1 rev1=0 crypto rx=0 tx=0 comp rx=0 tx=0)._handle_peer_banner_payload supported=3 required=0
2024-03-29T04:36:13.652 INFO:teuthology.orchestra.run.smithi142.stdout:/usr/bin/ceph: stderr
2024-03-29T04:36:12.836+0000 7f5e3affd700 1 --2- 172.21.15.142:0/244707946 >> [v2:172.21.15.142:6800/779416791,v1:172.21.15.142:6801/779416791] conn(0x7f5e240383d0 0x7f5e2403a890 secure :-1 s=READY pgs=10 cs=0 l=1 rev1=1 crypto rx=0x7f5e30006fd0 tx=0x7f5e30006e40 comp rx=0 tx=0).ready entity=mgr.14162 client_cookie=0 server_cookie=0 in_seq=0 out_seq=0
2024-03-29T04:36:13.653 INFO:teuthology.orchestra.run.smithi142.stdout:/usr/bin/ceph: stderr
2024-03-29T04:36:12.840+0000 7f5e38ff9700 1 -- 172.21.15.142:0/244707946 <== mon.0 v2:172.21.15.142:3300/0 6 ==== mon_command_ack([{"prefix": "get_command_descriptions"}]=0 v0) v1 ==== 72+0+180422 (secure 0 0 0) 0x7f5e2c022720 con 0x7f5e3c106560
2024-03-29T04:36:13.653 INFO:teuthology.orchestra.run.smithi142.stdout:/usr/bin/ceph: stderr
2024-03-29T04:36:13.026+0000 7f5e42204700 1 -- 172.21.15.142:0/244707946 --> [v2:172.21.15.142:3300/0,v1:172.21.15.142:6789/0] -- mon_command([{prefix=config set, name=osd_memory_target_autotune}] v 0) v1 -- 0x7f5e3c19fe60 con 0x7f5e3c106560
2024-03-29T04:36:13.653 INFO:teuthology.orchestra.run.smithi142.stdout:/usr/bin/ceph: stderr
2024-03-29T04:36:13.027+0000 7f5e38ff9700 1 -- 172.21.15.142:0/244707946 <== mon.0 v2:172.21.15.142:3300/0 7 ==== mon_command_ack([{prefix=config set, name=osd_memory_target_autotune}]=0 v8)=0 v8) v1 ==== 127+0+0 (secure 0 0 0) 0x7f5e2c02c350 con 0x7f5e3c106560
2024-03-29T04:36:13.653 INFO:teuthology.orchestra.run.smithi142.stdout:/usr/bin/ceph: stderr
2024-03-29T04:36:13.029+0000 7f5e42204700 1 -- 172.21.15.142:0/244707946 >> [v2:172.21.15.142:6800/779416791,v1:172.21.15.142:6801/779416791] conn(0x7f5e240383d0 msgr2=0x7f5e2403a890 secure :-1 s=STATE_CONNECTION_ESTABLISHED l=1).mark_down
2024-03-29T04:36:13.653 INFO:teuthology.orchestra.run.smithi142.stdout:/usr/bin/ceph: stderr
2024-03-29T04:36:13.029+0000 7f5e42204700 1 --2- 172.21.15.142:0/244707946 >> [v2:172.21.15.142:6800/779416791,v1:172.21.15.142:6801/779416791] conn(0x7f5e240383d0 0x7f5e2403a890 secure :-1 s=READY pgs=10 cs=0 l=1 rev1=1 crypto rx=0x7f5e30006fd0 tx=0x7f5e30006e40 comp rx=0 tx=0).stop
2024-03-29T04:36:13.653 INFO:teuthology.orchestra.run.smithi142.stdout:/usr/bin/ceph: stderr
2024-03-29T04:36:13.029+0000 7f5e42204700 1 -- 172.21.15.142:0/244707946 >> [v2:172.21.15.142:3300/0,v1:172.21.15.142:6789/0] conn(0x7f5e3c106560 msgr2=0x7f5e3c19c440 secure :-1 s=STATE_CONNECTION_ESTABLISHED l=1).mark_down
2024-03-29T04:36:13.654 INFO:teuthology.orchestra.run.smithi142.stdout:/usr/bin/ceph: stderr
2024-03-29T04:36:13.029+0000 7f5e42204700 1 --2- 172.21.15.142:0/244707946 >> [v2:172.21.15.142:3300/0,v1:172.21.15.142:6789/0] conn(0x7f5e3c106560 0x7f5e3c19c440 secure :-1 s=READY pgs=87 cs=0 l=1 rev1=1 crypto rx=0x7f5e2c011670 tx=0x7f5e2c011aa0 comp rx=0 tx=0).stop
2024-03-29T04:36:13.654 INFO:teuthology.orchestra.run.smithi142.stdout:/usr/bin/ceph: stderr
2024-03-29T04:36:13.029+0000 7f5e42204700 1 -- 172.21.15.142:0/244707946 shutdown_connections
2024-03-29T04:36:13.654 INFO:teuthology.orchestra.run.smithi142.stdout:/usr/bin/ceph: stderr
2024-03-29T04:36:13.029+0000 7f5e42204700 1 --2- 172.21.15.142:0/244707946 >> [v2:172.21.15.142:6800/779416791,v1:172.21.15.142:6801/779416791] conn(0x7f5e240383d0 0x7f5e2403a890 unknown :-1 s=CLOSED pgs=10 cs=0 l=1 rev1=1 crypto rx=0 tx=0 comp rx=0 tx=0).stop
2024-03-29T04:36:13.654 INFO:teuthology.orchestra.run.smithi142.stdout:/usr/bin/ceph: stderr
2024-03-29T04:36:13.029+0000 7f5e42204700 1 --2- 172.21.15.142:0/244707946 >> [v2:172.21.15.142:3300/0,v1:172.21.15.142:6789/0] conn(0x7f5e3c106560 0x7f5e3c19c440 unknown :-1 s=CLOSED pgs=87 cs=0 l=1 rev1=1 crypto rx=0 tx=0 comp rx=0 tx=0).stop
2024-03-29T04:36:13.654 INFO:teuthology.orchestra.run.smithi142.stdout:/usr/bin/ceph: stderr
2024-03-29T04:36:13.029+0000 7f5e42204700 1 -- 172.21.15.142:0/244707946 >> 172.21.15.142:0/244707946 conn(0x7f5e3c101b40 msgr2=0x7f5e3c1028e0 unknown :-1 s=STATE_NONE l=0).mark_down
2024-03-29T04:36:13.655 INFO:teuthology.orchestra.run.smithi142.stdout:/usr/bin/ceph: stderr
2024-03-29T04:36:13.029+0000 7f5e42204700 1 -- 172.21.15.142:0/244707946 shutdown_connections
2024-03-29T04:36:13.655 INFO:teuthology.orchestra.run.smithi142.stdout:/usr/bin/ceph: stderr
2024-03-29T04:36:13.029+0000 7f5e42204700 1 -- 172.21.15.142:0/244707946 wait complete.
2024-03-29T04:36:14.954 INFO:teuthology.orchestra.run.smithi142.stdout:/usr/bin/ceph: stderr
2024-03-29T04:36:14.073+0000 7f1012232700 1 Processor -- start
2024-03-29T04:36:14.954 INFO:teuthology.orchestra.run.smithi142.stdout:/usr/bin/ceph: stderr
2024-03-29T04:36:14.073+0000 7f1012232700 1 -- start start
2024-03-29T04:36:14.954 INFO:teuthology.orchestra.run.smithi142.stdout:/usr/bin/ceph: stderr
2024-03-29T04:36:14.073+0000 7f1012232700 1 --2- >> [v2:172.21.15.142:3300/0,v1:172.21.15.142:6789/0] conn(0x7f100c107020 0x7f100c109410 unknown :-1 s=NONE pgs=0 cs=0 l=0 rev1=0 crypto rx=0 tx=0 comp rx=0 tx=0).connect
2024-03-29T04:36:14.954 INFO:teuthology.orchestra.run.smithi142.stdout:/usr/bin/ceph: stderr
2024-03-29T04:36:14.073+0000 7f1012232700 1 -- --> [v2:172.21.15.142:3300/0,v1:172.21.15.142:6789/0] -- mon_getmap magic: 0 v1 -- 0x7f100c074640 con 0x7f100c107020
2024-03-29T04:36:14.954 INFO:teuthology.orchestra.run.smithi142.stdout:/usr/bin/ceph: stderr
2024-03-29T04:36:14.074+0000 7f100b7fe700 1 --2- >> [v2:172.21.15.142:3300/0,v1:172.21.15.142:6789/0] conn(0x7f100c107020 0x7f100c109410 unknown :-1 s=BANNER_CONNECTING pgs=0 cs=0 l=0 rev1=0 crypto rx=0 tx=0 comp rx=0 tx=0)._handle_peer_banner_payload supported=3 required=0
2024-03-29T04:36:14.954 INFO:teuthology.orchestra.run.smithi142.stdout:/usr/bin/ceph: stderr
2024-03-29T04:36:14.074+0000 7f100b7fe700 1 --2- >> [v2:172.21.15.142:3300/0,v1:172.21.15.142:6789/0] conn(0x7f100c107020 0x7f100c109410 unknown :-1 s=HELLO_CONNECTING pgs=0 cs=0 l=0 rev1=1 crypto rx=0 tx=0 comp rx=0 tx=0).handle_hello peer v2:172.21.15.142:3300/0 says I am v2:172.21.15.142:58302/0 (socket says 172.21.15.142:58302)
2024-03-29T04:36:14.955 INFO:teuthology.orchestra.run.smithi142.stdout:/usr/bin/ceph: stderr
2024-03-29T04:36:14.074+0000 7f100b7fe700 1 -- 172.21.15.142:0/122444486 learned_addr learned my addr 172.21.15.142:0/122444486 (peer_addr_for_me v2:172.21.15.142:0/0)
2024-03-29T04:36:14.955 INFO:teuthology.orchestra.run.smithi142.stdout:/usr/bin/ceph: stderr
2024-03-29T04:36:14.074+0000 7f100b7fe700 1 -- 172.21.15.142:0/122444486 --> [v2:172.21.15.142:3300/0,v1:172.21.15.142:6789/0] -- mon_subscribe({config=0+,monmap=0+}) v3 -- 0x7f100c109950 con 0x7f100c107020
2024-03-29T04:36:14.955 INFO:teuthology.orchestra.run.smithi142.stdout:/usr/bin/ceph: stderr
2024-03-29T04:36:14.074+0000 7f100b7fe700 1 --2- 172.21.15.142:0/122444486 >> [v2:172.21.15.142:3300/0,v1:172.21.15.142:6789/0] conn(0x7f100c107020 0x7f100c109410 secure :-1 s=READY pgs=88 cs=0 l=1 rev1=1 crypto rx=0x7f0ffc0098a0 tx=0x7f0ffc009bb0 comp rx=0 tx=0).ready entity=mon.0 client_cookie=4f7958901166a1be server_cookie=0 in_seq=0 out_seq=0
2024-03-29T04:36:14.955 INFO:teuthology.orchestra.run.smithi142.stdout:/usr/bin/ceph: stderr
2024-03-29T04:36:14.074+0000 7f100affd700 1 -- 172.21.15.142:0/122444486 <== mon.0 v2:172.21.15.142:3300/0 1 ==== mon_map magic: 0 v1 ==== 229+0+0 (secure 0 0 0) 0x7f0ffc004180 con 0x7f100c107020
2024-03-29T04:36:14.955 INFO:teuthology.orchestra.run.smithi142.stdout:/usr/bin/ceph: stderr
2024-03-29T04:36:14.074+0000 7f100affd700 1 -- 172.21.15.142:0/122444486 <== mon.0 v2:172.21.15.142:3300/0 2 ==== config(27 keys) v1 ==== 1101+0+0 (secure 0 0 0) 0x7f0ffc0042e0 con 0x7f100c107020
2024-03-29T04:36:14.955 INFO:teuthology.orchestra.run.smithi142.stdout:/usr/bin/ceph: stderr
2024-03-29T04:36:14.074+0000 7f100affd700 1 -- 172.21.15.142:0/122444486 <== mon.0 v2:172.21.15.142:3300/0 3 ==== mon_map magic: 0 v1 ==== 229+0+0 (secure 0 0 0) 0x7f0ffc011af0 con 0x7f100c107020
2024-03-29T04:36:14.955 INFO:teuthology.orchestra.run.smithi142.stdout:/usr/bin/ceph: stderr
2024-03-29T04:36:14.075+0000 7f1012232700 1 -- 172.21.15.142:0/122444486 >> [v2:172.21.15.142:3300/0,v1:172.21.15.142:6789/0] conn(0x7f100c107020 msgr2=0x7f100c109410 secure :-1 s=STATE_CONNECTION_ESTABLISHED l=1).mark_down
2024-03-29T04:36:14.955 INFO:teuthology.orchestra.run.smithi142.stdout:/usr/bin/ceph: stderr
2024-03-29T04:36:14.075+0000 7f1012232700 1 --2- 172.21.15.142:0/122444486 >> [v2:172.21.15.142:3300/0,v1:172.21.15.142:6789/0] conn(0x7f100c107020 0x7f100c109410 secure :-1 s=READY pgs=88 cs=0 l=1 rev1=1 crypto rx=0x7f0ffc0098a0 tx=0x7f0ffc009bb0 comp rx=0 tx=0).stop
2024-03-29T04:36:14.955 INFO:teuthology.orchestra.run.smithi142.stdout:/usr/bin/ceph: stderr
2024-03-29T04:36:14.075+0000 7f1012232700 1 -- 172.21.15.142:0/122444486 shutdown_connections
2024-03-29T04:36:14.955 INFO:teuthology.orchestra.run.smithi142.stdout:/usr/bin/ceph: stderr
2024-03-29T04:36:14.075+0000 7f1012232700 1 --2- 172.21.15.142:0/122444486 >> [v2:172.21.15.142:3300/0,v1:172.21.15.142:6789/0] conn(0x7f100c107020 0x7f100c109410 unknown :-1 s=CLOSED pgs=88 cs=0 l=1 rev1=1 crypto rx=0 tx=0 comp rx=0 tx=0).stop
2024-03-29T04:36:14.955 INFO:teuthology.orchestra.run.smithi142.stdout:/usr/bin/ceph: stderr
2024-03-29T04:36:14.075+0000 7f1012232700 1 -- 172.21.15.142:0/122444486 >> 172.21.15.142:0/122444486 conn(0x7f100c1009f0 msgr2=0x7f100c102e50 unknown :-1 s=STATE_NONE l=0).mark_down
2024-03-29T04:36:14.955 INFO:teuthology.orchestra.run.smithi142.stdout:/usr/bin/ceph: stderr
2024-03-29T04:36:14.075+0000 7f1012232700 1 -- 172.21.15.142:0/122444486 shutdown_connections
2024-03-29T04:36:14.955 INFO:teuthology.orchestra.run.smithi142.stdout:/usr/bin/ceph: stderr
2024-03-29T04:36:14.075+0000 7f1012232700 1 -- 172.21.15.142:0/122444486 wait complete.
2024-03-29T04:36:14.956 INFO:teuthology.orchestra.run.smithi142.stdout:/usr/bin/ceph: stderr
2024-03-29T04:36:14.076+0000 7f1012232700 1 Processor -- start
2024-03-29T04:36:14.956 INFO:teuthology.orchestra.run.smithi142.stdout:/usr/bin/ceph: stderr
2024-03-29T04:36:14.076+0000 7f1012232700 1 -- start start
2024-03-29T04:36:14.956 INFO:teuthology.orchestra.run.smithi142.stdout:/usr/bin/ceph: stderr
2024-03-29T04:36:14.076+0000 7f1012232700 1 --2- >> [v2:172.21.15.142:3300/0,v1:172.21.15.142:6789/0] conn(0x7f100c107020 0x7f100c19a180 unknown :-1 s=NONE pgs=0 cs=0 l=1 rev1=0 crypto rx=0 tx=0 comp rx=0 tx=0).connect
2024-03-29T04:36:14.956 INFO:teuthology.orchestra.run.smithi142.stdout:/usr/bin/ceph: stderr
2024-03-29T04:36:14.076+0000 7f1012232700 1 -- --> [v2:172.21.15.142:3300/0,v1:172.21.15.142:6789/0] -- mon_getmap magic: 0 v1 -- 0x7f100c19a6c0 con 0x7f100c107020
2024-03-29T04:36:14.956 INFO:teuthology.orchestra.run.smithi142.stdout:/usr/bin/ceph: stderr
2024-03-29T04:36:14.076+0000 7f100b7fe700 1 --2- >> [v2:172.21.15.142:3300/0,v1:172.21.15.142:6789/0] conn(0x7f100c107020 0x7f100c19a180 unknown :-1 s=BANNER_CONNECTING pgs=0 cs=0 l=1 rev1=0 crypto rx=0 tx=0 comp rx=0 tx=0)._handle_peer_banner_payload supported=3 required=0
2024-03-29T04:36:14.956 INFO:teuthology.orchestra.run.smithi142.stdout:/usr/bin/ceph: stderr
2024-03-29T04:36:14.076+0000 7f100b7fe700 1 --2- >> [v2:172.21.15.142:3300/0,v1:172.21.15.142:6789/0] conn(0x7f100c107020 0x7f100c19a180 unknown :-1 s=HELLO_CONNECTING pgs=0 cs=0 l=1 rev1=1 crypto rx=0 tx=0 comp rx=0 tx=0).handle_hello peer v2:172.21.15.142:3300/0 says I am v2:172.21.15.142:58312/0 (socket says 172.21.15.142:58312)
2024-03-29T04:36:14.956 INFO:teuthology.orchestra.run.smithi142.stdout:/usr/bin/ceph: stderr
2024-03-29T04:36:14.076+0000 7f100b7fe700 1 -- 172.21.15.142:0/180027233 learned_addr learned my addr 172.21.15.142:0/180027233 (peer_addr_for_me v2:172.21.15.142:0/0)
2024-03-29T04:36:14.956 INFO:teuthology.orchestra.run.smithi142.stdout:/usr/bin/ceph: stderr
2024-03-29T04:36:14.076+0000 7f100b7fe700 1 -- 172.21.15.142:0/180027233 --> [v2:172.21.15.142:3300/0,v1:172.21.15.142:6789/0] -- mon_subscribe({config=0+,monmap=0+}) v3 -- 0x7f0ffc009550 con 0x7f100c107020
2024-03-29T04:36:14.956 INFO:teuthology.orchestra.run.smithi142.stdout:/usr/bin/ceph: stderr
2024-03-29T04:36:14.076+0000 7f100b7fe700 1 --2- 172.21.15.142:0/180027233 >> [v2:172.21.15.142:3300/0,v1:172.21.15.142:6789/0] conn(0x7f100c107020 0x7f100c19a180 secure :-1 s=READY pgs=89 cs=0 l=1 rev1=1 crypto rx=0x7f0ffc006ba0 tx=0x7f0ffc011b50 comp rx=0 tx=0).ready entity=mon.0 client_cookie=0 server_cookie=0 in_seq=0 out_seq=0
2024-03-29T04:36:14.956 INFO:teuthology.orchestra.run.smithi142.stdout:/usr/bin/ceph: stderr
2024-03-29T04:36:14.077+0000 7f10097fa700 1 -- 172.21.15.142:0/180027233 <== mon.0 v2:172.21.15.142:3300/0 1 ==== mon_map magic: 0 v1 ==== 229+0+0 (secure 0 0 0) 0x7f0ffc003b00 con 0x7f100c107020
2024-03-29T04:36:14.956 INFO:teuthology.orchestra.run.smithi142.stdout:/usr/bin/ceph: stderr
2024-03-29T04:36:14.077+0000 7f10097fa700 1 -- 172.21.15.142:0/180027233 <== mon.0 v2:172.21.15.142:3300/0 2 ==== config(27 keys) v1 ==== 1101+0+0 (secure 0 0 0) 0x7f0ffc01a8e0 con 0x7f100c107020
2024-03-29T04:36:14.956 INFO:teuthology.orchestra.run.smithi142.stdout:/usr/bin/ceph: stderr
2024-03-29T04:36:14.077+0000 7f1012232700 1 -- 172.21.15.142:0/180027233 --> [v2:172.21.15.142:3300/0,v1:172.21.15.142:6789/0] -- mon_subscribe({mgrmap=0+}) v3 -- 0x7f100c19a8c0 con 0x7f100c107020
2024-03-29T04:36:14.956 INFO:teuthology.orchestra.run.smithi142.stdout:/usr/bin/ceph: stderr
2024-03-29T04:36:14.077+0000 7f10097fa700 1 -- 172.21.15.142:0/180027233 <== mon.0 v2:172.21.15.142:3300/0 3 ==== mon_map magic: 0 v1 ==== 229+0+0 (secure 0 0 0) 0x7f0ffc0199c0 con 0x7f100c107020
2024-03-29T04:36:14.956 INFO:teuthology.orchestra.run.smithi142.stdout:/usr/bin/ceph: stderr
2024-03-29T04:36:14.077+0000 7f1012232700 1 -- 172.21.15.142:0/180027233 --> [v2:172.21.15.142:3300/0,v1:172.21.15.142:6789/0] -- mon_subscribe({osdmap=0}) v3 -- 0x7f100c19ad60 con 0x7f100c107020
2024-03-29T04:36:14.956 INFO:teuthology.orchestra.run.smithi142.stdout:/usr/bin/ceph: stderr
2024-03-29T04:36:14.077+0000 7f10097fa700 1 -- 172.21.15.142:0/180027233 <== mon.0 v2:172.21.15.142:3300/0 4 ==== mgrmap(e 13) v1 ==== 45340+0+0 (secure 0 0 0) 0x7f0ffc019c80 con 0x7f100c107020
2024-03-29T04:36:14.957 INFO:teuthology.orchestra.run.smithi142.stdout:/usr/bin/ceph: stderr
2024-03-29T04:36:14.078+0000 7f10097fa700 1 --2- 172.21.15.142:0/180027233 >> [v2:172.21.15.142:6800/779416791,v1:172.21.15.142:6801/779416791] conn(0x7f0ff80383c0 0x7f0ff803a880 unknown :-1 s=NONE pgs=0 cs=0 l=1 rev1=0 crypto rx=0 tx=0 comp rx=0 tx=0).connect
2024-03-29T04:36:14.957 INFO:teuthology.orchestra.run.smithi142.stdout:/usr/bin/ceph: stderr
2024-03-29T04:36:14.078+0000 7f10097fa700 1 -- 172.21.15.142:0/180027233 <== mon.0 v2:172.21.15.142:3300/0 5 ==== osd_map(3..3 src has 1..3) v4 ==== 1155+0+0 (secure 0 0 0) 0x7f0ffc04c7e0 con 0x7f100c107020
2024-03-29T04:36:14.957 INFO:teuthology.orchestra.run.smithi142.stdout:/usr/bin/ceph: stderr
2024-03-29T04:36:14.078+0000 7f1002ffd700 1 --2- 172.21.15.142:0/180027233 >> [v2:172.21.15.142:6800/779416791,v1:172.21.15.142:6801/779416791] conn(0x7f0ff80383c0 0x7f0ff803a880 unknown :-1 s=BANNER_CONNECTING pgs=0 cs=0 l=1 rev1=0 crypto rx=0 tx=0 comp rx=0 tx=0)._handle_peer_banner_payload supported=3 required=0
2024-03-29T04:36:14.957 INFO:teuthology.orchestra.run.smithi142.stdout:/usr/bin/ceph: stderr
2024-03-29T04:36:14.078+0000 7f1012232700 1 -- 172.21.15.142:0/180027233 --> [v2:172.21.15.142:3300/0,v1:172.21.15.142:6789/0] -- mon_command({"prefix": "get_command_descriptions"} v 0) v1 -- 0x7f100c0623c0 con 0x7f100c107020
2024-03-29T04:36:14.957 INFO:teuthology.orchestra.run.smithi142.stdout:/usr/bin/ceph: stderr
2024-03-29T04:36:14.078+0000 7f1002ffd700 1 --2- 172.21.15.142:0/180027233 >> [v2:172.21.15.142:6800/779416791,v1:172.21.15.142:6801/779416791] conn(0x7f0ff80383c0 0x7f0ff803a880 secure :-1 s=READY pgs=11 cs=0 l=1 rev1=1 crypto rx=0x7f0ff4006fd0 tx=0x7f0ff4006e40 comp rx=0 tx=0).ready entity=mgr.14162 client_cookie=0 server_cookie=0 in_seq=0 out_seq=0
2024-03-29T04:36:14.957 INFO:teuthology.orchestra.run.smithi142.stdout:/usr/bin/ceph: stderr
2024-03-29T04:36:14.083+0000 7f10097fa700 1 -- 172.21.15.142:0/180027233 <== mon.0 v2:172.21.15.142:3300/0 6 ==== mon_command_ack([{"prefix": "get_command_descriptions"}]=0 v0) v1 ==== 72+0+180422 (secure 0 0 0) 0x7f0ffc02d440 con 0x7f100c107020
2024-03-29T04:36:14.957 INFO:teuthology.orchestra.run.smithi142.stdout:/usr/bin/ceph: stderr
2024-03-29T04:36:14.383+0000 7f1012232700 1 -- 172.21.15.142:0/180027233 --> [v2:172.21.15.142:3300/0,v1:172.21.15.142:6789/0] -- mon_command([{prefix=config-key set, key=mgr/dashboard/cluster/status}] v 0) v1 -- 0x7f100c19d720 con 0x7f100c107020
2024-03-29T04:36:14.957 INFO:teuthology.orchestra.run.smithi142.stdout:/usr/bin/ceph: stderr
2024-03-29T04:36:14.386+0000 7f10097fa700 1 -- 172.21.15.142:0/180027233 <== mon.0 v2:172.21.15.142:3300/0 7 ==== mon_command_ack([{prefix=config-key set, key=mgr/dashboard/cluster/status}]=0 set mgr/dashboard/cluster/status v34)=0 set mgr/dashboard/cluster/status v34) v1 ==== 153+0+0 (secure 0 0 0) 0x7f0ffc0172b0 con 0x7f100c107020
2024-03-29T04:36:14.957 INFO:teuthology.orchestra.run.smithi142.stdout:/usr/bin/ceph: stderr
2024-03-29T04:36:14.388+0000 7f1012232700 1 -- 172.21.15.142:0/180027233 >> [v2:172.21.15.142:6800/779416791,v1:172.21.15.142:6801/779416791] conn(0x7f0ff80383c0 msgr2=0x7f0ff803a880 secure :-1 s=STATE_CONNECTION_ESTABLISHED l=1).mark_down
2024-03-29T04:36:14.958 INFO:teuthology.orchestra.run.smithi142.stdout:/usr/bin/ceph: stderr
2024-03-29T04:36:14.388+0000 7f1012232700 1 --2- 172.21.15.142:0/180027233 >> [v2:172.21.15.142:6800/779416791,v1:172.21.15.142:6801/779416791] conn(0x7f0ff80383c0 0x7f0ff803a880 secure :-1 s=READY pgs=11 cs=0 l=1 rev1=1 crypto rx=0x7f0ff4006fd0 tx=0x7f0ff4006e40 comp rx=0 tx=0).stop
2024-03-29T04:36:14.958 INFO:teuthology.orchestra.run.smithi142.stdout:/usr/bin/ceph: stderr
2024-03-29T04:36:14.388+0000 7f1012232700 1 -- 172.21.15.142:0/180027233 >> [v2:172.21.15.142:3300/0,v1:172.21.15.142:6789/0] conn(0x7f100c107020 msgr2=0x7f100c19a180 secure :-1 s=STATE_CONNECTION_ESTABLISHED l=1).mark_down
2024-03-29T04:36:14.958 INFO:teuthology.orchestra.run.smithi142.stdout:/usr/bin/ceph: stderr
2024-03-29T04:36:14.388+0000 7f1012232700 1 --2- 172.21.15.142:0/180027233 >> [v2:172.21.15.142:3300/0,v1:172.21.15.142:6789/0] conn(0x7f100c107020 0x7f100c19a180 secure :-1 s=READY pgs=89 cs=0 l=1 rev1=1 crypto rx=0x7f0ffc006ba0 tx=0x7f0ffc011b50 comp rx=0 tx=0).stop
2024-03-29T04:36:14.958 INFO:teuthology.orchestra.run.smithi142.stdout:/usr/bin/ceph: stderr
2024-03-29T04:36:14.388+0000 7f1012232700 1 -- 172.21.15.142:0/180027233 shutdown_connections
2024-03-29T04:36:14.958 INFO:teuthology.orchestra.run.smithi142.stdout:/usr/bin/ceph: stderr
2024-03-29T04:36:14.388+0000 7f1012232700 1 --2- 172.21.15.142:0/180027233 >> [v2:172.21.15.142:6800/779416791,v1:172.21.15.142:6801/779416791] conn(0x7f0ff80383c0 0x7f0ff803a880 unknown :-1 s=CLOSED pgs=11 cs=0 l=1 rev1=1 crypto rx=0 tx=0 comp rx=0 tx=0).stop
2024-03-29T04:36:14.958 INFO:teuthology.orchestra.run.smithi142.stdout:/usr/bin/ceph: stderr
2024-03-29T04:36:14.388+0000 7f1012232700 1 --2- 172.21.15.142:0/180027233 >> [v2:172.21.15.142:3300/0,v1:172.21.15.142:6789/0] conn(0x7f100c107020 0x7f100c19a180 unknown :-1 s=CLOSED pgs=89 cs=0 l=1 rev1=1 crypto rx=0 tx=0 comp rx=0 tx=0).stop
2024-03-29T04:36:14.958 INFO:teuthology.orchestra.run.smithi142.stdout:/usr/bin/ceph: stderr
2024-03-29T04:36:14.388+0000 7f1012232700 1 -- 172.21.15.142:0/180027233 >> 172.21.15.142:0/180027233 conn(0x7f100c1009f0 msgr2=0x7f100c101740 unknown :-1 s=STATE_NONE l=0).mark_down
2024-03-29T04:36:14.958 INFO:teuthology.orchestra.run.smithi142.stdout:/usr/bin/ceph: stderr
2024-03-29T04:36:14.388+0000 7f1012232700 1 -- 172.21.15.142:0/180027233 shutdown_connections
2024-03-29T04:36:14.958 INFO:teuthology.orchestra.run.smithi142.stdout:/usr/bin/ceph: stderr
2024-03-29T04:36:14.388+0000 7f1012232700 1 -- 172.21.15.142:0/180027233 wait complete.
2024-03-29T04:36:14.958 INFO:teuthology.orchestra.run.smithi142.stdout:/usr/bin/ceph: stderr set mgr/dashboard/cluster/status
2024-03-29T04:36:14.958 INFO:teuthology.orchestra.run.smithi142.stdout:You can access the Ceph CLI as following in case of multi-cluster or non-default config:
2024-03-29T04:36:14.958 INFO:teuthology.orchestra.run.smithi142.stdout:
2024-03-29T04:36:14.958 INFO:teuthology.orchestra.run.smithi142.stdout: sudo /home/ubuntu/cephtest/cephadm shell --fsid 9f96302c-ed85-11ee-95d0-87774f69a715 -c /etc/ceph/ceph.conf -k /etc/ceph/ceph.client.admin.keyring
2024-03-29T04:36:14.959 INFO:teuthology.orchestra.run.smithi142.stdout:
2024-03-29T04:36:14.959 INFO:teuthology.orchestra.run.smithi142.stdout:Or, if you are only running a single cluster on this host:
2024-03-29T04:36:14.959 INFO:teuthology.orchestra.run.smithi142.stdout:
2024-03-29T04:36:14.959 INFO:teuthology.orchestra.run.smithi142.stdout: sudo /home/ubuntu/cephtest/cephadm shell
2024-03-29T04:36:14.959 INFO:teuthology.orchestra.run.smithi142.stdout:
2024-03-29T04:36:14.959 INFO:teuthology.orchestra.run.smithi142.stdout:Please consider enabling telemetry to help improve Ceph:
2024-03-29T04:36:14.959 INFO:teuthology.orchestra.run.smithi142.stdout:
2024-03-29T04:36:14.959 INFO:teuthology.orchestra.run.smithi142.stdout: ceph telemetry on
2024-03-29T04:36:14.959 INFO:teuthology.orchestra.run.smithi142.stdout:
2024-03-29T04:36:14.959 INFO:teuthology.orchestra.run.smithi142.stdout:For more information see:
2024-03-29T04:36:14.959 INFO:teuthology.orchestra.run.smithi142.stdout:
2024-03-29T04:36:14.959 INFO:teuthology.orchestra.run.smithi142.stdout: https://docs.ceph.com/en/latest/mgr/telemetry/
2024-03-29T04:36:14.959 INFO:teuthology.orchestra.run.smithi142.stdout:
2024-03-29T04:36:14.959 INFO:teuthology.orchestra.run.smithi142.stdout:Bootstrap complete.
2024-03-29T04:36:14.987 INFO:tasks.cephadm:Fetching config...
2024-03-29T04:36:14.987 DEBUG:teuthology.orchestra.run.smithi142:> set -ex
2024-03-29T04:36:14.987 DEBUG:teuthology.orchestra.run.smithi142:> dd if=/etc/ceph/ceph.conf of=/dev/stdout
2024-03-29T04:36:15.043 INFO:tasks.cephadm:Fetching client.admin keyring...
2024-03-29T04:36:15.043 DEBUG:teuthology.orchestra.run.smithi142:> set -ex
2024-03-29T04:36:15.043 DEBUG:teuthology.orchestra.run.smithi142:> dd if=/etc/ceph/ceph.client.admin.keyring of=/dev/stdout
2024-03-29T04:36:15.098 INFO:tasks.cephadm:Fetching mon keyring...
2024-03-29T04:36:15.098 DEBUG:teuthology.orchestra.run.smithi142:> set -ex
2024-03-29T04:36:15.099 DEBUG:teuthology.orchestra.run.smithi142:> sudo dd if=/var/lib/ceph/9f96302c-ed85-11ee-95d0-87774f69a715/mon.smithi142/keyring of=/dev/stdout
2024-03-29T04:36:15.166 INFO:tasks.cephadm:Fetching pub ssh key...
2024-03-29T04:36:15.166 DEBUG:teuthology.orchestra.run.smithi142:> set -ex
2024-03-29T04:36:15.166 DEBUG:teuthology.orchestra.run.smithi142:> dd if=/home/ubuntu/cephtest/ceph.pub of=/dev/stdout
2024-03-29T04:36:15.220 INFO:tasks.cephadm:Installing pub ssh key for root users...
2024-03-29T04:36:15.221 DEBUG:teuthology.orchestra.run.smithi142:> sudo install -d -m 0700 /root/.ssh && echo 'ssh-rsa AAAAB3NzaC1yc2EAAAADAQABAAABgQCyrWIhg0Jw/09phX82LS12t9kKJ9C2aYHfPk9qgesnBPZ3pzdAqdSgTfJNJMzYZlPr0Z+8URVxnSLng35dm/4kmQQLBpSlEO4DCfRRW3Nw0kD6Sxq6ktYpgsrOooobt+gy9M4WjZpIrzGnvNXMxcJZUcHwazDSKxoX2fupAVgB56h/iP/HIU6z0kuPbUIi/hDv0ouK2MJUYTaU4Z+qmMF6CV+acztBRBPambhWvUPgtIX2t1ntiJMHdxWZWHLKhH9pw6Apbc2Jf25Sg324gIdw1oblH2McYxG8m6ob+l/DA/lJBdQfEnY/jJWQmN2j84/McuJS2HlZKgSQTiLy5w1jsNfWqH95IYcBT+CN/FdxrszqNczIw8o9x1x4A/xKdO9XHkxhhsticv0LaxZ/RYroKitTRZ1vwQzVexMDwMixE3f1aDXmmBMgV+X5odW80QTRikb6FoQtm/vdr6jR5saT5KvBaQ8AxApHw9gBPZvJrscbVf/mwKcTY8cCYE+gdD0= ceph-9f96302c-ed85-11ee-95d0-87774f69a715' | sudo tee -a /root/.ssh/authorized_keys && sudo chmod 0600 /root/.ssh/authorized_keys
2024-03-29T04:36:15.302 INFO:teuthology.orchestra.run.smithi142.stdout:ssh-rsa AAAAB3NzaC1yc2EAAAADAQABAAABgQCyrWIhg0Jw/09phX82LS12t9kKJ9C2aYHfPk9qgesnBPZ3pzdAqdSgTfJNJMzYZlPr0Z+8URVxnSLng35dm/4kmQQLBpSlEO4DCfRRW3Nw0kD6Sxq6ktYpgsrOooobt+gy9M4WjZpIrzGnvNXMxcJZUcHwazDSKxoX2fupAVgB56h/iP/HIU6z0kuPbUIi/hDv0ouK2MJUYTaU4Z+qmMF6CV+acztBRBPambhWvUPgtIX2t1ntiJMHdxWZWHLKhH9pw6Apbc2Jf25Sg324gIdw1oblH2McYxG8m6ob+l/DA/lJBdQfEnY/jJWQmN2j84/McuJS2HlZKgSQTiLy5w1jsNfWqH95IYcBT+CN/FdxrszqNczIw8o9x1x4A/xKdO9XHkxhhsticv0LaxZ/RYroKitTRZ1vwQzVexMDwMixE3f1aDXmmBMgV+X5odW80QTRikb6FoQtm/vdr6jR5saT5KvBaQ8AxApHw9gBPZvJrscbVf/mwKcTY8cCYE+gdD0= ceph-9f96302c-ed85-11ee-95d0-87774f69a715
2024-03-29T04:36:15.315 DEBUG:teuthology.orchestra.run.smithi152:> sudo install -d -m 0700 /root/.ssh && echo 'ssh-rsa AAAAB3NzaC1yc2EAAAADAQABAAABgQCyrWIhg0Jw/09phX82LS12t9kKJ9C2aYHfPk9qgesnBPZ3pzdAqdSgTfJNJMzYZlPr0Z+8URVxnSLng35dm/4kmQQLBpSlEO4DCfRRW3Nw0kD6Sxq6ktYpgsrOooobt+gy9M4WjZpIrzGnvNXMxcJZUcHwazDSKxoX2fupAVgB56h/iP/HIU6z0kuPbUIi/hDv0ouK2MJUYTaU4Z+qmMF6CV+acztBRBPambhWvUPgtIX2t1ntiJMHdxWZWHLKhH9pw6Apbc2Jf25Sg324gIdw1oblH2McYxG8m6ob+l/DA/lJBdQfEnY/jJWQmN2j84/McuJS2HlZKgSQTiLy5w1jsNfWqH95IYcBT+CN/FdxrszqNczIw8o9x1x4A/xKdO9XHkxhhsticv0LaxZ/RYroKitTRZ1vwQzVexMDwMixE3f1aDXmmBMgV+X5odW80QTRikb6FoQtm/vdr6jR5saT5KvBaQ8AxApHw9gBPZvJrscbVf/mwKcTY8cCYE+gdD0= ceph-9f96302c-ed85-11ee-95d0-87774f69a715' | sudo tee -a /root/.ssh/authorized_keys && sudo chmod 0600 /root/.ssh/authorized_keys
2024-03-29T04:36:15.361 INFO:teuthology.orchestra.run.smithi152.stdout:ssh-rsa AAAAB3NzaC1yc2EAAAADAQABAAABgQCyrWIhg0Jw/09phX82LS12t9kKJ9C2aYHfPk9qgesnBPZ3pzdAqdSgTfJNJMzYZlPr0Z+8URVxnSLng35dm/4kmQQLBpSlEO4DCfRRW3Nw0kD6Sxq6ktYpgsrOooobt+gy9M4WjZpIrzGnvNXMxcJZUcHwazDSKxoX2fupAVgB56h/iP/HIU6z0kuPbUIi/hDv0ouK2MJUYTaU4Z+qmMF6CV+acztBRBPambhWvUPgtIX2t1ntiJMHdxWZWHLKhH9pw6Apbc2Jf25Sg324gIdw1oblH2McYxG8m6ob+l/DA/lJBdQfEnY/jJWQmN2j84/McuJS2HlZKgSQTiLy5w1jsNfWqH95IYcBT+CN/FdxrszqNczIw8o9x1x4A/xKdO9XHkxhhsticv0LaxZ/RYroKitTRZ1vwQzVexMDwMixE3f1aDXmmBMgV+X5odW80QTRikb6FoQtm/vdr6jR5saT5KvBaQ8AxApHw9gBPZvJrscbVf/mwKcTY8cCYE+gdD0= ceph-9f96302c-ed85-11ee-95d0-87774f69a715
2024-03-29T04:36:15.376 DEBUG:teuthology.orchestra.run.smithi142:> sudo /home/ubuntu/cephtest/cephadm --image quay.io/ceph/ceph:v18.2.1 shell -c /etc/ceph/ceph.conf -k /etc/ceph/ceph.client.admin.keyring --fsid 9f96302c-ed85-11ee-95d0-87774f69a715 -- ceph config set mgr mgr/cephadm/allow_ptrace true
2024-03-29T04:36:15.577 INFO:teuthology.orchestra.run.smithi142.stderr:Inferring config /var/lib/ceph/9f96302c-ed85-11ee-95d0-87774f69a715/mon.smithi142/config
2024-03-29T04:36:15.608 INFO:journalctl@ceph.mon.smithi142.smithi142.stdout:Mar 29 04:36:15 smithi142 ceph-mon[29027]: from='client.? 172.21.15.142:0/180027233' entity='client.admin'
2024-03-29T04:36:17.392 INFO:teuthology.orchestra.run.smithi142.stderr:2024-03-29T04:36:17.402+0000 7f2740c2d700 1 -- 172.21.15.142:0/2806236783 >> [v2:172.21.15.142:3300/0,v1:172.21.15.142:6789/0] conn(0x7f273c101330 msgr2=0x7f273c103720 secure :-1 s=STATE_CONNECTION_ESTABLISHED l=1).mark_down
2024-03-29T04:36:17.392 INFO:teuthology.orchestra.run.smithi142.stderr:2024-03-29T04:36:17.402+0000 7f2740c2d700 1 --2- 172.21.15.142:0/2806236783 >> [v2:172.21.15.142:3300/0,v1:172.21.15.142:6789/0] conn(0x7f273c101330 0x7f273c103720 secure :-1 s=READY pgs=90 cs=0 l=1 rev1=1 crypto rx=0x7f2734009910 tx=0x7f2734009c20 comp rx=0 tx=0).stop
2024-03-29T04:36:17.392 INFO:teuthology.orchestra.run.smithi142.stderr:2024-03-29T04:36:17.402+0000 7f2740c2d700 1 -- 172.21.15.142:0/2806236783 shutdown_connections
2024-03-29T04:36:17.392 INFO:teuthology.orchestra.run.smithi142.stderr:2024-03-29T04:36:17.402+0000 7f2740c2d700 1 --2- 172.21.15.142:0/2806236783 >> [v2:172.21.15.142:3300/0,v1:172.21.15.142:6789/0] conn(0x7f273c101330 0x7f273c103720 unknown :-1 s=CLOSED pgs=90 cs=0 l=1 rev1=1 crypto rx=0 tx=0 comp rx=0 tx=0).stop
2024-03-29T04:36:17.392 INFO:teuthology.orchestra.run.smithi142.stderr:2024-03-29T04:36:17.402+0000 7f2740c2d700 1 -- 172.21.15.142:0/2806236783 >> 172.21.15.142:0/2806236783 conn(0x7f273c0fad20 msgr2=0x7f273c0fd180 unknown :-1 s=STATE_NONE l=0).mark_down
2024-03-29T04:36:17.392 INFO:teuthology.orchestra.run.smithi142.stderr:2024-03-29T04:36:17.402+0000 7f2740c2d700 1 -- 172.21.15.142:0/2806236783 shutdown_connections
2024-03-29T04:36:17.392 INFO:teuthology.orchestra.run.smithi142.stderr:2024-03-29T04:36:17.402+0000 7f2740c2d700 1 -- 172.21.15.142:0/2806236783 wait complete.
2024-03-29T04:36:17.392 INFO:teuthology.orchestra.run.smithi142.stderr:2024-03-29T04:36:17.403+0000 7f2740c2d700 1 Processor -- start
2024-03-29T04:36:17.392 INFO:teuthology.orchestra.run.smithi142.stderr:2024-03-29T04:36:17.403+0000 7f2740c2d700 1 -- start start
2024-03-29T04:36:17.392 INFO:teuthology.orchestra.run.smithi142.stderr:2024-03-29T04:36:17.403+0000 7f2740c2d700 1 --2- >> [v2:172.21.15.142:3300/0,v1:172.21.15.142:6789/0] conn(0x7f273c101330 0x7f273c195930 unknown :-1 s=NONE pgs=0 cs=0 l=1 rev1=0 crypto rx=0 tx=0 comp rx=0 tx=0).connect
2024-03-29T04:36:17.392 INFO:teuthology.orchestra.run.smithi142.stderr:2024-03-29T04:36:17.403+0000 7f2740c2d700 1 -- --> [v2:172.21.15.142:3300/0,v1:172.21.15.142:6789/0] -- mon_getmap magic: 0 v1 -- 0x7f273c195e70 con 0x7f273c101330
2024-03-29T04:36:17.393 INFO:teuthology.orchestra.run.smithi142.stderr:2024-03-29T04:36:17.403+0000 7f273a59c700 1 --2- >> [v2:172.21.15.142:3300/0,v1:172.21.15.142:6789/0] conn(0x7f273c101330 0x7f273c195930 unknown :-1 s=BANNER_CONNECTING pgs=0 cs=0 l=1 rev1=0 crypto rx=0 tx=0 comp rx=0 tx=0)._handle_peer_banner_payload supported=3 required=0
2024-03-29T04:36:17.393 INFO:teuthology.orchestra.run.smithi142.stderr:2024-03-29T04:36:17.403+0000 7f273a59c700 1 --2- >> [v2:172.21.15.142:3300/0,v1:172.21.15.142:6789/0] conn(0x7f273c101330 0x7f273c195930 unknown :-1 s=HELLO_CONNECTING pgs=0 cs=0 l=1 rev1=1 crypto rx=0 tx=0 comp rx=0 tx=0).handle_hello peer v2:172.21.15.142:3300/0 says I am v2:172.21.15.142:58332/0 (socket says 172.21.15.142:58332)
2024-03-29T04:36:17.393 INFO:teuthology.orchestra.run.smithi142.stderr:2024-03-29T04:36:17.403+0000 7f273a59c700 1 -- 172.21.15.142:0/2234750106 learned_addr learned my addr 172.21.15.142:0/2234750106 (peer_addr_for_me v2:172.21.15.142:0/0)
2024-03-29T04:36:17.393 INFO:teuthology.orchestra.run.smithi142.stderr:2024-03-29T04:36:17.404+0000 7f273a59c700 1 -- 172.21.15.142:0/2234750106 --> [v2:172.21.15.142:3300/0,v1:172.21.15.142:6789/0] -- mon_subscribe({config=0+,monmap=0+}) v3 -- 0x7f27340095f0 con 0x7f273c101330
2024-03-29T04:36:17.393 INFO:teuthology.orchestra.run.smithi142.stderr:2024-03-29T04:36:17.404+0000 7f273a59c700 1 --2- 172.21.15.142:0/2234750106 >> [v2:172.21.15.142:3300/0,v1:172.21.15.142:6789/0] conn(0x7f273c101330 0x7f273c195930 secure :-1 s=READY pgs=91 cs=0 l=1 rev1=1 crypto rx=0x7f2734005b40 tx=0x7f2734004740 comp rx=0 tx=0).ready entity=mon.0 client_cookie=0 server_cookie=0 in_seq=0 out_seq=0
2024-03-29T04:36:17.393 INFO:teuthology.orchestra.run.smithi142.stderr:2024-03-29T04:36:17.404+0000 7f272b7fe700 1 -- 172.21.15.142:0/2234750106 <== mon.0 v2:172.21.15.142:3300/0 1 ==== mon_map magic: 0 v1 ==== 229+0+0 (secure 0 0 0) 0x7f273401d070 con 0x7f273c101330
2024-03-29T04:36:17.393 INFO:teuthology.orchestra.run.smithi142.stderr:2024-03-29T04:36:17.404+0000 7f272b7fe700 1 -- 172.21.15.142:0/2234750106 <== mon.0 v2:172.21.15.142:3300/0 2 ==== config(27 keys) v1 ==== 1101+0+0 (secure 0 0 0) 0x7f273400be10 con 0x7f273c101330
2024-03-29T04:36:17.393 INFO:teuthology.orchestra.run.smithi142.stderr:2024-03-29T04:36:17.404+0000 7f2740c2d700 1 -- 172.21.15.142:0/2234750106 --> [v2:172.21.15.142:3300/0,v1:172.21.15.142:6789/0] -- mon_subscribe({mgrmap=0+}) v3 -- 0x7f273c196070 con 0x7f273c101330
2024-03-29T04:36:17.393 INFO:teuthology.orchestra.run.smithi142.stderr:2024-03-29T04:36:17.404+0000 7f272b7fe700 1 -- 172.21.15.142:0/2234750106 <== mon.0 v2:172.21.15.142:3300/0 3 ==== mon_map magic: 0 v1 ==== 229+0+0 (secure 0 0 0) 0x7f273400f460 con 0x7f273c101330
2024-03-29T04:36:17.393 INFO:teuthology.orchestra.run.smithi142.stderr:2024-03-29T04:36:17.404+0000 7f2740c2d700 1 -- 172.21.15.142:0/2234750106 --> [v2:172.21.15.142:3300/0,v1:172.21.15.142:6789/0] -- mon_subscribe({osdmap=0}) v3 -- 0x7f273c196510 con 0x7f273c101330
2024-03-29T04:36:17.393 INFO:teuthology.orchestra.run.smithi142.stderr:2024-03-29T04:36:17.405+0000 7f272b7fe700 1 -- 172.21.15.142:0/2234750106 <== mon.0 v2:172.21.15.142:3300/0 4 ==== mgrmap(e 13) v1 ==== 45340+0+0 (secure 0 0 0) 0x7f273400f6d0 con 0x7f273c101330
2024-03-29T04:36:17.394 INFO:teuthology.orchestra.run.smithi142.stderr:2024-03-29T04:36:17.405+0000 7f272b7fe700 1 --2- 172.21.15.142:0/2234750106 >> [v2:172.21.15.142:6800/779416791,v1:172.21.15.142:6801/779416791] conn(0x7f27240383c0 0x7f272403a880 unknown :-1 s=NONE pgs=0 cs=0 l=1 rev1=0 crypto rx=0 tx=0 comp rx=0 tx=0).connect
2024-03-29T04:36:17.394 INFO:teuthology.orchestra.run.smithi142.stderr:2024-03-29T04:36:17.405+0000 7f272b7fe700 1 -- 172.21.15.142:0/2234750106 <== mon.0 v2:172.21.15.142:3300/0 5 ==== osd_map(3..3 src has 1..3) v4 ==== 1155+0+0 (secure 0 0 0) 0x7f273404d460 con 0x7f273c101330
2024-03-29T04:36:17.394 INFO:teuthology.orchestra.run.smithi142.stderr:2024-03-29T04:36:17.405+0000 7f2739d9b700 1 --2- 172.21.15.142:0/2234750106 >> [v2:172.21.15.142:6800/779416791,v1:172.21.15.142:6801/779416791] conn(0x7f27240383c0 0x7f272403a880 unknown :-1 s=BANNER_CONNECTING pgs=0 cs=0 l=1 rev1=0 crypto rx=0 tx=0 comp rx=0 tx=0)._handle_peer_banner_payload supported=3 required=0
2024-03-29T04:36:17.394 INFO:teuthology.orchestra.run.smithi142.stderr:2024-03-29T04:36:17.405+0000 7f2740c2d700 1 -- 172.21.15.142:0/2234750106 --> [v2:172.21.15.142:3300/0,v1:172.21.15.142:6789/0] -- mon_command({"prefix": "get_command_descriptions"} v 0) v1 -- 0x7f273c18f4c0 con 0x7f273c101330
2024-03-29T04:36:17.394 INFO:teuthology.orchestra.run.smithi142.stderr:2024-03-29T04:36:17.405+0000 7f2739d9b700 1 --2- 172.21.15.142:0/2234750106 >> [v2:172.21.15.142:6800/779416791,v1:172.21.15.142:6801/779416791] conn(0x7f27240383c0 0x7f272403a880 secure :-1 s=READY pgs=12 cs=0 l=1 rev1=1 crypto rx=0x7f2730006fd0 tx=0x7f2730006e40 comp rx=0 tx=0).ready entity=mgr.14162 client_cookie=0 server_cookie=0 in_seq=0 out_seq=0
2024-03-29T04:36:17.397 INFO:teuthology.orchestra.run.smithi142.stderr:2024-03-29T04:36:17.410+0000 7f272b7fe700 1 -- 172.21.15.142:0/2234750106 <== mon.0 v2:172.21.15.142:3300/0 6 ==== mon_command_ack([{"prefix": "get_command_descriptions"}]=0 v0) v1 ==== 72+0+180422 (secure 0 0 0) 0x7f2734027070 con 0x7f273c101330
