2024-03-29T04:35:47.361 INFO:teuthology.orchestra.run.smithi142.stdout:/usr/bin/ceph: stderr
2024-03-29T04:35:46.003+0000 7f0deb7fe700 1 --2- >> [v2:172.21.15.142:3300/0,v1:172.21.15.142:6789/0] conn(0x7f0dec1070c0 0x7f0dec106a20 unknown :-1 s=BANNER_CONNECTING pgs=0 cs=0 l=1 rev1=0 crypto rx=0 tx=0 comp rx=0 tx=0)._handle_peer_banner_payload supported=3 required=0
2024-03-29T04:35:47.361 INFO:teuthology.orchestra.run.smithi142.stdout:/usr/bin/ceph: stderr
2024-03-29T04:35:46.003+0000 7f0deb7fe700 1 --2- >> [v2:172.21.15.142:3300/0,v1:172.21.15.142:6789/0] conn(0x7f0dec1070c0 0x7f0dec106a20 unknown :-1 s=HELLO_CONNECTING pgs=0 cs=0 l=1 rev1=1 crypto rx=0 tx=0 comp rx=0 tx=0).handle_hello peer v2:172.21.15.142:3300/0 says I am v2:172.21.15.142:43004/0 (socket says 172.21.15.142:43004)
2024-03-29T04:35:47.361 INFO:teuthology.orchestra.run.smithi142.stdout:/usr/bin/ceph: stderr
2024-03-29T04:35:46.003+0000 7f0deb7fe700 1 -- 172.21.15.142:0/2128899474 learned_addr learned my addr 172.21.15.142:0/2128899474 (peer_addr_for_me v2:172.21.15.142:0/0)
2024-03-29T04:35:47.361 INFO:teuthology.orchestra.run.smithi142.stdout:/usr/bin/ceph: stderr
2024-03-29T04:35:46.004+0000 7f0deb7fe700 1 -- 172.21.15.142:0/2128899474 --> [v2:172.21.15.142:3300/0,v1:172.21.15.142:6789/0] -- mon_subscribe({config=0+,monmap=0+}) v3 -- 0x7f0ddc009550 con 0x7f0dec1070c0
2024-03-29T04:35:47.361 INFO:teuthology.orchestra.run.smithi142.stdout:/usr/bin/ceph: stderr
2024-03-29T04:35:46.004+0000 7f0deb7fe700 1 --2- 172.21.15.142:0/2128899474 >> [v2:172.21.15.142:3300/0,v1:172.21.15.142:6789/0] conn(0x7f0dec1070c0 0x7f0dec106a20 secure :-1 s=READY pgs=48 cs=0 l=1 rev1=1 crypto rx=0x7f0ddc011ad0 tx=0x7f0ddc011bb0 comp rx=0 tx=0).ready entity=mon.0 client_cookie=0 server_cookie=0 in_seq=0 out_seq=0
2024-03-29T04:35:47.361 INFO:teuthology.orchestra.run.smithi142.stdout:/usr/bin/ceph: stderr
2024-03-29T04:35:46.004+0000 7f0de8ff9700 1 -- 172.21.15.142:0/2128899474 <== mon.0 v2:172.21.15.142:3300/0 1 ==== mon_map magic: 0 v1 ==== 229+0+0 (secure 0 0 0) 0x7f0ddc003ab0 con 0x7f0dec1070c0
2024-03-29T04:35:47.361 INFO:teuthology.orchestra.run.smithi142.stdout:/usr/bin/ceph: stderr
2024-03-29T04:35:46.004+0000 7f0de8ff9700 1 -- 172.21.15.142:0/2128899474 <== mon.0 v2:172.21.15.142:3300/0 2 ==== config(27 keys) v1 ==== 1101+0+0 (secure 0 0 0) 0x7f0ddc003c10 con 0x7f0dec1070c0
2024-03-29T04:35:47.362 INFO:teuthology.orchestra.run.smithi142.stdout:/usr/bin/ceph: stderr
2024-03-29T04:35:46.004+0000 7f0df1ab0700 1 -- 172.21.15.142:0/2128899474 --> [v2:172.21.15.142:3300/0,v1:172.21.15.142:6789/0] -- mon_subscribe({mgrmap=0+}) v3 -- 0x7f0dec105070 con 0x7f0dec1070c0
2024-03-29T04:35:47.362 INFO:teuthology.orchestra.run.smithi142.stdout:/usr/bin/ceph: stderr
2024-03-29T04:35:46.004+0000 7f0de8ff9700 1 -- 172.21.15.142:0/2128899474 <== mon.0 v2:172.21.15.142:3300/0 3 ==== mon_map magic: 0 v1 ==== 229+0+0 (secure 0 0 0) 0x7f0ddc0198e0 con 0x7f0dec1070c0
2024-03-29T04:35:47.362 INFO:teuthology.orchestra.run.smithi142.stdout:/usr/bin/ceph: stderr
2024-03-29T04:35:46.004+0000 7f0df1ab0700 1 -- 172.21.15.142:0/2128899474 --> [v2:172.21.15.142:3300/0,v1:172.21.15.142:6789/0] -- mon_subscribe({osdmap=0}) v3 -- 0x7f0dec105510 con 0x7f0dec1070c0
2024-03-29T04:35:47.362 INFO:teuthology.orchestra.run.smithi142.stdout:/usr/bin/ceph: stderr
2024-03-29T04:35:46.005+0000 7f0de8ff9700 1 -- 172.21.15.142:0/2128899474 <== mon.0 v2:172.21.15.142:3300/0 4 ==== mgrmap(e 8) v1 ==== 45283+0+0 (secure 0 0 0) 0x7f0ddc019b50 con 0x7f0dec1070c0
2024-03-29T04:35:47.362 INFO:teuthology.orchestra.run.smithi142.stdout:/usr/bin/ceph: stderr
2024-03-29T04:35:46.005+0000 7f0de8ff9700 1 --2- 172.21.15.142:0/2128899474 >> [v2:172.21.15.142:6800/2742619935,v1:172.21.15.142:6801/2742619935] conn(0x7f0dd4038370 0x7f0dd403a830 unknown :-1 s=NONE pgs=0 cs=0 l=1 rev1=0 crypto rx=0 tx=0 comp rx=0 tx=0).connect
2024-03-29T04:35:47.362 INFO:teuthology.orchestra.run.smithi142.stdout:/usr/bin/ceph: stderr
2024-03-29T04:35:46.005+0000 7f0df1ab0700 1 -- 172.21.15.142:0/2128899474 --> [v2:172.21.15.142:3300/0,v1:172.21.15.142:6789/0] -- mon_command({"prefix": "get_command_descriptions"} v 0) v1 -- 0x7f0dec10a710 con 0x7f0dec1070c0
2024-03-29T04:35:47.362 INFO:teuthology.orchestra.run.smithi142.stdout:/usr/bin/ceph: stderr
2024-03-29T04:35:46.005+0000 7f0de8ff9700 1 -- 172.21.15.142:0/2128899474 <== mon.0 v2:172.21.15.142:3300/0 5 ==== osd_map(2..2 src has 1..2) v4 ==== 940+0+0 (secure 0 0 0) 0x7f0ddc04c2c0 con 0x7f0dec1070c0
2024-03-29T04:35:47.362 INFO:teuthology.orchestra.run.smithi142.stdout:/usr/bin/ceph: stderr
2024-03-29T04:35:46.005+0000 7f0deaffd700 1 --2- 172.21.15.142:0/2128899474 >> [v2:172.21.15.142:6800/2742619935,v1:172.21.15.142:6801/2742619935] conn(0x7f0dd4038370 0x7f0dd403a830 unknown :-1 s=BANNER_CONNECTING pgs=0 cs=0 l=1 rev1=0 crypto rx=0 tx=0 comp rx=0 tx=0)._handle_peer_banner_payload supported=3 required=0
2024-03-29T04:35:47.362 INFO:teuthology.orchestra.run.smithi142.stdout:/usr/bin/ceph: stderr
2024-03-29T04:35:46.005+0000 7f0deaffd700 1 --2- 172.21.15.142:0/2128899474 >> [v2:172.21.15.142:6800/2742619935,v1:172.21.15.142:6801/2742619935] conn(0x7f0dd4038370 0x7f0dd403a830 secure :-1 s=READY pgs=13 cs=0 l=1 rev1=1 crypto rx=0x7f0de0006fd0 tx=0x7f0de0006e40 comp rx=0 tx=0).ready entity=mgr.14118 client_cookie=0 server_cookie=0 in_seq=0 out_seq=0
2024-03-29T04:35:47.362 INFO:teuthology.orchestra.run.smithi142.stdout:/usr/bin/ceph: stderr
2024-03-29T04:35:46.010+0000 7f0de8ff9700 1 -- 172.21.15.142:0/2128899474 <== mon.0 v2:172.21.15.142:3300/0 6 ==== mon_command_ack([{"prefix": "get_command_descriptions"}]=0 v0) v1 ==== 72+0+180422 (secure 0 0 0) 0x7f0ddc01a610 con 0x7f0dec1070c0
2024-03-29T04:35:47.362 INFO:teuthology.orchestra.run.smithi142.stdout:/usr/bin/ceph: stderr
2024-03-29T04:35:46.226+0000 7f0df1ab0700 1 -- 172.21.15.142:0/2128899474 --> [v2:172.21.15.142:6800/2742619935,v1:172.21.15.142:6801/2742619935] -- mgr_command(tid 0: {"prefix": "orch apply", "service_type": "mgr", "target": ["mon-mgr", ""]}) v1 -- 0x7f0dec101e50 con 0x7f0dd4038370
2024-03-29T04:35:47.362 INFO:teuthology.orchestra.run.smithi142.stdout:/usr/bin/ceph: stderr
2024-03-29T04:35:46.233+0000 7f0de8ff9700 1 -- 172.21.15.142:0/2128899474 <== mgr.14118 v2:172.21.15.142:6800/2742619935 1 ==== mgr_command_reply(tid 0: 0 ) v1 ==== 8+0+24 (secure 0 0 0) 0x7f0dec101e50 con 0x7f0dd4038370
2024-03-29T04:35:47.362 INFO:teuthology.orchestra.run.smithi142.stdout:/usr/bin/ceph: stderr
2024-03-29T04:35:46.235+0000 7f0df1ab0700 1 -- 172.21.15.142:0/2128899474 >> [v2:172.21.15.142:6800/2742619935,v1:172.21.15.142:6801/2742619935] conn(0x7f0dd4038370 msgr2=0x7f0dd403a830 secure :-1 s=STATE_CONNECTION_ESTABLISHED l=1).mark_down
2024-03-29T04:35:47.363 INFO:teuthology.orchestra.run.smithi142.stdout:/usr/bin/ceph: stderr
2024-03-29T04:35:46.235+0000 7f0df1ab0700 1 --2- 172.21.15.142:0/2128899474 >> [v2:172.21.15.142:6800/2742619935,v1:172.21.15.142:6801/2742619935] conn(0x7f0dd4038370 0x7f0dd403a830 secure :-1 s=READY pgs=13 cs=0 l=1 rev1=1 crypto rx=0x7f0de0006fd0 tx=0x7f0de0006e40 comp rx=0 tx=0).stop
2024-03-29T04:35:47.363 INFO:teuthology.orchestra.run.smithi142.stdout:/usr/bin/ceph: stderr
2024-03-29T04:35:46.235+0000 7f0df1ab0700 1 -- 172.21.15.142:0/2128899474 >> [v2:172.21.15.142:3300/0,v1:172.21.15.142:6789/0] conn(0x7f0dec1070c0 msgr2=0x7f0dec106a20 secure :-1 s=STATE_CONNECTION_ESTABLISHED l=1).mark_down
2024-03-29T04:35:47.363 INFO:teuthology.orchestra.run.smithi142.stdout:/usr/bin/ceph: stderr
2024-03-29T04:35:46.235+0000 7f0df1ab0700 1 --2- 172.21.15.142:0/2128899474 >> [v2:172.21.15.142:3300/0,v1:172.21.15.142:6789/0] conn(0x7f0dec1070c0 0x7f0dec106a20 secure :-1 s=READY pgs=48 cs=0 l=1 rev1=1 crypto rx=0x7f0ddc011ad0 tx=0x7f0ddc011bb0 comp rx=0 tx=0).stop
2024-03-29T04:35:47.363 INFO:teuthology.orchestra.run.smithi142.stdout:/usr/bin/ceph: stderr
2024-03-29T04:35:46.235+0000 7f0df1ab0700 1 -- 172.21.15.142:0/2128899474 shutdown_connections
2024-03-29T04:35:47.363 INFO:teuthology.orchestra.run.smithi142.stdout:/usr/bin/ceph: stderr
2024-03-29T04:35:46.235+0000 7f0df1ab0700 1 --2- 172.21.15.142:0/2128899474 >> [v2:172.21.15.142:6800/2742619935,v1:172.21.15.142:6801/2742619935] conn(0x7f0dd4038370 0x7f0dd403a830 unknown :-1 s=CLOSED pgs=13 cs=0 l=1 rev1=1 crypto rx=0 tx=0 comp rx=0 tx=0).stop
2024-03-29T04:35:47.363 INFO:teuthology.orchestra.run.smithi142.stdout:/usr/bin/ceph: stderr
2024-03-29T04:35:46.235+0000 7f0df1ab0700 1 --2- 172.21.15.142:0/2128899474 >> [v2:172.21.15.142:3300/0,v1:172.21.15.142:6789/0] conn(0x7f0dec1070c0 0x7f0dec106a20 unknown :-1 s=CLOSED pgs=48 cs=0 l=1 rev1=1 crypto rx=0 tx=0 comp rx=0 tx=0).stop
2024-03-29T04:35:47.363 INFO:teuthology.orchestra.run.smithi142.stdout:/usr/bin/ceph: stderr
2024-03-29T04:35:46.235+0000 7f0df1ab0700 1 -- 172.21.15.142:0/2128899474 >> 172.21.15.142:0/2128899474 conn(0x7f0dec1009f0 msgr2=0x7f0dec101740 unknown :-1 s=STATE_NONE l=0).mark_down
2024-03-29T04:35:47.363 INFO:teuthology.orchestra.run.smithi142.stdout:/usr/bin/ceph: stderr
2024-03-29T04:35:46.235+0000 7f0df1ab0700 1 -- 172.21.15.142:0/2128899474 shutdown_connections
2024-03-29T04:35:47.363 INFO:teuthology.orchestra.run.smithi142.stdout:/usr/bin/ceph: stderr
2024-03-29T04:35:46.235+0000 7f0df1ab0700 1 -- 172.21.15.142:0/2128899474 wait complete.
2024-03-29T04:35:47.363 INFO:teuthology.orchestra.run.smithi142.stdout:Deploying crash service with default placement...
2024-03-29T04:35:47.377 INFO:journalctl@ceph.mon.smithi142.smithi142.stdout:Mar 29 04:35:47 smithi142 ceph-mon[29027]: from='client.14142 -' entity='client.admin' cmd=[{"prefix": "orch apply", "service_type": "mgr", "target": ["mon-mgr", ""]}]: dispatch
2024-03-29T04:35:47.378 INFO:journalctl@ceph.mon.smithi142.smithi142.stdout:Mar 29 04:35:47 smithi142 ceph-mon[29027]: Saving service mgr spec with placement count:2
2024-03-29T04:35:47.378 INFO:journalctl@ceph.mon.smithi142.smithi142.stdout:Mar 29 04:35:47 smithi142 ceph-mon[29027]: from='mgr.14118 172.21.15.142:0/4186348002' entity='mgr.smithi142.swesrg'
2024-03-29T04:35:47.378 INFO:journalctl@ceph.mon.smithi142.smithi142.stdout:Mar 29 04:35:47 smithi142 ceph-mon[29027]: from='mgr.14118 172.21.15.142:0/4186348002' entity='mgr.smithi142.swesrg'
2024-03-29T04:35:48.583 INFO:teuthology.orchestra.run.smithi142.stdout:/usr/bin/ceph: stdout Scheduled crash update...
2024-03-29T04:35:48.583 INFO:teuthology.orchestra.run.smithi142.stdout:/usr/bin/ceph: stderr
2024-03-29T04:35:47.821+0000 7fd792b15700 1 Processor -- start
2024-03-29T04:35:48.583 INFO:teuthology.orchestra.run.smithi142.stdout:/usr/bin/ceph: stderr
2024-03-29T04:35:47.821+0000 7fd792b15700 1 -- start start
2024-03-29T04:35:48.583 INFO:teuthology.orchestra.run.smithi142.stdout:/usr/bin/ceph: stderr
2024-03-29T04:35:47.821+0000 7fd792b15700 1 --2- >> [v2:172.21.15.142:3300/0,v1:172.21.15.142:6789/0] conn(0x7fd78c104e10 0x7fd78c105230 unknown :-1 s=NONE pgs=0 cs=0 l=0 rev1=0 crypto rx=0 tx=0 comp rx=0 tx=0).connect
2024-03-29T04:35:48.583 INFO:teuthology.orchestra.run.smithi142.stdout:/usr/bin/ceph: stderr
2024-03-29T04:35:47.821+0000 7fd792b15700 1 -- --> [v2:172.21.15.142:3300/0,v1:172.21.15.142:6789/0] -- mon_getmap magic: 0 v1 -- 0x7fd78c074640 con 0x7fd78c104e10
2024-03-29T04:35:48.583 INFO:teuthology.orchestra.run.smithi142.stdout:/usr/bin/ceph: stderr
2024-03-29T04:35:47.821+0000 7fd7908b1700 1 --2- >> [v2:172.21.15.142:3300/0,v1:172.21.15.142:6789/0] conn(0x7fd78c104e10 0x7fd78c105230 unknown :-1 s=BANNER_CONNECTING pgs=0 cs=0 l=0 rev1=0 crypto rx=0 tx=0 comp rx=0 tx=0)._handle_peer_banner_payload supported=3 required=0
2024-03-29T04:35:48.583 INFO:teuthology.orchestra.run.smithi142.stdout:/usr/bin/ceph: stderr
2024-03-29T04:35:47.822+0000 7fd7908b1700 1 --2- >> [v2:172.21.15.142:3300/0,v1:172.21.15.142:6789/0] conn(0x7fd78c104e10 0x7fd78c105230 unknown :-1 s=HELLO_CONNECTING pgs=0 cs=0 l=0 rev1=1 crypto rx=0 tx=0 comp rx=0 tx=0).handle_hello peer v2:172.21.15.142:3300/0 says I am v2:172.21.15.142:43010/0 (socket says 172.21.15.142:43010)
2024-03-29T04:35:48.583 INFO:teuthology.orchestra.run.smithi142.stdout:/usr/bin/ceph: stderr
2024-03-29T04:35:47.822+0000 7fd7908b1700 1 -- 172.21.15.142:0/2794239557 learned_addr learned my addr 172.21.15.142:0/2794239557 (peer_addr_for_me v2:172.21.15.142:0/0)
2024-03-29T04:35:48.583 INFO:teuthology.orchestra.run.smithi142.stdout:/usr/bin/ceph: stderr
2024-03-29T04:35:47.822+0000 7fd7908b1700 1 -- 172.21.15.142:0/2794239557 --> [v2:172.21.15.142:3300/0,v1:172.21.15.142:6789/0] -- mon_subscribe({config=0+,monmap=0+}) v3 -- 0x7fd78c105770 con 0x7fd78c104e10
2024-03-29T04:35:48.584 INFO:teuthology.orchestra.run.smithi142.stdout:/usr/bin/ceph: stderr
2024-03-29T04:35:47.822+0000 7fd7908b1700 1 --2- 172.21.15.142:0/2794239557 >> [v2:172.21.15.142:3300/0,v1:172.21.15.142:6789/0] conn(0x7fd78c104e10 0x7fd78c105230 secure :-1 s=READY pgs=49 cs=0 l=1 rev1=1 crypto rx=0x7fd7800098a0 tx=0x7fd780009bb0 comp rx=0 tx=0).ready entity=mon.0 client_cookie=a6ad996c03b35561 server_cookie=0 in_seq=0 out_seq=0
2024-03-29T04:35:48.584 INFO:teuthology.orchestra.run.smithi142.stdout:/usr/bin/ceph: stderr
2024-03-29T04:35:47.822+0000 7fd78b7fe700 1 -- 172.21.15.142:0/2794239557 <== mon.0 v2:172.21.15.142:3300/0 1 ==== mon_map magic: 0 v1 ==== 229+0+0 (secure 0 0 0) 0x7fd780004180 con 0x7fd78c104e10
2024-03-29T04:35:48.584 INFO:teuthology.orchestra.run.smithi142.stdout:/usr/bin/ceph: stderr
2024-03-29T04:35:47.822+0000 7fd78b7fe700 1 -- 172.21.15.142:0/2794239557 <== mon.0 v2:172.21.15.142:3300/0 2 ==== config(27 keys) v1 ==== 1101+0+0 (secure 0 0 0) 0x7fd7800042e0 con 0x7fd78c104e10
2024-03-29T04:35:48.584 INFO:teuthology.orchestra.run.smithi142.stdout:/usr/bin/ceph: stderr
2024-03-29T04:35:47.822+0000 7fd78b7fe700 1 -- 172.21.15.142:0/2794239557 <== mon.0 v2:172.21.15.142:3300/0 3 ==== mon_map magic: 0 v1 ==== 229+0+0 (secure 0 0 0) 0x7fd780011af0 con 0x7fd78c104e10
2024-03-29T04:35:48.584 INFO:teuthology.orchestra.run.smithi142.stdout:/usr/bin/ceph: stderr
2024-03-29T04:35:47.823+0000 7fd792b15700 1 -- 172.21.15.142:0/2794239557 >> [v2:172.21.15.142:3300/0,v1:172.21.15.142:6789/0] conn(0x7fd78c104e10 msgr2=0x7fd78c105230 secure :-1 s=STATE_CONNECTION_ESTABLISHED l=1).mark_down
2024-03-29T04:35:48.584 INFO:teuthology.orchestra.run.smithi142.stdout:/usr/bin/ceph: stderr
2024-03-29T04:35:47.823+0000 7fd792b15700 1 --2- 172.21.15.142:0/2794239557 >> [v2:172.21.15.142:3300/0,v1:172.21.15.142:6789/0] conn(0x7fd78c104e10 0x7fd78c105230 secure :-1 s=READY pgs=49 cs=0 l=1 rev1=1 crypto rx=0x7fd7800098a0 tx=0x7fd780009bb0 comp rx=0 tx=0).stop
2024-03-29T04:35:48.584 INFO:teuthology.orchestra.run.smithi142.stdout:/usr/bin/ceph: stderr
2024-03-29T04:35:47.823+0000 7fd792b15700 1 -- 172.21.15.142:0/2794239557 shutdown_connections
2024-03-29T04:35:48.584 INFO:teuthology.orchestra.run.smithi142.stdout:/usr/bin/ceph: stderr
2024-03-29T04:35:47.823+0000 7fd792b15700 1 --2- 172.21.15.142:0/2794239557 >> [v2:172.21.15.142:3300/0,v1:172.21.15.142:6789/0] conn(0x7fd78c104e10 0x7fd78c105230 unknown :-1 s=CLOSED pgs=49 cs=0 l=1 rev1=1 crypto rx=0 tx=0 comp rx=0 tx=0).stop
2024-03-29T04:35:48.584 INFO:teuthology.orchestra.run.smithi142.stdout:/usr/bin/ceph: stderr
2024-03-29T04:35:47.823+0000 7fd792b15700 1 -- 172.21.15.142:0/2794239557 >> 172.21.15.142:0/2794239557 conn(0x7fd78c1009f0 msgr2=0x7fd78c102e50 unknown :-1 s=STATE_NONE l=0).mark_down
2024-03-29T04:35:48.584 INFO:teuthology.orchestra.run.smithi142.stdout:/usr/bin/ceph: stderr
2024-03-29T04:35:47.823+0000 7fd792b15700 1 -- 172.21.15.142:0/2794239557 shutdown_connections
2024-03-29T04:35:48.584 INFO:teuthology.orchestra.run.smithi142.stdout:/usr/bin/ceph: stderr
2024-03-29T04:35:47.823+0000 7fd792b15700 1 -- 172.21.15.142:0/2794239557 wait complete.
2024-03-29T04:35:48.585 INFO:teuthology.orchestra.run.smithi142.stdout:/usr/bin/ceph: stderr
2024-03-29T04:35:47.824+0000 7fd792b15700 1 Processor -- start
2024-03-29T04:35:48.585 INFO:teuthology.orchestra.run.smithi142.stdout:/usr/bin/ceph: stderr
2024-03-29T04:35:47.824+0000 7fd792b15700 1 -- start start
2024-03-29T04:35:48.585 INFO:teuthology.orchestra.run.smithi142.stdout:/usr/bin/ceph: stderr
2024-03-29T04:35:47.824+0000 7fd792b15700 1 --2- >> [v2:172.21.15.142:3300/0,v1:172.21.15.142:6789/0] conn(0x7fd78c104e10 0x7fd78c19c3b0 unknown :-1 s=NONE pgs=0 cs=0 l=1 rev1=0 crypto rx=0 tx=0 comp rx=0 tx=0).connect
2024-03-29T04:35:48.585 INFO:teuthology.orchestra.run.smithi142.stdout:/usr/bin/ceph: stderr
2024-03-29T04:35:47.824+0000 7fd792b15700 1 -- --> [v2:172.21.15.142:3300/0,v1:172.21.15.142:6789/0] -- mon_getmap magic: 0 v1 -- 0x7fd78c19c8f0 con 0x7fd78c104e10
2024-03-29T04:35:48.585 INFO:teuthology.orchestra.run.smithi142.stdout:/usr/bin/ceph: stderr
2024-03-29T04:35:47.824+0000 7fd7908b1700 1 --2- >> [v2:172.21.15.142:3300/0,v1:172.21.15.142:6789/0] conn(0x7fd78c104e10 0x7fd78c19c3b0 unknown :-1 s=BANNER_CONNECTING pgs=0 cs=0 l=1 rev1=0 crypto rx=0 tx=0 comp rx=0 tx=0)._handle_peer_banner_payload supported=3 required=0
2024-03-29T04:35:48.585 INFO:teuthology.orchestra.run.smithi142.stdout:/usr/bin/ceph: stderr
2024-03-29T04:35:47.824+0000 7fd7908b1700 1 --2- >> [v2:172.21.15.142:3300/0,v1:172.21.15.142:6789/0] conn(0x7fd78c104e10 0x7fd78c19c3b0 unknown :-1 s=HELLO_CONNECTING pgs=0 cs=0 l=1 rev1=1 crypto rx=0 tx=0 comp rx=0 tx=0).handle_hello peer v2:172.21.15.142:3300/0 says I am v2:172.21.15.142:43024/0 (socket says 172.21.15.142:43024)
2024-03-29T04:35:48.585 INFO:teuthology.orchestra.run.smithi142.stdout:/usr/bin/ceph: stderr
2024-03-29T04:35:47.824+0000 7fd7908b1700 1 -- 172.21.15.142:0/1052859591 learned_addr learned my addr 172.21.15.142:0/1052859591 (peer_addr_for_me v2:172.21.15.142:0/0)
2024-03-29T04:35:48.585 INFO:teuthology.orchestra.run.smithi142.stdout:/usr/bin/ceph: stderr
2024-03-29T04:35:47.824+0000 7fd7908b1700 1 -- 172.21.15.142:0/1052859591 --> [v2:172.21.15.142:3300/0,v1:172.21.15.142:6789/0] -- mon_subscribe({config=0+,monmap=0+}) v3 -- 0x7fd780009550 con 0x7fd78c104e10
2024-03-29T04:35:48.585 INFO:teuthology.orchestra.run.smithi142.stdout:/usr/bin/ceph: stderr
2024-03-29T04:35:47.825+0000 7fd7908b1700 1 --2- 172.21.15.142:0/1052859591 >> [v2:172.21.15.142:3300/0,v1:172.21.15.142:6789/0] conn(0x7fd78c104e10 0x7fd78c19c3b0 secure :-1 s=READY pgs=50 cs=0 l=1 rev1=1 crypto rx=0x7fd780011ad0 tx=0x7fd780011bb0 comp rx=0 tx=0).ready entity=mon.0 client_cookie=0 server_cookie=0 in_seq=0 out_seq=0
2024-03-29T04:35:48.585 INFO:teuthology.orchestra.run.smithi142.stdout:/usr/bin/ceph: stderr
2024-03-29T04:35:47.825+0000 7fd789ffb700 1 -- 172.21.15.142:0/1052859591 <== mon.0 v2:172.21.15.142:3300/0 1 ==== mon_map magic: 0 v1 ==== 229+0+0 (secure 0 0 0) 0x7fd780003ab0 con 0x7fd78c104e10
2024-03-29T04:35:48.585 INFO:teuthology.orchestra.run.smithi142.stdout:/usr/bin/ceph: stderr
2024-03-29T04:35:47.825+0000 7fd789ffb700 1 -- 172.21.15.142:0/1052859591 <== mon.0 v2:172.21.15.142:3300/0 2 ==== config(27 keys) v1 ==== 1101+0+0 (secure 0 0 0) 0x7fd780003c10 con 0x7fd78c104e10
2024-03-29T04:35:48.585 INFO:teuthology.orchestra.run.smithi142.stdout:/usr/bin/ceph: stderr
2024-03-29T04:35:47.825+0000 7fd792b15700 1 -- 172.21.15.142:0/1052859591 --> [v2:172.21.15.142:3300/0,v1:172.21.15.142:6789/0] -- mon_subscribe({mgrmap=0+}) v3 -- 0x7fd78c19caf0 con 0x7fd78c104e10
2024-03-29T04:35:48.585 INFO:teuthology.orchestra.run.smithi142.stdout:/usr/bin/ceph: stderr
2024-03-29T04:35:47.825+0000 7fd789ffb700 1 -- 172.21.15.142:0/1052859591 <== mon.0 v2:172.21.15.142:3300/0 3 ==== mon_map magic: 0 v1 ==== 229+0+0 (secure 0 0 0) 0x7fd7800198e0 con 0x7fd78c104e10
2024-03-29T04:35:48.585 INFO:teuthology.orchestra.run.smithi142.stdout:/usr/bin/ceph: stderr
2024-03-29T04:35:47.825+0000 7fd792b15700 1 -- 172.21.15.142:0/1052859591 --> [v2:172.21.15.142:3300/0,v1:172.21.15.142:6789/0] -- mon_subscribe({osdmap=0}) v3 -- 0x7fd78c19cf90 con 0x7fd78c104e10
2024-03-29T04:35:48.586 INFO:teuthology.orchestra.run.smithi142.stdout:/usr/bin/ceph: stderr
2024-03-29T04:35:47.826+0000 7fd789ffb700 1 -- 172.21.15.142:0/1052859591 <== mon.0 v2:172.21.15.142:3300/0 4 ==== mgrmap(e 8) v1 ==== 45283+0+0 (secure 0 0 0) 0x7fd780019ba0 con 0x7fd78c104e10
2024-03-29T04:35:48.586 INFO:teuthology.orchestra.run.smithi142.stdout:/usr/bin/ceph: stderr
2024-03-29T04:35:47.826+0000 7fd792b15700 1 -- 172.21.15.142:0/1052859591 --> [v2:172.21.15.142:3300/0,v1:172.21.15.142:6789/0] -- mon_command({"prefix": "get_command_descriptions"} v 0) v1 -- 0x7fd78c195c40 con 0x7fd78c104e10
2024-03-29T04:35:48.586 INFO:teuthology.orchestra.run.smithi142.stdout:/usr/bin/ceph: stderr
2024-03-29T04:35:47.826+0000 7fd789ffb700 1 --2- 172.21.15.142:0/1052859591 >> [v2:172.21.15.142:6800/2742619935,v1:172.21.15.142:6801/2742619935] conn(0x7fd77c038320 0x7fd77c03a7e0 unknown :-1 s=NONE pgs=0 cs=0 l=1 rev1=0 crypto rx=0 tx=0 comp rx=0 tx=0).connect
2024-03-29T04:35:48.586 INFO:teuthology.orchestra.run.smithi142.stdout:/usr/bin/ceph: stderr
2024-03-29T04:35:47.826+0000 7fd789ffb700 1 -- 172.21.15.142:0/1052859591 <== mon.0 v2:172.21.15.142:3300/0 5 ==== osd_map(2..2 src has 1..2) v4 ==== 940+0+0 (secure 0 0 0) 0x7fd78004c160 con 0x7fd78c104e10
2024-03-29T04:35:48.586 INFO:teuthology.orchestra.run.smithi142.stdout:/usr/bin/ceph: stderr
2024-03-29T04:35:47.826+0000 7fd78bfff700 1 --2- 172.21.15.142:0/1052859591 >> [v2:172.21.15.142:6800/2742619935,v1:172.21.15.142:6801/2742619935] conn(0x7fd77c038320 0x7fd77c03a7e0 unknown :-1 s=BANNER_CONNECTING pgs=0 cs=0 l=1 rev1=0 crypto rx=0 tx=0 comp rx=0 tx=0)._handle_peer_banner_payload supported=3 required=0
2024-03-29T04:35:48.586 INFO:teuthology.orchestra.run.smithi142.stdout:/usr/bin/ceph: stderr
2024-03-29T04:35:47.827+0000 7fd78bfff700 1 --2- 172.21.15.142:0/1052859591 >> [v2:172.21.15.142:6800/2742619935,v1:172.21.15.142:6801/2742619935] conn(0x7fd77c038320 0x7fd77c03a7e0 secure :-1 s=READY pgs=14 cs=0 l=1 rev1=1 crypto rx=0x7fd778006fd0 tx=0x7fd778006e40 comp rx=0 tx=0).ready entity=mgr.14118 client_cookie=0 server_cookie=0 in_seq=0 out_seq=0
2024-03-29T04:35:48.586 INFO:teuthology.orchestra.run.smithi142.stdout:/usr/bin/ceph: stderr
2024-03-29T04:35:47.831+0000 7fd789ffb700 1 -- 172.21.15.142:0/1052859591 <== mon.0 v2:172.21.15.142:3300/0 6 ==== mon_command_ack([{"prefix": "get_command_descriptions"}]=0 v0) v1 ==== 72+0+180422 (secure 0 0 0) 0x7fd78002b300 con 0x7fd78c104e10
2024-03-29T04:35:48.586 INFO:teuthology.orchestra.run.smithi142.stdout:/usr/bin/ceph: stderr
2024-03-29T04:35:48.046+0000 7fd792b15700 1 -- 172.21.15.142:0/1052859591 --> [v2:172.21.15.142:6800/2742619935,v1:172.21.15.142:6801/2742619935] -- mgr_command(tid 0: {"prefix": "orch apply", "service_type": "crash", "target": ["mon-mgr", ""]}) v1 -- 0x7fd78c0611d0 con 0x7fd77c038320
2024-03-29T04:35:48.586 INFO:teuthology.orchestra.run.smithi142.stdout:/usr/bin/ceph: stderr
2024-03-29T04:35:48.050+0000 7fd789ffb700 1 -- 172.21.15.142:0/1052859591 <== mgr.14118 v2:172.21.15.142:6800/2742619935 1 ==== mgr_command_reply(tid 0: 0 ) v1 ==== 8+0+26 (secure 0 0 0) 0x7fd78c0611d0 con 0x7fd77c038320
2024-03-29T04:35:48.586 INFO:teuthology.orchestra.run.smithi142.stdout:/usr/bin/ceph: stderr
2024-03-29T04:35:48.052+0000 7fd792b15700 1 -- 172.21.15.142:0/1052859591 >> [v2:172.21.15.142:6800/2742619935,v1:172.21.15.142:6801/2742619935] conn(0x7fd77c038320 msgr2=0x7fd77c03a7e0 secure :-1 s=STATE_CONNECTION_ESTABLISHED l=1).mark_down
2024-03-29T04:35:48.586 INFO:teuthology.orchestra.run.smithi142.stdout:/usr/bin/ceph: stderr
2024-03-29T04:35:48.052+0000 7fd792b15700 1 --2- 172.21.15.142:0/1052859591 >> [v2:172.21.15.142:6800/2742619935,v1:172.21.15.142:6801/2742619935] conn(0x7fd77c038320 0x7fd77c03a7e0 secure :-1 s=READY pgs=14 cs=0 l=1 rev1=1 crypto rx=0x7fd778006fd0 tx=0x7fd778006e40 comp rx=0 tx=0).stop
2024-03-29T04:35:48.586 INFO:teuthology.orchestra.run.smithi142.stdout:/usr/bin/ceph: stderr
2024-03-29T04:35:48.052+0000 7fd792b15700 1 -- 172.21.15.142:0/1052859591 >> [v2:172.21.15.142:3300/0,v1:172.21.15.142:6789/0] conn(0x7fd78c104e10 msgr2=0x7fd78c19c3b0 secure :-1 s=STATE_CONNECTION_ESTABLISHED l=1).mark_down
2024-03-29T04:35:48.587 INFO:teuthology.orchestra.run.smithi142.stdout:/usr/bin/ceph: stderr
2024-03-29T04:35:48.052+0000 7fd792b15700 1 --2- 172.21.15.142:0/1052859591 >> [v2:172.21.15.142:3300/0,v1:172.21.15.142:6789/0] conn(0x7fd78c104e10 0x7fd78c19c3b0 secure :-1 s=READY pgs=50 cs=0 l=1 rev1=1 crypto rx=0x7fd780011ad0 tx=0x7fd780011bb0 comp rx=0 tx=0).stop
2024-03-29T04:35:48.587 INFO:teuthology.orchestra.run.smithi142.stdout:/usr/bin/ceph: stderr
2024-03-29T04:35:48.052+0000 7fd792b15700 1 -- 172.21.15.142:0/1052859591 shutdown_connections
2024-03-29T04:35:48.587 INFO:teuthology.orchestra.run.smithi142.stdout:/usr/bin/ceph: stderr
2024-03-29T04:35:48.052+0000 7fd792b15700 1 --2- 172.21.15.142:0/1052859591 >> [v2:172.21.15.142:6800/2742619935,v1:172.21.15.142:6801/2742619935] conn(0x7fd77c038320 0x7fd77c03a7e0 unknown :-1 s=CLOSED pgs=14 cs=0 l=1 rev1=1 crypto rx=0 tx=0 comp rx=0 tx=0).stop
2024-03-29T04:35:48.587 INFO:teuthology.orchestra.run.smithi142.stdout:/usr/bin/ceph: stderr
2024-03-29T04:35:48.052+0000 7fd792b15700 1 --2- 172.21.15.142:0/1052859591 >> [v2:172.21.15.142:3300/0,v1:172.21.15.142:6789/0] conn(0x7fd78c104e10 0x7fd78c19c3b0 unknown :-1 s=CLOSED pgs=50 cs=0 l=1 rev1=1 crypto rx=0 tx=0 comp rx=0 tx=0).stop
2024-03-29T04:35:48.587 INFO:teuthology.orchestra.run.smithi142.stdout:/usr/bin/ceph: stderr
2024-03-29T04:35:48.052+0000 7fd792b15700 1 -- 172.21.15.142:0/1052859591 >> 172.21.15.142:0/1052859591 conn(0x7fd78c1009f0 msgr2=0x7fd78c1909d0 unknown :-1 s=STATE_NONE l=0).mark_down
2024-03-29T04:35:48.587 INFO:teuthology.orchestra.run.smithi142.stdout:/usr/bin/ceph: stderr
2024-03-29T04:35:48.052+0000 7fd792b15700 1 -- 172.21.15.142:0/1052859591 shutdown_connections
2024-03-29T04:35:48.587 INFO:teuthology.orchestra.run.smithi142.stdout:/usr/bin/ceph: stderr
2024-03-29T04:35:48.052+0000 7fd792b15700 1 -- 172.21.15.142:0/1052859591 wait complete.
2024-03-29T04:35:48.587 INFO:teuthology.orchestra.run.smithi142.stdout:Deploying ceph-exporter service with default placement...
2024-03-29T04:35:48.969 INFO:journalctl@ceph.mon.smithi142.smithi142.stdout:Mar 29 04:35:48 smithi142 ceph-mon[29027]: from='mgr.14118 172.21.15.142:0/4186348002' entity='mgr.smithi142.swesrg'
2024-03-29T04:35:48.969 INFO:journalctl@ceph.mon.smithi142.smithi142.stdout:Mar 29 04:35:48 smithi142 ceph-mon[29027]: from='client.14144 -' entity='client.admin' cmd=[{"prefix": "orch apply", "service_type": "crash", "target": ["mon-mgr", ""]}]: dispatch
2024-03-29T04:35:48.970 INFO:journalctl@ceph.mon.smithi142.smithi142.stdout:Mar 29 04:35:48 smithi142 ceph-mon[29027]: Saving service crash spec with placement *
2024-03-29T04:35:48.970 INFO:journalctl@ceph.mon.smithi142.smithi142.stdout:Mar 29 04:35:48 smithi142 ceph-mon[29027]: from='mgr.14118 172.21.15.142:0/4186348002' entity='mgr.smithi142.swesrg'
2024-03-29T04:35:50.335 INFO:teuthology.orchestra.run.smithi142.stdout:/usr/bin/ceph: stdout Scheduled ceph-exporter update...
2024-03-29T04:35:50.336 INFO:teuthology.orchestra.run.smithi142.stdout:/usr/bin/ceph: stderr
2024-03-29T04:35:48.990+0000 7fe799f9f700 1 Processor -- start
2024-03-29T04:35:50.336 INFO:teuthology.orchestra.run.smithi142.stdout:/usr/bin/ceph: stderr
2024-03-29T04:35:48.990+0000 7fe799f9f700 1 -- start start
2024-03-29T04:35:50.336 INFO:teuthology.orchestra.run.smithi142.stdout:/usr/bin/ceph: stderr
2024-03-29T04:35:48.990+0000 7fe799f9f700 1 --2- >> [v2:172.21.15.142:3300/0,v1:172.21.15.142:6789/0] conn(0x7fe79407be80 0x7fe79407a2e0 unknown :-1 s=NONE pgs=0 cs=0 l=0 rev1=0 crypto rx=0 tx=0 comp rx=0 tx=0).connect
2024-03-29T04:35:50.336 INFO:teuthology.orchestra.run.smithi142.stdout:/usr/bin/ceph: stderr
2024-03-29T04:35:48.990+0000 7fe799f9f700 1 -- --> [v2:172.21.15.142:3300/0,v1:172.21.15.142:6789/0] -- mon_getmap magic: 0 v1 -- 0x7fe79407a8b0 con 0x7fe79407be80
2024-03-29T04:35:50.336 INFO:teuthology.orchestra.run.smithi142.stdout:/usr/bin/ceph: stderr
2024-03-29T04:35:48.991+0000 7fe798f9d700 1 --2- >> [v2:172.21.15.142:3300/0,v1:172.21.15.142:6789/0] conn(0x7fe79407be80 0x7fe79407a2e0 unknown :-1 s=BANNER_CONNECTING pgs=0 cs=0 l=0 rev1=0 crypto rx=0 tx=0 comp rx=0 tx=0)._handle_peer_banner_payload supported=3 required=0
2024-03-29T04:35:50.336 INFO:teuthology.orchestra.run.smithi142.stdout:/usr/bin/ceph: stderr
2024-03-29T04:35:48.991+0000 7fe798f9d700 1 --2- >> [v2:172.21.15.142:3300/0,v1:172.21.15.142:6789/0] conn(0x7fe79407be80 0x7fe79407a2e0 unknown :-1 s=HELLO_CONNECTING pgs=0 cs=0 l=0 rev1=1 crypto rx=0 tx=0 comp rx=0 tx=0).handle_hello peer v2:172.21.15.142:3300/0 says I am v2:172.21.15.142:46522/0 (socket says 172.21.15.142:46522)
2024-03-29T04:35:50.336 INFO:teuthology.orchestra.run.smithi142.stdout:/usr/bin/ceph: stderr
2024-03-29T04:35:48.991+0000 7fe798f9d700 1 -- 172.21.15.142:0/4062306422 learned_addr learned my addr 172.21.15.142:0/4062306422 (peer_addr_for_me v2:172.21.15.142:0/0)
2024-03-29T04:35:50.336 INFO:teuthology.orchestra.run.smithi142.stdout:/usr/bin/ceph: stderr
2024-03-29T04:35:48.991+0000 7fe798f9d700 1 -- 172.21.15.142:0/4062306422 --> [v2:172.21.15.142:3300/0,v1:172.21.15.142:6789/0] -- mon_subscribe({config=0+,monmap=0+}) v3 -- 0x7fe79407a9f0 con 0x7fe79407be80
2024-03-29T04:35:50.336 INFO:teuthology.orchestra.run.smithi142.stdout:/usr/bin/ceph: stderr
2024-03-29T04:35:48.991+0000 7fe798f9d700 1 --2- 172.21.15.142:0/4062306422 >> [v2:172.21.15.142:3300/0,v1:172.21.15.142:6789/0] conn(0x7fe79407be80 0x7fe79407a2e0 secure :-1 s=READY pgs=51 cs=0 l=1 rev1=1 crypto rx=0x7fe7880098a0 tx=0x7fe788009bb0 comp rx=0 tx=0).ready entity=mon.0 client_cookie=c86bb66d0d7fe094 server_cookie=0 in_seq=0 out_seq=0
2024-03-29T04:35:50.336 INFO:teuthology.orchestra.run.smithi142.stdout:/usr/bin/ceph: stderr
2024-03-29T04:35:48.991+0000 7fe7937fe700 1 -- 172.21.15.142:0/4062306422 <== mon.0 v2:172.21.15.142:3300/0 1 ==== mon_map magic: 0 v1 ==== 229+0+0 (secure 0 0 0) 0x7fe788004180 con 0x7fe79407be80
2024-03-29T04:35:50.336 INFO:teuthology.orchestra.run.smithi142.stdout:/usr/bin/ceph: stderr
2024-03-29T04:35:48.991+0000 7fe7937fe700 1 -- 172.21.15.142:0/4062306422 <== mon.0 v2:172.21.15.142:3300/0 2 ==== config(27 keys) v1 ==== 1101+0+0 (secure 0 0 0) 0x7fe7880042e0 con 0x7fe79407be80
2024-03-29T04:35:50.337 INFO:teuthology.orchestra.run.smithi142.stdout:/usr/bin/ceph: stderr
2024-03-29T04:35:48.991+0000 7fe7937fe700 1 -- 172.21.15.142:0/4062306422 <== mon.0 v2:172.21.15.142:3300/0 3 ==== mon_map magic: 0 v1 ==== 229+0+0 (secure 0 0 0) 0x7fe788011af0 con 0x7fe79407be80
2024-03-29T04:35:50.337 INFO:teuthology.orchestra.run.smithi142.stdout:/usr/bin/ceph: stderr
2024-03-29T04:35:48.992+0000 7fe799f9f700 1 -- 172.21.15.142:0/4062306422 >> [v2:172.21.15.142:3300/0,v1:172.21.15.142:6789/0] conn(0x7fe79407be80 msgr2=0x7fe79407a2e0 secure :-1 s=STATE_CONNECTION_ESTABLISHED l=1).mark_down
2024-03-29T04:35:50.337 INFO:teuthology.orchestra.run.smithi142.stdout:/usr/bin/ceph: stderr
2024-03-29T04:35:48.992+0000 7fe799f9f700 1 --2- 172.21.15.142:0/4062306422 >> [v2:172.21.15.142:3300/0,v1:172.21.15.142:6789/0] conn(0x7fe79407be80 0x7fe79407a2e0 secure :-1 s=READY pgs=51 cs=0 l=1 rev1=1 crypto rx=0x7fe7880098a0 tx=0x7fe788009bb0 comp rx=0 tx=0).stop
2024-03-29T04:35:50.337 INFO:teuthology.orchestra.run.smithi142.stdout:/usr/bin/ceph: stderr
2024-03-29T04:35:48.992+0000 7fe799f9f700 1 -- 172.21.15.142:0/4062306422 shutdown_connections
2024-03-29T04:35:50.337 INFO:teuthology.orchestra.run.smithi142.stdout:/usr/bin/ceph: stderr
2024-03-29T04:35:48.992+0000 7fe799f9f700 1 --2- 172.21.15.142:0/4062306422 >> [v2:172.21.15.142:3300/0,v1:172.21.15.142:6789/0] conn(0x7fe79407be80 0x7fe79407a2e0 unknown :-1 s=CLOSED pgs=51 cs=0 l=1 rev1=1 crypto rx=0 tx=0 comp rx=0 tx=0).stop
2024-03-29T04:35:50.337 INFO:teuthology.orchestra.run.smithi142.stdout:/usr/bin/ceph: stderr
2024-03-29T04:35:48.992+0000 7fe799f9f700 1 -- 172.21.15.142:0/4062306422 >> 172.21.15.142:0/4062306422 conn(0x7fe794101920 msgr2=0x7fe794103d60 unknown :-1 s=STATE_NONE l=0).mark_down
2024-03-29T04:35:50.337 INFO:teuthology.orchestra.run.smithi142.stdout:/usr/bin/ceph: stderr
2024-03-29T04:35:48.992+0000 7fe799f9f700 1 -- 172.21.15.142:0/4062306422 shutdown_connections
2024-03-29T04:35:50.337 INFO:teuthology.orchestra.run.smithi142.stdout:/usr/bin/ceph: stderr
2024-03-29T04:35:48.992+0000 7fe799f9f700 1 -- 172.21.15.142:0/4062306422 wait complete.
2024-03-29T04:35:50.337 INFO:teuthology.orchestra.run.smithi142.stdout:/usr/bin/ceph: stderr
2024-03-29T04:35:48.993+0000 7fe799f9f700 1 Processor -- start
2024-03-29T04:35:50.337 INFO:teuthology.orchestra.run.smithi142.stdout:/usr/bin/ceph: stderr
2024-03-29T04:35:48.993+0000 7fe799f9f700 1 -- start start
2024-03-29T04:35:50.337 INFO:teuthology.orchestra.run.smithi142.stdout:/usr/bin/ceph: stderr
2024-03-29T04:35:48.993+0000 7fe799f9f700 1 --2- >> [v2:172.21.15.142:3300/0,v1:172.21.15.142:6789/0] conn(0x7fe79407be80 0x7fe79419c2c0 unknown :-1 s=NONE pgs=0 cs=0 l=1 rev1=0 crypto rx=0 tx=0 comp rx=0 tx=0).connect
2024-03-29T04:35:50.337 INFO:teuthology.orchestra.run.smithi142.stdout:/usr/bin/ceph: stderr
2024-03-29T04:35:48.993+0000 7fe799f9f700 1 -- --> [v2:172.21.15.142:3300/0,v1:172.21.15.142:6789/0] -- mon_getmap magic: 0 v1 -- 0x7fe79419c800 con 0x7fe79407be80
2024-03-29T04:35:50.338 INFO:teuthology.orchestra.run.smithi142.stdout:/usr/bin/ceph: stderr
2024-03-29T04:35:48.993+0000 7fe798f9d700 1 --2- >> [v2:172.21.15.142:3300/0,v1:172.21.15.142:6789/0] conn(0x7fe79407be80 0x7fe79419c2c0 unknown :-1 s=BANNER_CONNECTING pgs=0 cs=0 l=1 rev1=0 crypto rx=0 tx=0 comp rx=0 tx=0)._handle_peer_banner_payload supported=3 required=0
2024-03-29T04:35:50.338 INFO:teuthology.orchestra.run.smithi142.stdout:/usr/bin/ceph: stderr
2024-03-29T04:35:48.993+0000 7fe798f9d700 1 --2- >> [v2:172.21.15.142:3300/0,v1:172.21.15.142:6789/0] conn(0x7fe79407be80 0x7fe79419c2c0 unknown :-1 s=HELLO_CONNECTING pgs=0 cs=0 l=1 rev1=1 crypto rx=0 tx=0 comp rx=0 tx=0).handle_hello peer v2:172.21.15.142:3300/0 says I am v2:172.21.15.142:46534/0 (socket says 172.21.15.142:46534)
2024-03-29T04:35:50.338 INFO:teuthology.orchestra.run.smithi142.stdout:/usr/bin/ceph: stderr
2024-03-29T04:35:48.993+0000 7fe798f9d700 1 -- 172.21.15.142:0/1777775722 learned_addr learned my addr 172.21.15.142:0/1777775722 (peer_addr_for_me v2:172.21.15.142:0/0)
2024-03-29T04:35:50.338 INFO:teuthology.orchestra.run.smithi142.stdout:/usr/bin/ceph: stderr
2024-03-29T04:35:48.993+0000 7fe798f9d700 1 -- 172.21.15.142:0/1777775722 --> [v2:172.21.15.142:3300/0,v1:172.21.15.142:6789/0] -- mon_subscribe({config=0+,monmap=0+}) v3 -- 0x7fe788009550 con 0x7fe79407be80
2024-03-29T04:35:50.338 INFO:teuthology.orchestra.run.smithi142.stdout:/usr/bin/ceph: stderr
2024-03-29T04:35:48.993+0000 7fe798f9d700 1 --2- 172.21.15.142:0/1777775722 >> [v2:172.21.15.142:3300/0,v1:172.21.15.142:6789/0] conn(0x7fe79407be80 0x7fe79419c2c0 secure :-1 s=READY pgs=52 cs=0 l=1 rev1=1 crypto rx=0x7fe788011670 tx=0x7fe788011aa0 comp rx=0 tx=0).ready entity=mon.0 client_cookie=0 server_cookie=0 in_seq=0 out_seq=0
2024-03-29T04:35:50.338 INFO:teuthology.orchestra.run.smithi142.stdout:/usr/bin/ceph: stderr
2024-03-29T04:35:48.994+0000 7fe791ffb700 1 -- 172.21.15.142:0/1777775722 <== mon.0 v2:172.21.15.142:3300/0 1 ==== mon_map magic: 0 v1 ==== 229+0+0 (secure 0 0 0) 0x7fe7880039c0 con 0x7fe79407be80
2024-03-29T04:35:50.338 INFO:teuthology.orchestra.run.smithi142.stdout:/usr/bin/ceph: stderr
2024-03-29T04:35:48.994+0000 7fe791ffb700 1 -- 172.21.15.142:0/1777775722 <== mon.0 v2:172.21.15.142:3300/0 2 ==== config(27 keys) v1 ==== 1101+0+0 (secure 0 0 0) 0x7fe788003b20 con 0x7fe79407be80
2024-03-29T04:35:50.338 INFO:teuthology.orchestra.run.smithi142.stdout:/usr/bin/ceph: stderr
2024-03-29T04:35:48.994+0000 7fe791ffb700 1 -- 172.21.15.142:0/1777775722 <== mon.0 v2:172.21.15.142:3300/0 3 ==== mon_map magic: 0 v1 ==== 229+0+0 (secure 0 0 0) 0x7fe7880247f0 con 0x7fe79407be80
2024-03-29T04:35:50.338 INFO:teuthology.orchestra.run.smithi142.stdout:/usr/bin/ceph: stderr
2024-03-29T04:35:48.994+0000 7fe799f9f700 1 -- 172.21.15.142:0/1777775722 --> [v2:172.21.15.142:3300/0,v1:172.21.15.142:6789/0] -- mon_subscribe({mgrmap=0+}) v3 -- 0x7fe79419ca00 con 0x7fe79407be80
2024-03-29T04:35:50.338 INFO:teuthology.orchestra.run.smithi142.stdout:/usr/bin/ceph: stderr
2024-03-29T04:35:48.994+0000 7fe799f9f700 1 -- 172.21.15.142:0/1777775722 --> [v2:172.21.15.142:3300/0,v1:172.21.15.142:6789/0] -- mon_subscribe({osdmap=0}) v3 -- 0x7fe79419cea0 con 0x7fe79407be80
2024-03-29T04:35:50.338 INFO:teuthology.orchestra.run.smithi142.stdout:/usr/bin/ceph: stderr
2024-03-29T04:35:48.995+0000 7fe791ffb700 1 -- 172.21.15.142:0/1777775722 <== mon.0 v2:172.21.15.142:3300/0 4 ==== mgrmap(e 8) v1 ==== 45283+0+0 (secure 0 0 0) 0x7fe788024a60 con 0x7fe79407be80
2024-03-29T04:35:50.338 INFO:teuthology.orchestra.run.smithi142.stdout:/usr/bin/ceph: stderr
2024-03-29T04:35:48.995+0000 7fe791ffb700 1 --2- 172.21.15.142:0/1777775722 >> [v2:172.21.15.142:6800/2742619935,v1:172.21.15.142:6801/2742619935] conn(0x7fe784038330 0x7fe78403a7f0 unknown :-1 s=NONE pgs=0 cs=0 l=1 rev1=0 crypto rx=0 tx=0 comp rx=0 tx=0).connect
2024-03-29T04:35:50.338 INFO:teuthology.orchestra.run.smithi142.stdout:/usr/bin/ceph: stderr
2024-03-29T04:35:48.995+0000 7fe791ffb700 1 -- 172.21.15.142:0/1777775722 <== mon.0 v2:172.21.15.142:3300/0 5 ==== osd_map(2..2 src has 1..2) v4 ==== 940+0+0 (secure 0 0 0) 0x7fe78804c250 con 0x7fe79407be80
2024-03-29T04:35:50.339 INFO:teuthology.orchestra.run.smithi142.stdout:/usr/bin/ceph: stderr
2024-03-29T04:35:48.995+0000 7fe793fff700 1 --2- 172.21.15.142:0/1777775722 >> [v2:172.21.15.142:6800/2742619935,v1:172.21.15.142:6801/2742619935] conn(0x7fe784038330 0x7fe78403a7f0 unknown :-1 s=BANNER_CONNECTING pgs=0 cs=0 l=1 rev1=0 crypto rx=0 tx=0 comp rx=0 tx=0)._handle_peer_banner_payload supported=3 required=0
2024-03-29T04:35:50.339 INFO:teuthology.orchestra.run.smithi142.stdout:/usr/bin/ceph: stderr
2024-03-29T04:35:48.995+0000 7fe799f9f700 1 -- 172.21.15.142:0/1777775722 --> [v2:172.21.15.142:3300/0,v1:172.21.15.142:6789/0] -- mon_command({"prefix": "get_command_descriptions"} v 0) v1 -- 0x7fe7940623c0 con 0x7fe79407be80
2024-03-29T04:35:50.339 INFO:teuthology.orchestra.run.smithi142.stdout:/usr/bin/ceph: stderr
2024-03-29T04:35:48.995+0000 7fe793fff700 1 --2- 172.21.15.142:0/1777775722 >> [v2:172.21.15.142:6800/2742619935,v1:172.21.15.142:6801/2742619935] conn(0x7fe784038330 0x7fe78403a7f0 secure :-1 s=READY pgs=15 cs=0 l=1 rev1=1 crypto rx=0x7fe780006fd0 tx=0x7fe780006e40 comp rx=0 tx=0).ready entity=mgr.14118 client_cookie=0 server_cookie=0 in_seq=0 out_seq=0
2024-03-29T04:35:50.339 INFO:teuthology.orchestra.run.smithi142.stdout:/usr/bin/ceph: stderr
2024-03-29T04:35:49.000+0000 7fe791ffb700 1 -- 172.21.15.142:0/1777775722 <== mon.0 v2:172.21.15.142:3300/0 6 ==== mon_command_ack([{"prefix": "get_command_descriptions"}]=0 v0) v1 ==== 72+0+180422 (secure 0 0 0) 0x7fe788024d10 con 0x7fe79407be80
2024-03-29T04:35:50.339 INFO:teuthology.orchestra.run.smithi142.stdout:/usr/bin/ceph: stderr
2024-03-29T04:35:49.210+0000 7fe799f9f700 1 -- 172.21.15.142:0/1777775722 --> [v2:172.21.15.142:6800/2742619935,v1:172.21.15.142:6801/2742619935] -- mgr_command(tid 0: {"prefix": "orch apply", "service_type": "ceph-exporter", "target": ["mon-mgr", ""]}) v1 -- 0x7fe79419f920 con 0x7fe784038330
2024-03-29T04:35:50.339 INFO:teuthology.orchestra.run.smithi142.stdout:/usr/bin/ceph: stderr
2024-03-29T04:35:49.215+0000 7fe791ffb700 1 -- 172.21.15.142:0/1777775722 <== mgr.14118 v2:172.21.15.142:6800/2742619935 1 ==== mgr_command_reply(tid 0: 0 ) v1 ==== 8+0+34 (secure 0 0 0) 0x7fe79419f920 con 0x7fe784038330
2024-03-29T04:35:50.339 INFO:teuthology.orchestra.run.smithi142.stdout:/usr/bin/ceph: stderr
2024-03-29T04:35:49.217+0000 7fe799f9f700 1 -- 172.21.15.142:0/1777775722 >> [v2:172.21.15.142:6800/2742619935,v1:172.21.15.142:6801/2742619935] conn(0x7fe784038330 msgr2=0x7fe78403a7f0 secure :-1 s=STATE_CONNECTION_ESTABLISHED l=1).mark_down
2024-03-29T04:35:50.339 INFO:teuthology.orchestra.run.smithi142.stdout:/usr/bin/ceph: stderr
2024-03-29T04:35:49.217+0000 7fe799f9f700 1 --2- 172.21.15.142:0/1777775722 >> [v2:172.21.15.142:6800/2742619935,v1:172.21.15.142:6801/2742619935] conn(0x7fe784038330 0x7fe78403a7f0 secure :-1 s=READY pgs=15 cs=0 l=1 rev1=1 crypto rx=0x7fe780006fd0 tx=0x7fe780006e40 comp rx=0 tx=0).stop
2024-03-29T04:35:50.339 INFO:teuthology.orchestra.run.smithi142.stdout:/usr/bin/ceph: stderr
2024-03-29T04:35:49.217+0000 7fe799f9f700 1 -- 172.21.15.142:0/1777775722 >> [v2:172.21.15.142:3300/0,v1:172.21.15.142:6789/0] conn(0x7fe79407be80 msgr2=0x7fe79419c2c0 secure :-1 s=STATE_CONNECTION_ESTABLISHED l=1).mark_down
2024-03-29T04:35:50.339 INFO:teuthology.orchestra.run.smithi142.stdout:/usr/bin/ceph: stderr
2024-03-29T04:35:49.218+0000 7fe799f9f700 1 --2- 172.21.15.142:0/1777775722 >> [v2:172.21.15.142:3300/0,v1:172.21.15.142:6789/0] conn(0x7fe79407be80 0x7fe79419c2c0 secure :-1 s=READY pgs=52 cs=0 l=1 rev1=1 crypto rx=0x7fe788011670 tx=0x7fe788011aa0 comp rx=0 tx=0).stop
2024-03-29T04:35:50.339 INFO:teuthology.orchestra.run.smithi142.stdout:/usr/bin/ceph: stderr
2024-03-29T04:35:49.218+0000 7fe799f9f700 1 -- 172.21.15.142:0/1777775722 shutdown_connections
2024-03-29T04:35:50.339 INFO:teuthology.orchestra.run.smithi142.stdout:/usr/bin/ceph: stderr
2024-03-29T04:35:49.218+0000 7fe799f9f700 1 --2- 172.21.15.142:0/1777775722 >> [v2:172.21.15.142:6800/2742619935,v1:172.21.15.142:6801/2742619935] conn(0x7fe784038330 0x7fe78403a7f0 unknown :-1 s=CLOSED pgs=15 cs=0 l=1 rev1=1 crypto rx=0 tx=0 comp rx=0 tx=0).stop
2024-03-29T04:35:50.340 INFO:teuthology.orchestra.run.smithi142.stdout:/usr/bin/ceph: stderr
2024-03-29T04:35:49.218+0000 7fe799f9f700 1 --2- 172.21.15.142:0/1777775722 >> [v2:172.21.15.142:3300/0,v1:172.21.15.142:6789/0] conn(0x7fe79407be80 0x7fe79419c2c0 unknown :-1 s=CLOSED pgs=52 cs=0 l=1 rev1=1 crypto rx=0 tx=0 comp rx=0 tx=0).stop
2024-03-29T04:35:50.340 INFO:teuthology.orchestra.run.smithi142.stdout:/usr/bin/ceph: stderr
2024-03-29T04:35:49.218+0000 7fe799f9f700 1 -- 172.21.15.142:0/1777775722 >> 172.21.15.142:0/1777775722 conn(0x7fe794101920 msgr2=0x7fe794103040 unknown :-1 s=STATE_NONE l=0).mark_down
2024-03-29T04:35:50.340 INFO:teuthology.orchestra.run.smithi142.stdout:/usr/bin/ceph: stderr
2024-03-29T04:35:49.218+0000 7fe799f9f700 1 -- 172.21.15.142:0/1777775722 shutdown_connections
2024-03-29T04:35:50.340 INFO:teuthology.orchestra.run.smithi142.stdout:/usr/bin/ceph: stderr
2024-03-29T04:35:49.218+0000 7fe799f9f700 1 -- 172.21.15.142:0/1777775722 wait complete.
2024-03-29T04:35:50.340 INFO:teuthology.orchestra.run.smithi142.stdout:Deploying prometheus service with default placement...
2024-03-29T04:35:50.458 INFO:journalctl@ceph.mon.smithi142.smithi142.stdout:Mar 29 04:35:50 smithi142 ceph-mon[29027]: from='client.14146 -' entity='client.admin' cmd=[{"prefix": "orch apply", "service_type": "ceph-exporter", "target": ["mon-mgr", ""]}]: dispatch
2024-03-29T04:35:50.458 INFO:journalctl@ceph.mon.smithi142.smithi142.stdout:Mar 29 04:35:50 smithi142 ceph-mon[29027]: Saving service ceph-exporter spec with placement *
2024-03-29T04:35:50.458 INFO:journalctl@ceph.mon.smithi142.smithi142.stdout:Mar 29 04:35:50 smithi142 ceph-mon[29027]: from='mgr.14118 172.21.15.142:0/4186348002' entity='mgr.smithi142.swesrg'
2024-03-29T04:35:52.027 INFO:teuthology.orchestra.run.smithi142.stdout:/usr/bin/ceph: stdout Scheduled prometheus update...
2024-03-29T04:35:52.028 INFO:teuthology.orchestra.run.smithi142.stdout:/usr/bin/ceph: stderr
2024-03-29T04:35:51.298+0000 7fe905380700 1 Processor -- start
2024-03-29T04:35:52.028 INFO:teuthology.orchestra.run.smithi142.stdout:/usr/bin/ceph: stderr
2024-03-29T04:35:51.298+0000 7fe905380700 1 -- start start
2024-03-29T04:35:52.028 INFO:teuthology.orchestra.run.smithi142.stdout:/usr/bin/ceph: stderr
2024-03-29T04:35:51.298+0000 7fe905380700 1 --2- >> [v2:172.21.15.142:3300/0,v1:172.21.15.142:6789/0] conn(0x7fe900104810 0x7fe900104c30 unknown :-1 s=NONE pgs=0 cs=0 l=0 rev1=0 crypto rx=0 tx=0 comp rx=0 tx=0).connect
2024-03-29T04:35:52.028 INFO:teuthology.orchestra.run.smithi142.stdout:/usr/bin/ceph: stderr
2024-03-29T04:35:51.298+0000 7fe905380700 1 -- --> [v2:172.21.15.142:3300/0,v1:172.21.15.142:6789/0] -- mon_getmap magic: 0 v1 -- 0x7fe900105200 con 0x7fe900104810
2024-03-29T04:35:52.028 INFO:teuthology.orchestra.run.smithi142.stdout:/usr/bin/ceph: stderr
2024-03-29T04:35:51.298+0000 7fe8feffd700 1 --2- >> [v2:172.21.15.142:3300/0,v1:172.21.15.142:6789/0] conn(0x7fe900104810 0x7fe900104c30 unknown :-1 s=BANNER_CONNECTING pgs=0 cs=0 l=0 rev1=0 crypto rx=0 tx=0 comp rx=0 tx=0)._handle_peer_banner_payload supported=3 required=0
2024-03-29T04:35:52.028 INFO:teuthology.orchestra.run.smithi142.stdout:/usr/bin/ceph: stderr
2024-03-29T04:35:51.298+0000 7fe8feffd700 1 --2- >> [v2:172.21.15.142:3300/0,v1:172.21.15.142:6789/0] conn(0x7fe900104810 0x7fe900104c30 unknown :-1 s=HELLO_CONNECTING pgs=0 cs=0 l=0 rev1=1 crypto rx=0 tx=0 comp rx=0 tx=0).handle_hello peer v2:172.21.15.142:3300/0 says I am v2:172.21.15.142:46548/0 (socket says 172.21.15.142:46548)
2024-03-29T04:35:52.028 INFO:teuthology.orchestra.run.smithi142.stdout:/usr/bin/ceph: stderr
2024-03-29T04:35:51.298+0000 7fe8feffd700 1 -- 172.21.15.142:0/3196771777 learned_addr learned my addr 172.21.15.142:0/3196771777 (peer_addr_for_me v2:172.21.15.142:0/0)
2024-03-29T04:35:52.028 INFO:teuthology.orchestra.run.smithi142.stdout:/usr/bin/ceph: stderr
2024-03-29T04:35:51.299+0000 7fe8feffd700 1 -- 172.21.15.142:0/3196771777 --> [v2:172.21.15.142:3300/0,v1:172.21.15.142:6789/0] -- mon_subscribe({config=0+,monmap=0+}) v3 -- 0x7fe900105340 con 0x7fe900104810
2024-03-29T04:35:52.028 INFO:teuthology.orchestra.run.smithi142.stdout:/usr/bin/ceph: stderr
2024-03-29T04:35:51.299+0000 7fe8feffd700 1 --2- 172.21.15.142:0/3196771777 >> [v2:172.21.15.142:3300/0,v1:172.21.15.142:6789/0] conn(0x7fe900104810 0x7fe900104c30 secure :-1 s=READY pgs=53 cs=0 l=1 rev1=1 crypto rx=0x7fe8f00098a0 tx=0x7fe8f0009bb0 comp rx=0 tx=0).ready entity=mon.0 client_cookie=2d33d7b99860f9c9 server_cookie=0 in_seq=0 out_seq=0
2024-03-29T04:35:52.028 INFO:teuthology.orchestra.run.smithi142.stdout:/usr/bin/ceph: stderr
2024-03-29T04:35:51.299+0000 7fe8fe7fc700 1 -- 172.21.15.142:0/3196771777 <== mon.0 v2:172.21.15.142:3300/0 1 ==== mon_map magic: 0 v1 ==== 229+0+0 (secure 0 0 0) 0x7fe8f0004180 con 0x7fe900104810
2024-03-29T04:35:52.028 INFO:teuthology.orchestra.run.smithi142.stdout:/usr/bin/ceph: stderr
2024-03-29T04:35:51.299+0000 7fe8fe7fc700 1 -- 172.21.15.142:0/3196771777 <== mon.0 v2:172.21.15.142:3300/0 2 ==== config(27 keys) v1 ==== 1101+0+0 (secure 0 0 0) 0x7fe8f00042e0 con 0x7fe900104810
2024-03-29T04:35:52.028 INFO:teuthology.orchestra.run.smithi142.stdout:/usr/bin/ceph: stderr
2024-03-29T04:35:51.299+0000 7fe8fe7fc700 1 -- 172.21.15.142:0/3196771777 <== mon.0 v2:172.21.15.142:3300/0 3 ==== mon_map magic: 0 v1 ==== 229+0+0 (secure 0 0 0) 0x7fe8f0011af0 con 0x7fe900104810
2024-03-29T04:35:52.028 INFO:teuthology.orchestra.run.smithi142.stdout:/usr/bin/ceph: stderr
2024-03-29T04:35:51.300+0000 7fe905380700 1 -- 172.21.15.142:0/3196771777 >> [v2:172.21.15.142:3300/0,v1:172.21.15.142:6789/0] conn(0x7fe900104810 msgr2=0x7fe900104c30 secure :-1 s=STATE_CONNECTION_ESTABLISHED l=1).mark_down
2024-03-29T04:35:52.029 INFO:teuthology.orchestra.run.smithi142.stdout:/usr/bin/ceph: stderr
2024-03-29T04:35:51.300+0000 7fe905380700 1 --2- 172.21.15.142:0/3196771777 >> [v2:172.21.15.142:3300/0,v1:172.21.15.142:6789/0] conn(0x7fe900104810 0x7fe900104c30 secure :-1 s=READY pgs=53 cs=0 l=1 rev1=1 crypto rx=0x7fe8f00098a0 tx=0x7fe8f0009bb0 comp rx=0 tx=0).stop
2024-03-29T04:35:52.029 INFO:teuthology.orchestra.run.smithi142.stdout:/usr/bin/ceph: stderr
2024-03-29T04:35:51.300+0000 7fe905380700 1 -- 172.21.15.142:0/3196771777 shutdown_connections
2024-03-29T04:35:52.029 INFO:teuthology.orchestra.run.smithi142.stdout:/usr/bin/ceph: stderr
2024-03-29T04:35:51.300+0000 7fe905380700 1 --2- 172.21.15.142:0/3196771777 >> [v2:172.21.15.142:3300/0,v1:172.21.15.142:6789/0] conn(0x7fe900104810 0x7fe900104c30 unknown :-1 s=CLOSED pgs=53 cs=0 l=1 rev1=1 crypto rx=0 tx=0 comp rx=0 tx=0).stop
2024-03-29T04:35:52.029 INFO:teuthology.orchestra.run.smithi142.stdout:/usr/bin/ceph: stderr
2024-03-29T04:35:51.300+0000 7fe905380700 1 -- 172.21.15.142:0/3196771777 >> 172.21.15.142:0/3196771777 conn(0x7fe900100190 msgr2=0x7fe9001025b0 unknown :-1 s=STATE_NONE l=0).mark_down
2024-03-29T04:35:52.029 INFO:teuthology.orchestra.run.smithi142.stdout:/usr/bin/ceph: stderr
2024-03-29T04:35:51.300+0000 7fe905380700 1 -- 172.21.15.142:0/3196771777 shutdown_connections
2024-03-29T04:35:52.029 INFO:teuthology.orchestra.run.smithi142.stdout:/usr/bin/ceph: stderr
2024-03-29T04:35:51.300+0000 7fe905380700 1 -- 172.21.15.142:0/3196771777 wait complete.
2024-03-29T04:35:52.029 INFO:teuthology.orchestra.run.smithi142.stdout:/usr/bin/ceph: stderr
2024-03-29T04:35:51.300+0000 7fe905380700 1 Processor -- start
2024-03-29T04:35:52.029 INFO:teuthology.orchestra.run.smithi142.stdout:/usr/bin/ceph: stderr
2024-03-29T04:35:51.301+0000 7fe905380700 1 -- start start
2024-03-29T04:35:52.029 INFO:teuthology.orchestra.run.smithi142.stdout:/usr/bin/ceph: stderr
2024-03-29T04:35:51.301+0000 7fe905380700 1 --2- >> [v2:172.21.15.142:3300/0,v1:172.21.15.142:6789/0] conn(0x7fe900104810 0x7fe9001071f0 unknown :-1 s=NONE pgs=0 cs=0 l=1 rev1=0 crypto rx=0 tx=0 comp rx=0 tx=0).connect
2024-03-29T04:35:52.029 INFO:teuthology.orchestra.run.smithi142.stdout:/usr/bin/ceph: stderr
2024-03-29T04:35:51.301+0000 7fe905380700 1 -- --> [v2:172.21.15.142:3300/0,v1:172.21.15.142:6789/0] -- mon_getmap magic: 0 v1 -- 0x7fe900107730 con 0x7fe900104810
2024-03-29T04:35:52.029 INFO:teuthology.orchestra.run.smithi142.stdout:/usr/bin/ceph: stderr
