2024-03-31T23:03:27.864 INFO:journalctl@ceph.mon.smithi083.smithi083.stdout:Mar 31 23:03:27 smithi083 ceph-mon[28951]: [31/Mar/2024:23:03:26] ENGINE Bus STARTING
2024-03-31T23:03:27.864 INFO:journalctl@ceph.mon.smithi083.smithi083.stdout:Mar 31 23:03:27 smithi083 ceph-mon[28951]: mgrmap e8: smithi083.bbdknw(active, since 2s)
2024-03-31T23:03:27.864 INFO:journalctl@ceph.mon.smithi083.smithi083.stdout:Mar 31 23:03:27 smithi083 ceph-mon[28951]: [31/Mar/2024:23:03:26] ENGINE Serving on https://172.21.15.83:7150
2024-03-31T23:03:27.864 INFO:journalctl@ceph.mon.smithi083.smithi083.stdout:Mar 31 23:03:27 smithi083 ceph-mon[28951]: [31/Mar/2024:23:03:26] ENGINE Bus STARTED
2024-03-31T23:03:27.864 INFO:journalctl@ceph.mon.smithi083.smithi083.stdout:Mar 31 23:03:27 smithi083 ceph-mon[28951]: from='mgr.14118 172.21.15.83:0/2156512122' entity='mgr.smithi083.bbdknw'
2024-03-31T23:03:27.865 INFO:journalctl@ceph.mon.smithi083.smithi083.stdout:Mar 31 23:03:27 smithi083 ceph-mon[28951]: from='mgr.14118 172.21.15.83:0/2156512122' entity='mgr.smithi083.bbdknw' cmd=[{"prefix": "config dump", "format": "json"}]: dispatch
2024-03-31T23:03:27.865 INFO:journalctl@ceph.mon.smithi083.smithi083.stdout:Mar 31 23:03:27 smithi083 ceph-mon[28951]: from='client.14130 -' entity='client.admin' cmd=[{"prefix": "orch set backend", "module_name": "cephadm", "target": ["mon-mgr", ""]}]: dispatch
2024-03-31T23:03:27.865 INFO:journalctl@ceph.mon.smithi083.smithi083.stdout:Mar 31 23:03:27 smithi083 ceph-mon[28951]: from='mgr.14118 172.21.15.83:0/2156512122' entity='mgr.smithi083.bbdknw'
2024-03-31T23:03:27.865 INFO:journalctl@ceph.mon.smithi083.smithi083.stdout:Mar 31 23:03:27 smithi083 ceph-mon[28951]: from='mgr.14118 172.21.15.83:0/2156512122' entity='mgr.smithi083.bbdknw' cmd=[{"prefix": "config dump", "format": "json"}]: dispatch
2024-03-31T23:03:28.404 INFO:teuthology.orchestra.run.smithi083.stdout:/usr/bin/ceph: stdout value unchanged
2024-03-31T23:03:28.404 INFO:teuthology.orchestra.run.smithi083.stdout:/usr/bin/ceph: stderr
2024-03-31T23:03:27.667+0000 7f0808bb1700 1 Processor -- start
2024-03-31T23:03:28.404 INFO:teuthology.orchestra.run.smithi083.stdout:/usr/bin/ceph: stderr
2024-03-31T23:03:27.667+0000 7f0808bb1700 1 -- start start
2024-03-31T23:03:28.404 INFO:teuthology.orchestra.run.smithi083.stdout:/usr/bin/ceph: stderr
2024-03-31T23:03:27.667+0000 7f0808bb1700 1 --2- >> [v2:172.21.15.83:3300/0,v1:172.21.15.83:6789/0] conn(0x7f0804102910 0x7f0804102d20 unknown :-1 s=NONE pgs=0 cs=0 l=0 rev1=0 crypto rx=0 tx=0 comp rx=0 tx=0).connect
2024-03-31T23:03:28.404 INFO:teuthology.orchestra.run.smithi083.stdout:/usr/bin/ceph: stderr
2024-03-31T23:03:27.667+0000 7f0808bb1700 1 -- --> [v2:172.21.15.83:3300/0,v1:172.21.15.83:6789/0] -- mon_getmap magic: 0 v1 -- 0x7f0804103260 con 0x7f0804102910
2024-03-31T23:03:28.404 INFO:teuthology.orchestra.run.smithi083.stdout:/usr/bin/ceph: stderr
2024-03-31T23:03:27.667+0000 7f080259c700 1 --2- >> [v2:172.21.15.83:3300/0,v1:172.21.15.83:6789/0] conn(0x7f0804102910 0x7f0804102d20 unknown :-1 s=BANNER_CONNECTING pgs=0 cs=0 l=0 rev1=0 crypto rx=0 tx=0 comp rx=0 tx=0)._handle_peer_banner_payload supported=3 required=0
2024-03-31T23:03:28.404 INFO:teuthology.orchestra.run.smithi083.stdout:/usr/bin/ceph: stderr
2024-03-31T23:03:27.667+0000 7f080259c700 1 --2- >> [v2:172.21.15.83:3300/0,v1:172.21.15.83:6789/0] conn(0x7f0804102910 0x7f0804102d20 unknown :-1 s=HELLO_CONNECTING pgs=0 cs=0 l=0 rev1=1 crypto rx=0 tx=0 comp rx=0 tx=0).handle_hello peer v2:172.21.15.83:3300/0 says I am v2:172.21.15.83:33716/0 (socket says 172.21.15.83:33716)
2024-03-31T23:03:28.404 INFO:teuthology.orchestra.run.smithi083.stdout:/usr/bin/ceph: stderr
2024-03-31T23:03:27.667+0000 7f080259c700 1 -- 172.21.15.83:0/1044194361 learned_addr learned my addr 172.21.15.83:0/1044194361 (peer_addr_for_me v2:172.21.15.83:0/0)
2024-03-31T23:03:28.404 INFO:teuthology.orchestra.run.smithi083.stdout:/usr/bin/ceph: stderr
2024-03-31T23:03:27.667+0000 7f080259c700 1 -- 172.21.15.83:0/1044194361 --> [v2:172.21.15.83:3300/0,v1:172.21.15.83:6789/0] -- mon_subscribe({config=0+,monmap=0+}) v3 -- 0x7f08041033a0 con 0x7f0804102910
2024-03-31T23:03:28.404 INFO:teuthology.orchestra.run.smithi083.stdout:/usr/bin/ceph: stderr
2024-03-31T23:03:27.668+0000 7f080259c700 1 --2- 172.21.15.83:0/1044194361 >> [v2:172.21.15.83:3300/0,v1:172.21.15.83:6789/0] conn(0x7f0804102910 0x7f0804102d20 secure :-1 s=READY pgs=37 cs=0 l=1 rev1=1 crypto rx=0x7f07f40098e0 tx=0x7f07f4009250 comp rx=0 tx=0).ready entity=mon.0 client_cookie=b4d66c627f7482a8 server_cookie=0 in_seq=0 out_seq=0
2024-03-31T23:03:28.405 INFO:teuthology.orchestra.run.smithi083.stdout:/usr/bin/ceph: stderr
2024-03-31T23:03:27.668+0000 7f080159a700 1 -- 172.21.15.83:0/1044194361 <== mon.0 v2:172.21.15.83:3300/0 1 ==== mon_map magic: 0 v1 ==== 229+0+0 (secure 0 0 0) 0x7f07f400b860 con 0x7f0804102910
2024-03-31T23:03:28.405 INFO:teuthology.orchestra.run.smithi083.stdout:/usr/bin/ceph: stderr
2024-03-31T23:03:27.668+0000 7f080159a700 1 -- 172.21.15.83:0/1044194361 <== mon.0 v2:172.21.15.83:3300/0 2 ==== config(27 keys) v1 ==== 1044+0+0 (secure 0 0 0) 0x7f07f400be50 con 0x7f0804102910
2024-03-31T23:03:28.405 INFO:teuthology.orchestra.run.smithi083.stdout:/usr/bin/ceph: stderr
2024-03-31T23:03:27.668+0000 7f080159a700 1 -- 172.21.15.83:0/1044194361 <== mon.0 v2:172.21.15.83:3300/0 3 ==== mon_map magic: 0 v1 ==== 229+0+0 (secure 0 0 0) 0x7f07f4010380 con 0x7f0804102910
2024-03-31T23:03:28.405 INFO:teuthology.orchestra.run.smithi083.stdout:/usr/bin/ceph: stderr
2024-03-31T23:03:27.668+0000 7f0808bb1700 1 -- 172.21.15.83:0/1044194361 >> [v2:172.21.15.83:3300/0,v1:172.21.15.83:6789/0] conn(0x7f0804102910 msgr2=0x7f0804102d20 secure :-1 s=STATE_CONNECTION_ESTABLISHED l=1).mark_down
2024-03-31T23:03:28.405 INFO:teuthology.orchestra.run.smithi083.stdout:/usr/bin/ceph: stderr
2024-03-31T23:03:27.668+0000 7f0808bb1700 1 --2- 172.21.15.83:0/1044194361 >> [v2:172.21.15.83:3300/0,v1:172.21.15.83:6789/0] conn(0x7f0804102910 0x7f0804102d20 secure :-1 s=READY pgs=37 cs=0 l=1 rev1=1 crypto rx=0x7f07f40098e0 tx=0x7f07f4009250 comp rx=0 tx=0).stop
2024-03-31T23:03:28.405 INFO:teuthology.orchestra.run.smithi083.stdout:/usr/bin/ceph: stderr
2024-03-31T23:03:27.668+0000 7f0808bb1700 1 -- 172.21.15.83:0/1044194361 shutdown_connections
2024-03-31T23:03:28.405 INFO:teuthology.orchestra.run.smithi083.stdout:/usr/bin/ceph: stderr
2024-03-31T23:03:27.668+0000 7f0808bb1700 1 --2- 172.21.15.83:0/1044194361 >> [v2:172.21.15.83:3300/0,v1:172.21.15.83:6789/0] conn(0x7f0804102910 0x7f0804102d20 unknown :-1 s=CLOSED pgs=37 cs=0 l=1 rev1=1 crypto rx=0 tx=0 comp rx=0 tx=0).stop
2024-03-31T23:03:28.405 INFO:teuthology.orchestra.run.smithi083.stdout:/usr/bin/ceph: stderr
2024-03-31T23:03:27.668+0000 7f0808bb1700 1 -- 172.21.15.83:0/1044194361 >> 172.21.15.83:0/1044194361 conn(0x7f08040fe070 msgr2=0x7f08041004a0 unknown :-1 s=STATE_NONE l=0).mark_down
2024-03-31T23:03:28.405 INFO:teuthology.orchestra.run.smithi083.stdout:/usr/bin/ceph: stderr
2024-03-31T23:03:27.669+0000 7f0808bb1700 1 -- 172.21.15.83:0/1044194361 shutdown_connections
2024-03-31T23:03:28.405 INFO:teuthology.orchestra.run.smithi083.stdout:/usr/bin/ceph: stderr
2024-03-31T23:03:27.669+0000 7f0808bb1700 1 -- 172.21.15.83:0/1044194361 wait complete.
2024-03-31T23:03:28.405 INFO:teuthology.orchestra.run.smithi083.stdout:/usr/bin/ceph: stderr
2024-03-31T23:03:27.669+0000 7f0808bb1700 1 Processor -- start
2024-03-31T23:03:28.405 INFO:teuthology.orchestra.run.smithi083.stdout:/usr/bin/ceph: stderr
2024-03-31T23:03:27.669+0000 7f0808bb1700 1 -- start start
2024-03-31T23:03:28.405 INFO:teuthology.orchestra.run.smithi083.stdout:/usr/bin/ceph: stderr
2024-03-31T23:03:27.669+0000 7f0808bb1700 1 --2- >> [v2:172.21.15.83:3300/0,v1:172.21.15.83:6789/0] conn(0x7f0804102910 0x7f0804111700 unknown :-1 s=NONE pgs=0 cs=0 l=1 rev1=0 crypto rx=0 tx=0 comp rx=0 tx=0).connect
2024-03-31T23:03:28.405 INFO:teuthology.orchestra.run.smithi083.stdout:/usr/bin/ceph: stderr
2024-03-31T23:03:27.669+0000 7f0808bb1700 1 -- --> [v2:172.21.15.83:3300/0,v1:172.21.15.83:6789/0] -- mon_getmap magic: 0 v1 -- 0x7f0804111c40 con 0x7f0804102910
2024-03-31T23:03:28.406 INFO:teuthology.orchestra.run.smithi083.stdout:/usr/bin/ceph: stderr
2024-03-31T23:03:27.669+0000 7f080259c700 1 --2- >> [v2:172.21.15.83:3300/0,v1:172.21.15.83:6789/0] conn(0x7f0804102910 0x7f0804111700 unknown :-1 s=BANNER_CONNECTING pgs=0 cs=0 l=1 rev1=0 crypto rx=0 tx=0 comp rx=0 tx=0)._handle_peer_banner_payload supported=3 required=0
2024-03-31T23:03:28.406 INFO:teuthology.orchestra.run.smithi083.stdout:/usr/bin/ceph: stderr
2024-03-31T23:03:27.669+0000 7f080259c700 1 --2- >> [v2:172.21.15.83:3300/0,v1:172.21.15.83:6789/0] conn(0x7f0804102910 0x7f0804111700 unknown :-1 s=HELLO_CONNECTING pgs=0 cs=0 l=1 rev1=1 crypto rx=0 tx=0 comp rx=0 tx=0).handle_hello peer v2:172.21.15.83:3300/0 says I am v2:172.21.15.83:33722/0 (socket says 172.21.15.83:33722)
2024-03-31T23:03:28.406 INFO:teuthology.orchestra.run.smithi083.stdout:/usr/bin/ceph: stderr
2024-03-31T23:03:27.669+0000 7f080259c700 1 -- 172.21.15.83:0/1669011276 learned_addr learned my addr 172.21.15.83:0/1669011276 (peer_addr_for_me v2:172.21.15.83:0/0)
2024-03-31T23:03:28.406 INFO:teuthology.orchestra.run.smithi083.stdout:/usr/bin/ceph: stderr
2024-03-31T23:03:27.669+0000 7f080259c700 1 -- 172.21.15.83:0/1669011276 --> [v2:172.21.15.83:3300/0,v1:172.21.15.83:6789/0] -- mon_subscribe({config=0+,monmap=0+}) v3 -- 0x7f07f40094f0 con 0x7f0804102910
2024-03-31T23:03:28.406 INFO:teuthology.orchestra.run.smithi083.stdout:/usr/bin/ceph: stderr
2024-03-31T23:03:27.670+0000 7f080259c700 1 --2- 172.21.15.83:0/1669011276 >> [v2:172.21.15.83:3300/0,v1:172.21.15.83:6789/0] conn(0x7f0804102910 0x7f0804111700 secure :-1 s=READY pgs=38 cs=0 l=1 rev1=1 crypto rx=0x7f07f400b440 tx=0x7f07f4009250 comp rx=0 tx=0).ready entity=mon.0 client_cookie=0 server_cookie=0 in_seq=0 out_seq=0
2024-03-31T23:03:28.406 INFO:teuthology.orchestra.run.smithi083.stdout:/usr/bin/ceph: stderr
2024-03-31T23:03:27.670+0000 7f07f2ffd700 1 -- 172.21.15.83:0/1669011276 <== mon.0 v2:172.21.15.83:3300/0 1 ==== mon_map magic: 0 v1 ==== 229+0+0 (secure 0 0 0) 0x7f07f4010760 con 0x7f0804102910
2024-03-31T23:03:28.406 INFO:teuthology.orchestra.run.smithi083.stdout:/usr/bin/ceph: stderr
2024-03-31T23:03:27.670+0000 7f07f2ffd700 1 -- 172.21.15.83:0/1669011276 <== mon.0 v2:172.21.15.83:3300/0 2 ==== config(27 keys) v1 ==== 1044+0+0 (secure 0 0 0) 0x7f07f4010d50 con 0x7f0804102910
2024-03-31T23:03:28.406 INFO:teuthology.orchestra.run.smithi083.stdout:/usr/bin/ceph: stderr
2024-03-31T23:03:27.670+0000 7f0808bb1700 1 -- 172.21.15.83:0/1669011276 --> [v2:172.21.15.83:3300/0,v1:172.21.15.83:6789/0] -- mon_subscribe({mgrmap=0+}) v3 -- 0x7f0804111e40 con 0x7f0804102910
2024-03-31T23:03:28.406 INFO:teuthology.orchestra.run.smithi083.stdout:/usr/bin/ceph: stderr
2024-03-31T23:03:27.670+0000 7f07f2ffd700 1 -- 172.21.15.83:0/1669011276 <== mon.0 v2:172.21.15.83:3300/0 3 ==== mon_map magic: 0 v1 ==== 229+0+0 (secure 0 0 0) 0x7f07f401ae20 con 0x7f0804102910
2024-03-31T23:03:28.406 INFO:teuthology.orchestra.run.smithi083.stdout:/usr/bin/ceph: stderr
2024-03-31T23:03:27.670+0000 7f0808bb1700 1 -- 172.21.15.83:0/1669011276 --> [v2:172.21.15.83:3300/0,v1:172.21.15.83:6789/0] -- mon_subscribe({osdmap=0}) v3 -- 0x7f08041129b0 con 0x7f0804102910
2024-03-31T23:03:28.406 INFO:teuthology.orchestra.run.smithi083.stdout:/usr/bin/ceph: stderr
2024-03-31T23:03:27.671+0000 7f07f2ffd700 1 -- 172.21.15.83:0/1669011276 <== mon.0 v2:172.21.15.83:3300/0 4 ==== mgrmap(e 8) v1 ==== 43368+0+0 (secure 0 0 0) 0x7f07f402e440 con 0x7f0804102910
2024-03-31T23:03:28.406 INFO:teuthology.orchestra.run.smithi083.stdout:/usr/bin/ceph: stderr
2024-03-31T23:03:27.671+0000 7f0808bb1700 1 -- 172.21.15.83:0/1669011276 --> [v2:172.21.15.83:3300/0,v1:172.21.15.83:6789/0] -- mon_command({"prefix": "get_command_descriptions"} v 0) v1 -- 0x7f080405f5f0 con 0x7f0804102910
2024-03-31T23:03:28.406 INFO:teuthology.orchestra.run.smithi083.stdout:/usr/bin/ceph: stderr
2024-03-31T23:03:27.671+0000 7f07f2ffd700 1 --2- 172.21.15.83:0/1669011276 >> [v2:172.21.15.83:6800/3345658148,v1:172.21.15.83:6801/3345658148] conn(0x7f07ec0367e0 0x7f07ec038c90 unknown :-1 s=NONE pgs=0 cs=0 l=1 rev1=0 crypto rx=0 tx=0 comp rx=0 tx=0).connect
2024-03-31T23:03:28.407 INFO:teuthology.orchestra.run.smithi083.stdout:/usr/bin/ceph: stderr
2024-03-31T23:03:27.671+0000 7f07f2ffd700 1 -- 172.21.15.83:0/1669011276 <== mon.0 v2:172.21.15.83:3300/0 5 ==== osd_map(2..2 src has 1..2) v4 ==== 936+0+0 (secure 0 0 0) 0x7f07f404a6e0 con 0x7f0804102910
2024-03-31T23:03:28.407 INFO:teuthology.orchestra.run.smithi083.stdout:/usr/bin/ceph: stderr
2024-03-31T23:03:27.671+0000 7f0801d9b700 1 --2- 172.21.15.83:0/1669011276 >> [v2:172.21.15.83:6800/3345658148,v1:172.21.15.83:6801/3345658148] conn(0x7f07ec0367e0 0x7f07ec038c90 unknown :-1 s=BANNER_CONNECTING pgs=0 cs=0 l=1 rev1=0 crypto rx=0 tx=0 comp rx=0 tx=0)._handle_peer_banner_payload supported=3 required=0
2024-03-31T23:03:28.407 INFO:teuthology.orchestra.run.smithi083.stdout:/usr/bin/ceph: stderr
2024-03-31T23:03:27.671+0000 7f0801d9b700 1 --2- 172.21.15.83:0/1669011276 >> [v2:172.21.15.83:6800/3345658148,v1:172.21.15.83:6801/3345658148] conn(0x7f07ec0367e0 0x7f07ec038c90 secure :-1 s=READY pgs=8 cs=0 l=1 rev1=1 crypto rx=0x7f07f8009990 tx=0x7f07f8006e40 comp rx=0 tx=0).ready entity=mgr.14118 client_cookie=0 server_cookie=0 in_seq=0 out_seq=0
2024-03-31T23:03:28.407 INFO:teuthology.orchestra.run.smithi083.stdout:/usr/bin/ceph: stderr
2024-03-31T23:03:27.676+0000 7f07f2ffd700 1 -- 172.21.15.83:0/1669011276 <== mon.0 v2:172.21.15.83:3300/0 6 ==== mon_command_ack([{"prefix": "get_command_descriptions"}]=0 v0) v1 ==== 72+0+176504 (secure 0 0 0) 0x7f07f4018350 con 0x7f0804102910
2024-03-31T23:03:28.407 INFO:teuthology.orchestra.run.smithi083.stdout:/usr/bin/ceph: stderr
2024-03-31T23:03:27.863+0000 7f0808bb1700 1 -- 172.21.15.83:0/1669011276 --> [v2:172.21.15.83:6800/3345658148,v1:172.21.15.83:6801/3345658148] -- mgr_command(tid 0: {"prefix": "cephadm set-user", "user": "root", "target": ["mon-mgr", ""]}) v1 -- 0x7f08040ff340 con 0x7f07ec0367e0
2024-03-31T23:03:28.407 INFO:teuthology.orchestra.run.smithi083.stdout:/usr/bin/ceph: stderr
2024-03-31T23:03:27.864+0000 7f07f2ffd700 1 -- 172.21.15.83:0/1669011276 <== mgr.14118 v2:172.21.15.83:6800/3345658148 1 ==== mgr_command_reply(tid 0: 0 ) v1 ==== 8+0+16 (secure 0 0 0) 0x7f08040ff340 con 0x7f07ec0367e0
2024-03-31T23:03:28.407 INFO:teuthology.orchestra.run.smithi083.stdout:/usr/bin/ceph: stderr
2024-03-31T23:03:27.866+0000 7f0808bb1700 1 -- 172.21.15.83:0/1669011276 >> [v2:172.21.15.83:6800/3345658148,v1:172.21.15.83:6801/3345658148] conn(0x7f07ec0367e0 msgr2=0x7f07ec038c90 secure :-1 s=STATE_CONNECTION_ESTABLISHED l=1).mark_down
2024-03-31T23:03:28.407 INFO:teuthology.orchestra.run.smithi083.stdout:/usr/bin/ceph: stderr
2024-03-31T23:03:27.866+0000 7f0808bb1700 1 --2- 172.21.15.83:0/1669011276 >> [v2:172.21.15.83:6800/3345658148,v1:172.21.15.83:6801/3345658148] conn(0x7f07ec0367e0 0x7f07ec038c90 secure :-1 s=READY pgs=8 cs=0 l=1 rev1=1 crypto rx=0x7f07f8009990 tx=0x7f07f8006e40 comp rx=0 tx=0).stop
2024-03-31T23:03:28.407 INFO:teuthology.orchestra.run.smithi083.stdout:/usr/bin/ceph: stderr
2024-03-31T23:03:27.866+0000 7f0808bb1700 1 -- 172.21.15.83:0/1669011276 >> [v2:172.21.15.83:3300/0,v1:172.21.15.83:6789/0] conn(0x7f0804102910 msgr2=0x7f0804111700 secure :-1 s=STATE_CONNECTION_ESTABLISHED l=1).mark_down
2024-03-31T23:03:28.407 INFO:teuthology.orchestra.run.smithi083.stdout:/usr/bin/ceph: stderr
2024-03-31T23:03:27.866+0000 7f0808bb1700 1 --2- 172.21.15.83:0/1669011276 >> [v2:172.21.15.83:3300/0,v1:172.21.15.83:6789/0] conn(0x7f0804102910 0x7f0804111700 secure :-1 s=READY pgs=38 cs=0 l=1 rev1=1 crypto rx=0x7f07f400b440 tx=0x7f07f4009250 comp rx=0 tx=0).stop
2024-03-31T23:03:28.407 INFO:teuthology.orchestra.run.smithi083.stdout:/usr/bin/ceph: stderr
2024-03-31T23:03:27.866+0000 7f0808bb1700 1 -- 172.21.15.83:0/1669011276 shutdown_connections
2024-03-31T23:03:28.407 INFO:teuthology.orchestra.run.smithi083.stdout:/usr/bin/ceph: stderr
2024-03-31T23:03:27.866+0000 7f0808bb1700 1 --2- 172.21.15.83:0/1669011276 >> [v2:172.21.15.83:6800/3345658148,v1:172.21.15.83:6801/3345658148] conn(0x7f07ec0367e0 0x7f07ec038c90 unknown :-1 s=CLOSED pgs=8 cs=0 l=1 rev1=1 crypto rx=0 tx=0 comp rx=0 tx=0).stop
2024-03-31T23:03:28.407 INFO:teuthology.orchestra.run.smithi083.stdout:/usr/bin/ceph: stderr
2024-03-31T23:03:27.866+0000 7f0808bb1700 1 --2- 172.21.15.83:0/1669011276 >> [v2:172.21.15.83:3300/0,v1:172.21.15.83:6789/0] conn(0x7f0804102910 0x7f0804111700 unknown :-1 s=CLOSED pgs=38 cs=0 l=1 rev1=1 crypto rx=0 tx=0 comp rx=0 tx=0).stop
2024-03-31T23:03:28.408 INFO:teuthology.orchestra.run.smithi083.stdout:/usr/bin/ceph: stderr
2024-03-31T23:03:27.866+0000 7f0808bb1700 1 -- 172.21.15.83:0/1669011276 >> 172.21.15.83:0/1669011276 conn(0x7f08040fe070 msgr2=0x7f08040fec10 unknown :-1 s=STATE_NONE l=0).mark_down
2024-03-31T23:03:28.408 INFO:teuthology.orchestra.run.smithi083.stdout:/usr/bin/ceph: stderr
2024-03-31T23:03:27.866+0000 7f0808bb1700 1 -- 172.21.15.83:0/1669011276 shutdown_connections
2024-03-31T23:03:28.408 INFO:teuthology.orchestra.run.smithi083.stdout:/usr/bin/ceph: stderr
2024-03-31T23:03:27.866+0000 7f0808bb1700 1 -- 172.21.15.83:0/1669011276 wait complete.
2024-03-31T23:03:28.408 INFO:teuthology.orchestra.run.smithi083.stdout:Generating ssh key...
2024-03-31T23:03:28.717 INFO:journalctl@ceph.mon.smithi083.smithi083.stdout:Mar 31 23:03:28 smithi083 ceph-mon[28951]: from='client.14132 -' entity='client.admin' cmd=[{"prefix": "cephadm set-user", "user": "root", "target": ["mon-mgr", ""]}]: dispatch
2024-03-31T23:03:29.829 INFO:journalctl@ceph.mon.smithi083.smithi083.stdout:Mar 31 23:03:29 smithi083 ceph-mon[28951]: from='client.14134 -' entity='client.admin' cmd=[{"prefix": "cephadm generate-key", "target": ["mon-mgr", ""]}]: dispatch
2024-03-31T23:03:29.829 INFO:journalctl@ceph.mon.smithi083.smithi083.stdout:Mar 31 23:03:29 smithi083 ceph-mon[28951]: Generating ssh key...
2024-03-31T23:03:29.829 INFO:journalctl@ceph.mon.smithi083.smithi083.stdout:Mar 31 23:03:29 smithi083 ceph-mon[28951]: from='mgr.14118 172.21.15.83:0/2156512122' entity='mgr.smithi083.bbdknw'
2024-03-31T23:03:29.829 INFO:journalctl@ceph.mon.smithi083.smithi083.stdout:Mar 31 23:03:29 smithi083 ceph-mon[28951]: from='mgr.14118 172.21.15.83:0/2156512122' entity='mgr.smithi083.bbdknw'
2024-03-31T23:03:29.837 INFO:teuthology.orchestra.run.smithi083.stdout:/usr/bin/ceph: stderr
2024-03-31T23:03:28.810+0000 7f18e5772700 1 Processor -- start
2024-03-31T23:03:29.837 INFO:teuthology.orchestra.run.smithi083.stdout:/usr/bin/ceph: stderr
2024-03-31T23:03:28.810+0000 7f18e5772700 1 -- start start
2024-03-31T23:03:29.837 INFO:teuthology.orchestra.run.smithi083.stdout:/usr/bin/ceph: stderr
2024-03-31T23:03:28.810+0000 7f18e5772700 1 --2- >> [v2:172.21.15.83:3300/0,v1:172.21.15.83:6789/0] conn(0x7f18e0078c50 0x7f18e0077250 unknown :-1 s=NONE pgs=0 cs=0 l=0 rev1=0 crypto rx=0 tx=0 comp rx=0 tx=0).connect
2024-03-31T23:03:29.837 INFO:teuthology.orchestra.run.smithi083.stdout:/usr/bin/ceph: stderr
2024-03-31T23:03:28.810+0000 7f18e5772700 1 -- --> [v2:172.21.15.83:3300/0,v1:172.21.15.83:6789/0] -- mon_getmap magic: 0 v1 -- 0x7f18e0079060 con 0x7f18e0078c50
2024-03-31T23:03:29.837 INFO:teuthology.orchestra.run.smithi083.stdout:/usr/bin/ceph: stderr
2024-03-31T23:03:28.810+0000 7f18deffd700 1 --2- >> [v2:172.21.15.83:3300/0,v1:172.21.15.83:6789/0] conn(0x7f18e0078c50 0x7f18e0077250 unknown :-1 s=BANNER_CONNECTING pgs=0 cs=0 l=0 rev1=0 crypto rx=0 tx=0 comp rx=0 tx=0)._handle_peer_banner_payload supported=3 required=0
2024-03-31T23:03:29.837 INFO:teuthology.orchestra.run.smithi083.stdout:/usr/bin/ceph: stderr
2024-03-31T23:03:28.810+0000 7f18deffd700 1 --2- >> [v2:172.21.15.83:3300/0,v1:172.21.15.83:6789/0] conn(0x7f18e0078c50 0x7f18e0077250 unknown :-1 s=HELLO_CONNECTING pgs=0 cs=0 l=0 rev1=1 crypto rx=0 tx=0 comp rx=0 tx=0).handle_hello peer v2:172.21.15.83:3300/0 says I am v2:172.21.15.83:33724/0 (socket says 172.21.15.83:33724)
2024-03-31T23:03:29.837 INFO:teuthology.orchestra.run.smithi083.stdout:/usr/bin/ceph: stderr
2024-03-31T23:03:28.810+0000 7f18deffd700 1 -- 172.21.15.83:0/2699913361 learned_addr learned my addr 172.21.15.83:0/2699913361 (peer_addr_for_me v2:172.21.15.83:0/0)
2024-03-31T23:03:29.837 INFO:teuthology.orchestra.run.smithi083.stdout:/usr/bin/ceph: stderr
2024-03-31T23:03:28.811+0000 7f18deffd700 1 -- 172.21.15.83:0/2699913361 --> [v2:172.21.15.83:3300/0,v1:172.21.15.83:6789/0] -- mon_subscribe({config=0+,monmap=0+}) v3 -- 0x7f18e0077790 con 0x7f18e0078c50
2024-03-31T23:03:29.837 INFO:teuthology.orchestra.run.smithi083.stdout:/usr/bin/ceph: stderr
2024-03-31T23:03:28.811+0000 7f18deffd700 1 --2- 172.21.15.83:0/2699913361 >> [v2:172.21.15.83:3300/0,v1:172.21.15.83:6789/0] conn(0x7f18e0078c50 0x7f18e0077250 secure :-1 s=READY pgs=39 cs=0 l=1 rev1=1 crypto rx=0x7f18d00098e0 tx=0x7f18d0009250 comp rx=0 tx=0).ready entity=mon.0 client_cookie=99dc96c25aeb8517 server_cookie=0 in_seq=0 out_seq=0
2024-03-31T23:03:29.837 INFO:teuthology.orchestra.run.smithi083.stdout:/usr/bin/ceph: stderr
2024-03-31T23:03:28.811+0000 7f18de7fc700 1 -- 172.21.15.83:0/2699913361 <== mon.0 v2:172.21.15.83:3300/0 1 ==== mon_map magic: 0 v1 ==== 229+0+0 (secure 0 0 0) 0x7f18d000b860 con 0x7f18e0078c50
2024-03-31T23:03:29.837 INFO:teuthology.orchestra.run.smithi083.stdout:/usr/bin/ceph: stderr
2024-03-31T23:03:28.811+0000 7f18de7fc700 1 -- 172.21.15.83:0/2699913361 <== mon.0 v2:172.21.15.83:3300/0 2 ==== config(27 keys) v1 ==== 1044+0+0 (secure 0 0 0) 0x7f18d000be50 con 0x7f18e0078c50
2024-03-31T23:03:29.837 INFO:teuthology.orchestra.run.smithi083.stdout:/usr/bin/ceph: stderr
2024-03-31T23:03:28.811+0000 7f18de7fc700 1 -- 172.21.15.83:0/2699913361 <== mon.0 v2:172.21.15.83:3300/0 3 ==== mon_map magic: 0 v1 ==== 229+0+0 (secure 0 0 0) 0x7f18d0010380 con 0x7f18e0078c50
2024-03-31T23:03:29.837 INFO:teuthology.orchestra.run.smithi083.stdout:/usr/bin/ceph: stderr
2024-03-31T23:03:28.812+0000 7f18e5772700 1 -- 172.21.15.83:0/2699913361 >> [v2:172.21.15.83:3300/0,v1:172.21.15.83:6789/0] conn(0x7f18e0078c50 msgr2=0x7f18e0077250 secure :-1 s=STATE_CONNECTION_ESTABLISHED l=1).mark_down
2024-03-31T23:03:29.838 INFO:teuthology.orchestra.run.smithi083.stdout:/usr/bin/ceph: stderr
2024-03-31T23:03:28.812+0000 7f18e5772700 1 --2- 172.21.15.83:0/2699913361 >> [v2:172.21.15.83:3300/0,v1:172.21.15.83:6789/0] conn(0x7f18e0078c50 0x7f18e0077250 secure :-1 s=READY pgs=39 cs=0 l=1 rev1=1 crypto rx=0x7f18d00098e0 tx=0x7f18d0009250 comp rx=0 tx=0).stop
2024-03-31T23:03:29.838 INFO:teuthology.orchestra.run.smithi083.stdout:/usr/bin/ceph: stderr
2024-03-31T23:03:28.812+0000 7f18e5772700 1 -- 172.21.15.83:0/2699913361 shutdown_connections
2024-03-31T23:03:29.838 INFO:teuthology.orchestra.run.smithi083.stdout:/usr/bin/ceph: stderr
2024-03-31T23:03:28.812+0000 7f18e5772700 1 --2- 172.21.15.83:0/2699913361 >> [v2:172.21.15.83:3300/0,v1:172.21.15.83:6789/0] conn(0x7f18e0078c50 0x7f18e0077250 unknown :-1 s=CLOSED pgs=39 cs=0 l=1 rev1=1 crypto rx=0 tx=0 comp rx=0 tx=0).stop
2024-03-31T23:03:29.838 INFO:teuthology.orchestra.run.smithi083.stdout:/usr/bin/ceph: stderr
2024-03-31T23:03:28.812+0000 7f18e5772700 1 -- 172.21.15.83:0/2699913361 >> 172.21.15.83:0/2699913361 conn(0x7f18e00fe0a0 msgr2=0x7f18e01004b0 unknown :-1 s=STATE_NONE l=0).mark_down
2024-03-31T23:03:29.838 INFO:teuthology.orchestra.run.smithi083.stdout:/usr/bin/ceph: stderr
2024-03-31T23:03:28.812+0000 7f18e5772700 1 -- 172.21.15.83:0/2699913361 shutdown_connections
2024-03-31T23:03:29.838 INFO:teuthology.orchestra.run.smithi083.stdout:/usr/bin/ceph: stderr
2024-03-31T23:03:28.812+0000 7f18e5772700 1 -- 172.21.15.83:0/2699913361 wait complete.
2024-03-31T23:03:29.838 INFO:teuthology.orchestra.run.smithi083.stdout:/usr/bin/ceph: stderr
2024-03-31T23:03:28.812+0000 7f18e5772700 1 Processor -- start
2024-03-31T23:03:29.838 INFO:teuthology.orchestra.run.smithi083.stdout:/usr/bin/ceph: stderr
2024-03-31T23:03:28.812+0000 7f18e5772700 1 -- start start
2024-03-31T23:03:29.838 INFO:teuthology.orchestra.run.smithi083.stdout:/usr/bin/ceph: stderr
2024-03-31T23:03:28.812+0000 7f18e5772700 1 --2- >> [v2:172.21.15.83:3300/0,v1:172.21.15.83:6789/0] conn(0x7f18e0078c50 0x7f18e0113910 unknown :-1 s=NONE pgs=0 cs=0 l=1 rev1=0 crypto rx=0 tx=0 comp rx=0 tx=0).connect
2024-03-31T23:03:29.838 INFO:teuthology.orchestra.run.smithi083.stdout:/usr/bin/ceph: stderr
2024-03-31T23:03:28.812+0000 7f18e5772700 1 -- --> [v2:172.21.15.83:3300/0,v1:172.21.15.83:6789/0] -- mon_getmap magic: 0 v1 -- 0x7f18e0113e50 con 0x7f18e0078c50
2024-03-31T23:03:29.838 INFO:teuthology.orchestra.run.smithi083.stdout:/usr/bin/ceph: stderr
2024-03-31T23:03:28.813+0000 7f18deffd700 1 --2- >> [v2:172.21.15.83:3300/0,v1:172.21.15.83:6789/0] conn(0x7f18e0078c50 0x7f18e0113910 unknown :-1 s=BANNER_CONNECTING pgs=0 cs=0 l=1 rev1=0 crypto rx=0 tx=0 comp rx=0 tx=0)._handle_peer_banner_payload supported=3 required=0
2024-03-31T23:03:29.838 INFO:teuthology.orchestra.run.smithi083.stdout:/usr/bin/ceph: stderr
2024-03-31T23:03:28.813+0000 7f18deffd700 1 --2- >> [v2:172.21.15.83:3300/0,v1:172.21.15.83:6789/0] conn(0x7f18e0078c50 0x7f18e0113910 unknown :-1 s=HELLO_CONNECTING pgs=0 cs=0 l=1 rev1=1 crypto rx=0 tx=0 comp rx=0 tx=0).handle_hello peer v2:172.21.15.83:3300/0 says I am v2:172.21.15.83:33738/0 (socket says 172.21.15.83:33738)
2024-03-31T23:03:29.838 INFO:teuthology.orchestra.run.smithi083.stdout:/usr/bin/ceph: stderr
2024-03-31T23:03:28.813+0000 7f18deffd700 1 -- 172.21.15.83:0/1081146621 learned_addr learned my addr 172.21.15.83:0/1081146621 (peer_addr_for_me v2:172.21.15.83:0/0)
2024-03-31T23:03:29.839 INFO:teuthology.orchestra.run.smithi083.stdout:/usr/bin/ceph: stderr
2024-03-31T23:03:28.813+0000 7f18deffd700 1 -- 172.21.15.83:0/1081146621 --> [v2:172.21.15.83:3300/0,v1:172.21.15.83:6789/0] -- mon_subscribe({config=0+,monmap=0+}) v3 -- 0x7f18d00094f0 con 0x7f18e0078c50
2024-03-31T23:03:29.839 INFO:teuthology.orchestra.run.smithi083.stdout:/usr/bin/ceph: stderr
2024-03-31T23:03:28.813+0000 7f18deffd700 1 --2- 172.21.15.83:0/1081146621 >> [v2:172.21.15.83:3300/0,v1:172.21.15.83:6789/0] conn(0x7f18e0078c50 0x7f18e0113910 secure :-1 s=READY pgs=40 cs=0 l=1 rev1=1 crypto rx=0x7f18d0006fd0 tx=0x7f18d0009250 comp rx=0 tx=0).ready entity=mon.0 client_cookie=0 server_cookie=0 in_seq=0 out_seq=0
2024-03-31T23:03:29.839 INFO:teuthology.orchestra.run.smithi083.stdout:/usr/bin/ceph: stderr
2024-03-31T23:03:28.813+0000 7f18d7fff700 1 -- 172.21.15.83:0/1081146621 <== mon.0 v2:172.21.15.83:3300/0 1 ==== mon_map magic: 0 v1 ==== 229+0+0 (secure 0 0 0) 0x7f18d00107c0 con 0x7f18e0078c50
2024-03-31T23:03:29.839 INFO:teuthology.orchestra.run.smithi083.stdout:/usr/bin/ceph: stderr
2024-03-31T23:03:28.813+0000 7f18d7fff700 1 -- 172.21.15.83:0/1081146621 <== mon.0 v2:172.21.15.83:3300/0 2 ==== config(27 keys) v1 ==== 1044+0+0 (secure 0 0 0) 0x7f18d0010db0 con 0x7f18e0078c50
2024-03-31T23:03:29.839 INFO:teuthology.orchestra.run.smithi083.stdout:/usr/bin/ceph: stderr
2024-03-31T23:03:28.813+0000 7f18e5772700 1 -- 172.21.15.83:0/1081146621 --> [v2:172.21.15.83:3300/0,v1:172.21.15.83:6789/0] -- mon_subscribe({mgrmap=0+}) v3 -- 0x7f18e0114050 con 0x7f18e0078c50
2024-03-31T23:03:29.839 INFO:teuthology.orchestra.run.smithi083.stdout:/usr/bin/ceph: stderr
2024-03-31T23:03:28.813+0000 7f18e5772700 1 -- 172.21.15.83:0/1081146621 --> [v2:172.21.15.83:3300/0,v1:172.21.15.83:6789/0] -- mon_subscribe({osdmap=0}) v3 -- 0x7f18e0114bc0 con 0x7f18e0078c50
2024-03-31T23:03:29.839 INFO:teuthology.orchestra.run.smithi083.stdout:/usr/bin/ceph: stderr
2024-03-31T23:03:28.813+0000 7f18d7fff700 1 -- 172.21.15.83:0/1081146621 <== mon.0 v2:172.21.15.83:3300/0 3 ==== mon_map magic: 0 v1 ==== 229+0+0 (secure 0 0 0) 0x7f18d001ada0 con 0x7f18e0078c50
2024-03-31T23:03:29.839 INFO:teuthology.orchestra.run.smithi083.stdout:/usr/bin/ceph: stderr
2024-03-31T23:03:28.814+0000 7f18d7fff700 1 -- 172.21.15.83:0/1081146621 <== mon.0 v2:172.21.15.83:3300/0 4 ==== mgrmap(e 8) v1 ==== 43368+0+0 (secure 0 0 0) 0x7f18d0019450 con 0x7f18e0078c50
2024-03-31T23:03:29.839 INFO:teuthology.orchestra.run.smithi083.stdout:/usr/bin/ceph: stderr
2024-03-31T23:03:28.814+0000 7f18e5772700 1 -- 172.21.15.83:0/1081146621 --> [v2:172.21.15.83:3300/0,v1:172.21.15.83:6789/0] -- mon_command({"prefix": "get_command_descriptions"} v 0) v1 -- 0x7f18c00052e0 con 0x7f18e0078c50
2024-03-31T23:03:29.839 INFO:teuthology.orchestra.run.smithi083.stdout:/usr/bin/ceph: stderr
2024-03-31T23:03:28.814+0000 7f18d7fff700 1 --2- 172.21.15.83:0/1081146621 >> [v2:172.21.15.83:6800/3345658148,v1:172.21.15.83:6801/3345658148] conn(0x7f18cc0367e0 0x7f18cc038c90 unknown :-1 s=NONE pgs=0 cs=0 l=1 rev1=0 crypto rx=0 tx=0 comp rx=0 tx=0).connect
2024-03-31T23:03:29.839 INFO:teuthology.orchestra.run.smithi083.stdout:/usr/bin/ceph: stderr
2024-03-31T23:03:28.814+0000 7f18d7fff700 1 -- 172.21.15.83:0/1081146621 <== mon.0 v2:172.21.15.83:3300/0 5 ==== osd_map(2..2 src has 1..2) v4 ==== 936+0+0 (secure 0 0 0) 0x7f18d0049ce0 con 0x7f18e0078c50
2024-03-31T23:03:29.839 INFO:teuthology.orchestra.run.smithi083.stdout:/usr/bin/ceph: stderr
2024-03-31T23:03:28.814+0000 7f18d67fc700 1 --2- 172.21.15.83:0/1081146621 >> [v2:172.21.15.83:6800/3345658148,v1:172.21.15.83:6801/3345658148] conn(0x7f18cc0367e0 0x7f18cc038c90 unknown :-1 s=BANNER_CONNECTING pgs=0 cs=0 l=1 rev1=0 crypto rx=0 tx=0 comp rx=0 tx=0)._handle_peer_banner_payload supported=3 required=0
2024-03-31T23:03:29.839 INFO:teuthology.orchestra.run.smithi083.stdout:/usr/bin/ceph: stderr
2024-03-31T23:03:28.815+0000 7f18d67fc700 1 --2- 172.21.15.83:0/1081146621 >> [v2:172.21.15.83:6800/3345658148,v1:172.21.15.83:6801/3345658148] conn(0x7f18cc0367e0 0x7f18cc038c90 secure :-1 s=READY pgs=9 cs=0 l=1 rev1=1 crypto rx=0x7f18c8009990 tx=0x7f18c8006e40 comp rx=0 tx=0).ready entity=mgr.14118 client_cookie=0 server_cookie=0 in_seq=0 out_seq=0
2024-03-31T23:03:29.839 INFO:teuthology.orchestra.run.smithi083.stdout:/usr/bin/ceph: stderr
2024-03-31T23:03:28.819+0000 7f18d7fff700 1 -- 172.21.15.83:0/1081146621 <== mon.0 v2:172.21.15.83:3300/0 6 ==== mon_command_ack([{"prefix": "get_command_descriptions"}]=0 v0) v1 ==== 72+0+176504 (secure 0 0 0) 0x7f18d0023b50 con 0x7f18e0078c50
2024-03-31T23:03:29.839 INFO:teuthology.orchestra.run.smithi083.stdout:/usr/bin/ceph: stderr
2024-03-31T23:03:29.006+0000 7f18e5772700 1 -- 172.21.15.83:0/1081146621 --> [v2:172.21.15.83:6800/3345658148,v1:172.21.15.83:6801/3345658148] -- mgr_command(tid 0: {"prefix": "cephadm generate-key", "target": ["mon-mgr", ""]}) v1 -- 0x7f18c0000bf0 con 0x7f18cc0367e0
2024-03-31T23:03:29.840 INFO:teuthology.orchestra.run.smithi083.stdout:/usr/bin/ceph: stderr
2024-03-31T23:03:29.183+0000 7f18d7fff700 1 -- 172.21.15.83:0/1081146621 <== mgr.14118 v2:172.21.15.83:6800/3345658148 1 ==== mgr_command_reply(tid 0: 0 ) v1 ==== 8+0+0 (secure 0 0 0) 0x7f18c0000bf0 con 0x7f18cc0367e0
2024-03-31T23:03:29.840 INFO:teuthology.orchestra.run.smithi083.stdout:/usr/bin/ceph: stderr
2024-03-31T23:03:29.185+0000 7f18e5772700 1 -- 172.21.15.83:0/1081146621 >> [v2:172.21.15.83:6800/3345658148,v1:172.21.15.83:6801/3345658148] conn(0x7f18cc0367e0 msgr2=0x7f18cc038c90 secure :-1 s=STATE_CONNECTION_ESTABLISHED l=1).mark_down
2024-03-31T23:03:29.840 INFO:teuthology.orchestra.run.smithi083.stdout:/usr/bin/ceph: stderr
2024-03-31T23:03:29.185+0000 7f18e5772700 1 --2- 172.21.15.83:0/1081146621 >> [v2:172.21.15.83:6800/3345658148,v1:172.21.15.83:6801/3345658148] conn(0x7f18cc0367e0 0x7f18cc038c90 secure :-1 s=READY pgs=9 cs=0 l=1 rev1=1 crypto rx=0x7f18c8009990 tx=0x7f18c8006e40 comp rx=0 tx=0).stop
2024-03-31T23:03:29.840 INFO:teuthology.orchestra.run.smithi083.stdout:/usr/bin/ceph: stderr
2024-03-31T23:03:29.185+0000 7f18e5772700 1 -- 172.21.15.83:0/1081146621 >> [v2:172.21.15.83:3300/0,v1:172.21.15.83:6789/0] conn(0x7f18e0078c50 msgr2=0x7f18e0113910 secure :-1 s=STATE_CONNECTION_ESTABLISHED l=1).mark_down
2024-03-31T23:03:29.840 INFO:teuthology.orchestra.run.smithi083.stdout:/usr/bin/ceph: stderr
2024-03-31T23:03:29.185+0000 7f18e5772700 1 --2- 172.21.15.83:0/1081146621 >> [v2:172.21.15.83:3300/0,v1:172.21.15.83:6789/0] conn(0x7f18e0078c50 0x7f18e0113910 secure :-1 s=READY pgs=40 cs=0 l=1 rev1=1 crypto rx=0x7f18d0006fd0 tx=0x7f18d0009250 comp rx=0 tx=0).stop
2024-03-31T23:03:29.840 INFO:teuthology.orchestra.run.smithi083.stdout:/usr/bin/ceph: stderr
2024-03-31T23:03:29.185+0000 7f18e5772700 1 -- 172.21.15.83:0/1081146621 shutdown_connections
2024-03-31T23:03:29.840 INFO:teuthology.orchestra.run.smithi083.stdout:/usr/bin/ceph: stderr
2024-03-31T23:03:29.185+0000 7f18e5772700 1 --2- 172.21.15.83:0/1081146621 >> [v2:172.21.15.83:6800/3345658148,v1:172.21.15.83:6801/3345658148] conn(0x7f18cc0367e0 0x7f18cc038c90 unknown :-1 s=CLOSED pgs=9 cs=0 l=1 rev1=1 crypto rx=0 tx=0 comp rx=0 tx=0).stop
2024-03-31T23:03:29.840 INFO:teuthology.orchestra.run.smithi083.stdout:/usr/bin/ceph: stderr
2024-03-31T23:03:29.185+0000 7f18e5772700 1 --2- 172.21.15.83:0/1081146621 >> [v2:172.21.15.83:3300/0,v1:172.21.15.83:6789/0] conn(0x7f18e0078c50 0x7f18e0113910 unknown :-1 s=CLOSED pgs=40 cs=0 l=1 rev1=1 crypto rx=0 tx=0 comp rx=0 tx=0).stop
2024-03-31T23:03:29.840 INFO:teuthology.orchestra.run.smithi083.stdout:/usr/bin/ceph: stderr
2024-03-31T23:03:29.185+0000 7f18e5772700 1 -- 172.21.15.83:0/1081146621 >> 172.21.15.83:0/1081146621 conn(0x7f18e00fe0a0 msgr2=0x7f18e00fec40 unknown :-1 s=STATE_NONE l=0).mark_down
2024-03-31T23:03:29.840 INFO:teuthology.orchestra.run.smithi083.stdout:/usr/bin/ceph: stderr
2024-03-31T23:03:29.185+0000 7f18e5772700 1 -- 172.21.15.83:0/1081146621 shutdown_connections
2024-03-31T23:03:29.840 INFO:teuthology.orchestra.run.smithi083.stdout:/usr/bin/ceph: stderr
2024-03-31T23:03:29.185+0000 7f18e5772700 1 -- 172.21.15.83:0/1081146621 wait complete.
2024-03-31T23:03:31.002 INFO:teuthology.orchestra.run.smithi083.stdout:/usr/bin/ceph: stdout ssh-rsa AAAAB3NzaC1yc2EAAAADAQABAAABgQDSYLj0l8KKE953keHQAgpn/uj6UCyWapOPwhdPug0bPNiL6mgwx6Ze5+E6B2gzq+vUJLy5mW2YgefGJxUosMBlD2j7VbHcZSnDPytUGzYRNocWESrpe6z9OC1OCkkrzuKzPlGgQiYGhrBzhmjGuNuZ4iZXsw/dkU0bwnxyiiEXggzN3VhwXpKiXDsWouLf/BuFhvbipEYWNOG/LrYD81+05FplHHmJ0a3yG03wnqg6mOWOdMX27m73rSchBfK/NwW9Yqg34LQi+KHA1y7VpUcotwVaS+KtSdwgAC633pUPSKlADcJa7MMpwgoqEgsnTU24UL2XyvhkUxt0oynHchbXYuI/jciRDLqAeze/dcjp9bh76Sqn6kMRTLxwKi9RBQrzzF3qXfSob71P/DZGgD9W6ov/CEygx7lhSoa/qxkOrtGZ3/ahBXzvt1cpwlY45hWnA+2KEdgzolf6Vu36HRCXkT0mzy2zWbFpSe/UwanM0z+aSwoltO3zzU7z2MCAdH0= ceph-ab7853a0-efb2-11ee-b647-cb9ed24678a4
2024-03-31T23:03:31.002 INFO:teuthology.orchestra.run.smithi083.stdout:/usr/bin/ceph: stderr
2024-03-31T23:03:30.273+0000 7f1002ef1700 1 Processor -- start
2024-03-31T23:03:31.002 INFO:teuthology.orchestra.run.smithi083.stdout:/usr/bin/ceph: stderr
2024-03-31T23:03:30.273+0000 7f1002ef1700 1 -- start start
2024-03-31T23:03:31.002 INFO:teuthology.orchestra.run.smithi083.stdout:/usr/bin/ceph: stderr
2024-03-31T23:03:30.273+0000 7f1002ef1700 1 --2- >> [v2:172.21.15.83:3300/0,v1:172.21.15.83:6789/0] conn(0x7f0ffc078c70 0x7f0ffc077270 unknown :-1 s=NONE pgs=0 cs=0 l=0 rev1=0 crypto rx=0 tx=0 comp rx=0 tx=0).connect
2024-03-31T23:03:31.002 INFO:teuthology.orchestra.run.smithi083.stdout:/usr/bin/ceph: stderr
2024-03-31T23:03:30.273+0000 7f1002ef1700 1 -- --> [v2:172.21.15.83:3300/0,v1:172.21.15.83:6789/0] -- mon_getmap magic: 0 v1 -- 0x7f0ffc079080 con 0x7f0ffc078c70
2024-03-31T23:03:31.002 INFO:teuthology.orchestra.run.smithi083.stdout:/usr/bin/ceph: stderr
2024-03-31T23:03:30.274+0000 7f1000c8d700 1 --2- >> [v2:172.21.15.83:3300/0,v1:172.21.15.83:6789/0] conn(0x7f0ffc078c70 0x7f0ffc077270 unknown :-1 s=BANNER_CONNECTING pgs=0 cs=0 l=0 rev1=0 crypto rx=0 tx=0 comp rx=0 tx=0)._handle_peer_banner_payload supported=3 required=0
2024-03-31T23:03:31.002 INFO:teuthology.orchestra.run.smithi083.stdout:/usr/bin/ceph: stderr
2024-03-31T23:03:30.274+0000 7f1000c8d700 1 --2- >> [v2:172.21.15.83:3300/0,v1:172.21.15.83:6789/0] conn(0x7f0ffc078c70 0x7f0ffc077270 unknown :-1 s=HELLO_CONNECTING pgs=0 cs=0 l=0 rev1=1 crypto rx=0 tx=0 comp rx=0 tx=0).handle_hello peer v2:172.21.15.83:3300/0 says I am v2:172.21.15.83:33750/0 (socket says 172.21.15.83:33750)
2024-03-31T23:03:31.003 INFO:teuthology.orchestra.run.smithi083.stdout:/usr/bin/ceph: stderr
2024-03-31T23:03:30.274+0000 7f1000c8d700 1 -- 172.21.15.83:0/2216273092 learned_addr learned my addr 172.21.15.83:0/2216273092 (peer_addr_for_me v2:172.21.15.83:0/0)
2024-03-31T23:03:31.003 INFO:teuthology.orchestra.run.smithi083.stdout:/usr/bin/ceph: stderr
2024-03-31T23:03:30.274+0000 7f1000c8d700 1 -- 172.21.15.83:0/2216273092 --> [v2:172.21.15.83:3300/0,v1:172.21.15.83:6789/0] -- mon_subscribe({config=0+,monmap=0+}) v3 -- 0x7f0ffc0777b0 con 0x7f0ffc078c70
2024-03-31T23:03:31.003 INFO:teuthology.orchestra.run.smithi083.stdout:/usr/bin/ceph: stderr
2024-03-31T23:03:30.274+0000 7f1000c8d700 1 --2- 172.21.15.83:0/2216273092 >> [v2:172.21.15.83:3300/0,v1:172.21.15.83:6789/0] conn(0x7f0ffc078c70 0x7f0ffc077270 secure :-1 s=READY pgs=41 cs=0 l=1 rev1=1 crypto rx=0x7f0ff4009e50 tx=0x7f0ff4009840 comp rx=0 tx=0).ready entity=mon.0 client_cookie=3fa667ea0d47cde0 server_cookie=0 in_seq=0 out_seq=0
2024-03-31T23:03:31.003 INFO:teuthology.orchestra.run.smithi083.stdout:/usr/bin/ceph: stderr
2024-03-31T23:03:30.274+0000 7f0ffb7fe700 1 -- 172.21.15.83:0/2216273092 <== mon.0 v2:172.21.15.83:3300/0 1 ==== mon_map magic: 0 v1 ==== 229+0+0 (secure 0 0 0) 0x7f0ff40092e0 con 0x7f0ffc078c70
2024-03-31T23:03:31.003 INFO:teuthology.orchestra.run.smithi083.stdout:/usr/bin/ceph: stderr
2024-03-31T23:03:30.274+0000 7f0ffb7fe700 1 -- 172.21.15.83:0/2216273092 <== mon.0 v2:172.21.15.83:3300/0 2 ==== config(27 keys) v1 ==== 1044+0+0 (secure 0 0 0) 0x7f0ff4012430 con 0x7f0ffc078c70
2024-03-31T23:03:31.003 INFO:teuthology.orchestra.run.smithi083.stdout:/usr/bin/ceph: stderr
2024-03-31T23:03:30.274+0000 7f0ffb7fe700 1 -- 172.21.15.83:0/2216273092 <== mon.0 v2:172.21.15.83:3300/0 3 ==== mon_map magic: 0 v1 ==== 229+0+0 (secure 0 0 0) 0x7f0ff40075c0 con 0x7f0ffc078c70
2024-03-31T23:03:31.003 INFO:teuthology.orchestra.run.smithi083.stdout:/usr/bin/ceph: stderr
2024-03-31T23:03:30.275+0000 7f1002ef1700 1 -- 172.21.15.83:0/2216273092 >> [v2:172.21.15.83:3300/0,v1:172.21.15.83:6789/0] conn(0x7f0ffc078c70 msgr2=0x7f0ffc077270 secure :-1 s=STATE_CONNECTION_ESTABLISHED l=1).mark_down
2024-03-31T23:03:31.003 INFO:teuthology.orchestra.run.smithi083.stdout:/usr/bin/ceph: stderr
2024-03-31T23:03:30.275+0000 7f1002ef1700 1 --2- 172.21.15.83:0/2216273092 >> [v2:172.21.15.83:3300/0,v1:172.21.15.83:6789/0] conn(0x7f0ffc078c70 0x7f0ffc077270 secure :-1 s=READY pgs=41 cs=0 l=1 rev1=1 crypto rx=0x7f0ff4009e50 tx=0x7f0ff4009840 comp rx=0 tx=0).stop
2024-03-31T23:03:31.003 INFO:teuthology.orchestra.run.smithi083.stdout:/usr/bin/ceph: stderr
2024-03-31T23:03:30.275+0000 7f1002ef1700 1 -- 172.21.15.83:0/2216273092 shutdown_connections
2024-03-31T23:03:31.003 INFO:teuthology.orchestra.run.smithi083.stdout:/usr/bin/ceph: stderr
2024-03-31T23:03:30.275+0000 7f1002ef1700 1 --2- 172.21.15.83:0/2216273092 >> [v2:172.21.15.83:3300/0,v1:172.21.15.83:6789/0] conn(0x7f0ffc078c70 0x7f0ffc077270 unknown :-1 s=CLOSED pgs=41 cs=0 l=1 rev1=1 crypto rx=0 tx=0 comp rx=0 tx=0).stop
2024-03-31T23:03:31.003 INFO:teuthology.orchestra.run.smithi083.stdout:/usr/bin/ceph: stderr
2024-03-31T23:03:30.275+0000 7f1002ef1700 1 -- 172.21.15.83:0/2216273092 >> 172.21.15.83:0/2216273092 conn(0x7f0ffc0fe070 msgr2=0x7f0ffc100480 unknown :-1 s=STATE_NONE l=0).mark_down
2024-03-31T23:03:31.003 INFO:teuthology.orchestra.run.smithi083.stdout:/usr/bin/ceph: stderr
2024-03-31T23:03:30.275+0000 7f1002ef1700 1 -- 172.21.15.83:0/2216273092 shutdown_connections
2024-03-31T23:03:31.003 INFO:teuthology.orchestra.run.smithi083.stdout:/usr/bin/ceph: stderr
2024-03-31T23:03:30.275+0000 7f1002ef1700 1 -- 172.21.15.83:0/2216273092 wait complete.
2024-03-31T23:03:31.003 INFO:teuthology.orchestra.run.smithi083.stdout:/usr/bin/ceph: stderr
2024-03-31T23:03:30.275+0000 7f1002ef1700 1 Processor -- start
2024-03-31T23:03:31.003 INFO:teuthology.orchestra.run.smithi083.stdout:/usr/bin/ceph: stderr
2024-03-31T23:03:30.276+0000 7f1002ef1700 1 -- start start
2024-03-31T23:03:31.004 INFO:teuthology.orchestra.run.smithi083.stdout:/usr/bin/ceph: stderr
2024-03-31T23:03:30.276+0000 7f1002ef1700 1 --2- >> [v2:172.21.15.83:3300/0,v1:172.21.15.83:6789/0] conn(0x7f0ffc078c70 0x7f0ffc113940 unknown :-1 s=NONE pgs=0 cs=0 l=1 rev1=0 crypto rx=0 tx=0 comp rx=0 tx=0).connect
2024-03-31T23:03:31.004 INFO:teuthology.orchestra.run.smithi083.stdout:/usr/bin/ceph: stderr
2024-03-31T23:03:30.276+0000 7f1002ef1700 1 -- --> [v2:172.21.15.83:3300/0,v1:172.21.15.83:6789/0] -- mon_getmap magic: 0 v1 -- 0x7f0ffc113e80 con 0x7f0ffc078c70
2024-03-31T23:03:31.004 INFO:teuthology.orchestra.run.smithi083.stdout:/usr/bin/ceph: stderr
2024-03-31T23:03:30.276+0000 7f1000c8d700 1 --2- >> [v2:172.21.15.83:3300/0,v1:172.21.15.83:6789/0] conn(0x7f0ffc078c70 0x7f0ffc113940 unknown :-1 s=BANNER_CONNECTING pgs=0 cs=0 l=1 rev1=0 crypto rx=0 tx=0 comp rx=0 tx=0)._handle_peer_banner_payload supported=3 required=0
2024-03-31T23:03:31.004 INFO:teuthology.orchestra.run.smithi083.stdout:/usr/bin/ceph: stderr
2024-03-31T23:03:30.276+0000 7f1000c8d700 1 --2- >> [v2:172.21.15.83:3300/0,v1:172.21.15.83:6789/0] conn(0x7f0ffc078c70 0x7f0ffc113940 unknown :-1 s=HELLO_CONNECTING pgs=0 cs=0 l=1 rev1=1 crypto rx=0 tx=0 comp rx=0 tx=0).handle_hello peer v2:172.21.15.83:3300/0 says I am v2:172.21.15.83:33760/0 (socket says 172.21.15.83:33760)
2024-03-31T23:03:31.004 INFO:teuthology.orchestra.run.smithi083.stdout:/usr/bin/ceph: stderr
2024-03-31T23:03:30.276+0000 7f1000c8d700 1 -- 172.21.15.83:0/947435374 learned_addr learned my addr 172.21.15.83:0/947435374 (peer_addr_for_me v2:172.21.15.83:0/0)
2024-03-31T23:03:31.004 INFO:teuthology.orchestra.run.smithi083.stdout:/usr/bin/ceph: stderr
2024-03-31T23:03:30.276+0000 7f1000c8d700 1 -- 172.21.15.83:0/947435374 --> [v2:172.21.15.83:3300/0,v1:172.21.15.83:6789/0] -- mon_subscribe({config=0+,monmap=0+}) v3 -- 0x7f0ff4009ae0 con 0x7f0ffc078c70
2024-03-31T23:03:31.004 INFO:teuthology.orchestra.run.smithi083.stdout:/usr/bin/ceph: stderr
2024-03-31T23:03:30.276+0000 7f1000c8d700 1 --2- 172.21.15.83:0/947435374 >> [v2:172.21.15.83:3300/0,v1:172.21.15.83:6789/0] conn(0x7f0ffc078c70 0x7f0ffc113940 secure :-1 s=READY pgs=42 cs=0 l=1 rev1=1 crypto rx=0x7f0ff4009fd0 tx=0x7f0ff4009840 comp rx=0 tx=0).ready entity=mon.0 client_cookie=0 server_cookie=0 in_seq=0 out_seq=0
2024-03-31T23:03:31.004 INFO:teuthology.orchestra.run.smithi083.stdout:/usr/bin/ceph: stderr
2024-03-31T23:03:30.276+0000 7f0ff97fa700 1 -- 172.21.15.83:0/947435374 <== mon.0 v2:172.21.15.83:3300/0 1 ==== mon_map magic: 0 v1 ==== 229+0+0 (secure 0 0 0) 0x7f0ff40092e0 con 0x7f0ffc078c70
2024-03-31T23:03:31.004 INFO:teuthology.orchestra.run.smithi083.stdout:/usr/bin/ceph: stderr
2024-03-31T23:03:30.277+0000 7f0ff97fa700 1 -- 172.21.15.83:0/947435374 <== mon.0 v2:172.21.15.83:3300/0 2 ==== config(27 keys) v1 ==== 1044+0+0 (secure 0 0 0) 0x7f0ff4007cc0 con 0x7f0ffc078c70
2024-03-31T23:03:31.004 INFO:teuthology.orchestra.run.smithi083.stdout:/usr/bin/ceph: stderr
2024-03-31T23:03:30.277+0000 7f1002ef1700 1 -- 172.21.15.83:0/947435374 --> [v2:172.21.15.83:3300/0,v1:172.21.15.83:6789/0] -- mon_subscribe({mgrmap=0+}) v3 -- 0x7f0ffc114080 con 0x7f0ffc078c70
2024-03-31T23:03:31.004 INFO:teuthology.orchestra.run.smithi083.stdout:/usr/bin/ceph: stderr
2024-03-31T23:03:30.277+0000 7f0ff97fa700 1 -- 172.21.15.83:0/947435374 <== mon.0 v2:172.21.15.83:3300/0 3 ==== mon_map magic: 0 v1 ==== 229+0+0 (secure 0 0 0) 0x7f0ff401c850 con 0x7f0ffc078c70
2024-03-31T23:03:31.004 INFO:teuthology.orchestra.run.smithi083.stdout:/usr/bin/ceph: stderr
2024-03-31T23:03:30.277+0000 7f1002ef1700 1 -- 172.21.15.83:0/947435374 --> [v2:172.21.15.83:3300/0,v1:172.21.15.83:6789/0] -- mon_subscribe({osdmap=0}) v3 -- 0x7f0ffc114bf0 con 0x7f0ffc078c70
2024-03-31T23:03:31.004 INFO:teuthology.orchestra.run.smithi083.stdout:/usr/bin/ceph: stderr
2024-03-31T23:03:30.277+0000 7f0ff97fa700 1 -- 172.21.15.83:0/947435374 <== mon.0 v2:172.21.15.83:3300/0 4 ==== mgrmap(e 8) v1 ==== 43368+0+0 (secure 0 0 0) 0x7f0ff4019070 con 0x7f0ffc078c70
2024-03-31T23:03:31.004 INFO:teuthology.orchestra.run.smithi083.stdout:/usr/bin/ceph: stderr
2024-03-31T23:03:30.277+0000 7f1002ef1700 1 -- 172.21.15.83:0/947435374 --> [v2:172.21.15.83:3300/0,v1:172.21.15.83:6789/0] -- mon_command({"prefix": "get_command_descriptions"} v 0) v1 -- 0x7f0ffc05f5f0 con 0x7f0ffc078c70
2024-03-31T23:03:31.005 INFO:teuthology.orchestra.run.smithi083.stdout:/usr/bin/ceph: stderr
2024-03-31T23:03:30.278+0000 7f0ff97fa700 1 --2- 172.21.15.83:0/947435374 >> [v2:172.21.15.83:6800/3345658148,v1:172.21.15.83:6801/3345658148] conn(0x7f0fe8036790 0x7f0fe8038c40 unknown :-1 s=NONE pgs=0 cs=0 l=1 rev1=0 crypto rx=0 tx=0 comp rx=0 tx=0).connect
2024-03-31T23:03:31.005 INFO:teuthology.orchestra.run.smithi083.stdout:/usr/bin/ceph: stderr
2024-03-31T23:03:30.278+0000 7f0ff97fa700 1 -- 172.21.15.83:0/947435374 <== mon.0 v2:172.21.15.83:3300/0 5 ==== osd_map(2..2 src has 1..2) v4 ==== 936+0+0 (secure 0 0 0) 0x7f0ff4049e60 con 0x7f0ffc078c70
2024-03-31T23:03:31.005 INFO:teuthology.orchestra.run.smithi083.stdout:/usr/bin/ceph: stderr
2024-03-31T23:03:30.278+0000 7f0ffbfff700 1 --2- 172.21.15.83:0/947435374 >> [v2:172.21.15.83:6800/3345658148,v1:172.21.15.83:6801/3345658148] conn(0x7f0fe8036790 0x7f0fe8038c40 unknown :-1 s=BANNER_CONNECTING pgs=0 cs=0 l=1 rev1=0 crypto rx=0 tx=0 comp rx=0 tx=0)._handle_peer_banner_payload supported=3 required=0
2024-03-31T23:03:31.005 INFO:teuthology.orchestra.run.smithi083.stdout:/usr/bin/ceph: stderr
2024-03-31T23:03:30.278+0000 7f0ffbfff700 1 --2- 172.21.15.83:0/947435374 >> [v2:172.21.15.83:6800/3345658148,v1:172.21.15.83:6801/3345658148] conn(0x7f0fe8036790 0x7f0fe8038c40 secure :-1 s=READY pgs=10 cs=0 l=1 rev1=1 crypto rx=0x7f0fec009990 tx=0x7f0fec006e40 comp rx=0 tx=0).ready entity=mgr.14118 client_cookie=0 server_cookie=0 in_seq=0 out_seq=0
2024-03-31T23:03:31.005 INFO:teuthology.orchestra.run.smithi083.stdout:/usr/bin/ceph: stderr
2024-03-31T23:03:30.282+0000 7f0ff97fa700 1 -- 172.21.15.83:0/947435374 <== mon.0 v2:172.21.15.83:3300/0 6 ==== mon_command_ack([{"prefix": "get_command_descriptions"}]=0 v0) v1 ==== 72+0+176504 (secure 0 0 0) 0x7f0ff4019910 con 0x7f0ffc078c70
2024-03-31T23:03:31.005 INFO:teuthology.orchestra.run.smithi083.stdout:/usr/bin/ceph: stderr
2024-03-31T23:03:30.466+0000 7f1002ef1700 1 -- 172.21.15.83:0/947435374 --> [v2:172.21.15.83:6800/3345658148,v1:172.21.15.83:6801/3345658148] -- mgr_command(tid 0: {"prefix": "cephadm get-pub-key", "target": ["mon-mgr", ""]}) v1 -- 0x7f0ffc0ff450 con 0x7f0fe8036790
2024-03-31T23:03:31.005 INFO:teuthology.orchestra.run.smithi083.stdout:/usr/bin/ceph: stderr
2024-03-31T23:03:30.466+0000 7f0ff97fa700 1 -- 172.21.15.83:0/947435374 <== mgr.14118 v2:172.21.15.83:6800/3345658148 1 ==== mgr_command_reply(tid 0: 0 ) v1 ==== 8+0+595 (secure 0 0 0) 0x7f0ffc0ff450 con 0x7f0fe8036790
2024-03-31T23:03:31.005 INFO:teuthology.orchestra.run.smithi083.stdout:/usr/bin/ceph: stderr
2024-03-31T23:03:30.468+0000 7f1002ef1700 1 -- 172.21.15.83:0/947435374 >> [v2:172.21.15.83:6800/3345658148,v1:172.21.15.83:6801/3345658148] conn(0x7f0fe8036790 msgr2=0x7f0fe8038c40 secure :-1 s=STATE_CONNECTION_ESTABLISHED l=1).mark_down
2024-03-31T23:03:31.005 INFO:teuthology.orchestra.run.smithi083.stdout:/usr/bin/ceph: stderr
2024-03-31T23:03:30.468+0000 7f1002ef1700 1 --2- 172.21.15.83:0/947435374 >> [v2:172.21.15.83:6800/3345658148,v1:172.21.15.83:6801/3345658148] conn(0x7f0fe8036790 0x7f0fe8038c40 secure :-1 s=READY pgs=10 cs=0 l=1 rev1=1 crypto rx=0x7f0fec009990 tx=0x7f0fec006e40 comp rx=0 tx=0).stop
2024-03-31T23:03:31.005 INFO:teuthology.orchestra.run.smithi083.stdout:/usr/bin/ceph: stderr
2024-03-31T23:03:30.468+0000 7f1002ef1700 1 -- 172.21.15.83:0/947435374 >> [v2:172.21.15.83:3300/0,v1:172.21.15.83:6789/0] conn(0x7f0ffc078c70 msgr2=0x7f0ffc113940 secure :-1 s=STATE_CONNECTION_ESTABLISHED l=1).mark_down
2024-03-31T23:03:31.005 INFO:teuthology.orchestra.run.smithi083.stdout:/usr/bin/ceph: stderr
2024-03-31T23:03:30.468+0000 7f1002ef1700 1 --2- 172.21.15.83:0/947435374 >> [v2:172.21.15.83:3300/0,v1:172.21.15.83:6789/0] conn(0x7f0ffc078c70 0x7f0ffc113940 secure :-1 s=READY pgs=42 cs=0 l=1 rev1=1 crypto rx=0x7f0ff4009fd0 tx=0x7f0ff4009840 comp rx=0 tx=0).stop
2024-03-31T23:03:31.005 INFO:teuthology.orchestra.run.smithi083.stdout:/usr/bin/ceph: stderr
2024-03-31T23:03:30.468+0000 7f1002ef1700 1 -- 172.21.15.83:0/947435374 shutdown_connections
2024-03-31T23:03:31.005 INFO:teuthology.orchestra.run.smithi083.stdout:/usr/bin/ceph: stderr
2024-03-31T23:03:30.468+0000 7f1002ef1700 1 --2- 172.21.15.83:0/947435374 >> [v2:172.21.15.83:6800/3345658148,v1:172.21.15.83:6801/3345658148] conn(0x7f0fe8036790 0x7f0fe8038c40 unknown :-1 s=CLOSED pgs=10 cs=0 l=1 rev1=1 crypto rx=0 tx=0 comp rx=0 tx=0).stop
2024-03-31T23:03:31.005 INFO:teuthology.orchestra.run.smithi083.stdout:/usr/bin/ceph: stderr
2024-03-31T23:03:30.468+0000 7f1002ef1700 1 --2- 172.21.15.83:0/947435374 >> [v2:172.21.15.83:3300/0,v1:172.21.15.83:6789/0] conn(0x7f0ffc078c70 0x7f0ffc113940 unknown :-1 s=CLOSED pgs=42 cs=0 l=1 rev1=1 crypto rx=0 tx=0 comp rx=0 tx=0).stop
2024-03-31T23:03:31.006 INFO:teuthology.orchestra.run.smithi083.stdout:/usr/bin/ceph: stderr
2024-03-31T23:03:30.468+0000 7f1002ef1700 1 -- 172.21.15.83:0/947435374 >> 172.21.15.83:0/947435374 conn(0x7f0ffc0fe070 msgr2=0x7f0ffc0fec80 unknown :-1 s=STATE_NONE l=0).mark_down
2024-03-31T23:03:31.006 INFO:teuthology.orchestra.run.smithi083.stdout:/usr/bin/ceph: stderr
2024-03-31T23:03:30.468+0000 7f1002ef1700 1 -- 172.21.15.83:0/947435374 shutdown_connections
