2024-03-31T23:03:54.960 INFO:journalctl@ceph.mon.smithi083.smithi083.stdout:Mar 31 23:03:54 smithi083 ceph-mon[28951]: from='mgr.14160 172.21.15.83:0/3883124611' entity='mgr.smithi083.bbdknw' cmd=[{"prefix": "mon metadata"}]: dispatch
2024-03-31T23:03:54.960 INFO:journalctl@ceph.mon.smithi083.smithi083.stdout:Mar 31 23:03:54 smithi083 ceph-mon[28951]: Manager daemon smithi083.bbdknw is now available
2024-03-31T23:03:54.960 INFO:journalctl@ceph.mon.smithi083.smithi083.stdout:Mar 31 23:03:54 smithi083 ceph-mon[28951]: from='mgr.14160 172.21.15.83:0/3883124611' entity='mgr.smithi083.bbdknw' cmd=[{"prefix": "config dump", "format": "json"}]: dispatch
2024-03-31T23:03:54.960 INFO:journalctl@ceph.mon.smithi083.smithi083.stdout:Mar 31 23:03:54 smithi083 ceph-mon[28951]: from='mgr.14160 172.21.15.83:0/3883124611' entity='mgr.smithi083.bbdknw' cmd=[{"prefix": "config dump", "format": "json"}]: dispatch
2024-03-31T23:03:54.960 INFO:journalctl@ceph.mon.smithi083.smithi083.stdout:Mar 31 23:03:54 smithi083 ceph-mon[28951]: from='mgr.14160 172.21.15.83:0/3883124611' entity='mgr.smithi083.bbdknw' cmd=[{"prefix":"config rm","who":"mgr","name":"mgr/rbd_support/smithi083.bbdknw/mirror_snapshot_schedule"}]: dispatch
2024-03-31T23:03:54.960 INFO:journalctl@ceph.mon.smithi083.smithi083.stdout:Mar 31 23:03:54 smithi083 ceph-mon[28951]: from='mgr.14160 172.21.15.83:0/3883124611' entity='mgr.smithi083.bbdknw' cmd=[{"prefix":"config rm","who":"mgr","name":"mgr/rbd_support/smithi083.bbdknw/trash_purge_schedule"}]: dispatch
2024-03-31T23:03:56.498 INFO:journalctl@ceph.mon.smithi083.smithi083.stdout:Mar 31 23:03:56 smithi083 ceph-mon[28951]: [31/Mar/2024:23:03:55] ENGINE Bus STARTING
2024-03-31T23:03:56.498 INFO:journalctl@ceph.mon.smithi083.smithi083.stdout:Mar 31 23:03:56 smithi083 ceph-mon[28951]: [31/Mar/2024:23:03:55] ENGINE Serving on https://172.21.15.83:7150
2024-03-31T23:03:56.498 INFO:journalctl@ceph.mon.smithi083.smithi083.stdout:Mar 31 23:03:56 smithi083 ceph-mon[28951]: [31/Mar/2024:23:03:55] ENGINE Bus STARTED
2024-03-31T23:03:56.498 INFO:journalctl@ceph.mon.smithi083.smithi083.stdout:Mar 31 23:03:56 smithi083 ceph-mon[28951]: from='mgr.14160 172.21.15.83:0/3883124611' entity='mgr.smithi083.bbdknw'
2024-03-31T23:03:56.498 INFO:journalctl@ceph.mon.smithi083.smithi083.stdout:Mar 31 23:03:56 smithi083 ceph-mon[28951]: mgrmap e11: smithi083.bbdknw(active, since 1.00556s)
2024-03-31T23:03:56.507 INFO:teuthology.orchestra.run.smithi083.stdout:/usr/bin/ceph: stdout {
2024-03-31T23:03:56.507 INFO:teuthology.orchestra.run.smithi083.stdout:/usr/bin/ceph: stdout "mgrmap_epoch": 11,
2024-03-31T23:03:56.507 INFO:teuthology.orchestra.run.smithi083.stdout:/usr/bin/ceph: stdout "initialized": true
2024-03-31T23:03:56.507 INFO:teuthology.orchestra.run.smithi083.stdout:/usr/bin/ceph: stdout }
2024-03-31T23:03:56.507 INFO:teuthology.orchestra.run.smithi083.stdout:/usr/bin/ceph: stderr
2024-03-31T23:03:50.762+0000 7f1864b2a700 1 Processor -- start
2024-03-31T23:03:56.507 INFO:teuthology.orchestra.run.smithi083.stdout:/usr/bin/ceph: stderr
2024-03-31T23:03:50.762+0000 7f1864b2a700 1 -- start start
2024-03-31T23:03:56.507 INFO:teuthology.orchestra.run.smithi083.stdout:/usr/bin/ceph: stderr
2024-03-31T23:03:50.762+0000 7f1864b2a700 1 --2- >> [v2:172.21.15.83:3300/0,v1:172.21.15.83:6789/0] conn(0x7f1860078c60 0x7f1860077250 unknown :-1 s=NONE pgs=0 cs=0 l=0 rev1=0 crypto rx=0 tx=0 comp rx=0 tx=0).connect
2024-03-31T23:03:56.508 INFO:teuthology.orchestra.run.smithi083.stdout:/usr/bin/ceph: stderr
2024-03-31T23:03:50.762+0000 7f1864b2a700 1 -- --> [v2:172.21.15.83:3300/0,v1:172.21.15.83:6789/0] -- mon_getmap magic: 0 v1 -- 0x7f1860079070 con 0x7f1860078c60
2024-03-31T23:03:56.508 INFO:teuthology.orchestra.run.smithi083.stdout:/usr/bin/ceph: stderr
2024-03-31T23:03:50.762+0000 7f185e59c700 1 --2- >> [v2:172.21.15.83:3300/0,v1:172.21.15.83:6789/0] conn(0x7f1860078c60 0x7f1860077250 unknown :-1 s=BANNER_CONNECTING pgs=0 cs=0 l=0 rev1=0 crypto rx=0 tx=0 comp rx=0 tx=0)._handle_peer_banner_payload supported=3 required=0
2024-03-31T23:03:56.508 INFO:teuthology.orchestra.run.smithi083.stdout:/usr/bin/ceph: stderr
2024-03-31T23:03:50.762+0000 7f185e59c700 1 --2- >> [v2:172.21.15.83:3300/0,v1:172.21.15.83:6789/0] conn(0x7f1860078c60 0x7f1860077250 unknown :-1 s=HELLO_CONNECTING pgs=0 cs=0 l=0 rev1=1 crypto rx=0 tx=0 comp rx=0 tx=0).handle_hello peer v2:172.21.15.83:3300/0 says I am v2:172.21.15.83:54816/0 (socket says 172.21.15.83:54816)
2024-03-31T23:03:56.508 INFO:teuthology.orchestra.run.smithi083.stdout:/usr/bin/ceph: stderr
2024-03-31T23:03:50.762+0000 7f185e59c700 1 -- 172.21.15.83:0/3924160559 learned_addr learned my addr 172.21.15.83:0/3924160559 (peer_addr_for_me v2:172.21.15.83:0/0)
2024-03-31T23:03:56.508 INFO:teuthology.orchestra.run.smithi083.stdout:/usr/bin/ceph: stderr
2024-03-31T23:03:50.763+0000 7f185e59c700 1 -- 172.21.15.83:0/3924160559 --> [v2:172.21.15.83:3300/0,v1:172.21.15.83:6789/0] -- mon_subscribe({config=0+,monmap=0+}) v3 -- 0x7f1860077790 con 0x7f1860078c60
2024-03-31T23:03:56.508 INFO:teuthology.orchestra.run.smithi083.stdout:/usr/bin/ceph: stderr
2024-03-31T23:03:50.763+0000 7f185e59c700 1 --2- 172.21.15.83:0/3924160559 >> [v2:172.21.15.83:3300/0,v1:172.21.15.83:6789/0] conn(0x7f1860078c60 0x7f1860077250 secure :-1 s=READY pgs=69 cs=0 l=1 rev1=1 crypto rx=0x7f18500098e0 tx=0x7f1850009250 comp rx=0 tx=0).ready entity=mon.0 client_cookie=ef7320d12116372a server_cookie=0 in_seq=0 out_seq=0
2024-03-31T23:03:56.508 INFO:teuthology.orchestra.run.smithi083.stdout:/usr/bin/ceph: stderr
2024-03-31T23:03:50.763+0000 7f185d59a700 1 -- 172.21.15.83:0/3924160559 <== mon.0 v2:172.21.15.83:3300/0 1 ==== mon_map magic: 0 v1 ==== 229+0+0 (secure 0 0 0) 0x7f185000b860 con 0x7f1860078c60
2024-03-31T23:03:56.508 INFO:teuthology.orchestra.run.smithi083.stdout:/usr/bin/ceph: stderr
2024-03-31T23:03:50.763+0000 7f185d59a700 1 -- 172.21.15.83:0/3924160559 <== mon.0 v2:172.21.15.83:3300/0 2 ==== config(27 keys) v1 ==== 1109+0+0 (secure 0 0 0) 0x7f185000be90 con 0x7f1860078c60
2024-03-31T23:03:56.508 INFO:teuthology.orchestra.run.smithi083.stdout:/usr/bin/ceph: stderr
2024-03-31T23:03:50.763+0000 7f185d59a700 1 -- 172.21.15.83:0/3924160559 <== mon.0 v2:172.21.15.83:3300/0 3 ==== mon_map magic: 0 v1 ==== 229+0+0 (secure 0 0 0) 0x7f18500103c0 con 0x7f1860078c60
2024-03-31T23:03:56.508 INFO:teuthology.orchestra.run.smithi083.stdout:/usr/bin/ceph: stderr
2024-03-31T23:03:50.763+0000 7f1864b2a700 1 -- 172.21.15.83:0/3924160559 >> [v2:172.21.15.83:3300/0,v1:172.21.15.83:6789/0] conn(0x7f1860078c60 msgr2=0x7f1860077250 secure :-1 s=STATE_CONNECTION_ESTABLISHED l=1).mark_down
2024-03-31T23:03:56.508 INFO:teuthology.orchestra.run.smithi083.stdout:/usr/bin/ceph: stderr
2024-03-31T23:03:50.763+0000 7f1864b2a700 1 --2- 172.21.15.83:0/3924160559 >> [v2:172.21.15.83:3300/0,v1:172.21.15.83:6789/0] conn(0x7f1860078c60 0x7f1860077250 secure :-1 s=READY pgs=69 cs=0 l=1 rev1=1 crypto rx=0x7f18500098e0 tx=0x7f1850009250 comp rx=0 tx=0).stop
2024-03-31T23:03:56.508 INFO:teuthology.orchestra.run.smithi083.stdout:/usr/bin/ceph: stderr
2024-03-31T23:03:50.764+0000 7f1864b2a700 1 -- 172.21.15.83:0/3924160559 shutdown_connections
2024-03-31T23:03:56.508 INFO:teuthology.orchestra.run.smithi083.stdout:/usr/bin/ceph: stderr
2024-03-31T23:03:50.764+0000 7f1864b2a700 1 --2- 172.21.15.83:0/3924160559 >> [v2:172.21.15.83:3300/0,v1:172.21.15.83:6789/0] conn(0x7f1860078c60 0x7f1860077250 unknown :-1 s=CLOSED pgs=69 cs=0 l=1 rev1=1 crypto rx=0 tx=0 comp rx=0 tx=0).stop
2024-03-31T23:03:56.508 INFO:teuthology.orchestra.run.smithi083.stdout:/usr/bin/ceph: stderr
2024-03-31T23:03:50.764+0000 7f1864b2a700 1 -- 172.21.15.83:0/3924160559 >> 172.21.15.83:0/3924160559 conn(0x7f18600fe0a0 msgr2=0x7f18601004b0 unknown :-1 s=STATE_NONE l=0).mark_down
2024-03-31T23:03:56.509 INFO:teuthology.orchestra.run.smithi083.stdout:/usr/bin/ceph: stderr
2024-03-31T23:03:50.764+0000 7f1864b2a700 1 -- 172.21.15.83:0/3924160559 shutdown_connections
2024-03-31T23:03:56.509 INFO:teuthology.orchestra.run.smithi083.stdout:/usr/bin/ceph: stderr
2024-03-31T23:03:50.764+0000 7f1864b2a700 1 -- 172.21.15.83:0/3924160559 wait complete.
2024-03-31T23:03:56.509 INFO:teuthology.orchestra.run.smithi083.stdout:/usr/bin/ceph: stderr
2024-03-31T23:03:50.764+0000 7f1864b2a700 1 Processor -- start
2024-03-31T23:03:56.509 INFO:teuthology.orchestra.run.smithi083.stdout:/usr/bin/ceph: stderr
2024-03-31T23:03:50.764+0000 7f1864b2a700 1 -- start start
2024-03-31T23:03:56.509 INFO:teuthology.orchestra.run.smithi083.stdout:/usr/bin/ceph: stderr
2024-03-31T23:03:50.764+0000 7f1864b2a700 1 --2- >> [v2:172.21.15.83:3300/0,v1:172.21.15.83:6789/0] conn(0x7f1860078c60 0x7f1860113930 unknown :-1 s=NONE pgs=0 cs=0 l=1 rev1=0 crypto rx=0 tx=0 comp rx=0 tx=0).connect
2024-03-31T23:03:56.509 INFO:teuthology.orchestra.run.smithi083.stdout:/usr/bin/ceph: stderr
2024-03-31T23:03:50.764+0000 7f1864b2a700 1 -- --> [v2:172.21.15.83:3300/0,v1:172.21.15.83:6789/0] -- mon_getmap magic: 0 v1 -- 0x7f1860113e70 con 0x7f1860078c60
2024-03-31T23:03:56.509 INFO:teuthology.orchestra.run.smithi083.stdout:/usr/bin/ceph: stderr
2024-03-31T23:03:50.764+0000 7f185e59c700 1 --2- >> [v2:172.21.15.83:3300/0,v1:172.21.15.83:6789/0] conn(0x7f1860078c60 0x7f1860113930 unknown :-1 s=BANNER_CONNECTING pgs=0 cs=0 l=1 rev1=0 crypto rx=0 tx=0 comp rx=0 tx=0)._handle_peer_banner_payload supported=3 required=0
2024-03-31T23:03:56.509 INFO:teuthology.orchestra.run.smithi083.stdout:/usr/bin/ceph: stderr
2024-03-31T23:03:50.764+0000 7f185e59c700 1 --2- >> [v2:172.21.15.83:3300/0,v1:172.21.15.83:6789/0] conn(0x7f1860078c60 0x7f1860113930 unknown :-1 s=HELLO_CONNECTING pgs=0 cs=0 l=1 rev1=1 crypto rx=0 tx=0 comp rx=0 tx=0).handle_hello peer v2:172.21.15.83:3300/0 says I am v2:172.21.15.83:54832/0 (socket says 172.21.15.83:54832)
2024-03-31T23:03:56.509 INFO:teuthology.orchestra.run.smithi083.stdout:/usr/bin/ceph: stderr
2024-03-31T23:03:50.764+0000 7f185e59c700 1 -- 172.21.15.83:0/1086230320 learned_addr learned my addr 172.21.15.83:0/1086230320 (peer_addr_for_me v2:172.21.15.83:0/0)
2024-03-31T23:03:56.509 INFO:teuthology.orchestra.run.smithi083.stdout:/usr/bin/ceph: stderr
2024-03-31T23:03:50.765+0000 7f185e59c700 1 -- 172.21.15.83:0/1086230320 --> [v2:172.21.15.83:3300/0,v1:172.21.15.83:6789/0] -- mon_subscribe({config=0+,monmap=0+}) v3 -- 0x7f18500094f0 con 0x7f1860078c60
2024-03-31T23:03:56.509 INFO:teuthology.orchestra.run.smithi083.stdout:/usr/bin/ceph: stderr
2024-03-31T23:03:50.765+0000 7f185e59c700 1 --2- 172.21.15.83:0/1086230320 >> [v2:172.21.15.83:3300/0,v1:172.21.15.83:6789/0] conn(0x7f1860078c60 0x7f1860113930 secure :-1 s=READY pgs=70 cs=0 l=1 rev1=1 crypto rx=0x7f1850006d40 tx=0x7f1850009250 comp rx=0 tx=0).ready entity=mon.0 client_cookie=0 server_cookie=0 in_seq=0 out_seq=0
2024-03-31T23:03:56.509 INFO:teuthology.orchestra.run.smithi083.stdout:/usr/bin/ceph: stderr
2024-03-31T23:03:50.765+0000 7f184effd700 1 -- 172.21.15.83:0/1086230320 <== mon.0 v2:172.21.15.83:3300/0 1 ==== mon_map magic: 0 v1 ==== 229+0+0 (secure 0 0 0) 0x7f1850010840 con 0x7f1860078c60
2024-03-31T23:03:56.509 INFO:teuthology.orchestra.run.smithi083.stdout:/usr/bin/ceph: stderr
2024-03-31T23:03:50.765+0000 7f184effd700 1 -- 172.21.15.83:0/1086230320 <== mon.0 v2:172.21.15.83:3300/0 2 ==== config(27 keys) v1 ==== 1109+0+0 (secure 0 0 0) 0x7f1850010e70 con 0x7f1860078c60
2024-03-31T23:03:56.509 INFO:teuthology.orchestra.run.smithi083.stdout:/usr/bin/ceph: stderr
2024-03-31T23:03:50.765+0000 7f1864b2a700 1 -- 172.21.15.83:0/1086230320 --> [v2:172.21.15.83:3300/0,v1:172.21.15.83:6789/0] -- mon_subscribe({mgrmap=0+}) v3 -- 0x7f1860114070 con 0x7f1860078c60
2024-03-31T23:03:56.509 INFO:teuthology.orchestra.run.smithi083.stdout:/usr/bin/ceph: stderr
2024-03-31T23:03:50.765+0000 7f184effd700 1 -- 172.21.15.83:0/1086230320 <== mon.0 v2:172.21.15.83:3300/0 3 ==== mon_map magic: 0 v1 ==== 229+0+0 (secure 0 0 0) 0x7f1850024ea0 con 0x7f1860078c60
2024-03-31T23:03:56.510 INFO:teuthology.orchestra.run.smithi083.stdout:/usr/bin/ceph: stderr
2024-03-31T23:03:50.765+0000 7f1864b2a700 1 -- 172.21.15.83:0/1086230320 --> [v2:172.21.15.83:3300/0,v1:172.21.15.83:6789/0] -- mon_subscribe({osdmap=0}) v3 -- 0x7f1860114440 con 0x7f1860078c60
2024-03-31T23:03:56.510 INFO:teuthology.orchestra.run.smithi083.stdout:/usr/bin/ceph: stderr
2024-03-31T23:03:50.766+0000 7f184effd700 1 -- 172.21.15.83:0/1086230320 <== mon.0 v2:172.21.15.83:3300/0 4 ==== mgrmap(e 9) v1 ==== 43381+0+0 (secure 0 0 0) 0x7f185001a510 con 0x7f1860078c60
2024-03-31T23:03:56.510 INFO:teuthology.orchestra.run.smithi083.stdout:/usr/bin/ceph: stderr
2024-03-31T23:03:50.766+0000 7f184effd700 1 --2- 172.21.15.83:0/1086230320 >> [v2:172.21.15.83:6800/3345658148,v1:172.21.15.83:6801/3345658148] conn(0x7f1848036790 0x7f1848038c40 unknown :-1 s=NONE pgs=0 cs=0 l=1 rev1=0 crypto rx=0 tx=0 comp rx=0 tx=0).connect
2024-03-31T23:03:56.510 INFO:teuthology.orchestra.run.smithi083.stdout:/usr/bin/ceph: stderr
2024-03-31T23:03:50.766+0000 7f1864b2a700 1 -- 172.21.15.83:0/1086230320 --> [v2:172.21.15.83:6800/3345658148,v1:172.21.15.83:6801/3345658148] -- command(tid 0: {"prefix": "get_command_descriptions"}) v1 -- 0x7f186004bed0 con 0x7f1848036790
2024-03-31T23:03:56.510 INFO:teuthology.orchestra.run.smithi083.stdout:/usr/bin/ceph: stderr
2024-03-31T23:03:50.766+0000 7f184effd700 1 -- 172.21.15.83:0/1086230320 <== mon.0 v2:172.21.15.83:3300/0 5 ==== osd_map(2..2 src has 1..2) v4 ==== 936+0+0 (secure 0 0 0) 0x7f185004a7b0 con 0x7f1860078c60
2024-03-31T23:03:56.510 INFO:teuthology.orchestra.run.smithi083.stdout:/usr/bin/ceph: stderr
2024-03-31T23:03:50.766+0000 7f185dd9b700 1 -- 172.21.15.83:0/1086230320 >> [v2:172.21.15.83:6800/3345658148,v1:172.21.15.83:6801/3345658148] conn(0x7f1848036790 msgr2=0x7f1848038c40 unknown :-1 s=STATE_CONNECTING_RE l=1).process reconnect failed to v2:172.21.15.83:6800/3345658148
2024-03-31T23:03:56.510 INFO:teuthology.orchestra.run.smithi083.stdout:/usr/bin/ceph: stderr
2024-03-31T23:03:50.766+0000 7f185dd9b700 1 --2- 172.21.15.83:0/1086230320 >> [v2:172.21.15.83:6800/3345658148,v1:172.21.15.83:6801/3345658148] conn(0x7f1848036790 0x7f1848038c40 unknown :-1 s=START_CONNECT pgs=0 cs=0 l=1 rev1=0 crypto rx=0 tx=0 comp rx=0 tx=0)._fault waiting 0.200000
2024-03-31T23:03:56.510 INFO:teuthology.orchestra.run.smithi083.stdout:/usr/bin/ceph: stderr
2024-03-31T23:03:50.967+0000 7f185dd9b700 1 -- 172.21.15.83:0/1086230320 >> [v2:172.21.15.83:6800/3345658148,v1:172.21.15.83:6801/3345658148] conn(0x7f1848036790 msgr2=0x7f1848038c40 unknown :-1 s=STATE_CONNECTING_RE l=1).process reconnect failed to v2:172.21.15.83:6800/3345658148
2024-03-31T23:03:56.510 INFO:teuthology.orchestra.run.smithi083.stdout:/usr/bin/ceph: stderr
2024-03-31T23:03:50.967+0000 7f185dd9b700 1 --2- 172.21.15.83:0/1086230320 >> [v2:172.21.15.83:6800/3345658148,v1:172.21.15.83:6801/3345658148] conn(0x7f1848036790 0x7f1848038c40 unknown :-1 s=START_CONNECT pgs=0 cs=0 l=1 rev1=0 crypto rx=0 tx=0 comp rx=0 tx=0)._fault waiting 0.400000
2024-03-31T23:03:56.510 INFO:teuthology.orchestra.run.smithi083.stdout:/usr/bin/ceph: stderr
2024-03-31T23:03:51.368+0000 7f185dd9b700 1 -- 172.21.15.83:0/1086230320 >> [v2:172.21.15.83:6800/3345658148,v1:172.21.15.83:6801/3345658148] conn(0x7f1848036790 msgr2=0x7f1848038c40 unknown :-1 s=STATE_CONNECTING_RE l=1).process reconnect failed to v2:172.21.15.83:6800/3345658148
2024-03-31T23:03:56.510 INFO:teuthology.orchestra.run.smithi083.stdout:/usr/bin/ceph: stderr
2024-03-31T23:03:51.368+0000 7f185dd9b700 1 --2- 172.21.15.83:0/1086230320 >> [v2:172.21.15.83:6800/3345658148,v1:172.21.15.83:6801/3345658148] conn(0x7f1848036790 0x7f1848038c40 unknown :-1 s=START_CONNECT pgs=0 cs=0 l=1 rev1=0 crypto rx=0 tx=0 comp rx=0 tx=0)._fault waiting 0.800000
2024-03-31T23:03:56.510 INFO:teuthology.orchestra.run.smithi083.stdout:/usr/bin/ceph: stderr
2024-03-31T23:03:52.169+0000 7f185dd9b700 1 -- 172.21.15.83:0/1086230320 >> [v2:172.21.15.83:6800/3345658148,v1:172.21.15.83:6801/3345658148] conn(0x7f1848036790 msgr2=0x7f1848038c40 unknown :-1 s=STATE_CONNECTING_RE l=1).process reconnect failed to v2:172.21.15.83:6800/3345658148
2024-03-31T23:03:56.510 INFO:teuthology.orchestra.run.smithi083.stdout:/usr/bin/ceph: stderr
2024-03-31T23:03:52.169+0000 7f185dd9b700 1 --2- 172.21.15.83:0/1086230320 >> [v2:172.21.15.83:6800/3345658148,v1:172.21.15.83:6801/3345658148] conn(0x7f1848036790 0x7f1848038c40 unknown :-1 s=START_CONNECT pgs=0 cs=0 l=1 rev1=0 crypto rx=0 tx=0 comp rx=0 tx=0)._fault waiting 1.600000
2024-03-31T23:03:56.510 INFO:teuthology.orchestra.run.smithi083.stdout:/usr/bin/ceph: stderr
2024-03-31T23:03:53.770+0000 7f185dd9b700 1 -- 172.21.15.83:0/1086230320 >> [v2:172.21.15.83:6800/3345658148,v1:172.21.15.83:6801/3345658148] conn(0x7f1848036790 msgr2=0x7f1848038c40 unknown :-1 s=STATE_CONNECTING_RE l=1).process reconnect failed to v2:172.21.15.83:6800/3345658148
2024-03-31T23:03:56.511 INFO:teuthology.orchestra.run.smithi083.stdout:/usr/bin/ceph: stderr
2024-03-31T23:03:53.770+0000 7f185dd9b700 1 --2- 172.21.15.83:0/1086230320 >> [v2:172.21.15.83:6800/3345658148,v1:172.21.15.83:6801/3345658148] conn(0x7f1848036790 0x7f1848038c40 unknown :-1 s=START_CONNECT pgs=0 cs=0 l=1 rev1=0 crypto rx=0 tx=0 comp rx=0 tx=0)._fault waiting 3.200000
2024-03-31T23:03:56.511 INFO:teuthology.orchestra.run.smithi083.stdout:/usr/bin/ceph: stderr
2024-03-31T23:03:54.899+0000 7f184effd700 1 -- 172.21.15.83:0/1086230320 <== mon.0 v2:172.21.15.83:3300/0 6 ==== mgrmap(e 10) v1 ==== 43148+0+0 (secure 0 0 0) 0x7f1850024780 con 0x7f1860078c60
2024-03-31T23:03:56.511 INFO:teuthology.orchestra.run.smithi083.stdout:/usr/bin/ceph: stderr
2024-03-31T23:03:54.899+0000 7f184effd700 1 -- 172.21.15.83:0/1086230320 >> [v2:172.21.15.83:6800/3345658148,v1:172.21.15.83:6801/3345658148] conn(0x7f1848036790 msgr2=0x7f1848038c40 unknown :-1 s=STATE_CONNECTING l=1).mark_down
2024-03-31T23:03:56.511 INFO:teuthology.orchestra.run.smithi083.stdout:/usr/bin/ceph: stderr
2024-03-31T23:03:54.899+0000 7f184effd700 1 --2- 172.21.15.83:0/1086230320 >> [v2:172.21.15.83:6800/3345658148,v1:172.21.15.83:6801/3345658148] conn(0x7f1848036790 0x7f1848038c40 unknown :-1 s=START_CONNECT pgs=0 cs=0 l=1 rev1=0 crypto rx=0 tx=0 comp rx=0 tx=0).stop
2024-03-31T23:03:56.511 INFO:teuthology.orchestra.run.smithi083.stdout:/usr/bin/ceph: stderr
2024-03-31T23:03:55.900+0000 7f184effd700 1 -- 172.21.15.83:0/1086230320 <== mon.0 v2:172.21.15.83:3300/0 7 ==== mgrmap(e 11) v1 ==== 43275+0+0 (secure 0 0 0) 0x7f185004ba30 con 0x7f1860078c60
2024-03-31T23:03:56.511 INFO:teuthology.orchestra.run.smithi083.stdout:/usr/bin/ceph: stderr
2024-03-31T23:03:55.900+0000 7f184effd700 1 --2- 172.21.15.83:0/1086230320 >> [v2:172.21.15.83:6800/2655795101,v1:172.21.15.83:6801/2655795101] conn(0x7f1848039ff0 0x7f184803c3d0 unknown :-1 s=NONE pgs=0 cs=0 l=1 rev1=0 crypto rx=0 tx=0 comp rx=0 tx=0).connect
2024-03-31T23:03:56.511 INFO:teuthology.orchestra.run.smithi083.stdout:/usr/bin/ceph: stderr
2024-03-31T23:03:55.900+0000 7f184effd700 1 -- 172.21.15.83:0/1086230320 --> [v2:172.21.15.83:6800/2655795101,v1:172.21.15.83:6801/2655795101] -- command(tid 0: {"prefix": "get_command_descriptions"}) v1 -- 0x7f186004bed0 con 0x7f1848039ff0
2024-03-31T23:03:56.511 INFO:teuthology.orchestra.run.smithi083.stdout:/usr/bin/ceph: stderr
2024-03-31T23:03:55.901+0000 7f185dd9b700 1 --2- 172.21.15.83:0/1086230320 >> [v2:172.21.15.83:6800/2655795101,v1:172.21.15.83:6801/2655795101] conn(0x7f1848039ff0 0x7f184803c3d0 unknown :-1 s=BANNER_CONNECTING pgs=0 cs=0 l=1 rev1=0 crypto rx=0 tx=0 comp rx=0 tx=0)._handle_peer_banner_payload supported=3 required=0
2024-03-31T23:03:56.511 INFO:teuthology.orchestra.run.smithi083.stdout:/usr/bin/ceph: stderr
2024-03-31T23:03:55.902+0000 7f185dd9b700 1 --2- 172.21.15.83:0/1086230320 >> [v2:172.21.15.83:6800/2655795101,v1:172.21.15.83:6801/2655795101] conn(0x7f1848039ff0 0x7f184803c3d0 secure :-1 s=READY pgs=1 cs=0 l=1 rev1=1 crypto rx=0x7f18540039d0 tx=0x7f18540092f0 comp rx=0 tx=0).ready entity=mgr.14160 client_cookie=0 server_cookie=0 in_seq=0 out_seq=0
2024-03-31T23:03:56.511 INFO:teuthology.orchestra.run.smithi083.stdout:/usr/bin/ceph: stderr
2024-03-31T23:03:55.902+0000 7f184effd700 1 -- 172.21.15.83:0/1086230320 <== mgr.14160 v2:172.21.15.83:6800/2655795101 1 ==== command_reply(tid 0: 0 ) v1 ==== 8+0+6549 (secure 0 0 0) 0x7f186004bed0 con 0x7f1848039ff0
2024-03-31T23:03:56.511 INFO:teuthology.orchestra.run.smithi083.stdout:/usr/bin/ceph: stderr
2024-03-31T23:03:55.908+0000 7f1864b2a700 1 -- 172.21.15.83:0/1086230320 --> [v2:172.21.15.83:6800/2655795101,v1:172.21.15.83:6801/2655795101] -- command(tid 1: {"prefix": "mgr_status"}) v1 -- 0x7f1860108ac0 con 0x7f1848039ff0
2024-03-31T23:03:56.511 INFO:teuthology.orchestra.run.smithi083.stdout:/usr/bin/ceph: stderr
2024-03-31T23:03:55.908+0000 7f184effd700 1 -- 172.21.15.83:0/1086230320 <== mgr.14160 v2:172.21.15.83:6800/2655795101 2 ==== command_reply(tid 1: 0 ) v1 ==== 8+0+52 (secure 0 0 0) 0x7f1860108ac0 con 0x7f1848039ff0
2024-03-31T23:03:56.511 INFO:teuthology.orchestra.run.smithi083.stdout:/usr/bin/ceph: stderr
2024-03-31T23:03:55.909+0000 7f1864b2a700 1 -- 172.21.15.83:0/1086230320 >> [v2:172.21.15.83:6800/2655795101,v1:172.21.15.83:6801/2655795101] conn(0x7f1848039ff0 msgr2=0x7f184803c3d0 secure :-1 s=STATE_CONNECTION_ESTABLISHED l=1).mark_down
2024-03-31T23:03:56.511 INFO:teuthology.orchestra.run.smithi083.stdout:/usr/bin/ceph: stderr
2024-03-31T23:03:55.909+0000 7f1864b2a700 1 --2- 172.21.15.83:0/1086230320 >> [v2:172.21.15.83:6800/2655795101,v1:172.21.15.83:6801/2655795101] conn(0x7f1848039ff0 0x7f184803c3d0 secure :-1 s=READY pgs=1 cs=0 l=1 rev1=1 crypto rx=0x7f18540039d0 tx=0x7f18540092f0 comp rx=0 tx=0).stop
2024-03-31T23:03:56.511 INFO:teuthology.orchestra.run.smithi083.stdout:/usr/bin/ceph: stderr
2024-03-31T23:03:55.909+0000 7f1864b2a700 1 -- 172.21.15.83:0/1086230320 >> [v2:172.21.15.83:3300/0,v1:172.21.15.83:6789/0] conn(0x7f1860078c60 msgr2=0x7f1860113930 secure :-1 s=STATE_CONNECTION_ESTABLISHED l=1).mark_down
2024-03-31T23:03:56.512 INFO:teuthology.orchestra.run.smithi083.stdout:/usr/bin/ceph: stderr
2024-03-31T23:03:55.909+0000 7f1864b2a700 1 --2- 172.21.15.83:0/1086230320 >> [v2:172.21.15.83:3300/0,v1:172.21.15.83:6789/0] conn(0x7f1860078c60 0x7f1860113930 secure :-1 s=READY pgs=70 cs=0 l=1 rev1=1 crypto rx=0x7f1850006d40 tx=0x7f1850009250 comp rx=0 tx=0).stop
2024-03-31T23:03:56.512 INFO:teuthology.orchestra.run.smithi083.stdout:/usr/bin/ceph: stderr
2024-03-31T23:03:55.909+0000 7f1864b2a700 1 -- 172.21.15.83:0/1086230320 shutdown_connections
2024-03-31T23:03:56.512 INFO:teuthology.orchestra.run.smithi083.stdout:/usr/bin/ceph: stderr
2024-03-31T23:03:55.909+0000 7f1864b2a700 1 --2- 172.21.15.83:0/1086230320 >> [v2:172.21.15.83:6800/2655795101,v1:172.21.15.83:6801/2655795101] conn(0x7f1848039ff0 0x7f184803c3d0 unknown :-1 s=CLOSED pgs=1 cs=0 l=1 rev1=1 crypto rx=0 tx=0 comp rx=0 tx=0).stop
2024-03-31T23:03:56.512 INFO:teuthology.orchestra.run.smithi083.stdout:/usr/bin/ceph: stderr
2024-03-31T23:03:55.909+0000 7f1864b2a700 1 --2- 172.21.15.83:0/1086230320 >> [v2:172.21.15.83:3300/0,v1:172.21.15.83:6789/0] conn(0x7f1860078c60 0x7f1860113930 unknown :-1 s=CLOSED pgs=70 cs=0 l=1 rev1=1 crypto rx=0 tx=0 comp rx=0 tx=0).stop
2024-03-31T23:03:56.512 INFO:teuthology.orchestra.run.smithi083.stdout:/usr/bin/ceph: stderr
2024-03-31T23:03:55.909+0000 7f1864b2a700 1 --2- 172.21.15.83:0/1086230320 >> [v2:172.21.15.83:6800/3345658148,v1:172.21.15.83:6801/3345658148] conn(0x7f1848036790 0x7f1848038c40 unknown :-1 s=CLOSED pgs=0 cs=0 l=1 rev1=0 crypto rx=0 tx=0 comp rx=0 tx=0).stop
2024-03-31T23:03:56.512 INFO:teuthology.orchestra.run.smithi083.stdout:/usr/bin/ceph: stderr
2024-03-31T23:03:55.909+0000 7f1864b2a700 1 -- 172.21.15.83:0/1086230320 >> 172.21.15.83:0/1086230320 conn(0x7f18600fe0a0 msgr2=0x7f18600fecb0 unknown :-1 s=STATE_NONE l=0).mark_down
2024-03-31T23:03:56.512 INFO:teuthology.orchestra.run.smithi083.stdout:/usr/bin/ceph: stderr
2024-03-31T23:03:55.909+0000 7f1864b2a700 1 -- 172.21.15.83:0/1086230320 shutdown_connections
2024-03-31T23:03:56.512 INFO:teuthology.orchestra.run.smithi083.stdout:/usr/bin/ceph: stderr
2024-03-31T23:03:55.909+0000 7f1864b2a700 1 -- 172.21.15.83:0/1086230320 wait complete.
2024-03-31T23:03:56.512 INFO:teuthology.orchestra.run.smithi083.stdout:mgr epoch 9 is available
2024-03-31T23:03:56.512 INFO:teuthology.orchestra.run.smithi083.stdout:Generating a dashboard self-signed certificate...
2024-03-31T23:03:57.756 INFO:journalctl@ceph.mon.smithi083.smithi083.stdout:Mar 31 23:03:57 smithi083 ceph-mon[28951]: from='client.14164 -' entity='client.admin' cmd=[{"prefix": "get_command_descriptions"}]: dispatch
2024-03-31T23:03:57.756 INFO:journalctl@ceph.mon.smithi083.smithi083.stdout:Mar 31 23:03:57 smithi083 ceph-mon[28951]: from='client.14164 -' entity='client.admin' cmd=[{"prefix": "mgr_status"}]: dispatch
2024-03-31T23:03:57.756 INFO:journalctl@ceph.mon.smithi083.smithi083.stdout:Mar 31 23:03:57 smithi083 ceph-mon[28951]: from='mgr.14160 172.21.15.83:0/3883124611' entity='mgr.smithi083.bbdknw'
2024-03-31T23:03:57.756 INFO:journalctl@ceph.mon.smithi083.smithi083.stdout:Mar 31 23:03:57 smithi083 ceph-mon[28951]: from='mgr.14160 172.21.15.83:0/3883124611' entity='mgr.smithi083.bbdknw'
2024-03-31T23:03:57.756 INFO:journalctl@ceph.mon.smithi083.smithi083.stdout:Mar 31 23:03:57 smithi083 ceph-mon[28951]: from='mgr.14160 172.21.15.83:0/3883124611' entity='mgr.smithi083.bbdknw'
2024-03-31T23:03:57.764 INFO:teuthology.orchestra.run.smithi083.stdout:/usr/bin/ceph: stdout Self-signed certificate created
2024-03-31T23:03:57.765 INFO:teuthology.orchestra.run.smithi083.stdout:/usr/bin/ceph: stderr
2024-03-31T23:03:56.926+0000 7f67a7d28700 1 Processor -- start
2024-03-31T23:03:57.765 INFO:teuthology.orchestra.run.smithi083.stdout:/usr/bin/ceph: stderr
2024-03-31T23:03:56.927+0000 7f67a7d28700 1 -- start start
2024-03-31T23:03:57.765 INFO:teuthology.orchestra.run.smithi083.stdout:/usr/bin/ceph: stderr
2024-03-31T23:03:56.927+0000 7f67a7d28700 1 --2- >> [v2:172.21.15.83:3300/0,v1:172.21.15.83:6789/0] conn(0x7f67a0100f20 0x7f67a0101330 unknown :-1 s=NONE pgs=0 cs=0 l=0 rev1=0 crypto rx=0 tx=0 comp rx=0 tx=0).connect
2024-03-31T23:03:57.765 INFO:teuthology.orchestra.run.smithi083.stdout:/usr/bin/ceph: stderr
2024-03-31T23:03:56.927+0000 7f67a7d28700 1 -- --> [v2:172.21.15.83:3300/0,v1:172.21.15.83:6789/0] -- mon_getmap magic: 0 v1 -- 0x7f67a0101870 con 0x7f67a0100f20
2024-03-31T23:03:57.765 INFO:teuthology.orchestra.run.smithi083.stdout:/usr/bin/ceph: stderr
2024-03-31T23:03:56.927+0000 7f67a5ac4700 1 --2- >> [v2:172.21.15.83:3300/0,v1:172.21.15.83:6789/0] conn(0x7f67a0100f20 0x7f67a0101330 unknown :-1 s=BANNER_CONNECTING pgs=0 cs=0 l=0 rev1=0 crypto rx=0 tx=0 comp rx=0 tx=0)._handle_peer_banner_payload supported=3 required=0
2024-03-31T23:03:57.765 INFO:teuthology.orchestra.run.smithi083.stdout:/usr/bin/ceph: stderr
2024-03-31T23:03:56.927+0000 7f67a5ac4700 1 --2- >> [v2:172.21.15.83:3300/0,v1:172.21.15.83:6789/0] conn(0x7f67a0100f20 0x7f67a0101330 unknown :-1 s=HELLO_CONNECTING pgs=0 cs=0 l=0 rev1=1 crypto rx=0 tx=0 comp rx=0 tx=0).handle_hello peer v2:172.21.15.83:3300/0 says I am v2:172.21.15.83:57438/0 (socket says 172.21.15.83:57438)
2024-03-31T23:03:57.765 INFO:teuthology.orchestra.run.smithi083.stdout:/usr/bin/ceph: stderr
2024-03-31T23:03:56.927+0000 7f67a5ac4700 1 -- 172.21.15.83:0/2720385075 learned_addr learned my addr 172.21.15.83:0/2720385075 (peer_addr_for_me v2:172.21.15.83:0/0)
2024-03-31T23:03:57.765 INFO:teuthology.orchestra.run.smithi083.stdout:/usr/bin/ceph: stderr
2024-03-31T23:03:56.928+0000 7f67a5ac4700 1 -- 172.21.15.83:0/2720385075 --> [v2:172.21.15.83:3300/0,v1:172.21.15.83:6789/0] -- mon_subscribe({config=0+,monmap=0+}) v3 -- 0x7f67a01019b0 con 0x7f67a0100f20
2024-03-31T23:03:57.765 INFO:teuthology.orchestra.run.smithi083.stdout:/usr/bin/ceph: stderr
2024-03-31T23:03:56.928+0000 7f67a5ac4700 1 --2- 172.21.15.83:0/2720385075 >> [v2:172.21.15.83:3300/0,v1:172.21.15.83:6789/0] conn(0x7f67a0100f20 0x7f67a0101330 secure :-1 s=READY pgs=78 cs=0 l=1 rev1=1 crypto rx=0x7f67900098e0 tx=0x7f6790009250 comp rx=0 tx=0).ready entity=mon.0 client_cookie=6f1f67e5313ff16c server_cookie=0 in_seq=0 out_seq=0
2024-03-31T23:03:57.765 INFO:teuthology.orchestra.run.smithi083.stdout:/usr/bin/ceph: stderr
2024-03-31T23:03:56.928+0000 7f67a4ac2700 1 -- 172.21.15.83:0/2720385075 <== mon.0 v2:172.21.15.83:3300/0 1 ==== mon_map magic: 0 v1 ==== 229+0+0 (secure 0 0 0) 0x7f679000b860 con 0x7f67a0100f20
2024-03-31T23:03:57.765 INFO:teuthology.orchestra.run.smithi083.stdout:/usr/bin/ceph: stderr
2024-03-31T23:03:56.928+0000 7f67a4ac2700 1 -- 172.21.15.83:0/2720385075 <== mon.0 v2:172.21.15.83:3300/0 2 ==== config(27 keys) v1 ==== 1109+0+0 (secure 0 0 0) 0x7f679000be90 con 0x7f67a0100f20
2024-03-31T23:03:57.765 INFO:teuthology.orchestra.run.smithi083.stdout:/usr/bin/ceph: stderr
2024-03-31T23:03:56.928+0000 7f67a4ac2700 1 -- 172.21.15.83:0/2720385075 <== mon.0 v2:172.21.15.83:3300/0 3 ==== mon_map magic: 0 v1 ==== 229+0+0 (secure 0 0 0) 0x7f67900103c0 con 0x7f67a0100f20
2024-03-31T23:03:57.766 INFO:teuthology.orchestra.run.smithi083.stdout:/usr/bin/ceph: stderr
2024-03-31T23:03:56.928+0000 7f67a7d28700 1 -- 172.21.15.83:0/2720385075 >> [v2:172.21.15.83:3300/0,v1:172.21.15.83:6789/0] conn(0x7f67a0100f20 msgr2=0x7f67a0101330 secure :-1 s=STATE_CONNECTION_ESTABLISHED l=1).mark_down
2024-03-31T23:03:57.766 INFO:teuthology.orchestra.run.smithi083.stdout:/usr/bin/ceph: stderr
2024-03-31T23:03:56.928+0000 7f67a7d28700 1 --2- 172.21.15.83:0/2720385075 >> [v2:172.21.15.83:3300/0,v1:172.21.15.83:6789/0] conn(0x7f67a0100f20 0x7f67a0101330 secure :-1 s=READY pgs=78 cs=0 l=1 rev1=1 crypto rx=0x7f67900098e0 tx=0x7f6790009250 comp rx=0 tx=0).stop
2024-03-31T23:03:57.766 INFO:teuthology.orchestra.run.smithi083.stdout:/usr/bin/ceph: stderr
2024-03-31T23:03:56.929+0000 7f67a7d28700 1 -- 172.21.15.83:0/2720385075 shutdown_connections
2024-03-31T23:03:57.766 INFO:teuthology.orchestra.run.smithi083.stdout:/usr/bin/ceph: stderr
2024-03-31T23:03:56.929+0000 7f67a7d28700 1 --2- 172.21.15.83:0/2720385075 >> [v2:172.21.15.83:3300/0,v1:172.21.15.83:6789/0] conn(0x7f67a0100f20 0x7f67a0101330 unknown :-1 s=CLOSED pgs=78 cs=0 l=1 rev1=1 crypto rx=0 tx=0 comp rx=0 tx=0).stop
2024-03-31T23:03:57.766 INFO:teuthology.orchestra.run.smithi083.stdout:/usr/bin/ceph: stderr
2024-03-31T23:03:56.929+0000 7f67a7d28700 1 -- 172.21.15.83:0/2720385075 >> 172.21.15.83:0/2720385075 conn(0x7f67a00fc6c0 msgr2=0x7f67a00fead0 unknown :-1 s=STATE_NONE l=0).mark_down
2024-03-31T23:03:57.766 INFO:teuthology.orchestra.run.smithi083.stdout:/usr/bin/ceph: stderr
2024-03-31T23:03:56.929+0000 7f67a7d28700 1 -- 172.21.15.83:0/2720385075 shutdown_connections
2024-03-31T23:03:57.766 INFO:teuthology.orchestra.run.smithi083.stdout:/usr/bin/ceph: stderr
2024-03-31T23:03:56.929+0000 7f67a7d28700 1 -- 172.21.15.83:0/2720385075 wait complete.
2024-03-31T23:03:57.766 INFO:teuthology.orchestra.run.smithi083.stdout:/usr/bin/ceph: stderr
2024-03-31T23:03:56.929+0000 7f67a7d28700 1 Processor -- start
2024-03-31T23:03:57.766 INFO:teuthology.orchestra.run.smithi083.stdout:/usr/bin/ceph: stderr
2024-03-31T23:03:56.929+0000 7f67a7d28700 1 -- start start
2024-03-31T23:03:57.766 INFO:teuthology.orchestra.run.smithi083.stdout:/usr/bin/ceph: stderr
2024-03-31T23:03:56.929+0000 7f67a7d28700 1 --2- >> [v2:172.21.15.83:3300/0,v1:172.21.15.83:6789/0] conn(0x7f67a0100f20 0x7f67a00fdd40 unknown :-1 s=NONE pgs=0 cs=0 l=1 rev1=0 crypto rx=0 tx=0 comp rx=0 tx=0).connect
2024-03-31T23:03:57.766 INFO:teuthology.orchestra.run.smithi083.stdout:/usr/bin/ceph: stderr
2024-03-31T23:03:56.929+0000 7f67a7d28700 1 -- --> [v2:172.21.15.83:3300/0,v1:172.21.15.83:6789/0] -- mon_getmap magic: 0 v1 -- 0x7f67a0112240 con 0x7f67a0100f20
2024-03-31T23:03:57.766 INFO:teuthology.orchestra.run.smithi083.stdout:/usr/bin/ceph: stderr
2024-03-31T23:03:56.929+0000 7f67a5ac4700 1 --2- >> [v2:172.21.15.83:3300/0,v1:172.21.15.83:6789/0] conn(0x7f67a0100f20 0x7f67a00fdd40 unknown :-1 s=BANNER_CONNECTING pgs=0 cs=0 l=1 rev1=0 crypto rx=0 tx=0 comp rx=0 tx=0)._handle_peer_banner_payload supported=3 required=0
2024-03-31T23:03:57.766 INFO:teuthology.orchestra.run.smithi083.stdout:/usr/bin/ceph: stderr
2024-03-31T23:03:56.929+0000 7f67a5ac4700 1 --2- >> [v2:172.21.15.83:3300/0,v1:172.21.15.83:6789/0] conn(0x7f67a0100f20 0x7f67a00fdd40 unknown :-1 s=HELLO_CONNECTING pgs=0 cs=0 l=1 rev1=1 crypto rx=0 tx=0 comp rx=0 tx=0).handle_hello peer v2:172.21.15.83:3300/0 says I am v2:172.21.15.83:57444/0 (socket says 172.21.15.83:57444)
2024-03-31T23:03:57.766 INFO:teuthology.orchestra.run.smithi083.stdout:/usr/bin/ceph: stderr
2024-03-31T23:03:56.930+0000 7f67a5ac4700 1 -- 172.21.15.83:0/3818818826 learned_addr learned my addr 172.21.15.83:0/3818818826 (peer_addr_for_me v2:172.21.15.83:0/0)
2024-03-31T23:03:57.767 INFO:teuthology.orchestra.run.smithi083.stdout:/usr/bin/ceph: stderr
2024-03-31T23:03:56.930+0000 7f67a5ac4700 1 -- 172.21.15.83:0/3818818826 --> [v2:172.21.15.83:3300/0,v1:172.21.15.83:6789/0] -- mon_subscribe({config=0+,monmap=0+}) v3 -- 0x7f67900094f0 con 0x7f67a0100f20
2024-03-31T23:03:57.767 INFO:teuthology.orchestra.run.smithi083.stdout:/usr/bin/ceph: stderr
2024-03-31T23:03:56.930+0000 7f67a5ac4700 1 --2- 172.21.15.83:0/3818818826 >> [v2:172.21.15.83:3300/0,v1:172.21.15.83:6789/0] conn(0x7f67a0100f20 0x7f67a00fdd40 secure :-1 s=READY pgs=79 cs=0 l=1 rev1=1 crypto rx=0x7f67900094c0 tx=0x7f6790009250 comp rx=0 tx=0).ready entity=mon.0 client_cookie=0 server_cookie=0 in_seq=0 out_seq=0
2024-03-31T23:03:57.767 INFO:teuthology.orchestra.run.smithi083.stdout:/usr/bin/ceph: stderr
2024-03-31T23:03:56.930+0000 7f67967fc700 1 -- 172.21.15.83:0/3818818826 <== mon.0 v2:172.21.15.83:3300/0 1 ==== mon_map magic: 0 v1 ==== 229+0+0 (secure 0 0 0) 0x7f67900118f0 con 0x7f67a0100f20
2024-03-31T23:03:57.767 INFO:teuthology.orchestra.run.smithi083.stdout:/usr/bin/ceph: stderr
2024-03-31T23:03:56.930+0000 7f67967fc700 1 -- 172.21.15.83:0/3818818826 <== mon.0 v2:172.21.15.83:3300/0 2 ==== config(27 keys) v1 ==== 1109+0+0 (secure 0 0 0) 0x7f6790010d60 con 0x7f67a0100f20
2024-03-31T23:03:57.767 INFO:teuthology.orchestra.run.smithi083.stdout:/usr/bin/ceph: stderr
2024-03-31T23:03:56.930+0000 7f67a7d28700 1 -- 172.21.15.83:0/3818818826 --> [v2:172.21.15.83:3300/0,v1:172.21.15.83:6789/0] -- mon_subscribe({mgrmap=0+}) v3 -- 0x7f67a0116850 con 0x7f67a0100f20
2024-03-31T23:03:57.767 INFO:teuthology.orchestra.run.smithi083.stdout:/usr/bin/ceph: stderr
2024-03-31T23:03:56.930+0000 7f67967fc700 1 -- 172.21.15.83:0/3818818826 <== mon.0 v2:172.21.15.83:3300/0 3 ==== mon_map magic: 0 v1 ==== 229+0+0 (secure 0 0 0) 0x7f679001a430 con 0x7f67a0100f20
2024-03-31T23:03:57.767 INFO:teuthology.orchestra.run.smithi083.stdout:/usr/bin/ceph: stderr
2024-03-31T23:03:56.930+0000 7f67a7d28700 1 -- 172.21.15.83:0/3818818826 --> [v2:172.21.15.83:3300/0,v1:172.21.15.83:6789/0] -- mon_subscribe({osdmap=0}) v3 -- 0x7f67a0116c20 con 0x7f67a0100f20
2024-03-31T23:03:57.767 INFO:teuthology.orchestra.run.smithi083.stdout:/usr/bin/ceph: stderr
2024-03-31T23:03:56.931+0000 7f67967fc700 1 -- 172.21.15.83:0/3818818826 <== mon.0 v2:172.21.15.83:3300/0 4 ==== mgrmap(e 11) v1 ==== 43275+0+0 (secure 0 0 0) 0x7f679001a590 con 0x7f67a0100f20
2024-03-31T23:03:57.767 INFO:teuthology.orchestra.run.smithi083.stdout:/usr/bin/ceph: stderr
2024-03-31T23:03:56.931+0000 7f67a7d28700 1 -- 172.21.15.83:0/3818818826 --> [v2:172.21.15.83:3300/0,v1:172.21.15.83:6789/0] -- mon_command({"prefix": "get_command_descriptions"} v 0) v1 -- 0x7f67a010a4d0 con 0x7f67a0100f20
2024-03-31T23:03:57.767 INFO:teuthology.orchestra.run.smithi083.stdout:/usr/bin/ceph: stderr
2024-03-31T23:03:56.931+0000 7f67967fc700 1 --2- 172.21.15.83:0/3818818826 >> [v2:172.21.15.83:6800/2655795101,v1:172.21.15.83:6801/2655795101] conn(0x7f678c036710 0x7f678c038bc0 unknown :-1 s=NONE pgs=0 cs=0 l=1 rev1=0 crypto rx=0 tx=0 comp rx=0 tx=0).connect
2024-03-31T23:03:57.767 INFO:teuthology.orchestra.run.smithi083.stdout:/usr/bin/ceph: stderr
2024-03-31T23:03:56.931+0000 7f67967fc700 1 -- 172.21.15.83:0/3818818826 <== mon.0 v2:172.21.15.83:3300/0 5 ==== osd_map(3..3 src has 1..3) v4 ==== 1151+0+0 (secure 0 0 0) 0x7f679004a5d0 con 0x7f67a0100f20
2024-03-31T23:03:57.767 INFO:teuthology.orchestra.run.smithi083.stdout:/usr/bin/ceph: stderr
2024-03-31T23:03:56.931+0000 7f67a52c3700 1 --2- 172.21.15.83:0/3818818826 >> [v2:172.21.15.83:6800/2655795101,v1:172.21.15.83:6801/2655795101] conn(0x7f678c036710 0x7f678c038bc0 unknown :-1 s=BANNER_CONNECTING pgs=0 cs=0 l=1 rev1=0 crypto rx=0 tx=0 comp rx=0 tx=0)._handle_peer_banner_payload supported=3 required=0
2024-03-31T23:03:57.767 INFO:teuthology.orchestra.run.smithi083.stdout:/usr/bin/ceph: stderr
2024-03-31T23:03:56.932+0000 7f67a52c3700 1 --2- 172.21.15.83:0/3818818826 >> [v2:172.21.15.83:6800/2655795101,v1:172.21.15.83:6801/2655795101] conn(0x7f678c036710 0x7f678c038bc0 secure :-1 s=READY pgs=7 cs=0 l=1 rev1=1 crypto rx=0x7f679c009990 tx=0x7f679c006e40 comp rx=0 tx=0).ready entity=mgr.14160 client_cookie=0 server_cookie=0 in_seq=0 out_seq=0
2024-03-31T23:03:57.767 INFO:teuthology.orchestra.run.smithi083.stdout:/usr/bin/ceph: stderr
2024-03-31T23:03:56.936+0000 7f67967fc700 1 -- 172.21.15.83:0/3818818826 <== mon.0 v2:172.21.15.83:3300/0 6 ==== mon_command_ack([{"prefix": "get_command_descriptions"}]=0 v0) v1 ==== 72+0+176504 (secure 0 0 0) 0x7f679001a840 con 0x7f67a0100f20
2024-03-31T23:03:57.768 INFO:teuthology.orchestra.run.smithi083.stdout:/usr/bin/ceph: stderr
2024-03-31T23:03:57.145+0000 7f67a7d28700 1 -- 172.21.15.83:0/3818818826 --> [v2:172.21.15.83:6800/2655795101,v1:172.21.15.83:6801/2655795101] -- mgr_command(tid 0: {"prefix": "dashboard create-self-signed-cert", "target": ["mon-mgr", ""]}) v1 -- 0x7f67a002b490 con 0x7f678c036710
2024-03-31T23:03:57.768 INFO:teuthology.orchestra.run.smithi083.stdout:/usr/bin/ceph: stderr
2024-03-31T23:03:57.190+0000 7f67967fc700 1 -- 172.21.15.83:0/3818818826 <== mgr.14160 v2:172.21.15.83:6800/2655795101 1 ==== mgr_command_reply(tid 0: 0 ) v1 ==== 8+0+32 (secure 0 0 0) 0x7f67a002b490 con 0x7f678c036710
2024-03-31T23:03:57.768 INFO:teuthology.orchestra.run.smithi083.stdout:/usr/bin/ceph: stderr
2024-03-31T23:03:57.192+0000 7f67a7d28700 1 -- 172.21.15.83:0/3818818826 >> [v2:172.21.15.83:6800/2655795101,v1:172.21.15.83:6801/2655795101] conn(0x7f678c036710 msgr2=0x7f678c038bc0 secure :-1 s=STATE_CONNECTION_ESTABLISHED l=1).mark_down
2024-03-31T23:03:57.768 INFO:teuthology.orchestra.run.smithi083.stdout:/usr/bin/ceph: stderr
2024-03-31T23:03:57.192+0000 7f67a7d28700 1 --2- 172.21.15.83:0/3818818826 >> [v2:172.21.15.83:6800/2655795101,v1:172.21.15.83:6801/2655795101] conn(0x7f678c036710 0x7f678c038bc0 secure :-1 s=READY pgs=7 cs=0 l=1 rev1=1 crypto rx=0x7f679c009990 tx=0x7f679c006e40 comp rx=0 tx=0).stop
2024-03-31T23:03:57.768 INFO:teuthology.orchestra.run.smithi083.stdout:/usr/bin/ceph: stderr
2024-03-31T23:03:57.192+0000 7f67a7d28700 1 -- 172.21.15.83:0/3818818826 >> [v2:172.21.15.83:3300/0,v1:172.21.15.83:6789/0] conn(0x7f67a0100f20 msgr2=0x7f67a00fdd40 secure :-1 s=STATE_CONNECTION_ESTABLISHED l=1).mark_down
2024-03-31T23:03:57.768 INFO:teuthology.orchestra.run.smithi083.stdout:/usr/bin/ceph: stderr
2024-03-31T23:03:57.192+0000 7f67a7d28700 1 --2- 172.21.15.83:0/3818818826 >> [v2:172.21.15.83:3300/0,v1:172.21.15.83:6789/0] conn(0x7f67a0100f20 0x7f67a00fdd40 secure :-1 s=READY pgs=79 cs=0 l=1 rev1=1 crypto rx=0x7f67900094c0 tx=0x7f6790009250 comp rx=0 tx=0).stop
2024-03-31T23:03:57.768 INFO:teuthology.orchestra.run.smithi083.stdout:/usr/bin/ceph: stderr
2024-03-31T23:03:57.192+0000 7f67a7d28700 1 -- 172.21.15.83:0/3818818826 shutdown_connections
2024-03-31T23:03:57.768 INFO:teuthology.orchestra.run.smithi083.stdout:/usr/bin/ceph: stderr
2024-03-31T23:03:57.192+0000 7f67a7d28700 1 --2- 172.21.15.83:0/3818818826 >> [v2:172.21.15.83:6800/2655795101,v1:172.21.15.83:6801/2655795101] conn(0x7f678c036710 0x7f678c038bc0 unknown :-1 s=CLOSED pgs=7 cs=0 l=1 rev1=1 crypto rx=0 tx=0 comp rx=0 tx=0).stop
2024-03-31T23:03:57.768 INFO:teuthology.orchestra.run.smithi083.stdout:/usr/bin/ceph: stderr
2024-03-31T23:03:57.192+0000 7f67a7d28700 1 --2- 172.21.15.83:0/3818818826 >> [v2:172.21.15.83:3300/0,v1:172.21.15.83:6789/0] conn(0x7f67a0100f20 0x7f67a00fdd40 unknown :-1 s=CLOSED pgs=79 cs=0 l=1 rev1=1 crypto rx=0 tx=0 comp rx=0 tx=0).stop
2024-03-31T23:03:57.768 INFO:teuthology.orchestra.run.smithi083.stdout:/usr/bin/ceph: stderr
2024-03-31T23:03:57.192+0000 7f67a7d28700 1 -- 172.21.15.83:0/3818818826 >> 172.21.15.83:0/3818818826 conn(0x7f67a00fc6c0 msgr2=0x7f67a0107650 unknown :-1 s=STATE_NONE l=0).mark_down
2024-03-31T23:03:57.768 INFO:teuthology.orchestra.run.smithi083.stdout:/usr/bin/ceph: stderr
2024-03-31T23:03:57.192+0000 7f67a7d28700 1 -- 172.21.15.83:0/3818818826 shutdown_connections
2024-03-31T23:03:57.768 INFO:teuthology.orchestra.run.smithi083.stdout:/usr/bin/ceph: stderr
2024-03-31T23:03:57.192+0000 7f67a7d28700 1 -- 172.21.15.83:0/3818818826 wait complete.
2024-03-31T23:03:57.768 INFO:teuthology.orchestra.run.smithi083.stdout:Creating initial admin user...
2024-03-31T23:03:58.612 INFO:journalctl@ceph.mon.smithi083.smithi083.stdout:Mar 31 23:03:58 smithi083 ceph-mon[28951]: from='client.14172 -' entity='client.admin' cmd=[{"prefix": "dashboard create-self-signed-cert", "target": ["mon-mgr", ""]}]: dispatch
2024-03-31T23:03:58.612 INFO:journalctl@ceph.mon.smithi083.smithi083.stdout:Mar 31 23:03:58 smithi083 ceph-mon[28951]: mgrmap e12: smithi083.bbdknw(active, since 2s)
2024-03-31T23:03:58.612 INFO:journalctl@ceph.mon.smithi083.smithi083.stdout:Mar 31 23:03:58 smithi083 ceph-mon[28951]: from='mgr.14160 172.21.15.83:0/3883124611' entity='mgr.smithi083.bbdknw'
2024-03-31T23:03:59.451 INFO:journalctl@ceph.mon.smithi083.smithi083.stdout:Mar 31 23:03:59 smithi083 ceph-mon[28951]: from='client.14174 -' entity='client.admin' cmd=[{"prefix": "dashboard ac-user-create", "username": "admin", "rolename": "administrator", "force_password": true, "pwd_update_required": true, "target": ["mon-mgr", ""]}]: dispatch
2024-03-31T23:03:59.451 INFO:journalctl@ceph.mon.smithi083.smithi083.stdout:Mar 31 23:03:59 smithi083 ceph-mon[28951]: from='mgr.14160 172.21.15.83:0/3883124611' entity='mgr.smithi083.bbdknw'
2024-03-31T23:03:59.458 INFO:teuthology.orchestra.run.smithi083.stdout:/usr/bin/ceph: stdout {"username": "admin", "password": "$2b$12$EgYlwwsMSFaWf2h5N0p3f.Fc1yc8D3l6XpSxvBGwObKJvbyhPCAlq", "roles": ["administrator"], "name": null, "email": null, "lastUpdate": 1711926238, "enabled": true, "pwdExpirationDate": null, "pwdUpdateRequired": true}
2024-03-31T23:03:59.458 INFO:teuthology.orchestra.run.smithi083.stdout:/usr/bin/ceph: stderr
2024-03-31T23:03:58.208+0000 7f90b5fc1700 1 Processor -- start
2024-03-31T23:03:59.458 INFO:teuthology.orchestra.run.smithi083.stdout:/usr/bin/ceph: stderr
2024-03-31T23:03:58.208+0000 7f90b5fc1700 1 -- start start
2024-03-31T23:03:59.459 INFO:teuthology.orchestra.run.smithi083.stdout:/usr/bin/ceph: stderr
2024-03-31T23:03:58.208+0000 7f90b5fc1700 1 --2- >> [v2:172.21.15.83:3300/0,v1:172.21.15.83:6789/0] conn(0x7f90b01028c0 0x7f90b0102cd0 unknown :-1 s=NONE pgs=0 cs=0 l=0 rev1=0 crypto rx=0 tx=0 comp rx=0 tx=0).connect
2024-03-31T23:03:59.459 INFO:teuthology.orchestra.run.smithi083.stdout:/usr/bin/ceph: stderr
2024-03-31T23:03:58.208+0000 7f90b5fc1700 1 -- --> [v2:172.21.15.83:3300/0,v1:172.21.15.83:6789/0] -- mon_getmap magic: 0 v1 -- 0x7f90b0103210 con 0x7f90b01028c0
2024-03-31T23:03:59.459 INFO:teuthology.orchestra.run.smithi083.stdout:/usr/bin/ceph: stderr
2024-03-31T23:03:58.208+0000 7f90af7fe700 1 --2- >> [v2:172.21.15.83:3300/0,v1:172.21.15.83:6789/0] conn(0x7f90b01028c0 0x7f90b0102cd0 unknown :-1 s=BANNER_CONNECTING pgs=0 cs=0 l=0 rev1=0 crypto rx=0 tx=0 comp rx=0 tx=0)._handle_peer_banner_payload supported=3 required=0
2024-03-31T23:03:59.459 INFO:teuthology.orchestra.run.smithi083.stdout:/usr/bin/ceph: stderr
2024-03-31T23:03:58.208+0000 7f90af7fe700 1 --2- >> [v2:172.21.15.83:3300/0,v1:172.21.15.83:6789/0] conn(0x7f90b01028c0 0x7f90b0102cd0 unknown :-1 s=HELLO_CONNECTING pgs=0 cs=0 l=0 rev1=1 crypto rx=0 tx=0 comp rx=0 tx=0).handle_hello peer v2:172.21.15.83:3300/0 says I am v2:172.21.15.83:57446/0 (socket says 172.21.15.83:57446)
2024-03-31T23:03:59.459 INFO:teuthology.orchestra.run.smithi083.stdout:/usr/bin/ceph: stderr
2024-03-31T23:03:58.208+0000 7f90af7fe700 1 -- 172.21.15.83:0/1895040887 learned_addr learned my addr 172.21.15.83:0/1895040887 (peer_addr_for_me v2:172.21.15.83:0/0)
2024-03-31T23:03:59.459 INFO:teuthology.orchestra.run.smithi083.stdout:/usr/bin/ceph: stderr
2024-03-31T23:03:58.208+0000 7f90af7fe700 1 -- 172.21.15.83:0/1895040887 --> [v2:172.21.15.83:3300/0,v1:172.21.15.83:6789/0] -- mon_subscribe({config=0+,monmap=0+}) v3 -- 0x7f90b0103350 con 0x7f90b01028c0
2024-03-31T23:03:59.459 INFO:teuthology.orchestra.run.smithi083.stdout:/usr/bin/ceph: stderr
2024-03-31T23:03:58.209+0000 7f90af7fe700 1 --2- 172.21.15.83:0/1895040887 >> [v2:172.21.15.83:3300/0,v1:172.21.15.83:6789/0] conn(0x7f90b01028c0 0x7f90b0102cd0 secure :-1 s=READY pgs=80 cs=0 l=1 rev1=1 crypto rx=0x7f90a00098e0 tx=0x7f90a0009250 comp rx=0 tx=0).ready entity=mon.0 client_cookie=bb96306a14334be5 server_cookie=0 in_seq=0 out_seq=0
2024-03-31T23:03:59.459 INFO:teuthology.orchestra.run.smithi083.stdout:/usr/bin/ceph: stderr
2024-03-31T23:03:58.209+0000 7f90ae7fc700 1 -- 172.21.15.83:0/1895040887 <== mon.0 v2:172.21.15.83:3300/0 1 ==== mon_map magic: 0 v1 ==== 229+0+0 (secure 0 0 0) 0x7f90a000b860 con 0x7f90b01028c0
2024-03-31T23:03:59.459 INFO:teuthology.orchestra.run.smithi083.stdout:/usr/bin/ceph: stderr
2024-03-31T23:03:58.209+0000 7f90ae7fc700 1 -- 172.21.15.83:0/1895040887 <== mon.0 v2:172.21.15.83:3300/0 2 ==== config(27 keys) v1 ==== 1109+0+0 (secure 0 0 0) 0x7f90a000be90 con 0x7f90b01028c0
2024-03-31T23:03:59.459 INFO:teuthology.orchestra.run.smithi083.stdout:/usr/bin/ceph: stderr
2024-03-31T23:03:58.209+0000 7f90ae7fc700 1 -- 172.21.15.83:0/1895040887 <== mon.0 v2:172.21.15.83:3300/0 3 ==== mon_map magic: 0 v1 ==== 229+0+0 (secure 0 0 0) 0x7f90a00103c0 con 0x7f90b01028c0
2024-03-31T23:03:59.459 INFO:teuthology.orchestra.run.smithi083.stdout:/usr/bin/ceph: stderr
2024-03-31T23:03:58.209+0000 7f90b5fc1700 1 -- 172.21.15.83:0/1895040887 >> [v2:172.21.15.83:3300/0,v1:172.21.15.83:6789/0] conn(0x7f90b01028c0 msgr2=0x7f90b0102cd0 secure :-1 s=STATE_CONNECTION_ESTABLISHED l=1).mark_down
2024-03-31T23:03:59.459 INFO:teuthology.orchestra.run.smithi083.stdout:/usr/bin/ceph: stderr
2024-03-31T23:03:58.209+0000 7f90b5fc1700 1 --2- 172.21.15.83:0/1895040887 >> [v2:172.21.15.83:3300/0,v1:172.21.15.83:6789/0] conn(0x7f90b01028c0 0x7f90b0102cd0 secure :-1 s=READY pgs=80 cs=0 l=1 rev1=1 crypto rx=0x7f90a00098e0 tx=0x7f90a0009250 comp rx=0 tx=0).stop
2024-03-31T23:03:59.459 INFO:teuthology.orchestra.run.smithi083.stdout:/usr/bin/ceph: stderr
2024-03-31T23:03:58.209+0000 7f90b5fc1700 1 -- 172.21.15.83:0/1895040887 shutdown_connections
2024-03-31T23:03:59.459 INFO:teuthology.orchestra.run.smithi083.stdout:/usr/bin/ceph: stderr
2024-03-31T23:03:58.209+0000 7f90b5fc1700 1 --2- 172.21.15.83:0/1895040887 >> [v2:172.21.15.83:3300/0,v1:172.21.15.83:6789/0] conn(0x7f90b01028c0 0x7f90b0102cd0 unknown :-1 s=CLOSED pgs=80 cs=0 l=1 rev1=1 crypto rx=0 tx=0 comp rx=0 tx=0).stop
2024-03-31T23:03:59.460 INFO:teuthology.orchestra.run.smithi083.stdout:/usr/bin/ceph: stderr
2024-03-31T23:03:58.209+0000 7f90b5fc1700 1 -- 172.21.15.83:0/1895040887 >> 172.21.15.83:0/1895040887 conn(0x7f90b00fe080 msgr2=0x7f90b0100490 unknown :-1 s=STATE_NONE l=0).mark_down
2024-03-31T23:03:59.460 INFO:teuthology.orchestra.run.smithi083.stdout:/usr/bin/ceph: stderr
2024-03-31T23:03:58.210+0000 7f90b5fc1700 1 -- 172.21.15.83:0/1895040887 shutdown_connections
2024-03-31T23:03:59.460 INFO:teuthology.orchestra.run.smithi083.stdout:/usr/bin/ceph: stderr
2024-03-31T23:03:58.210+0000 7f90b5fc1700 1 -- 172.21.15.83:0/1895040887 wait complete.
2024-03-31T23:03:59.460 INFO:teuthology.orchestra.run.smithi083.stdout:/usr/bin/ceph: stderr
2024-03-31T23:03:58.210+0000 7f90b5fc1700 1 Processor -- start
2024-03-31T23:03:59.460 INFO:teuthology.orchestra.run.smithi083.stdout:/usr/bin/ceph: stderr
2024-03-31T23:03:58.210+0000 7f90b5fc1700 1 -- start start
2024-03-31T23:03:59.460 INFO:teuthology.orchestra.run.smithi083.stdout:/usr/bin/ceph: stderr
2024-03-31T23:03:58.210+0000 7f90b5fc1700 1 --2- >> [v2:172.21.15.83:3300/0,v1:172.21.15.83:6789/0] conn(0x7f90b01028c0 0x7f90b01116c0 unknown :-1 s=NONE pgs=0 cs=0 l=1 rev1=0 crypto rx=0 tx=0 comp rx=0 tx=0).connect
2024-03-31T23:03:59.460 INFO:teuthology.orchestra.run.smithi083.stdout:/usr/bin/ceph: stderr
2024-03-31T23:03:58.210+0000 7f90b5fc1700 1 -- --> [v2:172.21.15.83:3300/0,v1:172.21.15.83:6789/0] -- mon_getmap magic: 0 v1 -- 0x7f90b0111c00 con 0x7f90b01028c0
2024-03-31T23:03:59.460 INFO:teuthology.orchestra.run.smithi083.stdout:/usr/bin/ceph: stderr
2024-03-31T23:03:58.211+0000 7f90af7fe700 1 --2- >> [v2:172.21.15.83:3300/0,v1:172.21.15.83:6789/0] conn(0x7f90b01028c0 0x7f90b01116c0 unknown :-1 s=BANNER_CONNECTING pgs=0 cs=0 l=1 rev1=0 crypto rx=0 tx=0 comp rx=0 tx=0)._handle_peer_banner_payload supported=3 required=0
2024-03-31T23:03:59.460 INFO:teuthology.orchestra.run.smithi083.stdout:/usr/bin/ceph: stderr
2024-03-31T23:03:58.211+0000 7f90af7fe700 1 --2- >> [v2:172.21.15.83:3300/0,v1:172.21.15.83:6789/0] conn(0x7f90b01028c0 0x7f90b01116c0 unknown :-1 s=HELLO_CONNECTING pgs=0 cs=0 l=1 rev1=1 crypto rx=0 tx=0 comp rx=0 tx=0).handle_hello peer v2:172.21.15.83:3300/0 says I am v2:172.21.15.83:57454/0 (socket says 172.21.15.83:57454)
2024-03-31T23:03:59.460 INFO:teuthology.orchestra.run.smithi083.stdout:/usr/bin/ceph: stderr
