2024-03-31T23:03:42.310 INFO:journalctl@ceph.mon.smithi083.smithi083.stdout:Mar 31 23:03:42 smithi083 ceph-mon[28951]: from='mgr.14118 172.21.15.83:0/2156512122' entity='mgr.smithi083.bbdknw'
2024-03-31T23:03:43.000 INFO:teuthology.orchestra.run.smithi083.stdout:/usr/bin/ceph: stdout Scheduled node-exporter update...
2024-03-31T23:03:43.000 INFO:teuthology.orchestra.run.smithi083.stdout:/usr/bin/ceph: stderr
2024-03-31T23:03:42.093+0000 7ff1fecba700 1 Processor -- start
2024-03-31T23:03:43.000 INFO:teuthology.orchestra.run.smithi083.stdout:/usr/bin/ceph: stderr
2024-03-31T23:03:42.093+0000 7ff1fecba700 1 -- start start
2024-03-31T23:03:43.000 INFO:teuthology.orchestra.run.smithi083.stdout:/usr/bin/ceph: stderr
2024-03-31T23:03:42.093+0000 7ff1fecba700 1 --2- >> [v2:172.21.15.83:3300/0,v1:172.21.15.83:6789/0] conn(0x7ff1f8071250 0x7ff1f8105540 unknown :-1 s=NONE pgs=0 cs=0 l=0 rev1=0 crypto rx=0 tx=0 comp rx=0 tx=0).connect
2024-03-31T23:03:43.000 INFO:teuthology.orchestra.run.smithi083.stdout:/usr/bin/ceph: stderr
2024-03-31T23:03:42.093+0000 7ff1fecba700 1 -- --> [v2:172.21.15.83:3300/0,v1:172.21.15.83:6789/0] -- mon_getmap magic: 0 v1 -- 0x7ff1f8071660 con 0x7ff1f8071250
2024-03-31T23:03:43.000 INFO:teuthology.orchestra.run.smithi083.stdout:/usr/bin/ceph: stderr
2024-03-31T23:03:42.094+0000 7ff1fca56700 1 --2- >> [v2:172.21.15.83:3300/0,v1:172.21.15.83:6789/0] conn(0x7ff1f8071250 0x7ff1f8105540 unknown :-1 s=BANNER_CONNECTING pgs=0 cs=0 l=0 rev1=0 crypto rx=0 tx=0 comp rx=0 tx=0)._handle_peer_banner_payload supported=3 required=0
2024-03-31T23:03:43.000 INFO:teuthology.orchestra.run.smithi083.stdout:/usr/bin/ceph: stderr
2024-03-31T23:03:42.094+0000 7ff1fca56700 1 --2- >> [v2:172.21.15.83:3300/0,v1:172.21.15.83:6789/0] conn(0x7ff1f8071250 0x7ff1f8105540 unknown :-1 s=HELLO_CONNECTING pgs=0 cs=0 l=0 rev1=1 crypto rx=0 tx=0 comp rx=0 tx=0).handle_hello peer v2:172.21.15.83:3300/0 says I am v2:172.21.15.83:54676/0 (socket says 172.21.15.83:54676)
2024-03-31T23:03:43.000 INFO:teuthology.orchestra.run.smithi083.stdout:/usr/bin/ceph: stderr
2024-03-31T23:03:42.094+0000 7ff1fca56700 1 -- 172.21.15.83:0/1811580943 learned_addr learned my addr 172.21.15.83:0/1811580943 (peer_addr_for_me v2:172.21.15.83:0/0)
2024-03-31T23:03:43.000 INFO:teuthology.orchestra.run.smithi083.stdout:/usr/bin/ceph: stderr
2024-03-31T23:03:42.094+0000 7ff1fca56700 1 -- 172.21.15.83:0/1811580943 --> [v2:172.21.15.83:3300/0,v1:172.21.15.83:6789/0] -- mon_subscribe({config=0+,monmap=0+}) v3 -- 0x7ff1f8105a80 con 0x7ff1f8071250
2024-03-31T23:03:43.000 INFO:teuthology.orchestra.run.smithi083.stdout:/usr/bin/ceph: stderr
2024-03-31T23:03:42.094+0000 7ff1fca56700 1 --2- 172.21.15.83:0/1811580943 >> [v2:172.21.15.83:3300/0,v1:172.21.15.83:6789/0] conn(0x7ff1f8071250 0x7ff1f8105540 secure :-1 s=READY pgs=55 cs=0 l=1 rev1=1 crypto rx=0x7ff1ec0098e0 tx=0x7ff1ec009250 comp rx=0 tx=0).ready entity=mon.0 client_cookie=48a8a7f34eb4c05 server_cookie=0 in_seq=0 out_seq=0
2024-03-31T23:03:43.001 INFO:teuthology.orchestra.run.smithi083.stdout:/usr/bin/ceph: stderr
2024-03-31T23:03:42.094+0000 7ff1f77fe700 1 -- 172.21.15.83:0/1811580943 <== mon.0 v2:172.21.15.83:3300/0 1 ==== mon_map magic: 0 v1 ==== 229+0+0 (secure 0 0 0) 0x7ff1ec00b860 con 0x7ff1f8071250
2024-03-31T23:03:43.001 INFO:teuthology.orchestra.run.smithi083.stdout:/usr/bin/ceph: stderr
2024-03-31T23:03:42.094+0000 7ff1f77fe700 1 -- 172.21.15.83:0/1811580943 <== mon.0 v2:172.21.15.83:3300/0 2 ==== config(27 keys) v1 ==== 1109+0+0 (secure 0 0 0) 0x7ff1ec00be90 con 0x7ff1f8071250
2024-03-31T23:03:43.001 INFO:teuthology.orchestra.run.smithi083.stdout:/usr/bin/ceph: stderr
2024-03-31T23:03:42.094+0000 7ff1f77fe700 1 -- 172.21.15.83:0/1811580943 <== mon.0 v2:172.21.15.83:3300/0 3 ==== mon_map magic: 0 v1 ==== 229+0+0 (secure 0 0 0) 0x7ff1ec0103c0 con 0x7ff1f8071250
2024-03-31T23:03:43.001 INFO:teuthology.orchestra.run.smithi083.stdout:/usr/bin/ceph: stderr
2024-03-31T23:03:42.095+0000 7ff1fecba700 1 -- 172.21.15.83:0/1811580943 >> [v2:172.21.15.83:3300/0,v1:172.21.15.83:6789/0] conn(0x7ff1f8071250 msgr2=0x7ff1f8105540 secure :-1 s=STATE_CONNECTION_ESTABLISHED l=1).mark_down
2024-03-31T23:03:43.001 INFO:teuthology.orchestra.run.smithi083.stdout:/usr/bin/ceph: stderr
2024-03-31T23:03:42.095+0000 7ff1fecba700 1 --2- 172.21.15.83:0/1811580943 >> [v2:172.21.15.83:3300/0,v1:172.21.15.83:6789/0] conn(0x7ff1f8071250 0x7ff1f8105540 secure :-1 s=READY pgs=55 cs=0 l=1 rev1=1 crypto rx=0x7ff1ec0098e0 tx=0x7ff1ec009250 comp rx=0 tx=0).stop
2024-03-31T23:03:43.001 INFO:teuthology.orchestra.run.smithi083.stdout:/usr/bin/ceph: stderr
2024-03-31T23:03:42.095+0000 7ff1fecba700 1 -- 172.21.15.83:0/1811580943 shutdown_connections
2024-03-31T23:03:43.001 INFO:teuthology.orchestra.run.smithi083.stdout:/usr/bin/ceph: stderr
2024-03-31T23:03:42.095+0000 7ff1fecba700 1 --2- 172.21.15.83:0/1811580943 >> [v2:172.21.15.83:3300/0,v1:172.21.15.83:6789/0] conn(0x7ff1f8071250 0x7ff1f8105540 unknown :-1 s=CLOSED pgs=55 cs=0 l=1 rev1=1 crypto rx=0 tx=0 comp rx=0 tx=0).stop
2024-03-31T23:03:43.001 INFO:teuthology.orchestra.run.smithi083.stdout:/usr/bin/ceph: stderr
2024-03-31T23:03:42.095+0000 7ff1fecba700 1 -- 172.21.15.83:0/1811580943 >> 172.21.15.83:0/1811580943 conn(0x7ff1f80fcfb0 msgr2=0x7ff1f80ff3c0 unknown :-1 s=STATE_NONE l=0).mark_down
2024-03-31T23:03:43.001 INFO:teuthology.orchestra.run.smithi083.stdout:/usr/bin/ceph: stderr
2024-03-31T23:03:42.095+0000 7ff1fecba700 1 -- 172.21.15.83:0/1811580943 shutdown_connections
2024-03-31T23:03:43.001 INFO:teuthology.orchestra.run.smithi083.stdout:/usr/bin/ceph: stderr
2024-03-31T23:03:42.095+0000 7ff1fecba700 1 -- 172.21.15.83:0/1811580943 wait complete.
2024-03-31T23:03:43.001 INFO:teuthology.orchestra.run.smithi083.stdout:/usr/bin/ceph: stderr
2024-03-31T23:03:42.095+0000 7ff1fecba700 1 Processor -- start
2024-03-31T23:03:43.001 INFO:teuthology.orchestra.run.smithi083.stdout:/usr/bin/ceph: stderr
2024-03-31T23:03:42.096+0000 7ff1fecba700 1 -- start start
2024-03-31T23:03:43.002 INFO:teuthology.orchestra.run.smithi083.stdout:/usr/bin/ceph: stderr
2024-03-31T23:03:42.096+0000 7ff1fecba700 1 --2- >> [v2:172.21.15.83:3300/0,v1:172.21.15.83:6789/0] conn(0x7ff1f8071250 0x7ff1f8102e90 unknown :-1 s=NONE pgs=0 cs=0 l=1 rev1=0 crypto rx=0 tx=0 comp rx=0 tx=0).connect
2024-03-31T23:03:43.002 INFO:teuthology.orchestra.run.smithi083.stdout:/usr/bin/ceph: stderr
2024-03-31T23:03:42.096+0000 7ff1fecba700 1 -- --> [v2:172.21.15.83:3300/0,v1:172.21.15.83:6789/0] -- mon_getmap magic: 0 v1 -- 0x7ff1f81033d0 con 0x7ff1f8071250
2024-03-31T23:03:43.002 INFO:teuthology.orchestra.run.smithi083.stdout:/usr/bin/ceph: stderr
2024-03-31T23:03:42.096+0000 7ff1fca56700 1 --2- >> [v2:172.21.15.83:3300/0,v1:172.21.15.83:6789/0] conn(0x7ff1f8071250 0x7ff1f8102e90 unknown :-1 s=BANNER_CONNECTING pgs=0 cs=0 l=1 rev1=0 crypto rx=0 tx=0 comp rx=0 tx=0)._handle_peer_banner_payload supported=3 required=0
2024-03-31T23:03:43.002 INFO:teuthology.orchestra.run.smithi083.stdout:/usr/bin/ceph: stderr
2024-03-31T23:03:42.096+0000 7ff1fca56700 1 --2- >> [v2:172.21.15.83:3300/0,v1:172.21.15.83:6789/0] conn(0x7ff1f8071250 0x7ff1f8102e90 unknown :-1 s=HELLO_CONNECTING pgs=0 cs=0 l=1 rev1=1 crypto rx=0 tx=0 comp rx=0 tx=0).handle_hello peer v2:172.21.15.83:3300/0 says I am v2:172.21.15.83:54678/0 (socket says 172.21.15.83:54678)
2024-03-31T23:03:43.002 INFO:teuthology.orchestra.run.smithi083.stdout:/usr/bin/ceph: stderr
2024-03-31T23:03:42.096+0000 7ff1fca56700 1 -- 172.21.15.83:0/1158401243 learned_addr learned my addr 172.21.15.83:0/1158401243 (peer_addr_for_me v2:172.21.15.83:0/0)
2024-03-31T23:03:43.002 INFO:teuthology.orchestra.run.smithi083.stdout:/usr/bin/ceph: stderr
2024-03-31T23:03:42.096+0000 7ff1fca56700 1 -- 172.21.15.83:0/1158401243 --> [v2:172.21.15.83:3300/0,v1:172.21.15.83:6789/0] -- mon_subscribe({config=0+,monmap=0+}) v3 -- 0x7ff1ec0094f0 con 0x7ff1f8071250
2024-03-31T23:03:43.002 INFO:teuthology.orchestra.run.smithi083.stdout:/usr/bin/ceph: stderr
2024-03-31T23:03:42.096+0000 7ff1fca56700 1 --2- 172.21.15.83:0/1158401243 >> [v2:172.21.15.83:3300/0,v1:172.21.15.83:6789/0] conn(0x7ff1f8071250 0x7ff1f8102e90 secure :-1 s=READY pgs=56 cs=0 l=1 rev1=1 crypto rx=0x7ff1ec0094c0 tx=0x7ff1ec009250 comp rx=0 tx=0).ready entity=mon.0 client_cookie=0 server_cookie=0 in_seq=0 out_seq=0
2024-03-31T23:03:43.002 INFO:teuthology.orchestra.run.smithi083.stdout:/usr/bin/ceph: stderr
2024-03-31T23:03:42.096+0000 7ff1f57fa700 1 -- 172.21.15.83:0/1158401243 <== mon.0 v2:172.21.15.83:3300/0 1 ==== mon_map magic: 0 v1 ==== 229+0+0 (secure 0 0 0) 0x7ff1ec0118f0 con 0x7ff1f8071250
2024-03-31T23:03:43.002 INFO:teuthology.orchestra.run.smithi083.stdout:/usr/bin/ceph: stderr
2024-03-31T23:03:42.096+0000 7ff1f57fa700 1 -- 172.21.15.83:0/1158401243 <== mon.0 v2:172.21.15.83:3300/0 2 ==== config(27 keys) v1 ==== 1109+0+0 (secure 0 0 0) 0x7ff1ec010d60 con 0x7ff1f8071250
2024-03-31T23:03:43.002 INFO:teuthology.orchestra.run.smithi083.stdout:/usr/bin/ceph: stderr
2024-03-31T23:03:42.096+0000 7ff1f57fa700 1 -- 172.21.15.83:0/1158401243 <== mon.0 v2:172.21.15.83:3300/0 3 ==== mon_map magic: 0 v1 ==== 229+0+0 (secure 0 0 0) 0x7ff1ec01a430 con 0x7ff1f8071250
2024-03-31T23:03:43.003 INFO:teuthology.orchestra.run.smithi083.stdout:/usr/bin/ceph: stderr
2024-03-31T23:03:42.097+0000 7ff1fecba700 1 -- 172.21.15.83:0/1158401243 --> [v2:172.21.15.83:3300/0,v1:172.21.15.83:6789/0] -- mon_subscribe({mgrmap=0+}) v3 -- 0x7ff1f8101440 con 0x7ff1f8071250
2024-03-31T23:03:43.003 INFO:teuthology.orchestra.run.smithi083.stdout:/usr/bin/ceph: stderr
2024-03-31T23:03:42.097+0000 7ff1fecba700 1 -- 172.21.15.83:0/1158401243 --> [v2:172.21.15.83:3300/0,v1:172.21.15.83:6789/0] -- mon_subscribe({osdmap=0}) v3 -- 0x7ff1f8101930 con 0x7ff1f8071250
2024-03-31T23:03:43.003 INFO:teuthology.orchestra.run.smithi083.stdout:/usr/bin/ceph: stderr
2024-03-31T23:03:42.098+0000 7ff1f57fa700 1 -- 172.21.15.83:0/1158401243 <== mon.0 v2:172.21.15.83:3300/0 4 ==== mgrmap(e 8) v1 ==== 43368+0+0 (secure 0 0 0) 0x7ff1ec024440 con 0x7ff1f8071250
2024-03-31T23:03:43.003 INFO:teuthology.orchestra.run.smithi083.stdout:/usr/bin/ceph: stderr
2024-03-31T23:03:42.098+0000 7ff1f57fa700 1 --2- 172.21.15.83:0/1158401243 >> [v2:172.21.15.83:6800/3345658148,v1:172.21.15.83:6801/3345658148] conn(0x7ff1e8036790 0x7ff1e8038c40 unknown :-1 s=NONE pgs=0 cs=0 l=1 rev1=0 crypto rx=0 tx=0 comp rx=0 tx=0).connect
2024-03-31T23:03:43.003 INFO:teuthology.orchestra.run.smithi083.stdout:/usr/bin/ceph: stderr
2024-03-31T23:03:42.098+0000 7ff1fecba700 1 -- 172.21.15.83:0/1158401243 --> [v2:172.21.15.83:3300/0,v1:172.21.15.83:6789/0] -- mon_command({"prefix": "get_command_descriptions"} v 0) v1 -- 0x7ff1f804bed0 con 0x7ff1f8071250
2024-03-31T23:03:43.003 INFO:teuthology.orchestra.run.smithi083.stdout:/usr/bin/ceph: stderr
2024-03-31T23:03:42.098+0000 7ff1f57fa700 1 -- 172.21.15.83:0/1158401243 <== mon.0 v2:172.21.15.83:3300/0 5 ==== osd_map(2..2 src has 1..2) v4 ==== 936+0+0 (secure 0 0 0) 0x7ff1ec04a5a0 con 0x7ff1f8071250
2024-03-31T23:03:43.003 INFO:teuthology.orchestra.run.smithi083.stdout:/usr/bin/ceph: stderr
2024-03-31T23:03:42.098+0000 7ff1f7fff700 1 --2- 172.21.15.83:0/1158401243 >> [v2:172.21.15.83:6800/3345658148,v1:172.21.15.83:6801/3345658148] conn(0x7ff1e8036790 0x7ff1e8038c40 unknown :-1 s=BANNER_CONNECTING pgs=0 cs=0 l=1 rev1=0 crypto rx=0 tx=0 comp rx=0 tx=0)._handle_peer_banner_payload supported=3 required=0
2024-03-31T23:03:43.003 INFO:teuthology.orchestra.run.smithi083.stdout:/usr/bin/ceph: stderr
2024-03-31T23:03:42.098+0000 7ff1f7fff700 1 --2- 172.21.15.83:0/1158401243 >> [v2:172.21.15.83:6800/3345658148,v1:172.21.15.83:6801/3345658148] conn(0x7ff1e8036790 0x7ff1e8038c40 secure :-1 s=READY pgs=17 cs=0 l=1 rev1=1 crypto rx=0x7ff1e4009990 tx=0x7ff1e4006e40 comp rx=0 tx=0).ready entity=mgr.14118 client_cookie=0 server_cookie=0 in_seq=0 out_seq=0
2024-03-31T23:03:43.003 INFO:teuthology.orchestra.run.smithi083.stdout:/usr/bin/ceph: stderr
2024-03-31T23:03:42.103+0000 7ff1f57fa700 1 -- 172.21.15.83:0/1158401243 <== mon.0 v2:172.21.15.83:3300/0 6 ==== mon_command_ack([{"prefix": "get_command_descriptions"}]=0 v0) v1 ==== 72+0+176504 (secure 0 0 0) 0x7ff1ec02bb30 con 0x7ff1f8071250
2024-03-31T23:03:43.003 INFO:teuthology.orchestra.run.smithi083.stdout:/usr/bin/ceph: stderr
2024-03-31T23:03:42.309+0000 7ff1fecba700 1 -- 172.21.15.83:0/1158401243 --> [v2:172.21.15.83:6800/3345658148,v1:172.21.15.83:6801/3345658148] -- mgr_command(tid 0: {"prefix": "orch apply", "service_type": "node-exporter", "target": ["mon-mgr", ""]}) v1 -- 0x7ff1f8102040 con 0x7ff1e8036790
2024-03-31T23:03:43.003 INFO:teuthology.orchestra.run.smithi083.stdout:/usr/bin/ceph: stderr
2024-03-31T23:03:42.313+0000 7ff1f57fa700 1 -- 172.21.15.83:0/1158401243 <== mgr.14118 v2:172.21.15.83:6800/3345658148 1 ==== mgr_command_reply(tid 0: 0 ) v1 ==== 8+0+34 (secure 0 0 0) 0x7ff1f8102040 con 0x7ff1e8036790
2024-03-31T23:03:43.003 INFO:teuthology.orchestra.run.smithi083.stdout:/usr/bin/ceph: stderr
2024-03-31T23:03:42.315+0000 7ff1fecba700 1 -- 172.21.15.83:0/1158401243 >> [v2:172.21.15.83:6800/3345658148,v1:172.21.15.83:6801/3345658148] conn(0x7ff1e8036790 msgr2=0x7ff1e8038c40 secure :-1 s=STATE_CONNECTION_ESTABLISHED l=1).mark_down
2024-03-31T23:03:43.003 INFO:teuthology.orchestra.run.smithi083.stdout:/usr/bin/ceph: stderr
2024-03-31T23:03:42.315+0000 7ff1fecba700 1 --2- 172.21.15.83:0/1158401243 >> [v2:172.21.15.83:6800/3345658148,v1:172.21.15.83:6801/3345658148] conn(0x7ff1e8036790 0x7ff1e8038c40 secure :-1 s=READY pgs=17 cs=0 l=1 rev1=1 crypto rx=0x7ff1e4009990 tx=0x7ff1e4006e40 comp rx=0 tx=0).stop
2024-03-31T23:03:43.003 INFO:teuthology.orchestra.run.smithi083.stdout:/usr/bin/ceph: stderr
2024-03-31T23:03:42.315+0000 7ff1fecba700 1 -- 172.21.15.83:0/1158401243 >> [v2:172.21.15.83:3300/0,v1:172.21.15.83:6789/0] conn(0x7ff1f8071250 msgr2=0x7ff1f8102e90 secure :-1 s=STATE_CONNECTION_ESTABLISHED l=1).mark_down
2024-03-31T23:03:43.004 INFO:teuthology.orchestra.run.smithi083.stdout:/usr/bin/ceph: stderr
2024-03-31T23:03:42.315+0000 7ff1fecba700 1 --2- 172.21.15.83:0/1158401243 >> [v2:172.21.15.83:3300/0,v1:172.21.15.83:6789/0] conn(0x7ff1f8071250 0x7ff1f8102e90 secure :-1 s=READY pgs=56 cs=0 l=1 rev1=1 crypto rx=0x7ff1ec0094c0 tx=0x7ff1ec009250 comp rx=0 tx=0).stop
2024-03-31T23:03:43.004 INFO:teuthology.orchestra.run.smithi083.stdout:/usr/bin/ceph: stderr
2024-03-31T23:03:42.315+0000 7ff1fecba700 1 -- 172.21.15.83:0/1158401243 shutdown_connections
2024-03-31T23:03:43.004 INFO:teuthology.orchestra.run.smithi083.stdout:/usr/bin/ceph: stderr
2024-03-31T23:03:42.315+0000 7ff1fecba700 1 --2- 172.21.15.83:0/1158401243 >> [v2:172.21.15.83:6800/3345658148,v1:172.21.15.83:6801/3345658148] conn(0x7ff1e8036790 0x7ff1e8038c40 unknown :-1 s=CLOSED pgs=17 cs=0 l=1 rev1=1 crypto rx=0 tx=0 comp rx=0 tx=0).stop
2024-03-31T23:03:43.004 INFO:teuthology.orchestra.run.smithi083.stdout:/usr/bin/ceph: stderr
2024-03-31T23:03:42.315+0000 7ff1fecba700 1 --2- 172.21.15.83:0/1158401243 >> [v2:172.21.15.83:3300/0,v1:172.21.15.83:6789/0] conn(0x7ff1f8071250 0x7ff1f8102e90 unknown :-1 s=CLOSED pgs=56 cs=0 l=1 rev1=1 crypto rx=0 tx=0 comp rx=0 tx=0).stop
2024-03-31T23:03:43.004 INFO:teuthology.orchestra.run.smithi083.stdout:/usr/bin/ceph: stderr
2024-03-31T23:03:42.315+0000 7ff1fecba700 1 -- 172.21.15.83:0/1158401243 >> 172.21.15.83:0/1158401243 conn(0x7ff1f80fcfb0 msgr2=0x7ff1f80fdbd0 unknown :-1 s=STATE_NONE l=0).mark_down
2024-03-31T23:03:43.004 INFO:teuthology.orchestra.run.smithi083.stdout:/usr/bin/ceph: stderr
2024-03-31T23:03:42.315+0000 7ff1fecba700 1 -- 172.21.15.83:0/1158401243 shutdown_connections
2024-03-31T23:03:43.004 INFO:teuthology.orchestra.run.smithi083.stdout:/usr/bin/ceph: stderr
2024-03-31T23:03:42.315+0000 7ff1fecba700 1 -- 172.21.15.83:0/1158401243 wait complete.
2024-03-31T23:03:43.004 INFO:teuthology.orchestra.run.smithi083.stdout:Deploying alertmanager service with default placement...
2024-03-31T23:03:43.579 INFO:journalctl@ceph.mon.smithi083.smithi083.stdout:Mar 31 23:03:43 smithi083 ceph-mon[28951]: from='client.14150 -' entity='client.admin' cmd=[{"prefix": "orch apply", "service_type": "node-exporter", "target": ["mon-mgr", ""]}]: dispatch
2024-03-31T23:03:43.579 INFO:journalctl@ceph.mon.smithi083.smithi083.stdout:Mar 31 23:03:43 smithi083 ceph-mon[28951]: Saving service node-exporter spec with placement *
2024-03-31T23:03:43.579 INFO:journalctl@ceph.mon.smithi083.smithi083.stdout:Mar 31 23:03:43 smithi083 ceph-mon[28951]: from='mgr.14118 172.21.15.83:0/2156512122' entity='mgr.smithi083.bbdknw'
2024-03-31T23:03:44.398 INFO:teuthology.orchestra.run.smithi083.stdout:/usr/bin/ceph: stdout Scheduled alertmanager update...
2024-03-31T23:03:44.398 INFO:teuthology.orchestra.run.smithi083.stdout:/usr/bin/ceph: stderr
2024-03-31T23:03:43.408+0000 7fb93b1bc700 1 Processor -- start
2024-03-31T23:03:44.399 INFO:teuthology.orchestra.run.smithi083.stdout:/usr/bin/ceph: stderr
2024-03-31T23:03:43.408+0000 7fb93b1bc700 1 -- start start
2024-03-31T23:03:44.399 INFO:teuthology.orchestra.run.smithi083.stdout:/usr/bin/ceph: stderr
2024-03-31T23:03:43.408+0000 7fb93b1bc700 1 --2- >> [v2:172.21.15.83:3300/0,v1:172.21.15.83:6789/0] conn(0x7fb934071290 0x7fb934105500 unknown :-1 s=NONE pgs=0 cs=0 l=0 rev1=0 crypto rx=0 tx=0 comp rx=0 tx=0).connect
2024-03-31T23:03:44.399 INFO:teuthology.orchestra.run.smithi083.stdout:/usr/bin/ceph: stderr
2024-03-31T23:03:43.408+0000 7fb93b1bc700 1 -- --> [v2:172.21.15.83:3300/0,v1:172.21.15.83:6789/0] -- mon_getmap magic: 0 v1 -- 0x7fb9340716a0 con 0x7fb934071290
2024-03-31T23:03:44.399 INFO:teuthology.orchestra.run.smithi083.stdout:/usr/bin/ceph: stderr
2024-03-31T23:03:43.408+0000 7fb938f58700 1 --2- >> [v2:172.21.15.83:3300/0,v1:172.21.15.83:6789/0] conn(0x7fb934071290 0x7fb934105500 unknown :-1 s=BANNER_CONNECTING pgs=0 cs=0 l=0 rev1=0 crypto rx=0 tx=0 comp rx=0 tx=0)._handle_peer_banner_payload supported=3 required=0
2024-03-31T23:03:44.399 INFO:teuthology.orchestra.run.smithi083.stdout:/usr/bin/ceph: stderr
2024-03-31T23:03:43.408+0000 7fb938f58700 1 --2- >> [v2:172.21.15.83:3300/0,v1:172.21.15.83:6789/0] conn(0x7fb934071290 0x7fb934105500 unknown :-1 s=HELLO_CONNECTING pgs=0 cs=0 l=0 rev1=1 crypto rx=0 tx=0 comp rx=0 tx=0).handle_hello peer v2:172.21.15.83:3300/0 says I am v2:172.21.15.83:54694/0 (socket says 172.21.15.83:54694)
2024-03-31T23:03:44.399 INFO:teuthology.orchestra.run.smithi083.stdout:/usr/bin/ceph: stderr
2024-03-31T23:03:43.408+0000 7fb938f58700 1 -- 172.21.15.83:0/3113747163 learned_addr learned my addr 172.21.15.83:0/3113747163 (peer_addr_for_me v2:172.21.15.83:0/0)
2024-03-31T23:03:44.399 INFO:teuthology.orchestra.run.smithi083.stdout:/usr/bin/ceph: stderr
2024-03-31T23:03:43.408+0000 7fb938f58700 1 -- 172.21.15.83:0/3113747163 --> [v2:172.21.15.83:3300/0,v1:172.21.15.83:6789/0] -- mon_subscribe({config=0+,monmap=0+}) v3 -- 0x7fb934105a40 con 0x7fb934071290
2024-03-31T23:03:44.399 INFO:teuthology.orchestra.run.smithi083.stdout:/usr/bin/ceph: stderr
2024-03-31T23:03:43.409+0000 7fb938f58700 1 --2- 172.21.15.83:0/3113747163 >> [v2:172.21.15.83:3300/0,v1:172.21.15.83:6789/0] conn(0x7fb934071290 0x7fb934105500 secure :-1 s=READY pgs=57 cs=0 l=1 rev1=1 crypto rx=0x7fb9280098e0 tx=0x7fb928009250 comp rx=0 tx=0).ready entity=mon.0 client_cookie=a54cb2208754d5a4 server_cookie=0 in_seq=0 out_seq=0
2024-03-31T23:03:44.399 INFO:teuthology.orchestra.run.smithi083.stdout:/usr/bin/ceph: stderr
2024-03-31T23:03:43.409+0000 7fb9337fe700 1 -- 172.21.15.83:0/3113747163 <== mon.0 v2:172.21.15.83:3300/0 1 ==== mon_map magic: 0 v1 ==== 229+0+0 (secure 0 0 0) 0x7fb92800b860 con 0x7fb934071290
2024-03-31T23:03:44.399 INFO:teuthology.orchestra.run.smithi083.stdout:/usr/bin/ceph: stderr
2024-03-31T23:03:43.409+0000 7fb9337fe700 1 -- 172.21.15.83:0/3113747163 <== mon.0 v2:172.21.15.83:3300/0 2 ==== config(27 keys) v1 ==== 1109+0+0 (secure 0 0 0) 0x7fb92800be90 con 0x7fb934071290
2024-03-31T23:03:44.399 INFO:teuthology.orchestra.run.smithi083.stdout:/usr/bin/ceph: stderr
2024-03-31T23:03:43.409+0000 7fb9337fe700 1 -- 172.21.15.83:0/3113747163 <== mon.0 v2:172.21.15.83:3300/0 3 ==== mon_map magic: 0 v1 ==== 229+0+0 (secure 0 0 0) 0x7fb9280103c0 con 0x7fb934071290
2024-03-31T23:03:44.399 INFO:teuthology.orchestra.run.smithi083.stdout:/usr/bin/ceph: stderr
2024-03-31T23:03:43.409+0000 7fb93b1bc700 1 -- 172.21.15.83:0/3113747163 >> [v2:172.21.15.83:3300/0,v1:172.21.15.83:6789/0] conn(0x7fb934071290 msgr2=0x7fb934105500 secure :-1 s=STATE_CONNECTION_ESTABLISHED l=1).mark_down
2024-03-31T23:03:44.399 INFO:teuthology.orchestra.run.smithi083.stdout:/usr/bin/ceph: stderr
2024-03-31T23:03:43.409+0000 7fb93b1bc700 1 --2- 172.21.15.83:0/3113747163 >> [v2:172.21.15.83:3300/0,v1:172.21.15.83:6789/0] conn(0x7fb934071290 0x7fb934105500 secure :-1 s=READY pgs=57 cs=0 l=1 rev1=1 crypto rx=0x7fb9280098e0 tx=0x7fb928009250 comp rx=0 tx=0).stop
2024-03-31T23:03:44.399 INFO:teuthology.orchestra.run.smithi083.stdout:/usr/bin/ceph: stderr
2024-03-31T23:03:43.409+0000 7fb93b1bc700 1 -- 172.21.15.83:0/3113747163 shutdown_connections
2024-03-31T23:03:44.400 INFO:teuthology.orchestra.run.smithi083.stdout:/usr/bin/ceph: stderr
2024-03-31T23:03:43.409+0000 7fb93b1bc700 1 --2- 172.21.15.83:0/3113747163 >> [v2:172.21.15.83:3300/0,v1:172.21.15.83:6789/0] conn(0x7fb934071290 0x7fb934105500 unknown :-1 s=CLOSED pgs=57 cs=0 l=1 rev1=1 crypto rx=0 tx=0 comp rx=0 tx=0).stop
2024-03-31T23:03:44.400 INFO:teuthology.orchestra.run.smithi083.stdout:/usr/bin/ceph: stderr
2024-03-31T23:03:43.409+0000 7fb93b1bc700 1 -- 172.21.15.83:0/3113747163 >> 172.21.15.83:0/3113747163 conn(0x7fb9340fcfb0 msgr2=0x7fb9340ff3c0 unknown :-1 s=STATE_NONE l=0).mark_down
2024-03-31T23:03:44.400 INFO:teuthology.orchestra.run.smithi083.stdout:/usr/bin/ceph: stderr
2024-03-31T23:03:43.409+0000 7fb93b1bc700 1 -- 172.21.15.83:0/3113747163 shutdown_connections
2024-03-31T23:03:44.400 INFO:teuthology.orchestra.run.smithi083.stdout:/usr/bin/ceph: stderr
2024-03-31T23:03:43.409+0000 7fb93b1bc700 1 -- 172.21.15.83:0/3113747163 wait complete.
2024-03-31T23:03:44.400 INFO:teuthology.orchestra.run.smithi083.stdout:/usr/bin/ceph: stderr
2024-03-31T23:03:43.410+0000 7fb93b1bc700 1 Processor -- start
2024-03-31T23:03:44.400 INFO:teuthology.orchestra.run.smithi083.stdout:/usr/bin/ceph: stderr
2024-03-31T23:03:43.410+0000 7fb93b1bc700 1 -- start start
2024-03-31T23:03:44.400 INFO:teuthology.orchestra.run.smithi083.stdout:/usr/bin/ceph: stderr
2024-03-31T23:03:43.410+0000 7fb93b1bc700 1 --2- >> [v2:172.21.15.83:3300/0,v1:172.21.15.83:6789/0] conn(0x7fb934071290 0x7fb934111780 unknown :-1 s=NONE pgs=0 cs=0 l=1 rev1=0 crypto rx=0 tx=0 comp rx=0 tx=0).connect
2024-03-31T23:03:44.400 INFO:teuthology.orchestra.run.smithi083.stdout:/usr/bin/ceph: stderr
2024-03-31T23:03:43.410+0000 7fb93b1bc700 1 -- --> [v2:172.21.15.83:3300/0,v1:172.21.15.83:6789/0] -- mon_getmap magic: 0 v1 -- 0x7fb934111cc0 con 0x7fb934071290
2024-03-31T23:03:44.400 INFO:teuthology.orchestra.run.smithi083.stdout:/usr/bin/ceph: stderr
2024-03-31T23:03:43.410+0000 7fb938f58700 1 --2- >> [v2:172.21.15.83:3300/0,v1:172.21.15.83:6789/0] conn(0x7fb934071290 0x7fb934111780 unknown :-1 s=BANNER_CONNECTING pgs=0 cs=0 l=1 rev1=0 crypto rx=0 tx=0 comp rx=0 tx=0)._handle_peer_banner_payload supported=3 required=0
2024-03-31T23:03:44.400 INFO:teuthology.orchestra.run.smithi083.stdout:/usr/bin/ceph: stderr
2024-03-31T23:03:43.410+0000 7fb938f58700 1 --2- >> [v2:172.21.15.83:3300/0,v1:172.21.15.83:6789/0] conn(0x7fb934071290 0x7fb934111780 unknown :-1 s=HELLO_CONNECTING pgs=0 cs=0 l=1 rev1=1 crypto rx=0 tx=0 comp rx=0 tx=0).handle_hello peer v2:172.21.15.83:3300/0 says I am v2:172.21.15.83:54696/0 (socket says 172.21.15.83:54696)
2024-03-31T23:03:44.400 INFO:teuthology.orchestra.run.smithi083.stdout:/usr/bin/ceph: stderr
2024-03-31T23:03:43.410+0000 7fb938f58700 1 -- 172.21.15.83:0/3814859580 learned_addr learned my addr 172.21.15.83:0/3814859580 (peer_addr_for_me v2:172.21.15.83:0/0)
2024-03-31T23:03:44.400 INFO:teuthology.orchestra.run.smithi083.stdout:/usr/bin/ceph: stderr
2024-03-31T23:03:43.411+0000 7fb938f58700 1 -- 172.21.15.83:0/3814859580 --> [v2:172.21.15.83:3300/0,v1:172.21.15.83:6789/0] -- mon_subscribe({config=0+,monmap=0+}) v3 -- 0x7fb9280094f0 con 0x7fb934071290
2024-03-31T23:03:44.400 INFO:teuthology.orchestra.run.smithi083.stdout:/usr/bin/ceph: stderr
2024-03-31T23:03:43.411+0000 7fb938f58700 1 --2- 172.21.15.83:0/3814859580 >> [v2:172.21.15.83:3300/0,v1:172.21.15.83:6789/0] conn(0x7fb934071290 0x7fb934111780 secure :-1 s=READY pgs=58 cs=0 l=1 rev1=1 crypto rx=0x7fb9280105b0 tx=0x7fb928009250 comp rx=0 tx=0).ready entity=mon.0 client_cookie=0 server_cookie=0 in_seq=0 out_seq=0
2024-03-31T23:03:44.400 INFO:teuthology.orchestra.run.smithi083.stdout:/usr/bin/ceph: stderr
2024-03-31T23:03:43.411+0000 7fb9317fa700 1 -- 172.21.15.83:0/3814859580 <== mon.0 v2:172.21.15.83:3300/0 1 ==== mon_map magic: 0 v1 ==== 229+0+0 (secure 0 0 0) 0x7fb928010840 con 0x7fb934071290
2024-03-31T23:03:44.400 INFO:teuthology.orchestra.run.smithi083.stdout:/usr/bin/ceph: stderr
2024-03-31T23:03:43.411+0000 7fb9317fa700 1 -- 172.21.15.83:0/3814859580 <== mon.0 v2:172.21.15.83:3300/0 2 ==== config(27 keys) v1 ==== 1109+0+0 (secure 0 0 0) 0x7fb928010e70 con 0x7fb934071290
2024-03-31T23:03:44.401 INFO:teuthology.orchestra.run.smithi083.stdout:/usr/bin/ceph: stderr
2024-03-31T23:03:43.411+0000 7fb93b1bc700 1 -- 172.21.15.83:0/3814859580 --> [v2:172.21.15.83:3300/0,v1:172.21.15.83:6789/0] -- mon_subscribe({mgrmap=0+}) v3 -- 0x7fb934111ec0 con 0x7fb934071290
2024-03-31T23:03:44.401 INFO:teuthology.orchestra.run.smithi083.stdout:/usr/bin/ceph: stderr
2024-03-31T23:03:43.411+0000 7fb9317fa700 1 -- 172.21.15.83:0/3814859580 <== mon.0 v2:172.21.15.83:3300/0 3 ==== mon_map magic: 0 v1 ==== 229+0+0 (secure 0 0 0) 0x7fb92801ae30 con 0x7fb934071290
2024-03-31T23:03:44.401 INFO:teuthology.orchestra.run.smithi083.stdout:/usr/bin/ceph: stderr
2024-03-31T23:03:43.411+0000 7fb93b1bc700 1 -- 172.21.15.83:0/3814859580 --> [v2:172.21.15.83:3300/0,v1:172.21.15.83:6789/0] -- mon_subscribe({osdmap=0}) v3 -- 0x7fb934112a30 con 0x7fb934071290
2024-03-31T23:03:44.401 INFO:teuthology.orchestra.run.smithi083.stdout:/usr/bin/ceph: stderr
2024-03-31T23:03:43.412+0000 7fb9317fa700 1 -- 172.21.15.83:0/3814859580 <== mon.0 v2:172.21.15.83:3300/0 4 ==== mgrmap(e 8) v1 ==== 43368+0+0 (secure 0 0 0) 0x7fb92802d3f0 con 0x7fb934071290
2024-03-31T23:03:44.401 INFO:teuthology.orchestra.run.smithi083.stdout:/usr/bin/ceph: stderr
2024-03-31T23:03:43.412+0000 7fb93b1bc700 1 -- 172.21.15.83:0/3814859580 --> [v2:172.21.15.83:3300/0,v1:172.21.15.83:6789/0] -- mon_command({"prefix": "get_command_descriptions"} v 0) v1 -- 0x7fb93405f5f0 con 0x7fb934071290
2024-03-31T23:03:44.401 INFO:teuthology.orchestra.run.smithi083.stdout:/usr/bin/ceph: stderr
2024-03-31T23:03:43.412+0000 7fb9317fa700 1 --2- 172.21.15.83:0/3814859580 >> [v2:172.21.15.83:6800/3345658148,v1:172.21.15.83:6801/3345658148] conn(0x7fb924036790 0x7fb924038c40 unknown :-1 s=NONE pgs=0 cs=0 l=1 rev1=0 crypto rx=0 tx=0 comp rx=0 tx=0).connect
2024-03-31T23:03:44.401 INFO:teuthology.orchestra.run.smithi083.stdout:/usr/bin/ceph: stderr
2024-03-31T23:03:43.412+0000 7fb9317fa700 1 -- 172.21.15.83:0/3814859580 <== mon.0 v2:172.21.15.83:3300/0 5 ==== osd_map(2..2 src has 1..2) v4 ==== 936+0+0 (secure 0 0 0) 0x7fb92804a1c0 con 0x7fb934071290
2024-03-31T23:03:44.401 INFO:teuthology.orchestra.run.smithi083.stdout:/usr/bin/ceph: stderr
2024-03-31T23:03:43.412+0000 7fb933fff700 1 --2- 172.21.15.83:0/3814859580 >> [v2:172.21.15.83:6800/3345658148,v1:172.21.15.83:6801/3345658148] conn(0x7fb924036790 0x7fb924038c40 unknown :-1 s=BANNER_CONNECTING pgs=0 cs=0 l=1 rev1=0 crypto rx=0 tx=0 comp rx=0 tx=0)._handle_peer_banner_payload supported=3 required=0
2024-03-31T23:03:44.401 INFO:teuthology.orchestra.run.smithi083.stdout:/usr/bin/ceph: stderr
2024-03-31T23:03:43.413+0000 7fb933fff700 1 --2- 172.21.15.83:0/3814859580 >> [v2:172.21.15.83:6800/3345658148,v1:172.21.15.83:6801/3345658148] conn(0x7fb924036790 0x7fb924038c40 secure :-1 s=READY pgs=18 cs=0 l=1 rev1=1 crypto rx=0x7fb920009990 tx=0x7fb920006e40 comp rx=0 tx=0).ready entity=mgr.14118 client_cookie=0 server_cookie=0 in_seq=0 out_seq=0
2024-03-31T23:03:44.401 INFO:teuthology.orchestra.run.smithi083.stdout:/usr/bin/ceph: stderr
2024-03-31T23:03:43.417+0000 7fb9317fa700 1 -- 172.21.15.83:0/3814859580 <== mon.0 v2:172.21.15.83:3300/0 6 ==== mon_command_ack([{"prefix": "get_command_descriptions"}]=0 v0) v1 ==== 72+0+176504 (secure 0 0 0) 0x7fb92802b8e0 con 0x7fb934071290
2024-03-31T23:03:44.401 INFO:teuthology.orchestra.run.smithi083.stdout:/usr/bin/ceph: stderr
2024-03-31T23:03:43.623+0000 7fb93b1bc700 1 -- 172.21.15.83:0/3814859580 --> [v2:172.21.15.83:6800/3345658148,v1:172.21.15.83:6801/3345658148] -- mgr_command(tid 0: {"prefix": "orch apply", "service_type": "alertmanager", "target": ["mon-mgr", ""]}) v1 -- 0x7fb9340fe3c0 con 0x7fb924036790
2024-03-31T23:03:44.401 INFO:teuthology.orchestra.run.smithi083.stdout:/usr/bin/ceph: stderr
2024-03-31T23:03:43.630+0000 7fb9317fa700 1 -- 172.21.15.83:0/3814859580 <== mgr.14118 v2:172.21.15.83:6800/3345658148 1 ==== mgr_command_reply(tid 0: 0 ) v1 ==== 8+0+33 (secure 0 0 0) 0x7fb9340fe3c0 con 0x7fb924036790
2024-03-31T23:03:44.401 INFO:teuthology.orchestra.run.smithi083.stdout:/usr/bin/ceph: stderr
2024-03-31T23:03:43.632+0000 7fb93b1bc700 1 -- 172.21.15.83:0/3814859580 >> [v2:172.21.15.83:6800/3345658148,v1:172.21.15.83:6801/3345658148] conn(0x7fb924036790 msgr2=0x7fb924038c40 secure :-1 s=STATE_CONNECTION_ESTABLISHED l=1).mark_down
2024-03-31T23:03:44.401 INFO:teuthology.orchestra.run.smithi083.stdout:/usr/bin/ceph: stderr
2024-03-31T23:03:43.632+0000 7fb93b1bc700 1 --2- 172.21.15.83:0/3814859580 >> [v2:172.21.15.83:6800/3345658148,v1:172.21.15.83:6801/3345658148] conn(0x7fb924036790 0x7fb924038c40 secure :-1 s=READY pgs=18 cs=0 l=1 rev1=1 crypto rx=0x7fb920009990 tx=0x7fb920006e40 comp rx=0 tx=0).stop
2024-03-31T23:03:44.401 INFO:teuthology.orchestra.run.smithi083.stdout:/usr/bin/ceph: stderr
2024-03-31T23:03:43.632+0000 7fb93b1bc700 1 -- 172.21.15.83:0/3814859580 >> [v2:172.21.15.83:3300/0,v1:172.21.15.83:6789/0] conn(0x7fb934071290 msgr2=0x7fb934111780 secure :-1 s=STATE_CONNECTION_ESTABLISHED l=1).mark_down
2024-03-31T23:03:44.402 INFO:teuthology.orchestra.run.smithi083.stdout:/usr/bin/ceph: stderr
2024-03-31T23:03:43.632+0000 7fb93b1bc700 1 --2- 172.21.15.83:0/3814859580 >> [v2:172.21.15.83:3300/0,v1:172.21.15.83:6789/0] conn(0x7fb934071290 0x7fb934111780 secure :-1 s=READY pgs=58 cs=0 l=1 rev1=1 crypto rx=0x7fb9280105b0 tx=0x7fb928009250 comp rx=0 tx=0).stop
2024-03-31T23:03:44.402 INFO:teuthology.orchestra.run.smithi083.stdout:/usr/bin/ceph: stderr
2024-03-31T23:03:43.632+0000 7fb93b1bc700 1 -- 172.21.15.83:0/3814859580 shutdown_connections
2024-03-31T23:03:44.402 INFO:teuthology.orchestra.run.smithi083.stdout:/usr/bin/ceph: stderr
2024-03-31T23:03:43.632+0000 7fb93b1bc700 1 --2- 172.21.15.83:0/3814859580 >> [v2:172.21.15.83:6800/3345658148,v1:172.21.15.83:6801/3345658148] conn(0x7fb924036790 0x7fb924038c40 unknown :-1 s=CLOSED pgs=18 cs=0 l=1 rev1=1 crypto rx=0 tx=0 comp rx=0 tx=0).stop
2024-03-31T23:03:44.402 INFO:teuthology.orchestra.run.smithi083.stdout:/usr/bin/ceph: stderr
2024-03-31T23:03:43.632+0000 7fb93b1bc700 1 --2- 172.21.15.83:0/3814859580 >> [v2:172.21.15.83:3300/0,v1:172.21.15.83:6789/0] conn(0x7fb934071290 0x7fb934111780 unknown :-1 s=CLOSED pgs=58 cs=0 l=1 rev1=1 crypto rx=0 tx=0 comp rx=0 tx=0).stop
2024-03-31T23:03:44.402 INFO:teuthology.orchestra.run.smithi083.stdout:/usr/bin/ceph: stderr
2024-03-31T23:03:43.632+0000 7fb93b1bc700 1 -- 172.21.15.83:0/3814859580 >> 172.21.15.83:0/3814859580 conn(0x7fb9340fcfb0 msgr2=0x7fb9340fdbf0 unknown :-1 s=STATE_NONE l=0).mark_down
2024-03-31T23:03:44.402 INFO:teuthology.orchestra.run.smithi083.stdout:/usr/bin/ceph: stderr
2024-03-31T23:03:43.632+0000 7fb93b1bc700 1 -- 172.21.15.83:0/3814859580 shutdown_connections
2024-03-31T23:03:44.402 INFO:teuthology.orchestra.run.smithi083.stdout:/usr/bin/ceph: stderr
2024-03-31T23:03:43.632+0000 7fb93b1bc700 1 -- 172.21.15.83:0/3814859580 wait complete.
2024-03-31T23:03:44.720 INFO:journalctl@ceph.mon.smithi083.smithi083.stdout:Mar 31 23:03:44 smithi083 ceph-mon[28951]: from='client.14152 -' entity='client.admin' cmd=[{"prefix": "orch apply", "service_type": "alertmanager", "target": ["mon-mgr", ""]}]: dispatch
2024-03-31T23:03:44.720 INFO:journalctl@ceph.mon.smithi083.smithi083.stdout:Mar 31 23:03:44 smithi083 ceph-mon[28951]: Saving service alertmanager spec with placement count:1
2024-03-31T23:03:44.720 INFO:journalctl@ceph.mon.smithi083.smithi083.stdout:Mar 31 23:03:44 smithi083 ceph-mon[28951]: from='mgr.14118 172.21.15.83:0/2156512122' entity='mgr.smithi083.bbdknw'
2024-03-31T23:03:45.800 INFO:teuthology.orchestra.run.smithi083.stdout:/usr/bin/ceph: stderr
2024-03-31T23:03:44.821+0000 7fb47ea0e700 1 Processor -- start
2024-03-31T23:03:45.801 INFO:teuthology.orchestra.run.smithi083.stdout:/usr/bin/ceph: stderr
2024-03-31T23:03:44.821+0000 7fb47ea0e700 1 -- start start
2024-03-31T23:03:45.801 INFO:teuthology.orchestra.run.smithi083.stdout:/usr/bin/ceph: stderr
2024-03-31T23:03:44.821+0000 7fb47ea0e700 1 --2- >> [v2:172.21.15.83:3300/0,v1:172.21.15.83:6789/0] conn(0x7fb478102920 0x7fb478102d30 unknown :-1 s=NONE pgs=0 cs=0 l=0 rev1=0 crypto rx=0 tx=0 comp rx=0 tx=0).connect
2024-03-31T23:03:45.801 INFO:teuthology.orchestra.run.smithi083.stdout:/usr/bin/ceph: stderr
2024-03-31T23:03:44.821+0000 7fb47ea0e700 1 -- --> [v2:172.21.15.83:3300/0,v1:172.21.15.83:6789/0] -- mon_getmap magic: 0 v1 -- 0x7fb478103270 con 0x7fb478102920
2024-03-31T23:03:45.801 INFO:teuthology.orchestra.run.smithi083.stdout:/usr/bin/ceph: stderr
2024-03-31T23:03:44.821+0000 7fb477fff700 1 --2- >> [v2:172.21.15.83:3300/0,v1:172.21.15.83:6789/0] conn(0x7fb478102920 0x7fb478102d30 unknown :-1 s=BANNER_CONNECTING pgs=0 cs=0 l=0 rev1=0 crypto rx=0 tx=0 comp rx=0 tx=0)._handle_peer_banner_payload supported=3 required=0
2024-03-31T23:03:45.801 INFO:teuthology.orchestra.run.smithi083.stdout:/usr/bin/ceph: stderr
2024-03-31T23:03:44.821+0000 7fb477fff700 1 --2- >> [v2:172.21.15.83:3300/0,v1:172.21.15.83:6789/0] conn(0x7fb478102920 0x7fb478102d30 unknown :-1 s=HELLO_CONNECTING pgs=0 cs=0 l=0 rev1=1 crypto rx=0 tx=0 comp rx=0 tx=0).handle_hello peer v2:172.21.15.83:3300/0 says I am v2:172.21.15.83:54700/0 (socket says 172.21.15.83:54700)
2024-03-31T23:03:45.801 INFO:teuthology.orchestra.run.smithi083.stdout:/usr/bin/ceph: stderr
2024-03-31T23:03:44.821+0000 7fb477fff700 1 -- 172.21.15.83:0/668628287 learned_addr learned my addr 172.21.15.83:0/668628287 (peer_addr_for_me v2:172.21.15.83:0/0)
2024-03-31T23:03:45.801 INFO:teuthology.orchestra.run.smithi083.stdout:/usr/bin/ceph: stderr
2024-03-31T23:03:44.821+0000 7fb477fff700 1 -- 172.21.15.83:0/668628287 --> [v2:172.21.15.83:3300/0,v1:172.21.15.83:6789/0] -- mon_subscribe({config=0+,monmap=0+}) v3 -- 0x7fb4781033b0 con 0x7fb478102920
2024-03-31T23:03:45.801 INFO:teuthology.orchestra.run.smithi083.stdout:/usr/bin/ceph: stderr
2024-03-31T23:03:44.821+0000 7fb477fff700 1 --2- 172.21.15.83:0/668628287 >> [v2:172.21.15.83:3300/0,v1:172.21.15.83:6789/0] conn(0x7fb478102920 0x7fb478102d30 secure :-1 s=READY pgs=59 cs=0 l=1 rev1=1 crypto rx=0x7fb4680098e0 tx=0x7fb468009250 comp rx=0 tx=0).ready entity=mon.0 client_cookie=8b1f0ed81b952caf server_cookie=0 in_seq=0 out_seq=0
2024-03-31T23:03:45.801 INFO:teuthology.orchestra.run.smithi083.stdout:/usr/bin/ceph: stderr
2024-03-31T23:03:44.822+0000 7fb476ffd700 1 -- 172.21.15.83:0/668628287 <== mon.0 v2:172.21.15.83:3300/0 1 ==== mon_map magic: 0 v1 ==== 229+0+0 (secure 0 0 0) 0x7fb46800b860 con 0x7fb478102920
2024-03-31T23:03:45.801 INFO:teuthology.orchestra.run.smithi083.stdout:/usr/bin/ceph: stderr
2024-03-31T23:03:44.822+0000 7fb476ffd700 1 -- 172.21.15.83:0/668628287 <== mon.0 v2:172.21.15.83:3300/0 2 ==== config(27 keys) v1 ==== 1109+0+0 (secure 0 0 0) 0x7fb46800be90 con 0x7fb478102920
2024-03-31T23:03:45.801 INFO:teuthology.orchestra.run.smithi083.stdout:/usr/bin/ceph: stderr
2024-03-31T23:03:44.822+0000 7fb476ffd700 1 -- 172.21.15.83:0/668628287 <== mon.0 v2:172.21.15.83:3300/0 3 ==== mon_map magic: 0 v1 ==== 229+0+0 (secure 0 0 0) 0x7fb4680103c0 con 0x7fb478102920
2024-03-31T23:03:45.801 INFO:teuthology.orchestra.run.smithi083.stdout:/usr/bin/ceph: stderr
2024-03-31T23:03:44.822+0000 7fb47ea0e700 1 -- 172.21.15.83:0/668628287 >> [v2:172.21.15.83:3300/0,v1:172.21.15.83:6789/0] conn(0x7fb478102920 msgr2=0x7fb478102d30 secure :-1 s=STATE_CONNECTION_ESTABLISHED l=1).mark_down
2024-03-31T23:03:45.801 INFO:teuthology.orchestra.run.smithi083.stdout:/usr/bin/ceph: stderr
2024-03-31T23:03:44.822+0000 7fb47ea0e700 1 --2- 172.21.15.83:0/668628287 >> [v2:172.21.15.83:3300/0,v1:172.21.15.83:6789/0] conn(0x7fb478102920 0x7fb478102d30 secure :-1 s=READY pgs=59 cs=0 l=1 rev1=1 crypto rx=0x7fb4680098e0 tx=0x7fb468009250 comp rx=0 tx=0).stop
2024-03-31T23:03:45.802 INFO:teuthology.orchestra.run.smithi083.stdout:/usr/bin/ceph: stderr
2024-03-31T23:03:44.822+0000 7fb47ea0e700 1 -- 172.21.15.83:0/668628287 shutdown_connections
2024-03-31T23:03:45.802 INFO:teuthology.orchestra.run.smithi083.stdout:/usr/bin/ceph: stderr
2024-03-31T23:03:44.822+0000 7fb47ea0e700 1 --2- 172.21.15.83:0/668628287 >> [v2:172.21.15.83:3300/0,v1:172.21.15.83:6789/0] conn(0x7fb478102920 0x7fb478102d30 unknown :-1 s=CLOSED pgs=59 cs=0 l=1 rev1=1 crypto rx=0 tx=0 comp rx=0 tx=0).stop
2024-03-31T23:03:45.802 INFO:teuthology.orchestra.run.smithi083.stdout:/usr/bin/ceph: stderr
2024-03-31T23:03:44.822+0000 7fb47ea0e700 1 -- 172.21.15.83:0/668628287 >> 172.21.15.83:0/668628287 conn(0x7fb4780fe0a0 msgr2=0x7fb4781004b0 unknown :-1 s=STATE_NONE l=0).mark_down
2024-03-31T23:03:45.802 INFO:teuthology.orchestra.run.smithi083.stdout:/usr/bin/ceph: stderr
2024-03-31T23:03:44.822+0000 7fb47ea0e700 1 -- 172.21.15.83:0/668628287 shutdown_connections
2024-03-31T23:03:45.802 INFO:teuthology.orchestra.run.smithi083.stdout:/usr/bin/ceph: stderr
2024-03-31T23:03:44.822+0000 7fb47ea0e700 1 -- 172.21.15.83:0/668628287 wait complete.
2024-03-31T23:03:45.802 INFO:teuthology.orchestra.run.smithi083.stdout:/usr/bin/ceph: stderr
2024-03-31T23:03:44.823+0000 7fb47ea0e700 1 Processor -- start
2024-03-31T23:03:45.802 INFO:teuthology.orchestra.run.smithi083.stdout:/usr/bin/ceph: stderr
2024-03-31T23:03:44.823+0000 7fb47ea0e700 1 -- start start
2024-03-31T23:03:45.802 INFO:teuthology.orchestra.run.smithi083.stdout:/usr/bin/ceph: stderr
2024-03-31T23:03:44.823+0000 7fb47ea0e700 1 --2- >> [v2:172.21.15.83:3300/0,v1:172.21.15.83:6789/0] conn(0x7fb478102920 0x7fb4781116e0 unknown :-1 s=NONE pgs=0 cs=0 l=1 rev1=0 crypto rx=0 tx=0 comp rx=0 tx=0).connect
2024-03-31T23:03:45.802 INFO:teuthology.orchestra.run.smithi083.stdout:/usr/bin/ceph: stderr
2024-03-31T23:03:44.823+0000 7fb47ea0e700 1 -- --> [v2:172.21.15.83:3300/0,v1:172.21.15.83:6789/0] -- mon_getmap magic: 0 v1 -- 0x7fb478111c20 con 0x7fb478102920
2024-03-31T23:03:45.802 INFO:teuthology.orchestra.run.smithi083.stdout:/usr/bin/ceph: stderr
2024-03-31T23:03:44.823+0000 7fb477fff700 1 --2- >> [v2:172.21.15.83:3300/0,v1:172.21.15.83:6789/0] conn(0x7fb478102920 0x7fb4781116e0 unknown :-1 s=BANNER_CONNECTING pgs=0 cs=0 l=1 rev1=0 crypto rx=0 tx=0 comp rx=0 tx=0)._handle_peer_banner_payload supported=3 required=0
2024-03-31T23:03:45.802 INFO:teuthology.orchestra.run.smithi083.stdout:/usr/bin/ceph: stderr
2024-03-31T23:03:44.823+0000 7fb477fff700 1 --2- >> [v2:172.21.15.83:3300/0,v1:172.21.15.83:6789/0] conn(0x7fb478102920 0x7fb4781116e0 unknown :-1 s=HELLO_CONNECTING pgs=0 cs=0 l=1 rev1=1 crypto rx=0 tx=0 comp rx=0 tx=0).handle_hello peer v2:172.21.15.83:3300/0 says I am v2:172.21.15.83:54714/0 (socket says 172.21.15.83:54714)
2024-03-31T23:03:45.802 INFO:teuthology.orchestra.run.smithi083.stdout:/usr/bin/ceph: stderr
2024-03-31T23:03:44.823+0000 7fb477fff700 1 -- 172.21.15.83:0/3685377233 learned_addr learned my addr 172.21.15.83:0/3685377233 (peer_addr_for_me v2:172.21.15.83:0/0)
2024-03-31T23:03:45.802 INFO:teuthology.orchestra.run.smithi083.stdout:/usr/bin/ceph: stderr
2024-03-31T23:03:44.824+0000 7fb477fff700 1 -- 172.21.15.83:0/3685377233 --> [v2:172.21.15.83:3300/0,v1:172.21.15.83:6789/0] -- mon_subscribe({config=0+,monmap=0+}) v3 -- 0x7fb4680094f0 con 0x7fb478102920
2024-03-31T23:03:45.802 INFO:teuthology.orchestra.run.smithi083.stdout:/usr/bin/ceph: stderr
2024-03-31T23:03:44.824+0000 7fb477fff700 1 --2- 172.21.15.83:0/3685377233 >> [v2:172.21.15.83:3300/0,v1:172.21.15.83:6789/0] conn(0x7fb478102920 0x7fb4781116e0 secure :-1 s=READY pgs=60 cs=0 l=1 rev1=1 crypto rx=0x7fb4680090b0 tx=0x7fb468009250 comp rx=0 tx=0).ready entity=mon.0 client_cookie=0 server_cookie=0 in_seq=0 out_seq=0
2024-03-31T23:03:45.803 INFO:teuthology.orchestra.run.smithi083.stdout:/usr/bin/ceph: stderr
2024-03-31T23:03:44.824+0000 7fb474ff9700 1 -- 172.21.15.83:0/3685377233 <== mon.0 v2:172.21.15.83:3300/0 1 ==== mon_map magic: 0 v1 ==== 229+0+0 (secure 0 0 0) 0x7fb468010840 con 0x7fb478102920
2024-03-31T23:03:45.803 INFO:teuthology.orchestra.run.smithi083.stdout:/usr/bin/ceph: stderr
2024-03-31T23:03:44.824+0000 7fb474ff9700 1 -- 172.21.15.83:0/3685377233 <== mon.0 v2:172.21.15.83:3300/0 2 ==== config(27 keys) v1 ==== 1109+0+0 (secure 0 0 0) 0x7fb468010e70 con 0x7fb478102920
2024-03-31T23:03:45.803 INFO:teuthology.orchestra.run.smithi083.stdout:/usr/bin/ceph: stderr
2024-03-31T23:03:44.824+0000 7fb47ea0e700 1 -- 172.21.15.83:0/3685377233 --> [v2:172.21.15.83:3300/0,v1:172.21.15.83:6789/0] -- mon_subscribe({mgrmap=0+}) v3 -- 0x7fb478111e20 con 0x7fb478102920
2024-03-31T23:03:45.803 INFO:teuthology.orchestra.run.smithi083.stdout:/usr/bin/ceph: stderr
2024-03-31T23:03:44.824+0000 7fb474ff9700 1 -- 172.21.15.83:0/3685377233 <== mon.0 v2:172.21.15.83:3300/0 3 ==== mon_map magic: 0 v1 ==== 229+0+0 (secure 0 0 0) 0x7fb468024e40 con 0x7fb478102920
2024-03-31T23:03:45.803 INFO:teuthology.orchestra.run.smithi083.stdout:/usr/bin/ceph: stderr
2024-03-31T23:03:44.824+0000 7fb47ea0e700 1 -- 172.21.15.83:0/3685377233 --> [v2:172.21.15.83:3300/0,v1:172.21.15.83:6789/0] -- mon_subscribe({osdmap=0}) v3 -- 0x7fb478112990 con 0x7fb478102920
2024-03-31T23:03:45.803 INFO:teuthology.orchestra.run.smithi083.stdout:/usr/bin/ceph: stderr
2024-03-31T23:03:44.825+0000 7fb474ff9700 1 -- 172.21.15.83:0/3685377233 <== mon.0 v2:172.21.15.83:3300/0 4 ==== mgrmap(e 8) v1 ==== 43368+0+0 (secure 0 0 0) 0x7fb46801a510 con 0x7fb478102920
2024-03-31T23:03:45.803 INFO:teuthology.orchestra.run.smithi083.stdout:/usr/bin/ceph: stderr
2024-03-31T23:03:44.825+0000 7fb474ff9700 1 --2- 172.21.15.83:0/3685377233 >> [v2:172.21.15.83:6800/3345658148,v1:172.21.15.83:6801/3345658148] conn(0x7fb460036740 0x7fb460038bf0 unknown :-1 s=NONE pgs=0 cs=0 l=1 rev1=0 crypto rx=0 tx=0 comp rx=0 tx=0).connect
2024-03-31T23:03:45.803 INFO:teuthology.orchestra.run.smithi083.stdout:/usr/bin/ceph: stderr
2024-03-31T23:03:44.825+0000 7fb474ff9700 1 -- 172.21.15.83:0/3685377233 <== mon.0 v2:172.21.15.83:3300/0 5 ==== osd_map(2..2 src has 1..2) v4 ==== 936+0+0 (secure 0 0 0) 0x7fb46804a890 con 0x7fb478102920
2024-03-31T23:03:45.803 INFO:teuthology.orchestra.run.smithi083.stdout:/usr/bin/ceph: stderr
2024-03-31T23:03:44.825+0000 7fb4777fe700 1 --2- 172.21.15.83:0/3685377233 >> [v2:172.21.15.83:6800/3345658148,v1:172.21.15.83:6801/3345658148] conn(0x7fb460036740 0x7fb460038bf0 unknown :-1 s=BANNER_CONNECTING pgs=0 cs=0 l=1 rev1=0 crypto rx=0 tx=0 comp rx=0 tx=0)._handle_peer_banner_payload supported=3 required=0
2024-03-31T23:03:45.803 INFO:teuthology.orchestra.run.smithi083.stdout:/usr/bin/ceph: stderr
2024-03-31T23:03:44.825+0000 7fb47ea0e700 1 -- 172.21.15.83:0/3685377233 --> [v2:172.21.15.83:3300/0,v1:172.21.15.83:6789/0] -- mon_command({"prefix": "get_command_descriptions"} v 0) v1 -- 0x7fb47805f5f0 con 0x7fb478102920
2024-03-31T23:03:45.803 INFO:teuthology.orchestra.run.smithi083.stdout:/usr/bin/ceph: stderr
2024-03-31T23:03:44.825+0000 7fb4777fe700 1 --2- 172.21.15.83:0/3685377233 >> [v2:172.21.15.83:6800/3345658148,v1:172.21.15.83:6801/3345658148] conn(0x7fb460036740 0x7fb460038bf0 secure :-1 s=READY pgs=19 cs=0 l=1 rev1=1 crypto rx=0x7fb46c009990 tx=0x7fb46c006e40 comp rx=0 tx=0).ready entity=mgr.14118 client_cookie=0 server_cookie=0 in_seq=0 out_seq=0
2024-03-31T23:03:45.803 INFO:teuthology.orchestra.run.smithi083.stdout:/usr/bin/ceph: stderr
2024-03-31T23:03:44.830+0000 7fb474ff9700 1 -- 172.21.15.83:0/3685377233 <== mon.0 v2:172.21.15.83:3300/0 6 ==== mon_command_ack([{"prefix": "get_command_descriptions"}]=0 v0) v1 ==== 72+0+176504 (secure 0 0 0) 0x7fb468018940 con 0x7fb478102920
2024-03-31T23:03:45.803 INFO:teuthology.orchestra.run.smithi083.stdout:/usr/bin/ceph: stderr
2024-03-31T23:03:45.025+0000 7fb47ea0e700 1 -- 172.21.15.83:0/3685377233 --> [v2:172.21.15.83:3300/0,v1:172.21.15.83:6789/0] -- mon_command([{prefix=config set, name=mgr/cephadm/container_init}] v 0) v1 -- 0x7fb47804bed0 con 0x7fb478102920
2024-03-31T23:03:45.803 INFO:teuthology.orchestra.run.smithi083.stdout:/usr/bin/ceph: stderr
2024-03-31T23:03:45.031+0000 7fb474ff9700 1 -- 172.21.15.83:0/3685377233 <== mon.0 v2:172.21.15.83:3300/0 7 ==== mon_command_ack([{prefix=config set, name=mgr/cephadm/container_init}]=0 v7)=0 v7) v1 ==== 142+0+0 (secure 0 0 0) 0x7fb468049020 con 0x7fb478102920
2024-03-31T23:03:45.804 INFO:teuthology.orchestra.run.smithi083.stdout:/usr/bin/ceph: stderr
2024-03-31T23:03:45.033+0000 7fb47ea0e700 1 -- 172.21.15.83:0/3685377233 >> [v2:172.21.15.83:6800/3345658148,v1:172.21.15.83:6801/3345658148] conn(0x7fb460036740 msgr2=0x7fb460038bf0 secure :-1 s=STATE_CONNECTION_ESTABLISHED l=1).mark_down
2024-03-31T23:03:45.804 INFO:teuthology.orchestra.run.smithi083.stdout:/usr/bin/ceph: stderr
2024-03-31T23:03:45.033+0000 7fb47ea0e700 1 --2- 172.21.15.83:0/3685377233 >> [v2:172.21.15.83:6800/3345658148,v1:172.21.15.83:6801/3345658148] conn(0x7fb460036740 0x7fb460038bf0 secure :-1 s=READY pgs=19 cs=0 l=1 rev1=1 crypto rx=0x7fb46c009990 tx=0x7fb46c006e40 comp rx=0 tx=0).stop
2024-03-31T23:03:45.804 INFO:teuthology.orchestra.run.smithi083.stdout:/usr/bin/ceph: stderr
2024-03-31T23:03:45.033+0000 7fb47ea0e700 1 -- 172.21.15.83:0/3685377233 >> [v2:172.21.15.83:3300/0,v1:172.21.15.83:6789/0] conn(0x7fb478102920 msgr2=0x7fb4781116e0 secure :-1 s=STATE_CONNECTION_ESTABLISHED l=1).mark_down
2024-03-31T23:03:45.804 INFO:teuthology.orchestra.run.smithi083.stdout:/usr/bin/ceph: stderr
2024-03-31T23:03:45.033+0000 7fb47ea0e700 1 --2- 172.21.15.83:0/3685377233 >> [v2:172.21.15.83:3300/0,v1:172.21.15.83:6789/0] conn(0x7fb478102920 0x7fb4781116e0 secure :-1 s=READY pgs=60 cs=0 l=1 rev1=1 crypto rx=0x7fb4680090b0 tx=0x7fb468009250 comp rx=0 tx=0).stop
2024-03-31T23:03:45.804 INFO:teuthology.orchestra.run.smithi083.stdout:/usr/bin/ceph: stderr
2024-03-31T23:03:45.034+0000 7fb47ea0e700 1 -- 172.21.15.83:0/3685377233 shutdown_connections
2024-03-31T23:03:45.804 INFO:teuthology.orchestra.run.smithi083.stdout:/usr/bin/ceph: stderr
2024-03-31T23:03:45.034+0000 7fb47ea0e700 1 --2- 172.21.15.83:0/3685377233 >> [v2:172.21.15.83:6800/3345658148,v1:172.21.15.83:6801/3345658148] conn(0x7fb460036740 0x7fb460038bf0 unknown :-1 s=CLOSED pgs=19 cs=0 l=1 rev1=1 crypto rx=0 tx=0 comp rx=0 tx=0).stop
2024-03-31T23:03:45.804 INFO:teuthology.orchestra.run.smithi083.stdout:/usr/bin/ceph: stderr
2024-03-31T23:03:45.034+0000 7fb47ea0e700 1 --2- 172.21.15.83:0/3685377233 >> [v2:172.21.15.83:3300/0,v1:172.21.15.83:6789/0] conn(0x7fb478102920 0x7fb4781116e0 unknown :-1 s=CLOSED pgs=60 cs=0 l=1 rev1=1 crypto rx=0 tx=0 comp rx=0 tx=0).stop
2024-03-31T23:03:45.804 INFO:teuthology.orchestra.run.smithi083.stdout:/usr/bin/ceph: stderr
2024-03-31T23:03:45.034+0000 7fb47ea0e700 1 -- 172.21.15.83:0/3685377233 >> 172.21.15.83:0/3685377233 conn(0x7fb4780fe0a0 msgr2=0x7fb4780febf0 unknown :-1 s=STATE_NONE l=0).mark_down
2024-03-31T23:03:45.804 INFO:teuthology.orchestra.run.smithi083.stdout:/usr/bin/ceph: stderr
2024-03-31T23:03:45.034+0000 7fb47ea0e700 1 -- 172.21.15.83:0/3685377233 shutdown_connections
2024-03-31T23:03:45.804 INFO:teuthology.orchestra.run.smithi083.stdout:/usr/bin/ceph: stderr
2024-03-31T23:03:45.034+0000 7fb47ea0e700 1 -- 172.21.15.83:0/3685377233 wait complete.
2024-03-31T23:03:46.128 INFO:journalctl@ceph.mon.smithi083.smithi083.stdout:Mar 31 23:03:46 smithi083 ceph-mon[28951]: pgmap v3: 0 pgs: ; 0 B data, 0 B used, 0 B / 0 B avail
2024-03-31T23:03:46.128 INFO:journalctl@ceph.mon.smithi083.smithi083.stdout:Mar 31 23:03:46 smithi083 ceph-mon[28951]: from='client.? 172.21.15.83:0/3685377233' entity='client.admin'
2024-03-31T23:03:47.100 INFO:teuthology.orchestra.run.smithi083.stdout:/usr/bin/ceph: stderr
2024-03-31T23:03:46.233+0000 7f7cea52d700 1 Processor -- start
2024-03-31T23:03:47.100 INFO:teuthology.orchestra.run.smithi083.stdout:/usr/bin/ceph: stderr
2024-03-31T23:03:46.233+0000 7f7cea52d700 1 -- start start
2024-03-31T23:03:47.100 INFO:teuthology.orchestra.run.smithi083.stdout:/usr/bin/ceph: stderr
2024-03-31T23:03:46.233+0000 7f7cea52d700 1 --2- >> [v2:172.21.15.83:3300/0,v1:172.21.15.83:6789/0] conn(0x7f7ce4103ee0 0x7f7ce41042f0 unknown :-1 s=NONE pgs=0 cs=0 l=0 rev1=0 crypto rx=0 tx=0 comp rx=0 tx=0).connect
2024-03-31T23:03:47.100 INFO:teuthology.orchestra.run.smithi083.stdout:/usr/bin/ceph: stderr
2024-03-31T23:03:46.233+0000 7f7cea52d700 1 -- --> [v2:172.21.15.83:3300/0,v1:172.21.15.83:6789/0] -- mon_getmap magic: 0 v1 -- 0x7f7ce4070e00 con 0x7f7ce4103ee0
2024-03-31T23:03:47.101 INFO:teuthology.orchestra.run.smithi083.stdout:/usr/bin/ceph: stderr
2024-03-31T23:03:46.234+0000 7f7ce3fff700 1 --2- >> [v2:172.21.15.83:3300/0,v1:172.21.15.83:6789/0] conn(0x7f7ce4103ee0 0x7f7ce41042f0 unknown :-1 s=BANNER_CONNECTING pgs=0 cs=0 l=0 rev1=0 crypto rx=0 tx=0 comp rx=0 tx=0)._handle_peer_banner_payload supported=3 required=0
2024-03-31T23:03:47.101 INFO:teuthology.orchestra.run.smithi083.stdout:/usr/bin/ceph: stderr
