2024-03-31T23:03:31.006 INFO:teuthology.orchestra.run.smithi083.stdout:/usr/bin/ceph: stderr
2024-03-31T23:03:30.468+0000 7f1002ef1700 1 -- 172.21.15.83:0/947435374 wait complete.
2024-03-31T23:03:31.006 INFO:teuthology.orchestra.run.smithi083.stdout:Wrote public SSH key to /home/ubuntu/cephtest/ceph.pub
2024-03-31T23:03:31.006 INFO:teuthology.orchestra.run.smithi083.stdout:Adding key to root@localhost authorized_keys...
2024-03-31T23:03:31.006 INFO:teuthology.orchestra.run.smithi083.stdout:Adding host smithi083...
2024-03-31T23:03:31.238 INFO:journalctl@ceph.mon.smithi083.smithi083.stdout:Mar 31 23:03:31 smithi083 ceph-mon[28951]: from='client.14136 -' entity='client.admin' cmd=[{"prefix": "cephadm get-pub-key", "target": ["mon-mgr", ""]}]: dispatch
2024-03-31T23:03:32.208 INFO:journalctl@ceph.mon.smithi083.smithi083.stdout:Mar 31 23:03:32 smithi083 ceph-mon[28951]: from='client.14138 -' entity='client.admin' cmd=[{"prefix": "orch host add", "hostname": "smithi083", "addr": "172.21.15.83", "target": ["mon-mgr", ""]}]: dispatch
2024-03-31T23:03:33.628 INFO:journalctl@ceph.mon.smithi083.smithi083.stdout:Mar 31 23:03:33 smithi083 ceph-mon[28951]: Deploying cephadm binary to smithi083
2024-03-31T23:03:34.245 INFO:teuthology.orchestra.run.smithi083.stdout:/usr/bin/ceph: stdout Added host 'smithi083' with addr '172.21.15.83'
2024-03-31T23:03:34.245 INFO:teuthology.orchestra.run.smithi083.stdout:/usr/bin/ceph: stderr
2024-03-31T23:03:31.420+0000 7fad98a6e700 1 Processor -- start
2024-03-31T23:03:34.245 INFO:teuthology.orchestra.run.smithi083.stdout:/usr/bin/ceph: stderr
2024-03-31T23:03:31.420+0000 7fad98a6e700 1 -- start start
2024-03-31T23:03:34.245 INFO:teuthology.orchestra.run.smithi083.stdout:/usr/bin/ceph: stderr
2024-03-31T23:03:31.420+0000 7fad98a6e700 1 --2- >> [v2:172.21.15.83:3300/0,v1:172.21.15.83:6789/0] conn(0x7fad94102920 0x7fad94102d30 unknown :-1 s=NONE pgs=0 cs=0 l=0 rev1=0 crypto rx=0 tx=0 comp rx=0 tx=0).connect
2024-03-31T23:03:34.245 INFO:teuthology.orchestra.run.smithi083.stdout:/usr/bin/ceph: stderr
2024-03-31T23:03:31.420+0000 7fad98a6e700 1 -- --> [v2:172.21.15.83:3300/0,v1:172.21.15.83:6789/0] -- mon_getmap magic: 0 v1 -- 0x7fad94103270 con 0x7fad94102920
2024-03-31T23:03:34.246 INFO:teuthology.orchestra.run.smithi083.stdout:/usr/bin/ceph: stderr
2024-03-31T23:03:31.420+0000 7fad9259c700 1 --2- >> [v2:172.21.15.83:3300/0,v1:172.21.15.83:6789/0] conn(0x7fad94102920 0x7fad94102d30 unknown :-1 s=BANNER_CONNECTING pgs=0 cs=0 l=0 rev1=0 crypto rx=0 tx=0 comp rx=0 tx=0)._handle_peer_banner_payload supported=3 required=0
2024-03-31T23:03:34.246 INFO:teuthology.orchestra.run.smithi083.stdout:/usr/bin/ceph: stderr
2024-03-31T23:03:31.420+0000 7fad9259c700 1 --2- >> [v2:172.21.15.83:3300/0,v1:172.21.15.83:6789/0] conn(0x7fad94102920 0x7fad94102d30 unknown :-1 s=HELLO_CONNECTING pgs=0 cs=0 l=0 rev1=1 crypto rx=0 tx=0 comp rx=0 tx=0).handle_hello peer v2:172.21.15.83:3300/0 says I am v2:172.21.15.83:33764/0 (socket says 172.21.15.83:33764)
2024-03-31T23:03:34.246 INFO:teuthology.orchestra.run.smithi083.stdout:/usr/bin/ceph: stderr
2024-03-31T23:03:31.420+0000 7fad9259c700 1 -- 172.21.15.83:0/1776607643 learned_addr learned my addr 172.21.15.83:0/1776607643 (peer_addr_for_me v2:172.21.15.83:0/0)
2024-03-31T23:03:34.246 INFO:teuthology.orchestra.run.smithi083.stdout:/usr/bin/ceph: stderr
2024-03-31T23:03:31.421+0000 7fad9259c700 1 -- 172.21.15.83:0/1776607643 --> [v2:172.21.15.83:3300/0,v1:172.21.15.83:6789/0] -- mon_subscribe({config=0+,monmap=0+}) v3 -- 0x7fad941033b0 con 0x7fad94102920
2024-03-31T23:03:34.246 INFO:teuthology.orchestra.run.smithi083.stdout:/usr/bin/ceph: stderr
2024-03-31T23:03:31.421+0000 7fad9259c700 1 --2- 172.21.15.83:0/1776607643 >> [v2:172.21.15.83:3300/0,v1:172.21.15.83:6789/0] conn(0x7fad94102920 0x7fad94102d30 secure :-1 s=READY pgs=43 cs=0 l=1 rev1=1 crypto rx=0x7fad840098e0 tx=0x7fad84009250 comp rx=0 tx=0).ready entity=mon.0 client_cookie=abcdc05a72eaa714 server_cookie=0 in_seq=0 out_seq=0
2024-03-31T23:03:34.246 INFO:teuthology.orchestra.run.smithi083.stdout:/usr/bin/ceph: stderr
2024-03-31T23:03:31.421+0000 7fad91d9b700 1 -- 172.21.15.83:0/1776607643 <== mon.0 v2:172.21.15.83:3300/0 1 ==== mon_map magic: 0 v1 ==== 229+0+0 (secure 0 0 0) 0x7fad8400b860 con 0x7fad94102920
2024-03-31T23:03:34.246 INFO:teuthology.orchestra.run.smithi083.stdout:/usr/bin/ceph: stderr
2024-03-31T23:03:31.421+0000 7fad91d9b700 1 -- 172.21.15.83:0/1776607643 <== mon.0 v2:172.21.15.83:3300/0 2 ==== config(27 keys) v1 ==== 1044+0+0 (secure 0 0 0) 0x7fad8400be50 con 0x7fad94102920
2024-03-31T23:03:34.246 INFO:teuthology.orchestra.run.smithi083.stdout:/usr/bin/ceph: stderr
2024-03-31T23:03:31.421+0000 7fad91d9b700 1 -- 172.21.15.83:0/1776607643 <== mon.0 v2:172.21.15.83:3300/0 3 ==== mon_map magic: 0 v1 ==== 229+0+0 (secure 0 0 0) 0x7fad84010380 con 0x7fad94102920
2024-03-31T23:03:34.246 INFO:teuthology.orchestra.run.smithi083.stdout:/usr/bin/ceph: stderr
2024-03-31T23:03:31.421+0000 7fad98a6e700 1 -- 172.21.15.83:0/1776607643 >> [v2:172.21.15.83:3300/0,v1:172.21.15.83:6789/0] conn(0x7fad94102920 msgr2=0x7fad94102d30 secure :-1 s=STATE_CONNECTION_ESTABLISHED l=1).mark_down
2024-03-31T23:03:34.247 INFO:teuthology.orchestra.run.smithi083.stdout:/usr/bin/ceph: stderr
2024-03-31T23:03:31.421+0000 7fad98a6e700 1 --2- 172.21.15.83:0/1776607643 >> [v2:172.21.15.83:3300/0,v1:172.21.15.83:6789/0] conn(0x7fad94102920 0x7fad94102d30 secure :-1 s=READY pgs=43 cs=0 l=1 rev1=1 crypto rx=0x7fad840098e0 tx=0x7fad84009250 comp rx=0 tx=0).stop
2024-03-31T23:03:34.247 INFO:teuthology.orchestra.run.smithi083.stdout:/usr/bin/ceph: stderr
2024-03-31T23:03:31.421+0000 7fad98a6e700 1 -- 172.21.15.83:0/1776607643 shutdown_connections
2024-03-31T23:03:34.247 INFO:teuthology.orchestra.run.smithi083.stdout:/usr/bin/ceph: stderr
2024-03-31T23:03:31.421+0000 7fad98a6e700 1 --2- 172.21.15.83:0/1776607643 >> [v2:172.21.15.83:3300/0,v1:172.21.15.83:6789/0] conn(0x7fad94102920 0x7fad94102d30 unknown :-1 s=CLOSED pgs=43 cs=0 l=1 rev1=1 crypto rx=0 tx=0 comp rx=0 tx=0).stop
2024-03-31T23:03:34.247 INFO:teuthology.orchestra.run.smithi083.stdout:/usr/bin/ceph: stderr
2024-03-31T23:03:31.421+0000 7fad98a6e700 1 -- 172.21.15.83:0/1776607643 >> 172.21.15.83:0/1776607643 conn(0x7fad940fe0a0 msgr2=0x7fad941004b0 unknown :-1 s=STATE_NONE l=0).mark_down
2024-03-31T23:03:34.247 INFO:teuthology.orchestra.run.smithi083.stdout:/usr/bin/ceph: stderr
2024-03-31T23:03:31.422+0000 7fad98a6e700 1 -- 172.21.15.83:0/1776607643 shutdown_connections
2024-03-31T23:03:34.247 INFO:teuthology.orchestra.run.smithi083.stdout:/usr/bin/ceph: stderr
2024-03-31T23:03:31.422+0000 7fad98a6e700 1 -- 172.21.15.83:0/1776607643 wait complete.
2024-03-31T23:03:34.248 INFO:teuthology.orchestra.run.smithi083.stdout:/usr/bin/ceph: stderr
2024-03-31T23:03:31.422+0000 7fad98a6e700 1 Processor -- start
2024-03-31T23:03:34.248 INFO:teuthology.orchestra.run.smithi083.stdout:/usr/bin/ceph: stderr
2024-03-31T23:03:31.422+0000 7fad98a6e700 1 -- start start
2024-03-31T23:03:34.248 INFO:teuthology.orchestra.run.smithi083.stdout:/usr/bin/ceph: stderr
2024-03-31T23:03:31.422+0000 7fad98a6e700 1 --2- >> [v2:172.21.15.83:3300/0,v1:172.21.15.83:6789/0] conn(0x7fad94102920 0x7fad94078c40 unknown :-1 s=NONE pgs=0 cs=0 l=1 rev1=0 crypto rx=0 tx=0 comp rx=0 tx=0).connect
2024-03-31T23:03:34.248 INFO:teuthology.orchestra.run.smithi083.stdout:/usr/bin/ceph: stderr
2024-03-31T23:03:31.422+0000 7fad98a6e700 1 -- --> [v2:172.21.15.83:3300/0,v1:172.21.15.83:6789/0] -- mon_getmap magic: 0 v1 -- 0x7fad94079180 con 0x7fad94102920
2024-03-31T23:03:34.248 INFO:teuthology.orchestra.run.smithi083.stdout:/usr/bin/ceph: stderr
2024-03-31T23:03:31.422+0000 7fad9259c700 1 --2- >> [v2:172.21.15.83:3300/0,v1:172.21.15.83:6789/0] conn(0x7fad94102920 0x7fad94078c40 unknown :-1 s=BANNER_CONNECTING pgs=0 cs=0 l=1 rev1=0 crypto rx=0 tx=0 comp rx=0 tx=0)._handle_peer_banner_payload supported=3 required=0
2024-03-31T23:03:34.248 INFO:teuthology.orchestra.run.smithi083.stdout:/usr/bin/ceph: stderr
2024-03-31T23:03:31.422+0000 7fad9259c700 1 --2- >> [v2:172.21.15.83:3300/0,v1:172.21.15.83:6789/0] conn(0x7fad94102920 0x7fad94078c40 unknown :-1 s=HELLO_CONNECTING pgs=0 cs=0 l=1 rev1=1 crypto rx=0 tx=0 comp rx=0 tx=0).handle_hello peer v2:172.21.15.83:3300/0 says I am v2:172.21.15.83:33766/0 (socket says 172.21.15.83:33766)
2024-03-31T23:03:34.249 INFO:teuthology.orchestra.run.smithi083.stdout:/usr/bin/ceph: stderr
2024-03-31T23:03:31.422+0000 7fad9259c700 1 -- 172.21.15.83:0/4229558465 learned_addr learned my addr 172.21.15.83:0/4229558465 (peer_addr_for_me v2:172.21.15.83:0/0)
2024-03-31T23:03:34.249 INFO:teuthology.orchestra.run.smithi083.stdout:/usr/bin/ceph: stderr
2024-03-31T23:03:31.423+0000 7fad9259c700 1 -- 172.21.15.83:0/4229558465 --> [v2:172.21.15.83:3300/0,v1:172.21.15.83:6789/0] -- mon_subscribe({config=0+,monmap=0+}) v3 -- 0x7fad840094f0 con 0x7fad94102920
2024-03-31T23:03:34.249 INFO:teuthology.orchestra.run.smithi083.stdout:/usr/bin/ceph: stderr
2024-03-31T23:03:31.423+0000 7fad9259c700 1 --2- 172.21.15.83:0/4229558465 >> [v2:172.21.15.83:3300/0,v1:172.21.15.83:6789/0] conn(0x7fad94102920 0x7fad94078c40 secure :-1 s=READY pgs=44 cs=0 l=1 rev1=1 crypto rx=0x7fad84000c00 tx=0x7fad84009250 comp rx=0 tx=0).ready entity=mon.0 client_cookie=0 server_cookie=0 in_seq=0 out_seq=0
2024-03-31T23:03:34.249 INFO:teuthology.orchestra.run.smithi083.stdout:/usr/bin/ceph: stderr
2024-03-31T23:03:31.423+0000 7fad8b7fe700 1 -- 172.21.15.83:0/4229558465 <== mon.0 v2:172.21.15.83:3300/0 1 ==== mon_map magic: 0 v1 ==== 229+0+0 (secure 0 0 0) 0x7fad840107c0 con 0x7fad94102920
2024-03-31T23:03:34.249 INFO:teuthology.orchestra.run.smithi083.stdout:/usr/bin/ceph: stderr
2024-03-31T23:03:31.423+0000 7fad8b7fe700 1 -- 172.21.15.83:0/4229558465 <== mon.0 v2:172.21.15.83:3300/0 2 ==== config(27 keys) v1 ==== 1044+0+0 (secure 0 0 0) 0x7fad84010db0 con 0x7fad94102920
2024-03-31T23:03:34.250 INFO:teuthology.orchestra.run.smithi083.stdout:/usr/bin/ceph: stderr
2024-03-31T23:03:31.423+0000 7fad98a6e700 1 -- 172.21.15.83:0/4229558465 --> [v2:172.21.15.83:3300/0,v1:172.21.15.83:6789/0] -- mon_subscribe({mgrmap=0+}) v3 -- 0x7fad940771f0 con 0x7fad94102920
2024-03-31T23:03:34.250 INFO:teuthology.orchestra.run.smithi083.stdout:/usr/bin/ceph: stderr
2024-03-31T23:03:31.423+0000 7fad8b7fe700 1 -- 172.21.15.83:0/4229558465 <== mon.0 v2:172.21.15.83:3300/0 3 ==== mon_map magic: 0 v1 ==== 229+0+0 (secure 0 0 0) 0x7fad8401ad00 con 0x7fad94102920
2024-03-31T23:03:34.250 INFO:teuthology.orchestra.run.smithi083.stdout:/usr/bin/ceph: stderr
2024-03-31T23:03:31.423+0000 7fad98a6e700 1 -- 172.21.15.83:0/4229558465 --> [v2:172.21.15.83:3300/0,v1:172.21.15.83:6789/0] -- mon_subscribe({osdmap=0}) v3 -- 0x7fad940776e0 con 0x7fad94102920
2024-03-31T23:03:34.250 INFO:teuthology.orchestra.run.smithi083.stdout:/usr/bin/ceph: stderr
2024-03-31T23:03:31.424+0000 7fad8b7fe700 1 -- 172.21.15.83:0/4229558465 <== mon.0 v2:172.21.15.83:3300/0 4 ==== mgrmap(e 8) v1 ==== 43368+0+0 (secure 0 0 0) 0x7fad840193c0 con 0x7fad94102920
2024-03-31T23:03:34.250 INFO:teuthology.orchestra.run.smithi083.stdout:/usr/bin/ceph: stderr
2024-03-31T23:03:31.424+0000 7fad98a6e700 1 -- 172.21.15.83:0/4229558465 --> [v2:172.21.15.83:3300/0,v1:172.21.15.83:6789/0] -- mon_command({"prefix": "get_command_descriptions"} v 0) v1 -- 0x7fad9404bed0 con 0x7fad94102920
2024-03-31T23:03:34.250 INFO:teuthology.orchestra.run.smithi083.stdout:/usr/bin/ceph: stderr
2024-03-31T23:03:31.424+0000 7fad8b7fe700 1 --2- 172.21.15.83:0/4229558465 >> [v2:172.21.15.83:6800/3345658148,v1:172.21.15.83:6801/3345658148] conn(0x7fad800367e0 0x7fad80038c90 unknown :-1 s=NONE pgs=0 cs=0 l=1 rev1=0 crypto rx=0 tx=0 comp rx=0 tx=0).connect
2024-03-31T23:03:34.251 INFO:teuthology.orchestra.run.smithi083.stdout:/usr/bin/ceph: stderr
2024-03-31T23:03:31.424+0000 7fad8b7fe700 1 -- 172.21.15.83:0/4229558465 <== mon.0 v2:172.21.15.83:3300/0 5 ==== osd_map(2..2 src has 1..2) v4 ==== 936+0+0 (secure 0 0 0) 0x7fad8404a790 con 0x7fad94102920
2024-03-31T23:03:34.251 INFO:teuthology.orchestra.run.smithi083.stdout:/usr/bin/ceph: stderr
2024-03-31T23:03:31.424+0000 7fad89d9b700 1 --2- 172.21.15.83:0/4229558465 >> [v2:172.21.15.83:6800/3345658148,v1:172.21.15.83:6801/3345658148] conn(0x7fad800367e0 0x7fad80038c90 unknown :-1 s=BANNER_CONNECTING pgs=0 cs=0 l=1 rev1=0 crypto rx=0 tx=0 comp rx=0 tx=0)._handle_peer_banner_payload supported=3 required=0
2024-03-31T23:03:34.251 INFO:teuthology.orchestra.run.smithi083.stdout:/usr/bin/ceph: stderr
2024-03-31T23:03:31.424+0000 7fad89d9b700 1 --2- 172.21.15.83:0/4229558465 >> [v2:172.21.15.83:6800/3345658148,v1:172.21.15.83:6801/3345658148] conn(0x7fad800367e0 0x7fad80038c90 secure :-1 s=READY pgs=11 cs=0 l=1 rev1=1 crypto rx=0x7fad7c009990 tx=0x7fad7c006e40 comp rx=0 tx=0).ready entity=mgr.14118 client_cookie=0 server_cookie=0 in_seq=0 out_seq=0
2024-03-31T23:03:34.251 INFO:teuthology.orchestra.run.smithi083.stdout:/usr/bin/ceph: stderr
2024-03-31T23:03:31.429+0000 7fad8b7fe700 1 -- 172.21.15.83:0/4229558465 <== mon.0 v2:172.21.15.83:3300/0 6 ==== mon_command_ack([{"prefix": "get_command_descriptions"}]=0 v0) v1 ==== 72+0+176504 (secure 0 0 0) 0x7fad84018ca0 con 0x7fad94102920
2024-03-31T23:03:34.251 INFO:teuthology.orchestra.run.smithi083.stdout:/usr/bin/ceph: stderr
2024-03-31T23:03:31.616+0000 7fad98a6e700 1 -- 172.21.15.83:0/4229558465 --> [v2:172.21.15.83:6800/3345658148,v1:172.21.15.83:6801/3345658148] -- mgr_command(tid 0: {"prefix": "orch host add", "hostname": "smithi083", "addr": "172.21.15.83", "target": ["mon-mgr", ""]}) v1 -- 0x7fad94077ea0 con 0x7fad800367e0
2024-03-31T23:03:34.251 INFO:teuthology.orchestra.run.smithi083.stdout:/usr/bin/ceph: stderr
2024-03-31T23:03:33.698+0000 7fad8b7fe700 1 -- 172.21.15.83:0/4229558465 <== mgr.14118 v2:172.21.15.83:6800/3345658148 1 ==== mgr_command_reply(tid 0: 0 ) v1 ==== 8+0+48 (secure 0 0 0) 0x7fad94077ea0 con 0x7fad800367e0
2024-03-31T23:03:34.252 INFO:teuthology.orchestra.run.smithi083.stdout:/usr/bin/ceph: stderr
2024-03-31T23:03:33.701+0000 7fad98a6e700 1 -- 172.21.15.83:0/4229558465 >> [v2:172.21.15.83:6800/3345658148,v1:172.21.15.83:6801/3345658148] conn(0x7fad800367e0 msgr2=0x7fad80038c90 secure :-1 s=STATE_CONNECTION_ESTABLISHED l=1).mark_down
2024-03-31T23:03:34.252 INFO:teuthology.orchestra.run.smithi083.stdout:/usr/bin/ceph: stderr
2024-03-31T23:03:33.701+0000 7fad98a6e700 1 --2- 172.21.15.83:0/4229558465 >> [v2:172.21.15.83:6800/3345658148,v1:172.21.15.83:6801/3345658148] conn(0x7fad800367e0 0x7fad80038c90 secure :-1 s=READY pgs=11 cs=0 l=1 rev1=1 crypto rx=0x7fad7c009990 tx=0x7fad7c006e40 comp rx=0 tx=0).stop
2024-03-31T23:03:34.252 INFO:teuthology.orchestra.run.smithi083.stdout:/usr/bin/ceph: stderr
2024-03-31T23:03:33.701+0000 7fad98a6e700 1 -- 172.21.15.83:0/4229558465 >> [v2:172.21.15.83:3300/0,v1:172.21.15.83:6789/0] conn(0x7fad94102920 msgr2=0x7fad94078c40 secure :-1 s=STATE_CONNECTION_ESTABLISHED l=1).mark_down
2024-03-31T23:03:34.252 INFO:teuthology.orchestra.run.smithi083.stdout:/usr/bin/ceph: stderr
2024-03-31T23:03:33.701+0000 7fad98a6e700 1 --2- 172.21.15.83:0/4229558465 >> [v2:172.21.15.83:3300/0,v1:172.21.15.83:6789/0] conn(0x7fad94102920 0x7fad94078c40 secure :-1 s=READY pgs=44 cs=0 l=1 rev1=1 crypto rx=0x7fad84000c00 tx=0x7fad84009250 comp rx=0 tx=0).stop
2024-03-31T23:03:34.252 INFO:teuthology.orchestra.run.smithi083.stdout:/usr/bin/ceph: stderr
2024-03-31T23:03:33.701+0000 7fad98a6e700 1 -- 172.21.15.83:0/4229558465 shutdown_connections
2024-03-31T23:03:34.253 INFO:teuthology.orchestra.run.smithi083.stdout:/usr/bin/ceph: stderr
2024-03-31T23:03:33.701+0000 7fad98a6e700 1 --2- 172.21.15.83:0/4229558465 >> [v2:172.21.15.83:6800/3345658148,v1:172.21.15.83:6801/3345658148] conn(0x7fad800367e0 0x7fad80038c90 unknown :-1 s=CLOSED pgs=11 cs=0 l=1 rev1=1 crypto rx=0 tx=0 comp rx=0 tx=0).stop
2024-03-31T23:03:34.253 INFO:teuthology.orchestra.run.smithi083.stdout:/usr/bin/ceph: stderr
2024-03-31T23:03:33.701+0000 7fad98a6e700 1 --2- 172.21.15.83:0/4229558465 >> [v2:172.21.15.83:3300/0,v1:172.21.15.83:6789/0] conn(0x7fad94102920 0x7fad94078c40 unknown :-1 s=CLOSED pgs=44 cs=0 l=1 rev1=1 crypto rx=0 tx=0 comp rx=0 tx=0).stop
2024-03-31T23:03:34.253 INFO:teuthology.orchestra.run.smithi083.stdout:/usr/bin/ceph: stderr
2024-03-31T23:03:33.701+0000 7fad98a6e700 1 -- 172.21.15.83:0/4229558465 >> 172.21.15.83:0/4229558465 conn(0x7fad940fe0a0 msgr2=0x7fad940fec40 unknown :-1 s=STATE_NONE l=0).mark_down
2024-03-31T23:03:34.253 INFO:teuthology.orchestra.run.smithi083.stdout:/usr/bin/ceph: stderr
2024-03-31T23:03:33.701+0000 7fad98a6e700 1 -- 172.21.15.83:0/4229558465 shutdown_connections
2024-03-31T23:03:34.253 INFO:teuthology.orchestra.run.smithi083.stdout:/usr/bin/ceph: stderr
2024-03-31T23:03:33.701+0000 7fad98a6e700 1 -- 172.21.15.83:0/4229558465 wait complete.
2024-03-31T23:03:34.253 INFO:teuthology.orchestra.run.smithi083.stdout:Deploying mon service with default placement...
2024-03-31T23:03:34.878 INFO:journalctl@ceph.mon.smithi083.smithi083.stdout:Mar 31 23:03:34 smithi083 ceph-mon[28951]: from='mgr.14118 172.21.15.83:0/2156512122' entity='mgr.smithi083.bbdknw'
2024-03-31T23:03:34.878 INFO:journalctl@ceph.mon.smithi083.smithi083.stdout:Mar 31 23:03:34 smithi083 ceph-mon[28951]: Added host smithi083
2024-03-31T23:03:34.878 INFO:journalctl@ceph.mon.smithi083.smithi083.stdout:Mar 31 23:03:34 smithi083 ceph-mon[28951]: from='mgr.14118 172.21.15.83:0/2156512122' entity='mgr.smithi083.bbdknw' cmd=[{"prefix": "config dump", "format": "json"}]: dispatch
2024-03-31T23:03:35.686 INFO:teuthology.orchestra.run.smithi083.stdout:/usr/bin/ceph: stdout Scheduled mon update...
2024-03-31T23:03:35.687 INFO:teuthology.orchestra.run.smithi083.stdout:/usr/bin/ceph: stderr
2024-03-31T23:03:34.655+0000 7f064bf6b700 1 Processor -- start
2024-03-31T23:03:35.687 INFO:teuthology.orchestra.run.smithi083.stdout:/usr/bin/ceph: stderr
2024-03-31T23:03:34.655+0000 7f064bf6b700 1 -- start start
2024-03-31T23:03:35.687 INFO:teuthology.orchestra.run.smithi083.stdout:/usr/bin/ceph: stderr
2024-03-31T23:03:34.655+0000 7f064bf6b700 1 --2- >> [v2:172.21.15.83:3300/0,v1:172.21.15.83:6789/0] conn(0x7f0644076c10 0x7f06441078a0 unknown :-1 s=NONE pgs=0 cs=0 l=0 rev1=0 crypto rx=0 tx=0 comp rx=0 tx=0).connect
2024-03-31T23:03:35.687 INFO:teuthology.orchestra.run.smithi083.stdout:/usr/bin/ceph: stderr
2024-03-31T23:03:34.655+0000 7f064bf6b700 1 -- --> [v2:172.21.15.83:3300/0,v1:172.21.15.83:6789/0] -- mon_getmap magic: 0 v1 -- 0x7f0644103290 con 0x7f0644076c10
2024-03-31T23:03:35.687 INFO:teuthology.orchestra.run.smithi083.stdout:/usr/bin/ceph: stderr
2024-03-31T23:03:34.655+0000 7f0649d07700 1 --2- >> [v2:172.21.15.83:3300/0,v1:172.21.15.83:6789/0] conn(0x7f0644076c10 0x7f06441078a0 unknown :-1 s=BANNER_CONNECTING pgs=0 cs=0 l=0 rev1=0 crypto rx=0 tx=0 comp rx=0 tx=0)._handle_peer_banner_payload supported=3 required=0
2024-03-31T23:03:35.687 INFO:teuthology.orchestra.run.smithi083.stdout:/usr/bin/ceph: stderr
2024-03-31T23:03:34.655+0000 7f0649d07700 1 --2- >> [v2:172.21.15.83:3300/0,v1:172.21.15.83:6789/0] conn(0x7f0644076c10 0x7f06441078a0 unknown :-1 s=HELLO_CONNECTING pgs=0 cs=0 l=0 rev1=1 crypto rx=0 tx=0 comp rx=0 tx=0).handle_hello peer v2:172.21.15.83:3300/0 says I am v2:172.21.15.83:55140/0 (socket says 172.21.15.83:55140)
2024-03-31T23:03:35.687 INFO:teuthology.orchestra.run.smithi083.stdout:/usr/bin/ceph: stderr
2024-03-31T23:03:34.655+0000 7f0649d07700 1 -- 172.21.15.83:0/1391922778 learned_addr learned my addr 172.21.15.83:0/1391922778 (peer_addr_for_me v2:172.21.15.83:0/0)
2024-03-31T23:03:35.687 INFO:teuthology.orchestra.run.smithi083.stdout:/usr/bin/ceph: stderr
2024-03-31T23:03:34.656+0000 7f0649d07700 1 -- 172.21.15.83:0/1391922778 --> [v2:172.21.15.83:3300/0,v1:172.21.15.83:6789/0] -- mon_subscribe({config=0+,monmap=0+}) v3 -- 0x7f0644107de0 con 0x7f0644076c10
2024-03-31T23:03:35.687 INFO:teuthology.orchestra.run.smithi083.stdout:/usr/bin/ceph: stderr
2024-03-31T23:03:34.656+0000 7f0649d07700 1 --2- 172.21.15.83:0/1391922778 >> [v2:172.21.15.83:3300/0,v1:172.21.15.83:6789/0] conn(0x7f0644076c10 0x7f06441078a0 secure :-1 s=READY pgs=45 cs=0 l=1 rev1=1 crypto rx=0x7f06400098e0 tx=0x7f0640009250 comp rx=0 tx=0).ready entity=mon.0 client_cookie=e668dae5425633ac server_cookie=0 in_seq=0 out_seq=0
2024-03-31T23:03:35.687 INFO:teuthology.orchestra.run.smithi083.stdout:/usr/bin/ceph: stderr
2024-03-31T23:03:34.656+0000 7f0648d05700 1 -- 172.21.15.83:0/1391922778 <== mon.0 v2:172.21.15.83:3300/0 1 ==== mon_map magic: 0 v1 ==== 229+0+0 (secure 0 0 0) 0x7f064000b860 con 0x7f0644076c10
2024-03-31T23:03:35.687 INFO:teuthology.orchestra.run.smithi083.stdout:/usr/bin/ceph: stderr
2024-03-31T23:03:34.656+0000 7f0648d05700 1 -- 172.21.15.83:0/1391922778 <== mon.0 v2:172.21.15.83:3300/0 2 ==== config(27 keys) v1 ==== 1044+0+0 (secure 0 0 0) 0x7f064000be50 con 0x7f0644076c10
2024-03-31T23:03:35.687 INFO:teuthology.orchestra.run.smithi083.stdout:/usr/bin/ceph: stderr
2024-03-31T23:03:34.656+0000 7f0648d05700 1 -- 172.21.15.83:0/1391922778 <== mon.0 v2:172.21.15.83:3300/0 3 ==== mon_map magic: 0 v1 ==== 229+0+0 (secure 0 0 0) 0x7f0640010380 con 0x7f0644076c10
2024-03-31T23:03:35.688 INFO:teuthology.orchestra.run.smithi083.stdout:/usr/bin/ceph: stderr
2024-03-31T23:03:34.656+0000 7f064bf6b700 1 -- 172.21.15.83:0/1391922778 >> [v2:172.21.15.83:3300/0,v1:172.21.15.83:6789/0] conn(0x7f0644076c10 msgr2=0x7f06441078a0 secure :-1 s=STATE_CONNECTION_ESTABLISHED l=1).mark_down
2024-03-31T23:03:35.688 INFO:teuthology.orchestra.run.smithi083.stdout:/usr/bin/ceph: stderr
2024-03-31T23:03:34.656+0000 7f064bf6b700 1 --2- 172.21.15.83:0/1391922778 >> [v2:172.21.15.83:3300/0,v1:172.21.15.83:6789/0] conn(0x7f0644076c10 0x7f06441078a0 secure :-1 s=READY pgs=45 cs=0 l=1 rev1=1 crypto rx=0x7f06400098e0 tx=0x7f0640009250 comp rx=0 tx=0).stop
2024-03-31T23:03:35.688 INFO:teuthology.orchestra.run.smithi083.stdout:/usr/bin/ceph: stderr
2024-03-31T23:03:34.656+0000 7f064bf6b700 1 -- 172.21.15.83:0/1391922778 shutdown_connections
2024-03-31T23:03:35.688 INFO:teuthology.orchestra.run.smithi083.stdout:/usr/bin/ceph: stderr
2024-03-31T23:03:34.656+0000 7f064bf6b700 1 --2- 172.21.15.83:0/1391922778 >> [v2:172.21.15.83:3300/0,v1:172.21.15.83:6789/0] conn(0x7f0644076c10 0x7f06441078a0 unknown :-1 s=CLOSED pgs=45 cs=0 l=1 rev1=1 crypto rx=0 tx=0 comp rx=0 tx=0).stop
2024-03-31T23:03:35.688 INFO:teuthology.orchestra.run.smithi083.stdout:/usr/bin/ceph: stderr
2024-03-31T23:03:34.656+0000 7f064bf6b700 1 -- 172.21.15.83:0/1391922778 >> 172.21.15.83:0/1391922778 conn(0x7f06440fcf30 msgr2=0x7f06440ff340 unknown :-1 s=STATE_NONE l=0).mark_down
2024-03-31T23:03:35.688 INFO:teuthology.orchestra.run.smithi083.stdout:/usr/bin/ceph: stderr
2024-03-31T23:03:34.657+0000 7f064bf6b700 1 -- 172.21.15.83:0/1391922778 shutdown_connections
2024-03-31T23:03:35.688 INFO:teuthology.orchestra.run.smithi083.stdout:/usr/bin/ceph: stderr
2024-03-31T23:03:34.657+0000 7f064bf6b700 1 -- 172.21.15.83:0/1391922778 wait complete.
2024-03-31T23:03:35.688 INFO:teuthology.orchestra.run.smithi083.stdout:/usr/bin/ceph: stderr
2024-03-31T23:03:34.657+0000 7f064bf6b700 1 Processor -- start
2024-03-31T23:03:35.688 INFO:teuthology.orchestra.run.smithi083.stdout:/usr/bin/ceph: stderr
2024-03-31T23:03:34.657+0000 7f064bf6b700 1 -- start start
2024-03-31T23:03:35.688 INFO:teuthology.orchestra.run.smithi083.stdout:/usr/bin/ceph: stderr
2024-03-31T23:03:34.657+0000 7f064bf6b700 1 --2- >> [v2:172.21.15.83:3300/0,v1:172.21.15.83:6789/0] conn(0x7f0644076c10 0x7f0644113900 unknown :-1 s=NONE pgs=0 cs=0 l=1 rev1=0 crypto rx=0 tx=0 comp rx=0 tx=0).connect
2024-03-31T23:03:35.688 INFO:teuthology.orchestra.run.smithi083.stdout:/usr/bin/ceph: stderr
2024-03-31T23:03:34.657+0000 7f064bf6b700 1 -- --> [v2:172.21.15.83:3300/0,v1:172.21.15.83:6789/0] -- mon_getmap magic: 0 v1 -- 0x7f0644113e40 con 0x7f0644076c10
2024-03-31T23:03:35.688 INFO:teuthology.orchestra.run.smithi083.stdout:/usr/bin/ceph: stderr
2024-03-31T23:03:34.657+0000 7f0649d07700 1 --2- >> [v2:172.21.15.83:3300/0,v1:172.21.15.83:6789/0] conn(0x7f0644076c10 0x7f0644113900 unknown :-1 s=BANNER_CONNECTING pgs=0 cs=0 l=1 rev1=0 crypto rx=0 tx=0 comp rx=0 tx=0)._handle_peer_banner_payload supported=3 required=0
2024-03-31T23:03:35.688 INFO:teuthology.orchestra.run.smithi083.stdout:/usr/bin/ceph: stderr
2024-03-31T23:03:34.657+0000 7f0649d07700 1 --2- >> [v2:172.21.15.83:3300/0,v1:172.21.15.83:6789/0] conn(0x7f0644076c10 0x7f0644113900 unknown :-1 s=HELLO_CONNECTING pgs=0 cs=0 l=1 rev1=1 crypto rx=0 tx=0 comp rx=0 tx=0).handle_hello peer v2:172.21.15.83:3300/0 says I am v2:172.21.15.83:55150/0 (socket says 172.21.15.83:55150)
2024-03-31T23:03:35.688 INFO:teuthology.orchestra.run.smithi083.stdout:/usr/bin/ceph: stderr
2024-03-31T23:03:34.657+0000 7f0649d07700 1 -- 172.21.15.83:0/828263797 learned_addr learned my addr 172.21.15.83:0/828263797 (peer_addr_for_me v2:172.21.15.83:0/0)
2024-03-31T23:03:35.689 INFO:teuthology.orchestra.run.smithi083.stdout:/usr/bin/ceph: stderr
2024-03-31T23:03:34.657+0000 7f0649d07700 1 -- 172.21.15.83:0/828263797 --> [v2:172.21.15.83:3300/0,v1:172.21.15.83:6789/0] -- mon_subscribe({config=0+,monmap=0+}) v3 -- 0x7f06400094f0 con 0x7f0644076c10
2024-03-31T23:03:35.689 INFO:teuthology.orchestra.run.smithi083.stdout:/usr/bin/ceph: stderr
2024-03-31T23:03:34.658+0000 7f0649d07700 1 --2- 172.21.15.83:0/828263797 >> [v2:172.21.15.83:3300/0,v1:172.21.15.83:6789/0] conn(0x7f0644076c10 0x7f0644113900 secure :-1 s=READY pgs=46 cs=0 l=1 rev1=1 crypto rx=0x7f06400090b0 tx=0x7f0640009250 comp rx=0 tx=0).ready entity=mon.0 client_cookie=0 server_cookie=0 in_seq=0 out_seq=0
2024-03-31T23:03:35.689 INFO:teuthology.orchestra.run.smithi083.stdout:/usr/bin/ceph: stderr
2024-03-31T23:03:34.658+0000 7f063a7fc700 1 -- 172.21.15.83:0/828263797 <== mon.0 v2:172.21.15.83:3300/0 1 ==== mon_map magic: 0 v1 ==== 229+0+0 (secure 0 0 0) 0x7f0640010760 con 0x7f0644076c10
2024-03-31T23:03:35.689 INFO:teuthology.orchestra.run.smithi083.stdout:/usr/bin/ceph: stderr
2024-03-31T23:03:34.658+0000 7f064bf6b700 1 -- 172.21.15.83:0/828263797 --> [v2:172.21.15.83:3300/0,v1:172.21.15.83:6789/0] -- mon_subscribe({mgrmap=0+}) v3 -- 0x7f0644114040 con 0x7f0644076c10
2024-03-31T23:03:35.689 INFO:teuthology.orchestra.run.smithi083.stdout:/usr/bin/ceph: stderr
2024-03-31T23:03:34.658+0000 7f063a7fc700 1 -- 172.21.15.83:0/828263797 <== mon.0 v2:172.21.15.83:3300/0 2 ==== config(27 keys) v1 ==== 1044+0+0 (secure 0 0 0) 0x7f0640010d50 con 0x7f0644076c10
2024-03-31T23:03:35.689 INFO:teuthology.orchestra.run.smithi083.stdout:/usr/bin/ceph: stderr
2024-03-31T23:03:34.658+0000 7f063a7fc700 1 -- 172.21.15.83:0/828263797 <== mon.0 v2:172.21.15.83:3300/0 3 ==== mon_map magic: 0 v1 ==== 229+0+0 (secure 0 0 0) 0x7f064001ace0 con 0x7f0644076c10
2024-03-31T23:03:35.689 INFO:teuthology.orchestra.run.smithi083.stdout:/usr/bin/ceph: stderr
2024-03-31T23:03:34.658+0000 7f064bf6b700 1 -- 172.21.15.83:0/828263797 --> [v2:172.21.15.83:3300/0,v1:172.21.15.83:6789/0] -- mon_subscribe({osdmap=0}) v3 -- 0x7f0644114bb0 con 0x7f0644076c10
2024-03-31T23:03:35.689 INFO:teuthology.orchestra.run.smithi083.stdout:/usr/bin/ceph: stderr
2024-03-31T23:03:34.659+0000 7f063a7fc700 1 -- 172.21.15.83:0/828263797 <== mon.0 v2:172.21.15.83:3300/0 4 ==== mgrmap(e 8) v1 ==== 43368+0+0 (secure 0 0 0) 0x7f064002d3f0 con 0x7f0644076c10
2024-03-31T23:03:35.689 INFO:teuthology.orchestra.run.smithi083.stdout:/usr/bin/ceph: stderr
2024-03-31T23:03:34.659+0000 7f064bf6b700 1 -- 172.21.15.83:0/828263797 --> [v2:172.21.15.83:3300/0,v1:172.21.15.83:6789/0] -- mon_command({"prefix": "get_command_descriptions"} v 0) v1 -- 0x7f064405f5f0 con 0x7f0644076c10
2024-03-31T23:03:35.689 INFO:teuthology.orchestra.run.smithi083.stdout:/usr/bin/ceph: stderr
2024-03-31T23:03:34.659+0000 7f063a7fc700 1 --2- 172.21.15.83:0/828263797 >> [v2:172.21.15.83:6800/3345658148,v1:172.21.15.83:6801/3345658148] conn(0x7f0630036790 0x7f0630038c40 unknown :-1 s=NONE pgs=0 cs=0 l=1 rev1=0 crypto rx=0 tx=0 comp rx=0 tx=0).connect
2024-03-31T23:03:35.689 INFO:teuthology.orchestra.run.smithi083.stdout:/usr/bin/ceph: stderr
2024-03-31T23:03:34.659+0000 7f063a7fc700 1 -- 172.21.15.83:0/828263797 <== mon.0 v2:172.21.15.83:3300/0 5 ==== osd_map(2..2 src has 1..2) v4 ==== 936+0+0 (secure 0 0 0) 0x7f064004a380 con 0x7f0644076c10
2024-03-31T23:03:35.689 INFO:teuthology.orchestra.run.smithi083.stdout:/usr/bin/ceph: stderr
2024-03-31T23:03:34.659+0000 7f0649506700 1 --2- 172.21.15.83:0/828263797 >> [v2:172.21.15.83:6800/3345658148,v1:172.21.15.83:6801/3345658148] conn(0x7f0630036790 0x7f0630038c40 unknown :-1 s=BANNER_CONNECTING pgs=0 cs=0 l=1 rev1=0 crypto rx=0 tx=0 comp rx=0 tx=0)._handle_peer_banner_payload supported=3 required=0
2024-03-31T23:03:35.689 INFO:teuthology.orchestra.run.smithi083.stdout:/usr/bin/ceph: stderr
2024-03-31T23:03:34.659+0000 7f0649506700 1 --2- 172.21.15.83:0/828263797 >> [v2:172.21.15.83:6800/3345658148,v1:172.21.15.83:6801/3345658148] conn(0x7f0630036790 0x7f0630038c40 secure :-1 s=READY pgs=12 cs=0 l=1 rev1=1 crypto rx=0x7f0634009990 tx=0x7f0634006e40 comp rx=0 tx=0).ready entity=mgr.14118 client_cookie=0 server_cookie=0 in_seq=0 out_seq=0
2024-03-31T23:03:35.690 INFO:teuthology.orchestra.run.smithi083.stdout:/usr/bin/ceph: stderr
2024-03-31T23:03:34.663+0000 7f063a7fc700 1 -- 172.21.15.83:0/828263797 <== mon.0 v2:172.21.15.83:3300/0 6 ==== mon_command_ack([{"prefix": "get_command_descriptions"}]=0 v0) v1 ==== 72+0+176504 (secure 0 0 0) 0x7f064002b4d0 con 0x7f0644076c10
2024-03-31T23:03:35.690 INFO:teuthology.orchestra.run.smithi083.stdout:/usr/bin/ceph: stderr
2024-03-31T23:03:34.888+0000 7f064bf6b700 1 -- 172.21.15.83:0/828263797 --> [v2:172.21.15.83:6800/3345658148,v1:172.21.15.83:6801/3345658148] -- mgr_command(tid 0: {"prefix": "orch apply", "service_type": "mon", "target": ["mon-mgr", ""]}) v1 -- 0x7f06440fe2d0 con 0x7f0630036790
2024-03-31T23:03:35.690 INFO:teuthology.orchestra.run.smithi083.stdout:/usr/bin/ceph: stderr
2024-03-31T23:03:34.892+0000 7f063a7fc700 1 -- 172.21.15.83:0/828263797 <== mgr.14118 v2:172.21.15.83:6800/3345658148 1 ==== mgr_command_reply(tid 0: 0 ) v1 ==== 8+0+24 (secure 0 0 0) 0x7f06440fe2d0 con 0x7f0630036790
2024-03-31T23:03:35.690 INFO:teuthology.orchestra.run.smithi083.stdout:/usr/bin/ceph: stderr
2024-03-31T23:03:34.894+0000 7f064bf6b700 1 -- 172.21.15.83:0/828263797 >> [v2:172.21.15.83:6800/3345658148,v1:172.21.15.83:6801/3345658148] conn(0x7f0630036790 msgr2=0x7f0630038c40 secure :-1 s=STATE_CONNECTION_ESTABLISHED l=1).mark_down
2024-03-31T23:03:35.690 INFO:teuthology.orchestra.run.smithi083.stdout:/usr/bin/ceph: stderr
2024-03-31T23:03:34.894+0000 7f064bf6b700 1 --2- 172.21.15.83:0/828263797 >> [v2:172.21.15.83:6800/3345658148,v1:172.21.15.83:6801/3345658148] conn(0x7f0630036790 0x7f0630038c40 secure :-1 s=READY pgs=12 cs=0 l=1 rev1=1 crypto rx=0x7f0634009990 tx=0x7f0634006e40 comp rx=0 tx=0).stop
2024-03-31T23:03:35.690 INFO:teuthology.orchestra.run.smithi083.stdout:/usr/bin/ceph: stderr
2024-03-31T23:03:34.894+0000 7f064bf6b700 1 -- 172.21.15.83:0/828263797 >> [v2:172.21.15.83:3300/0,v1:172.21.15.83:6789/0] conn(0x7f0644076c10 msgr2=0x7f0644113900 secure :-1 s=STATE_CONNECTION_ESTABLISHED l=1).mark_down
2024-03-31T23:03:35.690 INFO:teuthology.orchestra.run.smithi083.stdout:/usr/bin/ceph: stderr
2024-03-31T23:03:34.894+0000 7f064bf6b700 1 --2- 172.21.15.83:0/828263797 >> [v2:172.21.15.83:3300/0,v1:172.21.15.83:6789/0] conn(0x7f0644076c10 0x7f0644113900 secure :-1 s=READY pgs=46 cs=0 l=1 rev1=1 crypto rx=0x7f06400090b0 tx=0x7f0640009250 comp rx=0 tx=0).stop
2024-03-31T23:03:35.690 INFO:teuthology.orchestra.run.smithi083.stdout:/usr/bin/ceph: stderr
2024-03-31T23:03:34.894+0000 7f064bf6b700 1 -- 172.21.15.83:0/828263797 shutdown_connections
2024-03-31T23:03:35.690 INFO:teuthology.orchestra.run.smithi083.stdout:/usr/bin/ceph: stderr
2024-03-31T23:03:34.894+0000 7f064bf6b700 1 --2- 172.21.15.83:0/828263797 >> [v2:172.21.15.83:6800/3345658148,v1:172.21.15.83:6801/3345658148] conn(0x7f0630036790 0x7f0630038c40 unknown :-1 s=CLOSED pgs=12 cs=0 l=1 rev1=1 crypto rx=0 tx=0 comp rx=0 tx=0).stop
2024-03-31T23:03:35.690 INFO:teuthology.orchestra.run.smithi083.stdout:/usr/bin/ceph: stderr
2024-03-31T23:03:34.894+0000 7f064bf6b700 1 --2- 172.21.15.83:0/828263797 >> [v2:172.21.15.83:3300/0,v1:172.21.15.83:6789/0] conn(0x7f0644076c10 0x7f0644113900 unknown :-1 s=CLOSED pgs=46 cs=0 l=1 rev1=1 crypto rx=0 tx=0 comp rx=0 tx=0).stop
2024-03-31T23:03:35.690 INFO:teuthology.orchestra.run.smithi083.stdout:/usr/bin/ceph: stderr
2024-03-31T23:03:34.894+0000 7f064bf6b700 1 -- 172.21.15.83:0/828263797 >> 172.21.15.83:0/828263797 conn(0x7f06440fcf30 msgr2=0x7f06440fdb00 unknown :-1 s=STATE_NONE l=0).mark_down
2024-03-31T23:03:35.690 INFO:teuthology.orchestra.run.smithi083.stdout:/usr/bin/ceph: stderr
2024-03-31T23:03:34.895+0000 7f064bf6b700 1 -- 172.21.15.83:0/828263797 shutdown_connections
2024-03-31T23:03:35.690 INFO:teuthology.orchestra.run.smithi083.stdout:/usr/bin/ceph: stderr
2024-03-31T23:03:34.895+0000 7f064bf6b700 1 -- 172.21.15.83:0/828263797 wait complete.
2024-03-31T23:03:35.690 INFO:teuthology.orchestra.run.smithi083.stdout:Deploying mgr service with default placement...
2024-03-31T23:03:36.040 INFO:journalctl@ceph.mon.smithi083.smithi083.stdout:Mar 31 23:03:35 smithi083 ceph-mon[28951]: from='client.14140 -' entity='client.admin' cmd=[{"prefix": "orch apply", "service_type": "mon", "target": ["mon-mgr", ""]}]: dispatch
2024-03-31T23:03:36.040 INFO:journalctl@ceph.mon.smithi083.smithi083.stdout:Mar 31 23:03:35 smithi083 ceph-mon[28951]: Saving service mon spec with placement count:5
2024-03-31T23:03:36.040 INFO:journalctl@ceph.mon.smithi083.smithi083.stdout:Mar 31 23:03:35 smithi083 ceph-mon[28951]: from='mgr.14118 172.21.15.83:0/2156512122' entity='mgr.smithi083.bbdknw'
2024-03-31T23:03:36.845 INFO:teuthology.orchestra.run.smithi083.stdout:/usr/bin/ceph: stdout Scheduled mgr update...
2024-03-31T23:03:36.845 INFO:teuthology.orchestra.run.smithi083.stdout:/usr/bin/ceph: stderr
2024-03-31T23:03:36.135+0000 7f067dca1700 1 Processor -- start
2024-03-31T23:03:36.845 INFO:teuthology.orchestra.run.smithi083.stdout:/usr/bin/ceph: stderr
2024-03-31T23:03:36.135+0000 7f067dca1700 1 -- start start
2024-03-31T23:03:36.845 INFO:teuthology.orchestra.run.smithi083.stdout:/usr/bin/ceph: stderr
2024-03-31T23:03:36.135+0000 7f067dca1700 1 --2- >> [v2:172.21.15.83:3300/0,v1:172.21.15.83:6789/0] conn(0x7f0678101de0 0x7f06781021f0 unknown :-1 s=NONE pgs=0 cs=0 l=0 rev1=0 crypto rx=0 tx=0 comp rx=0 tx=0).connect
2024-03-31T23:03:36.845 INFO:teuthology.orchestra.run.smithi083.stdout:/usr/bin/ceph: stderr
2024-03-31T23:03:36.135+0000 7f067dca1700 1 -- --> [v2:172.21.15.83:3300/0,v1:172.21.15.83:6789/0] -- mon_getmap magic: 0 v1 -- 0x7f0678102730 con 0x7f0678101de0
2024-03-31T23:03:36.845 INFO:teuthology.orchestra.run.smithi083.stdout:/usr/bin/ceph: stderr
2024-03-31T23:03:36.135+0000 7f06777fe700 1 --2- >> [v2:172.21.15.83:3300/0,v1:172.21.15.83:6789/0] conn(0x7f0678101de0 0x7f06781021f0 unknown :-1 s=BANNER_CONNECTING pgs=0 cs=0 l=0 rev1=0 crypto rx=0 tx=0 comp rx=0 tx=0)._handle_peer_banner_payload supported=3 required=0
2024-03-31T23:03:36.845 INFO:teuthology.orchestra.run.smithi083.stdout:/usr/bin/ceph: stderr
2024-03-31T23:03:36.135+0000 7f06777fe700 1 --2- >> [v2:172.21.15.83:3300/0,v1:172.21.15.83:6789/0] conn(0x7f0678101de0 0x7f06781021f0 unknown :-1 s=HELLO_CONNECTING pgs=0 cs=0 l=0 rev1=1 crypto rx=0 tx=0 comp rx=0 tx=0).handle_hello peer v2:172.21.15.83:3300/0 says I am v2:172.21.15.83:55152/0 (socket says 172.21.15.83:55152)
2024-03-31T23:03:36.845 INFO:teuthology.orchestra.run.smithi083.stdout:/usr/bin/ceph: stderr
2024-03-31T23:03:36.135+0000 7f06777fe700 1 -- 172.21.15.83:0/487677028 learned_addr learned my addr 172.21.15.83:0/487677028 (peer_addr_for_me v2:172.21.15.83:0/0)
2024-03-31T23:03:36.845 INFO:teuthology.orchestra.run.smithi083.stdout:/usr/bin/ceph: stderr
2024-03-31T23:03:36.136+0000 7f06777fe700 1 -- 172.21.15.83:0/487677028 --> [v2:172.21.15.83:3300/0,v1:172.21.15.83:6789/0] -- mon_subscribe({config=0+,monmap=0+}) v3 -- 0x7f0678102870 con 0x7f0678101de0
2024-03-31T23:03:36.846 INFO:teuthology.orchestra.run.smithi083.stdout:/usr/bin/ceph: stderr
2024-03-31T23:03:36.136+0000 7f06777fe700 1 --2- 172.21.15.83:0/487677028 >> [v2:172.21.15.83:3300/0,v1:172.21.15.83:6789/0] conn(0x7f0678101de0 0x7f06781021f0 secure :-1 s=READY pgs=47 cs=0 l=1 rev1=1 crypto rx=0x7f066800bb80 tx=0x7f066800b4f0 comp rx=0 tx=0).ready entity=mon.0 client_cookie=190d3ee30502b1f7 server_cookie=0 in_seq=0 out_seq=0
2024-03-31T23:03:36.846 INFO:teuthology.orchestra.run.smithi083.stdout:/usr/bin/ceph: stderr
2024-03-31T23:03:36.136+0000 7f06767fc700 1 -- 172.21.15.83:0/487677028 <== mon.0 v2:172.21.15.83:3300/0 1 ==== mon_map magic: 0 v1 ==== 229+0+0 (secure 0 0 0) 0x7f066800dd00 con 0x7f0678101de0
2024-03-31T23:03:36.846 INFO:teuthology.orchestra.run.smithi083.stdout:/usr/bin/ceph: stderr
2024-03-31T23:03:36.136+0000 7f06767fc700 1 -- 172.21.15.83:0/487677028 <== mon.0 v2:172.21.15.83:3300/0 2 ==== config(27 keys) v1 ==== 1044+0+0 (secure 0 0 0) 0x7f066800de60 con 0x7f0678101de0
2024-03-31T23:03:36.846 INFO:teuthology.orchestra.run.smithi083.stdout:/usr/bin/ceph: stderr
2024-03-31T23:03:36.136+0000 7f06767fc700 1 -- 172.21.15.83:0/487677028 <== mon.0 v2:172.21.15.83:3300/0 3 ==== mon_map magic: 0 v1 ==== 229+0+0 (secure 0 0 0) 0x7f06680188a0 con 0x7f0678101de0
2024-03-31T23:03:36.846 INFO:teuthology.orchestra.run.smithi083.stdout:/usr/bin/ceph: stderr
2024-03-31T23:03:36.136+0000 7f067dca1700 1 -- 172.21.15.83:0/487677028 >> [v2:172.21.15.83:3300/0,v1:172.21.15.83:6789/0] conn(0x7f0678101de0 msgr2=0x7f06781021f0 secure :-1 s=STATE_CONNECTION_ESTABLISHED l=1).mark_down
2024-03-31T23:03:36.846 INFO:teuthology.orchestra.run.smithi083.stdout:/usr/bin/ceph: stderr
2024-03-31T23:03:36.136+0000 7f067dca1700 1 --2- 172.21.15.83:0/487677028 >> [v2:172.21.15.83:3300/0,v1:172.21.15.83:6789/0] conn(0x7f0678101de0 0x7f06781021f0 secure :-1 s=READY pgs=47 cs=0 l=1 rev1=1 crypto rx=0x7f066800bb80 tx=0x7f066800b4f0 comp rx=0 tx=0).stop
2024-03-31T23:03:36.846 INFO:teuthology.orchestra.run.smithi083.stdout:/usr/bin/ceph: stderr
2024-03-31T23:03:36.137+0000 7f067dca1700 1 -- 172.21.15.83:0/487677028 shutdown_connections
2024-03-31T23:03:36.846 INFO:teuthology.orchestra.run.smithi083.stdout:/usr/bin/ceph: stderr
2024-03-31T23:03:36.137+0000 7f067dca1700 1 --2- 172.21.15.83:0/487677028 >> [v2:172.21.15.83:3300/0,v1:172.21.15.83:6789/0] conn(0x7f0678101de0 0x7f06781021f0 unknown :-1 s=CLOSED pgs=47 cs=0 l=1 rev1=1 crypto rx=0 tx=0 comp rx=0 tx=0).stop
2024-03-31T23:03:36.846 INFO:teuthology.orchestra.run.smithi083.stdout:/usr/bin/ceph: stderr
2024-03-31T23:03:36.137+0000 7f067dca1700 1 -- 172.21.15.83:0/487677028 >> 172.21.15.83:0/487677028 conn(0x7f06780fc750 msgr2=0x7f06780feb60 unknown :-1 s=STATE_NONE l=0).mark_down
2024-03-31T23:03:36.846 INFO:teuthology.orchestra.run.smithi083.stdout:/usr/bin/ceph: stderr
2024-03-31T23:03:36.137+0000 7f067dca1700 1 -- 172.21.15.83:0/487677028 shutdown_connections
2024-03-31T23:03:36.846 INFO:teuthology.orchestra.run.smithi083.stdout:/usr/bin/ceph: stderr
2024-03-31T23:03:36.137+0000 7f067dca1700 1 -- 172.21.15.83:0/487677028 wait complete.
2024-03-31T23:03:36.846 INFO:teuthology.orchestra.run.smithi083.stdout:/usr/bin/ceph: stderr
2024-03-31T23:03:36.137+0000 7f067dca1700 1 Processor -- start
2024-03-31T23:03:36.846 INFO:teuthology.orchestra.run.smithi083.stdout:/usr/bin/ceph: stderr
2024-03-31T23:03:36.137+0000 7f067dca1700 1 -- start start
2024-03-31T23:03:36.846 INFO:teuthology.orchestra.run.smithi083.stdout:/usr/bin/ceph: stderr
2024-03-31T23:03:36.137+0000 7f067dca1700 1 --2- >> [v2:172.21.15.83:3300/0,v1:172.21.15.83:6789/0] conn(0x7f0678101de0 0x7f067810f400 unknown :-1 s=NONE pgs=0 cs=0 l=1 rev1=0 crypto rx=0 tx=0 comp rx=0 tx=0).connect
2024-03-31T23:03:36.847 INFO:teuthology.orchestra.run.smithi083.stdout:/usr/bin/ceph: stderr
2024-03-31T23:03:36.137+0000 7f067dca1700 1 -- --> [v2:172.21.15.83:3300/0,v1:172.21.15.83:6789/0] -- mon_getmap magic: 0 v1 -- 0x7f067810f940 con 0x7f0678101de0
2024-03-31T23:03:36.847 INFO:teuthology.orchestra.run.smithi083.stdout:/usr/bin/ceph: stderr
2024-03-31T23:03:36.138+0000 7f06777fe700 1 --2- >> [v2:172.21.15.83:3300/0,v1:172.21.15.83:6789/0] conn(0x7f0678101de0 0x7f067810f400 unknown :-1 s=BANNER_CONNECTING pgs=0 cs=0 l=1 rev1=0 crypto rx=0 tx=0 comp rx=0 tx=0)._handle_peer_banner_payload supported=3 required=0
2024-03-31T23:03:36.847 INFO:teuthology.orchestra.run.smithi083.stdout:/usr/bin/ceph: stderr
2024-03-31T23:03:36.138+0000 7f06777fe700 1 --2- >> [v2:172.21.15.83:3300/0,v1:172.21.15.83:6789/0] conn(0x7f0678101de0 0x7f067810f400 unknown :-1 s=HELLO_CONNECTING pgs=0 cs=0 l=1 rev1=1 crypto rx=0 tx=0 comp rx=0 tx=0).handle_hello peer v2:172.21.15.83:3300/0 says I am v2:172.21.15.83:55156/0 (socket says 172.21.15.83:55156)
2024-03-31T23:03:36.847 INFO:teuthology.orchestra.run.smithi083.stdout:/usr/bin/ceph: stderr
2024-03-31T23:03:36.138+0000 7f06777fe700 1 -- 172.21.15.83:0/1228009736 learned_addr learned my addr 172.21.15.83:0/1228009736 (peer_addr_for_me v2:172.21.15.83:0/0)
2024-03-31T23:03:36.847 INFO:teuthology.orchestra.run.smithi083.stdout:/usr/bin/ceph: stderr
2024-03-31T23:03:36.138+0000 7f06777fe700 1 -- 172.21.15.83:0/1228009736 --> [v2:172.21.15.83:3300/0,v1:172.21.15.83:6789/0] -- mon_subscribe({config=0+,monmap=0+}) v3 -- 0x7f066800b790 con 0x7f0678101de0
2024-03-31T23:03:36.847 INFO:teuthology.orchestra.run.smithi083.stdout:/usr/bin/ceph: stderr
2024-03-31T23:03:36.138+0000 7f06777fe700 1 --2- 172.21.15.83:0/1228009736 >> [v2:172.21.15.83:3300/0,v1:172.21.15.83:6789/0] conn(0x7f0678101de0 0x7f067810f400 secure :-1 s=READY pgs=48 cs=0 l=1 rev1=1 crypto rx=0x7f0668018600 tx=0x7f066800b4f0 comp rx=0 tx=0).ready entity=mon.0 client_cookie=0 server_cookie=0 in_seq=0 out_seq=0
2024-03-31T23:03:36.847 INFO:teuthology.orchestra.run.smithi083.stdout:/usr/bin/ceph: stderr
2024-03-31T23:03:36.138+0000 7f065ffff700 1 -- 172.21.15.83:0/1228009736 <== mon.0 v2:172.21.15.83:3300/0 1 ==== mon_map magic: 0 v1 ==== 229+0+0 (secure 0 0 0) 0x7f0668010bd0 con 0x7f0678101de0
2024-03-31T23:03:36.847 INFO:teuthology.orchestra.run.smithi083.stdout:/usr/bin/ceph: stderr
2024-03-31T23:03:36.138+0000 7f067dca1700 1 -- 172.21.15.83:0/1228009736 --> [v2:172.21.15.83:3300/0,v1:172.21.15.83:6789/0] -- mon_subscribe({mgrmap=0+}) v3 -- 0x7f067810fb40 con 0x7f0678101de0
2024-03-31T23:03:36.847 INFO:teuthology.orchestra.run.smithi083.stdout:/usr/bin/ceph: stderr
2024-03-31T23:03:36.138+0000 7f065ffff700 1 -- 172.21.15.83:0/1228009736 <== mon.0 v2:172.21.15.83:3300/0 2 ==== config(27 keys) v1 ==== 1044+0+0 (secure 0 0 0) 0x7f066801d050 con 0x7f0678101de0
2024-03-31T23:03:36.847 INFO:teuthology.orchestra.run.smithi083.stdout:/usr/bin/ceph: stderr
2024-03-31T23:03:36.138+0000 7f065ffff700 1 -- 172.21.15.83:0/1228009736 <== mon.0 v2:172.21.15.83:3300/0 3 ==== mon_map magic: 0 v1 ==== 229+0+0 (secure 0 0 0) 0x7f0668022590 con 0x7f0678101de0
2024-03-31T23:03:36.847 INFO:teuthology.orchestra.run.smithi083.stdout:/usr/bin/ceph: stderr
2024-03-31T23:03:36.138+0000 7f067dca1700 1 -- 172.21.15.83:0/1228009736 --> [v2:172.21.15.83:3300/0,v1:172.21.15.83:6789/0] -- mon_subscribe({osdmap=0}) v3 -- 0x7f06781106b0 con 0x7f0678101de0
2024-03-31T23:03:36.847 INFO:teuthology.orchestra.run.smithi083.stdout:/usr/bin/ceph: stderr
2024-03-31T23:03:36.139+0000 7f065ffff700 1 -- 172.21.15.83:0/1228009736 <== mon.0 v2:172.21.15.83:3300/0 4 ==== mgrmap(e 8) v1 ==== 43368+0+0 (secure 0 0 0) 0x7f0668022790 con 0x7f0678101de0
2024-03-31T23:03:36.847 INFO:teuthology.orchestra.run.smithi083.stdout:/usr/bin/ceph: stderr
2024-03-31T23:03:36.139+0000 7f067dca1700 1 -- 172.21.15.83:0/1228009736 --> [v2:172.21.15.83:3300/0,v1:172.21.15.83:6789/0] -- mon_command({"prefix": "get_command_descriptions"} v 0) v1 -- 0x7f067805f5f0 con 0x7f0678101de0
2024-03-31T23:03:36.847 INFO:teuthology.orchestra.run.smithi083.stdout:/usr/bin/ceph: stderr
2024-03-31T23:03:36.139+0000 7f065ffff700 1 --2- 172.21.15.83:0/1228009736 >> [v2:172.21.15.83:6800/3345658148,v1:172.21.15.83:6801/3345658148] conn(0x7f0660036770 0x7f0660038c20 unknown :-1 s=NONE pgs=0 cs=0 l=1 rev1=0 crypto rx=0 tx=0 comp rx=0 tx=0).connect
2024-03-31T23:03:36.847 INFO:teuthology.orchestra.run.smithi083.stdout:/usr/bin/ceph: stderr
2024-03-31T23:03:36.139+0000 7f065ffff700 1 -- 172.21.15.83:0/1228009736 <== mon.0 v2:172.21.15.83:3300/0 5 ==== osd_map(2..2 src has 1..2) v4 ==== 936+0+0 (secure 0 0 0) 0x7f0668014070 con 0x7f0678101de0
2024-03-31T23:03:36.848 INFO:teuthology.orchestra.run.smithi083.stdout:/usr/bin/ceph: stderr
2024-03-31T23:03:36.139+0000 7f0676ffd700 1 --2- 172.21.15.83:0/1228009736 >> [v2:172.21.15.83:6800/3345658148,v1:172.21.15.83:6801/3345658148] conn(0x7f0660036770 0x7f0660038c20 unknown :-1 s=BANNER_CONNECTING pgs=0 cs=0 l=1 rev1=0 crypto rx=0 tx=0 comp rx=0 tx=0)._handle_peer_banner_payload supported=3 required=0
2024-03-31T23:03:36.848 INFO:teuthology.orchestra.run.smithi083.stdout:/usr/bin/ceph: stderr
2024-03-31T23:03:36.140+0000 7f0676ffd700 1 --2- 172.21.15.83:0/1228009736 >> [v2:172.21.15.83:6800/3345658148,v1:172.21.15.83:6801/3345658148] conn(0x7f0660036770 0x7f0660038c20 secure :-1 s=READY pgs=13 cs=0 l=1 rev1=1 crypto rx=0x7f066c009990 tx=0x7f066c006e40 comp rx=0 tx=0).ready entity=mgr.14118 client_cookie=0 server_cookie=0 in_seq=0 out_seq=0
2024-03-31T23:03:36.848 INFO:teuthology.orchestra.run.smithi083.stdout:/usr/bin/ceph: stderr
2024-03-31T23:03:36.144+0000 7f065ffff700 1 -- 172.21.15.83:0/1228009736 <== mon.0 v2:172.21.15.83:3300/0 6 ==== mon_command_ack([{"prefix": "get_command_descriptions"}]=0 v0) v1 ==== 72+0+176504 (secure 0 0 0) 0x7f0668021d70 con 0x7f0678101de0
2024-03-31T23:03:36.848 INFO:teuthology.orchestra.run.smithi083.stdout:/usr/bin/ceph: stderr
2024-03-31T23:03:36.347+0000 7f067dca1700 1 -- 172.21.15.83:0/1228009736 --> [v2:172.21.15.83:6800/3345658148,v1:172.21.15.83:6801/3345658148] -- mgr_command(tid 0: {"prefix": "orch apply", "service_type": "mgr", "target": ["mon-mgr", ""]}) v1 -- 0x7f0678111230 con 0x7f0660036770
2024-03-31T23:03:36.848 INFO:teuthology.orchestra.run.smithi083.stdout:/usr/bin/ceph: stderr
2024-03-31T23:03:36.354+0000 7f065ffff700 1 -- 172.21.15.83:0/1228009736 <== mgr.14118 v2:172.21.15.83:6800/3345658148 1 ==== mgr_command_reply(tid 0: 0 ) v1 ==== 8+0+24 (secure 0 0 0) 0x7f0678111230 con 0x7f0660036770
2024-03-31T23:03:36.848 INFO:teuthology.orchestra.run.smithi083.stdout:/usr/bin/ceph: stderr
2024-03-31T23:03:36.356+0000 7f067dca1700 1 -- 172.21.15.83:0/1228009736 >> [v2:172.21.15.83:6800/3345658148,v1:172.21.15.83:6801/3345658148] conn(0x7f0660036770 msgr2=0x7f0660038c20 secure :-1 s=STATE_CONNECTION_ESTABLISHED l=1).mark_down
2024-03-31T23:03:36.848 INFO:teuthology.orchestra.run.smithi083.stdout:/usr/bin/ceph: stderr
2024-03-31T23:03:36.356+0000 7f067dca1700 1 --2- 172.21.15.83:0/1228009736 >> [v2:172.21.15.83:6800/3345658148,v1:172.21.15.83:6801/3345658148] conn(0x7f0660036770 0x7f0660038c20 secure :-1 s=READY pgs=13 cs=0 l=1 rev1=1 crypto rx=0x7f066c009990 tx=0x7f066c006e40 comp rx=0 tx=0).stop
2024-03-31T23:03:36.848 INFO:teuthology.orchestra.run.smithi083.stdout:/usr/bin/ceph: stderr
2024-03-31T23:03:36.356+0000 7f067dca1700 1 -- 172.21.15.83:0/1228009736 >> [v2:172.21.15.83:3300/0,v1:172.21.15.83:6789/0] conn(0x7f0678101de0 msgr2=0x7f067810f400 secure :-1 s=STATE_CONNECTION_ESTABLISHED l=1).mark_down
2024-03-31T23:03:36.848 INFO:teuthology.orchestra.run.smithi083.stdout:/usr/bin/ceph: stderr
2024-03-31T23:03:36.356+0000 7f067dca1700 1 --2- 172.21.15.83:0/1228009736 >> [v2:172.21.15.83:3300/0,v1:172.21.15.83:6789/0] conn(0x7f0678101de0 0x7f067810f400 secure :-1 s=READY pgs=48 cs=0 l=1 rev1=1 crypto rx=0x7f0668018600 tx=0x7f066800b4f0 comp rx=0 tx=0).stop
2024-03-31T23:03:36.849 INFO:teuthology.orchestra.run.smithi083.stdout:/usr/bin/ceph: stderr
2024-03-31T23:03:36.356+0000 7f067dca1700 1 -- 172.21.15.83:0/1228009736 shutdown_connections
2024-03-31T23:03:36.849 INFO:teuthology.orchestra.run.smithi083.stdout:/usr/bin/ceph: stderr
2024-03-31T23:03:36.356+0000 7f067dca1700 1 --2- 172.21.15.83:0/1228009736 >> [v2:172.21.15.83:6800/3345658148,v1:172.21.15.83:6801/3345658148] conn(0x7f0660036770 0x7f0660038c20 unknown :-1 s=CLOSED pgs=13 cs=0 l=1 rev1=1 crypto rx=0 tx=0 comp rx=0 tx=0).stop
2024-03-31T23:03:36.849 INFO:teuthology.orchestra.run.smithi083.stdout:/usr/bin/ceph: stderr
2024-03-31T23:03:36.356+0000 7f067dca1700 1 --2- 172.21.15.83:0/1228009736 >> [v2:172.21.15.83:3300/0,v1:172.21.15.83:6789/0] conn(0x7f0678101de0 0x7f067810f400 unknown :-1 s=CLOSED pgs=48 cs=0 l=1 rev1=1 crypto rx=0 tx=0 comp rx=0 tx=0).stop
2024-03-31T23:03:36.849 INFO:teuthology.orchestra.run.smithi083.stdout:/usr/bin/ceph: stderr
2024-03-31T23:03:36.356+0000 7f067dca1700 1 -- 172.21.15.83:0/1228009736 >> 172.21.15.83:0/1228009736 conn(0x7f06780fc750 msgr2=0x7f06781061f0 unknown :-1 s=STATE_NONE l=0).mark_down
2024-03-31T23:03:36.849 INFO:teuthology.orchestra.run.smithi083.stdout:/usr/bin/ceph: stderr
2024-03-31T23:03:36.357+0000 7f067dca1700 1 -- 172.21.15.83:0/1228009736 shutdown_connections
2024-03-31T23:03:36.849 INFO:teuthology.orchestra.run.smithi083.stdout:/usr/bin/ceph: stderr
2024-03-31T23:03:36.357+0000 7f067dca1700 1 -- 172.21.15.83:0/1228009736 wait complete.
2024-03-31T23:03:36.849 INFO:teuthology.orchestra.run.smithi083.stdout:Deploying crash service with default placement...
2024-03-31T23:03:37.474 INFO:journalctl@ceph.mon.smithi083.smithi083.stdout:Mar 31 23:03:37 smithi083 ceph-mon[28951]: from='client.14142 -' entity='client.admin' cmd=[{"prefix": "orch apply", "service_type": "mgr", "target": ["mon-mgr", ""]}]: dispatch
