2024-03-31T23:08:30.287+0000 7f3608b93700 1 --2- >> [v2:172.21.15.42:3300/0,v1:172.21.15.42:6789/0] conn(0x7f3604108850 0x7f360419be40 unknown :-1 s=BANNER_CONNECTING pgs=0 cs=0 l=1 rev1=0 crypto rx=0 tx=0 comp rx=0 tx=0)._handle_peer_banner_payload supported=3 required=0
2024-03-31T23:08:31.307 INFO:teuthology.orchestra.run.smithi042.stdout:/usr/bin/ceph: stderr
2024-03-31T23:08:30.287+0000 7f3608b93700 1 --2- >> [v2:172.21.15.42:3300/0,v1:172.21.15.42:6789/0] conn(0x7f3604108850 0x7f360419be40 unknown :-1 s=HELLO_CONNECTING pgs=0 cs=0 l=1 rev1=1 crypto rx=0 tx=0 comp rx=0 tx=0).handle_hello peer v2:172.21.15.42:3300/0 says I am v2:172.21.15.42:43924/0 (socket says 172.21.15.42:43924)
2024-03-31T23:08:31.307 INFO:teuthology.orchestra.run.smithi042.stdout:/usr/bin/ceph: stderr
2024-03-31T23:08:30.287+0000 7f3608b93700 1 -- 172.21.15.42:0/2744468951 learned_addr learned my addr 172.21.15.42:0/2744468951 (peer_addr_for_me v2:172.21.15.42:0/0)
2024-03-31T23:08:31.307 INFO:teuthology.orchestra.run.smithi042.stdout:/usr/bin/ceph: stderr
2024-03-31T23:08:30.287+0000 7f3608b93700 1 -- 172.21.15.42:0/2744468951 --> [v2:172.21.15.42:3300/0,v1:172.21.15.42:6789/0] -- mon_subscribe({config=0+,monmap=0+}) -- 0x7f360419c380 con 0x7f3604108850
2024-03-31T23:08:31.307 INFO:teuthology.orchestra.run.smithi042.stdout:/usr/bin/ceph: stderr
2024-03-31T23:08:30.288+0000 7f3608b93700 1 --2- 172.21.15.42:0/2744468951 >> [v2:172.21.15.42:3300/0,v1:172.21.15.42:6789/0] conn(0x7f3604108850 0x7f360419be40 secure :-1 s=READY pgs=52 cs=0 l=1 rev1=1 crypto rx=0x7f35f8003fb0 tx=0x7f35f8011bd0 comp rx=0 tx=0).ready entity=mon.0 client_cookie=0 server_cookie=0 in_seq=0 out_seq=0
2024-03-31T23:08:31.307 INFO:teuthology.orchestra.run.smithi042.stdout:/usr/bin/ceph: stderr
2024-03-31T23:08:30.288+0000 7f3601ffb700 1 -- 172.21.15.42:0/2744468951 <== mon.0 v2:172.21.15.42:3300/0 1 ==== mon_map magic: 0 ==== 205+0+0 (secure 0 0 0) 0x7f35f80039c0 con 0x7f3604108850
2024-03-31T23:08:31.308 INFO:teuthology.orchestra.run.smithi042.stdout:/usr/bin/ceph: stderr
2024-03-31T23:08:30.288+0000 7f360adf7700 1 -- 172.21.15.42:0/2744468951 --> [v2:172.21.15.42:3300/0,v1:172.21.15.42:6789/0] -- mon_subscribe({mgrmap=0+}) -- 0x7f360419c610 con 0x7f3604108850
2024-03-31T23:08:31.308 INFO:teuthology.orchestra.run.smithi042.stdout:/usr/bin/ceph: stderr
2024-03-31T23:08:30.288+0000 7f3601ffb700 1 -- 172.21.15.42:0/2744468951 <== mon.0 v2:172.21.15.42:3300/0 2 ==== config(28 keys) ==== 1143+0+0 (secure 0 0 0) 0x7f35f8003b60 con 0x7f3604108850
2024-03-31T23:08:31.308 INFO:teuthology.orchestra.run.smithi042.stdout:/usr/bin/ceph: stderr
2024-03-31T23:08:30.288+0000 7f3601ffb700 1 -- 172.21.15.42:0/2744468951 <== mon.0 v2:172.21.15.42:3300/0 3 ==== mon_map magic: 0 ==== 205+0+0 (secure 0 0 0) 0x7f35f801a6b0 con 0x7f3604108850
2024-03-31T23:08:31.308 INFO:teuthology.orchestra.run.smithi042.stdout:/usr/bin/ceph: stderr
2024-03-31T23:08:30.288+0000 7f360adf7700 1 -- 172.21.15.42:0/2744468951 --> [v2:172.21.15.42:3300/0,v1:172.21.15.42:6789/0] -- mon_subscribe({osdmap=0}) -- 0x7f360419f300 con 0x7f3604108850
2024-03-31T23:08:31.308 INFO:teuthology.orchestra.run.smithi042.stdout:/usr/bin/ceph: stderr
2024-03-31T23:08:30.289+0000 7f3601ffb700 1 -- 172.21.15.42:0/2744468951 <== mon.0 v2:172.21.15.42:3300/0 4 ==== mgrmap(e 8) ==== 46116+0+0 (secure 0 0 0) 0x7f35f8024430 con 0x7f3604108850
2024-03-31T23:08:31.308 INFO:teuthology.orchestra.run.smithi042.stdout:/usr/bin/ceph: stderr
2024-03-31T23:08:30.289+0000 7f3601ffb700 1 --2- 172.21.15.42:0/2744468951 >> [v2:172.21.15.42:6800/1517474041,v1:172.21.15.42:6801/1517474041] conn(0x7f35f4038db0 0x7f35f403b270 unknown :-1 s=NONE pgs=0 cs=0 l=1 rev1=0 crypto rx=0 tx=0 comp rx=0 tx=0).connect
2024-03-31T23:08:31.308 INFO:teuthology.orchestra.run.smithi042.stdout:/usr/bin/ceph: stderr
2024-03-31T23:08:30.289+0000 7f360adf7700 1 -- 172.21.15.42:0/2744468951 --> [v2:172.21.15.42:3300/0,v1:172.21.15.42:6789/0] -- mon_command({"prefix": "get_command_descriptions"} v 0) -- 0x7f3604063870 con 0x7f3604108850
2024-03-31T23:08:31.308 INFO:teuthology.orchestra.run.smithi042.stdout:/usr/bin/ceph: stderr
2024-03-31T23:08:30.289+0000 7f3601ffb700 1 -- 172.21.15.42:0/2744468951 <== mon.0 v2:172.21.15.42:3300/0 5 ==== osd_map(2..2 src has 1..2) ==== 940+0+0 (secure 0 0 0) 0x7f35f804d130 con 0x7f3604108850
2024-03-31T23:08:31.308 INFO:teuthology.orchestra.run.smithi042.stdout:/usr/bin/ceph: stderr
2024-03-31T23:08:30.289+0000 7f3603fff700 1 --2- 172.21.15.42:0/2744468951 >> [v2:172.21.15.42:6800/1517474041,v1:172.21.15.42:6801/1517474041] conn(0x7f35f4038db0 0x7f35f403b270 unknown :-1 s=BANNER_CONNECTING pgs=0 cs=0 l=1 rev1=0 crypto rx=0 tx=0 comp rx=0 tx=0)._handle_peer_banner_payload supported=3 required=0
2024-03-31T23:08:31.308 INFO:teuthology.orchestra.run.smithi042.stdout:/usr/bin/ceph: stderr
2024-03-31T23:08:30.290+0000 7f3603fff700 1 --2- 172.21.15.42:0/2744468951 >> [v2:172.21.15.42:6800/1517474041,v1:172.21.15.42:6801/1517474041] conn(0x7f35f4038db0 0x7f35f403b270 secure :-1 s=READY pgs=14 cs=0 l=1 rev1=1 crypto rx=0x7f35f0006fd0 tx=0x7f35f0006e40 comp rx=0 tx=0).ready entity=mgr.14120 client_cookie=0 server_cookie=0 in_seq=0 out_seq=0
2024-03-31T23:08:31.308 INFO:teuthology.orchestra.run.smithi042.stdout:/usr/bin/ceph: stderr
2024-03-31T23:08:30.294+0000 7f3601ffb700 1 -- 172.21.15.42:0/2744468951 <== mon.0 v2:172.21.15.42:3300/0 6 ==== mon_command_ack([{"prefix": "get_command_descriptions"}]=0 v0) ==== 72+0+184932 (secure 0 0 0) 0x7f35f800f2e0 con 0x7f3604108850
2024-03-31T23:08:31.308 INFO:teuthology.orchestra.run.smithi042.stdout:/usr/bin/ceph: stderr
2024-03-31T23:08:30.498+0000 7f360adf7700 1 -- 172.21.15.42:0/2744468951 --> [v2:172.21.15.42:3300/0,v1:172.21.15.42:6789/0] -- mon_command([{prefix=config set, name=mgr/cephadm/container_init}] v 0) -- 0x7f360419f940 con 0x7f3604108850
2024-03-31T23:08:31.308 INFO:teuthology.orchestra.run.smithi042.stdout:/usr/bin/ceph: stderr
2024-03-31T23:08:30.500+0000 7f3601ffb700 1 -- 172.21.15.42:0/2744468951 <== mon.0 v2:172.21.15.42:3300/0 7 ==== mon_command_ack([{prefix=config set, name=mgr/cephadm/container_init}]=0 v6)=0 v6) ==== 142+0+0 (secure 0 0 0) 0x7f35f8003d10 con 0x7f3604108850
2024-03-31T23:08:31.309 INFO:teuthology.orchestra.run.smithi042.stdout:/usr/bin/ceph: stderr
2024-03-31T23:08:30.503+0000 7f360adf7700 1 -- 172.21.15.42:0/2744468951 >> [v2:172.21.15.42:6800/1517474041,v1:172.21.15.42:6801/1517474041] conn(0x7f35f4038db0 msgr2=0x7f35f403b270 secure :-1 s=STATE_CONNECTION_ESTABLISHED l=1).mark_down
2024-03-31T23:08:31.309 INFO:teuthology.orchestra.run.smithi042.stdout:/usr/bin/ceph: stderr
2024-03-31T23:08:30.503+0000 7f360adf7700 1 --2- 172.21.15.42:0/2744468951 >> [v2:172.21.15.42:6800/1517474041,v1:172.21.15.42:6801/1517474041] conn(0x7f35f4038db0 0x7f35f403b270 secure :-1 s=READY pgs=14 cs=0 l=1 rev1=1 crypto rx=0x7f35f0006fd0 tx=0x7f35f0006e40 comp rx=0 tx=0).stop
2024-03-31T23:08:31.309 INFO:teuthology.orchestra.run.smithi042.stdout:/usr/bin/ceph: stderr
2024-03-31T23:08:30.503+0000 7f360adf7700 1 -- 172.21.15.42:0/2744468951 >> [v2:172.21.15.42:3300/0,v1:172.21.15.42:6789/0] conn(0x7f3604108850 msgr2=0x7f360419be40 secure :-1 s=STATE_CONNECTION_ESTABLISHED l=1).mark_down
2024-03-31T23:08:31.309 INFO:teuthology.orchestra.run.smithi042.stdout:/usr/bin/ceph: stderr
2024-03-31T23:08:30.503+0000 7f360adf7700 1 --2- 172.21.15.42:0/2744468951 >> [v2:172.21.15.42:3300/0,v1:172.21.15.42:6789/0] conn(0x7f3604108850 0x7f360419be40 secure :-1 s=READY pgs=52 cs=0 l=1 rev1=1 crypto rx=0x7f35f8003fb0 tx=0x7f35f8011bd0 comp rx=0 tx=0).stop
2024-03-31T23:08:31.309 INFO:teuthology.orchestra.run.smithi042.stdout:/usr/bin/ceph: stderr
2024-03-31T23:08:30.503+0000 7f360adf7700 1 -- 172.21.15.42:0/2744468951 shutdown_connections
2024-03-31T23:08:31.309 INFO:teuthology.orchestra.run.smithi042.stdout:/usr/bin/ceph: stderr
2024-03-31T23:08:30.503+0000 7f360adf7700 1 --2- 172.21.15.42:0/2744468951 >> [v2:172.21.15.42:6800/1517474041,v1:172.21.15.42:6801/1517474041] conn(0x7f35f4038db0 0x7f35f403b270 unknown :-1 s=CLOSED pgs=14 cs=0 l=1 rev1=1 crypto rx=0 tx=0 comp rx=0 tx=0).stop
2024-03-31T23:08:31.309 INFO:teuthology.orchestra.run.smithi042.stdout:/usr/bin/ceph: stderr
2024-03-31T23:08:30.503+0000 7f360adf7700 1 --2- 172.21.15.42:0/2744468951 >> [v2:172.21.15.42:3300/0,v1:172.21.15.42:6789/0] conn(0x7f3604108850 0x7f360419be40 unknown :-1 s=CLOSED pgs=52 cs=0 l=1 rev1=1 crypto rx=0 tx=0 comp rx=0 tx=0).stop
2024-03-31T23:08:31.309 INFO:teuthology.orchestra.run.smithi042.stdout:/usr/bin/ceph: stderr
2024-03-31T23:08:30.503+0000 7f360adf7700 1 -- 172.21.15.42:0/2744468951 >> 172.21.15.42:0/2744468951 conn(0x7f36041022a0 msgr2=0x7f3604102e20 unknown :-1 s=STATE_NONE l=0).mark_down
2024-03-31T23:08:31.309 INFO:teuthology.orchestra.run.smithi042.stdout:/usr/bin/ceph: stderr
2024-03-31T23:08:30.503+0000 7f360adf7700 1 -- 172.21.15.42:0/2744468951 shutdown_connections
2024-03-31T23:08:31.309 INFO:teuthology.orchestra.run.smithi042.stdout:/usr/bin/ceph: stderr
2024-03-31T23:08:30.503+0000 7f360adf7700 1 -- 172.21.15.42:0/2744468951 wait complete.
2024-03-31T23:08:31.742 INFO:journalctl@ceph.mon.a.smithi042.stdout:Mar 31 23:08:31 smithi042 ceph-mon[32380]: from='client.? 172.21.15.42:0/2744468951' entity='client.admin'
2024-03-31T23:08:31.742 INFO:journalctl@ceph.mon.a.smithi042.stdout:Mar 31 23:08:31 smithi042 ceph-mon[32380]: from='mgr.14120 172.21.15.42:0/2327319441' entity='mgr.x'
2024-03-31T23:08:32.503 INFO:teuthology.orchestra.run.smithi042.stdout:/usr/bin/ceph: stderr
2024-03-31T23:08:31.750+0000 7f45c816f700 1 Processor -- start
2024-03-31T23:08:32.503 INFO:teuthology.orchestra.run.smithi042.stdout:/usr/bin/ceph: stderr
2024-03-31T23:08:31.751+0000 7f45c816f700 1 -- start start
2024-03-31T23:08:32.503 INFO:teuthology.orchestra.run.smithi042.stdout:/usr/bin/ceph: stderr
2024-03-31T23:08:31.751+0000 7f45c816f700 1 --2- >> [v2:172.21.15.42:3300/0,v1:172.21.15.42:6789/0] conn(0x7f45c007dd30 0x7f45c007c2a0 unknown :-1 s=NONE pgs=0 cs=0 l=0 rev1=0 crypto rx=0 tx=0 comp rx=0 tx=0).connect
2024-03-31T23:08:32.504 INFO:teuthology.orchestra.run.smithi042.stdout:/usr/bin/ceph: stderr
2024-03-31T23:08:31.751+0000 7f45c816f700 1 -- --> [v2:172.21.15.42:3300/0,v1:172.21.15.42:6789/0] -- mon_getmap magic: 0 -- 0x7f45c007c7e0 con 0x7f45c007dd30
2024-03-31T23:08:32.504 INFO:teuthology.orchestra.run.smithi042.stdout:/usr/bin/ceph: stderr
2024-03-31T23:08:31.751+0000 7f45c5f0b700 1 --2- >> [v2:172.21.15.42:3300/0,v1:172.21.15.42:6789/0] conn(0x7f45c007dd30 0x7f45c007c2a0 unknown :-1 s=BANNER_CONNECTING pgs=0 cs=0 l=0 rev1=0 crypto rx=0 tx=0 comp rx=0 tx=0)._handle_peer_banner_payload supported=3 required=0
2024-03-31T23:08:32.504 INFO:teuthology.orchestra.run.smithi042.stdout:/usr/bin/ceph: stderr
2024-03-31T23:08:31.751+0000 7f45c5f0b700 1 --2- >> [v2:172.21.15.42:3300/0,v1:172.21.15.42:6789/0] conn(0x7f45c007dd30 0x7f45c007c2a0 unknown :-1 s=HELLO_CONNECTING pgs=0 cs=0 l=0 rev1=1 crypto rx=0 tx=0 comp rx=0 tx=0).handle_hello peer v2:172.21.15.42:3300/0 says I am v2:172.21.15.42:43926/0 (socket says 172.21.15.42:43926)
2024-03-31T23:08:32.504 INFO:teuthology.orchestra.run.smithi042.stdout:/usr/bin/ceph: stderr
2024-03-31T23:08:31.751+0000 7f45c5f0b700 1 -- 172.21.15.42:0/1650367930 learned_addr learned my addr 172.21.15.42:0/1650367930 (peer_addr_for_me v2:172.21.15.42:0/0)
2024-03-31T23:08:32.504 INFO:teuthology.orchestra.run.smithi042.stdout:/usr/bin/ceph: stderr
2024-03-31T23:08:31.751+0000 7f45c5f0b700 1 -- 172.21.15.42:0/1650367930 --> [v2:172.21.15.42:3300/0,v1:172.21.15.42:6789/0] -- mon_subscribe({config=0+,monmap=0+}) -- 0x7f45c007c960 con 0x7f45c007dd30
2024-03-31T23:08:32.504 INFO:teuthology.orchestra.run.smithi042.stdout:/usr/bin/ceph: stderr
2024-03-31T23:08:31.752+0000 7f45c5f0b700 1 --2- 172.21.15.42:0/1650367930 >> [v2:172.21.15.42:3300/0,v1:172.21.15.42:6789/0] conn(0x7f45c007dd30 0x7f45c007c2a0 secure :-1 s=READY pgs=53 cs=0 l=1 rev1=1 crypto rx=0x7f45bc0098a0 tx=0x7f45bc009bb0 comp rx=0 tx=0).ready entity=mon.0 client_cookie=9c6cb7c7d97ae3cf server_cookie=0 in_seq=0 out_seq=0
2024-03-31T23:08:32.504 INFO:teuthology.orchestra.run.smithi042.stdout:/usr/bin/ceph: stderr
2024-03-31T23:08:31.752+0000 7f45c4f09700 1 -- 172.21.15.42:0/1650367930 <== mon.0 v2:172.21.15.42:3300/0 1 ==== mon_map magic: 0 ==== 205+0+0 (secure 0 0 0) 0x7f45bc004160 con 0x7f45c007dd30
2024-03-31T23:08:32.504 INFO:teuthology.orchestra.run.smithi042.stdout:/usr/bin/ceph: stderr
2024-03-31T23:08:31.752+0000 7f45c4f09700 1 -- 172.21.15.42:0/1650367930 <== mon.0 v2:172.21.15.42:3300/0 2 ==== config(28 keys) ==== 1174+0+0 (secure 0 0 0) 0x7f45bc004300 con 0x7f45c007dd30
2024-03-31T23:08:32.504 INFO:teuthology.orchestra.run.smithi042.stdout:/usr/bin/ceph: stderr
2024-03-31T23:08:31.752+0000 7f45c4f09700 1 -- 172.21.15.42:0/1650367930 <== mon.0 v2:172.21.15.42:3300/0 3 ==== mon_map magic: 0 ==== 205+0+0 (secure 0 0 0) 0x7f45bc011bb0 con 0x7f45c007dd30
2024-03-31T23:08:32.504 INFO:teuthology.orchestra.run.smithi042.stdout:/usr/bin/ceph: stderr
2024-03-31T23:08:31.753+0000 7f45c816f700 1 -- 172.21.15.42:0/1650367930 >> [v2:172.21.15.42:3300/0,v1:172.21.15.42:6789/0] conn(0x7f45c007dd30 msgr2=0x7f45c007c2a0 secure :-1 s=STATE_CONNECTION_ESTABLISHED l=1).mark_down
2024-03-31T23:08:32.504 INFO:teuthology.orchestra.run.smithi042.stdout:/usr/bin/ceph: stderr
2024-03-31T23:08:31.753+0000 7f45c816f700 1 --2- 172.21.15.42:0/1650367930 >> [v2:172.21.15.42:3300/0,v1:172.21.15.42:6789/0] conn(0x7f45c007dd30 0x7f45c007c2a0 secure :-1 s=READY pgs=53 cs=0 l=1 rev1=1 crypto rx=0x7f45bc0098a0 tx=0x7f45bc009bb0 comp rx=0 tx=0).stop
2024-03-31T23:08:32.504 INFO:teuthology.orchestra.run.smithi042.stdout:/usr/bin/ceph: stderr
2024-03-31T23:08:31.753+0000 7f45c816f700 1 -- 172.21.15.42:0/1650367930 shutdown_connections
2024-03-31T23:08:32.504 INFO:teuthology.orchestra.run.smithi042.stdout:/usr/bin/ceph: stderr
2024-03-31T23:08:31.753+0000 7f45c816f700 1 --2- 172.21.15.42:0/1650367930 >> [v2:172.21.15.42:3300/0,v1:172.21.15.42:6789/0] conn(0x7f45c007dd30 0x7f45c007c2a0 unknown :-1 s=CLOSED pgs=53 cs=0 l=1 rev1=1 crypto rx=0 tx=0 comp rx=0 tx=0).stop
2024-03-31T23:08:32.504 INFO:teuthology.orchestra.run.smithi042.stdout:/usr/bin/ceph: stderr
2024-03-31T23:08:31.753+0000 7f45c816f700 1 -- 172.21.15.42:0/1650367930 >> 172.21.15.42:0/1650367930 conn(0x7f45c01034c0 msgr2=0x7f45c01058e0 unknown :-1 s=STATE_NONE l=0).mark_down
2024-03-31T23:08:32.505 INFO:teuthology.orchestra.run.smithi042.stdout:/usr/bin/ceph: stderr
2024-03-31T23:08:31.753+0000 7f45c816f700 1 -- 172.21.15.42:0/1650367930 shutdown_connections
2024-03-31T23:08:32.505 INFO:teuthology.orchestra.run.smithi042.stdout:/usr/bin/ceph: stderr
2024-03-31T23:08:31.753+0000 7f45c816f700 1 -- 172.21.15.42:0/1650367930 wait complete.
2024-03-31T23:08:32.505 INFO:teuthology.orchestra.run.smithi042.stdout:/usr/bin/ceph: stderr
2024-03-31T23:08:31.753+0000 7f45c816f700 1 Processor -- start
2024-03-31T23:08:32.505 INFO:teuthology.orchestra.run.smithi042.stdout:/usr/bin/ceph: stderr
2024-03-31T23:08:31.753+0000 7f45c816f700 1 -- start start
2024-03-31T23:08:32.505 INFO:teuthology.orchestra.run.smithi042.stdout:/usr/bin/ceph: stderr
2024-03-31T23:08:31.754+0000 7f45c816f700 1 --2- >> [v2:172.21.15.42:3300/0,v1:172.21.15.42:6789/0] conn(0x7f45c007dd30 0x7f45c019e040 unknown :-1 s=NONE pgs=0 cs=0 l=1 rev1=0 crypto rx=0 tx=0 comp rx=0 tx=0).connect
2024-03-31T23:08:32.505 INFO:teuthology.orchestra.run.smithi042.stdout:/usr/bin/ceph: stderr
2024-03-31T23:08:31.754+0000 7f45c816f700 1 -- --> [v2:172.21.15.42:3300/0,v1:172.21.15.42:6789/0] -- mon_getmap magic: 0 -- 0x7f45c010e3d0 con 0x7f45c007dd30
2024-03-31T23:08:32.505 INFO:teuthology.orchestra.run.smithi042.stdout:/usr/bin/ceph: stderr
2024-03-31T23:08:31.754+0000 7f45c5f0b700 1 --2- >> [v2:172.21.15.42:3300/0,v1:172.21.15.42:6789/0] conn(0x7f45c007dd30 0x7f45c019e040 unknown :-1 s=BANNER_CONNECTING pgs=0 cs=0 l=1 rev1=0 crypto rx=0 tx=0 comp rx=0 tx=0)._handle_peer_banner_payload supported=3 required=0
2024-03-31T23:08:32.505 INFO:teuthology.orchestra.run.smithi042.stdout:/usr/bin/ceph: stderr
2024-03-31T23:08:31.754+0000 7f45c5f0b700 1 --2- >> [v2:172.21.15.42:3300/0,v1:172.21.15.42:6789/0] conn(0x7f45c007dd30 0x7f45c019e040 unknown :-1 s=HELLO_CONNECTING pgs=0 cs=0 l=1 rev1=1 crypto rx=0 tx=0 comp rx=0 tx=0).handle_hello peer v2:172.21.15.42:3300/0 says I am v2:172.21.15.42:43942/0 (socket says 172.21.15.42:43942)
2024-03-31T23:08:32.505 INFO:teuthology.orchestra.run.smithi042.stdout:/usr/bin/ceph: stderr
2024-03-31T23:08:31.754+0000 7f45c5f0b700 1 -- 172.21.15.42:0/4196973568 learned_addr learned my addr 172.21.15.42:0/4196973568 (peer_addr_for_me v2:172.21.15.42:0/0)
2024-03-31T23:08:32.505 INFO:teuthology.orchestra.run.smithi042.stdout:/usr/bin/ceph: stderr
2024-03-31T23:08:31.754+0000 7f45c5f0b700 1 -- 172.21.15.42:0/4196973568 --> [v2:172.21.15.42:3300/0,v1:172.21.15.42:6789/0] -- mon_subscribe({config=0+,monmap=0+}) -- 0x7f45c019e580 con 0x7f45c007dd30
2024-03-31T23:08:32.505 INFO:teuthology.orchestra.run.smithi042.stdout:/usr/bin/ceph: stderr
2024-03-31T23:08:31.754+0000 7f45c5f0b700 1 --2- 172.21.15.42:0/4196973568 >> [v2:172.21.15.42:3300/0,v1:172.21.15.42:6789/0] conn(0x7f45c007dd30 0x7f45c019e040 secure :-1 s=READY pgs=54 cs=0 l=1 rev1=1 crypto rx=0x7f45bc000c00 tx=0x7f45bc011c30 comp rx=0 tx=0).ready entity=mon.0 client_cookie=0 server_cookie=0 in_seq=0 out_seq=0
2024-03-31T23:08:32.505 INFO:teuthology.orchestra.run.smithi042.stdout:/usr/bin/ceph: stderr
2024-03-31T23:08:31.754+0000 7f45b6ffd700 1 -- 172.21.15.42:0/4196973568 <== mon.0 v2:172.21.15.42:3300/0 1 ==== mon_map magic: 0 ==== 205+0+0 (secure 0 0 0) 0x7f45bc011e60 con 0x7f45c007dd30
2024-03-31T23:08:32.505 INFO:teuthology.orchestra.run.smithi042.stdout:/usr/bin/ceph: stderr
2024-03-31T23:08:31.754+0000 7f45b6ffd700 1 -- 172.21.15.42:0/4196973568 <== mon.0 v2:172.21.15.42:3300/0 2 ==== config(28 keys) ==== 1174+0+0 (secure 0 0 0) 0x7f45bc020070 con 0x7f45c007dd30
2024-03-31T23:08:32.505 INFO:teuthology.orchestra.run.smithi042.stdout:/usr/bin/ceph: stderr
2024-03-31T23:08:31.754+0000 7f45c816f700 1 -- 172.21.15.42:0/4196973568 --> [v2:172.21.15.42:3300/0,v1:172.21.15.42:6789/0] -- mon_subscribe({mgrmap=0+}) -- 0x7f45c019e810 con 0x7f45c007dd30
2024-03-31T23:08:32.505 INFO:teuthology.orchestra.run.smithi042.stdout:/usr/bin/ceph: stderr
2024-03-31T23:08:31.754+0000 7f45c816f700 1 -- 172.21.15.42:0/4196973568 --> [v2:172.21.15.42:3300/0,v1:172.21.15.42:6789/0] -- mon_subscribe({osdmap=0}) -- 0x7f45c019ec70 con 0x7f45c007dd30
2024-03-31T23:08:32.506 INFO:teuthology.orchestra.run.smithi042.stdout:/usr/bin/ceph: stderr
2024-03-31T23:08:31.755+0000 7f45b6ffd700 1 -- 172.21.15.42:0/4196973568 <== mon.0 v2:172.21.15.42:3300/0 3 ==== mon_map magic: 0 ==== 205+0+0 (secure 0 0 0) 0x7f45bc019550 con 0x7f45c007dd30
2024-03-31T23:08:32.506 INFO:teuthology.orchestra.run.smithi042.stdout:/usr/bin/ceph: stderr
2024-03-31T23:08:31.755+0000 7f45c816f700 1 -- 172.21.15.42:0/4196973568 --> [v2:172.21.15.42:3300/0,v1:172.21.15.42:6789/0] -- mon_command({"prefix": "get_command_descriptions"} v 0) -- 0x7f45a4005360 con 0x7f45c007dd30
2024-03-31T23:08:32.506 INFO:teuthology.orchestra.run.smithi042.stdout:/usr/bin/ceph: stderr
2024-03-31T23:08:31.756+0000 7f45b6ffd700 1 -- 172.21.15.42:0/4196973568 <== mon.0 v2:172.21.15.42:3300/0 4 ==== mgrmap(e 8) ==== 46116+0+0 (secure 0 0 0) 0x7f45bc019860 con 0x7f45c007dd30
2024-03-31T23:08:32.506 INFO:teuthology.orchestra.run.smithi042.stdout:/usr/bin/ceph: stderr
2024-03-31T23:08:31.756+0000 7f45b6ffd700 1 --2- 172.21.15.42:0/4196973568 >> [v2:172.21.15.42:6800/1517474041,v1:172.21.15.42:6801/1517474041] conn(0x7f45ac038e50 0x7f45ac03b310 unknown :-1 s=NONE pgs=0 cs=0 l=1 rev1=0 crypto rx=0 tx=0 comp rx=0 tx=0).connect
2024-03-31T23:08:32.506 INFO:teuthology.orchestra.run.smithi042.stdout:/usr/bin/ceph: stderr
2024-03-31T23:08:31.756+0000 7f45b6ffd700 1 -- 172.21.15.42:0/4196973568 <== mon.0 v2:172.21.15.42:3300/0 5 ==== osd_map(2..2 src has 1..2) ==== 940+0+0 (secure 0 0 0) 0x7f45bc04cfa0 con 0x7f45c007dd30
2024-03-31T23:08:32.506 INFO:teuthology.orchestra.run.smithi042.stdout:/usr/bin/ceph: stderr
2024-03-31T23:08:31.756+0000 7f45c570a700 1 --2- 172.21.15.42:0/4196973568 >> [v2:172.21.15.42:6800/1517474041,v1:172.21.15.42:6801/1517474041] conn(0x7f45ac038e50 0x7f45ac03b310 unknown :-1 s=BANNER_CONNECTING pgs=0 cs=0 l=1 rev1=0 crypto rx=0 tx=0 comp rx=0 tx=0)._handle_peer_banner_payload supported=3 required=0
2024-03-31T23:08:32.506 INFO:teuthology.orchestra.run.smithi042.stdout:/usr/bin/ceph: stderr
2024-03-31T23:08:31.756+0000 7f45c570a700 1 --2- 172.21.15.42:0/4196973568 >> [v2:172.21.15.42:6800/1517474041,v1:172.21.15.42:6801/1517474041] conn(0x7f45ac038e50 0x7f45ac03b310 secure :-1 s=READY pgs=15 cs=0 l=1 rev1=1 crypto rx=0x7f45b0006fd0 tx=0x7f45b0006e40 comp rx=0 tx=0).ready entity=mgr.14120 client_cookie=0 server_cookie=0 in_seq=0 out_seq=0
2024-03-31T23:08:32.506 INFO:teuthology.orchestra.run.smithi042.stdout:/usr/bin/ceph: stderr
2024-03-31T23:08:31.765+0000 7f45b6ffd700 1 -- 172.21.15.42:0/4196973568 <== mon.0 v2:172.21.15.42:3300/0 6 ==== mon_command_ack([{"prefix": "get_command_descriptions"}]=0 v0) ==== 72+0+184932 (secure 0 0 0) 0x7f45bc019b50 con 0x7f45c007dd30
2024-03-31T23:08:32.506 INFO:teuthology.orchestra.run.smithi042.stdout:/usr/bin/ceph: stderr
2024-03-31T23:08:31.970+0000 7f45c816f700 1 -- 172.21.15.42:0/4196973568 --> [v2:172.21.15.42:3300/0,v1:172.21.15.42:6789/0] -- mon_command([{prefix=config set, name=mgr/dashboard/ssl_server_port}] v 0) -- 0x7f45a4005650 con 0x7f45c007dd30
2024-03-31T23:08:32.506 INFO:teuthology.orchestra.run.smithi042.stdout:/usr/bin/ceph: stderr
2024-03-31T23:08:31.973+0000 7f45b6ffd700 1 -- 172.21.15.42:0/4196973568 <== mon.0 v2:172.21.15.42:3300/0 7 ==== mon_command_ack([{prefix=config set, name=mgr/dashboard/ssl_server_port}]=0 v8)=0 v8) ==== 130+0+0 (secure 0 0 0) 0x7f45bc024e50 con 0x7f45c007dd30
2024-03-31T23:08:32.506 INFO:teuthology.orchestra.run.smithi042.stdout:/usr/bin/ceph: stderr
2024-03-31T23:08:31.975+0000 7f45c816f700 1 -- 172.21.15.42:0/4196973568 >> [v2:172.21.15.42:6800/1517474041,v1:172.21.15.42:6801/1517474041] conn(0x7f45ac038e50 msgr2=0x7f45ac03b310 secure :-1 s=STATE_CONNECTION_ESTABLISHED l=1).mark_down
2024-03-31T23:08:32.506 INFO:teuthology.orchestra.run.smithi042.stdout:/usr/bin/ceph: stderr
2024-03-31T23:08:31.975+0000 7f45c816f700 1 --2- 172.21.15.42:0/4196973568 >> [v2:172.21.15.42:6800/1517474041,v1:172.21.15.42:6801/1517474041] conn(0x7f45ac038e50 0x7f45ac03b310 secure :-1 s=READY pgs=15 cs=0 l=1 rev1=1 crypto rx=0x7f45b0006fd0 tx=0x7f45b0006e40 comp rx=0 tx=0).stop
2024-03-31T23:08:32.506 INFO:teuthology.orchestra.run.smithi042.stdout:/usr/bin/ceph: stderr
2024-03-31T23:08:31.975+0000 7f45c816f700 1 -- 172.21.15.42:0/4196973568 >> [v2:172.21.15.42:3300/0,v1:172.21.15.42:6789/0] conn(0x7f45c007dd30 msgr2=0x7f45c019e040 secure :-1 s=STATE_CONNECTION_ESTABLISHED l=1).mark_down
2024-03-31T23:08:32.507 INFO:teuthology.orchestra.run.smithi042.stdout:/usr/bin/ceph: stderr
2024-03-31T23:08:31.975+0000 7f45c816f700 1 --2- 172.21.15.42:0/4196973568 >> [v2:172.21.15.42:3300/0,v1:172.21.15.42:6789/0] conn(0x7f45c007dd30 0x7f45c019e040 secure :-1 s=READY pgs=54 cs=0 l=1 rev1=1 crypto rx=0x7f45bc000c00 tx=0x7f45bc011c30 comp rx=0 tx=0).stop
2024-03-31T23:08:32.507 INFO:teuthology.orchestra.run.smithi042.stdout:/usr/bin/ceph: stderr
2024-03-31T23:08:31.975+0000 7f45c816f700 1 -- 172.21.15.42:0/4196973568 shutdown_connections
2024-03-31T23:08:32.507 INFO:teuthology.orchestra.run.smithi042.stdout:/usr/bin/ceph: stderr
2024-03-31T23:08:31.975+0000 7f45c816f700 1 --2- 172.21.15.42:0/4196973568 >> [v2:172.21.15.42:6800/1517474041,v1:172.21.15.42:6801/1517474041] conn(0x7f45ac038e50 0x7f45ac03b310 unknown :-1 s=CLOSED pgs=15 cs=0 l=1 rev1=1 crypto rx=0 tx=0 comp rx=0 tx=0).stop
2024-03-31T23:08:32.507 INFO:teuthology.orchestra.run.smithi042.stdout:/usr/bin/ceph: stderr
2024-03-31T23:08:31.975+0000 7f45c816f700 1 --2- 172.21.15.42:0/4196973568 >> [v2:172.21.15.42:3300/0,v1:172.21.15.42:6789/0] conn(0x7f45c007dd30 0x7f45c019e040 unknown :-1 s=CLOSED pgs=54 cs=0 l=1 rev1=1 crypto rx=0 tx=0 comp rx=0 tx=0).stop
2024-03-31T23:08:32.507 INFO:teuthology.orchestra.run.smithi042.stdout:/usr/bin/ceph: stderr
2024-03-31T23:08:31.975+0000 7f45c816f700 1 -- 172.21.15.42:0/4196973568 >> 172.21.15.42:0/4196973568 conn(0x7f45c01034c0 msgr2=0x7f45c0103fd0 unknown :-1 s=STATE_NONE l=0).mark_down
2024-03-31T23:08:32.507 INFO:teuthology.orchestra.run.smithi042.stdout:/usr/bin/ceph: stderr
2024-03-31T23:08:31.975+0000 7f45c816f700 1 -- 172.21.15.42:0/4196973568 shutdown_connections
2024-03-31T23:08:32.507 INFO:teuthology.orchestra.run.smithi042.stdout:/usr/bin/ceph: stderr
2024-03-31T23:08:31.976+0000 7f45c816f700 1 -- 172.21.15.42:0/4196973568 wait complete.
2024-03-31T23:08:32.507 INFO:teuthology.orchestra.run.smithi042.stdout:Enabling the dashboard module...
2024-03-31T23:08:32.890 INFO:journalctl@ceph.mon.a.smithi042.stdout:Mar 31 23:08:32 smithi042 ceph-mon[32380]: from='mgr.14120 172.21.15.42:0/2327319441' entity='mgr.x'
2024-03-31T23:08:32.890 INFO:journalctl@ceph.mon.a.smithi042.stdout:Mar 31 23:08:32 smithi042 ceph-mon[32380]: from='client.? 172.21.15.42:0/4196973568' entity='client.admin'
2024-03-31T23:08:33.825 INFO:journalctl@ceph.mon.a.smithi042.stdout:Mar 31 23:08:33 smithi042 ceph-mon[32380]: from='client.? 172.21.15.42:0/3389187263' entity='client.admin' cmd=[{"prefix": "mgr module enable", "module": "dashboard"}]: dispatch
2024-03-31T23:08:33.826 INFO:journalctl@ceph.mgr.x.smithi042.stdout:Mar 31 23:08:33 smithi042 ceph-5a449cfe-efb3-11ee-b647-cb9ed24678a4-mgr-x[32614]: ignoring --setuser ceph since I am not root
2024-03-31T23:08:33.826 INFO:journalctl@ceph.mgr.x.smithi042.stdout:Mar 31 23:08:33 smithi042 ceph-5a449cfe-efb3-11ee-b647-cb9ed24678a4-mgr-x[32614]: ignoring --setgroup ceph since I am not root
2024-03-31T23:08:34.181 INFO:teuthology.orchestra.run.smithi042.stdout:/usr/bin/ceph: stderr
2024-03-31T23:08:32.925+0000 7fca399e0700 1 Processor -- start
2024-03-31T23:08:34.181 INFO:teuthology.orchestra.run.smithi042.stdout:/usr/bin/ceph: stderr
2024-03-31T23:08:32.926+0000 7fca399e0700 1 -- start start
2024-03-31T23:08:34.181 INFO:teuthology.orchestra.run.smithi042.stdout:/usr/bin/ceph: stderr
2024-03-31T23:08:32.926+0000 7fca399e0700 1 --2- >> [v2:172.21.15.42:3300/0,v1:172.21.15.42:6789/0] conn(0x7fca341060b0 0x7fca341064d0 unknown :-1 s=NONE pgs=0 cs=0 l=0 rev1=0 crypto rx=0 tx=0 comp rx=0 tx=0).connect
2024-03-31T23:08:34.181 INFO:teuthology.orchestra.run.smithi042.stdout:/usr/bin/ceph: stderr
2024-03-31T23:08:32.926+0000 7fca399e0700 1 -- --> [v2:172.21.15.42:3300/0,v1:172.21.15.42:6789/0] -- mon_getmap magic: 0 -- 0x7fca34106aa0 con 0x7fca341060b0
2024-03-31T23:08:34.181 INFO:teuthology.orchestra.run.smithi042.stdout:/usr/bin/ceph: stderr
2024-03-31T23:08:32.926+0000 7fca32ffd700 1 --2- >> [v2:172.21.15.42:3300/0,v1:172.21.15.42:6789/0] conn(0x7fca341060b0 0x7fca341064d0 unknown :-1 s=BANNER_CONNECTING pgs=0 cs=0 l=0 rev1=0 crypto rx=0 tx=0 comp rx=0 tx=0)._handle_peer_banner_payload supported=3 required=0
2024-03-31T23:08:34.182 INFO:teuthology.orchestra.run.smithi042.stdout:/usr/bin/ceph: stderr
2024-03-31T23:08:32.926+0000 7fca32ffd700 1 --2- >> [v2:172.21.15.42:3300/0,v1:172.21.15.42:6789/0] conn(0x7fca341060b0 0x7fca341064d0 unknown :-1 s=HELLO_CONNECTING pgs=0 cs=0 l=0 rev1=1 crypto rx=0 tx=0 comp rx=0 tx=0).handle_hello peer v2:172.21.15.42:3300/0 says I am v2:172.21.15.42:43950/0 (socket says 172.21.15.42:43950)
2024-03-31T23:08:34.182 INFO:teuthology.orchestra.run.smithi042.stdout:/usr/bin/ceph: stderr
2024-03-31T23:08:32.926+0000 7fca32ffd700 1 -- 172.21.15.42:0/902517148 learned_addr learned my addr 172.21.15.42:0/902517148 (peer_addr_for_me v2:172.21.15.42:0/0)
2024-03-31T23:08:34.182 INFO:teuthology.orchestra.run.smithi042.stdout:/usr/bin/ceph: stderr
2024-03-31T23:08:32.926+0000 7fca32ffd700 1 -- 172.21.15.42:0/902517148 --> [v2:172.21.15.42:3300/0,v1:172.21.15.42:6789/0] -- mon_subscribe({config=0+,monmap=0+}) -- 0x7fca34109040 con 0x7fca341060b0
2024-03-31T23:08:34.182 INFO:teuthology.orchestra.run.smithi042.stdout:/usr/bin/ceph: stderr
2024-03-31T23:08:32.926+0000 7fca32ffd700 1 --2- 172.21.15.42:0/902517148 >> [v2:172.21.15.42:3300/0,v1:172.21.15.42:6789/0] conn(0x7fca341060b0 0x7fca341064d0 secure :-1 s=READY pgs=55 cs=0 l=1 rev1=1 crypto rx=0x7fca240098a0 tx=0x7fca24009bb0 comp rx=0 tx=0).ready entity=mon.0 client_cookie=aba1ae86590e039f server_cookie=0 in_seq=0 out_seq=0
2024-03-31T23:08:34.182 INFO:teuthology.orchestra.run.smithi042.stdout:/usr/bin/ceph: stderr
2024-03-31T23:08:32.927+0000 7fca31ffb700 1 -- 172.21.15.42:0/902517148 <== mon.0 v2:172.21.15.42:3300/0 1 ==== mon_map magic: 0 ==== 205+0+0 (secure 0 0 0) 0x7fca24004160 con 0x7fca341060b0
2024-03-31T23:08:34.182 INFO:teuthology.orchestra.run.smithi042.stdout:/usr/bin/ceph: stderr
2024-03-31T23:08:32.927+0000 7fca31ffb700 1 -- 172.21.15.42:0/902517148 <== mon.0 v2:172.21.15.42:3300/0 2 ==== config(28 keys) ==== 1174+0+0 (secure 0 0 0) 0x7fca24004300 con 0x7fca341060b0
2024-03-31T23:08:34.182 INFO:teuthology.orchestra.run.smithi042.stdout:/usr/bin/ceph: stderr
2024-03-31T23:08:32.927+0000 7fca31ffb700 1 -- 172.21.15.42:0/902517148 <== mon.0 v2:172.21.15.42:3300/0 3 ==== mon_map magic: 0 ==== 205+0+0 (secure 0 0 0) 0x7fca24011bb0 con 0x7fca341060b0
2024-03-31T23:08:34.182 INFO:teuthology.orchestra.run.smithi042.stdout:/usr/bin/ceph: stderr
2024-03-31T23:08:32.927+0000 7fca399e0700 1 -- 172.21.15.42:0/902517148 >> [v2:172.21.15.42:3300/0,v1:172.21.15.42:6789/0] conn(0x7fca341060b0 msgr2=0x7fca341064d0 secure :-1 s=STATE_CONNECTION_ESTABLISHED l=1).mark_down
2024-03-31T23:08:34.182 INFO:teuthology.orchestra.run.smithi042.stdout:/usr/bin/ceph: stderr
2024-03-31T23:08:32.927+0000 7fca399e0700 1 --2- 172.21.15.42:0/902517148 >> [v2:172.21.15.42:3300/0,v1:172.21.15.42:6789/0] conn(0x7fca341060b0 0x7fca341064d0 secure :-1 s=READY pgs=55 cs=0 l=1 rev1=1 crypto rx=0x7fca240098a0 tx=0x7fca24009bb0 comp rx=0 tx=0).stop
2024-03-31T23:08:34.182 INFO:teuthology.orchestra.run.smithi042.stdout:/usr/bin/ceph: stderr
2024-03-31T23:08:32.927+0000 7fca399e0700 1 -- 172.21.15.42:0/902517148 shutdown_connections
2024-03-31T23:08:34.182 INFO:teuthology.orchestra.run.smithi042.stdout:/usr/bin/ceph: stderr
2024-03-31T23:08:32.927+0000 7fca399e0700 1 --2- 172.21.15.42:0/902517148 >> [v2:172.21.15.42:3300/0,v1:172.21.15.42:6789/0] conn(0x7fca341060b0 0x7fca341064d0 unknown :-1 s=CLOSED pgs=55 cs=0 l=1 rev1=1 crypto rx=0 tx=0 comp rx=0 tx=0).stop
2024-03-31T23:08:34.182 INFO:teuthology.orchestra.run.smithi042.stdout:/usr/bin/ceph: stderr
2024-03-31T23:08:32.927+0000 7fca399e0700 1 -- 172.21.15.42:0/902517148 >> 172.21.15.42:0/902517148 conn(0x7fca34101a60 msgr2=0x7fca34103e80 unknown :-1 s=STATE_NONE l=0).mark_down
2024-03-31T23:08:34.183 INFO:teuthology.orchestra.run.smithi042.stdout:/usr/bin/ceph: stderr
2024-03-31T23:08:32.927+0000 7fca399e0700 1 -- 172.21.15.42:0/902517148 shutdown_connections
2024-03-31T23:08:34.183 INFO:teuthology.orchestra.run.smithi042.stdout:/usr/bin/ceph: stderr
2024-03-31T23:08:32.927+0000 7fca399e0700 1 -- 172.21.15.42:0/902517148 wait complete.
2024-03-31T23:08:34.183 INFO:teuthology.orchestra.run.smithi042.stdout:/usr/bin/ceph: stderr
2024-03-31T23:08:32.928+0000 7fca399e0700 1 Processor -- start
2024-03-31T23:08:34.183 INFO:teuthology.orchestra.run.smithi042.stdout:/usr/bin/ceph: stderr
2024-03-31T23:08:32.928+0000 7fca399e0700 1 -- start start
2024-03-31T23:08:34.183 INFO:teuthology.orchestra.run.smithi042.stdout:/usr/bin/ceph: stderr
2024-03-31T23:08:32.928+0000 7fca399e0700 1 --2- >> [v2:172.21.15.42:3300/0,v1:172.21.15.42:6789/0] conn(0x7fca341060b0 0x7fca3419bde0 unknown :-1 s=NONE pgs=0 cs=0 l=1 rev1=0 crypto rx=0 tx=0 comp rx=0 tx=0).connect
2024-03-31T23:08:34.183 INFO:teuthology.orchestra.run.smithi042.stdout:/usr/bin/ceph: stderr
2024-03-31T23:08:32.928+0000 7fca399e0700 1 -- --> [v2:172.21.15.42:3300/0,v1:172.21.15.42:6789/0] -- mon_getmap magic: 0 -- 0x7fca3410c3f0 con 0x7fca341060b0
2024-03-31T23:08:34.183 INFO:teuthology.orchestra.run.smithi042.stdout:/usr/bin/ceph: stderr
2024-03-31T23:08:32.929+0000 7fca32ffd700 1 --2- >> [v2:172.21.15.42:3300/0,v1:172.21.15.42:6789/0] conn(0x7fca341060b0 0x7fca3419bde0 unknown :-1 s=BANNER_CONNECTING pgs=0 cs=0 l=1 rev1=0 crypto rx=0 tx=0 comp rx=0 tx=0)._handle_peer_banner_payload supported=3 required=0
2024-03-31T23:08:34.183 INFO:teuthology.orchestra.run.smithi042.stdout:/usr/bin/ceph: stderr
2024-03-31T23:08:32.929+0000 7fca32ffd700 1 --2- >> [v2:172.21.15.42:3300/0,v1:172.21.15.42:6789/0] conn(0x7fca341060b0 0x7fca3419bde0 unknown :-1 s=HELLO_CONNECTING pgs=0 cs=0 l=1 rev1=1 crypto rx=0 tx=0 comp rx=0 tx=0).handle_hello peer v2:172.21.15.42:3300/0 says I am v2:172.21.15.42:43964/0 (socket says 172.21.15.42:43964)
2024-03-31T23:08:34.183 INFO:teuthology.orchestra.run.smithi042.stdout:/usr/bin/ceph: stderr
2024-03-31T23:08:32.929+0000 7fca32ffd700 1 -- 172.21.15.42:0/3389187263 learned_addr learned my addr 172.21.15.42:0/3389187263 (peer_addr_for_me v2:172.21.15.42:0/0)
2024-03-31T23:08:34.183 INFO:teuthology.orchestra.run.smithi042.stdout:/usr/bin/ceph: stderr
2024-03-31T23:08:32.929+0000 7fca32ffd700 1 -- 172.21.15.42:0/3389187263 --> [v2:172.21.15.42:3300/0,v1:172.21.15.42:6789/0] -- mon_subscribe({config=0+,monmap=0+}) -- 0x7fca3419c320 con 0x7fca341060b0
2024-03-31T23:08:34.183 INFO:teuthology.orchestra.run.smithi042.stdout:/usr/bin/ceph: stderr
2024-03-31T23:08:32.929+0000 7fca32ffd700 1 --2- 172.21.15.42:0/3389187263 >> [v2:172.21.15.42:3300/0,v1:172.21.15.42:6789/0] conn(0x7fca341060b0 0x7fca3419bde0 secure :-1 s=READY pgs=56 cs=0 l=1 rev1=1 crypto rx=0x7fca24011690 tx=0x7fca24011ca0 comp rx=0 tx=0).ready entity=mon.0 client_cookie=0 server_cookie=0 in_seq=0 out_seq=0
2024-03-31T23:08:34.183 INFO:teuthology.orchestra.run.smithi042.stdout:/usr/bin/ceph: stderr
2024-03-31T23:08:32.929+0000 7fca389de700 1 -- 172.21.15.42:0/3389187263 <== mon.0 v2:172.21.15.42:3300/0 1 ==== mon_map magic: 0 ==== 205+0+0 (secure 0 0 0) 0x7fca24003b70 con 0x7fca341060b0
2024-03-31T23:08:34.183 INFO:teuthology.orchestra.run.smithi042.stdout:/usr/bin/ceph: stderr
2024-03-31T23:08:32.929+0000 7fca399e0700 1 -- 172.21.15.42:0/3389187263 --> [v2:172.21.15.42:3300/0,v1:172.21.15.42:6789/0] -- mon_subscribe({mgrmap=0+}) -- 0x7fca3419c5b0 con 0x7fca341060b0
2024-03-31T23:08:34.184 INFO:teuthology.orchestra.run.smithi042.stdout:/usr/bin/ceph: stderr
2024-03-31T23:08:32.929+0000 7fca399e0700 1 -- 172.21.15.42:0/3389187263 --> [v2:172.21.15.42:3300/0,v1:172.21.15.42:6789/0] -- mon_subscribe({osdmap=0}) -- 0x7fca3419ca10 con 0x7fca341060b0
2024-03-31T23:08:34.184 INFO:teuthology.orchestra.run.smithi042.stdout:/usr/bin/ceph: stderr
2024-03-31T23:08:32.929+0000 7fca389de700 1 -- 172.21.15.42:0/3389187263 <== mon.0 v2:172.21.15.42:3300/0 2 ==== config(28 keys) ==== 1174+0+0 (secure 0 0 0) 0x7fca2401a930 con 0x7fca341060b0
2024-03-31T23:08:34.184 INFO:teuthology.orchestra.run.smithi042.stdout:/usr/bin/ceph: stderr
2024-03-31T23:08:32.929+0000 7fca389de700 1 -- 172.21.15.42:0/3389187263 <== mon.0 v2:172.21.15.42:3300/0 3 ==== mon_map magic: 0 ==== 205+0+0 (secure 0 0 0) 0x7fca24019920 con 0x7fca341060b0
2024-03-31T23:08:34.184 INFO:teuthology.orchestra.run.smithi042.stdout:/usr/bin/ceph: stderr
2024-03-31T23:08:32.930+0000 7fca389de700 1 -- 172.21.15.42:0/3389187263 <== mon.0 v2:172.21.15.42:3300/0 4 ==== mgrmap(e 8) ==== 46116+0+0 (secure 0 0 0) 0x7fca24022020 con 0x7fca341060b0
2024-03-31T23:08:34.184 INFO:teuthology.orchestra.run.smithi042.stdout:/usr/bin/ceph: stderr
2024-03-31T23:08:32.931+0000 7fca389de700 1 --2- 172.21.15.42:0/3389187263 >> [v2:172.21.15.42:6800/1517474041,v1:172.21.15.42:6801/1517474041] conn(0x7fca1c038db0 0x7fca1c03b270 unknown :-1 s=NONE pgs=0 cs=0 l=1 rev1=0 crypto rx=0 tx=0 comp rx=0 tx=0).connect
2024-03-31T23:08:34.184 INFO:teuthology.orchestra.run.smithi042.stdout:/usr/bin/ceph: stderr
2024-03-31T23:08:32.931+0000 7fca399e0700 1 -- 172.21.15.42:0/3389187263 --> [v2:172.21.15.42:3300/0,v1:172.21.15.42:6789/0] -- mon_command({"prefix": "get_command_descriptions"} v 0) -- 0x7fca20005360 con 0x7fca341060b0
2024-03-31T23:08:34.184 INFO:teuthology.orchestra.run.smithi042.stdout:/usr/bin/ceph: stderr
2024-03-31T23:08:32.931+0000 7fca389de700 1 -- 172.21.15.42:0/3389187263 <== mon.0 v2:172.21.15.42:3300/0 5 ==== osd_map(2..2 src has 1..2) ==== 940+0+0 (secure 0 0 0) 0x7fca2404cf50 con 0x7fca341060b0
2024-03-31T23:08:34.184 INFO:teuthology.orchestra.run.smithi042.stdout:/usr/bin/ceph: stderr
2024-03-31T23:08:32.931+0000 7fca327fc700 1 --2- 172.21.15.42:0/3389187263 >> [v2:172.21.15.42:6800/1517474041,v1:172.21.15.42:6801/1517474041] conn(0x7fca1c038db0 0x7fca1c03b270 unknown :-1 s=BANNER_CONNECTING pgs=0 cs=0 l=1 rev1=0 crypto rx=0 tx=0 comp rx=0 tx=0)._handle_peer_banner_payload supported=3 required=0
2024-03-31T23:08:34.184 INFO:teuthology.orchestra.run.smithi042.stdout:/usr/bin/ceph: stderr
2024-03-31T23:08:32.931+0000 7fca327fc700 1 --2- 172.21.15.42:0/3389187263 >> [v2:172.21.15.42:6800/1517474041,v1:172.21.15.42:6801/1517474041] conn(0x7fca1c038db0 0x7fca1c03b270 secure :-1 s=READY pgs=16 cs=0 l=1 rev1=1 crypto rx=0x7fca28006fd0 tx=0x7fca28006e40 comp rx=0 tx=0).ready entity=mgr.14120 client_cookie=0 server_cookie=0 in_seq=0 out_seq=0
2024-03-31T23:08:34.184 INFO:teuthology.orchestra.run.smithi042.stdout:/usr/bin/ceph: stderr
2024-03-31T23:08:32.936+0000 7fca389de700 1 -- 172.21.15.42:0/3389187263 <== mon.0 v2:172.21.15.42:3300/0 6 ==== mon_command_ack([{"prefix": "get_command_descriptions"}]=0 v0) ==== 72+0+184932 (secure 0 0 0) 0x7fca24010e90 con 0x7fca341060b0
2024-03-31T23:08:34.184 INFO:teuthology.orchestra.run.smithi042.stdout:/usr/bin/ceph: stderr
2024-03-31T23:08:33.214+0000 7fca399e0700 1 -- 172.21.15.42:0/3389187263 --> [v2:172.21.15.42:3300/0,v1:172.21.15.42:6789/0] -- mon_command({"prefix": "mgr module enable", "module": "dashboard"} v 0) -- 0x7fca20005650 con 0x7fca341060b0
2024-03-31T23:08:34.184 INFO:teuthology.orchestra.run.smithi042.stdout:/usr/bin/ceph: stderr
2024-03-31T23:08:33.627+0000 7fca389de700 1 -- 172.21.15.42:0/3389187263 <== mon.0 v2:172.21.15.42:3300/0 7 ==== mon_command_ack([{"prefix": "mgr module enable", "module": "dashboard"}]=0 v9) ==== 88+0+0 (secure 0 0 0) 0x7fca2400fd80 con 0x7fca341060b0
2024-03-31T23:08:34.184 INFO:teuthology.orchestra.run.smithi042.stdout:/usr/bin/ceph: stderr
2024-03-31T23:08:33.630+0000 7fca389de700 1 -- 172.21.15.42:0/3389187263 <== mon.0 v2:172.21.15.42:3300/0 8 ==== mgrmap(e 9) ==== 46129+0+0 (secure 0 0 0) 0x7fca2402c8c0 con 0x7fca341060b0
2024-03-31T23:08:34.184 INFO:teuthology.orchestra.run.smithi042.stdout:/usr/bin/ceph: stderr
2024-03-31T23:08:33.630+0000 7fca399e0700 1 -- 172.21.15.42:0/3389187263 >> [v2:172.21.15.42:6800/1517474041,v1:172.21.15.42:6801/1517474041] conn(0x7fca1c038db0 msgr2=0x7fca1c03b270 secure :-1 s=STATE_CONNECTION_ESTABLISHED l=1).mark_down
2024-03-31T23:08:34.185 INFO:teuthology.orchestra.run.smithi042.stdout:/usr/bin/ceph: stderr
2024-03-31T23:08:33.630+0000 7fca399e0700 1 --2- 172.21.15.42:0/3389187263 >> [v2:172.21.15.42:6800/1517474041,v1:172.21.15.42:6801/1517474041] conn(0x7fca1c038db0 0x7fca1c03b270 secure :-1 s=READY pgs=16 cs=0 l=1 rev1=1 crypto rx=0x7fca28006fd0 tx=0x7fca28006e40 comp rx=0 tx=0).stop
2024-03-31T23:08:34.185 INFO:teuthology.orchestra.run.smithi042.stdout:/usr/bin/ceph: stderr
2024-03-31T23:08:33.630+0000 7fca399e0700 1 -- 172.21.15.42:0/3389187263 >> [v2:172.21.15.42:3300/0,v1:172.21.15.42:6789/0] conn(0x7fca341060b0 msgr2=0x7fca3419bde0 secure :-1 s=STATE_CONNECTION_ESTABLISHED l=1).mark_down
2024-03-31T23:08:34.185 INFO:teuthology.orchestra.run.smithi042.stdout:/usr/bin/ceph: stderr
2024-03-31T23:08:33.630+0000 7fca399e0700 1 --2- 172.21.15.42:0/3389187263 >> [v2:172.21.15.42:3300/0,v1:172.21.15.42:6789/0] conn(0x7fca341060b0 0x7fca3419bde0 secure :-1 s=READY pgs=56 cs=0 l=1 rev1=1 crypto rx=0x7fca24011690 tx=0x7fca24011ca0 comp rx=0 tx=0).stop
2024-03-31T23:08:34.185 INFO:teuthology.orchestra.run.smithi042.stdout:/usr/bin/ceph: stderr
2024-03-31T23:08:33.630+0000 7fca399e0700 1 -- 172.21.15.42:0/3389187263 shutdown_connections
2024-03-31T23:08:34.185 INFO:teuthology.orchestra.run.smithi042.stdout:/usr/bin/ceph: stderr
2024-03-31T23:08:33.630+0000 7fca399e0700 1 --2- 172.21.15.42:0/3389187263 >> [v2:172.21.15.42:6800/1517474041,v1:172.21.15.42:6801/1517474041] conn(0x7fca1c038db0 0x7fca1c03b270 unknown :-1 s=CLOSED pgs=16 cs=0 l=1 rev1=1 crypto rx=0 tx=0 comp rx=0 tx=0).stop
2024-03-31T23:08:34.185 INFO:teuthology.orchestra.run.smithi042.stdout:/usr/bin/ceph: stderr
2024-03-31T23:08:33.630+0000 7fca399e0700 1 --2- 172.21.15.42:0/3389187263 >> [v2:172.21.15.42:3300/0,v1:172.21.15.42:6789/0] conn(0x7fca341060b0 0x7fca3419bde0 unknown :-1 s=CLOSED pgs=56 cs=0 l=1 rev1=1 crypto rx=0 tx=0 comp rx=0 tx=0).stop
2024-03-31T23:08:34.185 INFO:teuthology.orchestra.run.smithi042.stdout:/usr/bin/ceph: stderr
2024-03-31T23:08:33.630+0000 7fca399e0700 1 -- 172.21.15.42:0/3389187263 >> 172.21.15.42:0/3389187263 conn(0x7fca34101a60 msgr2=0x7fca34102530 unknown :-1 s=STATE_NONE l=0).mark_down
2024-03-31T23:08:34.185 INFO:teuthology.orchestra.run.smithi042.stdout:/usr/bin/ceph: stderr
2024-03-31T23:08:33.630+0000 7fca399e0700 1 -- 172.21.15.42:0/3389187263 shutdown_connections
2024-03-31T23:08:34.185 INFO:teuthology.orchestra.run.smithi042.stdout:/usr/bin/ceph: stderr
2024-03-31T23:08:33.630+0000 7fca399e0700 1 -- 172.21.15.42:0/3389187263 wait complete.
2024-03-31T23:08:34.510 INFO:journalctl@ceph.mgr.x.smithi042.stdout:Mar 31 23:08:34 smithi042 ceph-5a449cfe-efb3-11ee-b647-cb9ed24678a4-mgr-x[32614]:
2024-03-31T23:08:34.232+0000 7fe6fa060200 -1 mgr[py] Module osd_perf_query has missing NOTIFY_TYPES member
2024-03-31T23:08:34.510 INFO:journalctl@ceph.mgr.x.smithi042.stdout:Mar 31 23:08:34 smithi042 ceph-5a449cfe-efb3-11ee-b647-cb9ed24678a4-mgr-x[32614]:
2024-03-31T23:08:34.330+0000 7fe6fa060200 -1 mgr[py] Module snap_schedule has missing NOTIFY_TYPES member
2024-03-31T23:08:34.815 INFO:journalctl@ceph.mon.a.smithi042.stdout:Mar 31 23:08:34 smithi042 ceph-mon[32380]: from='client.? 172.21.15.42:0/3389187263' entity='client.admin' cmd='[{"prefix": "mgr module enable", "module": "dashboard"}]': finished
2024-03-31T23:08:34.816 INFO:journalctl@ceph.mon.a.smithi042.stdout:Mar 31 23:08:34 smithi042 ceph-mon[32380]: mgrmap e9: x(active, since 18s)
2024-03-31T23:08:35.075 INFO:journalctl@ceph.mgr.x.smithi042.stdout:Mar 31 23:08:35 smithi042 ceph-5a449cfe-efb3-11ee-b647-cb9ed24678a4-mgr-x[32614]:
2024-03-31T23:08:35.002+0000 7fe6fa060200 -1 mgr[py] Module zabbix has missing NOTIFY_TYPES member
2024-03-31T23:08:35.427 INFO:journalctl@ceph.mgr.x.smithi042.stdout:Mar 31 23:08:35 smithi042 ceph-5a449cfe-efb3-11ee-b647-cb9ed24678a4-mgr-x[32614]:
2024-03-31T23:08:35.098+0000 7fe6fa060200 -1 mgr[py] Module balancer has missing NOTIFY_TYPES member
2024-03-31T23:08:35.428 INFO:journalctl@ceph.mgr.x.smithi042.stdout:Mar 31 23:08:35 smithi042 ceph-5a449cfe-efb3-11ee-b647-cb9ed24678a4-mgr-x[32614]:
2024-03-31T23:08:35.243+0000 7fe6fa060200 -1 mgr[py] Module influx has missing NOTIFY_TYPES member
2024-03-31T23:08:35.428 INFO:journalctl@ceph.mgr.x.smithi042.stdout:Mar 31 23:08:35 smithi042 ceph-5a449cfe-efb3-11ee-b647-cb9ed24678a4-mgr-x[32614]:
2024-03-31T23:08:35.341+0000 7fe6fa060200 -1 mgr[py] Module alerts has missing NOTIFY_TYPES member
2024-03-31T23:08:35.428 INFO:journalctl@ceph.mgr.x.smithi042.stdout:Mar 31 23:08:35 smithi042 ceph-5a449cfe-efb3-11ee-b647-cb9ed24678a4-mgr-x[32614]:
2024-03-31T23:08:35.427+0000 7fe6fa060200 -1 mgr[py] Module iostat has missing NOTIFY_TYPES member
2024-03-31T23:08:35.447 INFO:teuthology.orchestra.run.smithi042.stdout:/usr/bin/ceph: stdout {
2024-03-31T23:08:35.447 INFO:teuthology.orchestra.run.smithi042.stdout:/usr/bin/ceph: stdout "epoch": 9,
2024-03-31T23:08:35.447 INFO:teuthology.orchestra.run.smithi042.stdout:/usr/bin/ceph: stdout "available": true,
2024-03-31T23:08:35.447 INFO:teuthology.orchestra.run.smithi042.stdout:/usr/bin/ceph: stdout "active_name": "x",
2024-03-31T23:08:35.447 INFO:teuthology.orchestra.run.smithi042.stdout:/usr/bin/ceph: stdout "num_standby": 0
2024-03-31T23:08:35.447 INFO:teuthology.orchestra.run.smithi042.stdout:/usr/bin/ceph: stdout }
2024-03-31T23:08:35.447 INFO:teuthology.orchestra.run.smithi042.stdout:/usr/bin/ceph: stderr
2024-03-31T23:08:34.609+0000 7f7c03eaa700 1 Processor -- start
2024-03-31T23:08:35.447 INFO:teuthology.orchestra.run.smithi042.stdout:/usr/bin/ceph: stderr
2024-03-31T23:08:34.609+0000 7f7c03eaa700 1 -- start start
2024-03-31T23:08:35.447 INFO:teuthology.orchestra.run.smithi042.stdout:/usr/bin/ceph: stderr
2024-03-31T23:08:34.609+0000 7f7c03eaa700 1 --2- >> [v2:172.21.15.42:3300/0,v1:172.21.15.42:6789/0] conn(0x7f7bfc1060b0 0x7f7bfc1064d0 unknown :-1 s=NONE pgs=0 cs=0 l=0 rev1=0 crypto rx=0 tx=0 comp rx=0 tx=0).connect
2024-03-31T23:08:35.447 INFO:teuthology.orchestra.run.smithi042.stdout:/usr/bin/ceph: stderr
2024-03-31T23:08:34.609+0000 7f7c03eaa700 1 -- --> [v2:172.21.15.42:3300/0,v1:172.21.15.42:6789/0] -- mon_getmap magic: 0 -- 0x7f7bfc106aa0 con 0x7f7bfc1060b0
2024-03-31T23:08:35.447 INFO:teuthology.orchestra.run.smithi042.stdout:/usr/bin/ceph: stderr
2024-03-31T23:08:34.609+0000 7f7c01c46700 1 --2- >> [v2:172.21.15.42:3300/0,v1:172.21.15.42:6789/0] conn(0x7f7bfc1060b0 0x7f7bfc1064d0 unknown :-1 s=BANNER_CONNECTING pgs=0 cs=0 l=0 rev1=0 crypto rx=0 tx=0 comp rx=0 tx=0)._handle_peer_banner_payload supported=3 required=0
2024-03-31T23:08:35.447 INFO:teuthology.orchestra.run.smithi042.stdout:/usr/bin/ceph: stderr
2024-03-31T23:08:34.609+0000 7f7c01c46700 1 --2- >> [v2:172.21.15.42:3300/0,v1:172.21.15.42:6789/0] conn(0x7f7bfc1060b0 0x7f7bfc1064d0 unknown :-1 s=HELLO_CONNECTING pgs=0 cs=0 l=0 rev1=1 crypto rx=0 tx=0 comp rx=0 tx=0).handle_hello peer v2:172.21.15.42:3300/0 says I am v2:172.21.15.42:49440/0 (socket says 172.21.15.42:49440)
2024-03-31T23:08:35.448 INFO:teuthology.orchestra.run.smithi042.stdout:/usr/bin/ceph: stderr
2024-03-31T23:08:34.609+0000 7f7c01c46700 1 -- 172.21.15.42:0/3200271518 learned_addr learned my addr 172.21.15.42:0/3200271518 (peer_addr_for_me v2:172.21.15.42:0/0)
2024-03-31T23:08:35.448 INFO:teuthology.orchestra.run.smithi042.stdout:/usr/bin/ceph: stderr
2024-03-31T23:08:34.610+0000 7f7c01c46700 1 -- 172.21.15.42:0/3200271518 --> [v2:172.21.15.42:3300/0,v1:172.21.15.42:6789/0] -- mon_subscribe({config=0+,monmap=0+}) -- 0x7f7bfc109040 con 0x7f7bfc1060b0
2024-03-31T23:08:35.448 INFO:teuthology.orchestra.run.smithi042.stdout:/usr/bin/ceph: stderr
2024-03-31T23:08:34.610+0000 7f7c01c46700 1 --2- 172.21.15.42:0/3200271518 >> [v2:172.21.15.42:3300/0,v1:172.21.15.42:6789/0] conn(0x7f7bfc1060b0 0x7f7bfc1064d0 secure :-1 s=READY pgs=59 cs=0 l=1 rev1=1 crypto rx=0x7f7bf80098a0 tx=0x7f7bf8009bb0 comp rx=0 tx=0).ready entity=mon.0 client_cookie=644eee7962dcd80 server_cookie=0 in_seq=0 out_seq=0
2024-03-31T23:08:35.448 INFO:teuthology.orchestra.run.smithi042.stdout:/usr/bin/ceph: stderr
2024-03-31T23:08:34.610+0000 7f7c00c44700 1 -- 172.21.15.42:0/3200271518 <== mon.0 v2:172.21.15.42:3300/0 1 ==== mon_map magic: 0 ==== 205+0+0 (secure 0 0 0) 0x7f7bf8004160 con 0x7f7bfc1060b0
2024-03-31T23:08:35.448 INFO:teuthology.orchestra.run.smithi042.stdout:/usr/bin/ceph: stderr
2024-03-31T23:08:34.610+0000 7f7c00c44700 1 -- 172.21.15.42:0/3200271518 <== mon.0 v2:172.21.15.42:3300/0 2 ==== config(28 keys) ==== 1174+0+0 (secure 0 0 0) 0x7f7bf8004300 con 0x7f7bfc1060b0
2024-03-31T23:08:35.448 INFO:teuthology.orchestra.run.smithi042.stdout:/usr/bin/ceph: stderr
2024-03-31T23:08:34.610+0000 7f7c00c44700 1 -- 172.21.15.42:0/3200271518 <== mon.0 v2:172.21.15.42:3300/0 3 ==== mon_map magic: 0 ==== 205+0+0 (secure 0 0 0) 0x7f7bf8011bb0 con 0x7f7bfc1060b0
2024-03-31T23:08:35.448 INFO:teuthology.orchestra.run.smithi042.stdout:/usr/bin/ceph: stderr
2024-03-31T23:08:34.611+0000 7f7c03eaa700 1 -- 172.21.15.42:0/3200271518 >> [v2:172.21.15.42:3300/0,v1:172.21.15.42:6789/0] conn(0x7f7bfc1060b0 msgr2=0x7f7bfc1064d0 secure :-1 s=STATE_CONNECTION_ESTABLISHED l=1).mark_down
2024-03-31T23:08:35.448 INFO:teuthology.orchestra.run.smithi042.stdout:/usr/bin/ceph: stderr
2024-03-31T23:08:34.611+0000 7f7c03eaa700 1 --2- 172.21.15.42:0/3200271518 >> [v2:172.21.15.42:3300/0,v1:172.21.15.42:6789/0] conn(0x7f7bfc1060b0 0x7f7bfc1064d0 secure :-1 s=READY pgs=59 cs=0 l=1 rev1=1 crypto rx=0x7f7bf80098a0 tx=0x7f7bf8009bb0 comp rx=0 tx=0).stop
2024-03-31T23:08:35.448 INFO:teuthology.orchestra.run.smithi042.stdout:/usr/bin/ceph: stderr
2024-03-31T23:08:34.611+0000 7f7c03eaa700 1 -- 172.21.15.42:0/3200271518 shutdown_connections
2024-03-31T23:08:35.448 INFO:teuthology.orchestra.run.smithi042.stdout:/usr/bin/ceph: stderr
2024-03-31T23:08:34.611+0000 7f7c03eaa700 1 --2- 172.21.15.42:0/3200271518 >> [v2:172.21.15.42:3300/0,v1:172.21.15.42:6789/0] conn(0x7f7bfc1060b0 0x7f7bfc1064d0 unknown :-1 s=CLOSED pgs=59 cs=0 l=1 rev1=1 crypto rx=0 tx=0 comp rx=0 tx=0).stop
2024-03-31T23:08:35.448 INFO:teuthology.orchestra.run.smithi042.stdout:/usr/bin/ceph: stderr
2024-03-31T23:08:34.611+0000 7f7c03eaa700 1 -- 172.21.15.42:0/3200271518 >> 172.21.15.42:0/3200271518 conn(0x7f7bfc101a60 msgr2=0x7f7bfc103e80 unknown :-1 s=STATE_NONE l=0).mark_down
2024-03-31T23:08:35.448 INFO:teuthology.orchestra.run.smithi042.stdout:/usr/bin/ceph: stderr
2024-03-31T23:08:34.611+0000 7f7c03eaa700 1 -- 172.21.15.42:0/3200271518 shutdown_connections
2024-03-31T23:08:35.448 INFO:teuthology.orchestra.run.smithi042.stdout:/usr/bin/ceph: stderr
2024-03-31T23:08:34.611+0000 7f7c03eaa700 1 -- 172.21.15.42:0/3200271518 wait complete.
2024-03-31T23:08:35.449 INFO:teuthology.orchestra.run.smithi042.stdout:/usr/bin/ceph: stderr
2024-03-31T23:08:34.612+0000 7f7c03eaa700 1 Processor -- start
