2024-04-01T00:02:55.990 INFO:teuthology.orchestra.run.smithi062.stdout:/usr/bin/ceph: stderr
2024-04-01T00:02:54.184+0000 7ff9e6ffd700 1 -- 172.21.15.62:0/311502076 <== mon.0 v2:172.21.15.62:3300/0 5 ==== osd_map(2..2 src has 1..2) v4 ==== 936+0+0 (secure 0 0 0) 0x7ff9e804a650 con 0x7ff9f81028f0
2024-04-01T00:02:55.990 INFO:teuthology.orchestra.run.smithi062.stdout:/usr/bin/ceph: stderr
2024-04-01T00:02:54.184+0000 7ff9f5d9b700 1 --2- 172.21.15.62:0/311502076 >> [v2:172.21.15.62:6800/452792201,v1:172.21.15.62:6801/452792201] conn(0x7ff9e00367e0 0x7ff9e0038c90 unknown :-1 s=BANNER_CONNECTING pgs=0 cs=0 l=1 rev1=0 crypto rx=0 tx=0 comp rx=0 tx=0)._handle_peer_banner_payload supported=3 required=0
2024-04-01T00:02:55.991 INFO:teuthology.orchestra.run.smithi062.stdout:/usr/bin/ceph: stderr
2024-04-01T00:02:54.185+0000 7ff9f5d9b700 1 --2- 172.21.15.62:0/311502076 >> [v2:172.21.15.62:6800/452792201,v1:172.21.15.62:6801/452792201] conn(0x7ff9e00367e0 0x7ff9e0038c90 secure :-1 s=READY pgs=12 cs=0 l=1 rev1=1 crypto rx=0x7ff9ec009990 tx=0x7ff9ec006e40 comp rx=0 tx=0).ready entity=mgr.14120 client_cookie=0 server_cookie=0 in_seq=0 out_seq=0
2024-04-01T00:02:55.991 INFO:teuthology.orchestra.run.smithi062.stdout:/usr/bin/ceph: stderr
2024-04-01T00:02:54.189+0000 7ff9e6ffd700 1 -- 172.21.15.62:0/311502076 <== mon.0 v2:172.21.15.62:3300/0 6 ==== mon_command_ack([{"prefix": "get_command_descriptions"}]=0 v0) v1 ==== 72+0+176504 (secure 0 0 0) 0x7ff9e8010920 con 0x7ff9f81028f0
2024-04-01T00:02:55.991 INFO:teuthology.orchestra.run.smithi062.stdout:/usr/bin/ceph: stderr
2024-04-01T00:02:54.402+0000 7ff9fc855700 1 -- 172.21.15.62:0/311502076 --> [v2:172.21.15.62:6800/452792201,v1:172.21.15.62:6801/452792201] -- mgr_command(tid 0: {"prefix": "orch apply", "service_type": "mon", "target": ["mon-mgr", ""]}) v1 -- 0x7ff9f80ff240 con 0x7ff9e00367e0
2024-04-01T00:02:55.991 INFO:teuthology.orchestra.run.smithi062.stdout:/usr/bin/ceph: stderr
2024-04-01T00:02:54.409+0000 7ff9e6ffd700 1 -- 172.21.15.62:0/311502076 <== mgr.14120 v2:172.21.15.62:6800/452792201 1 ==== mgr_command_reply(tid 0: 0 ) v1 ==== 8+0+24 (secure 0 0 0) 0x7ff9f80ff240 con 0x7ff9e00367e0
2024-04-01T00:02:55.991 INFO:teuthology.orchestra.run.smithi062.stdout:/usr/bin/ceph: stderr
2024-04-01T00:02:54.411+0000 7ff9fc855700 1 -- 172.21.15.62:0/311502076 >> [v2:172.21.15.62:6800/452792201,v1:172.21.15.62:6801/452792201] conn(0x7ff9e00367e0 msgr2=0x7ff9e0038c90 secure :-1 s=STATE_CONNECTION_ESTABLISHED l=1).mark_down
2024-04-01T00:02:55.991 INFO:teuthology.orchestra.run.smithi062.stdout:/usr/bin/ceph: stderr
2024-04-01T00:02:54.411+0000 7ff9fc855700 1 --2- 172.21.15.62:0/311502076 >> [v2:172.21.15.62:6800/452792201,v1:172.21.15.62:6801/452792201] conn(0x7ff9e00367e0 0x7ff9e0038c90 secure :-1 s=READY pgs=12 cs=0 l=1 rev1=1 crypto rx=0x7ff9ec009990 tx=0x7ff9ec006e40 comp rx=0 tx=0).stop
2024-04-01T00:02:55.991 INFO:teuthology.orchestra.run.smithi062.stdout:/usr/bin/ceph: stderr
2024-04-01T00:02:54.411+0000 7ff9fc855700 1 -- 172.21.15.62:0/311502076 >> [v2:172.21.15.62:3300/0,v1:172.21.15.62:6789/0] conn(0x7ff9f81028f0 msgr2=0x7ff9f8111650 secure :-1 s=STATE_CONNECTION_ESTABLISHED l=1).mark_down
2024-04-01T00:02:55.991 INFO:teuthology.orchestra.run.smithi062.stdout:/usr/bin/ceph: stderr
2024-04-01T00:02:54.411+0000 7ff9fc855700 1 --2- 172.21.15.62:0/311502076 >> [v2:172.21.15.62:3300/0,v1:172.21.15.62:6789/0] conn(0x7ff9f81028f0 0x7ff9f8111650 secure :-1 s=READY pgs=48 cs=0 l=1 rev1=1 crypto rx=0x7ff9e8000c00 tx=0x7ff9e8009250 comp rx=0 tx=0).stop
2024-04-01T00:02:55.991 INFO:teuthology.orchestra.run.smithi062.stdout:/usr/bin/ceph: stderr
2024-04-01T00:02:54.411+0000 7ff9fc855700 1 -- 172.21.15.62:0/311502076 shutdown_connections
2024-04-01T00:02:55.991 INFO:teuthology.orchestra.run.smithi062.stdout:/usr/bin/ceph: stderr
2024-04-01T00:02:54.411+0000 7ff9fc855700 1 --2- 172.21.15.62:0/311502076 >> [v2:172.21.15.62:6800/452792201,v1:172.21.15.62:6801/452792201] conn(0x7ff9e00367e0 0x7ff9e0038c90 unknown :-1 s=CLOSED pgs=12 cs=0 l=1 rev1=1 crypto rx=0 tx=0 comp rx=0 tx=0).stop
2024-04-01T00:02:55.991 INFO:teuthology.orchestra.run.smithi062.stdout:/usr/bin/ceph: stderr
2024-04-01T00:02:54.411+0000 7ff9fc855700 1 --2- 172.21.15.62:0/311502076 >> [v2:172.21.15.62:3300/0,v1:172.21.15.62:6789/0] conn(0x7ff9f81028f0 0x7ff9f8111650 unknown :-1 s=CLOSED pgs=48 cs=0 l=1 rev1=1 crypto rx=0 tx=0 comp rx=0 tx=0).stop
2024-04-01T00:02:55.992 INFO:teuthology.orchestra.run.smithi062.stdout:/usr/bin/ceph: stderr
2024-04-01T00:02:54.411+0000 7ff9fc855700 1 -- 172.21.15.62:0/311502076 >> 172.21.15.62:0/311502076 conn(0x7ff9f80fe070 msgr2=0x7ff9f80feb30 unknown :-1 s=STATE_NONE l=0).mark_down
2024-04-01T00:02:55.992 INFO:teuthology.orchestra.run.smithi062.stdout:/usr/bin/ceph: stderr
2024-04-01T00:02:54.411+0000 7ff9fc855700 1 -- 172.21.15.62:0/311502076 shutdown_connections
2024-04-01T00:02:55.992 INFO:teuthology.orchestra.run.smithi062.stdout:/usr/bin/ceph: stderr
2024-04-01T00:02:54.412+0000 7ff9fc855700 1 -- 172.21.15.62:0/311502076 wait complete.
2024-04-01T00:02:55.992 INFO:teuthology.orchestra.run.smithi062.stdout:Deploying mgr service with default placement...
2024-04-01T00:02:56.927 INFO:journalctl@ceph.mon.smithi062.smithi062.stdout:Apr 01 00:02:56 smithi062 ceph-mon[29259]: from='mgr.14120 172.21.15.62:0/123287715' entity='mgr.smithi062.btbmir'
2024-04-01T00:02:56.927 INFO:journalctl@ceph.mon.smithi062.smithi062.stdout:Apr 01 00:02:56 smithi062 ceph-mon[29259]: from='mgr.14120 172.21.15.62:0/123287715' entity='mgr.smithi062.btbmir'
2024-04-01T00:02:57.193 INFO:teuthology.orchestra.run.smithi062.stdout:/usr/bin/ceph: stdout Scheduled mgr update...
2024-04-01T00:02:57.193 INFO:teuthology.orchestra.run.smithi062.stdout:/usr/bin/ceph: stderr
2024-04-01T00:02:56.411+0000 7f3a6f19c700 1 Processor -- start
2024-04-01T00:02:57.193 INFO:teuthology.orchestra.run.smithi062.stdout:/usr/bin/ceph: stderr
2024-04-01T00:02:56.411+0000 7f3a6f19c700 1 -- start start
2024-04-01T00:02:57.193 INFO:teuthology.orchestra.run.smithi062.stdout:/usr/bin/ceph: stderr
2024-04-01T00:02:56.411+0000 7f3a6f19c700 1 --2- >> [v2:172.21.15.62:3300/0,v1:172.21.15.62:6789/0] conn(0x7f3a68102df0 0x7f3a68103200 unknown :-1 s=NONE pgs=0 cs=0 l=0 rev1=0 crypto rx=0 tx=0 comp rx=0 tx=0).connect
2024-04-01T00:02:57.193 INFO:teuthology.orchestra.run.smithi062.stdout:/usr/bin/ceph: stderr
2024-04-01T00:02:56.411+0000 7f3a6f19c700 1 -- --> [v2:172.21.15.62:3300/0,v1:172.21.15.62:6789/0] -- mon_getmap magic: 0 v1 -- 0x7f3a68103740 con 0x7f3a68102df0
2024-04-01T00:02:57.194 INFO:teuthology.orchestra.run.smithi062.stdout:/usr/bin/ceph: stderr
2024-04-01T00:02:56.411+0000 7f3a6cf38700 1 --2- >> [v2:172.21.15.62:3300/0,v1:172.21.15.62:6789/0] conn(0x7f3a68102df0 0x7f3a68103200 unknown :-1 s=BANNER_CONNECTING pgs=0 cs=0 l=0 rev1=0 crypto rx=0 tx=0 comp rx=0 tx=0)._handle_peer_banner_payload supported=3 required=0
2024-04-01T00:02:57.194 INFO:teuthology.orchestra.run.smithi062.stdout:/usr/bin/ceph: stderr
2024-04-01T00:02:56.412+0000 7f3a6cf38700 1 --2- >> [v2:172.21.15.62:3300/0,v1:172.21.15.62:6789/0] conn(0x7f3a68102df0 0x7f3a68103200 unknown :-1 s=HELLO_CONNECTING pgs=0 cs=0 l=0 rev1=1 crypto rx=0 tx=0 comp rx=0 tx=0).handle_hello peer v2:172.21.15.62:3300/0 says I am v2:172.21.15.62:54062/0 (socket says 172.21.15.62:54062)
2024-04-01T00:02:57.194 INFO:teuthology.orchestra.run.smithi062.stdout:/usr/bin/ceph: stderr
2024-04-01T00:02:56.412+0000 7f3a6cf38700 1 -- 172.21.15.62:0/384223880 learned_addr learned my addr 172.21.15.62:0/384223880 (peer_addr_for_me v2:172.21.15.62:0/0)
2024-04-01T00:02:57.194 INFO:teuthology.orchestra.run.smithi062.stdout:/usr/bin/ceph: stderr
2024-04-01T00:02:56.412+0000 7f3a6cf38700 1 -- 172.21.15.62:0/384223880 --> [v2:172.21.15.62:3300/0,v1:172.21.15.62:6789/0] -- mon_subscribe({config=0+,monmap=0+}) v3 -- 0x7f3a68101480 con 0x7f3a68102df0
2024-04-01T00:02:57.194 INFO:teuthology.orchestra.run.smithi062.stdout:/usr/bin/ceph: stderr
2024-04-01T00:02:56.412+0000 7f3a6cf38700 1 --2- 172.21.15.62:0/384223880 >> [v2:172.21.15.62:3300/0,v1:172.21.15.62:6789/0] conn(0x7f3a68102df0 0x7f3a68103200 secure :-1 s=READY pgs=49 cs=0 l=1 rev1=1 crypto rx=0x7f3a60009e50 tx=0x7f3a60009840 comp rx=0 tx=0).ready entity=mon.0 client_cookie=58e9da7ade677a5b server_cookie=0 in_seq=0 out_seq=0
2024-04-01T00:02:57.194 INFO:teuthology.orchestra.run.smithi062.stdout:/usr/bin/ceph: stderr
2024-04-01T00:02:56.412+0000 7f3a677fe700 1 -- 172.21.15.62:0/384223880 <== mon.0 v2:172.21.15.62:3300/0 1 ==== mon_map magic: 0 v1 ==== 229+0+0 (secure 0 0 0) 0x7f3a600092e0 con 0x7f3a68102df0
2024-04-01T00:02:57.194 INFO:teuthology.orchestra.run.smithi062.stdout:/usr/bin/ceph: stderr
2024-04-01T00:02:56.412+0000 7f3a677fe700 1 -- 172.21.15.62:0/384223880 <== mon.0 v2:172.21.15.62:3300/0 2 ==== config(27 keys) v1 ==== 1109+0+0 (secure 0 0 0) 0x7f3a60012430 con 0x7f3a68102df0
2024-04-01T00:02:57.194 INFO:teuthology.orchestra.run.smithi062.stdout:/usr/bin/ceph: stderr
2024-04-01T00:02:56.412+0000 7f3a677fe700 1 -- 172.21.15.62:0/384223880 <== mon.0 v2:172.21.15.62:3300/0 3 ==== mon_map magic: 0 v1 ==== 229+0+0 (secure 0 0 0) 0x7f3a600075a0 con 0x7f3a68102df0
2024-04-01T00:02:57.194 INFO:teuthology.orchestra.run.smithi062.stdout:/usr/bin/ceph: stderr
2024-04-01T00:02:56.413+0000 7f3a6f19c700 1 -- 172.21.15.62:0/384223880 >> [v2:172.21.15.62:3300/0,v1:172.21.15.62:6789/0] conn(0x7f3a68102df0 msgr2=0x7f3a68103200 secure :-1 s=STATE_CONNECTION_ESTABLISHED l=1).mark_down
2024-04-01T00:02:57.194 INFO:teuthology.orchestra.run.smithi062.stdout:/usr/bin/ceph: stderr
2024-04-01T00:02:56.413+0000 7f3a6f19c700 1 --2- 172.21.15.62:0/384223880 >> [v2:172.21.15.62:3300/0,v1:172.21.15.62:6789/0] conn(0x7f3a68102df0 0x7f3a68103200 secure :-1 s=READY pgs=49 cs=0 l=1 rev1=1 crypto rx=0x7f3a60009e50 tx=0x7f3a60009840 comp rx=0 tx=0).stop
2024-04-01T00:02:57.194 INFO:teuthology.orchestra.run.smithi062.stdout:/usr/bin/ceph: stderr
2024-04-01T00:02:56.413+0000 7f3a6f19c700 1 -- 172.21.15.62:0/384223880 shutdown_connections
2024-04-01T00:02:57.194 INFO:teuthology.orchestra.run.smithi062.stdout:/usr/bin/ceph: stderr
2024-04-01T00:02:56.413+0000 7f3a6f19c700 1 --2- 172.21.15.62:0/384223880 >> [v2:172.21.15.62:3300/0,v1:172.21.15.62:6789/0] conn(0x7f3a68102df0 0x7f3a68103200 unknown :-1 s=CLOSED pgs=49 cs=0 l=1 rev1=1 crypto rx=0 tx=0 comp rx=0 tx=0).stop
2024-04-01T00:02:57.194 INFO:teuthology.orchestra.run.smithi062.stdout:/usr/bin/ceph: stderr
2024-04-01T00:02:56.413+0000 7f3a6f19c700 1 -- 172.21.15.62:0/384223880 >> 172.21.15.62:0/384223880 conn(0x7f3a680fcf30 msgr2=0x7f3a680ff340 unknown :-1 s=STATE_NONE l=0).mark_down
2024-04-01T00:02:57.194 INFO:teuthology.orchestra.run.smithi062.stdout:/usr/bin/ceph: stderr
2024-04-01T00:02:56.413+0000 7f3a6f19c700 1 -- 172.21.15.62:0/384223880 shutdown_connections
2024-04-01T00:02:57.195 INFO:teuthology.orchestra.run.smithi062.stdout:/usr/bin/ceph: stderr
2024-04-01T00:02:56.413+0000 7f3a6f19c700 1 -- 172.21.15.62:0/384223880 wait complete.
2024-04-01T00:02:57.195 INFO:teuthology.orchestra.run.smithi062.stdout:/usr/bin/ceph: stderr
2024-04-01T00:02:56.413+0000 7f3a6f19c700 1 Processor -- start
2024-04-01T00:02:57.195 INFO:teuthology.orchestra.run.smithi062.stdout:/usr/bin/ceph: stderr
2024-04-01T00:02:56.413+0000 7f3a6f19c700 1 -- start start
2024-04-01T00:02:57.195 INFO:teuthology.orchestra.run.smithi062.stdout:/usr/bin/ceph: stderr
2024-04-01T00:02:56.414+0000 7f3a6f19c700 1 --2- >> [v2:172.21.15.62:3300/0,v1:172.21.15.62:6789/0] conn(0x7f3a68102df0 0x7f3a68107a20 unknown :-1 s=NONE pgs=0 cs=0 l=1 rev1=0 crypto rx=0 tx=0 comp rx=0 tx=0).connect
2024-04-01T00:02:57.195 INFO:teuthology.orchestra.run.smithi062.stdout:/usr/bin/ceph: stderr
2024-04-01T00:02:56.414+0000 7f3a6f19c700 1 -- --> [v2:172.21.15.62:3300/0,v1:172.21.15.62:6789/0] -- mon_getmap magic: 0 v1 -- 0x7f3a68107f60 con 0x7f3a68102df0
2024-04-01T00:02:57.195 INFO:teuthology.orchestra.run.smithi062.stdout:/usr/bin/ceph: stderr
2024-04-01T00:02:56.414+0000 7f3a6cf38700 1 --2- >> [v2:172.21.15.62:3300/0,v1:172.21.15.62:6789/0] conn(0x7f3a68102df0 0x7f3a68107a20 unknown :-1 s=BANNER_CONNECTING pgs=0 cs=0 l=1 rev1=0 crypto rx=0 tx=0 comp rx=0 tx=0)._handle_peer_banner_payload supported=3 required=0
2024-04-01T00:02:57.195 INFO:teuthology.orchestra.run.smithi062.stdout:/usr/bin/ceph: stderr
2024-04-01T00:02:56.414+0000 7f3a6cf38700 1 --2- >> [v2:172.21.15.62:3300/0,v1:172.21.15.62:6789/0] conn(0x7f3a68102df0 0x7f3a68107a20 unknown :-1 s=HELLO_CONNECTING pgs=0 cs=0 l=1 rev1=1 crypto rx=0 tx=0 comp rx=0 tx=0).handle_hello peer v2:172.21.15.62:3300/0 says I am v2:172.21.15.62:54076/0 (socket says 172.21.15.62:54076)
2024-04-01T00:02:57.195 INFO:teuthology.orchestra.run.smithi062.stdout:/usr/bin/ceph: stderr
2024-04-01T00:02:56.414+0000 7f3a6cf38700 1 -- 172.21.15.62:0/185483676 learned_addr learned my addr 172.21.15.62:0/185483676 (peer_addr_for_me v2:172.21.15.62:0/0)
2024-04-01T00:02:57.195 INFO:teuthology.orchestra.run.smithi062.stdout:/usr/bin/ceph: stderr
2024-04-01T00:02:56.414+0000 7f3a6cf38700 1 -- 172.21.15.62:0/185483676 --> [v2:172.21.15.62:3300/0,v1:172.21.15.62:6789/0] -- mon_subscribe({config=0+,monmap=0+}) v3 -- 0x7f3a60009ae0 con 0x7f3a68102df0
2024-04-01T00:02:57.195 INFO:teuthology.orchestra.run.smithi062.stdout:/usr/bin/ceph: stderr
2024-04-01T00:02:56.414+0000 7f3a6cf38700 1 --2- 172.21.15.62:0/185483676 >> [v2:172.21.15.62:3300/0,v1:172.21.15.62:6789/0] conn(0x7f3a68102df0 0x7f3a68107a20 secure :-1 s=READY pgs=50 cs=0 l=1 rev1=1 crypto rx=0x7f3a60009fd0 tx=0x7f3a60009840 comp rx=0 tx=0).ready entity=mon.0 client_cookie=0 server_cookie=0 in_seq=0 out_seq=0
2024-04-01T00:02:57.195 INFO:teuthology.orchestra.run.smithi062.stdout:/usr/bin/ceph: stderr
2024-04-01T00:02:56.414+0000 7f3a657fa700 1 -- 172.21.15.62:0/185483676 <== mon.0 v2:172.21.15.62:3300/0 1 ==== mon_map magic: 0 v1 ==== 229+0+0 (secure 0 0 0) 0x7f3a600092e0 con 0x7f3a68102df0
2024-04-01T00:02:57.195 INFO:teuthology.orchestra.run.smithi062.stdout:/usr/bin/ceph: stderr
2024-04-01T00:02:56.414+0000 7f3a657fa700 1 -- 172.21.15.62:0/185483676 <== mon.0 v2:172.21.15.62:3300/0 2 ==== config(27 keys) v1 ==== 1109+0+0 (secure 0 0 0) 0x7f3a60007ce0 con 0x7f3a68102df0
2024-04-01T00:02:57.195 INFO:teuthology.orchestra.run.smithi062.stdout:/usr/bin/ceph: stderr
2024-04-01T00:02:56.414+0000 7f3a6f19c700 1 -- 172.21.15.62:0/185483676 --> [v2:172.21.15.62:3300/0,v1:172.21.15.62:6789/0] -- mon_subscribe({mgrmap=0+}) v3 -- 0x7f3a68105fd0 con 0x7f3a68102df0
2024-04-01T00:02:57.195 INFO:teuthology.orchestra.run.smithi062.stdout:/usr/bin/ceph: stderr
2024-04-01T00:02:56.414+0000 7f3a657fa700 1 -- 172.21.15.62:0/185483676 <== mon.0 v2:172.21.15.62:3300/0 3 ==== mon_map magic: 0 v1 ==== 229+0+0 (secure 0 0 0) 0x7f3a60025990 con 0x7f3a68102df0
2024-04-01T00:02:57.196 INFO:teuthology.orchestra.run.smithi062.stdout:/usr/bin/ceph: stderr
2024-04-01T00:02:56.414+0000 7f3a6f19c700 1 -- 172.21.15.62:0/185483676 --> [v2:172.21.15.62:3300/0,v1:172.21.15.62:6789/0] -- mon_subscribe({osdmap=0}) v3 -- 0x7f3a681064c0 con 0x7f3a68102df0
2024-04-01T00:02:57.196 INFO:teuthology.orchestra.run.smithi062.stdout:/usr/bin/ceph: stderr
2024-04-01T00:02:56.415+0000 7f3a657fa700 1 -- 172.21.15.62:0/185483676 <== mon.0 v2:172.21.15.62:3300/0 4 ==== mgrmap(e 8) v1 ==== 43368+0+0 (secure 0 0 0) 0x7f3a60019050 con 0x7f3a68102df0
2024-04-01T00:02:57.196 INFO:teuthology.orchestra.run.smithi062.stdout:/usr/bin/ceph: stderr
2024-04-01T00:02:56.415+0000 7f3a6f19c700 1 -- 172.21.15.62:0/185483676 --> [v2:172.21.15.62:3300/0,v1:172.21.15.62:6789/0] -- mon_command({"prefix": "get_command_descriptions"} v 0) v1 -- 0x7f3a6805f5f0 con 0x7f3a68102df0
2024-04-01T00:02:57.196 INFO:teuthology.orchestra.run.smithi062.stdout:/usr/bin/ceph: stderr
2024-04-01T00:02:56.415+0000 7f3a657fa700 1 --2- 172.21.15.62:0/185483676 >> [v2:172.21.15.62:6800/452792201,v1:172.21.15.62:6801/452792201] conn(0x7f3a540367e0 0x7f3a54038c90 unknown :-1 s=NONE pgs=0 cs=0 l=1 rev1=0 crypto rx=0 tx=0 comp rx=0 tx=0).connect
2024-04-01T00:02:57.196 INFO:teuthology.orchestra.run.smithi062.stdout:/usr/bin/ceph: stderr
2024-04-01T00:02:56.415+0000 7f3a657fa700 1 -- 172.21.15.62:0/185483676 <== mon.0 v2:172.21.15.62:3300/0 5 ==== osd_map(2..2 src has 1..2) v4 ==== 936+0+0 (secure 0 0 0) 0x7f3a6004a0f0 con 0x7f3a68102df0
2024-04-01T00:02:57.196 INFO:teuthology.orchestra.run.smithi062.stdout:/usr/bin/ceph: stderr
2024-04-01T00:02:56.416+0000 7f3a67fff700 1 --2- 172.21.15.62:0/185483676 >> [v2:172.21.15.62:6800/452792201,v1:172.21.15.62:6801/452792201] conn(0x7f3a540367e0 0x7f3a54038c90 unknown :-1 s=BANNER_CONNECTING pgs=0 cs=0 l=1 rev1=0 crypto rx=0 tx=0 comp rx=0 tx=0)._handle_peer_banner_payload supported=3 required=0
2024-04-01T00:02:57.196 INFO:teuthology.orchestra.run.smithi062.stdout:/usr/bin/ceph: stderr
2024-04-01T00:02:56.416+0000 7f3a67fff700 1 --2- 172.21.15.62:0/185483676 >> [v2:172.21.15.62:6800/452792201,v1:172.21.15.62:6801/452792201] conn(0x7f3a540367e0 0x7f3a54038c90 secure :-1 s=READY pgs=13 cs=0 l=1 rev1=1 crypto rx=0x7f3a58009990 tx=0x7f3a58006e40 comp rx=0 tx=0).ready entity=mgr.14120 client_cookie=0 server_cookie=0 in_seq=0 out_seq=0
2024-04-01T00:02:57.196 INFO:teuthology.orchestra.run.smithi062.stdout:/usr/bin/ceph: stderr
2024-04-01T00:02:56.420+0000 7f3a657fa700 1 -- 172.21.15.62:0/185483676 <== mon.0 v2:172.21.15.62:3300/0 6 ==== mon_command_ack([{"prefix": "get_command_descriptions"}]=0 v0) v1 ==== 72+0+176504 (secure 0 0 0) 0x7f3a6002d9a0 con 0x7f3a68102df0
2024-04-01T00:02:57.196 INFO:teuthology.orchestra.run.smithi062.stdout:/usr/bin/ceph: stderr
2024-04-01T00:02:56.648+0000 7f3a6f19c700 1 -- 172.21.15.62:0/185483676 --> [v2:172.21.15.62:6800/452792201,v1:172.21.15.62:6801/452792201] -- mgr_command(tid 0: {"prefix": "orch apply", "service_type": "mgr", "target": ["mon-mgr", ""]}) v1 -- 0x7f3a6810b430 con 0x7f3a540367e0
2024-04-01T00:02:57.196 INFO:teuthology.orchestra.run.smithi062.stdout:/usr/bin/ceph: stderr
2024-04-01T00:02:56.654+0000 7f3a657fa700 1 -- 172.21.15.62:0/185483676 <== mgr.14120 v2:172.21.15.62:6800/452792201 1 ==== mgr_command_reply(tid 0: 0 ) v1 ==== 8+0+24 (secure 0 0 0) 0x7f3a6810b430 con 0x7f3a540367e0
2024-04-01T00:02:57.196 INFO:teuthology.orchestra.run.smithi062.stdout:/usr/bin/ceph: stderr
2024-04-01T00:02:56.656+0000 7f3a6f19c700 1 -- 172.21.15.62:0/185483676 >> [v2:172.21.15.62:6800/452792201,v1:172.21.15.62:6801/452792201] conn(0x7f3a540367e0 msgr2=0x7f3a54038c90 secure :-1 s=STATE_CONNECTION_ESTABLISHED l=1).mark_down
2024-04-01T00:02:57.196 INFO:teuthology.orchestra.run.smithi062.stdout:/usr/bin/ceph: stderr
2024-04-01T00:02:56.656+0000 7f3a6f19c700 1 --2- 172.21.15.62:0/185483676 >> [v2:172.21.15.62:6800/452792201,v1:172.21.15.62:6801/452792201] conn(0x7f3a540367e0 0x7f3a54038c90 secure :-1 s=READY pgs=13 cs=0 l=1 rev1=1 crypto rx=0x7f3a58009990 tx=0x7f3a58006e40 comp rx=0 tx=0).stop
2024-04-01T00:02:57.196 INFO:teuthology.orchestra.run.smithi062.stdout:/usr/bin/ceph: stderr
2024-04-01T00:02:56.656+0000 7f3a6f19c700 1 -- 172.21.15.62:0/185483676 >> [v2:172.21.15.62:3300/0,v1:172.21.15.62:6789/0] conn(0x7f3a68102df0 msgr2=0x7f3a68107a20 secure :-1 s=STATE_CONNECTION_ESTABLISHED l=1).mark_down
2024-04-01T00:02:57.196 INFO:teuthology.orchestra.run.smithi062.stdout:/usr/bin/ceph: stderr
2024-04-01T00:02:56.656+0000 7f3a6f19c700 1 --2- 172.21.15.62:0/185483676 >> [v2:172.21.15.62:3300/0,v1:172.21.15.62:6789/0] conn(0x7f3a68102df0 0x7f3a68107a20 secure :-1 s=READY pgs=50 cs=0 l=1 rev1=1 crypto rx=0x7f3a60009fd0 tx=0x7f3a60009840 comp rx=0 tx=0).stop
2024-04-01T00:02:57.196 INFO:teuthology.orchestra.run.smithi062.stdout:/usr/bin/ceph: stderr
2024-04-01T00:02:56.656+0000 7f3a6f19c700 1 -- 172.21.15.62:0/185483676 shutdown_connections
2024-04-01T00:02:57.197 INFO:teuthology.orchestra.run.smithi062.stdout:/usr/bin/ceph: stderr
2024-04-01T00:02:56.656+0000 7f3a6f19c700 1 --2- 172.21.15.62:0/185483676 >> [v2:172.21.15.62:6800/452792201,v1:172.21.15.62:6801/452792201] conn(0x7f3a540367e0 0x7f3a54038c90 unknown :-1 s=CLOSED pgs=13 cs=0 l=1 rev1=1 crypto rx=0 tx=0 comp rx=0 tx=0).stop
2024-04-01T00:02:57.197 INFO:teuthology.orchestra.run.smithi062.stdout:/usr/bin/ceph: stderr
2024-04-01T00:02:56.656+0000 7f3a6f19c700 1 --2- 172.21.15.62:0/185483676 >> [v2:172.21.15.62:3300/0,v1:172.21.15.62:6789/0] conn(0x7f3a68102df0 0x7f3a68107a20 unknown :-1 s=CLOSED pgs=50 cs=0 l=1 rev1=1 crypto rx=0 tx=0 comp rx=0 tx=0).stop
2024-04-01T00:02:57.197 INFO:teuthology.orchestra.run.smithi062.stdout:/usr/bin/ceph: stderr
2024-04-01T00:02:56.656+0000 7f3a6f19c700 1 -- 172.21.15.62:0/185483676 >> 172.21.15.62:0/185483676 conn(0x7f3a680fcf30 msgr2=0x7f3a680fde20 unknown :-1 s=STATE_NONE l=0).mark_down
2024-04-01T00:02:57.197 INFO:teuthology.orchestra.run.smithi062.stdout:/usr/bin/ceph: stderr
2024-04-01T00:02:56.657+0000 7f3a6f19c700 1 -- 172.21.15.62:0/185483676 shutdown_connections
2024-04-01T00:02:57.197 INFO:teuthology.orchestra.run.smithi062.stdout:/usr/bin/ceph: stderr
2024-04-01T00:02:56.657+0000 7f3a6f19c700 1 -- 172.21.15.62:0/185483676 wait complete.
2024-04-01T00:02:57.197 INFO:teuthology.orchestra.run.smithi062.stdout:Deploying crash service with default placement...
2024-04-01T00:02:57.870 INFO:journalctl@ceph.mon.smithi062.smithi062.stdout:Apr 01 00:02:57 smithi062 ceph-mon[29259]: from='client.14144 -' entity='client.admin' cmd=[{"prefix": "orch apply", "service_type": "mgr", "target": ["mon-mgr", ""]}]: dispatch
2024-04-01T00:02:57.870 INFO:journalctl@ceph.mon.smithi062.smithi062.stdout:Apr 01 00:02:57 smithi062 ceph-mon[29259]: Saving service mgr spec with placement count:2
2024-04-01T00:02:57.870 INFO:journalctl@ceph.mon.smithi062.smithi062.stdout:Apr 01 00:02:57 smithi062 ceph-mon[29259]: from='mgr.14120 172.21.15.62:0/123287715' entity='mgr.smithi062.btbmir'
2024-04-01T00:02:58.514 INFO:teuthology.orchestra.run.smithi062.stdout:/usr/bin/ceph: stdout Scheduled crash update...
2024-04-01T00:02:58.514 INFO:teuthology.orchestra.run.smithi062.stdout:/usr/bin/ceph: stderr
2024-04-01T00:02:57.622+0000 7fd21d589700 1 Processor -- start
2024-04-01T00:02:58.514 INFO:teuthology.orchestra.run.smithi062.stdout:/usr/bin/ceph: stderr
2024-04-01T00:02:57.622+0000 7fd21d589700 1 -- start start
2024-04-01T00:02:58.514 INFO:teuthology.orchestra.run.smithi062.stdout:/usr/bin/ceph: stderr
2024-04-01T00:02:57.622+0000 7fd21d589700 1 --2- >> [v2:172.21.15.62:3300/0,v1:172.21.15.62:6789/0] conn(0x7fd218076b30 0x7fd218105530 unknown :-1 s=NONE pgs=0 cs=0 l=0 rev1=0 crypto rx=0 tx=0 comp rx=0 tx=0).connect
2024-04-01T00:02:58.515 INFO:teuthology.orchestra.run.smithi062.stdout:/usr/bin/ceph: stderr
2024-04-01T00:02:57.622+0000 7fd21d589700 1 -- --> [v2:172.21.15.62:3300/0,v1:172.21.15.62:6789/0] -- mon_getmap magic: 0 v1 -- 0x7fd218076f40 con 0x7fd218076b30
2024-04-01T00:02:58.515 INFO:teuthology.orchestra.run.smithi062.stdout:/usr/bin/ceph: stderr
2024-04-01T00:02:57.622+0000 7fd216ffd700 1 --2- >> [v2:172.21.15.62:3300/0,v1:172.21.15.62:6789/0] conn(0x7fd218076b30 0x7fd218105530 unknown :-1 s=BANNER_CONNECTING pgs=0 cs=0 l=0 rev1=0 crypto rx=0 tx=0 comp rx=0 tx=0)._handle_peer_banner_payload supported=3 required=0
2024-04-01T00:02:58.515 INFO:teuthology.orchestra.run.smithi062.stdout:/usr/bin/ceph: stderr
2024-04-01T00:02:57.622+0000 7fd216ffd700 1 --2- >> [v2:172.21.15.62:3300/0,v1:172.21.15.62:6789/0] conn(0x7fd218076b30 0x7fd218105530 unknown :-1 s=HELLO_CONNECTING pgs=0 cs=0 l=0 rev1=1 crypto rx=0 tx=0 comp rx=0 tx=0).handle_hello peer v2:172.21.15.62:3300/0 says I am v2:172.21.15.62:54086/0 (socket says 172.21.15.62:54086)
2024-04-01T00:02:58.515 INFO:teuthology.orchestra.run.smithi062.stdout:/usr/bin/ceph: stderr
2024-04-01T00:02:57.622+0000 7fd216ffd700 1 -- 172.21.15.62:0/2175866238 learned_addr learned my addr 172.21.15.62:0/2175866238 (peer_addr_for_me v2:172.21.15.62:0/0)
2024-04-01T00:02:58.515 INFO:teuthology.orchestra.run.smithi062.stdout:/usr/bin/ceph: stderr
2024-04-01T00:02:57.622+0000 7fd216ffd700 1 -- 172.21.15.62:0/2175866238 --> [v2:172.21.15.62:3300/0,v1:172.21.15.62:6789/0] -- mon_subscribe({config=0+,monmap=0+}) v3 -- 0x7fd218105a70 con 0x7fd218076b30
2024-04-01T00:02:58.515 INFO:teuthology.orchestra.run.smithi062.stdout:/usr/bin/ceph: stderr
2024-04-01T00:02:57.623+0000 7fd216ffd700 1 --2- 172.21.15.62:0/2175866238 >> [v2:172.21.15.62:3300/0,v1:172.21.15.62:6789/0] conn(0x7fd218076b30 0x7fd218105530 secure :-1 s=READY pgs=51 cs=0 l=1 rev1=1 crypto rx=0x7fd2080098e0 tx=0x7fd208009250 comp rx=0 tx=0).ready entity=mon.0 client_cookie=59383f6d12b87e9f server_cookie=0 in_seq=0 out_seq=0
2024-04-01T00:02:58.515 INFO:teuthology.orchestra.run.smithi062.stdout:/usr/bin/ceph: stderr
2024-04-01T00:02:57.623+0000 7fd215ffb700 1 -- 172.21.15.62:0/2175866238 <== mon.0 v2:172.21.15.62:3300/0 1 ==== mon_map magic: 0 v1 ==== 229+0+0 (secure 0 0 0) 0x7fd20800b8f0 con 0x7fd218076b30
2024-04-01T00:02:58.515 INFO:teuthology.orchestra.run.smithi062.stdout:/usr/bin/ceph: stderr
2024-04-01T00:02:57.623+0000 7fd215ffb700 1 -- 172.21.15.62:0/2175866238 <== mon.0 v2:172.21.15.62:3300/0 2 ==== config(27 keys) v1 ==== 1109+0+0 (secure 0 0 0) 0x7fd208011420 con 0x7fd218076b30
2024-04-01T00:02:58.515 INFO:teuthology.orchestra.run.smithi062.stdout:/usr/bin/ceph: stderr
2024-04-01T00:02:57.623+0000 7fd215ffb700 1 -- 172.21.15.62:0/2175866238 <== mon.0 v2:172.21.15.62:3300/0 3 ==== mon_map magic: 0 v1 ==== 229+0+0 (secure 0 0 0) 0x7fd208010540 con 0x7fd218076b30
2024-04-01T00:02:58.515 INFO:teuthology.orchestra.run.smithi062.stdout:/usr/bin/ceph: stderr
2024-04-01T00:02:57.623+0000 7fd21d589700 1 -- 172.21.15.62:0/2175866238 >> [v2:172.21.15.62:3300/0,v1:172.21.15.62:6789/0] conn(0x7fd218076b30 msgr2=0x7fd218105530 secure :-1 s=STATE_CONNECTION_ESTABLISHED l=1).mark_down
2024-04-01T00:02:58.515 INFO:teuthology.orchestra.run.smithi062.stdout:/usr/bin/ceph: stderr
2024-04-01T00:02:57.623+0000 7fd21d589700 1 --2- 172.21.15.62:0/2175866238 >> [v2:172.21.15.62:3300/0,v1:172.21.15.62:6789/0] conn(0x7fd218076b30 0x7fd218105530 secure :-1 s=READY pgs=51 cs=0 l=1 rev1=1 crypto rx=0x7fd2080098e0 tx=0x7fd208009250 comp rx=0 tx=0).stop
2024-04-01T00:02:58.515 INFO:teuthology.orchestra.run.smithi062.stdout:/usr/bin/ceph: stderr
2024-04-01T00:02:57.624+0000 7fd21d589700 1 -- 172.21.15.62:0/2175866238 shutdown_connections
2024-04-01T00:02:58.516 INFO:teuthology.orchestra.run.smithi062.stdout:/usr/bin/ceph: stderr
2024-04-01T00:02:57.624+0000 7fd21d589700 1 --2- 172.21.15.62:0/2175866238 >> [v2:172.21.15.62:3300/0,v1:172.21.15.62:6789/0] conn(0x7fd218076b30 0x7fd218105530 unknown :-1 s=CLOSED pgs=51 cs=0 l=1 rev1=1 crypto rx=0 tx=0 comp rx=0 tx=0).stop
2024-04-01T00:02:58.516 INFO:teuthology.orchestra.run.smithi062.stdout:/usr/bin/ceph: stderr
2024-04-01T00:02:57.624+0000 7fd21d589700 1 -- 172.21.15.62:0/2175866238 >> 172.21.15.62:0/2175866238 conn(0x7fd2180fcfa0 msgr2=0x7fd2180ff3f0 unknown :-1 s=STATE_NONE l=0).mark_down
2024-04-01T00:02:58.516 INFO:teuthology.orchestra.run.smithi062.stdout:/usr/bin/ceph: stderr
2024-04-01T00:02:57.624+0000 7fd21d589700 1 -- 172.21.15.62:0/2175866238 shutdown_connections
2024-04-01T00:02:58.516 INFO:teuthology.orchestra.run.smithi062.stdout:/usr/bin/ceph: stderr
2024-04-01T00:02:57.624+0000 7fd21d589700 1 -- 172.21.15.62:0/2175866238 wait complete.
2024-04-01T00:02:58.516 INFO:teuthology.orchestra.run.smithi062.stdout:/usr/bin/ceph: stderr
2024-04-01T00:02:57.624+0000 7fd21d589700 1 Processor -- start
2024-04-01T00:02:58.516 INFO:teuthology.orchestra.run.smithi062.stdout:/usr/bin/ceph: stderr
2024-04-01T00:02:57.624+0000 7fd21d589700 1 -- start start
2024-04-01T00:02:58.516 INFO:teuthology.orchestra.run.smithi062.stdout:/usr/bin/ceph: stderr
2024-04-01T00:02:57.624+0000 7fd21d589700 1 --2- >> [v2:172.21.15.62:3300/0,v1:172.21.15.62:6789/0] conn(0x7fd218076b30 0x7fd218102e80 unknown :-1 s=NONE pgs=0 cs=0 l=1 rev1=0 crypto rx=0 tx=0 comp rx=0 tx=0).connect
2024-04-01T00:02:58.516 INFO:teuthology.orchestra.run.smithi062.stdout:/usr/bin/ceph: stderr
2024-04-01T00:02:57.624+0000 7fd21d589700 1 -- --> [v2:172.21.15.62:3300/0,v1:172.21.15.62:6789/0] -- mon_getmap magic: 0 v1 -- 0x7fd2181033c0 con 0x7fd218076b30
2024-04-01T00:02:58.516 INFO:teuthology.orchestra.run.smithi062.stdout:/usr/bin/ceph: stderr
2024-04-01T00:02:57.625+0000 7fd216ffd700 1 --2- >> [v2:172.21.15.62:3300/0,v1:172.21.15.62:6789/0] conn(0x7fd218076b30 0x7fd218102e80 unknown :-1 s=BANNER_CONNECTING pgs=0 cs=0 l=1 rev1=0 crypto rx=0 tx=0 comp rx=0 tx=0)._handle_peer_banner_payload supported=3 required=0
2024-04-01T00:02:58.516 INFO:teuthology.orchestra.run.smithi062.stdout:/usr/bin/ceph: stderr
2024-04-01T00:02:57.625+0000 7fd216ffd700 1 --2- >> [v2:172.21.15.62:3300/0,v1:172.21.15.62:6789/0] conn(0x7fd218076b30 0x7fd218102e80 unknown :-1 s=HELLO_CONNECTING pgs=0 cs=0 l=1 rev1=1 crypto rx=0 tx=0 comp rx=0 tx=0).handle_hello peer v2:172.21.15.62:3300/0 says I am v2:172.21.15.62:54092/0 (socket says 172.21.15.62:54092)
2024-04-01T00:02:58.516 INFO:teuthology.orchestra.run.smithi062.stdout:/usr/bin/ceph: stderr
2024-04-01T00:02:57.625+0000 7fd216ffd700 1 -- 172.21.15.62:0/2708474311 learned_addr learned my addr 172.21.15.62:0/2708474311 (peer_addr_for_me v2:172.21.15.62:0/0)
2024-04-01T00:02:58.517 INFO:teuthology.orchestra.run.smithi062.stdout:/usr/bin/ceph: stderr
2024-04-01T00:02:57.625+0000 7fd216ffd700 1 -- 172.21.15.62:0/2708474311 --> [v2:172.21.15.62:3300/0,v1:172.21.15.62:6789/0] -- mon_subscribe({config=0+,monmap=0+}) v3 -- 0x7fd2080094f0 con 0x7fd218076b30
2024-04-01T00:02:58.517 INFO:teuthology.orchestra.run.smithi062.stdout:/usr/bin/ceph: stderr
2024-04-01T00:02:57.625+0000 7fd216ffd700 1 --2- 172.21.15.62:0/2708474311 >> [v2:172.21.15.62:3300/0,v1:172.21.15.62:6789/0] conn(0x7fd218076b30 0x7fd218102e80 secure :-1 s=READY pgs=52 cs=0 l=1 rev1=1 crypto rx=0x7fd208011e90 tx=0x7fd208009250 comp rx=0 tx=0).ready entity=mon.0 client_cookie=0 server_cookie=0 in_seq=0 out_seq=0
2024-04-01T00:02:58.517 INFO:teuthology.orchestra.run.smithi062.stdout:/usr/bin/ceph: stderr
2024-04-01T00:02:57.625+0000 7fd1ff7fe700 1 -- 172.21.15.62:0/2708474311 <== mon.0 v2:172.21.15.62:3300/0 1 ==== mon_map magic: 0 v1 ==== 229+0+0 (secure 0 0 0) 0x7fd20800beb0 con 0x7fd218076b30
2024-04-01T00:02:58.517 INFO:teuthology.orchestra.run.smithi062.stdout:/usr/bin/ceph: stderr
2024-04-01T00:02:57.625+0000 7fd1ff7fe700 1 -- 172.21.15.62:0/2708474311 <== mon.0 v2:172.21.15.62:3300/0 2 ==== config(27 keys) v1 ==== 1109+0+0 (secure 0 0 0) 0x7fd208010c80 con 0x7fd218076b30
2024-04-01T00:02:58.517 INFO:teuthology.orchestra.run.smithi062.stdout:/usr/bin/ceph: stderr
2024-04-01T00:02:57.625+0000 7fd1ff7fe700 1 -- 172.21.15.62:0/2708474311 <== mon.0 v2:172.21.15.62:3300/0 3 ==== mon_map magic: 0 v1 ==== 229+0+0 (secure 0 0 0) 0x7fd20801ad40 con 0x7fd218076b30
2024-04-01T00:02:58.517 INFO:teuthology.orchestra.run.smithi062.stdout:/usr/bin/ceph: stderr
2024-04-01T00:02:57.625+0000 7fd21d589700 1 -- 172.21.15.62:0/2708474311 --> [v2:172.21.15.62:3300/0,v1:172.21.15.62:6789/0] -- mon_subscribe({mgrmap=0+}) v3 -- 0x7fd218101430 con 0x7fd218076b30
2024-04-01T00:02:58.517 INFO:teuthology.orchestra.run.smithi062.stdout:/usr/bin/ceph: stderr
2024-04-01T00:02:57.625+0000 7fd21d589700 1 -- 172.21.15.62:0/2708474311 --> [v2:172.21.15.62:3300/0,v1:172.21.15.62:6789/0] -- mon_subscribe({osdmap=0}) v3 -- 0x7fd218101920 con 0x7fd218076b30
2024-04-01T00:02:58.517 INFO:teuthology.orchestra.run.smithi062.stdout:/usr/bin/ceph: stderr
2024-04-01T00:02:57.626+0000 7fd1ff7fe700 1 -- 172.21.15.62:0/2708474311 <== mon.0 v2:172.21.15.62:3300/0 4 ==== mgrmap(e 8) v1 ==== 43368+0+0 (secure 0 0 0) 0x7fd20802d3f0 con 0x7fd218076b30
2024-04-01T00:02:58.517 INFO:teuthology.orchestra.run.smithi062.stdout:/usr/bin/ceph: stderr
2024-04-01T00:02:57.626+0000 7fd1ff7fe700 1 --2- 172.21.15.62:0/2708474311 >> [v2:172.21.15.62:6800/452792201,v1:172.21.15.62:6801/452792201] conn(0x7fd200036870 0x7fd200038d20 unknown :-1 s=NONE pgs=0 cs=0 l=1 rev1=0 crypto rx=0 tx=0 comp rx=0 tx=0).connect
2024-04-01T00:02:58.517 INFO:teuthology.orchestra.run.smithi062.stdout:/usr/bin/ceph: stderr
2024-04-01T00:02:57.626+0000 7fd21d589700 1 -- 172.21.15.62:0/2708474311 --> [v2:172.21.15.62:3300/0,v1:172.21.15.62:6789/0] -- mon_command({"prefix": "get_command_descriptions"} v 0) v1 -- 0x7fd21804bed0 con 0x7fd218076b30
2024-04-01T00:02:58.518 INFO:teuthology.orchestra.run.smithi062.stdout:/usr/bin/ceph: stderr
2024-04-01T00:02:57.626+0000 7fd1ff7fe700 1 -- 172.21.15.62:0/2708474311 <== mon.0 v2:172.21.15.62:3300/0 5 ==== osd_map(2..2 src has 1..2) v4 ==== 936+0+0 (secure 0 0 0) 0x7fd20804a450 con 0x7fd218076b30
2024-04-01T00:02:58.518 INFO:teuthology.orchestra.run.smithi062.stdout:/usr/bin/ceph: stderr
2024-04-01T00:02:57.627+0000 7fd2167fc700 1 --2- 172.21.15.62:0/2708474311 >> [v2:172.21.15.62:6800/452792201,v1:172.21.15.62:6801/452792201] conn(0x7fd200036870 0x7fd200038d20 unknown :-1 s=BANNER_CONNECTING pgs=0 cs=0 l=1 rev1=0 crypto rx=0 tx=0 comp rx=0 tx=0)._handle_peer_banner_payload supported=3 required=0
2024-04-01T00:02:58.518 INFO:teuthology.orchestra.run.smithi062.stdout:/usr/bin/ceph: stderr
2024-04-01T00:02:57.627+0000 7fd2167fc700 1 --2- 172.21.15.62:0/2708474311 >> [v2:172.21.15.62:6800/452792201,v1:172.21.15.62:6801/452792201] conn(0x7fd200036870 0x7fd200038d20 secure :-1 s=READY pgs=14 cs=0 l=1 rev1=1 crypto rx=0x7fd20c009990 tx=0x7fd20c006e40 comp rx=0 tx=0).ready entity=mgr.14120 client_cookie=0 server_cookie=0 in_seq=0 out_seq=0
2024-04-01T00:02:58.518 INFO:teuthology.orchestra.run.smithi062.stdout:/usr/bin/ceph: stderr
2024-04-01T00:02:57.632+0000 7fd1ff7fe700 1 -- 172.21.15.62:0/2708474311 <== mon.0 v2:172.21.15.62:3300/0 6 ==== mon_command_ack([{"prefix": "get_command_descriptions"}]=0 v0) v1 ==== 72+0+176504 (secure 0 0 0) 0x7fd20802b8f0 con 0x7fd218076b30
2024-04-01T00:02:58.518 INFO:teuthology.orchestra.run.smithi062.stdout:/usr/bin/ceph: stderr
2024-04-01T00:02:57.869+0000 7fd21d589700 1 -- 172.21.15.62:0/2708474311 --> [v2:172.21.15.62:6800/452792201,v1:172.21.15.62:6801/452792201] -- mgr_command(tid 0: {"prefix": "orch apply", "service_type": "crash", "target": ["mon-mgr", ""]}) v1 -- 0x7fd2181020a0 con 0x7fd200036870
2024-04-01T00:02:58.518 INFO:teuthology.orchestra.run.smithi062.stdout:/usr/bin/ceph: stderr
2024-04-01T00:02:57.873+0000 7fd1ff7fe700 1 -- 172.21.15.62:0/2708474311 <== mgr.14120 v2:172.21.15.62:6800/452792201 1 ==== mgr_command_reply(tid 0: 0 ) v1 ==== 8+0+26 (secure 0 0 0) 0x7fd2181020a0 con 0x7fd200036870
2024-04-01T00:02:58.518 INFO:teuthology.orchestra.run.smithi062.stdout:/usr/bin/ceph: stderr
2024-04-01T00:02:57.876+0000 7fd21d589700 1 -- 172.21.15.62:0/2708474311 >> [v2:172.21.15.62:6800/452792201,v1:172.21.15.62:6801/452792201] conn(0x7fd200036870 msgr2=0x7fd200038d20 secure :-1 s=STATE_CONNECTION_ESTABLISHED l=1).mark_down
2024-04-01T00:02:58.518 INFO:teuthology.orchestra.run.smithi062.stdout:/usr/bin/ceph: stderr
2024-04-01T00:02:57.876+0000 7fd21d589700 1 --2- 172.21.15.62:0/2708474311 >> [v2:172.21.15.62:6800/452792201,v1:172.21.15.62:6801/452792201] conn(0x7fd200036870 0x7fd200038d20 secure :-1 s=READY pgs=14 cs=0 l=1 rev1=1 crypto rx=0x7fd20c009990 tx=0x7fd20c006e40 comp rx=0 tx=0).stop
2024-04-01T00:02:58.518 INFO:teuthology.orchestra.run.smithi062.stdout:/usr/bin/ceph: stderr
2024-04-01T00:02:57.876+0000 7fd21d589700 1 -- 172.21.15.62:0/2708474311 >> [v2:172.21.15.62:3300/0,v1:172.21.15.62:6789/0] conn(0x7fd218076b30 msgr2=0x7fd218102e80 secure :-1 s=STATE_CONNECTION_ESTABLISHED l=1).mark_down
2024-04-01T00:02:58.518 INFO:teuthology.orchestra.run.smithi062.stdout:/usr/bin/ceph: stderr
2024-04-01T00:02:57.876+0000 7fd21d589700 1 --2- 172.21.15.62:0/2708474311 >> [v2:172.21.15.62:3300/0,v1:172.21.15.62:6789/0] conn(0x7fd218076b30 0x7fd218102e80 secure :-1 s=READY pgs=52 cs=0 l=1 rev1=1 crypto rx=0x7fd208011e90 tx=0x7fd208009250 comp rx=0 tx=0).stop
2024-04-01T00:02:58.518 INFO:teuthology.orchestra.run.smithi062.stdout:/usr/bin/ceph: stderr
2024-04-01T00:02:57.876+0000 7fd21d589700 1 -- 172.21.15.62:0/2708474311 shutdown_connections
2024-04-01T00:02:58.518 INFO:teuthology.orchestra.run.smithi062.stdout:/usr/bin/ceph: stderr
2024-04-01T00:02:57.876+0000 7fd21d589700 1 --2- 172.21.15.62:0/2708474311 >> [v2:172.21.15.62:6800/452792201,v1:172.21.15.62:6801/452792201] conn(0x7fd200036870 0x7fd200038d20 unknown :-1 s=CLOSED pgs=14 cs=0 l=1 rev1=1 crypto rx=0 tx=0 comp rx=0 tx=0).stop
2024-04-01T00:02:58.518 INFO:teuthology.orchestra.run.smithi062.stdout:/usr/bin/ceph: stderr
2024-04-01T00:02:57.876+0000 7fd21d589700 1 --2- 172.21.15.62:0/2708474311 >> [v2:172.21.15.62:3300/0,v1:172.21.15.62:6789/0] conn(0x7fd218076b30 0x7fd218102e80 unknown :-1 s=CLOSED pgs=52 cs=0 l=1 rev1=1 crypto rx=0 tx=0 comp rx=0 tx=0).stop
2024-04-01T00:02:58.519 INFO:teuthology.orchestra.run.smithi062.stdout:/usr/bin/ceph: stderr
2024-04-01T00:02:57.876+0000 7fd21d589700 1 -- 172.21.15.62:0/2708474311 >> 172.21.15.62:0/2708474311 conn(0x7fd2180fcfa0 msgr2=0x7fd2180fdbb0 unknown :-1 s=STATE_NONE l=0).mark_down
2024-04-01T00:02:58.519 INFO:teuthology.orchestra.run.smithi062.stdout:/usr/bin/ceph: stderr
2024-04-01T00:02:57.876+0000 7fd21d589700 1 -- 172.21.15.62:0/2708474311 shutdown_connections
2024-04-01T00:02:58.519 INFO:teuthology.orchestra.run.smithi062.stdout:/usr/bin/ceph: stderr
2024-04-01T00:02:57.876+0000 7fd21d589700 1 -- 172.21.15.62:0/2708474311 wait complete.
2024-04-01T00:02:58.519 INFO:teuthology.orchestra.run.smithi062.stdout:Deploying prometheus service with default placement...
2024-04-01T00:02:59.093 INFO:journalctl@ceph.mon.smithi062.smithi062.stdout:Apr 01 00:02:58 smithi062 ceph-mon[29259]: from='client.14146 -' entity='client.admin' cmd=[{"prefix": "orch apply", "service_type": "crash", "target": ["mon-mgr", ""]}]: dispatch
2024-04-01T00:02:59.093 INFO:journalctl@ceph.mon.smithi062.smithi062.stdout:Apr 01 00:02:58 smithi062 ceph-mon[29259]: Saving service crash spec with placement *
2024-04-01T00:02:59.094 INFO:journalctl@ceph.mon.smithi062.smithi062.stdout:Apr 01 00:02:58 smithi062 ceph-mon[29259]: from='mgr.14120 172.21.15.62:0/123287715' entity='mgr.smithi062.btbmir'
2024-04-01T00:02:59.965 INFO:teuthology.orchestra.run.smithi062.stdout:/usr/bin/ceph: stdout Scheduled prometheus update...
2024-04-01T00:02:59.965 INFO:teuthology.orchestra.run.smithi062.stdout:/usr/bin/ceph: stderr
2024-04-01T00:02:58.916+0000 7feef11db700 1 Processor -- start
2024-04-01T00:02:59.965 INFO:teuthology.orchestra.run.smithi062.stdout:/usr/bin/ceph: stderr
2024-04-01T00:02:58.916+0000 7feef11db700 1 -- start start
2024-04-01T00:02:59.965 INFO:teuthology.orchestra.run.smithi062.stdout:/usr/bin/ceph: stderr
2024-04-01T00:02:58.916+0000 7feef11db700 1 --2- >> [v2:172.21.15.62:3300/0,v1:172.21.15.62:6789/0] conn(0x7feeec102910 0x7feeec102d20 unknown :-1 s=NONE pgs=0 cs=0 l=0 rev1=0 crypto rx=0 tx=0 comp rx=0 tx=0).connect
2024-04-01T00:02:59.965 INFO:teuthology.orchestra.run.smithi062.stdout:/usr/bin/ceph: stderr
2024-04-01T00:02:58.916+0000 7feef11db700 1 -- --> [v2:172.21.15.62:3300/0,v1:172.21.15.62:6789/0] -- mon_getmap magic: 0 v1 -- 0x7feeec103260 con 0x7feeec102910
2024-04-01T00:02:59.965 INFO:teuthology.orchestra.run.smithi062.stdout:/usr/bin/ceph: stderr
2024-04-01T00:02:58.916+0000 7feeead9d700 1 --2- >> [v2:172.21.15.62:3300/0,v1:172.21.15.62:6789/0] conn(0x7feeec102910 0x7feeec102d20 unknown :-1 s=BANNER_CONNECTING pgs=0 cs=0 l=0 rev1=0 crypto rx=0 tx=0 comp rx=0 tx=0)._handle_peer_banner_payload supported=3 required=0
2024-04-01T00:02:59.965 INFO:teuthology.orchestra.run.smithi062.stdout:/usr/bin/ceph: stderr
2024-04-01T00:02:58.916+0000 7feeead9d700 1 --2- >> [v2:172.21.15.62:3300/0,v1:172.21.15.62:6789/0] conn(0x7feeec102910 0x7feeec102d20 unknown :-1 s=HELLO_CONNECTING pgs=0 cs=0 l=0 rev1=1 crypto rx=0 tx=0 comp rx=0 tx=0).handle_hello peer v2:172.21.15.62:3300/0 says I am v2:172.21.15.62:54104/0 (socket says 172.21.15.62:54104)
2024-04-01T00:02:59.965 INFO:teuthology.orchestra.run.smithi062.stdout:/usr/bin/ceph: stderr
2024-04-01T00:02:58.916+0000 7feeead9d700 1 -- 172.21.15.62:0/45288450 learned_addr learned my addr 172.21.15.62:0/45288450 (peer_addr_for_me v2:172.21.15.62:0/0)
2024-04-01T00:02:59.966 INFO:teuthology.orchestra.run.smithi062.stdout:/usr/bin/ceph: stderr
2024-04-01T00:02:58.916+0000 7feeead9d700 1 -- 172.21.15.62:0/45288450 --> [v2:172.21.15.62:3300/0,v1:172.21.15.62:6789/0] -- mon_subscribe({config=0+,monmap=0+}) v3 -- 0x7feeec1033a0 con 0x7feeec102910
2024-04-01T00:02:59.966 INFO:teuthology.orchestra.run.smithi062.stdout:/usr/bin/ceph: stderr
2024-04-01T00:02:58.917+0000 7feeead9d700 1 --2- 172.21.15.62:0/45288450 >> [v2:172.21.15.62:3300/0,v1:172.21.15.62:6789/0] conn(0x7feeec102910 0x7feeec102d20 secure :-1 s=READY pgs=53 cs=0 l=1 rev1=1 crypto rx=0x7feedc0098e0 tx=0x7feedc009250 comp rx=0 tx=0).ready entity=mon.0 client_cookie=e55f7f33abb5dccd server_cookie=0 in_seq=0 out_seq=0
2024-04-01T00:02:59.966 INFO:teuthology.orchestra.run.smithi062.stdout:/usr/bin/ceph: stderr
2024-04-01T00:02:58.917+0000 7feee9d9b700 1 -- 172.21.15.62:0/45288450 <== mon.0 v2:172.21.15.62:3300/0 1 ==== mon_map magic: 0 v1 ==== 229+0+0 (secure 0 0 0) 0x7feedc00b860 con 0x7feeec102910
2024-04-01T00:02:59.966 INFO:teuthology.orchestra.run.smithi062.stdout:/usr/bin/ceph: stderr
2024-04-01T00:02:58.917+0000 7feee9d9b700 1 -- 172.21.15.62:0/45288450 <== mon.0 v2:172.21.15.62:3300/0 2 ==== config(27 keys) v1 ==== 1109+0+0 (secure 0 0 0) 0x7feedc00be90 con 0x7feeec102910
2024-04-01T00:02:59.966 INFO:teuthology.orchestra.run.smithi062.stdout:/usr/bin/ceph: stderr
2024-04-01T00:02:58.917+0000 7feee9d9b700 1 -- 172.21.15.62:0/45288450 <== mon.0 v2:172.21.15.62:3300/0 3 ==== mon_map magic: 0 v1 ==== 229+0+0 (secure 0 0 0) 0x7feedc0103c0 con 0x7feeec102910
2024-04-01T00:02:59.966 INFO:teuthology.orchestra.run.smithi062.stdout:/usr/bin/ceph: stderr
2024-04-01T00:02:58.917+0000 7feef11db700 1 -- 172.21.15.62:0/45288450 >> [v2:172.21.15.62:3300/0,v1:172.21.15.62:6789/0] conn(0x7feeec102910 msgr2=0x7feeec102d20 secure :-1 s=STATE_CONNECTION_ESTABLISHED l=1).mark_down
2024-04-01T00:02:59.966 INFO:teuthology.orchestra.run.smithi062.stdout:/usr/bin/ceph: stderr
2024-04-01T00:02:58.917+0000 7feef11db700 1 --2- 172.21.15.62:0/45288450 >> [v2:172.21.15.62:3300/0,v1:172.21.15.62:6789/0] conn(0x7feeec102910 0x7feeec102d20 secure :-1 s=READY pgs=53 cs=0 l=1 rev1=1 crypto rx=0x7feedc0098e0 tx=0x7feedc009250 comp rx=0 tx=0).stop
2024-04-01T00:02:59.966 INFO:teuthology.orchestra.run.smithi062.stdout:/usr/bin/ceph: stderr
2024-04-01T00:02:58.917+0000 7feef11db700 1 -- 172.21.15.62:0/45288450 shutdown_connections
2024-04-01T00:02:59.966 INFO:teuthology.orchestra.run.smithi062.stdout:/usr/bin/ceph: stderr
2024-04-01T00:02:58.917+0000 7feef11db700 1 --2- 172.21.15.62:0/45288450 >> [v2:172.21.15.62:3300/0,v1:172.21.15.62:6789/0] conn(0x7feeec102910 0x7feeec102d20 unknown :-1 s=CLOSED pgs=53 cs=0 l=1 rev1=1 crypto rx=0 tx=0 comp rx=0 tx=0).stop
2024-04-01T00:02:59.967 INFO:teuthology.orchestra.run.smithi062.stdout:/usr/bin/ceph: stderr
2024-04-01T00:02:58.917+0000 7feef11db700 1 -- 172.21.15.62:0/45288450 >> 172.21.15.62:0/45288450 conn(0x7feeec0fe070 msgr2=0x7feeec1004a0 unknown :-1 s=STATE_NONE l=0).mark_down
2024-04-01T00:02:59.967 INFO:teuthology.orchestra.run.smithi062.stdout:/usr/bin/ceph: stderr
2024-04-01T00:02:58.917+0000 7feef11db700 1 -- 172.21.15.62:0/45288450 shutdown_connections
2024-04-01T00:02:59.967 INFO:teuthology.orchestra.run.smithi062.stdout:/usr/bin/ceph: stderr
2024-04-01T00:02:58.917+0000 7feef11db700 1 -- 172.21.15.62:0/45288450 wait complete.
2024-04-01T00:02:59.967 INFO:teuthology.orchestra.run.smithi062.stdout:/usr/bin/ceph: stderr
2024-04-01T00:02:58.918+0000 7feef11db700 1 Processor -- start
2024-04-01T00:02:59.967 INFO:teuthology.orchestra.run.smithi062.stdout:/usr/bin/ceph: stderr
2024-04-01T00:02:58.918+0000 7feef11db700 1 -- start start
2024-04-01T00:02:59.967 INFO:teuthology.orchestra.run.smithi062.stdout:/usr/bin/ceph: stderr
2024-04-01T00:02:58.918+0000 7feef11db700 1 --2- >> [v2:172.21.15.62:3300/0,v1:172.21.15.62:6789/0] conn(0x7feeec102910 0x7feeec111720 unknown :-1 s=NONE pgs=0 cs=0 l=1 rev1=0 crypto rx=0 tx=0 comp rx=0 tx=0).connect
2024-04-01T00:02:59.967 INFO:teuthology.orchestra.run.smithi062.stdout:/usr/bin/ceph: stderr
2024-04-01T00:02:58.918+0000 7feef11db700 1 -- --> [v2:172.21.15.62:3300/0,v1:172.21.15.62:6789/0] -- mon_getmap magic: 0 v1 -- 0x7feeec111c60 con 0x7feeec102910
2024-04-01T00:02:59.967 INFO:teuthology.orchestra.run.smithi062.stdout:/usr/bin/ceph: stderr
2024-04-01T00:02:58.918+0000 7feeead9d700 1 --2- >> [v2:172.21.15.62:3300/0,v1:172.21.15.62:6789/0] conn(0x7feeec102910 0x7feeec111720 unknown :-1 s=BANNER_CONNECTING pgs=0 cs=0 l=1 rev1=0 crypto rx=0 tx=0 comp rx=0 tx=0)._handle_peer_banner_payload supported=3 required=0
2024-04-01T00:02:59.967 INFO:teuthology.orchestra.run.smithi062.stdout:/usr/bin/ceph: stderr
2024-04-01T00:02:58.918+0000 7feeead9d700 1 --2- >> [v2:172.21.15.62:3300/0,v1:172.21.15.62:6789/0] conn(0x7feeec102910 0x7feeec111720 unknown :-1 s=HELLO_CONNECTING pgs=0 cs=0 l=1 rev1=1 crypto rx=0 tx=0 comp rx=0 tx=0).handle_hello peer v2:172.21.15.62:3300/0 says I am v2:172.21.15.62:54106/0 (socket says 172.21.15.62:54106)
2024-04-01T00:02:59.968 INFO:teuthology.orchestra.run.smithi062.stdout:/usr/bin/ceph: stderr
2024-04-01T00:02:58.918+0000 7feeead9d700 1 -- 172.21.15.62:0/211222913 learned_addr learned my addr 172.21.15.62:0/211222913 (peer_addr_for_me v2:172.21.15.62:0/0)
2024-04-01T00:02:59.968 INFO:teuthology.orchestra.run.smithi062.stdout:/usr/bin/ceph: stderr
2024-04-01T00:02:58.919+0000 7feeead9d700 1 -- 172.21.15.62:0/211222913 --> [v2:172.21.15.62:3300/0,v1:172.21.15.62:6789/0] -- mon_subscribe({config=0+,monmap=0+}) v3 -- 0x7feedc0094f0 con 0x7feeec102910
2024-04-01T00:02:59.968 INFO:teuthology.orchestra.run.smithi062.stdout:/usr/bin/ceph: stderr
2024-04-01T00:02:58.919+0000 7feeead9d700 1 --2- 172.21.15.62:0/211222913 >> [v2:172.21.15.62:3300/0,v1:172.21.15.62:6789/0] conn(0x7feeec102910 0x7feeec111720 secure :-1 s=READY pgs=54 cs=0 l=1 rev1=1 crypto rx=0x7feedc0090b0 tx=0x7feedc009250 comp rx=0 tx=0).ready entity=mon.0 client_cookie=0 server_cookie=0 in_seq=0 out_seq=0
2024-04-01T00:02:59.968 INFO:teuthology.orchestra.run.smithi062.stdout:/usr/bin/ceph: stderr
2024-04-01T00:02:58.919+0000 7feed37fe700 1 -- 172.21.15.62:0/211222913 <== mon.0 v2:172.21.15.62:3300/0 1 ==== mon_map magic: 0 v1 ==== 229+0+0 (secure 0 0 0) 0x7feedc010840 con 0x7feeec102910
2024-04-01T00:02:59.968 INFO:teuthology.orchestra.run.smithi062.stdout:/usr/bin/ceph: stderr
2024-04-01T00:02:58.919+0000 7feed37fe700 1 -- 172.21.15.62:0/211222913 <== mon.0 v2:172.21.15.62:3300/0 2 ==== config(27 keys) v1 ==== 1109+0+0 (secure 0 0 0) 0x7feedc010e70 con 0x7feeec102910
2024-04-01T00:02:59.968 INFO:teuthology.orchestra.run.smithi062.stdout:/usr/bin/ceph: stderr
2024-04-01T00:02:58.919+0000 7feed37fe700 1 -- 172.21.15.62:0/211222913 <== mon.0 v2:172.21.15.62:3300/0 3 ==== mon_map magic: 0 v1 ==== 229+0+0 (secure 0 0 0) 0x7feedc024e90 con 0x7feeec102910
2024-04-01T00:02:59.968 INFO:teuthology.orchestra.run.smithi062.stdout:/usr/bin/ceph: stderr
2024-04-01T00:02:58.919+0000 7feef11db700 1 -- 172.21.15.62:0/211222913 --> [v2:172.21.15.62:3300/0,v1:172.21.15.62:6789/0] -- mon_subscribe({mgrmap=0+}) v3 -- 0x7feeec111e60 con 0x7feeec102910
2024-04-01T00:02:59.968 INFO:teuthology.orchestra.run.smithi062.stdout:/usr/bin/ceph: stderr
2024-04-01T00:02:58.919+0000 7feef11db700 1 -- 172.21.15.62:0/211222913 --> [v2:172.21.15.62:3300/0,v1:172.21.15.62:6789/0] -- mon_subscribe({osdmap=0}) v3 -- 0x7feeec1129d0 con 0x7feeec102910
2024-04-01T00:02:59.968 INFO:teuthology.orchestra.run.smithi062.stdout:/usr/bin/ceph: stderr
2024-04-01T00:02:58.920+0000 7feed37fe700 1 -- 172.21.15.62:0/211222913 <== mon.0 v2:172.21.15.62:3300/0 4 ==== mgrmap(e 8) v1 ==== 43368+0+0 (secure 0 0 0) 0x7feedc01a510 con 0x7feeec102910
2024-04-01T00:02:59.968 INFO:teuthology.orchestra.run.smithi062.stdout:/usr/bin/ceph: stderr
2024-04-01T00:02:58.920+0000 7feed37fe700 1 --2- 172.21.15.62:0/211222913 >> [v2:172.21.15.62:6800/452792201,v1:172.21.15.62:6801/452792201] conn(0x7feed4036740 0x7feed4038bf0 unknown :-1 s=NONE pgs=0 cs=0 l=1 rev1=0 crypto rx=0 tx=0 comp rx=0 tx=0).connect
2024-04-01T00:02:59.969 INFO:teuthology.orchestra.run.smithi062.stdout:/usr/bin/ceph: stderr
2024-04-01T00:02:58.920+0000 7feed37fe700 1 -- 172.21.15.62:0/211222913 <== mon.0 v2:172.21.15.62:3300/0 5 ==== osd_map(2..2 src has 1..2) v4 ==== 936+0+0 (secure 0 0 0) 0x7feedc04a7c0 con 0x7feeec102910
2024-04-01T00:02:59.969 INFO:teuthology.orchestra.run.smithi062.stdout:/usr/bin/ceph: stderr
2024-04-01T00:02:58.920+0000 7feeea59c700 1 --2- 172.21.15.62:0/211222913 >> [v2:172.21.15.62:6800/452792201,v1:172.21.15.62:6801/452792201] conn(0x7feed4036740 0x7feed4038bf0 unknown :-1 s=BANNER_CONNECTING pgs=0 cs=0 l=1 rev1=0 crypto rx=0 tx=0 comp rx=0 tx=0)._handle_peer_banner_payload supported=3 required=0
2024-04-01T00:02:59.969 INFO:teuthology.orchestra.run.smithi062.stdout:/usr/bin/ceph: stderr
2024-04-01T00:02:58.920+0000 7feef11db700 1 -- 172.21.15.62:0/211222913 --> [v2:172.21.15.62:3300/0,v1:172.21.15.62:6789/0] -- mon_command({"prefix": "get_command_descriptions"} v 0) v1 -- 0x7feeec05f5f0 con 0x7feeec102910
2024-04-01T00:02:59.969 INFO:teuthology.orchestra.run.smithi062.stdout:/usr/bin/ceph: stderr
2024-04-01T00:02:58.920+0000 7feeea59c700 1 --2- 172.21.15.62:0/211222913 >> [v2:172.21.15.62:6800/452792201,v1:172.21.15.62:6801/452792201] conn(0x7feed4036740 0x7feed4038bf0 secure :-1 s=READY pgs=15 cs=0 l=1 rev1=1 crypto rx=0x7feee0009990 tx=0x7feee0006e40 comp rx=0 tx=0).ready entity=mgr.14120 client_cookie=0 server_cookie=0 in_seq=0 out_seq=0
2024-04-01T00:02:59.969 INFO:teuthology.orchestra.run.smithi062.stdout:/usr/bin/ceph: stderr
