2024-04-01T00:03:21.976 INFO:teuthology.orchestra.run.smithi062.stdout:/usr/bin/ceph: stderr
2024-04-01T00:03:21.132+0000 7f9c81d9b700 1 -- 172.21.15.62:0/768465572 <== mon.0 v2:172.21.15.62:3300/0 2 ==== config(27 keys) v1 ==== 1109+0+0 (secure 0 0 0) 0x7f9c7c012430 con 0x7f9c841028f0
2024-04-01T00:03:21.976 INFO:teuthology.orchestra.run.smithi062.stdout:/usr/bin/ceph: stderr
2024-04-01T00:03:21.132+0000 7f9c81d9b700 1 -- 172.21.15.62:0/768465572 <== mon.0 v2:172.21.15.62:3300/0 3 ==== mon_map magic: 0 v1 ==== 229+0+0 (secure 0 0 0) 0x7f9c7c0075a0 con 0x7f9c841028f0
2024-04-01T00:03:21.976 INFO:teuthology.orchestra.run.smithi062.stdout:/usr/bin/ceph: stderr
2024-04-01T00:03:21.133+0000 7f9c89153700 1 -- 172.21.15.62:0/768465572 >> [v2:172.21.15.62:3300/0,v1:172.21.15.62:6789/0] conn(0x7f9c841028f0 msgr2=0x7f9c84102d00 secure :-1 s=STATE_CONNECTION_ESTABLISHED l=1).mark_down
2024-04-01T00:03:21.976 INFO:teuthology.orchestra.run.smithi062.stdout:/usr/bin/ceph: stderr
2024-04-01T00:03:21.133+0000 7f9c89153700 1 --2- 172.21.15.62:0/768465572 >> [v2:172.21.15.62:3300/0,v1:172.21.15.62:6789/0] conn(0x7f9c841028f0 0x7f9c84102d00 secure :-1 s=READY pgs=86 cs=0 l=1 rev1=1 crypto rx=0x7f9c7c009e50 tx=0x7f9c7c009840 comp rx=0 tx=0).stop
2024-04-01T00:03:21.976 INFO:teuthology.orchestra.run.smithi062.stdout:/usr/bin/ceph: stderr
2024-04-01T00:03:21.133+0000 7f9c89153700 1 -- 172.21.15.62:0/768465572 shutdown_connections
2024-04-01T00:03:21.976 INFO:teuthology.orchestra.run.smithi062.stdout:/usr/bin/ceph: stderr
2024-04-01T00:03:21.133+0000 7f9c89153700 1 --2- 172.21.15.62:0/768465572 >> [v2:172.21.15.62:3300/0,v1:172.21.15.62:6789/0] conn(0x7f9c841028f0 0x7f9c84102d00 unknown :-1 s=CLOSED pgs=86 cs=0 l=1 rev1=1 crypto rx=0 tx=0 comp rx=0 tx=0).stop
2024-04-01T00:03:21.976 INFO:teuthology.orchestra.run.smithi062.stdout:/usr/bin/ceph: stderr
2024-04-01T00:03:21.133+0000 7f9c89153700 1 -- 172.21.15.62:0/768465572 >> 172.21.15.62:0/768465572 conn(0x7f9c840fe0d0 msgr2=0x7f9c841004e0 unknown :-1 s=STATE_NONE l=0).mark_down
2024-04-01T00:03:21.976 INFO:teuthology.orchestra.run.smithi062.stdout:/usr/bin/ceph: stderr
2024-04-01T00:03:21.133+0000 7f9c89153700 1 -- 172.21.15.62:0/768465572 shutdown_connections
2024-04-01T00:03:21.977 INFO:teuthology.orchestra.run.smithi062.stdout:/usr/bin/ceph: stderr
2024-04-01T00:03:21.133+0000 7f9c89153700 1 -- 172.21.15.62:0/768465572 wait complete.
2024-04-01T00:03:21.977 INFO:teuthology.orchestra.run.smithi062.stdout:/usr/bin/ceph: stderr
2024-04-01T00:03:21.134+0000 7f9c89153700 1 Processor -- start
2024-04-01T00:03:21.977 INFO:teuthology.orchestra.run.smithi062.stdout:/usr/bin/ceph: stderr
2024-04-01T00:03:21.134+0000 7f9c89153700 1 -- start start
2024-04-01T00:03:21.977 INFO:teuthology.orchestra.run.smithi062.stdout:/usr/bin/ceph: stderr
2024-04-01T00:03:21.134+0000 7f9c89153700 1 --2- >> [v2:172.21.15.62:3300/0,v1:172.21.15.62:6789/0] conn(0x7f9c841028f0 0x7f9c8410f4e0 unknown :-1 s=NONE pgs=0 cs=0 l=1 rev1=0 crypto rx=0 tx=0 comp rx=0 tx=0).connect
2024-04-01T00:03:21.977 INFO:teuthology.orchestra.run.smithi062.stdout:/usr/bin/ceph: stderr
2024-04-01T00:03:21.134+0000 7f9c89153700 1 -- --> [v2:172.21.15.62:3300/0,v1:172.21.15.62:6789/0] -- mon_getmap magic: 0 v1 -- 0x7f9c8410fa20 con 0x7f9c841028f0
2024-04-01T00:03:21.977 INFO:teuthology.orchestra.run.smithi062.stdout:/usr/bin/ceph: stderr
2024-04-01T00:03:21.134+0000 7f9c82d9d700 1 --2- >> [v2:172.21.15.62:3300/0,v1:172.21.15.62:6789/0] conn(0x7f9c841028f0 0x7f9c8410f4e0 unknown :-1 s=BANNER_CONNECTING pgs=0 cs=0 l=1 rev1=0 crypto rx=0 tx=0 comp rx=0 tx=0)._handle_peer_banner_payload supported=3 required=0
2024-04-01T00:03:21.977 INFO:teuthology.orchestra.run.smithi062.stdout:/usr/bin/ceph: stderr
2024-04-01T00:03:21.134+0000 7f9c82d9d700 1 --2- >> [v2:172.21.15.62:3300/0,v1:172.21.15.62:6789/0] conn(0x7f9c841028f0 0x7f9c8410f4e0 unknown :-1 s=HELLO_CONNECTING pgs=0 cs=0 l=1 rev1=1 crypto rx=0 tx=0 comp rx=0 tx=0).handle_hello peer v2:172.21.15.62:3300/0 says I am v2:172.21.15.62:33234/0 (socket says 172.21.15.62:33234)
2024-04-01T00:03:21.977 INFO:teuthology.orchestra.run.smithi062.stdout:/usr/bin/ceph: stderr
2024-04-01T00:03:21.134+0000 7f9c82d9d700 1 -- 172.21.15.62:0/700944270 learned_addr learned my addr 172.21.15.62:0/700944270 (peer_addr_for_me v2:172.21.15.62:0/0)
2024-04-01T00:03:21.978 INFO:teuthology.orchestra.run.smithi062.stdout:/usr/bin/ceph: stderr
2024-04-01T00:03:21.134+0000 7f9c82d9d700 1 -- 172.21.15.62:0/700944270 --> [v2:172.21.15.62:3300/0,v1:172.21.15.62:6789/0] -- mon_subscribe({config=0+,monmap=0+}) v3 -- 0x7f9c7c009ae0 con 0x7f9c841028f0
2024-04-01T00:03:21.978 INFO:teuthology.orchestra.run.smithi062.stdout:/usr/bin/ceph: stderr
2024-04-01T00:03:21.134+0000 7f9c82d9d700 1 --2- 172.21.15.62:0/700944270 >> [v2:172.21.15.62:3300/0,v1:172.21.15.62:6789/0] conn(0x7f9c841028f0 0x7f9c8410f4e0 secure :-1 s=READY pgs=87 cs=0 l=1 rev1=1 crypto rx=0x7f9c7c0127d0 tx=0x7f9c7c009840 comp rx=0 tx=0).ready entity=mon.0 client_cookie=0 server_cookie=0 in_seq=0 out_seq=0
2024-04-01T00:03:21.978 INFO:teuthology.orchestra.run.smithi062.stdout:/usr/bin/ceph: stderr
2024-04-01T00:03:21.134+0000 7f9c7b7fe700 1 -- 172.21.15.62:0/700944270 <== mon.0 v2:172.21.15.62:3300/0 1 ==== mon_map magic: 0 v1 ==== 229+0+0 (secure 0 0 0) 0x7f9c7c0092e0 con 0x7f9c841028f0
2024-04-01T00:03:21.978 INFO:teuthology.orchestra.run.smithi062.stdout:/usr/bin/ceph: stderr
2024-04-01T00:03:21.134+0000 7f9c89153700 1 -- 172.21.15.62:0/700944270 --> [v2:172.21.15.62:3300/0,v1:172.21.15.62:6789/0] -- mon_subscribe({mgrmap=0+}) v3 -- 0x7f9c8410fc20 con 0x7f9c841028f0
2024-04-01T00:03:21.978 INFO:teuthology.orchestra.run.smithi062.stdout:/usr/bin/ceph: stderr
2024-04-01T00:03:21.134+0000 7f9c7b7fe700 1 -- 172.21.15.62:0/700944270 <== mon.0 v2:172.21.15.62:3300/0 2 ==== config(27 keys) v1 ==== 1109+0+0 (secure 0 0 0) 0x7f9c7c007d30 con 0x7f9c841028f0
2024-04-01T00:03:21.978 INFO:teuthology.orchestra.run.smithi062.stdout:/usr/bin/ceph: stderr
2024-04-01T00:03:21.134+0000 7f9c7b7fe700 1 -- 172.21.15.62:0/700944270 <== mon.0 v2:172.21.15.62:3300/0 3 ==== mon_map magic: 0 v1 ==== 229+0+0 (secure 0 0 0) 0x7f9c7c025960 con 0x7f9c841028f0
2024-04-01T00:03:21.978 INFO:teuthology.orchestra.run.smithi062.stdout:/usr/bin/ceph: stderr
2024-04-01T00:03:21.135+0000 7f9c89153700 1 -- 172.21.15.62:0/700944270 --> [v2:172.21.15.62:3300/0,v1:172.21.15.62:6789/0] -- mon_subscribe({osdmap=0}) v3 -- 0x7f9c84110790 con 0x7f9c841028f0
2024-04-01T00:03:21.978 INFO:teuthology.orchestra.run.smithi062.stdout:/usr/bin/ceph: stderr
2024-04-01T00:03:21.135+0000 7f9c7b7fe700 1 -- 172.21.15.62:0/700944270 <== mon.0 v2:172.21.15.62:3300/0 4 ==== mgrmap(e 12) v1 ==== 43381+0+0 (secure 0 0 0) 0x7f9c7c019050 con 0x7f9c841028f0
2024-04-01T00:03:21.979 INFO:teuthology.orchestra.run.smithi062.stdout:/usr/bin/ceph: stderr
2024-04-01T00:03:21.135+0000 7f9c7b7fe700 1 --2- 172.21.15.62:0/700944270 >> [v2:172.21.15.62:6800/2581181143,v1:172.21.15.62:6801/2581181143] conn(0x7f9c7003ac30 0x7f9c7003d0e0 unknown :-1 s=NONE pgs=0 cs=0 l=1 rev1=0 crypto rx=0 tx=0 comp rx=0 tx=0).connect
2024-04-01T00:03:21.979 INFO:teuthology.orchestra.run.smithi062.stdout:/usr/bin/ceph: stderr
2024-04-01T00:03:21.135+0000 7f9c89153700 1 -- 172.21.15.62:0/700944270 --> [v2:172.21.15.62:3300/0,v1:172.21.15.62:6789/0] -- mon_command({"prefix": "get_command_descriptions"} v 0) v1 -- 0x7f9c8405f5f0 con 0x7f9c841028f0
2024-04-01T00:03:21.979 INFO:teuthology.orchestra.run.smithi062.stdout:/usr/bin/ceph: stderr
2024-04-01T00:03:21.136+0000 7f9c7b7fe700 1 -- 172.21.15.62:0/700944270 <== mon.0 v2:172.21.15.62:3300/0 5 ==== osd_map(3..3 src has 1..3) v4 ==== 1151+0+0 (secure 0 0 0) 0x7f9c7c04a220 con 0x7f9c841028f0
2024-04-01T00:03:21.979 INFO:teuthology.orchestra.run.smithi062.stdout:/usr/bin/ceph: stderr
2024-04-01T00:03:21.136+0000 7f9c8259c700 1 --2- 172.21.15.62:0/700944270 >> [v2:172.21.15.62:6800/2581181143,v1:172.21.15.62:6801/2581181143] conn(0x7f9c7003ac30 0x7f9c7003d0e0 unknown :-1 s=BANNER_CONNECTING pgs=0 cs=0 l=1 rev1=0 crypto rx=0 tx=0 comp rx=0 tx=0)._handle_peer_banner_payload supported=3 required=0
2024-04-01T00:03:21.979 INFO:teuthology.orchestra.run.smithi062.stdout:/usr/bin/ceph: stderr
2024-04-01T00:03:21.136+0000 7f9c8259c700 1 --2- 172.21.15.62:0/700944270 >> [v2:172.21.15.62:6800/2581181143,v1:172.21.15.62:6801/2581181143] conn(0x7f9c7003ac30 0x7f9c7003d0e0 secure :-1 s=READY pgs=10 cs=0 l=1 rev1=1 crypto rx=0x7f9c6c009990 tx=0x7f9c6c006e40 comp rx=0 tx=0).ready entity=mgr.14162 client_cookie=0 server_cookie=0 in_seq=0 out_seq=0
2024-04-01T00:03:21.979 INFO:teuthology.orchestra.run.smithi062.stdout:/usr/bin/ceph: stderr
2024-04-01T00:03:21.140+0000 7f9c7b7fe700 1 -- 172.21.15.62:0/700944270 <== mon.0 v2:172.21.15.62:3300/0 6 ==== mon_command_ack([{"prefix": "get_command_descriptions"}]=0 v0) v1 ==== 72+0+176504 (secure 0 0 0) 0x7f9c7c007860 con 0x7f9c841028f0
2024-04-01T00:03:21.979 INFO:teuthology.orchestra.run.smithi062.stdout:/usr/bin/ceph: stderr
2024-04-01T00:03:21.333+0000 7f9c89153700 1 -- 172.21.15.62:0/700944270 --> [v2:172.21.15.62:3300/0,v1:172.21.15.62:6789/0] -- mon_command([{prefix=config set, name=osd_memory_target_autotune}] v 0) v1 -- 0x7f9c8404bed0 con 0x7f9c841028f0
2024-04-01T00:03:21.980 INFO:teuthology.orchestra.run.smithi062.stdout:/usr/bin/ceph: stderr
2024-04-01T00:03:21.333+0000 7f9c7b7fe700 1 -- 172.21.15.62:0/700944270 <== mon.0 v2:172.21.15.62:3300/0 7 ==== mon_command_ack([{prefix=config set, name=osd_memory_target_autotune}]=0 v8)=0 v8) v1 ==== 127+0+0 (secure 0 0 0) 0x7f9c7c017020 con 0x7f9c841028f0
2024-04-01T00:03:21.980 INFO:teuthology.orchestra.run.smithi062.stdout:/usr/bin/ceph: stderr
2024-04-01T00:03:21.335+0000 7f9c89153700 1 -- 172.21.15.62:0/700944270 >> [v2:172.21.15.62:6800/2581181143,v1:172.21.15.62:6801/2581181143] conn(0x7f9c7003ac30 msgr2=0x7f9c7003d0e0 secure :-1 s=STATE_CONNECTION_ESTABLISHED l=1).mark_down
2024-04-01T00:03:21.980 INFO:teuthology.orchestra.run.smithi062.stdout:/usr/bin/ceph: stderr
2024-04-01T00:03:21.335+0000 7f9c89153700 1 --2- 172.21.15.62:0/700944270 >> [v2:172.21.15.62:6800/2581181143,v1:172.21.15.62:6801/2581181143] conn(0x7f9c7003ac30 0x7f9c7003d0e0 secure :-1 s=READY pgs=10 cs=0 l=1 rev1=1 crypto rx=0x7f9c6c009990 tx=0x7f9c6c006e40 comp rx=0 tx=0).stop
2024-04-01T00:03:21.980 INFO:teuthology.orchestra.run.smithi062.stdout:/usr/bin/ceph: stderr
2024-04-01T00:03:21.335+0000 7f9c89153700 1 -- 172.21.15.62:0/700944270 >> [v2:172.21.15.62:3300/0,v1:172.21.15.62:6789/0] conn(0x7f9c841028f0 msgr2=0x7f9c8410f4e0 secure :-1 s=STATE_CONNECTION_ESTABLISHED l=1).mark_down
2024-04-01T00:03:21.980 INFO:teuthology.orchestra.run.smithi062.stdout:/usr/bin/ceph: stderr
2024-04-01T00:03:21.335+0000 7f9c89153700 1 --2- 172.21.15.62:0/700944270 >> [v2:172.21.15.62:3300/0,v1:172.21.15.62:6789/0] conn(0x7f9c841028f0 0x7f9c8410f4e0 secure :-1 s=READY pgs=87 cs=0 l=1 rev1=1 crypto rx=0x7f9c7c0127d0 tx=0x7f9c7c009840 comp rx=0 tx=0).stop
2024-04-01T00:03:21.980 INFO:teuthology.orchestra.run.smithi062.stdout:/usr/bin/ceph: stderr
2024-04-01T00:03:21.335+0000 7f9c89153700 1 -- 172.21.15.62:0/700944270 shutdown_connections
2024-04-01T00:03:21.980 INFO:teuthology.orchestra.run.smithi062.stdout:/usr/bin/ceph: stderr
2024-04-01T00:03:21.335+0000 7f9c89153700 1 --2- 172.21.15.62:0/700944270 >> [v2:172.21.15.62:6800/2581181143,v1:172.21.15.62:6801/2581181143] conn(0x7f9c7003ac30 0x7f9c7003d0e0 unknown :-1 s=CLOSED pgs=10 cs=0 l=1 rev1=1 crypto rx=0 tx=0 comp rx=0 tx=0).stop
2024-04-01T00:03:21.980 INFO:teuthology.orchestra.run.smithi062.stdout:/usr/bin/ceph: stderr
2024-04-01T00:03:21.335+0000 7f9c89153700 1 --2- 172.21.15.62:0/700944270 >> [v2:172.21.15.62:3300/0,v1:172.21.15.62:6789/0] conn(0x7f9c841028f0 0x7f9c8410f4e0 unknown :-1 s=CLOSED pgs=87 cs=0 l=1 rev1=1 crypto rx=0 tx=0 comp rx=0 tx=0).stop
2024-04-01T00:03:21.982 INFO:teuthology.orchestra.run.smithi062.stdout:/usr/bin/ceph: stderr
2024-04-01T00:03:21.335+0000 7f9c89153700 1 -- 172.21.15.62:0/700944270 >> 172.21.15.62:0/700944270 conn(0x7f9c840fe0d0 msgr2=0x7f9c840feca0 unknown :-1 s=STATE_NONE l=0).mark_down
2024-04-01T00:03:21.983 INFO:teuthology.orchestra.run.smithi062.stdout:/usr/bin/ceph: stderr
2024-04-01T00:03:21.335+0000 7f9c89153700 1 -- 172.21.15.62:0/700944270 shutdown_connections
2024-04-01T00:03:21.983 INFO:teuthology.orchestra.run.smithi062.stdout:/usr/bin/ceph: stderr
2024-04-01T00:03:21.335+0000 7f9c89153700 1 -- 172.21.15.62:0/700944270 wait complete.
2024-04-01T00:03:22.901 INFO:journalctl@ceph.mon.smithi062.smithi062.stdout:Apr 01 00:03:22 smithi062 ceph-mon[29259]: mgrmap e13: smithi062.btbmir(active, since 6s)
2024-04-01T00:03:22.902 INFO:journalctl@ceph.mon.smithi062.smithi062.stdout:Apr 01 00:03:22 smithi062 ceph-mon[29259]: from='client.? 172.21.15.62:0/2359921728' entity='client.admin'
2024-04-01T00:03:23.185 INFO:teuthology.orchestra.run.smithi062.stdout:/usr/bin/ceph: stderr
2024-04-01T00:03:22.324+0000 7ffbe1a22700 1 Processor -- start
2024-04-01T00:03:23.185 INFO:teuthology.orchestra.run.smithi062.stdout:/usr/bin/ceph: stderr
2024-04-01T00:03:22.324+0000 7ffbe1a22700 1 -- start start
2024-04-01T00:03:23.185 INFO:teuthology.orchestra.run.smithi062.stdout:/usr/bin/ceph: stderr
2024-04-01T00:03:22.324+0000 7ffbe1a22700 1 --2- >> [v2:172.21.15.62:3300/0,v1:172.21.15.62:6789/0] conn(0x7ffbdc0712e0 0x7ffbdc1054c0 unknown :-1 s=NONE pgs=0 cs=0 l=0 rev1=0 crypto rx=0 tx=0 comp rx=0 tx=0).connect
2024-04-01T00:03:23.185 INFO:teuthology.orchestra.run.smithi062.stdout:/usr/bin/ceph: stderr
2024-04-01T00:03:22.324+0000 7ffbe1a22700 1 -- --> [v2:172.21.15.62:3300/0,v1:172.21.15.62:6789/0] -- mon_getmap magic: 0 v1 -- 0x7ffbdc105a00 con 0x7ffbdc0712e0
2024-04-01T00:03:23.185 INFO:teuthology.orchestra.run.smithi062.stdout:/usr/bin/ceph: stderr
2024-04-01T00:03:22.324+0000 7ffbdaffd700 1 --2- >> [v2:172.21.15.62:3300/0,v1:172.21.15.62:6789/0] conn(0x7ffbdc0712e0 0x7ffbdc1054c0 unknown :-1 s=BANNER_CONNECTING pgs=0 cs=0 l=0 rev1=0 crypto rx=0 tx=0 comp rx=0 tx=0)._handle_peer_banner_payload supported=3 required=0
2024-04-01T00:03:23.185 INFO:teuthology.orchestra.run.smithi062.stdout:/usr/bin/ceph: stderr
2024-04-01T00:03:22.324+0000 7ffbdaffd700 1 --2- >> [v2:172.21.15.62:3300/0,v1:172.21.15.62:6789/0] conn(0x7ffbdc0712e0 0x7ffbdc1054c0 unknown :-1 s=HELLO_CONNECTING pgs=0 cs=0 l=0 rev1=1 crypto rx=0 tx=0 comp rx=0 tx=0).handle_hello peer v2:172.21.15.62:3300/0 says I am v2:172.21.15.62:52040/0 (socket says 172.21.15.62:52040)
2024-04-01T00:03:23.185 INFO:teuthology.orchestra.run.smithi062.stdout:/usr/bin/ceph: stderr
2024-04-01T00:03:22.324+0000 7ffbdaffd700 1 -- 172.21.15.62:0/1887717251 learned_addr learned my addr 172.21.15.62:0/1887717251 (peer_addr_for_me v2:172.21.15.62:0/0)
2024-04-01T00:03:23.185 INFO:teuthology.orchestra.run.smithi062.stdout:/usr/bin/ceph: stderr
2024-04-01T00:03:22.325+0000 7ffbdaffd700 1 -- 172.21.15.62:0/1887717251 --> [v2:172.21.15.62:3300/0,v1:172.21.15.62:6789/0] -- mon_subscribe({config=0+,monmap=0+}) v3 -- 0x7ffbdc105b40 con 0x7ffbdc0712e0
2024-04-01T00:03:23.185 INFO:teuthology.orchestra.run.smithi062.stdout:/usr/bin/ceph: stderr
2024-04-01T00:03:22.325+0000 7ffbdaffd700 1 --2- 172.21.15.62:0/1887717251 >> [v2:172.21.15.62:3300/0,v1:172.21.15.62:6789/0] conn(0x7ffbdc0712e0 0x7ffbdc1054c0 secure :-1 s=READY pgs=88 cs=0 l=1 rev1=1 crypto rx=0x7ffbcc0098e0 tx=0x7ffbcc009250 comp rx=0 tx=0).ready entity=mon.0 client_cookie=ce7fd9561d2f392a server_cookie=0 in_seq=0 out_seq=0
2024-04-01T00:03:23.185 INFO:teuthology.orchestra.run.smithi062.stdout:/usr/bin/ceph: stderr
2024-04-01T00:03:22.325+0000 7ffbda7fc700 1 -- 172.21.15.62:0/1887717251 <== mon.0 v2:172.21.15.62:3300/0 1 ==== mon_map magic: 0 v1 ==== 229+0+0 (secure 0 0 0) 0x7ffbcc00b860 con 0x7ffbdc0712e0
2024-04-01T00:03:23.185 INFO:teuthology.orchestra.run.smithi062.stdout:/usr/bin/ceph: stderr
2024-04-01T00:03:22.325+0000 7ffbda7fc700 1 -- 172.21.15.62:0/1887717251 <== mon.0 v2:172.21.15.62:3300/0 2 ==== config(27 keys) v1 ==== 1109+0+0 (secure 0 0 0) 0x7ffbcc00be90 con 0x7ffbdc0712e0
2024-04-01T00:03:23.185 INFO:teuthology.orchestra.run.smithi062.stdout:/usr/bin/ceph: stderr
2024-04-01T00:03:22.325+0000 7ffbda7fc700 1 -- 172.21.15.62:0/1887717251 <== mon.0 v2:172.21.15.62:3300/0 3 ==== mon_map magic: 0 v1 ==== 229+0+0 (secure 0 0 0) 0x7ffbcc0103c0 con 0x7ffbdc0712e0
2024-04-01T00:03:23.185 INFO:teuthology.orchestra.run.smithi062.stdout:/usr/bin/ceph: stderr
2024-04-01T00:03:22.325+0000 7ffbe1a22700 1 -- 172.21.15.62:0/1887717251 >> [v2:172.21.15.62:3300/0,v1:172.21.15.62:6789/0] conn(0x7ffbdc0712e0 msgr2=0x7ffbdc1054c0 secure :-1 s=STATE_CONNECTION_ESTABLISHED l=1).mark_down
2024-04-01T00:03:23.186 INFO:teuthology.orchestra.run.smithi062.stdout:/usr/bin/ceph: stderr
2024-04-01T00:03:22.325+0000 7ffbe1a22700 1 --2- 172.21.15.62:0/1887717251 >> [v2:172.21.15.62:3300/0,v1:172.21.15.62:6789/0] conn(0x7ffbdc0712e0 0x7ffbdc1054c0 secure :-1 s=READY pgs=88 cs=0 l=1 rev1=1 crypto rx=0x7ffbcc0098e0 tx=0x7ffbcc009250 comp rx=0 tx=0).stop
2024-04-01T00:03:23.186 INFO:teuthology.orchestra.run.smithi062.stdout:/usr/bin/ceph: stderr
2024-04-01T00:03:22.326+0000 7ffbe1a22700 1 -- 172.21.15.62:0/1887717251 shutdown_connections
2024-04-01T00:03:23.186 INFO:teuthology.orchestra.run.smithi062.stdout:/usr/bin/ceph: stderr
2024-04-01T00:03:22.326+0000 7ffbe1a22700 1 --2- 172.21.15.62:0/1887717251 >> [v2:172.21.15.62:3300/0,v1:172.21.15.62:6789/0] conn(0x7ffbdc0712e0 0x7ffbdc1054c0 unknown :-1 s=CLOSED pgs=88 cs=0 l=1 rev1=1 crypto rx=0 tx=0 comp rx=0 tx=0).stop
2024-04-01T00:03:23.186 INFO:teuthology.orchestra.run.smithi062.stdout:/usr/bin/ceph: stderr
2024-04-01T00:03:22.326+0000 7ffbe1a22700 1 -- 172.21.15.62:0/1887717251 >> 172.21.15.62:0/1887717251 conn(0x7ffbdc0fcfb0 msgr2=0x7ffbdc0ff3c0 unknown :-1 s=STATE_NONE l=0).mark_down
2024-04-01T00:03:23.186 INFO:teuthology.orchestra.run.smithi062.stdout:/usr/bin/ceph: stderr
2024-04-01T00:03:22.326+0000 7ffbe1a22700 1 -- 172.21.15.62:0/1887717251 shutdown_connections
2024-04-01T00:03:23.186 INFO:teuthology.orchestra.run.smithi062.stdout:/usr/bin/ceph: stderr
2024-04-01T00:03:22.326+0000 7ffbe1a22700 1 -- 172.21.15.62:0/1887717251 wait complete.
2024-04-01T00:03:23.186 INFO:teuthology.orchestra.run.smithi062.stdout:/usr/bin/ceph: stderr
2024-04-01T00:03:22.326+0000 7ffbe1a22700 1 Processor -- start
2024-04-01T00:03:23.186 INFO:teuthology.orchestra.run.smithi062.stdout:/usr/bin/ceph: stderr
2024-04-01T00:03:22.326+0000 7ffbe1a22700 1 -- start start
2024-04-01T00:03:23.186 INFO:teuthology.orchestra.run.smithi062.stdout:/usr/bin/ceph: stderr
2024-04-01T00:03:22.326+0000 7ffbe1a22700 1 --2- >> [v2:172.21.15.62:3300/0,v1:172.21.15.62:6789/0] conn(0x7ffbdc0712e0 0x7ffbdc111780 unknown :-1 s=NONE pgs=0 cs=0 l=1 rev1=0 crypto rx=0 tx=0 comp rx=0 tx=0).connect
2024-04-01T00:03:23.186 INFO:teuthology.orchestra.run.smithi062.stdout:/usr/bin/ceph: stderr
2024-04-01T00:03:22.326+0000 7ffbe1a22700 1 -- --> [v2:172.21.15.62:3300/0,v1:172.21.15.62:6789/0] -- mon_getmap magic: 0 v1 -- 0x7ffbdc111cc0 con 0x7ffbdc0712e0
2024-04-01T00:03:23.186 INFO:teuthology.orchestra.run.smithi062.stdout:/usr/bin/ceph: stderr
2024-04-01T00:03:22.326+0000 7ffbdaffd700 1 --2- >> [v2:172.21.15.62:3300/0,v1:172.21.15.62:6789/0] conn(0x7ffbdc0712e0 0x7ffbdc111780 unknown :-1 s=BANNER_CONNECTING pgs=0 cs=0 l=1 rev1=0 crypto rx=0 tx=0 comp rx=0 tx=0)._handle_peer_banner_payload supported=3 required=0
2024-04-01T00:03:23.186 INFO:teuthology.orchestra.run.smithi062.stdout:/usr/bin/ceph: stderr
2024-04-01T00:03:22.326+0000 7ffbdaffd700 1 --2- >> [v2:172.21.15.62:3300/0,v1:172.21.15.62:6789/0] conn(0x7ffbdc0712e0 0x7ffbdc111780 unknown :-1 s=HELLO_CONNECTING pgs=0 cs=0 l=1 rev1=1 crypto rx=0 tx=0 comp rx=0 tx=0).handle_hello peer v2:172.21.15.62:3300/0 says I am v2:172.21.15.62:52056/0 (socket says 172.21.15.62:52056)
2024-04-01T00:03:23.186 INFO:teuthology.orchestra.run.smithi062.stdout:/usr/bin/ceph: stderr
2024-04-01T00:03:22.326+0000 7ffbdaffd700 1 -- 172.21.15.62:0/2359921728 learned_addr learned my addr 172.21.15.62:0/2359921728 (peer_addr_for_me v2:172.21.15.62:0/0)
2024-04-01T00:03:23.186 INFO:teuthology.orchestra.run.smithi062.stdout:/usr/bin/ceph: stderr
2024-04-01T00:03:22.327+0000 7ffbdaffd700 1 -- 172.21.15.62:0/2359921728 --> [v2:172.21.15.62:3300/0,v1:172.21.15.62:6789/0] -- mon_subscribe({config=0+,monmap=0+}) v3 -- 0x7ffbcc0094f0 con 0x7ffbdc0712e0
2024-04-01T00:03:23.187 INFO:teuthology.orchestra.run.smithi062.stdout:/usr/bin/ceph: stderr
2024-04-01T00:03:22.327+0000 7ffbdaffd700 1 --2- 172.21.15.62:0/2359921728 >> [v2:172.21.15.62:3300/0,v1:172.21.15.62:6789/0] conn(0x7ffbdc0712e0 0x7ffbdc111780 secure :-1 s=READY pgs=89 cs=0 l=1 rev1=1 crypto rx=0x7ffbcc0105b0 tx=0x7ffbcc009250 comp rx=0 tx=0).ready entity=mon.0 client_cookie=0 server_cookie=0 in_seq=0 out_seq=0
2024-04-01T00:03:23.187 INFO:teuthology.orchestra.run.smithi062.stdout:/usr/bin/ceph: stderr
2024-04-01T00:03:22.327+0000 7ffbd37fe700 1 -- 172.21.15.62:0/2359921728 <== mon.0 v2:172.21.15.62:3300/0 1 ==== mon_map magic: 0 v1 ==== 229+0+0 (secure 0 0 0) 0x7ffbcc010840 con 0x7ffbdc0712e0
2024-04-01T00:03:23.187 INFO:teuthology.orchestra.run.smithi062.stdout:/usr/bin/ceph: stderr
2024-04-01T00:03:22.327+0000 7ffbe1a22700 1 -- 172.21.15.62:0/2359921728 --> [v2:172.21.15.62:3300/0,v1:172.21.15.62:6789/0] -- mon_subscribe({mgrmap=0+}) v3 -- 0x7ffbdc111ec0 con 0x7ffbdc0712e0
2024-04-01T00:03:23.187 INFO:teuthology.orchestra.run.smithi062.stdout:/usr/bin/ceph: stderr
2024-04-01T00:03:22.327+0000 7ffbd37fe700 1 -- 172.21.15.62:0/2359921728 <== mon.0 v2:172.21.15.62:3300/0 2 ==== config(27 keys) v1 ==== 1109+0+0 (secure 0 0 0) 0x7ffbcc010e70 con 0x7ffbdc0712e0
2024-04-01T00:03:23.187 INFO:teuthology.orchestra.run.smithi062.stdout:/usr/bin/ceph: stderr
2024-04-01T00:03:22.327+0000 7ffbd37fe700 1 -- 172.21.15.62:0/2359921728 <== mon.0 v2:172.21.15.62:3300/0 3 ==== mon_map magic: 0 v1 ==== 229+0+0 (secure 0 0 0) 0x7ffbcc01ae30 con 0x7ffbdc0712e0
2024-04-01T00:03:23.187 INFO:teuthology.orchestra.run.smithi062.stdout:/usr/bin/ceph: stderr
2024-04-01T00:03:22.327+0000 7ffbe1a22700 1 -- 172.21.15.62:0/2359921728 --> [v2:172.21.15.62:3300/0,v1:172.21.15.62:6789/0] -- mon_subscribe({osdmap=0}) v3 -- 0x7ffbdc112a30 con 0x7ffbdc0712e0
2024-04-01T00:03:23.187 INFO:teuthology.orchestra.run.smithi062.stdout:/usr/bin/ceph: stderr
2024-04-01T00:03:22.328+0000 7ffbd37fe700 1 -- 172.21.15.62:0/2359921728 <== mon.0 v2:172.21.15.62:3300/0 4 ==== mgrmap(e 13) v1 ==== 43424+0+0 (secure 0 0 0) 0x7ffbcc02d3f0 con 0x7ffbdc0712e0
2024-04-01T00:03:23.187 INFO:teuthology.orchestra.run.smithi062.stdout:/usr/bin/ceph: stderr
2024-04-01T00:03:22.328+0000 7ffbe1a22700 1 -- 172.21.15.62:0/2359921728 --> [v2:172.21.15.62:3300/0,v1:172.21.15.62:6789/0] -- mon_command({"prefix": "get_command_descriptions"} v 0) v1 -- 0x7ffbdc05f5f0 con 0x7ffbdc0712e0
2024-04-01T00:03:23.187 INFO:teuthology.orchestra.run.smithi062.stdout:/usr/bin/ceph: stderr
2024-04-01T00:03:22.328+0000 7ffbd37fe700 1 --2- 172.21.15.62:0/2359921728 >> [v2:172.21.15.62:6800/2581181143,v1:172.21.15.62:6801/2581181143] conn(0x7ffbc8036880 0x7ffbc8038d30 unknown :-1 s=NONE pgs=0 cs=0 l=1 rev1=0 crypto rx=0 tx=0 comp rx=0 tx=0).connect
2024-04-01T00:03:23.187 INFO:teuthology.orchestra.run.smithi062.stdout:/usr/bin/ceph: stderr
2024-04-01T00:03:22.328+0000 7ffbd37fe700 1 -- 172.21.15.62:0/2359921728 <== mon.0 v2:172.21.15.62:3300/0 5 ==== osd_map(3..3 src has 1..3) v4 ==== 1151+0+0 (secure 0 0 0) 0x7ffbcc04a330 con 0x7ffbdc0712e0
2024-04-01T00:03:23.187 INFO:teuthology.orchestra.run.smithi062.stdout:/usr/bin/ceph: stderr
2024-04-01T00:03:22.328+0000 7ffbd3fff700 1 --2- 172.21.15.62:0/2359921728 >> [v2:172.21.15.62:6800/2581181143,v1:172.21.15.62:6801/2581181143] conn(0x7ffbc8036880 0x7ffbc8038d30 unknown :-1 s=BANNER_CONNECTING pgs=0 cs=0 l=1 rev1=0 crypto rx=0 tx=0 comp rx=0 tx=0)._handle_peer_banner_payload supported=3 required=0
2024-04-01T00:03:23.188 INFO:teuthology.orchestra.run.smithi062.stdout:/usr/bin/ceph: stderr
2024-04-01T00:03:22.329+0000 7ffbd3fff700 1 --2- 172.21.15.62:0/2359921728 >> [v2:172.21.15.62:6800/2581181143,v1:172.21.15.62:6801/2581181143] conn(0x7ffbc8036880 0x7ffbc8038d30 secure :-1 s=READY pgs=11 cs=0 l=1 rev1=1 crypto rx=0x7ffbc4009990 tx=0x7ffbc4006e40 comp rx=0 tx=0).ready entity=mgr.14162 client_cookie=0 server_cookie=0 in_seq=0 out_seq=0
2024-04-01T00:03:23.188 INFO:teuthology.orchestra.run.smithi062.stdout:/usr/bin/ceph: stderr
2024-04-01T00:03:22.333+0000 7ffbd37fe700 1 -- 172.21.15.62:0/2359921728 <== mon.0 v2:172.21.15.62:3300/0 6 ==== mon_command_ack([{"prefix": "get_command_descriptions"}]=0 v0) v1 ==== 72+0+176504 (secure 0 0 0) 0x7ffbcc02b4d0 con 0x7ffbdc0712e0
2024-04-01T00:03:23.188 INFO:teuthology.orchestra.run.smithi062.stdout:/usr/bin/ceph: stderr
2024-04-01T00:03:22.641+0000 7ffbe1a22700 1 -- 172.21.15.62:0/2359921728 --> [v2:172.21.15.62:3300/0,v1:172.21.15.62:6789/0] -- mon_command([{prefix=config-key set, key=mgr/dashboard/cluster/status}] v 0) v1 -- 0x7ffbdc04bed0 con 0x7ffbdc0712e0
2024-04-01T00:03:23.188 INFO:teuthology.orchestra.run.smithi062.stdout:/usr/bin/ceph: stderr
2024-04-01T00:03:22.644+0000 7ffbd37fe700 1 -- 172.21.15.62:0/2359921728 <== mon.0 v2:172.21.15.62:3300/0 7 ==== mon_command_ack([{prefix=config-key set, key=mgr/dashboard/cluster/status}]=0 set mgr/dashboard/cluster/status v33)=0 set mgr/dashboard/cluster/status v33) v1 ==== 153+0+0 (secure 0 0 0) 0x7ffbcc02b2f0 con 0x7ffbdc0712e0
2024-04-01T00:03:23.188 INFO:teuthology.orchestra.run.smithi062.stdout:/usr/bin/ceph: stderr
2024-04-01T00:03:22.645+0000 7ffbe1a22700 1 -- 172.21.15.62:0/2359921728 >> [v2:172.21.15.62:6800/2581181143,v1:172.21.15.62:6801/2581181143] conn(0x7ffbc8036880 msgr2=0x7ffbc8038d30 secure :-1 s=STATE_CONNECTION_ESTABLISHED l=1).mark_down
2024-04-01T00:03:23.188 INFO:teuthology.orchestra.run.smithi062.stdout:/usr/bin/ceph: stderr
2024-04-01T00:03:22.645+0000 7ffbe1a22700 1 --2- 172.21.15.62:0/2359921728 >> [v2:172.21.15.62:6800/2581181143,v1:172.21.15.62:6801/2581181143] conn(0x7ffbc8036880 0x7ffbc8038d30 secure :-1 s=READY pgs=11 cs=0 l=1 rev1=1 crypto rx=0x7ffbc4009990 tx=0x7ffbc4006e40 comp rx=0 tx=0).stop
2024-04-01T00:03:23.188 INFO:teuthology.orchestra.run.smithi062.stdout:/usr/bin/ceph: stderr
2024-04-01T00:03:22.645+0000 7ffbe1a22700 1 -- 172.21.15.62:0/2359921728 >> [v2:172.21.15.62:3300/0,v1:172.21.15.62:6789/0] conn(0x7ffbdc0712e0 msgr2=0x7ffbdc111780 secure :-1 s=STATE_CONNECTION_ESTABLISHED l=1).mark_down
2024-04-01T00:03:23.188 INFO:teuthology.orchestra.run.smithi062.stdout:/usr/bin/ceph: stderr
2024-04-01T00:03:22.645+0000 7ffbe1a22700 1 --2- 172.21.15.62:0/2359921728 >> [v2:172.21.15.62:3300/0,v1:172.21.15.62:6789/0] conn(0x7ffbdc0712e0 0x7ffbdc111780 secure :-1 s=READY pgs=89 cs=0 l=1 rev1=1 crypto rx=0x7ffbcc0105b0 tx=0x7ffbcc009250 comp rx=0 tx=0).stop
2024-04-01T00:03:23.188 INFO:teuthology.orchestra.run.smithi062.stdout:/usr/bin/ceph: stderr
2024-04-01T00:03:22.645+0000 7ffbe1a22700 1 -- 172.21.15.62:0/2359921728 shutdown_connections
2024-04-01T00:03:23.188 INFO:teuthology.orchestra.run.smithi062.stdout:/usr/bin/ceph: stderr
2024-04-01T00:03:22.645+0000 7ffbe1a22700 1 --2- 172.21.15.62:0/2359921728 >> [v2:172.21.15.62:6800/2581181143,v1:172.21.15.62:6801/2581181143] conn(0x7ffbc8036880 0x7ffbc8038d30 unknown :-1 s=CLOSED pgs=11 cs=0 l=1 rev1=1 crypto rx=0 tx=0 comp rx=0 tx=0).stop
2024-04-01T00:03:23.188 INFO:teuthology.orchestra.run.smithi062.stdout:/usr/bin/ceph: stderr
2024-04-01T00:03:22.645+0000 7ffbe1a22700 1 --2- 172.21.15.62:0/2359921728 >> [v2:172.21.15.62:3300/0,v1:172.21.15.62:6789/0] conn(0x7ffbdc0712e0 0x7ffbdc111780 unknown :-1 s=CLOSED pgs=89 cs=0 l=1 rev1=1 crypto rx=0 tx=0 comp rx=0 tx=0).stop
2024-04-01T00:03:23.188 INFO:teuthology.orchestra.run.smithi062.stdout:/usr/bin/ceph: stderr
2024-04-01T00:03:22.645+0000 7ffbe1a22700 1 -- 172.21.15.62:0/2359921728 >> 172.21.15.62:0/2359921728 conn(0x7ffbdc0fcfb0 msgr2=0x7ffbdc0fdba0 unknown :-1 s=STATE_NONE l=0).mark_down
2024-04-01T00:03:23.188 INFO:teuthology.orchestra.run.smithi062.stdout:/usr/bin/ceph: stderr
2024-04-01T00:03:22.645+0000 7ffbe1a22700 1 -- 172.21.15.62:0/2359921728 shutdown_connections
2024-04-01T00:03:23.188 INFO:teuthology.orchestra.run.smithi062.stdout:/usr/bin/ceph: stderr
2024-04-01T00:03:22.645+0000 7ffbe1a22700 1 -- 172.21.15.62:0/2359921728 wait complete.
2024-04-01T00:03:23.189 INFO:teuthology.orchestra.run.smithi062.stdout:/usr/bin/ceph: stderr set mgr/dashboard/cluster/status
2024-04-01T00:03:23.189 INFO:teuthology.orchestra.run.smithi062.stdout:You can access the Ceph CLI as following in case of multi-cluster or non-default config:
2024-04-01T00:03:23.189 INFO:teuthology.orchestra.run.smithi062.stdout:
2024-04-01T00:03:23.189 INFO:teuthology.orchestra.run.smithi062.stdout: sudo /home/ubuntu/cephtest/cephadm shell --fsid fcf9bb1c-efba-11ee-b647-cb9ed24678a4 -c /etc/ceph/ceph.conf -k /etc/ceph/ceph.client.admin.keyring
2024-04-01T00:03:23.189 INFO:teuthology.orchestra.run.smithi062.stdout:
2024-04-01T00:03:23.189 INFO:teuthology.orchestra.run.smithi062.stdout:Or, if you are only running a single cluster on this host:
2024-04-01T00:03:23.189 INFO:teuthology.orchestra.run.smithi062.stdout:
2024-04-01T00:03:23.189 INFO:teuthology.orchestra.run.smithi062.stdout: sudo /home/ubuntu/cephtest/cephadm shell
2024-04-01T00:03:23.189 INFO:teuthology.orchestra.run.smithi062.stdout:
2024-04-01T00:03:23.189 INFO:teuthology.orchestra.run.smithi062.stdout:Please consider enabling telemetry to help improve Ceph:
2024-04-01T00:03:23.189 INFO:teuthology.orchestra.run.smithi062.stdout:
2024-04-01T00:03:23.189 INFO:teuthology.orchestra.run.smithi062.stdout: ceph telemetry on
2024-04-01T00:03:23.189 INFO:teuthology.orchestra.run.smithi062.stdout:
2024-04-01T00:03:23.189 INFO:teuthology.orchestra.run.smithi062.stdout:For more information see:
2024-04-01T00:03:23.189 INFO:teuthology.orchestra.run.smithi062.stdout:
2024-04-01T00:03:23.189 INFO:teuthology.orchestra.run.smithi062.stdout: https://docs.ceph.com/docs/master/mgr/telemetry/
2024-04-01T00:03:23.190 INFO:teuthology.orchestra.run.smithi062.stdout:
2024-04-01T00:03:23.190 INFO:teuthology.orchestra.run.smithi062.stdout:Bootstrap complete.
2024-04-01T00:03:23.221 INFO:tasks.cephadm:Fetching config...
2024-04-01T00:03:23.221 DEBUG:teuthology.orchestra.run.smithi062:> set -ex
2024-04-01T00:03:23.221 DEBUG:teuthology.orchestra.run.smithi062:> dd if=/etc/ceph/ceph.conf of=/dev/stdout
2024-04-01T00:03:23.277 INFO:tasks.cephadm:Fetching client.admin keyring...
2024-04-01T00:03:23.277 DEBUG:teuthology.orchestra.run.smithi062:> set -ex
2024-04-01T00:03:23.277 DEBUG:teuthology.orchestra.run.smithi062:> dd if=/etc/ceph/ceph.client.admin.keyring of=/dev/stdout
2024-04-01T00:03:23.332 INFO:tasks.cephadm:Fetching mon keyring...
2024-04-01T00:03:23.332 DEBUG:teuthology.orchestra.run.smithi062:> set -ex
2024-04-01T00:03:23.332 DEBUG:teuthology.orchestra.run.smithi062:> sudo dd if=/var/lib/ceph/fcf9bb1c-efba-11ee-b647-cb9ed24678a4/mon.smithi062/keyring of=/dev/stdout
2024-04-01T00:03:23.399 INFO:tasks.cephadm:Fetching pub ssh key...
2024-04-01T00:03:23.399 DEBUG:teuthology.orchestra.run.smithi062:> set -ex
2024-04-01T00:03:23.400 DEBUG:teuthology.orchestra.run.smithi062:> dd if=/home/ubuntu/cephtest/ceph.pub of=/dev/stdout
2024-04-01T00:03:23.453 INFO:tasks.cephadm:Installing pub ssh key for root users...
2024-04-01T00:03:23.454 DEBUG:teuthology.orchestra.run.smithi062:> sudo install -d -m 0700 /root/.ssh && echo 'ssh-rsa AAAAB3NzaC1yc2EAAAADAQABAAABgQD3nG6SBUPCfAEoneeahFxyKbcB3NkldGvugrWLnm+goVYLsPJQljhqnPgSr5HXZCi9AXB79+3sledp8w0DSf0YSYWTZ0sA+jkbrpkK42M6dryzAqBk7dR7vcQvFewV6lZiaykc+9w3GXJs1sPpvz1o25Rf76lF7WmhkNPLku+5uULtoS1t1LbgDpqZXBycYn26NV390OBDSRG3L/Uy7COWDMvUJMV2gqpM+hPxXJDkx9XUd7Fy9xIEqUklo0fODUdnThOLFuqZe4MPW4BziDaHzGSj/o2mpYH2E3vkKF1XN12MGM5JkVEIiF7YFX/BIYVAe5RAZ0fE7zOh8YIr8Us0c5XfSIVcsEJbC71dTAx8qeajor5B17C0yqmdysWA5dz/bWEUsQLSbgPdnI+VeDl8ckCi5V2cN/mJKxugG02/JQgI9EVQoX2Zh9msCWqqbasT4EIERIOOwj9aKnL2kwG/BJWhhk+IySSiyiD/nGWYe7njGvOuToo4vaAsxTCbNoc= ceph-fcf9bb1c-efba-11ee-b647-cb9ed24678a4' | sudo tee -a /root/.ssh/authorized_keys && sudo chmod 0600 /root/.ssh/authorized_keys
2024-04-01T00:03:23.535 INFO:teuthology.orchestra.run.smithi062.stdout:ssh-rsa AAAAB3NzaC1yc2EAAAADAQABAAABgQD3nG6SBUPCfAEoneeahFxyKbcB3NkldGvugrWLnm+goVYLsPJQljhqnPgSr5HXZCi9AXB79+3sledp8w0DSf0YSYWTZ0sA+jkbrpkK42M6dryzAqBk7dR7vcQvFewV6lZiaykc+9w3GXJs1sPpvz1o25Rf76lF7WmhkNPLku+5uULtoS1t1LbgDpqZXBycYn26NV390OBDSRG3L/Uy7COWDMvUJMV2gqpM+hPxXJDkx9XUd7Fy9xIEqUklo0fODUdnThOLFuqZe4MPW4BziDaHzGSj/o2mpYH2E3vkKF1XN12MGM5JkVEIiF7YFX/BIYVAe5RAZ0fE7zOh8YIr8Us0c5XfSIVcsEJbC71dTAx8qeajor5B17C0yqmdysWA5dz/bWEUsQLSbgPdnI+VeDl8ckCi5V2cN/mJKxugG02/JQgI9EVQoX2Zh9msCWqqbasT4EIERIOOwj9aKnL2kwG/BJWhhk+IySSiyiD/nGWYe7njGvOuToo4vaAsxTCbNoc= ceph-fcf9bb1c-efba-11ee-b647-cb9ed24678a4
2024-04-01T00:03:23.549 DEBUG:teuthology.orchestra.run.smithi163:> sudo install -d -m 0700 /root/.ssh && echo 'ssh-rsa AAAAB3NzaC1yc2EAAAADAQABAAABgQD3nG6SBUPCfAEoneeahFxyKbcB3NkldGvugrWLnm+goVYLsPJQljhqnPgSr5HXZCi9AXB79+3sledp8w0DSf0YSYWTZ0sA+jkbrpkK42M6dryzAqBk7dR7vcQvFewV6lZiaykc+9w3GXJs1sPpvz1o25Rf76lF7WmhkNPLku+5uULtoS1t1LbgDpqZXBycYn26NV390OBDSRG3L/Uy7COWDMvUJMV2gqpM+hPxXJDkx9XUd7Fy9xIEqUklo0fODUdnThOLFuqZe4MPW4BziDaHzGSj/o2mpYH2E3vkKF1XN12MGM5JkVEIiF7YFX/BIYVAe5RAZ0fE7zOh8YIr8Us0c5XfSIVcsEJbC71dTAx8qeajor5B17C0yqmdysWA5dz/bWEUsQLSbgPdnI+VeDl8ckCi5V2cN/mJKxugG02/JQgI9EVQoX2Zh9msCWqqbasT4EIERIOOwj9aKnL2kwG/BJWhhk+IySSiyiD/nGWYe7njGvOuToo4vaAsxTCbNoc= ceph-fcf9bb1c-efba-11ee-b647-cb9ed24678a4' | sudo tee -a /root/.ssh/authorized_keys && sudo chmod 0600 /root/.ssh/authorized_keys
2024-04-01T00:03:23.594 INFO:teuthology.orchestra.run.smithi163.stdout:ssh-rsa AAAAB3NzaC1yc2EAAAADAQABAAABgQD3nG6SBUPCfAEoneeahFxyKbcB3NkldGvugrWLnm+goVYLsPJQljhqnPgSr5HXZCi9AXB79+3sledp8w0DSf0YSYWTZ0sA+jkbrpkK42M6dryzAqBk7dR7vcQvFewV6lZiaykc+9w3GXJs1sPpvz1o25Rf76lF7WmhkNPLku+5uULtoS1t1LbgDpqZXBycYn26NV390OBDSRG3L/Uy7COWDMvUJMV2gqpM+hPxXJDkx9XUd7Fy9xIEqUklo0fODUdnThOLFuqZe4MPW4BziDaHzGSj/o2mpYH2E3vkKF1XN12MGM5JkVEIiF7YFX/BIYVAe5RAZ0fE7zOh8YIr8Us0c5XfSIVcsEJbC71dTAx8qeajor5B17C0yqmdysWA5dz/bWEUsQLSbgPdnI+VeDl8ckCi5V2cN/mJKxugG02/JQgI9EVQoX2Zh9msCWqqbasT4EIERIOOwj9aKnL2kwG/BJWhhk+IySSiyiD/nGWYe7njGvOuToo4vaAsxTCbNoc= ceph-fcf9bb1c-efba-11ee-b647-cb9ed24678a4
2024-04-01T00:03:23.609 DEBUG:teuthology.orchestra.run.smithi062:> sudo /home/ubuntu/cephtest/cephadm --image quay.ceph.io/ceph-ci/ceph:quincy shell -c /etc/ceph/ceph.conf -k /etc/ceph/ceph.client.admin.keyring --fsid fcf9bb1c-efba-11ee-b647-cb9ed24678a4 -- ceph config set mgr mgr/cephadm/allow_ptrace true
2024-04-01T00:03:23.863 INFO:teuthology.orchestra.run.smithi062.stderr:Inferring config /var/lib/ceph/fcf9bb1c-efba-11ee-b647-cb9ed24678a4/mon.smithi062/config
2024-04-01T00:03:26.366 INFO:teuthology.orchestra.run.smithi062.stderr:2024-04-01T00:03:26.364+0000 7f7369836700 1 -- 172.21.15.62:0/1978592452 >> [v2:172.21.15.62:3300/0,v1:172.21.15.62:6789/0] conn(0x7f73640fe0b0 msgr2=0x7f73640fe4c0 secure :-1 s=STATE_CONNECTION_ESTABLISHED l=1).mark_down
2024-04-01T00:03:26.367 INFO:teuthology.orchestra.run.smithi062.stderr:2024-04-01T00:03:26.364+0000 7f7369836700 1 --2- 172.21.15.62:0/1978592452 >> [v2:172.21.15.62:3300/0,v1:172.21.15.62:6789/0] conn(0x7f73640fe0b0 0x7f73640fe4c0 secure :-1 s=READY pgs=90 cs=0 l=1 rev1=1 crypto rx=0x7f73540048c0 tx=0x7f7354009e30 comp rx=0 tx=0).stop
2024-04-01T00:03:26.367 INFO:teuthology.orchestra.run.smithi062.stderr:2024-04-01T00:03:26.364+0000 7f7369836700 1 -- 172.21.15.62:0/1978592452 shutdown_connections
2024-04-01T00:03:26.367 INFO:teuthology.orchestra.run.smithi062.stderr:2024-04-01T00:03:26.364+0000 7f7369836700 1 --2- 172.21.15.62:0/1978592452 >> [v2:172.21.15.62:3300/0,v1:172.21.15.62:6789/0] conn(0x7f73640fe0b0 0x7f73640fe4c0 unknown :-1 s=CLOSED pgs=90 cs=0 l=1 rev1=1 crypto rx=0 tx=0 comp rx=0 tx=0).stop
2024-04-01T00:03:26.367 INFO:teuthology.orchestra.run.smithi062.stderr:2024-04-01T00:03:26.364+0000 7f7369836700 1 -- 172.21.15.62:0/1978592452 >> 172.21.15.62:0/1978592452 conn(0x7f73640f6850 msgr2=0x7f73640f8c80 unknown :-1 s=STATE_NONE l=0).mark_down
2024-04-01T00:03:26.367 INFO:teuthology.orchestra.run.smithi062.stderr:2024-04-01T00:03:26.364+0000 7f7369836700 1 -- 172.21.15.62:0/1978592452 shutdown_connections
2024-04-01T00:03:26.367 INFO:teuthology.orchestra.run.smithi062.stderr:2024-04-01T00:03:26.365+0000 7f7369836700 1 -- 172.21.15.62:0/1978592452 wait complete.
2024-04-01T00:03:26.367 INFO:teuthology.orchestra.run.smithi062.stderr:2024-04-01T00:03:26.365+0000 7f7369836700 1 Processor -- start
2024-04-01T00:03:26.367 INFO:teuthology.orchestra.run.smithi062.stderr:2024-04-01T00:03:26.365+0000 7f7369836700 1 -- start start
2024-04-01T00:03:26.367 INFO:teuthology.orchestra.run.smithi062.stderr:2024-04-01T00:03:26.366+0000 7f7369836700 1 --2- >> [v2:172.21.15.62:3300/0,v1:172.21.15.62:6789/0] conn(0x7f73640fe0b0 0x7f736410d0c0 unknown :-1 s=NONE pgs=0 cs=0 l=1 rev1=0 crypto rx=0 tx=0 comp rx=0 tx=0).connect
2024-04-01T00:03:26.367 INFO:teuthology.orchestra.run.smithi062.stderr:2024-04-01T00:03:26.366+0000 7f7369836700 1 -- --> [v2:172.21.15.62:3300/0,v1:172.21.15.62:6789/0] -- mon_getmap magic: 0 v1 -- 0x7f736410d600 con 0x7f73640fe0b0
2024-04-01T00:03:26.367 INFO:teuthology.orchestra.run.smithi062.stderr:2024-04-01T00:03:26.366+0000 7f7362ffd700 1 --2- >> [v2:172.21.15.62:3300/0,v1:172.21.15.62:6789/0] conn(0x7f73640fe0b0 0x7f736410d0c0 unknown :-1 s=BANNER_CONNECTING pgs=0 cs=0 l=1 rev1=0 crypto rx=0 tx=0 comp rx=0 tx=0)._handle_peer_banner_payload supported=3 required=0
2024-04-01T00:03:26.367 INFO:teuthology.orchestra.run.smithi062.stderr:2024-04-01T00:03:26.366+0000 7f7362ffd700 1 --2- >> [v2:172.21.15.62:3300/0,v1:172.21.15.62:6789/0] conn(0x7f73640fe0b0 0x7f736410d0c0 unknown :-1 s=HELLO_CONNECTING pgs=0 cs=0 l=1 rev1=1 crypto rx=0 tx=0 comp rx=0 tx=0).handle_hello peer v2:172.21.15.62:3300/0 says I am v2:172.21.15.62:52078/0 (socket says 172.21.15.62:52078)
2024-04-01T00:03:26.368 INFO:teuthology.orchestra.run.smithi062.stderr:2024-04-01T00:03:26.366+0000 7f7362ffd700 1 -- 172.21.15.62:0/1905332042 learned_addr learned my addr 172.21.15.62:0/1905332042 (peer_addr_for_me v2:172.21.15.62:0/0)
2024-04-01T00:03:26.368 INFO:teuthology.orchestra.run.smithi062.stderr:2024-04-01T00:03:26.366+0000 7f7362ffd700 1 -- 172.21.15.62:0/1905332042 --> [v2:172.21.15.62:3300/0,v1:172.21.15.62:6789/0] -- mon_subscribe({config=0+,monmap=0+}) v3 -- 0x7f7354005040 con 0x7f73640fe0b0
2024-04-01T00:03:26.368 INFO:teuthology.orchestra.run.smithi062.stderr:2024-04-01T00:03:26.366+0000 7f7362ffd700 1 --2- 172.21.15.62:0/1905332042 >> [v2:172.21.15.62:3300/0,v1:172.21.15.62:6789/0] conn(0x7f73640fe0b0 0x7f736410d0c0 secure :-1 s=READY pgs=91 cs=0 l=1 rev1=1 crypto rx=0x7f73540096b0 tx=0x7f7354009e30 comp rx=0 tx=0).ready entity=mon.0 client_cookie=0 server_cookie=0 in_seq=0 out_seq=0
2024-04-01T00:03:26.369 INFO:teuthology.orchestra.run.smithi062.stderr:2024-04-01T00:03:26.366+0000 7f734b7fe700 1 -- 172.21.15.62:0/1905332042 <== mon.0 v2:172.21.15.62:3300/0 1 ==== mon_map magic: 0 v1 ==== 229+0+0 (secure 0 0 0) 0x7f735400bed0 con 0x7f73640fe0b0
2024-04-01T00:03:26.369 INFO:teuthology.orchestra.run.smithi062.stderr:2024-04-01T00:03:26.366+0000 7f7369836700 1 -- 172.21.15.62:0/1905332042 --> [v2:172.21.15.62:3300/0,v1:172.21.15.62:6789/0] -- mon_subscribe({mgrmap=0+}) v3 -- 0x7f736410d800 con 0x7f73640fe0b0
2024-04-01T00:03:26.369 INFO:teuthology.orchestra.run.smithi062.stderr:2024-04-01T00:03:26.366+0000 7f734b7fe700 1 -- 172.21.15.62:0/1905332042 <== mon.0 v2:172.21.15.62:3300/0 2 ==== config(27 keys) v1 ==== 1109+0+0 (secure 0 0 0) 0x7f735400b5c0 con 0x7f73640fe0b0
2024-04-01T00:03:26.369 INFO:teuthology.orchestra.run.smithi062.stderr:2024-04-01T00:03:26.366+0000 7f734b7fe700 1 -- 172.21.15.62:0/1905332042 <== mon.0 v2:172.21.15.62:3300/0 3 ==== mon_map magic: 0 v1 ==== 229+0+0 (secure 0 0 0) 0x7f735401c5b0 con 0x7f73640fe0b0
2024-04-01T00:03:26.369 INFO:teuthology.orchestra.run.smithi062.stderr:2024-04-01T00:03:26.366+0000 7f7369836700 1 -- 172.21.15.62:0/1905332042 --> [v2:172.21.15.62:3300/0,v1:172.21.15.62:6789/0] -- mon_subscribe({osdmap=0}) v3 -- 0x7f736410e370 con 0x7f73640fe0b0
2024-04-01T00:03:26.369 INFO:teuthology.orchestra.run.smithi062.stderr:2024-04-01T00:03:26.367+0000 7f734b7fe700 1 -- 172.21.15.62:0/1905332042 <== mon.0 v2:172.21.15.62:3300/0 4 ==== mgrmap(e 13) v1 ==== 43424+0+0 (secure 0 0 0) 0x7f735401c820 con 0x7f73640fe0b0
2024-04-01T00:03:26.369 INFO:teuthology.orchestra.run.smithi062.stderr:2024-04-01T00:03:26.367+0000 7f7369836700 1 -- 172.21.15.62:0/1905332042 --> [v2:172.21.15.62:3300/0,v1:172.21.15.62:6789/0] -- mon_command({"prefix": "get_command_descriptions"} v 0) v1 -- 0x7f7364102f80 con 0x7f73640fe0b0
2024-04-01T00:03:26.369 INFO:teuthology.orchestra.run.smithi062.stderr:2024-04-01T00:03:26.367+0000 7f734b7fe700 1 --2- 172.21.15.62:0/1905332042 >> [v2:172.21.15.62:6800/2581181143,v1:172.21.15.62:6801/2581181143] conn(0x7f734c036880 0x7f734c038d30 unknown :-1 s=NONE pgs=0 cs=0 l=1 rev1=0 crypto rx=0 tx=0 comp rx=0 tx=0).connect
2024-04-01T00:03:26.369 INFO:teuthology.orchestra.run.smithi062.stderr:2024-04-01T00:03:26.368+0000 7f734b7fe700 1 -- 172.21.15.62:0/1905332042 <== mon.0 v2:172.21.15.62:3300/0 5 ==== osd_map(3..3 src has 1..3) v4 ==== 1151+0+0 (secure 0 0 0) 0x7f7354013a80 con 0x7f73640fe0b0
2024-04-01T00:03:26.370 INFO:teuthology.orchestra.run.smithi062.stderr:2024-04-01T00:03:26.368+0000 7f73627fc700 1 --2- 172.21.15.62:0/1905332042 >> [v2:172.21.15.62:6800/2581181143,v1:172.21.15.62:6801/2581181143] conn(0x7f734c036880 0x7f734c038d30 unknown :-1 s=BANNER_CONNECTING pgs=0 cs=0 l=1 rev1=0 crypto rx=0 tx=0 comp rx=0 tx=0)._handle_peer_banner_payload supported=3 required=0
2024-04-01T00:03:26.370 INFO:teuthology.orchestra.run.smithi062.stderr:2024-04-01T00:03:26.368+0000 7f73627fc700 1 --2- 172.21.15.62:0/1905332042 >> [v2:172.21.15.62:6800/2581181143,v1:172.21.15.62:6801/2581181143] conn(0x7f734c036880 0x7f734c038d30 secure :-1 s=READY pgs=12 cs=0 l=1 rev1=1 crypto rx=0x7f7358009990 tx=0x7f7358006e40 comp rx=0 tx=0).ready entity=mgr.14162 client_cookie=0 server_cookie=0 in_seq=0 out_seq=0
2024-04-01T00:03:26.373 INFO:teuthology.orchestra.run.smithi062.stderr:2024-04-01T00:03:26.372+0000 7f734b7fe700 1 -- 172.21.15.62:0/1905332042 <== mon.0 v2:172.21.15.62:3300/0 6 ==== mon_command_ack([{"prefix": "get_command_descriptions"}]=0 v0) v1 ==== 72+0+176504 (secure 0 0 0) 0x7f7354023300 con 0x7f73640fe0b0
2024-04-01T00:03:26.476 INFO:journalctl@ceph.mon.smithi062.smithi062.stdout:Apr 01 00:03:26 smithi062 ceph-mon[29259]: from='mgr.14162 172.21.15.62:0/2141612763' entity='mgr.smithi062.btbmir'
2024-04-01T00:03:26.476 INFO:journalctl@ceph.mon.smithi062.smithi062.stdout:Apr 01 00:03:26 smithi062 ceph-mon[29259]: from='mgr.14162 172.21.15.62:0/2141612763' entity='mgr.smithi062.btbmir'
2024-04-01T00:03:26.476 INFO:journalctl@ceph.mon.smithi062.smithi062.stdout:Apr 01 00:03:26 smithi062 ceph-mon[29259]: from='mgr.14162 172.21.15.62:0/2141612763' entity='mgr.smithi062.btbmir' cmd=[{"prefix": "config rm", "who": "osd/host:smithi062", "name": "osd_memory_target"}]: dispatch
2024-04-01T00:03:26.476 INFO:journalctl@ceph.mon.smithi062.smithi062.stdout:Apr 01 00:03:26 smithi062 ceph-mon[29259]: from='mgr.14162 172.21.15.62:0/2141612763' entity='mgr.smithi062.btbmir'
2024-04-01T00:03:26.476 INFO:journalctl@ceph.mon.smithi062.smithi062.stdout:Apr 01 00:03:26 smithi062 ceph-mon[29259]: from='mgr.14162 172.21.15.62:0/2141612763' entity='mgr.smithi062.btbmir' cmd=[{"prefix": "auth get-or-create", "entity": "client.crash.smithi062", "caps": ["mon", "profile crash", "mgr", "profile crash"]}]: dispatch
2024-04-01T00:03:26.476 INFO:journalctl@ceph.mon.smithi062.smithi062.stdout:Apr 01 00:03:26 smithi062 ceph-mon[29259]: from='mgr.14162 172.21.15.62:0/2141612763' entity='mgr.smithi062.btbmir' cmd='[{"prefix": "auth get-or-create", "entity": "client.crash.smithi062", "caps": ["mon", "profile crash", "mgr", "profile crash"]}]': finished
2024-04-01T00:03:26.476 INFO:journalctl@ceph.mon.smithi062.smithi062.stdout:Apr 01 00:03:26 smithi062 ceph-mon[29259]: from='mgr.14162 172.21.15.62:0/2141612763' entity='mgr.smithi062.btbmir' cmd=[{"prefix": "config generate-minimal-conf"}]: dispatch
2024-04-01T00:03:26.476 INFO:journalctl@ceph.mon.smithi062.smithi062.stdout:Apr 01 00:03:26 smithi062 ceph-mon[29259]: Deploying daemon crash.smithi062 on smithi062
2024-04-01T00:03:26.568 INFO:teuthology.orchestra.run.smithi062.stderr:2024-04-01T00:03:26.568+0000 7f7369836700 1 -- 172.21.15.62:0/1905332042 --> [v2:172.21.15.62:3300/0,v1:172.21.15.62:6789/0] -- mon_command([{prefix=config set, name=mgr/cephadm/allow_ptrace}] v 0) v1 -- 0x7f736410ee40 con 0x7f73640fe0b0
2024-04-01T00:03:26.574 INFO:teuthology.orchestra.run.smithi062.stderr:2024-04-01T00:03:26.574+0000 7f734b7fe700 1 -- 172.21.15.62:0/1905332042 <== mon.0 v2:172.21.15.62:3300/0 7 ==== mon_command_ack([{prefix=config set, name=mgr/cephadm/allow_ptrace}]=0 v9)=0 v9) v1 ==== 125+0+0 (secure 0 0 0) 0x7f735401be60 con 0x7f73640fe0b0
2024-04-01T00:03:26.577 INFO:teuthology.orchestra.run.smithi062.stderr:2024-04-01T00:03:26.576+0000 7f7369836700 1 -- 172.21.15.62:0/1905332042 >> [v2:172.21.15.62:6800/2581181143,v1:172.21.15.62:6801/2581181143] conn(0x7f734c036880 msgr2=0x7f734c038d30 secure :-1 s=STATE_CONNECTION_ESTABLISHED l=1).mark_down
2024-04-01T00:03:26.577 INFO:teuthology.orchestra.run.smithi062.stderr:2024-04-01T00:03:26.576+0000 7f7369836700 1 --2- 172.21.15.62:0/1905332042 >> [v2:172.21.15.62:6800/2581181143,v1:172.21.15.62:6801/2581181143] conn(0x7f734c036880 0x7f734c038d30 secure :-1 s=READY pgs=12 cs=0 l=1 rev1=1 crypto rx=0x7f7358009990 tx=0x7f7358006e40 comp rx=0 tx=0).stop
2024-04-01T00:03:26.577 INFO:teuthology.orchestra.run.smithi062.stderr:2024-04-01T00:03:26.576+0000 7f7369836700 1 -- 172.21.15.62:0/1905332042 >> [v2:172.21.15.62:3300/0,v1:172.21.15.62:6789/0] conn(0x7f73640fe0b0 msgr2=0x7f736410d0c0 secure :-1 s=STATE_CONNECTION_ESTABLISHED l=1).mark_down
2024-04-01T00:03:26.577 INFO:teuthology.orchestra.run.smithi062.stderr:2024-04-01T00:03:26.576+0000 7f7369836700 1 --2- 172.21.15.62:0/1905332042 >> [v2:172.21.15.62:3300/0,v1:172.21.15.62:6789/0] conn(0x7f73640fe0b0 0x7f736410d0c0 secure :-1 s=READY pgs=91 cs=0 l=1 rev1=1 crypto rx=0x7f73540096b0 tx=0x7f7354009e30 comp rx=0 tx=0).stop
2024-04-01T00:03:26.577 INFO:teuthology.orchestra.run.smithi062.stderr:2024-04-01T00:03:26.576+0000 7f7369836700 1 -- 172.21.15.62:0/1905332042 shutdown_connections
2024-04-01T00:03:26.577 INFO:teuthology.orchestra.run.smithi062.stderr:2024-04-01T00:03:26.576+0000 7f7369836700 1 --2- 172.21.15.62:0/1905332042 >> [v2:172.21.15.62:6800/2581181143,v1:172.21.15.62:6801/2581181143] conn(0x7f734c036880 0x7f734c038d30 unknown :-1 s=CLOSED pgs=12 cs=0 l=1 rev1=1 crypto rx=0 tx=0 comp rx=0 tx=0).stop
2024-04-01T00:03:26.577 INFO:teuthology.orchestra.run.smithi062.stderr:2024-04-01T00:03:26.576+0000 7f7369836700 1 --2- 172.21.15.62:0/1905332042 >> [v2:172.21.15.62:3300/0,v1:172.21.15.62:6789/0] conn(0x7f73640fe0b0 0x7f736410d0c0 unknown :-1 s=CLOSED pgs=91 cs=0 l=1 rev1=1 crypto rx=0 tx=0 comp rx=0 tx=0).stop
2024-04-01T00:03:26.577 INFO:teuthology.orchestra.run.smithi062.stderr:2024-04-01T00:03:26.576+0000 7f7369836700 1 -- 172.21.15.62:0/1905332042 >> 172.21.15.62:0/1905332042 conn(0x7f73640f6850 msgr2=0x7f7364103bb0 unknown :-1 s=STATE_NONE l=0).mark_down
2024-04-01T00:03:26.577 INFO:teuthology.orchestra.run.smithi062.stderr:2024-04-01T00:03:26.576+0000 7f7369836700 1 -- 172.21.15.62:0/1905332042 shutdown_connections
2024-04-01T00:03:26.577 INFO:teuthology.orchestra.run.smithi062.stderr:2024-04-01T00:03:26.576+0000 7f7369836700 1 -- 172.21.15.62:0/1905332042 wait complete.
2024-04-01T00:03:27.654 INFO:journalctl@ceph.mon.smithi062.smithi062.stdout:Apr 01 00:03:27 smithi062 ceph-mon[29259]: from='client.? 172.21.15.62:0/1905332042' entity='client.admin'
2024-04-01T00:03:27.683 INFO:tasks.cephadm:Distributing conf and client.admin keyring to all hosts + 0755
2024-04-01T00:03:27.683 DEBUG:teuthology.orchestra.run.smithi062:> sudo /home/ubuntu/cephtest/cephadm --image quay.ceph.io/ceph-ci/ceph:quincy shell -c /etc/ceph/ceph.conf -k /etc/ceph/ceph.client.admin.keyring --fsid fcf9bb1c-efba-11ee-b647-cb9ed24678a4 -- ceph orch client-keyring set client.admin '*' --mode 0755
2024-04-01T00:03:28.766 INFO:teuthology.orchestra.run.smithi062.stderr:Inferring config /var/lib/ceph/fcf9bb1c-efba-11ee-b647-cb9ed24678a4/mon.smithi062/config
2024-04-01T00:03:30.595 INFO:teuthology.orchestra.run.smithi062.stderr:2024-04-01T00:03:30.592+0000 7f597e4a0700 1 -- 172.21.15.62:0/1518283187 >> [v2:172.21.15.62:3300/0,v1:172.21.15.62:6789/0] conn(0x7f59780fca60 msgr2=0x7f59780fce70 secure :-1 s=STATE_CONNECTION_ESTABLISHED l=1).mark_down
2024-04-01T00:03:30.595 INFO:teuthology.orchestra.run.smithi062.stderr:2024-04-01T00:03:30.592+0000 7f597e4a0700 1 --2- 172.21.15.62:0/1518283187 >> [v2:172.21.15.62:3300/0,v1:172.21.15.62:6789/0] conn(0x7f59780fca60 0x7f59780fce70 secure :-1 s=READY pgs=92 cs=0 l=1 rev1=1 crypto rx=0x7f59680048c0 tx=0x7f5968009e30 comp rx=0 tx=0).stop
2024-04-01T00:03:30.595 INFO:teuthology.orchestra.run.smithi062.stderr:2024-04-01T00:03:30.593+0000 7f597e4a0700 1 -- 172.21.15.62:0/1518283187 shutdown_connections
2024-04-01T00:03:30.595 INFO:teuthology.orchestra.run.smithi062.stderr:2024-04-01T00:03:30.593+0000 7f597e4a0700 1 --2- 172.21.15.62:0/1518283187 >> [v2:172.21.15.62:3300/0,v1:172.21.15.62:6789/0] conn(0x7f59780fca60 0x7f59780fce70 unknown :-1 s=CLOSED pgs=92 cs=0 l=1 rev1=1 crypto rx=0 tx=0 comp rx=0 tx=0).stop
