2024-04-01T00:03:17.080+0000 7f927ea87700 1 -- 172.21.15.62:0/1700325322 >> [v2:172.21.15.62:3300/0,v1:172.21.15.62:6789/0] conn(0x7f9278100f80 msgr2=0x7f9278101390 secure :-1 s=STATE_CONNECTION_ESTABLISHED l=1).mark_down
2024-04-01T00:03:17.943 INFO:teuthology.orchestra.run.smithi062.stdout:/usr/bin/ceph: stderr
2024-04-01T00:03:17.080+0000 7f927ea87700 1 --2- 172.21.15.62:0/1700325322 >> [v2:172.21.15.62:3300/0,v1:172.21.15.62:6789/0] conn(0x7f9278100f80 0x7f9278101390 secure :-1 s=READY pgs=80 cs=0 l=1 rev1=1 crypto rx=0x7f926c00bb70 tx=0x7f926c00b4e0 comp rx=0 tx=0).stop
2024-04-01T00:03:17.943 INFO:teuthology.orchestra.run.smithi062.stdout:/usr/bin/ceph: stderr
2024-04-01T00:03:17.081+0000 7f927ea87700 1 -- 172.21.15.62:0/1700325322 shutdown_connections
2024-04-01T00:03:17.943 INFO:teuthology.orchestra.run.smithi062.stdout:/usr/bin/ceph: stderr
2024-04-01T00:03:17.081+0000 7f927ea87700 1 --2- 172.21.15.62:0/1700325322 >> [v2:172.21.15.62:3300/0,v1:172.21.15.62:6789/0] conn(0x7f9278100f80 0x7f9278101390 unknown :-1 s=CLOSED pgs=80 cs=0 l=1 rev1=1 crypto rx=0 tx=0 comp rx=0 tx=0).stop
2024-04-01T00:03:17.944 INFO:teuthology.orchestra.run.smithi062.stdout:/usr/bin/ceph: stderr
2024-04-01T00:03:17.081+0000 7f927ea87700 1 -- 172.21.15.62:0/1700325322 >> 172.21.15.62:0/1700325322 conn(0x7f92780fc6e0 msgr2=0x7f92780feb10 unknown :-1 s=STATE_NONE l=0).mark_down
2024-04-01T00:03:17.944 INFO:teuthology.orchestra.run.smithi062.stdout:/usr/bin/ceph: stderr
2024-04-01T00:03:17.081+0000 7f927ea87700 1 -- 172.21.15.62:0/1700325322 shutdown_connections
2024-04-01T00:03:17.944 INFO:teuthology.orchestra.run.smithi062.stdout:/usr/bin/ceph: stderr
2024-04-01T00:03:17.081+0000 7f927ea87700 1 -- 172.21.15.62:0/1700325322 wait complete.
2024-04-01T00:03:17.944 INFO:teuthology.orchestra.run.smithi062.stdout:/usr/bin/ceph: stderr
2024-04-01T00:03:17.081+0000 7f927ea87700 1 Processor -- start
2024-04-01T00:03:17.944 INFO:teuthology.orchestra.run.smithi062.stdout:/usr/bin/ceph: stderr
2024-04-01T00:03:17.081+0000 7f927ea87700 1 -- start start
2024-04-01T00:03:17.944 INFO:teuthology.orchestra.run.smithi062.stdout:/usr/bin/ceph: stderr
2024-04-01T00:03:17.082+0000 7f927ea87700 1 --2- >> [v2:172.21.15.62:3300/0,v1:172.21.15.62:6789/0] conn(0x7f9278100f80 0x7f92781139c0 unknown :-1 s=NONE pgs=0 cs=0 l=1 rev1=0 crypto rx=0 tx=0 comp rx=0 tx=0).connect
2024-04-01T00:03:17.944 INFO:teuthology.orchestra.run.smithi062.stdout:/usr/bin/ceph: stderr
2024-04-01T00:03:17.082+0000 7f927ea87700 1 -- --> [v2:172.21.15.62:3300/0,v1:172.21.15.62:6789/0] -- mon_getmap magic: 0 v1 -- 0x7f9278113f00 con 0x7f9278100f80
2024-04-01T00:03:17.944 INFO:teuthology.orchestra.run.smithi062.stdout:/usr/bin/ceph: stderr
2024-04-01T00:03:17.082+0000 7f927c823700 1 --2- >> [v2:172.21.15.62:3300/0,v1:172.21.15.62:6789/0] conn(0x7f9278100f80 0x7f92781139c0 unknown :-1 s=BANNER_CONNECTING pgs=0 cs=0 l=1 rev1=0 crypto rx=0 tx=0 comp rx=0 tx=0)._handle_peer_banner_payload supported=3 required=0
2024-04-01T00:03:17.944 INFO:teuthology.orchestra.run.smithi062.stdout:/usr/bin/ceph: stderr
2024-04-01T00:03:17.082+0000 7f927c823700 1 --2- >> [v2:172.21.15.62:3300/0,v1:172.21.15.62:6789/0] conn(0x7f9278100f80 0x7f92781139c0 unknown :-1 s=HELLO_CONNECTING pgs=0 cs=0 l=1 rev1=1 crypto rx=0 tx=0 comp rx=0 tx=0).handle_hello peer v2:172.21.15.62:3300/0 says I am v2:172.21.15.62:33188/0 (socket says 172.21.15.62:33188)
2024-04-01T00:03:17.944 INFO:teuthology.orchestra.run.smithi062.stdout:/usr/bin/ceph: stderr
2024-04-01T00:03:17.082+0000 7f927c823700 1 -- 172.21.15.62:0/2646884592 learned_addr learned my addr 172.21.15.62:0/2646884592 (peer_addr_for_me v2:172.21.15.62:0/0)
2024-04-01T00:03:17.944 INFO:teuthology.orchestra.run.smithi062.stdout:/usr/bin/ceph: stderr
2024-04-01T00:03:17.082+0000 7f927c823700 1 -- 172.21.15.62:0/2646884592 --> [v2:172.21.15.62:3300/0,v1:172.21.15.62:6789/0] -- mon_subscribe({config=0+,monmap=0+}) v3 -- 0x7f926c00b780 con 0x7f9278100f80
2024-04-01T00:03:17.944 INFO:teuthology.orchestra.run.smithi062.stdout:/usr/bin/ceph: stderr
2024-04-01T00:03:17.082+0000 7f927c823700 1 --2- 172.21.15.62:0/2646884592 >> [v2:172.21.15.62:3300/0,v1:172.21.15.62:6789/0] conn(0x7f9278100f80 0x7f92781139c0 secure :-1 s=READY pgs=81 cs=0 l=1 rev1=1 crypto rx=0x7f926c00b750 tx=0x7f926c00b4e0 comp rx=0 tx=0).ready entity=mon.0 client_cookie=0 server_cookie=0 in_seq=0 out_seq=0
2024-04-01T00:03:17.944 INFO:teuthology.orchestra.run.smithi062.stdout:/usr/bin/ceph: stderr
2024-04-01T00:03:17.082+0000 7f92757fa700 1 -- 172.21.15.62:0/2646884592 <== mon.0 v2:172.21.15.62:3300/0 1 ==== mon_map magic: 0 v1 ==== 229+0+0 (secure 0 0 0) 0x7f926c0165d0 con 0x7f9278100f80
2024-04-01T00:03:17.944 INFO:teuthology.orchestra.run.smithi062.stdout:/usr/bin/ceph: stderr
2024-04-01T00:03:17.082+0000 7f92757fa700 1 -- 172.21.15.62:0/2646884592 <== mon.0 v2:172.21.15.62:3300/0 2 ==== config(27 keys) v1 ==== 1109+0+0 (secure 0 0 0) 0x7f926c016c00 con 0x7f9278100f80
2024-04-01T00:03:17.944 INFO:teuthology.orchestra.run.smithi062.stdout:/usr/bin/ceph: stderr
2024-04-01T00:03:17.082+0000 7f92757fa700 1 -- 172.21.15.62:0/2646884592 <== mon.0 v2:172.21.15.62:3300/0 3 ==== mon_map magic: 0 v1 ==== 229+0+0 (secure 0 0 0) 0x7f926c01fe80 con 0x7f9278100f80
2024-04-01T00:03:17.945 INFO:teuthology.orchestra.run.smithi062.stdout:/usr/bin/ceph: stderr
2024-04-01T00:03:17.083+0000 7f927ea87700 1 -- 172.21.15.62:0/2646884592 --> [v2:172.21.15.62:3300/0,v1:172.21.15.62:6789/0] -- mon_subscribe({mgrmap=0+}) v3 -- 0x7f9278114100 con 0x7f9278100f80
2024-04-01T00:03:17.945 INFO:teuthology.orchestra.run.smithi062.stdout:/usr/bin/ceph: stderr
2024-04-01T00:03:17.083+0000 7f927ea87700 1 -- 172.21.15.62:0/2646884592 --> [v2:172.21.15.62:3300/0,v1:172.21.15.62:6789/0] -- mon_subscribe({osdmap=0}) v3 -- 0x7f9278114c70 con 0x7f9278100f80
2024-04-01T00:03:17.945 INFO:teuthology.orchestra.run.smithi062.stdout:/usr/bin/ceph: stderr
2024-04-01T00:03:17.083+0000 7f92757fa700 1 -- 172.21.15.62:0/2646884592 <== mon.0 v2:172.21.15.62:3300/0 4 ==== mgrmap(e 11) v1 ==== 43275+0+0 (secure 0 0 0) 0x7f926c015070 con 0x7f9278100f80
2024-04-01T00:03:17.945 INFO:teuthology.orchestra.run.smithi062.stdout:/usr/bin/ceph: stderr
2024-04-01T00:03:17.084+0000 7f92757fa700 1 --2- 172.21.15.62:0/2646884592 >> [v2:172.21.15.62:6800/2581181143,v1:172.21.15.62:6801/2581181143] conn(0x7f9268036660 0x7f9268038b10 unknown :-1 s=NONE pgs=0 cs=0 l=1 rev1=0 crypto rx=0 tx=0 comp rx=0 tx=0).connect
2024-04-01T00:03:17.945 INFO:teuthology.orchestra.run.smithi062.stdout:/usr/bin/ceph: stderr
2024-04-01T00:03:17.084+0000 7f92757fa700 1 -- 172.21.15.62:0/2646884592 <== mon.0 v2:172.21.15.62:3300/0 5 ==== osd_map(3..3 src has 1..3) v4 ==== 1151+0+0 (secure 0 0 0) 0x7f926c0497f0 con 0x7f9278100f80
2024-04-01T00:03:17.945 INFO:teuthology.orchestra.run.smithi062.stdout:/usr/bin/ceph: stderr
2024-04-01T00:03:17.084+0000 7f9277fff700 1 --2- 172.21.15.62:0/2646884592 >> [v2:172.21.15.62:6800/2581181143,v1:172.21.15.62:6801/2581181143] conn(0x7f9268036660 0x7f9268038b10 unknown :-1 s=BANNER_CONNECTING pgs=0 cs=0 l=1 rev1=0 crypto rx=0 tx=0 comp rx=0 tx=0)._handle_peer_banner_payload supported=3 required=0
2024-04-01T00:03:17.945 INFO:teuthology.orchestra.run.smithi062.stdout:/usr/bin/ceph: stderr
2024-04-01T00:03:17.084+0000 7f927ea87700 1 -- 172.21.15.62:0/2646884592 --> [v2:172.21.15.62:3300/0,v1:172.21.15.62:6789/0] -- mon_command({"prefix": "get_command_descriptions"} v 0) v1 -- 0x7f927805f5f0 con 0x7f9278100f80
2024-04-01T00:03:17.945 INFO:teuthology.orchestra.run.smithi062.stdout:/usr/bin/ceph: stderr
2024-04-01T00:03:17.084+0000 7f9277fff700 1 --2- 172.21.15.62:0/2646884592 >> [v2:172.21.15.62:6800/2581181143,v1:172.21.15.62:6801/2581181143] conn(0x7f9268036660 0x7f9268038b10 secure :-1 s=READY pgs=7 cs=0 l=1 rev1=1 crypto rx=0x7f9264009990 tx=0x7f9264006e40 comp rx=0 tx=0).ready entity=mgr.14162 client_cookie=0 server_cookie=0 in_seq=0 out_seq=0
2024-04-01T00:03:17.945 INFO:teuthology.orchestra.run.smithi062.stdout:/usr/bin/ceph: stderr
2024-04-01T00:03:17.089+0000 7f92757fa700 1 -- 172.21.15.62:0/2646884592 <== mon.0 v2:172.21.15.62:3300/0 6 ==== mon_command_ack([{"prefix": "get_command_descriptions"}]=0 v0) v1 ==== 72+0+176504 (secure 0 0 0) 0x7f926c024070 con 0x7f9278100f80
2024-04-01T00:03:17.945 INFO:teuthology.orchestra.run.smithi062.stdout:/usr/bin/ceph: stderr
2024-04-01T00:03:17.290+0000 7f927ea87700 1 -- 172.21.15.62:0/2646884592 --> [v2:172.21.15.62:6800/2581181143,v1:172.21.15.62:6801/2581181143] -- mgr_command(tid 0: {"prefix": "dashboard create-self-signed-cert", "target": ["mon-mgr", ""]}) v1 -- 0x7f92781156f0 con 0x7f9268036660
2024-04-01T00:03:17.945 INFO:teuthology.orchestra.run.smithi062.stdout:/usr/bin/ceph: stderr
2024-04-01T00:03:17.356+0000 7f92757fa700 1 -- 172.21.15.62:0/2646884592 <== mgr.14162 v2:172.21.15.62:6800/2581181143 1 ==== mgr_command_reply(tid 0: 0 ) v1 ==== 8+0+32 (secure 0 0 0) 0x7f92781156f0 con 0x7f9268036660
2024-04-01T00:03:17.945 INFO:teuthology.orchestra.run.smithi062.stdout:/usr/bin/ceph: stderr
2024-04-01T00:03:17.358+0000 7f927ea87700 1 -- 172.21.15.62:0/2646884592 >> [v2:172.21.15.62:6800/2581181143,v1:172.21.15.62:6801/2581181143] conn(0x7f9268036660 msgr2=0x7f9268038b10 secure :-1 s=STATE_CONNECTION_ESTABLISHED l=1).mark_down
2024-04-01T00:03:17.945 INFO:teuthology.orchestra.run.smithi062.stdout:/usr/bin/ceph: stderr
2024-04-01T00:03:17.358+0000 7f927ea87700 1 --2- 172.21.15.62:0/2646884592 >> [v2:172.21.15.62:6800/2581181143,v1:172.21.15.62:6801/2581181143] conn(0x7f9268036660 0x7f9268038b10 secure :-1 s=READY pgs=7 cs=0 l=1 rev1=1 crypto rx=0x7f9264009990 tx=0x7f9264006e40 comp rx=0 tx=0).stop
2024-04-01T00:03:17.945 INFO:teuthology.orchestra.run.smithi062.stdout:/usr/bin/ceph: stderr
2024-04-01T00:03:17.358+0000 7f927ea87700 1 -- 172.21.15.62:0/2646884592 >> [v2:172.21.15.62:3300/0,v1:172.21.15.62:6789/0] conn(0x7f9278100f80 msgr2=0x7f92781139c0 secure :-1 s=STATE_CONNECTION_ESTABLISHED l=1).mark_down
2024-04-01T00:03:17.946 INFO:teuthology.orchestra.run.smithi062.stdout:/usr/bin/ceph: stderr
2024-04-01T00:03:17.358+0000 7f927ea87700 1 --2- 172.21.15.62:0/2646884592 >> [v2:172.21.15.62:3300/0,v1:172.21.15.62:6789/0] conn(0x7f9278100f80 0x7f92781139c0 secure :-1 s=READY pgs=81 cs=0 l=1 rev1=1 crypto rx=0x7f926c00b750 tx=0x7f926c00b4e0 comp rx=0 tx=0).stop
2024-04-01T00:03:17.946 INFO:teuthology.orchestra.run.smithi062.stdout:/usr/bin/ceph: stderr
2024-04-01T00:03:17.358+0000 7f927ea87700 1 -- 172.21.15.62:0/2646884592 shutdown_connections
2024-04-01T00:03:17.946 INFO:teuthology.orchestra.run.smithi062.stdout:/usr/bin/ceph: stderr
2024-04-01T00:03:17.358+0000 7f927ea87700 1 --2- 172.21.15.62:0/2646884592 >> [v2:172.21.15.62:6800/2581181143,v1:172.21.15.62:6801/2581181143] conn(0x7f9268036660 0x7f9268038b10 unknown :-1 s=CLOSED pgs=7 cs=0 l=1 rev1=1 crypto rx=0 tx=0 comp rx=0 tx=0).stop
2024-04-01T00:03:17.946 INFO:teuthology.orchestra.run.smithi062.stdout:/usr/bin/ceph: stderr
2024-04-01T00:03:17.358+0000 7f927ea87700 1 --2- 172.21.15.62:0/2646884592 >> [v2:172.21.15.62:3300/0,v1:172.21.15.62:6789/0] conn(0x7f9278100f80 0x7f92781139c0 unknown :-1 s=CLOSED pgs=81 cs=0 l=1 rev1=1 crypto rx=0 tx=0 comp rx=0 tx=0).stop
2024-04-01T00:03:17.946 INFO:teuthology.orchestra.run.smithi062.stdout:/usr/bin/ceph: stderr
2024-04-01T00:03:17.358+0000 7f927ea87700 1 -- 172.21.15.62:0/2646884592 >> 172.21.15.62:0/2646884592 conn(0x7f92780fc6e0 msgr2=0x7f92781063a0 unknown :-1 s=STATE_NONE l=0).mark_down
2024-04-01T00:03:17.946 INFO:teuthology.orchestra.run.smithi062.stdout:/usr/bin/ceph: stderr
2024-04-01T00:03:17.358+0000 7f927ea87700 1 -- 172.21.15.62:0/2646884592 shutdown_connections
2024-04-01T00:03:17.946 INFO:teuthology.orchestra.run.smithi062.stdout:/usr/bin/ceph: stderr
2024-04-01T00:03:17.358+0000 7f927ea87700 1 -- 172.21.15.62:0/2646884592 wait complete.
2024-04-01T00:03:17.946 INFO:teuthology.orchestra.run.smithi062.stdout:Creating initial admin user...
2024-04-01T00:03:18.354 INFO:journalctl@ceph.mon.smithi062.smithi062.stdout:Apr 01 00:03:18 smithi062 ceph-mon[29259]: from='client.14174 -' entity='client.admin' cmd=[{"prefix": "dashboard create-self-signed-cert", "target": ["mon-mgr", ""]}]: dispatch
2024-04-01T00:03:18.354 INFO:journalctl@ceph.mon.smithi062.smithi062.stdout:Apr 01 00:03:18 smithi062 ceph-mon[29259]: from='mgr.14162 172.21.15.62:0/2141612763' entity='mgr.smithi062.btbmir'
2024-04-01T00:03:18.354 INFO:journalctl@ceph.mon.smithi062.smithi062.stdout:Apr 01 00:03:18 smithi062 ceph-mon[29259]: from='mgr.14162 172.21.15.62:0/2141612763' entity='mgr.smithi062.btbmir'
2024-04-01T00:03:18.354 INFO:journalctl@ceph.mon.smithi062.smithi062.stdout:Apr 01 00:03:18 smithi062 ceph-mon[29259]: from='mgr.14162 172.21.15.62:0/2141612763' entity='mgr.smithi062.btbmir'
2024-04-01T00:03:18.354 INFO:journalctl@ceph.mon.smithi062.smithi062.stdout:Apr 01 00:03:18 smithi062 ceph-mon[29259]: mgrmap e12: smithi062.btbmir(active, since 2s)
2024-04-01T00:03:19.439 INFO:teuthology.orchestra.run.smithi062.stdout:/usr/bin/ceph: stdout {"username": "admin", "password": "$2b$12$agQyqQrpYWYR08kRqyOEjeswQpjyEMzL/mi3WrjZuF4CLs0cJsKMO", "roles": ["administrator"], "name": null, "email": null, "lastUpdate": 1711929798, "enabled": true, "pwdExpirationDate": null, "pwdUpdateRequired": true}
2024-04-01T00:03:19.439 INFO:teuthology.orchestra.run.smithi062.stdout:/usr/bin/ceph: stderr
2024-04-01T00:03:18.382+0000 7f1c95672700 1 Processor -- start
2024-04-01T00:03:19.439 INFO:teuthology.orchestra.run.smithi062.stdout:/usr/bin/ceph: stderr
2024-04-01T00:03:18.382+0000 7f1c95672700 1 -- start start
2024-04-01T00:03:19.439 INFO:teuthology.orchestra.run.smithi062.stdout:/usr/bin/ceph: stderr
2024-04-01T00:03:18.382+0000 7f1c95672700 1 --2- >> [v2:172.21.15.62:3300/0,v1:172.21.15.62:6789/0] conn(0x7f1c90076b30 0x7f1c90105530 unknown :-1 s=NONE pgs=0 cs=0 l=0 rev1=0 crypto rx=0 tx=0 comp rx=0 tx=0).connect
2024-04-01T00:03:19.439 INFO:teuthology.orchestra.run.smithi062.stdout:/usr/bin/ceph: stderr
2024-04-01T00:03:18.382+0000 7f1c95672700 1 -- --> [v2:172.21.15.62:3300/0,v1:172.21.15.62:6789/0] -- mon_getmap magic: 0 v1 -- 0x7f1c90076f40 con 0x7f1c90076b30
2024-04-01T00:03:19.439 INFO:teuthology.orchestra.run.smithi062.stdout:/usr/bin/ceph: stderr
2024-04-01T00:03:18.382+0000 7f1c8effd700 1 --2- >> [v2:172.21.15.62:3300/0,v1:172.21.15.62:6789/0] conn(0x7f1c90076b30 0x7f1c90105530 unknown :-1 s=BANNER_CONNECTING pgs=0 cs=0 l=0 rev1=0 crypto rx=0 tx=0 comp rx=0 tx=0)._handle_peer_banner_payload supported=3 required=0
2024-04-01T00:03:19.439 INFO:teuthology.orchestra.run.smithi062.stdout:/usr/bin/ceph: stderr
2024-04-01T00:03:18.382+0000 7f1c8effd700 1 --2- >> [v2:172.21.15.62:3300/0,v1:172.21.15.62:6789/0] conn(0x7f1c90076b30 0x7f1c90105530 unknown :-1 s=HELLO_CONNECTING pgs=0 cs=0 l=0 rev1=1 crypto rx=0 tx=0 comp rx=0 tx=0).handle_hello peer v2:172.21.15.62:3300/0 says I am v2:172.21.15.62:33192/0 (socket says 172.21.15.62:33192)
2024-04-01T00:03:19.439 INFO:teuthology.orchestra.run.smithi062.stdout:/usr/bin/ceph: stderr
2024-04-01T00:03:18.382+0000 7f1c8effd700 1 -- 172.21.15.62:0/1017485238 learned_addr learned my addr 172.21.15.62:0/1017485238 (peer_addr_for_me v2:172.21.15.62:0/0)
2024-04-01T00:03:19.439 INFO:teuthology.orchestra.run.smithi062.stdout:/usr/bin/ceph: stderr
2024-04-01T00:03:18.383+0000 7f1c8effd700 1 -- 172.21.15.62:0/1017485238 --> [v2:172.21.15.62:3300/0,v1:172.21.15.62:6789/0] -- mon_subscribe({config=0+,monmap=0+}) v3 -- 0x7f1c90105a70 con 0x7f1c90076b30
2024-04-01T00:03:19.439 INFO:teuthology.orchestra.run.smithi062.stdout:/usr/bin/ceph: stderr
2024-04-01T00:03:18.383+0000 7f1c8effd700 1 --2- 172.21.15.62:0/1017485238 >> [v2:172.21.15.62:3300/0,v1:172.21.15.62:6789/0] conn(0x7f1c90076b30 0x7f1c90105530 secure :-1 s=READY pgs=82 cs=0 l=1 rev1=1 crypto rx=0x7f1c800098e0 tx=0x7f1c80009250 comp rx=0 tx=0).ready entity=mon.0 client_cookie=df44416ef73a2c97 server_cookie=0 in_seq=0 out_seq=0
2024-04-01T00:03:19.440 INFO:teuthology.orchestra.run.smithi062.stdout:/usr/bin/ceph: stderr
2024-04-01T00:03:18.383+0000 7f1c8dffb700 1 -- 172.21.15.62:0/1017485238 <== mon.0 v2:172.21.15.62:3300/0 1 ==== mon_map magic: 0 v1 ==== 229+0+0 (secure 0 0 0) 0x7f1c8000b8f0 con 0x7f1c90076b30
2024-04-01T00:03:19.440 INFO:teuthology.orchestra.run.smithi062.stdout:/usr/bin/ceph: stderr
2024-04-01T00:03:18.383+0000 7f1c8dffb700 1 -- 172.21.15.62:0/1017485238 <== mon.0 v2:172.21.15.62:3300/0 2 ==== config(27 keys) v1 ==== 1109+0+0 (secure 0 0 0) 0x7f1c80011420 con 0x7f1c90076b30
2024-04-01T00:03:19.440 INFO:teuthology.orchestra.run.smithi062.stdout:/usr/bin/ceph: stderr
2024-04-01T00:03:18.383+0000 7f1c8dffb700 1 -- 172.21.15.62:0/1017485238 <== mon.0 v2:172.21.15.62:3300/0 3 ==== mon_map magic: 0 v1 ==== 229+0+0 (secure 0 0 0) 0x7f1c80010540 con 0x7f1c90076b30
2024-04-01T00:03:19.440 INFO:teuthology.orchestra.run.smithi062.stdout:/usr/bin/ceph: stderr
2024-04-01T00:03:18.384+0000 7f1c95672700 1 -- 172.21.15.62:0/1017485238 >> [v2:172.21.15.62:3300/0,v1:172.21.15.62:6789/0] conn(0x7f1c90076b30 msgr2=0x7f1c90105530 secure :-1 s=STATE_CONNECTION_ESTABLISHED l=1).mark_down
2024-04-01T00:03:19.440 INFO:teuthology.orchestra.run.smithi062.stdout:/usr/bin/ceph: stderr
2024-04-01T00:03:18.384+0000 7f1c95672700 1 --2- 172.21.15.62:0/1017485238 >> [v2:172.21.15.62:3300/0,v1:172.21.15.62:6789/0] conn(0x7f1c90076b30 0x7f1c90105530 secure :-1 s=READY pgs=82 cs=0 l=1 rev1=1 crypto rx=0x7f1c800098e0 tx=0x7f1c80009250 comp rx=0 tx=0).stop
2024-04-01T00:03:19.440 INFO:teuthology.orchestra.run.smithi062.stdout:/usr/bin/ceph: stderr
2024-04-01T00:03:18.384+0000 7f1c95672700 1 -- 172.21.15.62:0/1017485238 shutdown_connections
2024-04-01T00:03:19.440 INFO:teuthology.orchestra.run.smithi062.stdout:/usr/bin/ceph: stderr
2024-04-01T00:03:18.384+0000 7f1c95672700 1 --2- 172.21.15.62:0/1017485238 >> [v2:172.21.15.62:3300/0,v1:172.21.15.62:6789/0] conn(0x7f1c90076b30 0x7f1c90105530 unknown :-1 s=CLOSED pgs=82 cs=0 l=1 rev1=1 crypto rx=0 tx=0 comp rx=0 tx=0).stop
2024-04-01T00:03:19.440 INFO:teuthology.orchestra.run.smithi062.stdout:/usr/bin/ceph: stderr
2024-04-01T00:03:18.384+0000 7f1c95672700 1 -- 172.21.15.62:0/1017485238 >> 172.21.15.62:0/1017485238 conn(0x7f1c900fcfa0 msgr2=0x7f1c900ff3f0 unknown :-1 s=STATE_NONE l=0).mark_down
2024-04-01T00:03:19.440 INFO:teuthology.orchestra.run.smithi062.stdout:/usr/bin/ceph: stderr
2024-04-01T00:03:18.384+0000 7f1c95672700 1 -- 172.21.15.62:0/1017485238 shutdown_connections
2024-04-01T00:03:19.440 INFO:teuthology.orchestra.run.smithi062.stdout:/usr/bin/ceph: stderr
2024-04-01T00:03:18.384+0000 7f1c95672700 1 -- 172.21.15.62:0/1017485238 wait complete.
2024-04-01T00:03:19.440 INFO:teuthology.orchestra.run.smithi062.stdout:/usr/bin/ceph: stderr
2024-04-01T00:03:18.385+0000 7f1c95672700 1 Processor -- start
2024-04-01T00:03:19.440 INFO:teuthology.orchestra.run.smithi062.stdout:/usr/bin/ceph: stderr
2024-04-01T00:03:18.385+0000 7f1c95672700 1 -- start start
2024-04-01T00:03:19.440 INFO:teuthology.orchestra.run.smithi062.stdout:/usr/bin/ceph: stderr
2024-04-01T00:03:18.385+0000 7f1c95672700 1 --2- >> [v2:172.21.15.62:3300/0,v1:172.21.15.62:6789/0] conn(0x7f1c90076b30 0x7f1c901116e0 unknown :-1 s=NONE pgs=0 cs=0 l=1 rev1=0 crypto rx=0 tx=0 comp rx=0 tx=0).connect
2024-04-01T00:03:19.440 INFO:teuthology.orchestra.run.smithi062.stdout:/usr/bin/ceph: stderr
2024-04-01T00:03:18.385+0000 7f1c95672700 1 -- --> [v2:172.21.15.62:3300/0,v1:172.21.15.62:6789/0] -- mon_getmap magic: 0 v1 -- 0x7f1c90111c20 con 0x7f1c90076b30
2024-04-01T00:03:19.440 INFO:teuthology.orchestra.run.smithi062.stdout:/usr/bin/ceph: stderr
2024-04-01T00:03:18.385+0000 7f1c8effd700 1 --2- >> [v2:172.21.15.62:3300/0,v1:172.21.15.62:6789/0] conn(0x7f1c90076b30 0x7f1c901116e0 unknown :-1 s=BANNER_CONNECTING pgs=0 cs=0 l=1 rev1=0 crypto rx=0 tx=0 comp rx=0 tx=0)._handle_peer_banner_payload supported=3 required=0
2024-04-01T00:03:19.441 INFO:teuthology.orchestra.run.smithi062.stdout:/usr/bin/ceph: stderr
2024-04-01T00:03:18.385+0000 7f1c8effd700 1 --2- >> [v2:172.21.15.62:3300/0,v1:172.21.15.62:6789/0] conn(0x7f1c90076b30 0x7f1c901116e0 unknown :-1 s=HELLO_CONNECTING pgs=0 cs=0 l=1 rev1=1 crypto rx=0 tx=0 comp rx=0 tx=0).handle_hello peer v2:172.21.15.62:3300/0 says I am v2:172.21.15.62:33200/0 (socket says 172.21.15.62:33200)
2024-04-01T00:03:19.441 INFO:teuthology.orchestra.run.smithi062.stdout:/usr/bin/ceph: stderr
2024-04-01T00:03:18.385+0000 7f1c8effd700 1 -- 172.21.15.62:0/664975736 learned_addr learned my addr 172.21.15.62:0/664975736 (peer_addr_for_me v2:172.21.15.62:0/0)
2024-04-01T00:03:19.441 INFO:teuthology.orchestra.run.smithi062.stdout:/usr/bin/ceph: stderr
2024-04-01T00:03:18.386+0000 7f1c8effd700 1 -- 172.21.15.62:0/664975736 --> [v2:172.21.15.62:3300/0,v1:172.21.15.62:6789/0] -- mon_subscribe({config=0+,monmap=0+}) v3 -- 0x7f1c800094f0 con 0x7f1c90076b30
2024-04-01T00:03:19.441 INFO:teuthology.orchestra.run.smithi062.stdout:/usr/bin/ceph: stderr
2024-04-01T00:03:18.386+0000 7f1c8effd700 1 --2- 172.21.15.62:0/664975736 >> [v2:172.21.15.62:3300/0,v1:172.21.15.62:6789/0] conn(0x7f1c90076b30 0x7f1c901116e0 secure :-1 s=READY pgs=83 cs=0 l=1 rev1=1 crypto rx=0x7f1c80011e90 tx=0x7f1c80009250 comp rx=0 tx=0).ready entity=mon.0 client_cookie=0 server_cookie=0 in_seq=0 out_seq=0
2024-04-01T00:03:19.441 INFO:teuthology.orchestra.run.smithi062.stdout:/usr/bin/ceph: stderr
2024-04-01T00:03:18.386+0000 7f1c777fe700 1 -- 172.21.15.62:0/664975736 <== mon.0 v2:172.21.15.62:3300/0 1 ==== mon_map magic: 0 v1 ==== 229+0+0 (secure 0 0 0) 0x7f1c8000beb0 con 0x7f1c90076b30
2024-04-01T00:03:19.441 INFO:teuthology.orchestra.run.smithi062.stdout:/usr/bin/ceph: stderr
2024-04-01T00:03:18.386+0000 7f1c95672700 1 -- 172.21.15.62:0/664975736 --> [v2:172.21.15.62:3300/0,v1:172.21.15.62:6789/0] -- mon_subscribe({mgrmap=0+}) v3 -- 0x7f1c90111e20 con 0x7f1c90076b30
2024-04-01T00:03:19.441 INFO:teuthology.orchestra.run.smithi062.stdout:/usr/bin/ceph: stderr
2024-04-01T00:03:18.386+0000 7f1c777fe700 1 -- 172.21.15.62:0/664975736 <== mon.0 v2:172.21.15.62:3300/0 2 ==== config(27 keys) v1 ==== 1109+0+0 (secure 0 0 0) 0x7f1c80010c80 con 0x7f1c90076b30
2024-04-01T00:03:19.441 INFO:teuthology.orchestra.run.smithi062.stdout:/usr/bin/ceph: stderr
2024-04-01T00:03:18.386+0000 7f1c777fe700 1 -- 172.21.15.62:0/664975736 <== mon.0 v2:172.21.15.62:3300/0 3 ==== mon_map magic: 0 v1 ==== 229+0+0 (secure 0 0 0) 0x7f1c8001ad40 con 0x7f1c90076b30
2024-04-01T00:03:19.441 INFO:teuthology.orchestra.run.smithi062.stdout:/usr/bin/ceph: stderr
2024-04-01T00:03:18.386+0000 7f1c95672700 1 -- 172.21.15.62:0/664975736 --> [v2:172.21.15.62:3300/0,v1:172.21.15.62:6789/0] -- mon_subscribe({osdmap=0}) v3 -- 0x7f1c90112990 con 0x7f1c90076b30
2024-04-01T00:03:19.441 INFO:teuthology.orchestra.run.smithi062.stdout:/usr/bin/ceph: stderr
2024-04-01T00:03:18.387+0000 7f1c777fe700 1 -- 172.21.15.62:0/664975736 <== mon.0 v2:172.21.15.62:3300/0 4 ==== mgrmap(e 12) v1 ==== 43381+0+0 (secure 0 0 0) 0x7f1c8002d3f0 con 0x7f1c90076b30
2024-04-01T00:03:19.441 INFO:teuthology.orchestra.run.smithi062.stdout:/usr/bin/ceph: stderr
2024-04-01T00:03:18.387+0000 7f1c777fe700 1 --2- 172.21.15.62:0/664975736 >> [v2:172.21.15.62:6800/2581181143,v1:172.21.15.62:6801/2581181143] conn(0x7f1c78036870 0x7f1c78038d20 unknown :-1 s=NONE pgs=0 cs=0 l=1 rev1=0 crypto rx=0 tx=0 comp rx=0 tx=0).connect
2024-04-01T00:03:19.441 INFO:teuthology.orchestra.run.smithi062.stdout:/usr/bin/ceph: stderr
2024-04-01T00:03:18.387+0000 7f1c777fe700 1 -- 172.21.15.62:0/664975736 <== mon.0 v2:172.21.15.62:3300/0 5 ==== osd_map(3..3 src has 1..3) v4 ==== 1151+0+0 (secure 0 0 0) 0x7f1c8004b590 con 0x7f1c90076b30
2024-04-01T00:03:19.441 INFO:teuthology.orchestra.run.smithi062.stdout:/usr/bin/ceph: stderr
2024-04-01T00:03:18.387+0000 7f1c8e7fc700 1 --2- 172.21.15.62:0/664975736 >> [v2:172.21.15.62:6800/2581181143,v1:172.21.15.62:6801/2581181143] conn(0x7f1c78036870 0x7f1c78038d20 unknown :-1 s=BANNER_CONNECTING pgs=0 cs=0 l=1 rev1=0 crypto rx=0 tx=0 comp rx=0 tx=0)._handle_peer_banner_payload supported=3 required=0
2024-04-01T00:03:19.441 INFO:teuthology.orchestra.run.smithi062.stdout:/usr/bin/ceph: stderr
2024-04-01T00:03:18.387+0000 7f1c95672700 1 -- 172.21.15.62:0/664975736 --> [v2:172.21.15.62:3300/0,v1:172.21.15.62:6789/0] -- mon_command({"prefix": "get_command_descriptions"} v 0) v1 -- 0x7f1c9005f5f0 con 0x7f1c90076b30
2024-04-01T00:03:19.442 INFO:teuthology.orchestra.run.smithi062.stdout:/usr/bin/ceph: stderr
2024-04-01T00:03:18.388+0000 7f1c8e7fc700 1 --2- 172.21.15.62:0/664975736 >> [v2:172.21.15.62:6800/2581181143,v1:172.21.15.62:6801/2581181143] conn(0x7f1c78036870 0x7f1c78038d20 secure :-1 s=READY pgs=8 cs=0 l=1 rev1=1 crypto rx=0x7f1c84009990 tx=0x7f1c84006e40 comp rx=0 tx=0).ready entity=mgr.14162 client_cookie=0 server_cookie=0 in_seq=0 out_seq=0
2024-04-01T00:03:19.442 INFO:teuthology.orchestra.run.smithi062.stdout:/usr/bin/ceph: stderr
2024-04-01T00:03:18.392+0000 7f1c777fe700 1 -- 172.21.15.62:0/664975736 <== mon.0 v2:172.21.15.62:3300/0 6 ==== mon_command_ack([{"prefix": "get_command_descriptions"}]=0 v0) v1 ==== 72+0+176504 (secure 0 0 0) 0x7f1c8002b8f0 con 0x7f1c90076b30
2024-04-01T00:03:19.442 INFO:teuthology.orchestra.run.smithi062.stdout:/usr/bin/ceph: stderr
2024-04-01T00:03:18.611+0000 7f1c95672700 1 -- 172.21.15.62:0/664975736 --> [v2:172.21.15.62:6800/2581181143,v1:172.21.15.62:6801/2581181143] -- mgr_command(tid 0: {"prefix": "dashboard ac-user-create", "username": "admin", "rolename": "administrator", "force_password": true, "pwd_update_required": true, "target": ["mon-mgr", ""]}) v1 -- 0x7f1c9005f410 con 0x7f1c78036870
2024-04-01T00:03:19.442 INFO:teuthology.orchestra.run.smithi062.stdout:/usr/bin/ceph: stderr
2024-04-01T00:03:18.857+0000 7f1c777fe700 1 -- 172.21.15.62:0/664975736 <== mgr.14162 v2:172.21.15.62:6800/2581181143 1 ==== mgr_command_reply(tid 0: 0 ) v1 ==== 8+0+252 (secure 0 0 0) 0x7f1c9005f410 con 0x7f1c78036870
2024-04-01T00:03:19.442 INFO:teuthology.orchestra.run.smithi062.stdout:/usr/bin/ceph: stderr
2024-04-01T00:03:18.859+0000 7f1c95672700 1 -- 172.21.15.62:0/664975736 >> [v2:172.21.15.62:6800/2581181143,v1:172.21.15.62:6801/2581181143] conn(0x7f1c78036870 msgr2=0x7f1c78038d20 secure :-1 s=STATE_CONNECTION_ESTABLISHED l=1).mark_down
2024-04-01T00:03:19.442 INFO:teuthology.orchestra.run.smithi062.stdout:/usr/bin/ceph: stderr
2024-04-01T00:03:18.859+0000 7f1c95672700 1 --2- 172.21.15.62:0/664975736 >> [v2:172.21.15.62:6800/2581181143,v1:172.21.15.62:6801/2581181143] conn(0x7f1c78036870 0x7f1c78038d20 secure :-1 s=READY pgs=8 cs=0 l=1 rev1=1 crypto rx=0x7f1c84009990 tx=0x7f1c84006e40 comp rx=0 tx=0).stop
2024-04-01T00:03:19.442 INFO:teuthology.orchestra.run.smithi062.stdout:/usr/bin/ceph: stderr
2024-04-01T00:03:18.859+0000 7f1c95672700 1 -- 172.21.15.62:0/664975736 >> [v2:172.21.15.62:3300/0,v1:172.21.15.62:6789/0] conn(0x7f1c90076b30 msgr2=0x7f1c901116e0 secure :-1 s=STATE_CONNECTION_ESTABLISHED l=1).mark_down
2024-04-01T00:03:19.442 INFO:teuthology.orchestra.run.smithi062.stdout:/usr/bin/ceph: stderr
2024-04-01T00:03:18.859+0000 7f1c95672700 1 --2- 172.21.15.62:0/664975736 >> [v2:172.21.15.62:3300/0,v1:172.21.15.62:6789/0] conn(0x7f1c90076b30 0x7f1c901116e0 secure :-1 s=READY pgs=83 cs=0 l=1 rev1=1 crypto rx=0x7f1c80011e90 tx=0x7f1c80009250 comp rx=0 tx=0).stop
2024-04-01T00:03:19.442 INFO:teuthology.orchestra.run.smithi062.stdout:/usr/bin/ceph: stderr
2024-04-01T00:03:18.859+0000 7f1c95672700 1 -- 172.21.15.62:0/664975736 shutdown_connections
2024-04-01T00:03:19.442 INFO:teuthology.orchestra.run.smithi062.stdout:/usr/bin/ceph: stderr
2024-04-01T00:03:18.859+0000 7f1c95672700 1 --2- 172.21.15.62:0/664975736 >> [v2:172.21.15.62:6800/2581181143,v1:172.21.15.62:6801/2581181143] conn(0x7f1c78036870 0x7f1c78038d20 unknown :-1 s=CLOSED pgs=8 cs=0 l=1 rev1=1 crypto rx=0 tx=0 comp rx=0 tx=0).stop
2024-04-01T00:03:19.442 INFO:teuthology.orchestra.run.smithi062.stdout:/usr/bin/ceph: stderr
2024-04-01T00:03:18.859+0000 7f1c95672700 1 --2- 172.21.15.62:0/664975736 >> [v2:172.21.15.62:3300/0,v1:172.21.15.62:6789/0] conn(0x7f1c90076b30 0x7f1c901116e0 unknown :-1 s=CLOSED pgs=83 cs=0 l=1 rev1=1 crypto rx=0 tx=0 comp rx=0 tx=0).stop
2024-04-01T00:03:19.442 INFO:teuthology.orchestra.run.smithi062.stdout:/usr/bin/ceph: stderr
2024-04-01T00:03:18.859+0000 7f1c95672700 1 -- 172.21.15.62:0/664975736 >> 172.21.15.62:0/664975736 conn(0x7f1c900fcfa0 msgr2=0x7f1c900fdbb0 unknown :-1 s=STATE_NONE l=0).mark_down
2024-04-01T00:03:19.442 INFO:teuthology.orchestra.run.smithi062.stdout:/usr/bin/ceph: stderr
2024-04-01T00:03:18.860+0000 7f1c95672700 1 -- 172.21.15.62:0/664975736 shutdown_connections
2024-04-01T00:03:19.442 INFO:teuthology.orchestra.run.smithi062.stdout:/usr/bin/ceph: stderr
2024-04-01T00:03:18.860+0000 7f1c95672700 1 -- 172.21.15.62:0/664975736 wait complete.
2024-04-01T00:03:19.443 INFO:teuthology.orchestra.run.smithi062.stdout:Fetching dashboard port number...
2024-04-01T00:03:20.195 INFO:journalctl@ceph.mon.smithi062.smithi062.stdout:Apr 01 00:03:19 smithi062 ceph-mon[29259]: from='client.14176 -' entity='client.admin' cmd=[{"prefix": "dashboard ac-user-create", "username": "admin", "rolename": "administrator", "force_password": true, "pwd_update_required": true, "target": ["mon-mgr", ""]}]: dispatch
2024-04-01T00:03:20.195 INFO:journalctl@ceph.mon.smithi062.smithi062.stdout:Apr 01 00:03:19 smithi062 ceph-mon[29259]: from='mgr.14162 172.21.15.62:0/2141612763' entity='mgr.smithi062.btbmir'
2024-04-01T00:03:20.750 INFO:teuthology.orchestra.run.smithi062.stdout:/usr/bin/ceph: stdout 8443
2024-04-01T00:03:20.750 INFO:teuthology.orchestra.run.smithi062.stdout:/usr/bin/ceph: stderr
2024-04-01T00:03:19.809+0000 7f772c9ca700 1 Processor -- start
2024-04-01T00:03:20.750 INFO:teuthology.orchestra.run.smithi062.stdout:/usr/bin/ceph: stderr
2024-04-01T00:03:19.809+0000 7f772c9ca700 1 -- start start
2024-04-01T00:03:20.750 INFO:teuthology.orchestra.run.smithi062.stdout:/usr/bin/ceph: stderr
2024-04-01T00:03:19.809+0000 7f772c9ca700 1 --2- >> [v2:172.21.15.62:3300/0,v1:172.21.15.62:6789/0] conn(0x7f77280712a0 0x7f7728105500 unknown :-1 s=NONE pgs=0 cs=0 l=0 rev1=0 crypto rx=0 tx=0 comp rx=0 tx=0).connect
2024-04-01T00:03:20.750 INFO:teuthology.orchestra.run.smithi062.stdout:/usr/bin/ceph: stderr
2024-04-01T00:03:19.809+0000 7f772c9ca700 1 -- --> [v2:172.21.15.62:3300/0,v1:172.21.15.62:6789/0] -- mon_getmap magic: 0 v1 -- 0x7f7728105a40 con 0x7f77280712a0
2024-04-01T00:03:20.750 INFO:teuthology.orchestra.run.smithi062.stdout:/usr/bin/ceph: stderr
2024-04-01T00:03:19.809+0000 7f772659c700 1 --2- >> [v2:172.21.15.62:3300/0,v1:172.21.15.62:6789/0] conn(0x7f77280712a0 0x7f7728105500 unknown :-1 s=BANNER_CONNECTING pgs=0 cs=0 l=0 rev1=0 crypto rx=0 tx=0 comp rx=0 tx=0)._handle_peer_banner_payload supported=3 required=0
2024-04-01T00:03:20.750 INFO:teuthology.orchestra.run.smithi062.stdout:/usr/bin/ceph: stderr
2024-04-01T00:03:19.809+0000 7f772659c700 1 --2- >> [v2:172.21.15.62:3300/0,v1:172.21.15.62:6789/0] conn(0x7f77280712a0 0x7f7728105500 unknown :-1 s=HELLO_CONNECTING pgs=0 cs=0 l=0 rev1=1 crypto rx=0 tx=0 comp rx=0 tx=0).handle_hello peer v2:172.21.15.62:3300/0 says I am v2:172.21.15.62:33204/0 (socket says 172.21.15.62:33204)
2024-04-01T00:03:20.751 INFO:teuthology.orchestra.run.smithi062.stdout:/usr/bin/ceph: stderr
2024-04-01T00:03:19.809+0000 7f772659c700 1 -- 172.21.15.62:0/3929669550 learned_addr learned my addr 172.21.15.62:0/3929669550 (peer_addr_for_me v2:172.21.15.62:0/0)
2024-04-01T00:03:20.751 INFO:teuthology.orchestra.run.smithi062.stdout:/usr/bin/ceph: stderr
2024-04-01T00:03:19.809+0000 7f772659c700 1 -- 172.21.15.62:0/3929669550 --> [v2:172.21.15.62:3300/0,v1:172.21.15.62:6789/0] -- mon_subscribe({config=0+,monmap=0+}) v3 -- 0x7f7728105b80 con 0x7f77280712a0
2024-04-01T00:03:20.751 INFO:teuthology.orchestra.run.smithi062.stdout:/usr/bin/ceph: stderr
2024-04-01T00:03:19.810+0000 7f772659c700 1 --2- 172.21.15.62:0/3929669550 >> [v2:172.21.15.62:3300/0,v1:172.21.15.62:6789/0] conn(0x7f77280712a0 0x7f7728105500 secure :-1 s=READY pgs=84 cs=0 l=1 rev1=1 crypto rx=0x7f77180098e0 tx=0x7f7718009250 comp rx=0 tx=0).ready entity=mon.0 client_cookie=34afbad7a7690222 server_cookie=0 in_seq=0 out_seq=0
2024-04-01T00:03:20.751 INFO:teuthology.orchestra.run.smithi062.stdout:/usr/bin/ceph: stderr
2024-04-01T00:03:19.810+0000 7f772559a700 1 -- 172.21.15.62:0/3929669550 <== mon.0 v2:172.21.15.62:3300/0 1 ==== mon_map magic: 0 v1 ==== 229+0+0 (secure 0 0 0) 0x7f771800b860 con 0x7f77280712a0
2024-04-01T00:03:20.751 INFO:teuthology.orchestra.run.smithi062.stdout:/usr/bin/ceph: stderr
2024-04-01T00:03:19.810+0000 7f772559a700 1 -- 172.21.15.62:0/3929669550 <== mon.0 v2:172.21.15.62:3300/0 2 ==== config(27 keys) v1 ==== 1109+0+0 (secure 0 0 0) 0x7f771800be90 con 0x7f77280712a0
2024-04-01T00:03:20.751 INFO:teuthology.orchestra.run.smithi062.stdout:/usr/bin/ceph: stderr
2024-04-01T00:03:19.810+0000 7f772559a700 1 -- 172.21.15.62:0/3929669550 <== mon.0 v2:172.21.15.62:3300/0 3 ==== mon_map magic: 0 v1 ==== 229+0+0 (secure 0 0 0) 0x7f77180103c0 con 0x7f77280712a0
2024-04-01T00:03:20.751 INFO:teuthology.orchestra.run.smithi062.stdout:/usr/bin/ceph: stderr
2024-04-01T00:03:19.810+0000 7f772c9ca700 1 -- 172.21.15.62:0/3929669550 >> [v2:172.21.15.62:3300/0,v1:172.21.15.62:6789/0] conn(0x7f77280712a0 msgr2=0x7f7728105500 secure :-1 s=STATE_CONNECTION_ESTABLISHED l=1).mark_down
2024-04-01T00:03:20.751 INFO:teuthology.orchestra.run.smithi062.stdout:/usr/bin/ceph: stderr
2024-04-01T00:03:19.810+0000 7f772c9ca700 1 --2- 172.21.15.62:0/3929669550 >> [v2:172.21.15.62:3300/0,v1:172.21.15.62:6789/0] conn(0x7f77280712a0 0x7f7728105500 secure :-1 s=READY pgs=84 cs=0 l=1 rev1=1 crypto rx=0x7f77180098e0 tx=0x7f7718009250 comp rx=0 tx=0).stop
2024-04-01T00:03:20.751 INFO:teuthology.orchestra.run.smithi062.stdout:/usr/bin/ceph: stderr
2024-04-01T00:03:19.810+0000 7f772c9ca700 1 -- 172.21.15.62:0/3929669550 shutdown_connections
2024-04-01T00:03:20.751 INFO:teuthology.orchestra.run.smithi062.stdout:/usr/bin/ceph: stderr
2024-04-01T00:03:19.810+0000 7f772c9ca700 1 --2- 172.21.15.62:0/3929669550 >> [v2:172.21.15.62:3300/0,v1:172.21.15.62:6789/0] conn(0x7f77280712a0 0x7f7728105500 unknown :-1 s=CLOSED pgs=84 cs=0 l=1 rev1=1 crypto rx=0 tx=0 comp rx=0 tx=0).stop
2024-04-01T00:03:20.751 INFO:teuthology.orchestra.run.smithi062.stdout:/usr/bin/ceph: stderr
2024-04-01T00:03:19.811+0000 7f772c9ca700 1 -- 172.21.15.62:0/3929669550 >> 172.21.15.62:0/3929669550 conn(0x7f77280fcfb0 msgr2=0x7f77280ff3c0 unknown :-1 s=STATE_NONE l=0).mark_down
2024-04-01T00:03:20.752 INFO:teuthology.orchestra.run.smithi062.stdout:/usr/bin/ceph: stderr
2024-04-01T00:03:19.811+0000 7f772c9ca700 1 -- 172.21.15.62:0/3929669550 shutdown_connections
2024-04-01T00:03:20.752 INFO:teuthology.orchestra.run.smithi062.stdout:/usr/bin/ceph: stderr
2024-04-01T00:03:19.811+0000 7f772c9ca700 1 -- 172.21.15.62:0/3929669550 wait complete.
2024-04-01T00:03:20.752 INFO:teuthology.orchestra.run.smithi062.stdout:/usr/bin/ceph: stderr
2024-04-01T00:03:19.811+0000 7f772c9ca700 1 Processor -- start
2024-04-01T00:03:20.752 INFO:teuthology.orchestra.run.smithi062.stdout:/usr/bin/ceph: stderr
2024-04-01T00:03:19.811+0000 7f772c9ca700 1 -- start start
2024-04-01T00:03:20.752 INFO:teuthology.orchestra.run.smithi062.stdout:/usr/bin/ceph: stderr
2024-04-01T00:03:19.811+0000 7f772c9ca700 1 --2- >> [v2:172.21.15.62:3300/0,v1:172.21.15.62:6789/0] conn(0x7f77280712a0 0x7f7728111770 unknown :-1 s=NONE pgs=0 cs=0 l=1 rev1=0 crypto rx=0 tx=0 comp rx=0 tx=0).connect
2024-04-01T00:03:20.752 INFO:teuthology.orchestra.run.smithi062.stdout:/usr/bin/ceph: stderr
2024-04-01T00:03:19.811+0000 7f772c9ca700 1 -- --> [v2:172.21.15.62:3300/0,v1:172.21.15.62:6789/0] -- mon_getmap magic: 0 v1 -- 0x7f7728111cb0 con 0x7f77280712a0
2024-04-01T00:03:20.752 INFO:teuthology.orchestra.run.smithi062.stdout:/usr/bin/ceph: stderr
2024-04-01T00:03:19.811+0000 7f772659c700 1 --2- >> [v2:172.21.15.62:3300/0,v1:172.21.15.62:6789/0] conn(0x7f77280712a0 0x7f7728111770 unknown :-1 s=BANNER_CONNECTING pgs=0 cs=0 l=1 rev1=0 crypto rx=0 tx=0 comp rx=0 tx=0)._handle_peer_banner_payload supported=3 required=0
2024-04-01T00:03:20.752 INFO:teuthology.orchestra.run.smithi062.stdout:/usr/bin/ceph: stderr
2024-04-01T00:03:19.811+0000 7f772659c700 1 --2- >> [v2:172.21.15.62:3300/0,v1:172.21.15.62:6789/0] conn(0x7f77280712a0 0x7f7728111770 unknown :-1 s=HELLO_CONNECTING pgs=0 cs=0 l=1 rev1=1 crypto rx=0 tx=0 comp rx=0 tx=0).handle_hello peer v2:172.21.15.62:3300/0 says I am v2:172.21.15.62:33218/0 (socket says 172.21.15.62:33218)
2024-04-01T00:03:20.752 INFO:teuthology.orchestra.run.smithi062.stdout:/usr/bin/ceph: stderr
2024-04-01T00:03:19.811+0000 7f772659c700 1 -- 172.21.15.62:0/2536060653 learned_addr learned my addr 172.21.15.62:0/2536060653 (peer_addr_for_me v2:172.21.15.62:0/0)
2024-04-01T00:03:20.752 INFO:teuthology.orchestra.run.smithi062.stdout:/usr/bin/ceph: stderr
2024-04-01T00:03:19.812+0000 7f772659c700 1 -- 172.21.15.62:0/2536060653 --> [v2:172.21.15.62:3300/0,v1:172.21.15.62:6789/0] -- mon_subscribe({config=0+,monmap=0+}) v3 -- 0x7f77180094f0 con 0x7f77280712a0
2024-04-01T00:03:20.752 INFO:teuthology.orchestra.run.smithi062.stdout:/usr/bin/ceph: stderr
2024-04-01T00:03:19.812+0000 7f772659c700 1 --2- 172.21.15.62:0/2536060653 >> [v2:172.21.15.62:3300/0,v1:172.21.15.62:6789/0] conn(0x7f77280712a0 0x7f7728111770 secure :-1 s=READY pgs=85 cs=0 l=1 rev1=1 crypto rx=0x7f77180105b0 tx=0x7f7718009250 comp rx=0 tx=0).ready entity=mon.0 client_cookie=0 server_cookie=0 in_seq=0 out_seq=0
2024-04-01T00:03:20.753 INFO:teuthology.orchestra.run.smithi062.stdout:/usr/bin/ceph: stderr
2024-04-01T00:03:19.812+0000 7f7716ffd700 1 -- 172.21.15.62:0/2536060653 <== mon.0 v2:172.21.15.62:3300/0 1 ==== mon_map magic: 0 v1 ==== 229+0+0 (secure 0 0 0) 0x7f7718010840 con 0x7f77280712a0
2024-04-01T00:03:20.753 INFO:teuthology.orchestra.run.smithi062.stdout:/usr/bin/ceph: stderr
2024-04-01T00:03:19.812+0000 7f7716ffd700 1 -- 172.21.15.62:0/2536060653 <== mon.0 v2:172.21.15.62:3300/0 2 ==== config(27 keys) v1 ==== 1109+0+0 (secure 0 0 0) 0x7f7718010e70 con 0x7f77280712a0
2024-04-01T00:03:20.753 INFO:teuthology.orchestra.run.smithi062.stdout:/usr/bin/ceph: stderr
2024-04-01T00:03:19.812+0000 7f772c9ca700 1 -- 172.21.15.62:0/2536060653 --> [v2:172.21.15.62:3300/0,v1:172.21.15.62:6789/0] -- mon_subscribe({mgrmap=0+}) v3 -- 0x7f7728111eb0 con 0x7f77280712a0
2024-04-01T00:03:20.753 INFO:teuthology.orchestra.run.smithi062.stdout:/usr/bin/ceph: stderr
2024-04-01T00:03:19.812+0000 7f7716ffd700 1 -- 172.21.15.62:0/2536060653 <== mon.0 v2:172.21.15.62:3300/0 3 ==== mon_map magic: 0 v1 ==== 229+0+0 (secure 0 0 0) 0x7f771801ae30 con 0x7f77280712a0
2024-04-01T00:03:20.753 INFO:teuthology.orchestra.run.smithi062.stdout:/usr/bin/ceph: stderr
2024-04-01T00:03:19.812+0000 7f772c9ca700 1 -- 172.21.15.62:0/2536060653 --> [v2:172.21.15.62:3300/0,v1:172.21.15.62:6789/0] -- mon_subscribe({osdmap=0}) v3 -- 0x7f7728112a20 con 0x7f77280712a0
2024-04-01T00:03:20.753 INFO:teuthology.orchestra.run.smithi062.stdout:/usr/bin/ceph: stderr
2024-04-01T00:03:19.813+0000 7f7716ffd700 1 -- 172.21.15.62:0/2536060653 <== mon.0 v2:172.21.15.62:3300/0 4 ==== mgrmap(e 12) v1 ==== 43381+0+0 (secure 0 0 0) 0x7f77180109a0 con 0x7f77280712a0
2024-04-01T00:03:20.753 INFO:teuthology.orchestra.run.smithi062.stdout:/usr/bin/ceph: stderr
2024-04-01T00:03:19.813+0000 7f772c9ca700 1 -- 172.21.15.62:0/2536060653 --> [v2:172.21.15.62:3300/0,v1:172.21.15.62:6789/0] -- mon_command({"prefix": "get_command_descriptions"} v 0) v1 -- 0x7f772805f5f0 con 0x7f77280712a0
2024-04-01T00:03:20.753 INFO:teuthology.orchestra.run.smithi062.stdout:/usr/bin/ceph: stderr
2024-04-01T00:03:19.813+0000 7f7716ffd700 1 --2- 172.21.15.62:0/2536060653 >> [v2:172.21.15.62:6800/2581181143,v1:172.21.15.62:6801/2581181143] conn(0x7f7710036830 0x7f7710038ce0 unknown :-1 s=NONE pgs=0 cs=0 l=1 rev1=0 crypto rx=0 tx=0 comp rx=0 tx=0).connect
2024-04-01T00:03:20.753 INFO:teuthology.orchestra.run.smithi062.stdout:/usr/bin/ceph: stderr
2024-04-01T00:03:19.813+0000 7f7716ffd700 1 -- 172.21.15.62:0/2536060653 <== mon.0 v2:172.21.15.62:3300/0 5 ==== osd_map(3..3 src has 1..3) v4 ==== 1151+0+0 (secure 0 0 0) 0x7f771804a2a0 con 0x7f77280712a0
2024-04-01T00:03:20.754 INFO:teuthology.orchestra.run.smithi062.stdout:/usr/bin/ceph: stderr
2024-04-01T00:03:19.813+0000 7f7725d9b700 1 --2- 172.21.15.62:0/2536060653 >> [v2:172.21.15.62:6800/2581181143,v1:172.21.15.62:6801/2581181143] conn(0x7f7710036830 0x7f7710038ce0 unknown :-1 s=BANNER_CONNECTING pgs=0 cs=0 l=1 rev1=0 crypto rx=0 tx=0 comp rx=0 tx=0)._handle_peer_banner_payload supported=3 required=0
2024-04-01T00:03:20.754 INFO:teuthology.orchestra.run.smithi062.stdout:/usr/bin/ceph: stderr
2024-04-01T00:03:19.814+0000 7f7725d9b700 1 --2- 172.21.15.62:0/2536060653 >> [v2:172.21.15.62:6800/2581181143,v1:172.21.15.62:6801/2581181143] conn(0x7f7710036830 0x7f7710038ce0 secure :-1 s=READY pgs=9 cs=0 l=1 rev1=1 crypto rx=0x7f771c009990 tx=0x7f771c006e40 comp rx=0 tx=0).ready entity=mgr.14162 client_cookie=0 server_cookie=0 in_seq=0 out_seq=0
2024-04-01T00:03:20.754 INFO:teuthology.orchestra.run.smithi062.stdout:/usr/bin/ceph: stderr
2024-04-01T00:03:19.818+0000 7f7716ffd700 1 -- 172.21.15.62:0/2536060653 <== mon.0 v2:172.21.15.62:3300/0 6 ==== mon_command_ack([{"prefix": "get_command_descriptions"}]=0 v0) v1 ==== 72+0+176504 (secure 0 0 0) 0x7f771802b4d0 con 0x7f77280712a0
2024-04-01T00:03:20.754 INFO:teuthology.orchestra.run.smithi062.stdout:/usr/bin/ceph: stderr
2024-04-01T00:03:20.013+0000 7f772c9ca700 1 -- 172.21.15.62:0/2536060653 --> [v2:172.21.15.62:3300/0,v1:172.21.15.62:6789/0] -- mon_command({"prefix": "config get", "who": "mgr", "key": "mgr/dashboard/ssl_server_port"} v 0) v1 -- 0x7f772804bed0 con 0x7f77280712a0
2024-04-01T00:03:20.754 INFO:teuthology.orchestra.run.smithi062.stdout:/usr/bin/ceph: stderr
2024-04-01T00:03:20.014+0000 7f7716ffd700 1 -- 172.21.15.62:0/2536060653 <== mon.0 v2:172.21.15.62:3300/0 7 ==== mon_command_ack([{"prefix": "config get", "who": "mgr", "key": "mgr/dashboard/ssl_server_port"}]=0 v8) v1 ==== 112+0+5 (secure 0 0 0) 0x7f771802b2f0 con 0x7f77280712a0
2024-04-01T00:03:20.754 INFO:teuthology.orchestra.run.smithi062.stdout:/usr/bin/ceph: stderr
2024-04-01T00:03:20.016+0000 7f772c9ca700 1 -- 172.21.15.62:0/2536060653 >> [v2:172.21.15.62:6800/2581181143,v1:172.21.15.62:6801/2581181143] conn(0x7f7710036830 msgr2=0x7f7710038ce0 secure :-1 s=STATE_CONNECTION_ESTABLISHED l=1).mark_down
2024-04-01T00:03:20.754 INFO:teuthology.orchestra.run.smithi062.stdout:/usr/bin/ceph: stderr
2024-04-01T00:03:20.016+0000 7f772c9ca700 1 --2- 172.21.15.62:0/2536060653 >> [v2:172.21.15.62:6800/2581181143,v1:172.21.15.62:6801/2581181143] conn(0x7f7710036830 0x7f7710038ce0 secure :-1 s=READY pgs=9 cs=0 l=1 rev1=1 crypto rx=0x7f771c009990 tx=0x7f771c006e40 comp rx=0 tx=0).stop
2024-04-01T00:03:20.754 INFO:teuthology.orchestra.run.smithi062.stdout:/usr/bin/ceph: stderr
2024-04-01T00:03:20.016+0000 7f772c9ca700 1 -- 172.21.15.62:0/2536060653 >> [v2:172.21.15.62:3300/0,v1:172.21.15.62:6789/0] conn(0x7f77280712a0 msgr2=0x7f7728111770 secure :-1 s=STATE_CONNECTION_ESTABLISHED l=1).mark_down
2024-04-01T00:03:20.755 INFO:teuthology.orchestra.run.smithi062.stdout:/usr/bin/ceph: stderr
2024-04-01T00:03:20.016+0000 7f772c9ca700 1 --2- 172.21.15.62:0/2536060653 >> [v2:172.21.15.62:3300/0,v1:172.21.15.62:6789/0] conn(0x7f77280712a0 0x7f7728111770 secure :-1 s=READY pgs=85 cs=0 l=1 rev1=1 crypto rx=0x7f77180105b0 tx=0x7f7718009250 comp rx=0 tx=0).stop
2024-04-01T00:03:20.755 INFO:teuthology.orchestra.run.smithi062.stdout:/usr/bin/ceph: stderr
2024-04-01T00:03:20.016+0000 7f772c9ca700 1 -- 172.21.15.62:0/2536060653 shutdown_connections
2024-04-01T00:03:20.755 INFO:teuthology.orchestra.run.smithi062.stdout:/usr/bin/ceph: stderr
2024-04-01T00:03:20.016+0000 7f772c9ca700 1 --2- 172.21.15.62:0/2536060653 >> [v2:172.21.15.62:6800/2581181143,v1:172.21.15.62:6801/2581181143] conn(0x7f7710036830 0x7f7710038ce0 unknown :-1 s=CLOSED pgs=9 cs=0 l=1 rev1=1 crypto rx=0 tx=0 comp rx=0 tx=0).stop
2024-04-01T00:03:20.755 INFO:teuthology.orchestra.run.smithi062.stdout:/usr/bin/ceph: stderr
2024-04-01T00:03:20.016+0000 7f772c9ca700 1 --2- 172.21.15.62:0/2536060653 >> [v2:172.21.15.62:3300/0,v1:172.21.15.62:6789/0] conn(0x7f77280712a0 0x7f7728111770 unknown :-1 s=CLOSED pgs=85 cs=0 l=1 rev1=1 crypto rx=0 tx=0 comp rx=0 tx=0).stop
2024-04-01T00:03:20.755 INFO:teuthology.orchestra.run.smithi062.stdout:/usr/bin/ceph: stderr
2024-04-01T00:03:20.016+0000 7f772c9ca700 1 -- 172.21.15.62:0/2536060653 >> 172.21.15.62:0/2536060653 conn(0x7f77280fcfb0 msgr2=0x7f77280fdb80 unknown :-1 s=STATE_NONE l=0).mark_down
2024-04-01T00:03:20.755 INFO:teuthology.orchestra.run.smithi062.stdout:/usr/bin/ceph: stderr
2024-04-01T00:03:20.016+0000 7f772c9ca700 1 -- 172.21.15.62:0/2536060653 shutdown_connections
2024-04-01T00:03:20.755 INFO:teuthology.orchestra.run.smithi062.stdout:/usr/bin/ceph: stderr
2024-04-01T00:03:20.016+0000 7f772c9ca700 1 -- 172.21.15.62:0/2536060653 wait complete.
2024-04-01T00:03:20.756 INFO:teuthology.orchestra.run.smithi062.stdout:Non-zero exit code 1 from systemctl is-enabled firewalld.service
2024-04-01T00:03:20.756 INFO:teuthology.orchestra.run.smithi062.stdout:systemctl: stdout disabled
2024-04-01T00:03:20.761 INFO:teuthology.orchestra.run.smithi062.stdout:Non-zero exit code 3 from systemctl is-active firewalld.service
2024-04-01T00:03:20.761 INFO:teuthology.orchestra.run.smithi062.stdout:systemctl: stdout inactive
2024-04-01T00:03:20.762 INFO:teuthology.orchestra.run.smithi062.stdout:firewalld.service is not enabled
2024-04-01T00:03:20.762 INFO:teuthology.orchestra.run.smithi062.stdout:Not possible to open ports <[8443]>. firewalld.service is not available
2024-04-01T00:03:20.763 INFO:teuthology.orchestra.run.smithi062.stdout:Ceph Dashboard is now available at:
2024-04-01T00:03:20.763 INFO:teuthology.orchestra.run.smithi062.stdout:
2024-04-01T00:03:20.763 INFO:teuthology.orchestra.run.smithi062.stdout: URL: https://smithi062.front.sepia.ceph.com:8443/
2024-04-01T00:03:20.763 INFO:teuthology.orchestra.run.smithi062.stdout: User: admin
2024-04-01T00:03:20.763 INFO:teuthology.orchestra.run.smithi062.stdout: Password: 32n1kz00jb
2024-04-01T00:03:20.763 INFO:teuthology.orchestra.run.smithi062.stdout:
2024-04-01T00:03:20.764 INFO:teuthology.orchestra.run.smithi062.stdout:Saving cluster configuration to /var/lib/ceph/fcf9bb1c-efba-11ee-b647-cb9ed24678a4/config directory
2024-04-01T00:03:20.764 INFO:teuthology.orchestra.run.smithi062.stdout:Enabling autotune for osd_memory_target
2024-04-01T00:03:21.133 INFO:journalctl@ceph.mon.smithi062.smithi062.stdout:Apr 01 00:03:20 smithi062 ceph-mon[29259]: from='client.? 172.21.15.62:0/2536060653' entity='client.admin' cmd=[{"prefix": "config get", "who": "mgr", "key": "mgr/dashboard/ssl_server_port"}]: dispatch
2024-04-01T00:03:21.974 INFO:teuthology.orchestra.run.smithi062.stdout:/usr/bin/ceph: stderr
2024-04-01T00:03:21.131+0000 7f9c89153700 1 Processor -- start
2024-04-01T00:03:21.974 INFO:teuthology.orchestra.run.smithi062.stdout:/usr/bin/ceph: stderr
2024-04-01T00:03:21.131+0000 7f9c89153700 1 -- start start
2024-04-01T00:03:21.975 INFO:teuthology.orchestra.run.smithi062.stdout:/usr/bin/ceph: stderr
2024-04-01T00:03:21.131+0000 7f9c89153700 1 --2- >> [v2:172.21.15.62:3300/0,v1:172.21.15.62:6789/0] conn(0x7f9c841028f0 0x7f9c84102d00 unknown :-1 s=NONE pgs=0 cs=0 l=0 rev1=0 crypto rx=0 tx=0 comp rx=0 tx=0).connect
2024-04-01T00:03:21.975 INFO:teuthology.orchestra.run.smithi062.stdout:/usr/bin/ceph: stderr
2024-04-01T00:03:21.131+0000 7f9c89153700 1 -- --> [v2:172.21.15.62:3300/0,v1:172.21.15.62:6789/0] -- mon_getmap magic: 0 v1 -- 0x7f9c84103240 con 0x7f9c841028f0
2024-04-01T00:03:21.975 INFO:teuthology.orchestra.run.smithi062.stdout:/usr/bin/ceph: stderr
2024-04-01T00:03:21.131+0000 7f9c82d9d700 1 --2- >> [v2:172.21.15.62:3300/0,v1:172.21.15.62:6789/0] conn(0x7f9c841028f0 0x7f9c84102d00 unknown :-1 s=BANNER_CONNECTING pgs=0 cs=0 l=0 rev1=0 crypto rx=0 tx=0 comp rx=0 tx=0)._handle_peer_banner_payload supported=3 required=0
2024-04-01T00:03:21.975 INFO:teuthology.orchestra.run.smithi062.stdout:/usr/bin/ceph: stderr
2024-04-01T00:03:21.131+0000 7f9c82d9d700 1 --2- >> [v2:172.21.15.62:3300/0,v1:172.21.15.62:6789/0] conn(0x7f9c841028f0 0x7f9c84102d00 unknown :-1 s=HELLO_CONNECTING pgs=0 cs=0 l=0 rev1=1 crypto rx=0 tx=0 comp rx=0 tx=0).handle_hello peer v2:172.21.15.62:3300/0 says I am v2:172.21.15.62:33232/0 (socket says 172.21.15.62:33232)
2024-04-01T00:03:21.975 INFO:teuthology.orchestra.run.smithi062.stdout:/usr/bin/ceph: stderr
2024-04-01T00:03:21.131+0000 7f9c82d9d700 1 -- 172.21.15.62:0/768465572 learned_addr learned my addr 172.21.15.62:0/768465572 (peer_addr_for_me v2:172.21.15.62:0/0)
2024-04-01T00:03:21.975 INFO:teuthology.orchestra.run.smithi062.stdout:/usr/bin/ceph: stderr
2024-04-01T00:03:21.132+0000 7f9c82d9d700 1 -- 172.21.15.62:0/768465572 --> [v2:172.21.15.62:3300/0,v1:172.21.15.62:6789/0] -- mon_subscribe({config=0+,monmap=0+}) v3 -- 0x7f9c84103380 con 0x7f9c841028f0
2024-04-01T00:03:21.975 INFO:teuthology.orchestra.run.smithi062.stdout:/usr/bin/ceph: stderr
2024-04-01T00:03:21.132+0000 7f9c82d9d700 1 --2- 172.21.15.62:0/768465572 >> [v2:172.21.15.62:3300/0,v1:172.21.15.62:6789/0] conn(0x7f9c841028f0 0x7f9c84102d00 secure :-1 s=READY pgs=86 cs=0 l=1 rev1=1 crypto rx=0x7f9c7c009e50 tx=0x7f9c7c009840 comp rx=0 tx=0).ready entity=mon.0 client_cookie=4d7f0cbf6a4103f2 server_cookie=0 in_seq=0 out_seq=0
2024-04-01T00:03:21.975 INFO:teuthology.orchestra.run.smithi062.stdout:/usr/bin/ceph: stderr
2024-04-01T00:03:21.132+0000 7f9c81d9b700 1 -- 172.21.15.62:0/768465572 <== mon.0 v2:172.21.15.62:3300/0 1 ==== mon_map magic: 0 v1 ==== 229+0+0 (secure 0 0 0) 0x7f9c7c0092e0 con 0x7f9c841028f0
