2024-04-01T00:09:27.135+0000 7f021c0db700 1 -- 172.21.15.49:0/2506350787 --> [v2:172.21.15.49:3300/0,v1:172.21.15.49:6789/0] -- mon_command({"prefix": "get_command_descriptions"} v 0) -- 0x7f0214063870 con 0x7f0214106be0
2024-04-01T00:09:28.542 INFO:teuthology.orchestra.run.smithi049.stdout:/usr/bin/ceph: stderr
2024-04-01T00:09:27.135+0000 7f020affd700 1 --2- 172.21.15.49:0/2506350787 >> [v2:172.21.15.49:6800/2325690976,v1:172.21.15.49:6801/2325690976] conn(0x7f0200038e00 0x7f020003b2c0 unknown :-1 s=NONE pgs=0 cs=0 l=1 rev1=0 crypto rx=0 tx=0 comp rx=0 tx=0).connect
2024-04-01T00:09:28.543 INFO:teuthology.orchestra.run.smithi049.stdout:/usr/bin/ceph: stderr
2024-04-01T00:09:27.135+0000 7f020affd700 1 -- 172.21.15.49:0/2506350787 <== mon.0 v2:172.21.15.49:3300/0 5 ==== osd_map(2..2 src has 1..2) ==== 940+0+0 (secure 0 0 0) 0x7f021004cf90 con 0x7f0214106be0
2024-04-01T00:09:28.543 INFO:teuthology.orchestra.run.smithi049.stdout:/usr/bin/ceph: stderr
2024-04-01T00:09:27.135+0000 7f0219676700 1 --2- 172.21.15.49:0/2506350787 >> [v2:172.21.15.49:6800/2325690976,v1:172.21.15.49:6801/2325690976] conn(0x7f0200038e00 0x7f020003b2c0 unknown :-1 s=BANNER_CONNECTING pgs=0 cs=0 l=1 rev1=0 crypto rx=0 tx=0 comp rx=0 tx=0)._handle_peer_banner_payload supported=3 required=0
2024-04-01T00:09:28.543 INFO:teuthology.orchestra.run.smithi049.stdout:/usr/bin/ceph: stderr
2024-04-01T00:09:27.135+0000 7f0219676700 1 --2- 172.21.15.49:0/2506350787 >> [v2:172.21.15.49:6800/2325690976,v1:172.21.15.49:6801/2325690976] conn(0x7f0200038e00 0x7f020003b2c0 secure :-1 s=READY pgs=9 cs=0 l=1 rev1=1 crypto rx=0x7f0204006fd0 tx=0x7f0204006e40 comp rx=0 tx=0).ready entity=mgr.14118 client_cookie=0 server_cookie=0 in_seq=0 out_seq=0
2024-04-01T00:09:28.543 INFO:teuthology.orchestra.run.smithi049.stdout:/usr/bin/ceph: stderr
2024-04-01T00:09:27.140+0000 7f020affd700 1 -- 172.21.15.49:0/2506350787 <== mon.0 v2:172.21.15.49:3300/0 6 ==== mon_command_ack([{"prefix": "get_command_descriptions"}]=0 v0) ==== 72+0+184932 (secure 0 0 0) 0x7f0210016dd0 con 0x7f0214106be0
2024-04-01T00:09:28.543 INFO:teuthology.orchestra.run.smithi049.stdout:/usr/bin/ceph: stderr
2024-04-01T00:09:27.346+0000 7f021c0db700 1 -- 172.21.15.49:0/2506350787 --> [v2:172.21.15.49:6800/2325690976,v1:172.21.15.49:6801/2325690976] -- mgr_command(tid 0: {"prefix": "cephadm generate-key", "target": ["mon-mgr", ""]}) -- 0x7f02140008d0 con 0x7f0200038e00
2024-04-01T00:09:28.543 INFO:teuthology.orchestra.run.smithi049.stdout:/usr/bin/ceph: stderr
2024-04-01T00:09:27.974+0000 7f020affd700 1 -- 172.21.15.49:0/2506350787 <== mgr.14118 v2:172.21.15.49:6800/2325690976 1 ==== mgr_command_reply(tid 0: 0 ) ==== 8+0+0 (secure 0 0 0) 0x7f02140008d0 con 0x7f0200038e00
2024-04-01T00:09:28.543 INFO:teuthology.orchestra.run.smithi049.stdout:/usr/bin/ceph: stderr
2024-04-01T00:09:27.976+0000 7f021c0db700 1 -- 172.21.15.49:0/2506350787 >> [v2:172.21.15.49:6800/2325690976,v1:172.21.15.49:6801/2325690976] conn(0x7f0200038e00 msgr2=0x7f020003b2c0 secure :-1 s=STATE_CONNECTION_ESTABLISHED l=1).mark_down
2024-04-01T00:09:28.543 INFO:teuthology.orchestra.run.smithi049.stdout:/usr/bin/ceph: stderr
2024-04-01T00:09:27.976+0000 7f021c0db700 1 --2- 172.21.15.49:0/2506350787 >> [v2:172.21.15.49:6800/2325690976,v1:172.21.15.49:6801/2325690976] conn(0x7f0200038e00 0x7f020003b2c0 secure :-1 s=READY pgs=9 cs=0 l=1 rev1=1 crypto rx=0x7f0204006fd0 tx=0x7f0204006e40 comp rx=0 tx=0).stop
2024-04-01T00:09:28.543 INFO:teuthology.orchestra.run.smithi049.stdout:/usr/bin/ceph: stderr
2024-04-01T00:09:27.976+0000 7f021c0db700 1 -- 172.21.15.49:0/2506350787 >> [v2:172.21.15.49:3300/0,v1:172.21.15.49:6789/0] conn(0x7f0214106be0 msgr2=0x7f021419bcc0 secure :-1 s=STATE_CONNECTION_ESTABLISHED l=1).mark_down
2024-04-01T00:09:28.543 INFO:teuthology.orchestra.run.smithi049.stdout:/usr/bin/ceph: stderr
2024-04-01T00:09:27.976+0000 7f021c0db700 1 --2- 172.21.15.49:0/2506350787 >> [v2:172.21.15.49:3300/0,v1:172.21.15.49:6789/0] conn(0x7f0214106be0 0x7f021419bcc0 secure :-1 s=READY pgs=40 cs=0 l=1 rev1=1 crypto rx=0x7f0210009fb0 tx=0x7f0210011bf0 comp rx=0 tx=0).stop
2024-04-01T00:09:28.543 INFO:teuthology.orchestra.run.smithi049.stdout:/usr/bin/ceph: stderr
2024-04-01T00:09:27.976+0000 7f021c0db700 1 -- 172.21.15.49:0/2506350787 shutdown_connections
2024-04-01T00:09:28.544 INFO:teuthology.orchestra.run.smithi049.stdout:/usr/bin/ceph: stderr
2024-04-01T00:09:27.976+0000 7f021c0db700 1 --2- 172.21.15.49:0/2506350787 >> [v2:172.21.15.49:6800/2325690976,v1:172.21.15.49:6801/2325690976] conn(0x7f0200038e00 0x7f020003b2c0 unknown :-1 s=CLOSED pgs=9 cs=0 l=1 rev1=1 crypto rx=0 tx=0 comp rx=0 tx=0).stop
2024-04-01T00:09:28.544 INFO:teuthology.orchestra.run.smithi049.stdout:/usr/bin/ceph: stderr
2024-04-01T00:09:27.976+0000 7f021c0db700 1 --2- 172.21.15.49:0/2506350787 >> [v2:172.21.15.49:3300/0,v1:172.21.15.49:6789/0] conn(0x7f0214106be0 0x7f021419bcc0 unknown :-1 s=CLOSED pgs=40 cs=0 l=1 rev1=1 crypto rx=0 tx=0 comp rx=0 tx=0).stop
2024-04-01T00:09:28.544 INFO:teuthology.orchestra.run.smithi049.stdout:/usr/bin/ceph: stderr
2024-04-01T00:09:27.976+0000 7f021c0db700 1 -- 172.21.15.49:0/2506350787 >> 172.21.15.49:0/2506350787 conn(0x7f0214102180 msgr2=0x7f0214103050 unknown :-1 s=STATE_NONE l=0).mark_down
2024-04-01T00:09:28.544 INFO:teuthology.orchestra.run.smithi049.stdout:/usr/bin/ceph: stderr
2024-04-01T00:09:27.976+0000 7f021c0db700 1 -- 172.21.15.49:0/2506350787 shutdown_connections
2024-04-01T00:09:28.544 INFO:teuthology.orchestra.run.smithi049.stdout:/usr/bin/ceph: stderr
2024-04-01T00:09:27.976+0000 7f021c0db700 1 -- 172.21.15.49:0/2506350787 wait complete.
2024-04-01T00:09:29.140 INFO:journalctl@ceph.mon.a.smithi049.stdout:Apr 01 00:09:28 smithi049 ceph-mon[32288]: from='mgr.14118 172.21.15.49:0/3703462318' entity='mgr.x'
2024-04-01T00:09:29.140 INFO:journalctl@ceph.mon.a.smithi049.stdout:Apr 01 00:09:28 smithi049 ceph-mon[32288]: from='mgr.14118 172.21.15.49:0/3703462318' entity='mgr.x'
2024-04-01T00:09:29.662 INFO:teuthology.orchestra.run.smithi049.stdout:/usr/bin/ceph: stdout ssh-rsa AAAAB3NzaC1yc2EAAAADAQABAAABgQC6A360UvOnycFGanlyu6I65uwpwKpSeIzXU4ZvoiraOISX2r0YHUvA6EREXQw8o78WTg66yjN8/tfA4dv3zyPr6CarbGVNRG/+r0j7rtzG3zvRxZrAofXc8Dz5TSg7+LLLdPQs8tMBRme8jzRg4i51106tiXAvfRyArNskH5cF+rojShMB0U2m51lDbmo2uYD6qVlN0LNI0VsbdPa+iTq86SQVNecpxjyvaELop5jhx7dyaJw3aWCmguQ0pgnw5WxXZnN0oXv+Zsdm1Y5f6AwZmAFS0PAvzmMn6PS91XCbu+IfzIxqco9WuPFrVxl5Xh17NTIcas395b2cn/VDnnyECNthQOVOT2mJEw1d+DfU1ZjsQCndIkZoQW29LC97O5otP5j6FXM7MkVJ+UPiAw64JEDkSg2doCllOYRKyLDbKJy50rcl4/ZcuAyhD+JNGmk0O7Uct4AjJyRKVmcsHtd/+4IyUV1fM6FC/qME/GEzMXlDVu+Ym0o0AGl9UEcy8sU= ceph-df5faa48-efbb-11ee-b647-cb9ed24678a4
2024-04-01T00:09:29.662 INFO:teuthology.orchestra.run.smithi049.stdout:/usr/bin/ceph: stderr
2024-04-01T00:09:28.925+0000 7f829c029700 1 Processor -- start
2024-04-01T00:09:29.662 INFO:teuthology.orchestra.run.smithi049.stdout:/usr/bin/ceph: stderr
2024-04-01T00:09:28.925+0000 7f829c029700 1 -- start start
2024-04-01T00:09:29.662 INFO:teuthology.orchestra.run.smithi049.stdout:/usr/bin/ceph: stderr
2024-04-01T00:09:28.925+0000 7f829c029700 1 --2- >> [v2:172.21.15.49:3300/0,v1:172.21.15.49:6789/0] conn(0x7f8294107d50 0x7f8294108170 unknown :-1 s=NONE pgs=0 cs=0 l=0 rev1=0 crypto rx=0 tx=0 comp rx=0 tx=0).connect
2024-04-01T00:09:29.662 INFO:teuthology.orchestra.run.smithi049.stdout:/usr/bin/ceph: stderr
2024-04-01T00:09:28.925+0000 7f829c029700 1 -- --> [v2:172.21.15.49:3300/0,v1:172.21.15.49:6789/0] -- mon_getmap magic: 0 -- 0x7f82941086b0 con 0x7f8294107d50
2024-04-01T00:09:29.662 INFO:teuthology.orchestra.run.smithi049.stdout:/usr/bin/ceph: stderr
2024-04-01T00:09:28.925+0000 7f8299dc5700 1 --2- >> [v2:172.21.15.49:3300/0,v1:172.21.15.49:6789/0] conn(0x7f8294107d50 0x7f8294108170 unknown :-1 s=BANNER_CONNECTING pgs=0 cs=0 l=0 rev1=0 crypto rx=0 tx=0 comp rx=0 tx=0)._handle_peer_banner_payload supported=3 required=0
2024-04-01T00:09:29.662 INFO:teuthology.orchestra.run.smithi049.stdout:/usr/bin/ceph: stderr
2024-04-01T00:09:28.925+0000 7f8299dc5700 1 --2- >> [v2:172.21.15.49:3300/0,v1:172.21.15.49:6789/0] conn(0x7f8294107d50 0x7f8294108170 unknown :-1 s=HELLO_CONNECTING pgs=0 cs=0 l=0 rev1=1 crypto rx=0 tx=0 comp rx=0 tx=0).handle_hello peer v2:172.21.15.49:3300/0 says I am v2:172.21.15.49:40266/0 (socket says 172.21.15.49:40266)
2024-04-01T00:09:29.662 INFO:teuthology.orchestra.run.smithi049.stdout:/usr/bin/ceph: stderr
2024-04-01T00:09:28.925+0000 7f8299dc5700 1 -- 172.21.15.49:0/2334013456 learned_addr learned my addr 172.21.15.49:0/2334013456 (peer_addr_for_me v2:172.21.15.49:0/0)
2024-04-01T00:09:29.662 INFO:teuthology.orchestra.run.smithi049.stdout:/usr/bin/ceph: stderr
2024-04-01T00:09:28.926+0000 7f8299dc5700 1 -- 172.21.15.49:0/2334013456 --> [v2:172.21.15.49:3300/0,v1:172.21.15.49:6789/0] -- mon_subscribe({config=0+,monmap=0+}) -- 0x7f8294108830 con 0x7f8294107d50
2024-04-01T00:09:29.663 INFO:teuthology.orchestra.run.smithi049.stdout:/usr/bin/ceph: stderr
2024-04-01T00:09:28.926+0000 7f8299dc5700 1 --2- 172.21.15.49:0/2334013456 >> [v2:172.21.15.49:3300/0,v1:172.21.15.49:6789/0] conn(0x7f8294107d50 0x7f8294108170 secure :-1 s=READY pgs=41 cs=0 l=1 rev1=1 crypto rx=0x7f8284009e80 tx=0x7f828400b330 comp rx=0 tx=0).ready entity=mon.0 client_cookie=3223416208a6c30e server_cookie=0 in_seq=0 out_seq=0
2024-04-01T00:09:29.663 INFO:teuthology.orchestra.run.smithi049.stdout:/usr/bin/ceph: stderr
2024-04-01T00:09:28.926+0000 7f8298dc3700 1 -- 172.21.15.49:0/2334013456 <== mon.0 v2:172.21.15.49:3300/0 1 ==== mon_map magic: 0 ==== 205+0+0 (secure 0 0 0) 0x7f8284017070 con 0x7f8294107d50
2024-04-01T00:09:29.663 INFO:teuthology.orchestra.run.smithi049.stdout:/usr/bin/ceph: stderr
2024-04-01T00:09:28.926+0000 7f8298dc3700 1 -- 172.21.15.49:0/2334013456 <== mon.0 v2:172.21.15.49:3300/0 2 ==== config(27 keys) ==== 1109+0+0 (secure 0 0 0) 0x7f828400b8c0 con 0x7f8294107d50
2024-04-01T00:09:29.663 INFO:teuthology.orchestra.run.smithi049.stdout:/usr/bin/ceph: stderr
2024-04-01T00:09:28.926+0000 7f8298dc3700 1 -- 172.21.15.49:0/2334013456 <== mon.0 v2:172.21.15.49:3300/0 3 ==== mon_map magic: 0 ==== 205+0+0 (secure 0 0 0) 0x7f82840045c0 con 0x7f8294107d50
2024-04-01T00:09:29.663 INFO:teuthology.orchestra.run.smithi049.stdout:/usr/bin/ceph: stderr
2024-04-01T00:09:28.927+0000 7f829c029700 1 -- 172.21.15.49:0/2334013456 >> [v2:172.21.15.49:3300/0,v1:172.21.15.49:6789/0] conn(0x7f8294107d50 msgr2=0x7f8294108170 secure :-1 s=STATE_CONNECTION_ESTABLISHED l=1).mark_down
2024-04-01T00:09:29.663 INFO:teuthology.orchestra.run.smithi049.stdout:/usr/bin/ceph: stderr
2024-04-01T00:09:28.927+0000 7f829c029700 1 --2- 172.21.15.49:0/2334013456 >> [v2:172.21.15.49:3300/0,v1:172.21.15.49:6789/0] conn(0x7f8294107d50 0x7f8294108170 secure :-1 s=READY pgs=41 cs=0 l=1 rev1=1 crypto rx=0x7f8284009e80 tx=0x7f828400b330 comp rx=0 tx=0).stop
2024-04-01T00:09:29.663 INFO:teuthology.orchestra.run.smithi049.stdout:/usr/bin/ceph: stderr
2024-04-01T00:09:28.927+0000 7f829c029700 1 -- 172.21.15.49:0/2334013456 shutdown_connections
2024-04-01T00:09:29.663 INFO:teuthology.orchestra.run.smithi049.stdout:/usr/bin/ceph: stderr
2024-04-01T00:09:28.927+0000 7f829c029700 1 --2- 172.21.15.49:0/2334013456 >> [v2:172.21.15.49:3300/0,v1:172.21.15.49:6789/0] conn(0x7f8294107d50 0x7f8294108170 unknown :-1 s=CLOSED pgs=41 cs=0 l=1 rev1=1 crypto rx=0 tx=0 comp rx=0 tx=0).stop
2024-04-01T00:09:29.663 INFO:teuthology.orchestra.run.smithi049.stdout:/usr/bin/ceph: stderr
2024-04-01T00:09:28.927+0000 7f829c029700 1 -- 172.21.15.49:0/2334013456 >> 172.21.15.49:0/2334013456 conn(0x7f82941033d0 msgr2=0x7f82941057f0 unknown :-1 s=STATE_NONE l=0).mark_down
2024-04-01T00:09:29.663 INFO:teuthology.orchestra.run.smithi049.stdout:/usr/bin/ceph: stderr
2024-04-01T00:09:28.927+0000 7f829c029700 1 -- 172.21.15.49:0/2334013456 shutdown_connections
2024-04-01T00:09:29.663 INFO:teuthology.orchestra.run.smithi049.stdout:/usr/bin/ceph: stderr
2024-04-01T00:09:28.927+0000 7f829c029700 1 -- 172.21.15.49:0/2334013456 wait complete.
2024-04-01T00:09:29.663 INFO:teuthology.orchestra.run.smithi049.stdout:/usr/bin/ceph: stderr
2024-04-01T00:09:28.927+0000 7f829c029700 1 Processor -- start
2024-04-01T00:09:29.663 INFO:teuthology.orchestra.run.smithi049.stdout:/usr/bin/ceph: stderr
2024-04-01T00:09:28.927+0000 7f829c029700 1 -- start start
2024-04-01T00:09:29.664 INFO:teuthology.orchestra.run.smithi049.stdout:/usr/bin/ceph: stderr
2024-04-01T00:09:28.928+0000 7f829c029700 1 --2- >> [v2:172.21.15.49:3300/0,v1:172.21.15.49:6789/0] conn(0x7f8294107d50 0x7f829407daf0 unknown :-1 s=NONE pgs=0 cs=0 l=1 rev1=0 crypto rx=0 tx=0 comp rx=0 tx=0).connect
2024-04-01T00:09:29.664 INFO:teuthology.orchestra.run.smithi049.stdout:/usr/bin/ceph: stderr
2024-04-01T00:09:28.928+0000 7f829c029700 1 -- --> [v2:172.21.15.49:3300/0,v1:172.21.15.49:6789/0] -- mon_getmap magic: 0 -- 0x7f829410c170 con 0x7f8294107d50
2024-04-01T00:09:29.664 INFO:teuthology.orchestra.run.smithi049.stdout:/usr/bin/ceph: stderr
2024-04-01T00:09:28.928+0000 7f8299dc5700 1 --2- >> [v2:172.21.15.49:3300/0,v1:172.21.15.49:6789/0] conn(0x7f8294107d50 0x7f829407daf0 unknown :-1 s=BANNER_CONNECTING pgs=0 cs=0 l=1 rev1=0 crypto rx=0 tx=0 comp rx=0 tx=0)._handle_peer_banner_payload supported=3 required=0
2024-04-01T00:09:29.664 INFO:teuthology.orchestra.run.smithi049.stdout:/usr/bin/ceph: stderr
2024-04-01T00:09:28.928+0000 7f8299dc5700 1 --2- >> [v2:172.21.15.49:3300/0,v1:172.21.15.49:6789/0] conn(0x7f8294107d50 0x7f829407daf0 unknown :-1 s=HELLO_CONNECTING pgs=0 cs=0 l=1 rev1=1 crypto rx=0 tx=0 comp rx=0 tx=0).handle_hello peer v2:172.21.15.49:3300/0 says I am v2:172.21.15.49:40282/0 (socket says 172.21.15.49:40282)
2024-04-01T00:09:29.664 INFO:teuthology.orchestra.run.smithi049.stdout:/usr/bin/ceph: stderr
2024-04-01T00:09:28.928+0000 7f8299dc5700 1 -- 172.21.15.49:0/4117182216 learned_addr learned my addr 172.21.15.49:0/4117182216 (peer_addr_for_me v2:172.21.15.49:0/0)
2024-04-01T00:09:29.664 INFO:teuthology.orchestra.run.smithi049.stdout:/usr/bin/ceph: stderr
2024-04-01T00:09:28.928+0000 7f8299dc5700 1 -- 172.21.15.49:0/4117182216 --> [v2:172.21.15.49:3300/0,v1:172.21.15.49:6789/0] -- mon_subscribe({config=0+,monmap=0+}) -- 0x7f829407e030 con 0x7f8294107d50
2024-04-01T00:09:29.664 INFO:teuthology.orchestra.run.smithi049.stdout:/usr/bin/ceph: stderr
2024-04-01T00:09:28.928+0000 7f8299dc5700 1 --2- 172.21.15.49:0/4117182216 >> [v2:172.21.15.49:3300/0,v1:172.21.15.49:6789/0] conn(0x7f8294107d50 0x7f829407daf0 secure :-1 s=READY pgs=42 cs=0 l=1 rev1=1 crypto rx=0x7f8284004350 tx=0x7f828400bd50 comp rx=0 tx=0).ready entity=mon.0 client_cookie=0 server_cookie=0 in_seq=0 out_seq=0
2024-04-01T00:09:29.664 INFO:teuthology.orchestra.run.smithi049.stdout:/usr/bin/ceph: stderr
2024-04-01T00:09:28.928+0000 7f8292ffd700 1 -- 172.21.15.49:0/4117182216 <== mon.0 v2:172.21.15.49:3300/0 1 ==== mon_map magic: 0 ==== 205+0+0 (secure 0 0 0) 0x7f8284020020 con 0x7f8294107d50
2024-04-01T00:09:29.664 INFO:teuthology.orchestra.run.smithi049.stdout:/usr/bin/ceph: stderr
2024-04-01T00:09:28.928+0000 7f8292ffd700 1 -- 172.21.15.49:0/4117182216 <== mon.0 v2:172.21.15.49:3300/0 2 ==== config(27 keys) ==== 1109+0+0 (secure 0 0 0) 0x7f8284003c10 con 0x7f8294107d50
2024-04-01T00:09:29.664 INFO:teuthology.orchestra.run.smithi049.stdout:/usr/bin/ceph: stderr
2024-04-01T00:09:28.928+0000 7f8292ffd700 1 -- 172.21.15.49:0/4117182216 <== mon.0 v2:172.21.15.49:3300/0 3 ==== mon_map magic: 0 ==== 205+0+0 (secure 0 0 0) 0x7f8284017040 con 0x7f8294107d50
2024-04-01T00:09:29.664 INFO:teuthology.orchestra.run.smithi049.stdout:/usr/bin/ceph: stderr
2024-04-01T00:09:28.928+0000 7f829c029700 1 -- 172.21.15.49:0/4117182216 --> [v2:172.21.15.49:3300/0,v1:172.21.15.49:6789/0] -- mon_subscribe({mgrmap=0+}) -- 0x7f829407c220 con 0x7f8294107d50
2024-04-01T00:09:29.664 INFO:teuthology.orchestra.run.smithi049.stdout:/usr/bin/ceph: stderr
2024-04-01T00:09:28.928+0000 7f829c029700 1 -- 172.21.15.49:0/4117182216 --> [v2:172.21.15.49:3300/0,v1:172.21.15.49:6789/0] -- mon_subscribe({osdmap=0}) -- 0x7f829407c760 con 0x7f8294107d50
2024-04-01T00:09:29.664 INFO:teuthology.orchestra.run.smithi049.stdout:/usr/bin/ceph: stderr
2024-04-01T00:09:28.929+0000 7f8292ffd700 1 -- 172.21.15.49:0/4117182216 <== mon.0 v2:172.21.15.49:3300/0 4 ==== mgrmap(e 8) ==== 46116+0+0 (secure 0 0 0) 0x7f8284023020 con 0x7f8294107d50
2024-04-01T00:09:29.664 INFO:teuthology.orchestra.run.smithi049.stdout:/usr/bin/ceph: stderr
2024-04-01T00:09:28.929+0000 7f829c029700 1 -- 172.21.15.49:0/4117182216 --> [v2:172.21.15.49:3300/0,v1:172.21.15.49:6789/0] -- mon_command({"prefix": "get_command_descriptions"} v 0) -- 0x7f8294063870 con 0x7f8294107d50
2024-04-01T00:09:29.665 INFO:teuthology.orchestra.run.smithi049.stdout:/usr/bin/ceph: stderr
2024-04-01T00:09:28.929+0000 7f8292ffd700 1 --2- 172.21.15.49:0/4117182216 >> [v2:172.21.15.49:6800/2325690976,v1:172.21.15.49:6801/2325690976] conn(0x7f827c038e00 0x7f827c03b2c0 unknown :-1 s=NONE pgs=0 cs=0 l=1 rev1=0 crypto rx=0 tx=0 comp rx=0 tx=0).connect
2024-04-01T00:09:29.665 INFO:teuthology.orchestra.run.smithi049.stdout:/usr/bin/ceph: stderr
2024-04-01T00:09:28.930+0000 7f8292ffd700 1 -- 172.21.15.49:0/4117182216 <== mon.0 v2:172.21.15.49:3300/0 5 ==== osd_map(2..2 src has 1..2) ==== 940+0+0 (secure 0 0 0) 0x7f828400f050 con 0x7f8294107d50
2024-04-01T00:09:29.665 INFO:teuthology.orchestra.run.smithi049.stdout:/usr/bin/ceph: stderr
2024-04-01T00:09:28.930+0000 7f82995c4700 1 --2- 172.21.15.49:0/4117182216 >> [v2:172.21.15.49:6800/2325690976,v1:172.21.15.49:6801/2325690976] conn(0x7f827c038e00 0x7f827c03b2c0 unknown :-1 s=BANNER_CONNECTING pgs=0 cs=0 l=1 rev1=0 crypto rx=0 tx=0 comp rx=0 tx=0)._handle_peer_banner_payload supported=3 required=0
2024-04-01T00:09:29.665 INFO:teuthology.orchestra.run.smithi049.stdout:/usr/bin/ceph: stderr
2024-04-01T00:09:28.930+0000 7f82995c4700 1 --2- 172.21.15.49:0/4117182216 >> [v2:172.21.15.49:6800/2325690976,v1:172.21.15.49:6801/2325690976] conn(0x7f827c038e00 0x7f827c03b2c0 secure :-1 s=READY pgs=10 cs=0 l=1 rev1=1 crypto rx=0x7f8288006fd0 tx=0x7f8288006e40 comp rx=0 tx=0).ready entity=mgr.14118 client_cookie=0 server_cookie=0 in_seq=0 out_seq=0
2024-04-01T00:09:29.665 INFO:teuthology.orchestra.run.smithi049.stdout:/usr/bin/ceph: stderr
2024-04-01T00:09:28.934+0000 7f8292ffd700 1 -- 172.21.15.49:0/4117182216 <== mon.0 v2:172.21.15.49:3300/0 6 ==== mon_command_ack([{"prefix": "get_command_descriptions"}]=0 v0) ==== 72+0+184932 (secure 0 0 0) 0x7f828402a020 con 0x7f8294107d50
2024-04-01T00:09:29.665 INFO:teuthology.orchestra.run.smithi049.stdout:/usr/bin/ceph: stderr
2024-04-01T00:09:29.139+0000 7f829c029700 1 -- 172.21.15.49:0/4117182216 --> [v2:172.21.15.49:6800/2325690976,v1:172.21.15.49:6801/2325690976] -- mgr_command(tid 0: {"prefix": "cephadm get-pub-key", "target": ["mon-mgr", ""]}) -- 0x7f8294104490 con 0x7f827c038e00
2024-04-01T00:09:29.665 INFO:teuthology.orchestra.run.smithi049.stdout:/usr/bin/ceph: stderr
2024-04-01T00:09:29.139+0000 7f8292ffd700 1 -- 172.21.15.49:0/4117182216 <== mgr.14118 v2:172.21.15.49:6800/2325690976 1 ==== mgr_command_reply(tid 0: 0 ) ==== 8+0+595 (secure 0 0 0) 0x7f8294104490 con 0x7f827c038e00
2024-04-01T00:09:29.665 INFO:teuthology.orchestra.run.smithi049.stdout:/usr/bin/ceph: stderr
2024-04-01T00:09:29.141+0000 7f829c029700 1 -- 172.21.15.49:0/4117182216 >> [v2:172.21.15.49:6800/2325690976,v1:172.21.15.49:6801/2325690976] conn(0x7f827c038e00 msgr2=0x7f827c03b2c0 secure :-1 s=STATE_CONNECTION_ESTABLISHED l=1).mark_down
2024-04-01T00:09:29.665 INFO:teuthology.orchestra.run.smithi049.stdout:/usr/bin/ceph: stderr
2024-04-01T00:09:29.141+0000 7f829c029700 1 --2- 172.21.15.49:0/4117182216 >> [v2:172.21.15.49:6800/2325690976,v1:172.21.15.49:6801/2325690976] conn(0x7f827c038e00 0x7f827c03b2c0 secure :-1 s=READY pgs=10 cs=0 l=1 rev1=1 crypto rx=0x7f8288006fd0 tx=0x7f8288006e40 comp rx=0 tx=0).stop
2024-04-01T00:09:29.665 INFO:teuthology.orchestra.run.smithi049.stdout:/usr/bin/ceph: stderr
2024-04-01T00:09:29.141+0000 7f829c029700 1 -- 172.21.15.49:0/4117182216 >> [v2:172.21.15.49:3300/0,v1:172.21.15.49:6789/0] conn(0x7f8294107d50 msgr2=0x7f829407daf0 secure :-1 s=STATE_CONNECTION_ESTABLISHED l=1).mark_down
2024-04-01T00:09:29.665 INFO:teuthology.orchestra.run.smithi049.stdout:/usr/bin/ceph: stderr
2024-04-01T00:09:29.141+0000 7f829c029700 1 --2- 172.21.15.49:0/4117182216 >> [v2:172.21.15.49:3300/0,v1:172.21.15.49:6789/0] conn(0x7f8294107d50 0x7f829407daf0 secure :-1 s=READY pgs=42 cs=0 l=1 rev1=1 crypto rx=0x7f8284004350 tx=0x7f828400bd50 comp rx=0 tx=0).stop
2024-04-01T00:09:29.665 INFO:teuthology.orchestra.run.smithi049.stdout:/usr/bin/ceph: stderr
2024-04-01T00:09:29.141+0000 7f829c029700 1 -- 172.21.15.49:0/4117182216 shutdown_connections
2024-04-01T00:09:29.665 INFO:teuthology.orchestra.run.smithi049.stdout:/usr/bin/ceph: stderr
2024-04-01T00:09:29.141+0000 7f829c029700 1 --2- 172.21.15.49:0/4117182216 >> [v2:172.21.15.49:6800/2325690976,v1:172.21.15.49:6801/2325690976] conn(0x7f827c038e00 0x7f827c03b2c0 unknown :-1 s=CLOSED pgs=10 cs=0 l=1 rev1=1 crypto rx=0 tx=0 comp rx=0 tx=0).stop
2024-04-01T00:09:29.666 INFO:teuthology.orchestra.run.smithi049.stdout:/usr/bin/ceph: stderr
2024-04-01T00:09:29.141+0000 7f829c029700 1 --2- 172.21.15.49:0/4117182216 >> [v2:172.21.15.49:3300/0,v1:172.21.15.49:6789/0] conn(0x7f8294107d50 0x7f829407daf0 unknown :-1 s=CLOSED pgs=42 cs=0 l=1 rev1=1 crypto rx=0 tx=0 comp rx=0 tx=0).stop
2024-04-01T00:09:29.666 INFO:teuthology.orchestra.run.smithi049.stdout:/usr/bin/ceph: stderr
2024-04-01T00:09:29.141+0000 7f829c029700 1 -- 172.21.15.49:0/4117182216 >> 172.21.15.49:0/4117182216 conn(0x7f82941033d0 msgr2=0x7f8294103d80 unknown :-1 s=STATE_NONE l=0).mark_down
2024-04-01T00:09:29.666 INFO:teuthology.orchestra.run.smithi049.stdout:/usr/bin/ceph: stderr
2024-04-01T00:09:29.142+0000 7f829c029700 1 -- 172.21.15.49:0/4117182216 shutdown_connections
2024-04-01T00:09:29.666 INFO:teuthology.orchestra.run.smithi049.stdout:/usr/bin/ceph: stderr
2024-04-01T00:09:29.142+0000 7f829c029700 1 -- 172.21.15.49:0/4117182216 wait complete.
2024-04-01T00:09:29.666 INFO:teuthology.orchestra.run.smithi049.stdout:Wrote public SSH key to /home/ubuntu/cephtest/ceph.pub
2024-04-01T00:09:29.666 INFO:teuthology.orchestra.run.smithi049.stdout:Adding key to root@localhost authorized_keys...
2024-04-01T00:09:29.666 INFO:teuthology.orchestra.run.smithi049.stdout:Adding host smithi049...
2024-04-01T00:09:30.056 INFO:journalctl@ceph.mon.a.smithi049.stdout:Apr 01 00:09:29 smithi049 ceph-mon[32288]: from='client.14136 -' entity='client.admin' cmd=[{"prefix": "cephadm get-pub-key", "target": ["mon-mgr", ""]}]: dispatch
2024-04-01T00:09:31.201 INFO:journalctl@ceph.mon.a.smithi049.stdout:Apr 01 00:09:30 smithi049 ceph-mon[32288]: from='client.14138 -' entity='client.admin' cmd=[{"prefix": "orch host add", "hostname": "smithi049", "addr": "172.21.15.49", "target": ["mon-mgr", ""]}]: dispatch
2024-04-01T00:09:32.459 INFO:journalctl@ceph.mon.a.smithi049.stdout:Apr 01 00:09:31 smithi049 ceph-mon[32288]: Deploying cephadm binary to smithi049
2024-04-01T00:09:35.302 INFO:teuthology.orchestra.run.smithi049.stdout:/usr/bin/ceph: stdout Added host 'smithi049' with addr '172.21.15.49'
2024-04-01T00:09:35.303 INFO:teuthology.orchestra.run.smithi049.stdout:/usr/bin/ceph: stderr
2024-04-01T00:09:30.098+0000 7f09d143f700 1 Processor -- start
2024-04-01T00:09:35.303 INFO:teuthology.orchestra.run.smithi049.stdout:/usr/bin/ceph: stderr
2024-04-01T00:09:30.098+0000 7f09d143f700 1 -- start start
2024-04-01T00:09:35.303 INFO:teuthology.orchestra.run.smithi049.stdout:/usr/bin/ceph: stderr
2024-04-01T00:09:30.098+0000 7f09d143f700 1 --2- >> [v2:172.21.15.49:3300/0,v1:172.21.15.49:6789/0] conn(0x7f09cc1087f0 0x7f09cc10abe0 unknown :-1 s=NONE pgs=0 cs=0 l=0 rev1=0 crypto rx=0 tx=0 comp rx=0 tx=0).connect
2024-04-01T00:09:35.303 INFO:teuthology.orchestra.run.smithi049.stdout:/usr/bin/ceph: stderr
2024-04-01T00:09:30.098+0000 7f09d143f700 1 -- --> [v2:172.21.15.49:3300/0,v1:172.21.15.49:6789/0] -- mon_getmap magic: 0 -- 0x7f09cc07bdb0 con 0x7f09cc1087f0
2024-04-01T00:09:35.303 INFO:teuthology.orchestra.run.smithi049.stdout:/usr/bin/ceph: stderr
2024-04-01T00:09:30.098+0000 7f09caffd700 1 --2- >> [v2:172.21.15.49:3300/0,v1:172.21.15.49:6789/0] conn(0x7f09cc1087f0 0x7f09cc10abe0 unknown :-1 s=BANNER_CONNECTING pgs=0 cs=0 l=0 rev1=0 crypto rx=0 tx=0 comp rx=0 tx=0)._handle_peer_banner_payload supported=3 required=0
2024-04-01T00:09:35.303 INFO:teuthology.orchestra.run.smithi049.stdout:/usr/bin/ceph: stderr
2024-04-01T00:09:30.098+0000 7f09caffd700 1 --2- >> [v2:172.21.15.49:3300/0,v1:172.21.15.49:6789/0] conn(0x7f09cc1087f0 0x7f09cc10abe0 unknown :-1 s=HELLO_CONNECTING pgs=0 cs=0 l=0 rev1=1 crypto rx=0 tx=0 comp rx=0 tx=0).handle_hello peer v2:172.21.15.49:3300/0 says I am v2:172.21.15.49:40290/0 (socket says 172.21.15.49:40290)
2024-04-01T00:09:35.303 INFO:teuthology.orchestra.run.smithi049.stdout:/usr/bin/ceph: stderr
2024-04-01T00:09:30.098+0000 7f09caffd700 1 -- 172.21.15.49:0/1185999757 learned_addr learned my addr 172.21.15.49:0/1185999757 (peer_addr_for_me v2:172.21.15.49:0/0)
2024-04-01T00:09:35.303 INFO:teuthology.orchestra.run.smithi049.stdout:/usr/bin/ceph: stderr
2024-04-01T00:09:30.099+0000 7f09caffd700 1 -- 172.21.15.49:0/1185999757 --> [v2:172.21.15.49:3300/0,v1:172.21.15.49:6789/0] -- mon_subscribe({config=0+,monmap=0+}) -- 0x7f09cc10b120 con 0x7f09cc1087f0
2024-04-01T00:09:35.303 INFO:teuthology.orchestra.run.smithi049.stdout:/usr/bin/ceph: stderr
2024-04-01T00:09:30.099+0000 7f09caffd700 1 --2- 172.21.15.49:0/1185999757 >> [v2:172.21.15.49:3300/0,v1:172.21.15.49:6789/0] conn(0x7f09cc1087f0 0x7f09cc10abe0 secure :-1 s=READY pgs=43 cs=0 l=1 rev1=1 crypto rx=0x7f09bc0098a0 tx=0x7f09bc009bb0 comp rx=0 tx=0).ready entity=mon.0 client_cookie=2ab165579e23c0e2 server_cookie=0 in_seq=0 out_seq=0
2024-04-01T00:09:35.303 INFO:teuthology.orchestra.run.smithi049.stdout:/usr/bin/ceph: stderr
2024-04-01T00:09:30.099+0000 7f09c9ffb700 1 -- 172.21.15.49:0/1185999757 <== mon.0 v2:172.21.15.49:3300/0 1 ==== mon_map magic: 0 ==== 205+0+0 (secure 0 0 0) 0x7f09bc004160 con 0x7f09cc1087f0
2024-04-01T00:09:35.303 INFO:teuthology.orchestra.run.smithi049.stdout:/usr/bin/ceph: stderr
2024-04-01T00:09:30.099+0000 7f09c9ffb700 1 -- 172.21.15.49:0/1185999757 <== mon.0 v2:172.21.15.49:3300/0 2 ==== config(27 keys) ==== 1109+0+0 (secure 0 0 0) 0x7f09bc004300 con 0x7f09cc1087f0
2024-04-01T00:09:35.303 INFO:teuthology.orchestra.run.smithi049.stdout:/usr/bin/ceph: stderr
2024-04-01T00:09:30.099+0000 7f09c9ffb700 1 -- 172.21.15.49:0/1185999757 <== mon.0 v2:172.21.15.49:3300/0 3 ==== mon_map magic: 0 ==== 205+0+0 (secure 0 0 0) 0x7f09bc011b50 con 0x7f09cc1087f0
2024-04-01T00:09:35.304 INFO:teuthology.orchestra.run.smithi049.stdout:/usr/bin/ceph: stderr
2024-04-01T00:09:30.099+0000 7f09d143f700 1 -- 172.21.15.49:0/1185999757 >> [v2:172.21.15.49:3300/0,v1:172.21.15.49:6789/0] conn(0x7f09cc1087f0 msgr2=0x7f09cc10abe0 secure :-1 s=STATE_CONNECTION_ESTABLISHED l=1).mark_down
2024-04-01T00:09:35.304 INFO:teuthology.orchestra.run.smithi049.stdout:/usr/bin/ceph: stderr
2024-04-01T00:09:30.099+0000 7f09d143f700 1 --2- 172.21.15.49:0/1185999757 >> [v2:172.21.15.49:3300/0,v1:172.21.15.49:6789/0] conn(0x7f09cc1087f0 0x7f09cc10abe0 secure :-1 s=READY pgs=43 cs=0 l=1 rev1=1 crypto rx=0x7f09bc0098a0 tx=0x7f09bc009bb0 comp rx=0 tx=0).stop
2024-04-01T00:09:35.304 INFO:teuthology.orchestra.run.smithi049.stdout:/usr/bin/ceph: stderr
2024-04-01T00:09:30.100+0000 7f09d143f700 1 -- 172.21.15.49:0/1185999757 shutdown_connections
2024-04-01T00:09:35.304 INFO:teuthology.orchestra.run.smithi049.stdout:/usr/bin/ceph: stderr
2024-04-01T00:09:30.100+0000 7f09d143f700 1 --2- 172.21.15.49:0/1185999757 >> [v2:172.21.15.49:3300/0,v1:172.21.15.49:6789/0] conn(0x7f09cc1087f0 0x7f09cc10abe0 unknown :-1 s=CLOSED pgs=43 cs=0 l=1 rev1=1 crypto rx=0 tx=0 comp rx=0 tx=0).stop
2024-04-01T00:09:35.304 INFO:teuthology.orchestra.run.smithi049.stdout:/usr/bin/ceph: stderr
2024-04-01T00:09:30.100+0000 7f09d143f700 1 -- 172.21.15.49:0/1185999757 >> 172.21.15.49:0/1185999757 conn(0x7f09cc1021a0 msgr2=0x7f09cc1045e0 unknown :-1 s=STATE_NONE l=0).mark_down
2024-04-01T00:09:35.304 INFO:teuthology.orchestra.run.smithi049.stdout:/usr/bin/ceph: stderr
2024-04-01T00:09:30.100+0000 7f09d143f700 1 -- 172.21.15.49:0/1185999757 shutdown_connections
2024-04-01T00:09:35.304 INFO:teuthology.orchestra.run.smithi049.stdout:/usr/bin/ceph: stderr
2024-04-01T00:09:30.100+0000 7f09d143f700 1 -- 172.21.15.49:0/1185999757 wait complete.
2024-04-01T00:09:35.304 INFO:teuthology.orchestra.run.smithi049.stdout:/usr/bin/ceph: stderr
2024-04-01T00:09:30.100+0000 7f09d143f700 1 Processor -- start
2024-04-01T00:09:35.304 INFO:teuthology.orchestra.run.smithi049.stdout:/usr/bin/ceph: stderr
2024-04-01T00:09:30.100+0000 7f09d143f700 1 -- start start
2024-04-01T00:09:35.304 INFO:teuthology.orchestra.run.smithi049.stdout:/usr/bin/ceph: stderr
2024-04-01T00:09:30.101+0000 7f09d143f700 1 --2- >> [v2:172.21.15.49:3300/0,v1:172.21.15.49:6789/0] conn(0x7f09cc1087f0 0x7f09cc108070 unknown :-1 s=NONE pgs=0 cs=0 l=1 rev1=0 crypto rx=0 tx=0 comp rx=0 tx=0).connect
2024-04-01T00:09:35.304 INFO:teuthology.orchestra.run.smithi049.stdout:/usr/bin/ceph: stderr
2024-04-01T00:09:30.101+0000 7f09d143f700 1 -- --> [v2:172.21.15.49:3300/0,v1:172.21.15.49:6789/0] -- mon_getmap magic: 0 -- 0x7f09cc10c0e0 con 0x7f09cc1087f0
2024-04-01T00:09:35.304 INFO:teuthology.orchestra.run.smithi049.stdout:/usr/bin/ceph: stderr
2024-04-01T00:09:30.101+0000 7f09caffd700 1 --2- >> [v2:172.21.15.49:3300/0,v1:172.21.15.49:6789/0] conn(0x7f09cc1087f0 0x7f09cc108070 unknown :-1 s=BANNER_CONNECTING pgs=0 cs=0 l=1 rev1=0 crypto rx=0 tx=0 comp rx=0 tx=0)._handle_peer_banner_payload supported=3 required=0
2024-04-01T00:09:35.304 INFO:teuthology.orchestra.run.smithi049.stdout:/usr/bin/ceph: stderr
2024-04-01T00:09:30.101+0000 7f09caffd700 1 --2- >> [v2:172.21.15.49:3300/0,v1:172.21.15.49:6789/0] conn(0x7f09cc1087f0 0x7f09cc108070 unknown :-1 s=HELLO_CONNECTING pgs=0 cs=0 l=1 rev1=1 crypto rx=0 tx=0 comp rx=0 tx=0).handle_hello peer v2:172.21.15.49:3300/0 says I am v2:172.21.15.49:40300/0 (socket says 172.21.15.49:40300)
2024-04-01T00:09:35.304 INFO:teuthology.orchestra.run.smithi049.stdout:/usr/bin/ceph: stderr
2024-04-01T00:09:30.101+0000 7f09caffd700 1 -- 172.21.15.49:0/1395118513 learned_addr learned my addr 172.21.15.49:0/1395118513 (peer_addr_for_me v2:172.21.15.49:0/0)
2024-04-01T00:09:35.305 INFO:teuthology.orchestra.run.smithi049.stdout:/usr/bin/ceph: stderr
2024-04-01T00:09:30.101+0000 7f09caffd700 1 -- 172.21.15.49:0/1395118513 --> [v2:172.21.15.49:3300/0,v1:172.21.15.49:6789/0] -- mon_subscribe({config=0+,monmap=0+}) -- 0x7f09cc1085b0 con 0x7f09cc1087f0
2024-04-01T00:09:35.305 INFO:teuthology.orchestra.run.smithi049.stdout:/usr/bin/ceph: stderr
2024-04-01T00:09:30.101+0000 7f09caffd700 1 --2- 172.21.15.49:0/1395118513 >> [v2:172.21.15.49:3300/0,v1:172.21.15.49:6789/0] conn(0x7f09cc1087f0 0x7f09cc108070 secure :-1 s=READY pgs=44 cs=0 l=1 rev1=1 crypto rx=0x7f09bc011b60 tx=0x7f09bc011c40 comp rx=0 tx=0).ready entity=mon.0 client_cookie=0 server_cookie=0 in_seq=0 out_seq=0
2024-04-01T00:09:35.305 INFO:teuthology.orchestra.run.smithi049.stdout:/usr/bin/ceph: stderr
2024-04-01T00:09:30.101+0000 7f09c3fff700 1 -- 172.21.15.49:0/1395118513 <== mon.0 v2:172.21.15.49:3300/0 1 ==== mon_map magic: 0 ==== 205+0+0 (secure 0 0 0) 0x7f09bc003b20 con 0x7f09cc1087f0
2024-04-01T00:09:35.305 INFO:teuthology.orchestra.run.smithi049.stdout:/usr/bin/ceph: stderr
2024-04-01T00:09:30.101+0000 7f09c3fff700 1 -- 172.21.15.49:0/1395118513 <== mon.0 v2:172.21.15.49:3300/0 2 ==== config(27 keys) ==== 1109+0+0 (secure 0 0 0) 0x7f09bc003cc0 con 0x7f09cc1087f0
2024-04-01T00:09:35.305 INFO:teuthology.orchestra.run.smithi049.stdout:/usr/bin/ceph: stderr
2024-04-01T00:09:30.101+0000 7f09d143f700 1 -- 172.21.15.49:0/1395118513 --> [v2:172.21.15.49:3300/0,v1:172.21.15.49:6789/0] -- mon_subscribe({mgrmap=0+}) -- 0x7f09cc1067a0 con 0x7f09cc1087f0
2024-04-01T00:09:35.305 INFO:teuthology.orchestra.run.smithi049.stdout:/usr/bin/ceph: stderr
2024-04-01T00:09:30.101+0000 7f09c3fff700 1 -- 172.21.15.49:0/1395118513 <== mon.0 v2:172.21.15.49:3300/0 3 ==== mon_map magic: 0 ==== 205+0+0 (secure 0 0 0) 0x7f09bc024840 con 0x7f09cc1087f0
2024-04-01T00:09:35.305 INFO:teuthology.orchestra.run.smithi049.stdout:/usr/bin/ceph: stderr
2024-04-01T00:09:30.102+0000 7f09d143f700 1 -- 172.21.15.49:0/1395118513 --> [v2:172.21.15.49:3300/0,v1:172.21.15.49:6789/0] -- mon_subscribe({osdmap=0}) -- 0x7f09cc106ce0 con 0x7f09cc1087f0
2024-04-01T00:09:35.306 INFO:teuthology.orchestra.run.smithi049.stdout:/usr/bin/ceph: stderr
2024-04-01T00:09:30.102+0000 7f09c3fff700 1 -- 172.21.15.49:0/1395118513 <== mon.0 v2:172.21.15.49:3300/0 4 ==== mgrmap(e 8) ==== 46116+0+0 (secure 0 0 0) 0x7f09bc022020 con 0x7f09cc1087f0
2024-04-01T00:09:35.306 INFO:teuthology.orchestra.run.smithi049.stdout:/usr/bin/ceph: stderr
2024-04-01T00:09:30.102+0000 7f09c3fff700 1 --2- 172.21.15.49:0/1395118513 >> [v2:172.21.15.49:6800/2325690976,v1:172.21.15.49:6801/2325690976] conn(0x7f09b8038e50 0x7f09b803b310 unknown :-1 s=NONE pgs=0 cs=0 l=1 rev1=0 crypto rx=0 tx=0 comp rx=0 tx=0).connect
2024-04-01T00:09:35.306 INFO:teuthology.orchestra.run.smithi049.stdout:/usr/bin/ceph: stderr
2024-04-01T00:09:30.102+0000 7f09c3fff700 1 -- 172.21.15.49:0/1395118513 <== mon.0 v2:172.21.15.49:3300/0 5 ==== osd_map(2..2 src has 1..2) ==== 940+0+0 (secure 0 0 0) 0x7f09bc011e00 con 0x7f09cc1087f0
2024-04-01T00:09:35.306 INFO:teuthology.orchestra.run.smithi049.stdout:/usr/bin/ceph: stderr
2024-04-01T00:09:30.103+0000 7f09ca7fc700 1 --2- 172.21.15.49:0/1395118513 >> [v2:172.21.15.49:6800/2325690976,v1:172.21.15.49:6801/2325690976] conn(0x7f09b8038e50 0x7f09b803b310 unknown :-1 s=BANNER_CONNECTING pgs=0 cs=0 l=1 rev1=0 crypto rx=0 tx=0 comp rx=0 tx=0)._handle_peer_banner_payload supported=3 required=0
2024-04-01T00:09:35.306 INFO:teuthology.orchestra.run.smithi049.stdout:/usr/bin/ceph: stderr
2024-04-01T00:09:30.103+0000 7f09d143f700 1 -- 172.21.15.49:0/1395118513 --> [v2:172.21.15.49:3300/0,v1:172.21.15.49:6789/0] -- mon_command({"prefix": "get_command_descriptions"} v 0) -- 0x7f09cc063870 con 0x7f09cc1087f0
2024-04-01T00:09:35.306 INFO:teuthology.orchestra.run.smithi049.stdout:/usr/bin/ceph: stderr
2024-04-01T00:09:30.103+0000 7f09ca7fc700 1 --2- 172.21.15.49:0/1395118513 >> [v2:172.21.15.49:6800/2325690976,v1:172.21.15.49:6801/2325690976] conn(0x7f09b8038e50 0x7f09b803b310 secure :-1 s=READY pgs=11 cs=0 l=1 rev1=1 crypto rx=0x7f09b4006fd0 tx=0x7f09b4006e40 comp rx=0 tx=0).ready entity=mgr.14118 client_cookie=0 server_cookie=0 in_seq=0 out_seq=0
2024-04-01T00:09:35.306 INFO:teuthology.orchestra.run.smithi049.stdout:/usr/bin/ceph: stderr
2024-04-01T00:09:30.108+0000 7f09c3fff700 1 -- 172.21.15.49:0/1395118513 <== mon.0 v2:172.21.15.49:3300/0 6 ==== mon_command_ack([{"prefix": "get_command_descriptions"}]=0 v0) ==== 72+0+184932 (secure 0 0 0) 0x7f09bc01a990 con 0x7f09cc1087f0
2024-04-01T00:09:35.306 INFO:teuthology.orchestra.run.smithi049.stdout:/usr/bin/ceph: stderr
2024-04-01T00:09:30.316+0000 7f09d143f700 1 -- 172.21.15.49:0/1395118513 --> [v2:172.21.15.49:6800/2325690976,v1:172.21.15.49:6801/2325690976] -- mgr_command(tid 0: {"prefix": "orch host add", "hostname": "smithi049", "addr": "172.21.15.49", "target": ["mon-mgr", ""]}) -- 0x7f09cc107410 con 0x7f09b8038e50
2024-04-01T00:09:35.306 INFO:teuthology.orchestra.run.smithi049.stdout:/usr/bin/ceph: stderr
2024-04-01T00:09:34.763+0000 7f09c3fff700 1 -- 172.21.15.49:0/1395118513 <== mgr.14118 v2:172.21.15.49:6800/2325690976 1 ==== mgr_command_reply(tid 0: 0 ) ==== 8+0+48 (secure 0 0 0) 0x7f09cc107410 con 0x7f09b8038e50
2024-04-01T00:09:35.306 INFO:teuthology.orchestra.run.smithi049.stdout:/usr/bin/ceph: stderr
2024-04-01T00:09:34.765+0000 7f09d143f700 1 -- 172.21.15.49:0/1395118513 >> [v2:172.21.15.49:6800/2325690976,v1:172.21.15.49:6801/2325690976] conn(0x7f09b8038e50 msgr2=0x7f09b803b310 secure :-1 s=STATE_CONNECTION_ESTABLISHED l=1).mark_down
2024-04-01T00:09:35.306 INFO:teuthology.orchestra.run.smithi049.stdout:/usr/bin/ceph: stderr
2024-04-01T00:09:34.765+0000 7f09d143f700 1 --2- 172.21.15.49:0/1395118513 >> [v2:172.21.15.49:6800/2325690976,v1:172.21.15.49:6801/2325690976] conn(0x7f09b8038e50 0x7f09b803b310 secure :-1 s=READY pgs=11 cs=0 l=1 rev1=1 crypto rx=0x7f09b4006fd0 tx=0x7f09b4006e40 comp rx=0 tx=0).stop
2024-04-01T00:09:35.306 INFO:teuthology.orchestra.run.smithi049.stdout:/usr/bin/ceph: stderr
2024-04-01T00:09:34.765+0000 7f09d143f700 1 -- 172.21.15.49:0/1395118513 >> [v2:172.21.15.49:3300/0,v1:172.21.15.49:6789/0] conn(0x7f09cc1087f0 msgr2=0x7f09cc108070 secure :-1 s=STATE_CONNECTION_ESTABLISHED l=1).mark_down
2024-04-01T00:09:35.306 INFO:teuthology.orchestra.run.smithi049.stdout:/usr/bin/ceph: stderr
2024-04-01T00:09:34.765+0000 7f09d143f700 1 --2- 172.21.15.49:0/1395118513 >> [v2:172.21.15.49:3300/0,v1:172.21.15.49:6789/0] conn(0x7f09cc1087f0 0x7f09cc108070 secure :-1 s=READY pgs=44 cs=0 l=1 rev1=1 crypto rx=0x7f09bc011b60 tx=0x7f09bc011c40 comp rx=0 tx=0).stop
2024-04-01T00:09:35.307 INFO:teuthology.orchestra.run.smithi049.stdout:/usr/bin/ceph: stderr
2024-04-01T00:09:34.766+0000 7f09d143f700 1 -- 172.21.15.49:0/1395118513 shutdown_connections
2024-04-01T00:09:35.307 INFO:teuthology.orchestra.run.smithi049.stdout:/usr/bin/ceph: stderr
2024-04-01T00:09:34.766+0000 7f09d143f700 1 --2- 172.21.15.49:0/1395118513 >> [v2:172.21.15.49:6800/2325690976,v1:172.21.15.49:6801/2325690976] conn(0x7f09b8038e50 0x7f09b803b310 unknown :-1 s=CLOSED pgs=11 cs=0 l=1 rev1=1 crypto rx=0 tx=0 comp rx=0 tx=0).stop
2024-04-01T00:09:35.307 INFO:teuthology.orchestra.run.smithi049.stdout:/usr/bin/ceph: stderr
2024-04-01T00:09:34.766+0000 7f09d143f700 1 --2- 172.21.15.49:0/1395118513 >> [v2:172.21.15.49:3300/0,v1:172.21.15.49:6789/0] conn(0x7f09cc1087f0 0x7f09cc108070 unknown :-1 s=CLOSED pgs=44 cs=0 l=1 rev1=1 crypto rx=0 tx=0 comp rx=0 tx=0).stop
2024-04-01T00:09:35.307 INFO:teuthology.orchestra.run.smithi049.stdout:/usr/bin/ceph: stderr
2024-04-01T00:09:34.766+0000 7f09d143f700 1 -- 172.21.15.49:0/1395118513 >> 172.21.15.49:0/1395118513 conn(0x7f09cc1021a0 msgr2=0x7f09cc102c60 unknown :-1 s=STATE_NONE l=0).mark_down
2024-04-01T00:09:35.307 INFO:teuthology.orchestra.run.smithi049.stdout:/usr/bin/ceph: stderr
2024-04-01T00:09:34.766+0000 7f09d143f700 1 -- 172.21.15.49:0/1395118513 shutdown_connections
2024-04-01T00:09:35.307 INFO:teuthology.orchestra.run.smithi049.stdout:/usr/bin/ceph: stderr
2024-04-01T00:09:34.766+0000 7f09d143f700 1 -- 172.21.15.49:0/1395118513 wait complete.
2024-04-01T00:09:35.307 INFO:teuthology.orchestra.run.smithi049.stdout:Deploying unmanaged mon service...
2024-04-01T00:09:36.023 INFO:journalctl@ceph.mon.a.smithi049.stdout:Apr 01 00:09:35 smithi049 ceph-mon[32288]: from='mgr.14118 172.21.15.49:0/3703462318' entity='mgr.x'
2024-04-01T00:09:36.023 INFO:journalctl@ceph.mon.a.smithi049.stdout:Apr 01 00:09:35 smithi049 ceph-mon[32288]: Added host smithi049
2024-04-01T00:09:36.023 INFO:journalctl@ceph.mon.a.smithi049.stdout:Apr 01 00:09:35 smithi049 ceph-mon[32288]: from='mgr.14118 172.21.15.49:0/3703462318' entity='mgr.x' cmd=[{"prefix": "config dump", "format": "json"}]: dispatch
2024-04-01T00:09:37.401 INFO:journalctl@ceph.mon.a.smithi049.stdout:Apr 01 00:09:37 smithi049 ceph-mon[32288]: from='client.14140 -' entity='client.admin' cmd=[{"prefix": "orch apply", "service_type": "mon", "unmanaged": true, "target": ["mon-mgr", ""]}]: dispatch
2024-04-01T00:09:37.401 INFO:journalctl@ceph.mon.a.smithi049.stdout:Apr 01 00:09:37 smithi049 ceph-mon[32288]: Saving service mon spec with placement count:5
2024-04-01T00:09:37.401 INFO:journalctl@ceph.mon.a.smithi049.stdout:Apr 01 00:09:37 smithi049 ceph-mon[32288]: from='mgr.14118 172.21.15.49:0/3703462318' entity='mgr.x'
2024-04-01T00:09:37.408 INFO:teuthology.orchestra.run.smithi049.stdout:/usr/bin/ceph: stdout Scheduled mon update...
2024-04-01T00:09:37.408 INFO:teuthology.orchestra.run.smithi049.stdout:/usr/bin/ceph: stderr
2024-04-01T00:09:35.769+0000 7fa50761b700 1 Processor -- start
2024-04-01T00:09:37.409 INFO:teuthology.orchestra.run.smithi049.stdout:/usr/bin/ceph: stderr
2024-04-01T00:09:35.769+0000 7fa50761b700 1 -- start start
2024-04-01T00:09:37.409 INFO:teuthology.orchestra.run.smithi049.stdout:/usr/bin/ceph: stderr
2024-04-01T00:09:35.770+0000 7fa50761b700 1 --2- >> [v2:172.21.15.49:3300/0,v1:172.21.15.49:6789/0] conn(0x7fa500105fa0 0x7fa5001063c0 unknown :-1 s=NONE pgs=0 cs=0 l=0 rev1=0 crypto rx=0 tx=0 comp rx=0 tx=0).connect
2024-04-01T00:09:37.409 INFO:teuthology.orchestra.run.smithi049.stdout:/usr/bin/ceph: stderr
2024-04-01T00:09:35.770+0000 7fa50761b700 1 -- --> [v2:172.21.15.49:3300/0,v1:172.21.15.49:6789/0] -- mon_getmap magic: 0 -- 0x7fa500106990 con 0x7fa500105fa0
2024-04-01T00:09:37.409 INFO:teuthology.orchestra.run.smithi049.stdout:/usr/bin/ceph: stderr
2024-04-01T00:09:35.770+0000 7fa5053b7700 1 --2- >> [v2:172.21.15.49:3300/0,v1:172.21.15.49:6789/0] conn(0x7fa500105fa0 0x7fa5001063c0 unknown :-1 s=BANNER_CONNECTING pgs=0 cs=0 l=0 rev1=0 crypto rx=0 tx=0 comp rx=0 tx=0)._handle_peer_banner_payload supported=3 required=0
2024-04-01T00:09:37.409 INFO:teuthology.orchestra.run.smithi049.stdout:/usr/bin/ceph: stderr
2024-04-01T00:09:35.770+0000 7fa5053b7700 1 --2- >> [v2:172.21.15.49:3300/0,v1:172.21.15.49:6789/0] conn(0x7fa500105fa0 0x7fa5001063c0 unknown :-1 s=HELLO_CONNECTING pgs=0 cs=0 l=0 rev1=1 crypto rx=0 tx=0 comp rx=0 tx=0).handle_hello peer v2:172.21.15.49:3300/0 says I am v2:172.21.15.49:41366/0 (socket says 172.21.15.49:41366)
2024-04-01T00:09:37.409 INFO:teuthology.orchestra.run.smithi049.stdout:/usr/bin/ceph: stderr
2024-04-01T00:09:35.770+0000 7fa5053b7700 1 -- 172.21.15.49:0/2451119550 learned_addr learned my addr 172.21.15.49:0/2451119550 (peer_addr_for_me v2:172.21.15.49:0/0)
2024-04-01T00:09:37.409 INFO:teuthology.orchestra.run.smithi049.stdout:/usr/bin/ceph: stderr
2024-04-01T00:09:35.770+0000 7fa5053b7700 1 -- 172.21.15.49:0/2451119550 --> [v2:172.21.15.49:3300/0,v1:172.21.15.49:6789/0] -- mon_subscribe({config=0+,monmap=0+}) -- 0x7fa500108f30 con 0x7fa500105fa0
2024-04-01T00:09:37.409 INFO:teuthology.orchestra.run.smithi049.stdout:/usr/bin/ceph: stderr
2024-04-01T00:09:35.770+0000 7fa5053b7700 1 --2- 172.21.15.49:0/2451119550 >> [v2:172.21.15.49:3300/0,v1:172.21.15.49:6789/0] conn(0x7fa500105fa0 0x7fa5001063c0 secure :-1 s=READY pgs=45 cs=0 l=1 rev1=1 crypto rx=0x7fa4f00098a0 tx=0x7fa4f0009bb0 comp rx=0 tx=0).ready entity=mon.0 client_cookie=ea7a4605d9311263 server_cookie=0 in_seq=0 out_seq=0
2024-04-01T00:09:37.409 INFO:teuthology.orchestra.run.smithi049.stdout:/usr/bin/ceph: stderr
2024-04-01T00:09:35.770+0000 7fa4f7fff700 1 -- 172.21.15.49:0/2451119550 <== mon.0 v2:172.21.15.49:3300/0 1 ==== mon_map magic: 0 ==== 205+0+0 (secure 0 0 0) 0x7fa4f0004160 con 0x7fa500105fa0
2024-04-01T00:09:37.409 INFO:teuthology.orchestra.run.smithi049.stdout:/usr/bin/ceph: stderr
2024-04-01T00:09:35.770+0000 7fa4f7fff700 1 -- 172.21.15.49:0/2451119550 <== mon.0 v2:172.21.15.49:3300/0 2 ==== config(27 keys) ==== 1109+0+0 (secure 0 0 0) 0x7fa4f0004300 con 0x7fa500105fa0
2024-04-01T00:09:37.409 INFO:teuthology.orchestra.run.smithi049.stdout:/usr/bin/ceph: stderr
2024-04-01T00:09:35.770+0000 7fa4f7fff700 1 -- 172.21.15.49:0/2451119550 <== mon.0 v2:172.21.15.49:3300/0 3 ==== mon_map magic: 0 ==== 205+0+0 (secure 0 0 0) 0x7fa4f0011b50 con 0x7fa500105fa0
2024-04-01T00:09:37.409 INFO:teuthology.orchestra.run.smithi049.stdout:/usr/bin/ceph: stderr
2024-04-01T00:09:35.771+0000 7fa50761b700 1 -- 172.21.15.49:0/2451119550 >> [v2:172.21.15.49:3300/0,v1:172.21.15.49:6789/0] conn(0x7fa500105fa0 msgr2=0x7fa5001063c0 secure :-1 s=STATE_CONNECTION_ESTABLISHED l=1).mark_down
2024-04-01T00:09:37.409 INFO:teuthology.orchestra.run.smithi049.stdout:/usr/bin/ceph: stderr
2024-04-01T00:09:35.771+0000 7fa50761b700 1 --2- 172.21.15.49:0/2451119550 >> [v2:172.21.15.49:3300/0,v1:172.21.15.49:6789/0] conn(0x7fa500105fa0 0x7fa5001063c0 secure :-1 s=READY pgs=45 cs=0 l=1 rev1=1 crypto rx=0x7fa4f00098a0 tx=0x7fa4f0009bb0 comp rx=0 tx=0).stop
2024-04-01T00:09:37.410 INFO:teuthology.orchestra.run.smithi049.stdout:/usr/bin/ceph: stderr
2024-04-01T00:09:35.771+0000 7fa50761b700 1 -- 172.21.15.49:0/2451119550 shutdown_connections
2024-04-01T00:09:37.410 INFO:teuthology.orchestra.run.smithi049.stdout:/usr/bin/ceph: stderr
2024-04-01T00:09:35.771+0000 7fa50761b700 1 --2- 172.21.15.49:0/2451119550 >> [v2:172.21.15.49:3300/0,v1:172.21.15.49:6789/0] conn(0x7fa500105fa0 0x7fa5001063c0 unknown :-1 s=CLOSED pgs=45 cs=0 l=1 rev1=1 crypto rx=0 tx=0 comp rx=0 tx=0).stop
2024-04-01T00:09:37.410 INFO:teuthology.orchestra.run.smithi049.stdout:/usr/bin/ceph: stderr
2024-04-01T00:09:35.771+0000 7fa50761b700 1 -- 172.21.15.49:0/2451119550 >> 172.21.15.49:0/2451119550 conn(0x7fa5001018b0 msgr2=0x7fa500103d10 unknown :-1 s=STATE_NONE l=0).mark_down
2024-04-01T00:09:37.410 INFO:teuthology.orchestra.run.smithi049.stdout:/usr/bin/ceph: stderr
2024-04-01T00:09:35.771+0000 7fa50761b700 1 -- 172.21.15.49:0/2451119550 shutdown_connections
2024-04-01T00:09:37.410 INFO:teuthology.orchestra.run.smithi049.stdout:/usr/bin/ceph: stderr
2024-04-01T00:09:35.771+0000 7fa50761b700 1 -- 172.21.15.49:0/2451119550 wait complete.
2024-04-01T00:09:37.410 INFO:teuthology.orchestra.run.smithi049.stdout:/usr/bin/ceph: stderr
2024-04-01T00:09:35.772+0000 7fa50761b700 1 Processor -- start
2024-04-01T00:09:37.410 INFO:teuthology.orchestra.run.smithi049.stdout:/usr/bin/ceph: stderr
2024-04-01T00:09:35.772+0000 7fa50761b700 1 -- start start
2024-04-01T00:09:37.410 INFO:teuthology.orchestra.run.smithi049.stdout:/usr/bin/ceph: stderr
2024-04-01T00:09:35.772+0000 7fa50761b700 1 --2- >> [v2:172.21.15.49:3300/0,v1:172.21.15.49:6789/0] conn(0x7fa500105fa0 0x7fa5001087b0 unknown :-1 s=NONE pgs=0 cs=0 l=1 rev1=0 crypto rx=0 tx=0 comp rx=0 tx=0).connect
2024-04-01T00:09:37.410 INFO:teuthology.orchestra.run.smithi049.stdout:/usr/bin/ceph: stderr
2024-04-01T00:09:35.772+0000 7fa50761b700 1 -- --> [v2:172.21.15.49:3300/0,v1:172.21.15.49:6789/0] -- mon_getmap magic: 0 -- 0x7fa50010c2e0 con 0x7fa500105fa0
2024-04-01T00:09:37.410 INFO:teuthology.orchestra.run.smithi049.stdout:/usr/bin/ceph: stderr
2024-04-01T00:09:35.772+0000 7fa5053b7700 1 --2- >> [v2:172.21.15.49:3300/0,v1:172.21.15.49:6789/0] conn(0x7fa500105fa0 0x7fa5001087b0 unknown :-1 s=BANNER_CONNECTING pgs=0 cs=0 l=1 rev1=0 crypto rx=0 tx=0 comp rx=0 tx=0)._handle_peer_banner_payload supported=3 required=0
2024-04-01T00:09:37.410 INFO:teuthology.orchestra.run.smithi049.stdout:/usr/bin/ceph: stderr
2024-04-01T00:09:35.772+0000 7fa5053b7700 1 --2- >> [v2:172.21.15.49:3300/0,v1:172.21.15.49:6789/0] conn(0x7fa500105fa0 0x7fa5001087b0 unknown :-1 s=HELLO_CONNECTING pgs=0 cs=0 l=1 rev1=1 crypto rx=0 tx=0 comp rx=0 tx=0).handle_hello peer v2:172.21.15.49:3300/0 says I am v2:172.21.15.49:41382/0 (socket says 172.21.15.49:41382)
2024-04-01T00:09:37.410 INFO:teuthology.orchestra.run.smithi049.stdout:/usr/bin/ceph: stderr
2024-04-01T00:09:35.772+0000 7fa5053b7700 1 -- 172.21.15.49:0/2109290707 learned_addr learned my addr 172.21.15.49:0/2109290707 (peer_addr_for_me v2:172.21.15.49:0/0)
2024-04-01T00:09:37.410 INFO:teuthology.orchestra.run.smithi049.stdout:/usr/bin/ceph: stderr
2024-04-01T00:09:35.772+0000 7fa5053b7700 1 -- 172.21.15.49:0/2109290707 --> [v2:172.21.15.49:3300/0,v1:172.21.15.49:6789/0] -- mon_subscribe({config=0+,monmap=0+}) -- 0x7fa500108cf0 con 0x7fa500105fa0
2024-04-01T00:09:37.410 INFO:teuthology.orchestra.run.smithi049.stdout:/usr/bin/ceph: stderr
2024-04-01T00:09:35.772+0000 7fa5053b7700 1 --2- 172.21.15.49:0/2109290707 >> [v2:172.21.15.49:3300/0,v1:172.21.15.49:6789/0] conn(0x7fa500105fa0 0x7fa5001087b0 secure :-1 s=READY pgs=46 cs=0 l=1 rev1=1 crypto rx=0x7fa4f0000c00 tx=0x7fa4f0011c10 comp rx=0 tx=0).ready entity=mon.0 client_cookie=0 server_cookie=0 in_seq=0 out_seq=0
2024-04-01T00:09:37.411 INFO:teuthology.orchestra.run.smithi049.stdout:/usr/bin/ceph: stderr
2024-04-01T00:09:35.772+0000 7fa4f67fc700 1 -- 172.21.15.49:0/2109290707 <== mon.0 v2:172.21.15.49:3300/0 1 ==== mon_map magic: 0 ==== 205+0+0 (secure 0 0 0) 0x7fa4f0003b20 con 0x7fa500105fa0
2024-04-01T00:09:37.411 INFO:teuthology.orchestra.run.smithi049.stdout:/usr/bin/ceph: stderr
2024-04-01T00:09:35.772+0000 7fa4f67fc700 1 -- 172.21.15.49:0/2109290707 <== mon.0 v2:172.21.15.49:3300/0 2 ==== config(27 keys) ==== 1109+0+0 (secure 0 0 0) 0x7fa4f0003cc0 con 0x7fa500105fa0
2024-04-01T00:09:37.411 INFO:teuthology.orchestra.run.smithi049.stdout:/usr/bin/ceph: stderr
2024-04-01T00:09:35.772+0000 7fa50761b700 1 -- 172.21.15.49:0/2109290707 --> [v2:172.21.15.49:3300/0,v1:172.21.15.49:6789/0] -- mon_subscribe({mgrmap=0+}) -- 0x7fa500106ee0 con 0x7fa500105fa0
2024-04-01T00:09:37.411 INFO:teuthology.orchestra.run.smithi049.stdout:/usr/bin/ceph: stderr
2024-04-01T00:09:35.772+0000 7fa4f67fc700 1 -- 172.21.15.49:0/2109290707 <== mon.0 v2:172.21.15.49:3300/0 3 ==== mon_map magic: 0 ==== 205+0+0 (secure 0 0 0) 0x7fa4f0024910 con 0x7fa500105fa0
2024-04-01T00:09:37.411 INFO:teuthology.orchestra.run.smithi049.stdout:/usr/bin/ceph: stderr
2024-04-01T00:09:35.772+0000 7fa50761b700 1 -- 172.21.15.49:0/2109290707 --> [v2:172.21.15.49:3300/0,v1:172.21.15.49:6789/0] -- mon_subscribe({osdmap=0}) -- 0x7fa500107420 con 0x7fa500105fa0
2024-04-01T00:09:37.411 INFO:teuthology.orchestra.run.smithi049.stdout:/usr/bin/ceph: stderr
2024-04-01T00:09:35.773+0000 7fa4f67fc700 1 -- 172.21.15.49:0/2109290707 <== mon.0 v2:172.21.15.49:3300/0 4 ==== mgrmap(e 8) ==== 46116+0+0 (secure 0 0 0) 0x7fa4f0022020 con 0x7fa500105fa0
2024-04-01T00:09:37.411 INFO:teuthology.orchestra.run.smithi049.stdout:/usr/bin/ceph: stderr
