2024-04-01T00:09:05.051+0000 7fbfc989f700 1 --2- >> [v2:172.21.15.136:3300/0,v1:172.21.15.136:6789/0] conn(0x7fbfc4106560 0x7fbfc407bc30 unknown :-1 s=NONE pgs=0 cs=0 l=1 rev1=0 crypto rx=0 tx=0 comp rx=0 tx=0).connect
2024-04-01T00:09:05.859 INFO:teuthology.orchestra.run.smithi136.stdout:/usr/bin/ceph: stderr
2024-04-01T00:09:05.051+0000 7fbfc989f700 1 -- --> [v2:172.21.15.136:3300/0,v1:172.21.15.136:6789/0] -- mon_getmap magic: 0 v1 -- 0x7fbfc407c170 con 0x7fbfc4106560
2024-04-01T00:09:05.859 INFO:teuthology.orchestra.run.smithi136.stdout:/usr/bin/ceph: stderr
2024-04-01T00:09:05.051+0000 7fbfc2ffd700 1 --2- >> [v2:172.21.15.136:3300/0,v1:172.21.15.136:6789/0] conn(0x7fbfc4106560 0x7fbfc407bc30 unknown :-1 s=BANNER_CONNECTING pgs=0 cs=0 l=1 rev1=0 crypto rx=0 tx=0 comp rx=0 tx=0)._handle_peer_banner_payload supported=3 required=0
2024-04-01T00:09:05.859 INFO:teuthology.orchestra.run.smithi136.stdout:/usr/bin/ceph: stderr
2024-04-01T00:09:05.051+0000 7fbfc2ffd700 1 --2- >> [v2:172.21.15.136:3300/0,v1:172.21.15.136:6789/0] conn(0x7fbfc4106560 0x7fbfc407bc30 unknown :-1 s=HELLO_CONNECTING pgs=0 cs=0 l=1 rev1=1 crypto rx=0 tx=0 comp rx=0 tx=0).handle_hello peer v2:172.21.15.136:3300/0 says I am v2:172.21.15.136:43894/0 (socket says 172.21.15.136:43894)
2024-04-01T00:09:05.859 INFO:teuthology.orchestra.run.smithi136.stdout:/usr/bin/ceph: stderr
2024-04-01T00:09:05.051+0000 7fbfc2ffd700 1 -- 172.21.15.136:0/3879287502 learned_addr learned my addr 172.21.15.136:0/3879287502 (peer_addr_for_me v2:172.21.15.136:0/0)
2024-04-01T00:09:05.859 INFO:teuthology.orchestra.run.smithi136.stdout:/usr/bin/ceph: stderr
2024-04-01T00:09:05.051+0000 7fbfc2ffd700 1 -- 172.21.15.136:0/3879287502 --> [v2:172.21.15.136:3300/0,v1:172.21.15.136:6789/0] -- mon_subscribe({config=0+,monmap=0+}) v3 -- 0x7fbfb8009550 con 0x7fbfc4106560
2024-04-01T00:09:05.860 INFO:teuthology.orchestra.run.smithi136.stdout:/usr/bin/ceph: stderr
2024-04-01T00:09:05.051+0000 7fbfc2ffd700 1 --2- 172.21.15.136:0/3879287502 >> [v2:172.21.15.136:3300/0,v1:172.21.15.136:6789/0] conn(0x7fbfc4106560 0x7fbfc407bc30 secure :-1 s=READY pgs=48 cs=0 l=1 rev1=1 crypto rx=0x7fbfb8006ba0 tx=0x7fbfb8011b50 comp rx=0 tx=0).ready entity=mon.0 client_cookie=0 server_cookie=0 in_seq=0 out_seq=0
2024-04-01T00:09:05.860 INFO:teuthology.orchestra.run.smithi136.stdout:/usr/bin/ceph: stderr
2024-04-01T00:09:05.051+0000 7fbfc889d700 1 -- 172.21.15.136:0/3879287502 <== mon.0 v2:172.21.15.136:3300/0 1 ==== mon_map magic: 0 v1 ==== 229+0+0 (secure 0 0 0) 0x7fbfb8003b00 con 0x7fbfc4106560
2024-04-01T00:09:05.860 INFO:teuthology.orchestra.run.smithi136.stdout:/usr/bin/ceph: stderr
2024-04-01T00:09:05.051+0000 7fbfc989f700 1 -- 172.21.15.136:0/3879287502 --> [v2:172.21.15.136:3300/0,v1:172.21.15.136:6789/0] -- mon_subscribe({mgrmap=0+}) v3 -- 0x7fbfc407a280 con 0x7fbfc4106560
2024-04-01T00:09:05.860 INFO:teuthology.orchestra.run.smithi136.stdout:/usr/bin/ceph: stderr
2024-04-01T00:09:05.052+0000 7fbfc889d700 1 -- 172.21.15.136:0/3879287502 <== mon.0 v2:172.21.15.136:3300/0 2 ==== config(27 keys) v1 ==== 1101+0+0 (secure 0 0 0) 0x7fbfb801a8e0 con 0x7fbfc4106560
2024-04-01T00:09:05.860 INFO:teuthology.orchestra.run.smithi136.stdout:/usr/bin/ceph: stderr
2024-04-01T00:09:05.052+0000 7fbfc889d700 1 -- 172.21.15.136:0/3879287502 <== mon.0 v2:172.21.15.136:3300/0 3 ==== mon_map magic: 0 v1 ==== 229+0+0 (secure 0 0 0) 0x7fbfb8019990 con 0x7fbfc4106560
2024-04-01T00:09:05.860 INFO:teuthology.orchestra.run.smithi136.stdout:/usr/bin/ceph: stderr
2024-04-01T00:09:05.052+0000 7fbfc989f700 1 -- 172.21.15.136:0/3879287502 --> [v2:172.21.15.136:3300/0,v1:172.21.15.136:6789/0] -- mon_subscribe({osdmap=0}) v3 -- 0x7fbfc407a720 con 0x7fbfc4106560
2024-04-01T00:09:05.860 INFO:teuthology.orchestra.run.smithi136.stdout:/usr/bin/ceph: stderr
2024-04-01T00:09:05.053+0000 7fbfc889d700 1 -- 172.21.15.136:0/3879287502 <== mon.0 v2:172.21.15.136:3300/0 4 ==== mgrmap(e 8) v1 ==== 45283+0+0 (secure 0 0 0) 0x7fbfb8019c50 con 0x7fbfc4106560
2024-04-01T00:09:05.861 INFO:teuthology.orchestra.run.smithi136.stdout:/usr/bin/ceph: stderr
2024-04-01T00:09:05.053+0000 7fbfc989f700 1 -- 172.21.15.136:0/3879287502 --> [v2:172.21.15.136:3300/0,v1:172.21.15.136:6789/0] -- mon_command({"prefix": "get_command_descriptions"} v 0) v1 -- 0x7fbfc40623c0 con 0x7fbfc4106560
2024-04-01T00:09:05.861 INFO:teuthology.orchestra.run.smithi136.stdout:/usr/bin/ceph: stderr
2024-04-01T00:09:05.053+0000 7fbfc889d700 1 --2- 172.21.15.136:0/3879287502 >> [v2:172.21.15.136:6800/2772004359,v1:172.21.15.136:6801/2772004359] conn(0x7fbfac0382d0 0x7fbfac03a790 unknown :-1 s=NONE pgs=0 cs=0 l=1 rev1=0 crypto rx=0 tx=0 comp rx=0 tx=0).connect
2024-04-01T00:09:05.861 INFO:teuthology.orchestra.run.smithi136.stdout:/usr/bin/ceph: stderr
2024-04-01T00:09:05.053+0000 7fbfc889d700 1 -- 172.21.15.136:0/3879287502 <== mon.0 v2:172.21.15.136:3300/0 5 ==== osd_map(2..2 src has 1..2) v4 ==== 940+0+0 (secure 0 0 0) 0x7fbfb804c5a0 con 0x7fbfc4106560
2024-04-01T00:09:05.861 INFO:teuthology.orchestra.run.smithi136.stdout:/usr/bin/ceph: stderr
2024-04-01T00:09:05.053+0000 7fbfc27fc700 1 --2- 172.21.15.136:0/3879287502 >> [v2:172.21.15.136:6800/2772004359,v1:172.21.15.136:6801/2772004359] conn(0x7fbfac0382d0 0x7fbfac03a790 unknown :-1 s=BANNER_CONNECTING pgs=0 cs=0 l=1 rev1=0 crypto rx=0 tx=0 comp rx=0 tx=0)._handle_peer_banner_payload supported=3 required=0
2024-04-01T00:09:05.861 INFO:teuthology.orchestra.run.smithi136.stdout:/usr/bin/ceph: stderr
2024-04-01T00:09:05.053+0000 7fbfc27fc700 1 --2- 172.21.15.136:0/3879287502 >> [v2:172.21.15.136:6800/2772004359,v1:172.21.15.136:6801/2772004359] conn(0x7fbfac0382d0 0x7fbfac03a790 secure :-1 s=READY pgs=12 cs=0 l=1 rev1=1 crypto rx=0x7fbfb4006fd0 tx=0x7fbfb4006e40 comp rx=0 tx=0).ready entity=mgr.14120 client_cookie=0 server_cookie=0 in_seq=0 out_seq=0
2024-04-01T00:09:05.861 INFO:teuthology.orchestra.run.smithi136.stdout:/usr/bin/ceph: stderr
2024-04-01T00:09:05.061+0000 7fbfc889d700 1 -- 172.21.15.136:0/3879287502 <== mon.0 v2:172.21.15.136:3300/0 6 ==== mon_command_ack([{"prefix": "get_command_descriptions"}]=0 v0) v1 ==== 72+0+180422 (secure 0 0 0) 0x7fbfb802b700 con 0x7fbfc4106560
2024-04-01T00:09:05.861 INFO:teuthology.orchestra.run.smithi136.stdout:/usr/bin/ceph: stderr
2024-04-01T00:09:05.271+0000 7fbfc989f700 1 -- 172.21.15.136:0/3879287502 --> [v2:172.21.15.136:6800/2772004359,v1:172.21.15.136:6801/2772004359] -- mgr_command(tid 0: {"prefix": "orch apply", "service_type": "mon", "target": ["mon-mgr", ""]}) v1 -- 0x7fbfc4102fa0 con 0x7fbfac0382d0
2024-04-01T00:09:05.861 INFO:teuthology.orchestra.run.smithi136.stdout:/usr/bin/ceph: stderr
2024-04-01T00:09:05.276+0000 7fbfc889d700 1 -- 172.21.15.136:0/3879287502 <== mgr.14120 v2:172.21.15.136:6800/2772004359 1 ==== mgr_command_reply(tid 0: 0 ) v1 ==== 8+0+24 (secure 0 0 0) 0x7fbfc4102fa0 con 0x7fbfac0382d0
2024-04-01T00:09:05.861 INFO:teuthology.orchestra.run.smithi136.stdout:/usr/bin/ceph: stderr
2024-04-01T00:09:05.278+0000 7fbfc989f700 1 -- 172.21.15.136:0/3879287502 >> [v2:172.21.15.136:6800/2772004359,v1:172.21.15.136:6801/2772004359] conn(0x7fbfac0382d0 msgr2=0x7fbfac03a790 secure :-1 s=STATE_CONNECTION_ESTABLISHED l=1).mark_down
2024-04-01T00:09:05.861 INFO:teuthology.orchestra.run.smithi136.stdout:/usr/bin/ceph: stderr
2024-04-01T00:09:05.278+0000 7fbfc989f700 1 --2- 172.21.15.136:0/3879287502 >> [v2:172.21.15.136:6800/2772004359,v1:172.21.15.136:6801/2772004359] conn(0x7fbfac0382d0 0x7fbfac03a790 secure :-1 s=READY pgs=12 cs=0 l=1 rev1=1 crypto rx=0x7fbfb4006fd0 tx=0x7fbfb4006e40 comp rx=0 tx=0).stop
2024-04-01T00:09:05.862 INFO:teuthology.orchestra.run.smithi136.stdout:/usr/bin/ceph: stderr
2024-04-01T00:09:05.278+0000 7fbfc989f700 1 -- 172.21.15.136:0/3879287502 >> [v2:172.21.15.136:3300/0,v1:172.21.15.136:6789/0] conn(0x7fbfc4106560 msgr2=0x7fbfc407bc30 secure :-1 s=STATE_CONNECTION_ESTABLISHED l=1).mark_down
2024-04-01T00:09:05.862 INFO:teuthology.orchestra.run.smithi136.stdout:/usr/bin/ceph: stderr
2024-04-01T00:09:05.278+0000 7fbfc989f700 1 --2- 172.21.15.136:0/3879287502 >> [v2:172.21.15.136:3300/0,v1:172.21.15.136:6789/0] conn(0x7fbfc4106560 0x7fbfc407bc30 secure :-1 s=READY pgs=48 cs=0 l=1 rev1=1 crypto rx=0x7fbfb8006ba0 tx=0x7fbfb8011b50 comp rx=0 tx=0).stop
2024-04-01T00:09:05.862 INFO:teuthology.orchestra.run.smithi136.stdout:/usr/bin/ceph: stderr
2024-04-01T00:09:05.278+0000 7fbfc989f700 1 -- 172.21.15.136:0/3879287502 shutdown_connections
2024-04-01T00:09:05.862 INFO:teuthology.orchestra.run.smithi136.stdout:/usr/bin/ceph: stderr
2024-04-01T00:09:05.278+0000 7fbfc989f700 1 --2- 172.21.15.136:0/3879287502 >> [v2:172.21.15.136:6800/2772004359,v1:172.21.15.136:6801/2772004359] conn(0x7fbfac0382d0 0x7fbfac03a790 unknown :-1 s=CLOSED pgs=12 cs=0 l=1 rev1=1 crypto rx=0 tx=0 comp rx=0 tx=0).stop
2024-04-01T00:09:05.862 INFO:teuthology.orchestra.run.smithi136.stdout:/usr/bin/ceph: stderr
2024-04-01T00:09:05.278+0000 7fbfc989f700 1 --2- 172.21.15.136:0/3879287502 >> [v2:172.21.15.136:3300/0,v1:172.21.15.136:6789/0] conn(0x7fbfc4106560 0x7fbfc407bc30 unknown :-1 s=CLOSED pgs=48 cs=0 l=1 rev1=1 crypto rx=0 tx=0 comp rx=0 tx=0).stop
2024-04-01T00:09:05.862 INFO:teuthology.orchestra.run.smithi136.stdout:/usr/bin/ceph: stderr
2024-04-01T00:09:05.278+0000 7fbfc989f700 1 -- 172.21.15.136:0/3879287502 >> 172.21.15.136:0/3879287502 conn(0x7fbfc4101b40 msgr2=0x7fbfc4102890 unknown :-1 s=STATE_NONE l=0).mark_down
2024-04-01T00:09:05.862 INFO:teuthology.orchestra.run.smithi136.stdout:/usr/bin/ceph: stderr
2024-04-01T00:09:05.278+0000 7fbfc989f700 1 -- 172.21.15.136:0/3879287502 shutdown_connections
2024-04-01T00:09:05.862 INFO:teuthology.orchestra.run.smithi136.stdout:/usr/bin/ceph: stderr
2024-04-01T00:09:05.278+0000 7fbfc989f700 1 -- 172.21.15.136:0/3879287502 wait complete.
2024-04-01T00:09:05.863 INFO:teuthology.orchestra.run.smithi136.stdout:Deploying mgr service with default placement...
2024-04-01T00:09:06.144 INFO:journalctl@ceph.mon.smithi136.smithi136.stdout:Apr 01 00:09:05 smithi136 ceph-mon[28998]: from='mgr.14120 172.21.15.136:0/2137744529' entity='mgr.smithi136.xfyavi'
2024-04-01T00:09:06.145 INFO:journalctl@ceph.mon.smithi136.smithi136.stdout:Apr 01 00:09:05 smithi136 ceph-mon[28998]: from='client.14142 -' entity='client.admin' cmd=[{"prefix": "orch apply", "service_type": "mon", "target": ["mon-mgr", ""]}]: dispatch
2024-04-01T00:09:06.145 INFO:journalctl@ceph.mon.smithi136.smithi136.stdout:Apr 01 00:09:05 smithi136 ceph-mon[28998]: Saving service mon spec with placement count:5
2024-04-01T00:09:06.145 INFO:journalctl@ceph.mon.smithi136.smithi136.stdout:Apr 01 00:09:05 smithi136 ceph-mon[28998]: from='mgr.14120 172.21.15.136:0/2137744529' entity='mgr.smithi136.xfyavi'
2024-04-01T00:09:06.145 INFO:journalctl@ceph.mon.smithi136.smithi136.stdout:Apr 01 00:09:05 smithi136 ceph-mon[28998]: from='mgr.14120 172.21.15.136:0/2137744529' entity='mgr.smithi136.xfyavi'
2024-04-01T00:09:07.577 INFO:journalctl@ceph.mon.smithi136.smithi136.stdout:Apr 01 00:09:07 smithi136 ceph-mon[28998]: from='client.14144 -' entity='client.admin' cmd=[{"prefix": "orch apply", "service_type": "mgr", "target": ["mon-mgr", ""]}]: dispatch
2024-04-01T00:09:07.577 INFO:journalctl@ceph.mon.smithi136.smithi136.stdout:Apr 01 00:09:07 smithi136 ceph-mon[28998]: Saving service mgr spec with placement count:2
2024-04-01T00:09:07.577 INFO:journalctl@ceph.mon.smithi136.smithi136.stdout:Apr 01 00:09:07 smithi136 ceph-mon[28998]: from='mgr.14120 172.21.15.136:0/2137744529' entity='mgr.smithi136.xfyavi'
2024-04-01T00:09:07.577 INFO:journalctl@ceph.mon.smithi136.smithi136.stdout:Apr 01 00:09:07 smithi136 ceph-mon[28998]: from='mgr.14120 172.21.15.136:0/2137744529' entity='mgr.smithi136.xfyavi'
2024-04-01T00:09:07.584 INFO:teuthology.orchestra.run.smithi136.stdout:/usr/bin/ceph: stdout Scheduled mgr update...
2024-04-01T00:09:07.584 INFO:teuthology.orchestra.run.smithi136.stdout:/usr/bin/ceph: stderr
2024-04-01T00:09:06.257+0000 7f8d9bc7d700 1 Processor -- start
2024-04-01T00:09:07.584 INFO:teuthology.orchestra.run.smithi136.stdout:/usr/bin/ceph: stderr
2024-04-01T00:09:06.257+0000 7f8d9bc7d700 1 -- start start
2024-04-01T00:09:07.584 INFO:teuthology.orchestra.run.smithi136.stdout:/usr/bin/ceph: stderr
2024-04-01T00:09:06.257+0000 7f8d9bc7d700 1 --2- >> [v2:172.21.15.136:3300/0,v1:172.21.15.136:6789/0] conn(0x7f8d94106580 0x7f8d941069a0 unknown :-1 s=NONE pgs=0 cs=0 l=0 rev1=0 crypto rx=0 tx=0 comp rx=0 tx=0).connect
2024-04-01T00:09:07.584 INFO:teuthology.orchestra.run.smithi136.stdout:/usr/bin/ceph: stderr
2024-04-01T00:09:06.257+0000 7f8d9bc7d700 1 -- --> [v2:172.21.15.136:3300/0,v1:172.21.15.136:6789/0] -- mon_getmap magic: 0 v1 -- 0x7f8d94106f70 con 0x7f8d94106580
2024-04-01T00:09:07.584 INFO:teuthology.orchestra.run.smithi136.stdout:/usr/bin/ceph: stderr
2024-04-01T00:09:06.257+0000 7f8d99a19700 1 --2- >> [v2:172.21.15.136:3300/0,v1:172.21.15.136:6789/0] conn(0x7f8d94106580 0x7f8d941069a0 unknown :-1 s=BANNER_CONNECTING pgs=0 cs=0 l=0 rev1=0 crypto rx=0 tx=0 comp rx=0 tx=0)._handle_peer_banner_payload supported=3 required=0
2024-04-01T00:09:07.584 INFO:teuthology.orchestra.run.smithi136.stdout:/usr/bin/ceph: stderr
2024-04-01T00:09:06.257+0000 7f8d99a19700 1 --2- >> [v2:172.21.15.136:3300/0,v1:172.21.15.136:6789/0] conn(0x7f8d94106580 0x7f8d941069a0 unknown :-1 s=HELLO_CONNECTING pgs=0 cs=0 l=0 rev1=1 crypto rx=0 tx=0 comp rx=0 tx=0).handle_hello peer v2:172.21.15.136:3300/0 says I am v2:172.21.15.136:43906/0 (socket says 172.21.15.136:43906)
2024-04-01T00:09:07.585 INFO:teuthology.orchestra.run.smithi136.stdout:/usr/bin/ceph: stderr
2024-04-01T00:09:06.257+0000 7f8d99a19700 1 -- 172.21.15.136:0/3825789244 learned_addr learned my addr 172.21.15.136:0/3825789244 (peer_addr_for_me v2:172.21.15.136:0/0)
2024-04-01T00:09:07.585 INFO:teuthology.orchestra.run.smithi136.stdout:/usr/bin/ceph: stderr
2024-04-01T00:09:06.258+0000 7f8d99a19700 1 -- 172.21.15.136:0/3825789244 --> [v2:172.21.15.136:3300/0,v1:172.21.15.136:6789/0] -- mon_subscribe({config=0+,monmap=0+}) v3 -- 0x7f8d94107780 con 0x7f8d94106580
2024-04-01T00:09:07.585 INFO:teuthology.orchestra.run.smithi136.stdout:/usr/bin/ceph: stderr
2024-04-01T00:09:06.258+0000 7f8d99a19700 1 --2- 172.21.15.136:0/3825789244 >> [v2:172.21.15.136:3300/0,v1:172.21.15.136:6789/0] conn(0x7f8d94106580 0x7f8d941069a0 secure :-1 s=READY pgs=49 cs=0 l=1 rev1=1 crypto rx=0x7f8d900098a0 tx=0x7f8d90009bb0 comp rx=0 tx=0).ready entity=mon.0 client_cookie=1f06409f2ae0ae15 server_cookie=0 in_seq=0 out_seq=0
2024-04-01T00:09:07.585 INFO:teuthology.orchestra.run.smithi136.stdout:/usr/bin/ceph: stderr
2024-04-01T00:09:06.258+0000 7f8d98a17700 1 -- 172.21.15.136:0/3825789244 <== mon.0 v2:172.21.15.136:3300/0 1 ==== mon_map magic: 0 v1 ==== 229+0+0 (secure 0 0 0) 0x7f8d90004180 con 0x7f8d94106580
2024-04-01T00:09:07.585 INFO:teuthology.orchestra.run.smithi136.stdout:/usr/bin/ceph: stderr
2024-04-01T00:09:06.258+0000 7f8d98a17700 1 -- 172.21.15.136:0/3825789244 <== mon.0 v2:172.21.15.136:3300/0 2 ==== config(27 keys) v1 ==== 1101+0+0 (secure 0 0 0) 0x7f8d900042e0 con 0x7f8d94106580
2024-04-01T00:09:07.585 INFO:teuthology.orchestra.run.smithi136.stdout:/usr/bin/ceph: stderr
2024-04-01T00:09:06.258+0000 7f8d98a17700 1 -- 172.21.15.136:0/3825789244 <== mon.0 v2:172.21.15.136:3300/0 3 ==== mon_map magic: 0 v1 ==== 229+0+0 (secure 0 0 0) 0x7f8d90011af0 con 0x7f8d94106580
2024-04-01T00:09:07.585 INFO:teuthology.orchestra.run.smithi136.stdout:/usr/bin/ceph: stderr
2024-04-01T00:09:06.258+0000 7f8d9bc7d700 1 -- 172.21.15.136:0/3825789244 >> [v2:172.21.15.136:3300/0,v1:172.21.15.136:6789/0] conn(0x7f8d94106580 msgr2=0x7f8d941069a0 secure :-1 s=STATE_CONNECTION_ESTABLISHED l=1).mark_down
2024-04-01T00:09:07.585 INFO:teuthology.orchestra.run.smithi136.stdout:/usr/bin/ceph: stderr
2024-04-01T00:09:06.258+0000 7f8d9bc7d700 1 --2- 172.21.15.136:0/3825789244 >> [v2:172.21.15.136:3300/0,v1:172.21.15.136:6789/0] conn(0x7f8d94106580 0x7f8d941069a0 secure :-1 s=READY pgs=49 cs=0 l=1 rev1=1 crypto rx=0x7f8d900098a0 tx=0x7f8d90009bb0 comp rx=0 tx=0).stop
2024-04-01T00:09:07.585 INFO:teuthology.orchestra.run.smithi136.stdout:/usr/bin/ceph: stderr
2024-04-01T00:09:06.259+0000 7f8d9bc7d700 1 -- 172.21.15.136:0/3825789244 shutdown_connections
2024-04-01T00:09:07.585 INFO:teuthology.orchestra.run.smithi136.stdout:/usr/bin/ceph: stderr
2024-04-01T00:09:06.259+0000 7f8d9bc7d700 1 --2- 172.21.15.136:0/3825789244 >> [v2:172.21.15.136:3300/0,v1:172.21.15.136:6789/0] conn(0x7f8d94106580 0x7f8d941069a0 unknown :-1 s=CLOSED pgs=49 cs=0 l=1 rev1=1 crypto rx=0 tx=0 comp rx=0 tx=0).stop
2024-04-01T00:09:07.585 INFO:teuthology.orchestra.run.smithi136.stdout:/usr/bin/ceph: stderr
2024-04-01T00:09:06.259+0000 7f8d9bc7d700 1 -- 172.21.15.136:0/3825789244 >> 172.21.15.136:0/3825789244 conn(0x7f8d94101b00 msgr2=0x7f8d94103f60 unknown :-1 s=STATE_NONE l=0).mark_down
2024-04-01T00:09:07.585 INFO:teuthology.orchestra.run.smithi136.stdout:/usr/bin/ceph: stderr
2024-04-01T00:09:06.259+0000 7f8d9bc7d700 1 -- 172.21.15.136:0/3825789244 shutdown_connections
2024-04-01T00:09:07.586 INFO:teuthology.orchestra.run.smithi136.stdout:/usr/bin/ceph: stderr
2024-04-01T00:09:06.259+0000 7f8d9bc7d700 1 -- 172.21.15.136:0/3825789244 wait complete.
2024-04-01T00:09:07.586 INFO:teuthology.orchestra.run.smithi136.stdout:/usr/bin/ceph: stderr
2024-04-01T00:09:06.259+0000 7f8d9bc7d700 1 Processor -- start
2024-04-01T00:09:07.586 INFO:teuthology.orchestra.run.smithi136.stdout:/usr/bin/ceph: stderr
2024-04-01T00:09:06.259+0000 7f8d9bc7d700 1 -- start start
2024-04-01T00:09:07.586 INFO:teuthology.orchestra.run.smithi136.stdout:/usr/bin/ceph: stderr
2024-04-01T00:09:06.259+0000 7f8d9bc7d700 1 --2- >> [v2:172.21.15.136:3300/0,v1:172.21.15.136:6789/0] conn(0x7f8d94106580 0x7f8d9419a290 unknown :-1 s=NONE pgs=0 cs=0 l=1 rev1=0 crypto rx=0 tx=0 comp rx=0 tx=0).connect
2024-04-01T00:09:07.586 INFO:teuthology.orchestra.run.smithi136.stdout:/usr/bin/ceph: stderr
2024-04-01T00:09:06.259+0000 7f8d9bc7d700 1 -- --> [v2:172.21.15.136:3300/0,v1:172.21.15.136:6789/0] -- mon_getmap magic: 0 v1 -- 0x7f8d9419a7d0 con 0x7f8d94106580
2024-04-01T00:09:07.586 INFO:teuthology.orchestra.run.smithi136.stdout:/usr/bin/ceph: stderr
2024-04-01T00:09:06.259+0000 7f8d99a19700 1 --2- >> [v2:172.21.15.136:3300/0,v1:172.21.15.136:6789/0] conn(0x7f8d94106580 0x7f8d9419a290 unknown :-1 s=BANNER_CONNECTING pgs=0 cs=0 l=1 rev1=0 crypto rx=0 tx=0 comp rx=0 tx=0)._handle_peer_banner_payload supported=3 required=0
2024-04-01T00:09:07.586 INFO:teuthology.orchestra.run.smithi136.stdout:/usr/bin/ceph: stderr
2024-04-01T00:09:06.259+0000 7f8d99a19700 1 --2- >> [v2:172.21.15.136:3300/0,v1:172.21.15.136:6789/0] conn(0x7f8d94106580 0x7f8d9419a290 unknown :-1 s=HELLO_CONNECTING pgs=0 cs=0 l=1 rev1=1 crypto rx=0 tx=0 comp rx=0 tx=0).handle_hello peer v2:172.21.15.136:3300/0 says I am v2:172.21.15.136:43922/0 (socket says 172.21.15.136:43922)
2024-04-01T00:09:07.586 INFO:teuthology.orchestra.run.smithi136.stdout:/usr/bin/ceph: stderr
2024-04-01T00:09:06.259+0000 7f8d99a19700 1 -- 172.21.15.136:0/206365939 learned_addr learned my addr 172.21.15.136:0/206365939 (peer_addr_for_me v2:172.21.15.136:0/0)
2024-04-01T00:09:07.586 INFO:teuthology.orchestra.run.smithi136.stdout:/usr/bin/ceph: stderr
2024-04-01T00:09:06.260+0000 7f8d99a19700 1 -- 172.21.15.136:0/206365939 --> [v2:172.21.15.136:3300/0,v1:172.21.15.136:6789/0] -- mon_subscribe({config=0+,monmap=0+}) v3 -- 0x7f8d90009550 con 0x7f8d94106580
2024-04-01T00:09:07.586 INFO:teuthology.orchestra.run.smithi136.stdout:/usr/bin/ceph: stderr
2024-04-01T00:09:06.260+0000 7f8d99a19700 1 --2- 172.21.15.136:0/206365939 >> [v2:172.21.15.136:3300/0,v1:172.21.15.136:6789/0] conn(0x7f8d94106580 0x7f8d9419a290 secure :-1 s=READY pgs=50 cs=0 l=1 rev1=1 crypto rx=0x7f8d90011670 tx=0x7f8d90011aa0 comp rx=0 tx=0).ready entity=mon.0 client_cookie=0 server_cookie=0 in_seq=0 out_seq=0
2024-04-01T00:09:07.586 INFO:teuthology.orchestra.run.smithi136.stdout:/usr/bin/ceph: stderr
2024-04-01T00:09:06.260+0000 7f8d8affd700 1 -- 172.21.15.136:0/206365939 <== mon.0 v2:172.21.15.136:3300/0 1 ==== mon_map magic: 0 v1 ==== 229+0+0 (secure 0 0 0) 0x7f8d900039c0 con 0x7f8d94106580
2024-04-01T00:09:07.586 INFO:teuthology.orchestra.run.smithi136.stdout:/usr/bin/ceph: stderr
2024-04-01T00:09:06.260+0000 7f8d8affd700 1 -- 172.21.15.136:0/206365939 <== mon.0 v2:172.21.15.136:3300/0 2 ==== config(27 keys) v1 ==== 1101+0+0 (secure 0 0 0) 0x7f8d90003b20 con 0x7f8d94106580
2024-04-01T00:09:07.586 INFO:teuthology.orchestra.run.smithi136.stdout:/usr/bin/ceph: stderr
2024-04-01T00:09:06.260+0000 7f8d8affd700 1 -- 172.21.15.136:0/206365939 <== mon.0 v2:172.21.15.136:3300/0 3 ==== mon_map magic: 0 v1 ==== 229+0+0 (secure 0 0 0) 0x7f8d900247f0 con 0x7f8d94106580
2024-04-01T00:09:07.587 INFO:teuthology.orchestra.run.smithi136.stdout:/usr/bin/ceph: stderr
2024-04-01T00:09:06.260+0000 7f8d9bc7d700 1 -- 172.21.15.136:0/206365939 --> [v2:172.21.15.136:3300/0,v1:172.21.15.136:6789/0] -- mon_subscribe({mgrmap=0+}) v3 -- 0x7f8d9419a9d0 con 0x7f8d94106580
2024-04-01T00:09:07.587 INFO:teuthology.orchestra.run.smithi136.stdout:/usr/bin/ceph: stderr
2024-04-01T00:09:06.260+0000 7f8d9bc7d700 1 -- 172.21.15.136:0/206365939 --> [v2:172.21.15.136:3300/0,v1:172.21.15.136:6789/0] -- mon_subscribe({osdmap=0}) v3 -- 0x7f8d9419ae70 con 0x7f8d94106580
2024-04-01T00:09:07.587 INFO:teuthology.orchestra.run.smithi136.stdout:/usr/bin/ceph: stderr
2024-04-01T00:09:06.261+0000 7f8d8affd700 1 -- 172.21.15.136:0/206365939 <== mon.0 v2:172.21.15.136:3300/0 4 ==== mgrmap(e 8) v1 ==== 45283+0+0 (secure 0 0 0) 0x7f8d9001ac70 con 0x7f8d94106580
2024-04-01T00:09:07.587 INFO:teuthology.orchestra.run.smithi136.stdout:/usr/bin/ceph: stderr
2024-04-01T00:09:06.261+0000 7f8d9bc7d700 1 -- 172.21.15.136:0/206365939 --> [v2:172.21.15.136:3300/0,v1:172.21.15.136:6789/0] -- mon_command({"prefix": "get_command_descriptions"} v 0) v1 -- 0x7f8d940623c0 con 0x7f8d94106580
2024-04-01T00:09:07.587 INFO:teuthology.orchestra.run.smithi136.stdout:/usr/bin/ceph: stderr
2024-04-01T00:09:06.261+0000 7f8d8affd700 1 --2- 172.21.15.136:0/206365939 >> [v2:172.21.15.136:6800/2772004359,v1:172.21.15.136:6801/2772004359] conn(0x7f8d80038330 0x7f8d8003a7f0 unknown :-1 s=NONE pgs=0 cs=0 l=1 rev1=0 crypto rx=0 tx=0 comp rx=0 tx=0).connect
2024-04-01T00:09:07.587 INFO:teuthology.orchestra.run.smithi136.stdout:/usr/bin/ceph: stderr
2024-04-01T00:09:06.261+0000 7f8d8affd700 1 -- 172.21.15.136:0/206365939 <== mon.0 v2:172.21.15.136:3300/0 5 ==== osd_map(2..2 src has 1..2) v4 ==== 940+0+0 (secure 0 0 0) 0x7f8d9004c270 con 0x7f8d94106580
2024-04-01T00:09:07.587 INFO:teuthology.orchestra.run.smithi136.stdout:/usr/bin/ceph: stderr
2024-04-01T00:09:06.262+0000 7f8d99218700 1 --2- 172.21.15.136:0/206365939 >> [v2:172.21.15.136:6800/2772004359,v1:172.21.15.136:6801/2772004359] conn(0x7f8d80038330 0x7f8d8003a7f0 unknown :-1 s=BANNER_CONNECTING pgs=0 cs=0 l=1 rev1=0 crypto rx=0 tx=0 comp rx=0 tx=0)._handle_peer_banner_payload supported=3 required=0
2024-04-01T00:09:07.587 INFO:teuthology.orchestra.run.smithi136.stdout:/usr/bin/ceph: stderr
2024-04-01T00:09:06.262+0000 7f8d99218700 1 --2- 172.21.15.136:0/206365939 >> [v2:172.21.15.136:6800/2772004359,v1:172.21.15.136:6801/2772004359] conn(0x7f8d80038330 0x7f8d8003a7f0 secure :-1 s=READY pgs=13 cs=0 l=1 rev1=1 crypto rx=0x7f8d84006fd0 tx=0x7f8d84006e40 comp rx=0 tx=0).ready entity=mgr.14120 client_cookie=0 server_cookie=0 in_seq=0 out_seq=0
2024-04-01T00:09:07.587 INFO:teuthology.orchestra.run.smithi136.stdout:/usr/bin/ceph: stderr
2024-04-01T00:09:06.266+0000 7f8d8affd700 1 -- 172.21.15.136:0/206365939 <== mon.0 v2:172.21.15.136:3300/0 6 ==== mon_command_ack([{"prefix": "get_command_descriptions"}]=0 v0) v1 ==== 72+0+180422 (secure 0 0 0) 0x7f8d90018760 con 0x7f8d94106580
2024-04-01T00:09:07.587 INFO:teuthology.orchestra.run.smithi136.stdout:/usr/bin/ceph: stderr
2024-04-01T00:09:06.483+0000 7f8d9bc7d700 1 -- 172.21.15.136:0/206365939 --> [v2:172.21.15.136:6800/2772004359,v1:172.21.15.136:6801/2772004359] -- mgr_command(tid 0: {"prefix": "orch apply", "service_type": "mgr", "target": ["mon-mgr", ""]}) v1 -- 0x7f8d9410a980 con 0x7f8d80038330
2024-04-01T00:09:07.587 INFO:teuthology.orchestra.run.smithi136.stdout:/usr/bin/ceph: stderr
2024-04-01T00:09:06.487+0000 7f8d8affd700 1 -- 172.21.15.136:0/206365939 <== mgr.14120 v2:172.21.15.136:6800/2772004359 1 ==== mgr_command_reply(tid 0: 0 ) v1 ==== 8+0+24 (secure 0 0 0) 0x7f8d9410a980 con 0x7f8d80038330
2024-04-01T00:09:07.587 INFO:teuthology.orchestra.run.smithi136.stdout:/usr/bin/ceph: stderr
2024-04-01T00:09:06.489+0000 7f8d9bc7d700 1 -- 172.21.15.136:0/206365939 >> [v2:172.21.15.136:6800/2772004359,v1:172.21.15.136:6801/2772004359] conn(0x7f8d80038330 msgr2=0x7f8d8003a7f0 secure :-1 s=STATE_CONNECTION_ESTABLISHED l=1).mark_down
2024-04-01T00:09:07.588 INFO:teuthology.orchestra.run.smithi136.stdout:/usr/bin/ceph: stderr
2024-04-01T00:09:06.489+0000 7f8d9bc7d700 1 --2- 172.21.15.136:0/206365939 >> [v2:172.21.15.136:6800/2772004359,v1:172.21.15.136:6801/2772004359] conn(0x7f8d80038330 0x7f8d8003a7f0 secure :-1 s=READY pgs=13 cs=0 l=1 rev1=1 crypto rx=0x7f8d84006fd0 tx=0x7f8d84006e40 comp rx=0 tx=0).stop
2024-04-01T00:09:07.588 INFO:teuthology.orchestra.run.smithi136.stdout:/usr/bin/ceph: stderr
2024-04-01T00:09:06.489+0000 7f8d9bc7d700 1 -- 172.21.15.136:0/206365939 >> [v2:172.21.15.136:3300/0,v1:172.21.15.136:6789/0] conn(0x7f8d94106580 msgr2=0x7f8d9419a290 secure :-1 s=STATE_CONNECTION_ESTABLISHED l=1).mark_down
2024-04-01T00:09:07.588 INFO:teuthology.orchestra.run.smithi136.stdout:/usr/bin/ceph: stderr
2024-04-01T00:09:06.489+0000 7f8d9bc7d700 1 --2- 172.21.15.136:0/206365939 >> [v2:172.21.15.136:3300/0,v1:172.21.15.136:6789/0] conn(0x7f8d94106580 0x7f8d9419a290 secure :-1 s=READY pgs=50 cs=0 l=1 rev1=1 crypto rx=0x7f8d90011670 tx=0x7f8d90011aa0 comp rx=0 tx=0).stop
2024-04-01T00:09:07.588 INFO:teuthology.orchestra.run.smithi136.stdout:/usr/bin/ceph: stderr
2024-04-01T00:09:06.489+0000 7f8d9bc7d700 1 -- 172.21.15.136:0/206365939 shutdown_connections
2024-04-01T00:09:07.588 INFO:teuthology.orchestra.run.smithi136.stdout:/usr/bin/ceph: stderr
2024-04-01T00:09:06.489+0000 7f8d9bc7d700 1 --2- 172.21.15.136:0/206365939 >> [v2:172.21.15.136:6800/2772004359,v1:172.21.15.136:6801/2772004359] conn(0x7f8d80038330 0x7f8d8003a7f0 unknown :-1 s=CLOSED pgs=13 cs=0 l=1 rev1=1 crypto rx=0 tx=0 comp rx=0 tx=0).stop
2024-04-01T00:09:07.588 INFO:teuthology.orchestra.run.smithi136.stdout:/usr/bin/ceph: stderr
2024-04-01T00:09:06.489+0000 7f8d9bc7d700 1 --2- 172.21.15.136:0/206365939 >> [v2:172.21.15.136:3300/0,v1:172.21.15.136:6789/0] conn(0x7f8d94106580 0x7f8d9419a290 unknown :-1 s=CLOSED pgs=50 cs=0 l=1 rev1=1 crypto rx=0 tx=0 comp rx=0 tx=0).stop
2024-04-01T00:09:07.588 INFO:teuthology.orchestra.run.smithi136.stdout:/usr/bin/ceph: stderr
2024-04-01T00:09:06.489+0000 7f8d9bc7d700 1 -- 172.21.15.136:0/206365939 >> 172.21.15.136:0/206365939 conn(0x7f8d94101b00 msgr2=0x7f8d941031e0 unknown :-1 s=STATE_NONE l=0).mark_down
2024-04-01T00:09:07.588 INFO:teuthology.orchestra.run.smithi136.stdout:/usr/bin/ceph: stderr
2024-04-01T00:09:06.489+0000 7f8d9bc7d700 1 -- 172.21.15.136:0/206365939 shutdown_connections
2024-04-01T00:09:07.588 INFO:teuthology.orchestra.run.smithi136.stdout:/usr/bin/ceph: stderr
2024-04-01T00:09:06.489+0000 7f8d9bc7d700 1 -- 172.21.15.136:0/206365939 wait complete.
2024-04-01T00:09:07.588 INFO:teuthology.orchestra.run.smithi136.stdout:Deploying crash service with default placement...
2024-04-01T00:09:08.889 INFO:teuthology.orchestra.run.smithi136.stdout:/usr/bin/ceph: stdout Scheduled crash update...
2024-04-01T00:09:08.889 INFO:teuthology.orchestra.run.smithi136.stdout:/usr/bin/ceph: stderr
2024-04-01T00:09:08.006+0000 7fa34dd4d700 1 Processor -- start
2024-04-01T00:09:08.889 INFO:teuthology.orchestra.run.smithi136.stdout:/usr/bin/ceph: stderr
2024-04-01T00:09:08.006+0000 7fa34dd4d700 1 -- start start
2024-04-01T00:09:08.889 INFO:teuthology.orchestra.run.smithi136.stdout:/usr/bin/ceph: stderr
2024-04-01T00:09:08.006+0000 7fa34dd4d700 1 --2- >> [v2:172.21.15.136:3300/0,v1:172.21.15.136:6789/0] conn(0x7fa348105460 0x7fa348105880 unknown :-1 s=NONE pgs=0 cs=0 l=0 rev1=0 crypto rx=0 tx=0 comp rx=0 tx=0).connect
2024-04-01T00:09:08.889 INFO:teuthology.orchestra.run.smithi136.stdout:/usr/bin/ceph: stderr
2024-04-01T00:09:08.006+0000 7fa34dd4d700 1 -- --> [v2:172.21.15.136:3300/0,v1:172.21.15.136:6789/0] -- mon_getmap magic: 0 v1 -- 0x7fa348105e50 con 0x7fa348105460
2024-04-01T00:09:08.889 INFO:teuthology.orchestra.run.smithi136.stdout:/usr/bin/ceph: stderr
2024-04-01T00:09:08.006+0000 7fa3477fe700 1 --2- >> [v2:172.21.15.136:3300/0,v1:172.21.15.136:6789/0] conn(0x7fa348105460 0x7fa348105880 unknown :-1 s=BANNER_CONNECTING pgs=0 cs=0 l=0 rev1=0 crypto rx=0 tx=0 comp rx=0 tx=0)._handle_peer_banner_payload supported=3 required=0
2024-04-01T00:09:08.889 INFO:teuthology.orchestra.run.smithi136.stdout:/usr/bin/ceph: stderr
2024-04-01T00:09:08.006+0000 7fa3477fe700 1 --2- >> [v2:172.21.15.136:3300/0,v1:172.21.15.136:6789/0] conn(0x7fa348105460 0x7fa348105880 unknown :-1 s=HELLO_CONNECTING pgs=0 cs=0 l=0 rev1=1 crypto rx=0 tx=0 comp rx=0 tx=0).handle_hello peer v2:172.21.15.136:3300/0 says I am v2:172.21.15.136:43926/0 (socket says 172.21.15.136:43926)
2024-04-01T00:09:08.889 INFO:teuthology.orchestra.run.smithi136.stdout:/usr/bin/ceph: stderr
2024-04-01T00:09:08.006+0000 7fa3477fe700 1 -- 172.21.15.136:0/1378313777 learned_addr learned my addr 172.21.15.136:0/1378313777 (peer_addr_for_me v2:172.21.15.136:0/0)
2024-04-01T00:09:08.889 INFO:teuthology.orchestra.run.smithi136.stdout:/usr/bin/ceph: stderr
2024-04-01T00:09:08.006+0000 7fa3477fe700 1 -- 172.21.15.136:0/1378313777 --> [v2:172.21.15.136:3300/0,v1:172.21.15.136:6789/0] -- mon_subscribe({config=0+,monmap=0+}) v3 -- 0x7fa348106660 con 0x7fa348105460
2024-04-01T00:09:08.889 INFO:teuthology.orchestra.run.smithi136.stdout:/usr/bin/ceph: stderr
2024-04-01T00:09:08.007+0000 7fa3477fe700 1 --2- 172.21.15.136:0/1378313777 >> [v2:172.21.15.136:3300/0,v1:172.21.15.136:6789/0] conn(0x7fa348105460 0x7fa348105880 secure :-1 s=READY pgs=51 cs=0 l=1 rev1=1 crypto rx=0x7fa3380098a0 tx=0x7fa338009bb0 comp rx=0 tx=0).ready entity=mon.0 client_cookie=5d448d490a1e985e server_cookie=0 in_seq=0 out_seq=0
2024-04-01T00:09:08.889 INFO:teuthology.orchestra.run.smithi136.stdout:/usr/bin/ceph: stderr
2024-04-01T00:09:08.007+0000 7fa3467fc700 1 -- 172.21.15.136:0/1378313777 <== mon.0 v2:172.21.15.136:3300/0 1 ==== mon_map magic: 0 v1 ==== 229+0+0 (secure 0 0 0) 0x7fa338004180 con 0x7fa348105460
2024-04-01T00:09:08.890 INFO:teuthology.orchestra.run.smithi136.stdout:/usr/bin/ceph: stderr
2024-04-01T00:09:08.007+0000 7fa3467fc700 1 -- 172.21.15.136:0/1378313777 <== mon.0 v2:172.21.15.136:3300/0 2 ==== config(27 keys) v1 ==== 1101+0+0 (secure 0 0 0) 0x7fa3380042e0 con 0x7fa348105460
2024-04-01T00:09:08.890 INFO:teuthology.orchestra.run.smithi136.stdout:/usr/bin/ceph: stderr
2024-04-01T00:09:08.007+0000 7fa3467fc700 1 -- 172.21.15.136:0/1378313777 <== mon.0 v2:172.21.15.136:3300/0 3 ==== mon_map magic: 0 v1 ==== 229+0+0 (secure 0 0 0) 0x7fa338011af0 con 0x7fa348105460
2024-04-01T00:09:08.890 INFO:teuthology.orchestra.run.smithi136.stdout:/usr/bin/ceph: stderr
2024-04-01T00:09:08.007+0000 7fa34dd4d700 1 -- 172.21.15.136:0/1378313777 >> [v2:172.21.15.136:3300/0,v1:172.21.15.136:6789/0] conn(0x7fa348105460 msgr2=0x7fa348105880 secure :-1 s=STATE_CONNECTION_ESTABLISHED l=1).mark_down
2024-04-01T00:09:08.890 INFO:teuthology.orchestra.run.smithi136.stdout:/usr/bin/ceph: stderr
2024-04-01T00:09:08.007+0000 7fa34dd4d700 1 --2- 172.21.15.136:0/1378313777 >> [v2:172.21.15.136:3300/0,v1:172.21.15.136:6789/0] conn(0x7fa348105460 0x7fa348105880 secure :-1 s=READY pgs=51 cs=0 l=1 rev1=1 crypto rx=0x7fa3380098a0 tx=0x7fa338009bb0 comp rx=0 tx=0).stop
2024-04-01T00:09:08.890 INFO:teuthology.orchestra.run.smithi136.stdout:/usr/bin/ceph: stderr
2024-04-01T00:09:08.007+0000 7fa34dd4d700 1 -- 172.21.15.136:0/1378313777 shutdown_connections
2024-04-01T00:09:08.890 INFO:teuthology.orchestra.run.smithi136.stdout:/usr/bin/ceph: stderr
2024-04-01T00:09:08.007+0000 7fa34dd4d700 1 --2- 172.21.15.136:0/1378313777 >> [v2:172.21.15.136:3300/0,v1:172.21.15.136:6789/0] conn(0x7fa348105460 0x7fa348105880 unknown :-1 s=CLOSED pgs=51 cs=0 l=1 rev1=1 crypto rx=0 tx=0 comp rx=0 tx=0).stop
2024-04-01T00:09:08.890 INFO:teuthology.orchestra.run.smithi136.stdout:/usr/bin/ceph: stderr
2024-04-01T00:09:08.007+0000 7fa34dd4d700 1 -- 172.21.15.136:0/1378313777 >> 172.21.15.136:0/1378313777 conn(0x7fa348100a20 msgr2=0x7fa348102e40 unknown :-1 s=STATE_NONE l=0).mark_down
2024-04-01T00:09:08.890 INFO:teuthology.orchestra.run.smithi136.stdout:/usr/bin/ceph: stderr
2024-04-01T00:09:08.007+0000 7fa34dd4d700 1 -- 172.21.15.136:0/1378313777 shutdown_connections
2024-04-01T00:09:08.890 INFO:teuthology.orchestra.run.smithi136.stdout:/usr/bin/ceph: stderr
2024-04-01T00:09:08.007+0000 7fa34dd4d700 1 -- 172.21.15.136:0/1378313777 wait complete.
2024-04-01T00:09:08.890 INFO:teuthology.orchestra.run.smithi136.stdout:/usr/bin/ceph: stderr
2024-04-01T00:09:08.008+0000 7fa34dd4d700 1 Processor -- start
2024-04-01T00:09:08.890 INFO:teuthology.orchestra.run.smithi136.stdout:/usr/bin/ceph: stderr
2024-04-01T00:09:08.008+0000 7fa34dd4d700 1 -- start start
2024-04-01T00:09:08.890 INFO:teuthology.orchestra.run.smithi136.stdout:/usr/bin/ceph: stderr
2024-04-01T00:09:08.008+0000 7fa34dd4d700 1 --2- >> [v2:172.21.15.136:3300/0,v1:172.21.15.136:6789/0] conn(0x7fa348105460 0x7fa34819a240 unknown :-1 s=NONE pgs=0 cs=0 l=1 rev1=0 crypto rx=0 tx=0 comp rx=0 tx=0).connect
2024-04-01T00:09:08.890 INFO:teuthology.orchestra.run.smithi136.stdout:/usr/bin/ceph: stderr
2024-04-01T00:09:08.008+0000 7fa34dd4d700 1 -- --> [v2:172.21.15.136:3300/0,v1:172.21.15.136:6789/0] -- mon_getmap magic: 0 v1 -- 0x7fa34819a780 con 0x7fa348105460
2024-04-01T00:09:08.891 INFO:teuthology.orchestra.run.smithi136.stdout:/usr/bin/ceph: stderr
2024-04-01T00:09:08.008+0000 7fa3477fe700 1 --2- >> [v2:172.21.15.136:3300/0,v1:172.21.15.136:6789/0] conn(0x7fa348105460 0x7fa34819a240 unknown :-1 s=BANNER_CONNECTING pgs=0 cs=0 l=1 rev1=0 crypto rx=0 tx=0 comp rx=0 tx=0)._handle_peer_banner_payload supported=3 required=0
2024-04-01T00:09:08.891 INFO:teuthology.orchestra.run.smithi136.stdout:/usr/bin/ceph: stderr
2024-04-01T00:09:08.008+0000 7fa3477fe700 1 --2- >> [v2:172.21.15.136:3300/0,v1:172.21.15.136:6789/0] conn(0x7fa348105460 0x7fa34819a240 unknown :-1 s=HELLO_CONNECTING pgs=0 cs=0 l=1 rev1=1 crypto rx=0 tx=0 comp rx=0 tx=0).handle_hello peer v2:172.21.15.136:3300/0 says I am v2:172.21.15.136:43936/0 (socket says 172.21.15.136:43936)
2024-04-01T00:09:08.891 INFO:teuthology.orchestra.run.smithi136.stdout:/usr/bin/ceph: stderr
2024-04-01T00:09:08.008+0000 7fa3477fe700 1 -- 172.21.15.136:0/3818036019 learned_addr learned my addr 172.21.15.136:0/3818036019 (peer_addr_for_me v2:172.21.15.136:0/0)
2024-04-01T00:09:08.891 INFO:teuthology.orchestra.run.smithi136.stdout:/usr/bin/ceph: stderr
2024-04-01T00:09:08.009+0000 7fa3477fe700 1 -- 172.21.15.136:0/3818036019 --> [v2:172.21.15.136:3300/0,v1:172.21.15.136:6789/0] -- mon_subscribe({config=0+,monmap=0+}) v3 -- 0x7fa338009550 con 0x7fa348105460
2024-04-01T00:09:08.891 INFO:teuthology.orchestra.run.smithi136.stdout:/usr/bin/ceph: stderr
2024-04-01T00:09:08.009+0000 7fa3477fe700 1 --2- 172.21.15.136:0/3818036019 >> [v2:172.21.15.136:3300/0,v1:172.21.15.136:6789/0] conn(0x7fa348105460 0x7fa34819a240 secure :-1 s=READY pgs=52 cs=0 l=1 rev1=1 crypto rx=0x7fa338011670 tx=0x7fa338011aa0 comp rx=0 tx=0).ready entity=mon.0 client_cookie=0 server_cookie=0 in_seq=0 out_seq=0
2024-04-01T00:09:08.891 INFO:teuthology.orchestra.run.smithi136.stdout:/usr/bin/ceph: stderr
2024-04-01T00:09:08.009+0000 7fa344ff9700 1 -- 172.21.15.136:0/3818036019 <== mon.0 v2:172.21.15.136:3300/0 1 ==== mon_map magic: 0 v1 ==== 229+0+0 (secure 0 0 0) 0x7fa3380039c0 con 0x7fa348105460
2024-04-01T00:09:08.891 INFO:teuthology.orchestra.run.smithi136.stdout:/usr/bin/ceph: stderr
2024-04-01T00:09:08.009+0000 7fa344ff9700 1 -- 172.21.15.136:0/3818036019 <== mon.0 v2:172.21.15.136:3300/0 2 ==== config(27 keys) v1 ==== 1101+0+0 (secure 0 0 0) 0x7fa338003b20 con 0x7fa348105460
2024-04-01T00:09:08.891 INFO:teuthology.orchestra.run.smithi136.stdout:/usr/bin/ceph: stderr
2024-04-01T00:09:08.009+0000 7fa34dd4d700 1 -- 172.21.15.136:0/3818036019 --> [v2:172.21.15.136:3300/0,v1:172.21.15.136:6789/0] -- mon_subscribe({mgrmap=0+}) v3 -- 0x7fa34819a980 con 0x7fa348105460
2024-04-01T00:09:08.891 INFO:teuthology.orchestra.run.smithi136.stdout:/usr/bin/ceph: stderr
2024-04-01T00:09:08.009+0000 7fa344ff9700 1 -- 172.21.15.136:0/3818036019 <== mon.0 v2:172.21.15.136:3300/0 3 ==== mon_map magic: 0 v1 ==== 229+0+0 (secure 0 0 0) 0x7fa3380247f0 con 0x7fa348105460
2024-04-01T00:09:08.891 INFO:teuthology.orchestra.run.smithi136.stdout:/usr/bin/ceph: stderr
2024-04-01T00:09:08.009+0000 7fa34dd4d700 1 -- 172.21.15.136:0/3818036019 --> [v2:172.21.15.136:3300/0,v1:172.21.15.136:6789/0] -- mon_subscribe({osdmap=0}) v3 -- 0x7fa34819ae20 con 0x7fa348105460
2024-04-01T00:09:08.891 INFO:teuthology.orchestra.run.smithi136.stdout:/usr/bin/ceph: stderr
2024-04-01T00:09:08.010+0000 7fa344ff9700 1 -- 172.21.15.136:0/3818036019 <== mon.0 v2:172.21.15.136:3300/0 4 ==== mgrmap(e 8) v1 ==== 45283+0+0 (secure 0 0 0) 0x7fa338024ab0 con 0x7fa348105460
2024-04-01T00:09:08.891 INFO:teuthology.orchestra.run.smithi136.stdout:/usr/bin/ceph: stderr
2024-04-01T00:09:08.010+0000 7fa34dd4d700 1 -- 172.21.15.136:0/3818036019 --> [v2:172.21.15.136:3300/0,v1:172.21.15.136:6789/0] -- mon_command({"prefix": "get_command_descriptions"} v 0) v1 -- 0x7fa3480623c0 con 0x7fa348105460
2024-04-01T00:09:08.891 INFO:teuthology.orchestra.run.smithi136.stdout:/usr/bin/ceph: stderr
2024-04-01T00:09:08.010+0000 7fa344ff9700 1 --2- 172.21.15.136:0/3818036019 >> [v2:172.21.15.136:6800/2772004359,v1:172.21.15.136:6801/2772004359] conn(0x7fa3300382e0 0x7fa33003a7a0 unknown :-1 s=NONE pgs=0 cs=0 l=1 rev1=0 crypto rx=0 tx=0 comp rx=0 tx=0).connect
2024-04-01T00:09:08.891 INFO:teuthology.orchestra.run.smithi136.stdout:/usr/bin/ceph: stderr
2024-04-01T00:09:08.010+0000 7fa344ff9700 1 -- 172.21.15.136:0/3818036019 <== mon.0 v2:172.21.15.136:3300/0 5 ==== osd_map(2..2 src has 1..2) v4 ==== 940+0+0 (secure 0 0 0) 0x7fa33804c300 con 0x7fa348105460
2024-04-01T00:09:08.892 INFO:teuthology.orchestra.run.smithi136.stdout:/usr/bin/ceph: stderr
2024-04-01T00:09:08.010+0000 7fa346ffd700 1 --2- 172.21.15.136:0/3818036019 >> [v2:172.21.15.136:6800/2772004359,v1:172.21.15.136:6801/2772004359] conn(0x7fa3300382e0 0x7fa33003a7a0 unknown :-1 s=BANNER_CONNECTING pgs=0 cs=0 l=1 rev1=0 crypto rx=0 tx=0 comp rx=0 tx=0)._handle_peer_banner_payload supported=3 required=0
2024-04-01T00:09:08.892 INFO:teuthology.orchestra.run.smithi136.stdout:/usr/bin/ceph: stderr
2024-04-01T00:09:08.010+0000 7fa346ffd700 1 --2- 172.21.15.136:0/3818036019 >> [v2:172.21.15.136:6800/2772004359,v1:172.21.15.136:6801/2772004359] conn(0x7fa3300382e0 0x7fa33003a7a0 secure :-1 s=READY pgs=14 cs=0 l=1 rev1=1 crypto rx=0x7fa33c006fd0 tx=0x7fa33c006e40 comp rx=0 tx=0).ready entity=mgr.14120 client_cookie=0 server_cookie=0 in_seq=0 out_seq=0
2024-04-01T00:09:08.892 INFO:teuthology.orchestra.run.smithi136.stdout:/usr/bin/ceph: stderr
2024-04-01T00:09:08.015+0000 7fa344ff9700 1 -- 172.21.15.136:0/3818036019 <== mon.0 v2:172.21.15.136:3300/0 6 ==== mon_command_ack([{"prefix": "get_command_descriptions"}]=0 v0) v1 ==== 72+0+180422 (secure 0 0 0) 0x7fa338024d60 con 0x7fa348105460
2024-04-01T00:09:08.892 INFO:teuthology.orchestra.run.smithi136.stdout:/usr/bin/ceph: stderr
2024-04-01T00:09:08.224+0000 7fa34dd4d700 1 -- 172.21.15.136:0/3818036019 --> [v2:172.21.15.136:6800/2772004359,v1:172.21.15.136:6801/2772004359] -- mgr_command(tid 0: {"prefix": "orch apply", "service_type": "crash", "target": ["mon-mgr", ""]}) v1 -- 0x7fa348109860 con 0x7fa3300382e0
2024-04-01T00:09:08.892 INFO:teuthology.orchestra.run.smithi136.stdout:/usr/bin/ceph: stderr
2024-04-01T00:09:08.229+0000 7fa344ff9700 1 -- 172.21.15.136:0/3818036019 <== mgr.14120 v2:172.21.15.136:6800/2772004359 1 ==== mgr_command_reply(tid 0: 0 ) v1 ==== 8+0+26 (secure 0 0 0) 0x7fa348109860 con 0x7fa3300382e0
2024-04-01T00:09:08.892 INFO:teuthology.orchestra.run.smithi136.stdout:/usr/bin/ceph: stderr
2024-04-01T00:09:08.231+0000 7fa34dd4d700 1 -- 172.21.15.136:0/3818036019 >> [v2:172.21.15.136:6800/2772004359,v1:172.21.15.136:6801/2772004359] conn(0x7fa3300382e0 msgr2=0x7fa33003a7a0 secure :-1 s=STATE_CONNECTION_ESTABLISHED l=1).mark_down
2024-04-01T00:09:08.892 INFO:teuthology.orchestra.run.smithi136.stdout:/usr/bin/ceph: stderr
2024-04-01T00:09:08.231+0000 7fa34dd4d700 1 --2- 172.21.15.136:0/3818036019 >> [v2:172.21.15.136:6800/2772004359,v1:172.21.15.136:6801/2772004359] conn(0x7fa3300382e0 0x7fa33003a7a0 secure :-1 s=READY pgs=14 cs=0 l=1 rev1=1 crypto rx=0x7fa33c006fd0 tx=0x7fa33c006e40 comp rx=0 tx=0).stop
2024-04-01T00:09:08.892 INFO:teuthology.orchestra.run.smithi136.stdout:/usr/bin/ceph: stderr
2024-04-01T00:09:08.231+0000 7fa34dd4d700 1 -- 172.21.15.136:0/3818036019 >> [v2:172.21.15.136:3300/0,v1:172.21.15.136:6789/0] conn(0x7fa348105460 msgr2=0x7fa34819a240 secure :-1 s=STATE_CONNECTION_ESTABLISHED l=1).mark_down
2024-04-01T00:09:08.892 INFO:teuthology.orchestra.run.smithi136.stdout:/usr/bin/ceph: stderr
2024-04-01T00:09:08.231+0000 7fa34dd4d700 1 --2- 172.21.15.136:0/3818036019 >> [v2:172.21.15.136:3300/0,v1:172.21.15.136:6789/0] conn(0x7fa348105460 0x7fa34819a240 secure :-1 s=READY pgs=52 cs=0 l=1 rev1=1 crypto rx=0x7fa338011670 tx=0x7fa338011aa0 comp rx=0 tx=0).stop
2024-04-01T00:09:08.892 INFO:teuthology.orchestra.run.smithi136.stdout:/usr/bin/ceph: stderr
2024-04-01T00:09:08.231+0000 7fa34dd4d700 1 -- 172.21.15.136:0/3818036019 shutdown_connections
2024-04-01T00:09:08.892 INFO:teuthology.orchestra.run.smithi136.stdout:/usr/bin/ceph: stderr
2024-04-01T00:09:08.231+0000 7fa34dd4d700 1 --2- 172.21.15.136:0/3818036019 >> [v2:172.21.15.136:6800/2772004359,v1:172.21.15.136:6801/2772004359] conn(0x7fa3300382e0 0x7fa33003a7a0 unknown :-1 s=CLOSED pgs=14 cs=0 l=1 rev1=1 crypto rx=0 tx=0 comp rx=0 tx=0).stop
2024-04-01T00:09:08.892 INFO:teuthology.orchestra.run.smithi136.stdout:/usr/bin/ceph: stderr
2024-04-01T00:09:08.231+0000 7fa34dd4d700 1 --2- 172.21.15.136:0/3818036019 >> [v2:172.21.15.136:3300/0,v1:172.21.15.136:6789/0] conn(0x7fa348105460 0x7fa34819a240 unknown :-1 s=CLOSED pgs=52 cs=0 l=1 rev1=1 crypto rx=0 tx=0 comp rx=0 tx=0).stop
2024-04-01T00:09:08.892 INFO:teuthology.orchestra.run.smithi136.stdout:/usr/bin/ceph: stderr
2024-04-01T00:09:08.231+0000 7fa34dd4d700 1 -- 172.21.15.136:0/3818036019 >> 172.21.15.136:0/3818036019 conn(0x7fa348100a20 msgr2=0x7fa348079840 unknown :-1 s=STATE_NONE l=0).mark_down
2024-04-01T00:09:08.893 INFO:teuthology.orchestra.run.smithi136.stdout:/usr/bin/ceph: stderr
2024-04-01T00:09:08.231+0000 7fa34dd4d700 1 -- 172.21.15.136:0/3818036019 shutdown_connections
2024-04-01T00:09:08.893 INFO:teuthology.orchestra.run.smithi136.stdout:/usr/bin/ceph: stderr
2024-04-01T00:09:08.231+0000 7fa34dd4d700 1 -- 172.21.15.136:0/3818036019 wait complete.
2024-04-01T00:09:08.893 INFO:teuthology.orchestra.run.smithi136.stdout:Deploying ceph-exporter service with default placement...
2024-04-01T00:09:09.512 INFO:journalctl@ceph.mon.smithi136.smithi136.stdout:Apr 01 00:09:09 smithi136 ceph-mon[28998]: from='client.14146 -' entity='client.admin' cmd=[{"prefix": "orch apply", "service_type": "crash", "target": ["mon-mgr", ""]}]: dispatch
2024-04-01T00:09:09.512 INFO:journalctl@ceph.mon.smithi136.smithi136.stdout:Apr 01 00:09:09 smithi136 ceph-mon[28998]: Saving service crash spec with placement *
2024-04-01T00:09:09.512 INFO:journalctl@ceph.mon.smithi136.smithi136.stdout:Apr 01 00:09:09 smithi136 ceph-mon[28998]: from='mgr.14120 172.21.15.136:0/2137744529' entity='mgr.smithi136.xfyavi'
2024-04-01T00:09:09.512 INFO:journalctl@ceph.mon.smithi136.smithi136.stdout:Apr 01 00:09:09 smithi136 ceph-mon[28998]: from='mgr.14120 172.21.15.136:0/2137744529' entity='mgr.smithi136.xfyavi'
2024-04-01T00:09:10.100 INFO:teuthology.orchestra.run.smithi136.stdout:/usr/bin/ceph: stdout Scheduled ceph-exporter update...
2024-04-01T00:09:10.104 INFO:teuthology.orchestra.run.smithi136.stdout:/usr/bin/ceph: stderr
2024-04-01T00:09:09.292+0000 7f745fa51700 1 Processor -- start
2024-04-01T00:09:10.104 INFO:teuthology.orchestra.run.smithi136.stdout:/usr/bin/ceph: stderr
2024-04-01T00:09:09.292+0000 7f745fa51700 1 -- start start
2024-04-01T00:09:10.104 INFO:teuthology.orchestra.run.smithi136.stdout:/usr/bin/ceph: stderr
2024-04-01T00:09:09.292+0000 7f745fa51700 1 --2- >> [v2:172.21.15.136:3300/0,v1:172.21.15.136:6789/0] conn(0x7f7458104bf0 0x7f7458105010 unknown :-1 s=NONE pgs=0 cs=0 l=0 rev1=0 crypto rx=0 tx=0 comp rx=0 tx=0).connect
2024-04-01T00:09:10.104 INFO:teuthology.orchestra.run.smithi136.stdout:/usr/bin/ceph: stderr
2024-04-01T00:09:09.292+0000 7f745fa51700 1 -- --> [v2:172.21.15.136:3300/0,v1:172.21.15.136:6789/0] -- mon_getmap magic: 0 v1 -- 0x7f74581055e0 con 0x7f7458104bf0
2024-04-01T00:09:10.105 INFO:teuthology.orchestra.run.smithi136.stdout:/usr/bin/ceph: stderr
2024-04-01T00:09:09.293+0000 7f745d7ed700 1 --2- >> [v2:172.21.15.136:3300/0,v1:172.21.15.136:6789/0] conn(0x7f7458104bf0 0x7f7458105010 unknown :-1 s=BANNER_CONNECTING pgs=0 cs=0 l=0 rev1=0 crypto rx=0 tx=0 comp rx=0 tx=0)._handle_peer_banner_payload supported=3 required=0
2024-04-01T00:09:10.105 INFO:teuthology.orchestra.run.smithi136.stdout:/usr/bin/ceph: stderr
2024-04-01T00:09:09.293+0000 7f745d7ed700 1 --2- >> [v2:172.21.15.136:3300/0,v1:172.21.15.136:6789/0] conn(0x7f7458104bf0 0x7f7458105010 unknown :-1 s=HELLO_CONNECTING pgs=0 cs=0 l=0 rev1=1 crypto rx=0 tx=0 comp rx=0 tx=0).handle_hello peer v2:172.21.15.136:3300/0 says I am v2:172.21.15.136:43952/0 (socket says 172.21.15.136:43952)
2024-04-01T00:09:10.105 INFO:teuthology.orchestra.run.smithi136.stdout:/usr/bin/ceph: stderr
2024-04-01T00:09:09.293+0000 7f745d7ed700 1 -- 172.21.15.136:0/3127234307 learned_addr learned my addr 172.21.15.136:0/3127234307 (peer_addr_for_me v2:172.21.15.136:0/0)
2024-04-01T00:09:10.105 INFO:teuthology.orchestra.run.smithi136.stdout:/usr/bin/ceph: stderr
2024-04-01T00:09:09.293+0000 7f745d7ed700 1 -- 172.21.15.136:0/3127234307 --> [v2:172.21.15.136:3300/0,v1:172.21.15.136:6789/0] -- mon_subscribe({config=0+,monmap=0+}) v3 -- 0x7f7458105df0 con 0x7f7458104bf0
2024-04-01T00:09:10.105 INFO:teuthology.orchestra.run.smithi136.stdout:/usr/bin/ceph: stderr
2024-04-01T00:09:09.293+0000 7f745d7ed700 1 --2- 172.21.15.136:0/3127234307 >> [v2:172.21.15.136:3300/0,v1:172.21.15.136:6789/0] conn(0x7f7458104bf0 0x7f7458105010 secure :-1 s=READY pgs=53 cs=0 l=1 rev1=1 crypto rx=0x7f74540098a0 tx=0x7f7454009bb0 comp rx=0 tx=0).ready entity=mon.0 client_cookie=19cc22a86abe9a52 server_cookie=0 in_seq=0 out_seq=0
2024-04-01T00:09:10.105 INFO:teuthology.orchestra.run.smithi136.stdout:/usr/bin/ceph: stderr
2024-04-01T00:09:09.293+0000 7f744ffff700 1 -- 172.21.15.136:0/3127234307 <== mon.0 v2:172.21.15.136:3300/0 1 ==== mon_map magic: 0 v1 ==== 229+0+0 (secure 0 0 0) 0x7f7454004180 con 0x7f7458104bf0
2024-04-01T00:09:10.105 INFO:teuthology.orchestra.run.smithi136.stdout:/usr/bin/ceph: stderr
2024-04-01T00:09:09.293+0000 7f744ffff700 1 -- 172.21.15.136:0/3127234307 <== mon.0 v2:172.21.15.136:3300/0 2 ==== config(27 keys) v1 ==== 1101+0+0 (secure 0 0 0) 0x7f74540042e0 con 0x7f7458104bf0
2024-04-01T00:09:10.105 INFO:teuthology.orchestra.run.smithi136.stdout:/usr/bin/ceph: stderr
2024-04-01T00:09:09.293+0000 7f744ffff700 1 -- 172.21.15.136:0/3127234307 <== mon.0 v2:172.21.15.136:3300/0 3 ==== mon_map magic: 0 v1 ==== 229+0+0 (secure 0 0 0) 0x7f7454011af0 con 0x7f7458104bf0
2024-04-01T00:09:10.106 INFO:teuthology.orchestra.run.smithi136.stdout:/usr/bin/ceph: stderr
2024-04-01T00:09:09.294+0000 7f745fa51700 1 -- 172.21.15.136:0/3127234307 >> [v2:172.21.15.136:3300/0,v1:172.21.15.136:6789/0] conn(0x7f7458104bf0 msgr2=0x7f7458105010 secure :-1 s=STATE_CONNECTION_ESTABLISHED l=1).mark_down
2024-04-01T00:09:10.106 INFO:teuthology.orchestra.run.smithi136.stdout:/usr/bin/ceph: stderr
2024-04-01T00:09:09.294+0000 7f745fa51700 1 --2- 172.21.15.136:0/3127234307 >> [v2:172.21.15.136:3300/0,v1:172.21.15.136:6789/0] conn(0x7f7458104bf0 0x7f7458105010 secure :-1 s=READY pgs=53 cs=0 l=1 rev1=1 crypto rx=0x7f74540098a0 tx=0x7f7454009bb0 comp rx=0 tx=0).stop
2024-04-01T00:09:10.106 INFO:teuthology.orchestra.run.smithi136.stdout:/usr/bin/ceph: stderr
2024-04-01T00:09:09.294+0000 7f745fa51700 1 -- 172.21.15.136:0/3127234307 shutdown_connections
2024-04-01T00:09:10.112 INFO:teuthology.orchestra.run.smithi136.stdout:/usr/bin/ceph: stderr
2024-04-01T00:09:09.294+0000 7f745fa51700 1 --2- 172.21.15.136:0/3127234307 >> [v2:172.21.15.136:3300/0,v1:172.21.15.136:6789/0] conn(0x7f7458104bf0 0x7f7458105010 unknown :-1 s=CLOSED pgs=53 cs=0 l=1 rev1=1 crypto rx=0 tx=0 comp rx=0 tx=0).stop
2024-04-01T00:09:10.112 INFO:teuthology.orchestra.run.smithi136.stdout:/usr/bin/ceph: stderr
2024-04-01T00:09:09.294+0000 7f745fa51700 1 -- 172.21.15.136:0/3127234307 >> 172.21.15.136:0/3127234307 conn(0x7f7458100190 msgr2=0x7f74581025d0 unknown :-1 s=STATE_NONE l=0).mark_down
2024-04-01T00:09:10.112 INFO:teuthology.orchestra.run.smithi136.stdout:/usr/bin/ceph: stderr
2024-04-01T00:09:09.295+0000 7f745fa51700 1 -- 172.21.15.136:0/3127234307 shutdown_connections
2024-04-01T00:09:10.112 INFO:teuthology.orchestra.run.smithi136.stdout:/usr/bin/ceph: stderr
2024-04-01T00:09:09.295+0000 7f745fa51700 1 -- 172.21.15.136:0/3127234307 wait complete.
2024-04-01T00:09:10.112 INFO:teuthology.orchestra.run.smithi136.stdout:/usr/bin/ceph: stderr
2024-04-01T00:09:09.295+0000 7f745fa51700 1 Processor -- start
2024-04-01T00:09:10.112 INFO:teuthology.orchestra.run.smithi136.stdout:/usr/bin/ceph: stderr
