2024-04-01T00:09:09.295+0000 7f745fa51700 1 -- start start
2024-04-01T00:09:10.113 INFO:teuthology.orchestra.run.smithi136.stdout:/usr/bin/ceph: stderr
2024-04-01T00:09:09.296+0000 7f745fa51700 1 --2- >> [v2:172.21.15.136:3300/0,v1:172.21.15.136:6789/0] conn(0x7f7458104bf0 0x7f7458198050 unknown :-1 s=NONE pgs=0 cs=0 l=1 rev1=0 crypto rx=0 tx=0 comp rx=0 tx=0).connect
2024-04-01T00:09:10.113 INFO:teuthology.orchestra.run.smithi136.stdout:/usr/bin/ceph: stderr
2024-04-01T00:09:09.296+0000 7f745d7ed700 1 --2- >> [v2:172.21.15.136:3300/0,v1:172.21.15.136:6789/0] conn(0x7f7458104bf0 0x7f7458198050 unknown :-1 s=BANNER_CONNECTING pgs=0 cs=0 l=1 rev1=0 crypto rx=0 tx=0 comp rx=0 tx=0)._handle_peer_banner_payload supported=3 required=0
2024-04-01T00:09:10.113 INFO:teuthology.orchestra.run.smithi136.stdout:/usr/bin/ceph: stderr
2024-04-01T00:09:09.296+0000 7f745d7ed700 1 --2- >> [v2:172.21.15.136:3300/0,v1:172.21.15.136:6789/0] conn(0x7f7458104bf0 0x7f7458198050 unknown :-1 s=HELLO_CONNECTING pgs=0 cs=0 l=1 rev1=1 crypto rx=0 tx=0 comp rx=0 tx=0).handle_hello peer v2:172.21.15.136:3300/0 says I am v2:172.21.15.136:43960/0 (socket says 172.21.15.136:43960)
2024-04-01T00:09:10.113 INFO:teuthology.orchestra.run.smithi136.stdout:/usr/bin/ceph: stderr
2024-04-01T00:09:09.296+0000 7f745fa51700 1 -- 172.21.15.136:0/3835441497 --> [v2:172.21.15.136:3300/0,v1:172.21.15.136:6789/0] -- mon_getmap magic: 0 v1 -- 0x7f7458198590 con 0x7f7458104bf0
2024-04-01T00:09:10.113 INFO:teuthology.orchestra.run.smithi136.stdout:/usr/bin/ceph: stderr
2024-04-01T00:09:09.296+0000 7f745d7ed700 1 -- 172.21.15.136:0/3835441497 learned_addr learned my addr 172.21.15.136:0/3835441497 (peer_addr_for_me v2:172.21.15.136:0/0)
2024-04-01T00:09:10.113 INFO:teuthology.orchestra.run.smithi136.stdout:/usr/bin/ceph: stderr
2024-04-01T00:09:09.296+0000 7f745d7ed700 1 -- 172.21.15.136:0/3835441497 --> [v2:172.21.15.136:3300/0,v1:172.21.15.136:6789/0] -- mon_subscribe({config=0+,monmap=0+}) v3 -- 0x7f7454009550 con 0x7f7458104bf0
2024-04-01T00:09:10.113 INFO:teuthology.orchestra.run.smithi136.stdout:/usr/bin/ceph: stderr
2024-04-01T00:09:09.296+0000 7f745d7ed700 1 --2- 172.21.15.136:0/3835441497 >> [v2:172.21.15.136:3300/0,v1:172.21.15.136:6789/0] conn(0x7f7458104bf0 0x7f7458198050 secure :-1 s=READY pgs=54 cs=0 l=1 rev1=1 crypto rx=0x7f7454000c00 tx=0x7f74540047c0 comp rx=0 tx=0).ready entity=mon.0 client_cookie=0 server_cookie=0 in_seq=0 out_seq=0
2024-04-01T00:09:10.113 INFO:teuthology.orchestra.run.smithi136.stdout:/usr/bin/ceph: stderr
2024-04-01T00:09:09.297+0000 7f744e7fc700 1 -- 172.21.15.136:0/3835441497 <== mon.0 v2:172.21.15.136:3300/0 1 ==== mon_map magic: 0 v1 ==== 229+0+0 (secure 0 0 0) 0x7f74540039c0 con 0x7f7458104bf0
2024-04-01T00:09:10.113 INFO:teuthology.orchestra.run.smithi136.stdout:/usr/bin/ceph: stderr
2024-04-01T00:09:09.297+0000 7f744e7fc700 1 -- 172.21.15.136:0/3835441497 <== mon.0 v2:172.21.15.136:3300/0 2 ==== config(27 keys) v1 ==== 1101+0+0 (secure 0 0 0) 0x7f7454003b20 con 0x7f7458104bf0
2024-04-01T00:09:10.113 INFO:teuthology.orchestra.run.smithi136.stdout:/usr/bin/ceph: stderr
2024-04-01T00:09:09.297+0000 7f745fa51700 1 -- 172.21.15.136:0/3835441497 --> [v2:172.21.15.136:3300/0,v1:172.21.15.136:6789/0] -- mon_subscribe({mgrmap=0+}) v3 -- 0x7f7458198790 con 0x7f7458104bf0
2024-04-01T00:09:10.113 INFO:teuthology.orchestra.run.smithi136.stdout:/usr/bin/ceph: stderr
2024-04-01T00:09:09.297+0000 7f744e7fc700 1 -- 172.21.15.136:0/3835441497 <== mon.0 v2:172.21.15.136:3300/0 3 ==== mon_map magic: 0 v1 ==== 229+0+0 (secure 0 0 0) 0x7f7454023750 con 0x7f7458104bf0
2024-04-01T00:09:10.113 INFO:teuthology.orchestra.run.smithi136.stdout:/usr/bin/ceph: stderr
2024-04-01T00:09:09.297+0000 7f745fa51700 1 -- 172.21.15.136:0/3835441497 --> [v2:172.21.15.136:3300/0,v1:172.21.15.136:6789/0] -- mon_subscribe({osdmap=0}) v3 -- 0x7f7458198c30 con 0x7f7458104bf0
2024-04-01T00:09:10.113 INFO:teuthology.orchestra.run.smithi136.stdout:/usr/bin/ceph: stderr
2024-04-01T00:09:09.298+0000 7f744e7fc700 1 -- 172.21.15.136:0/3835441497 <== mon.0 v2:172.21.15.136:3300/0 4 ==== mgrmap(e 8) v1 ==== 45283+0+0 (secure 0 0 0) 0x7f74540239d0 con 0x7f7458104bf0
2024-04-01T00:09:10.114 INFO:teuthology.orchestra.run.smithi136.stdout:/usr/bin/ceph: stderr
2024-04-01T00:09:09.298+0000 7f744e7fc700 1 --2- 172.21.15.136:0/3835441497 >> [v2:172.21.15.136:6800/2772004359,v1:172.21.15.136:6801/2772004359] conn(0x7f744403a580 0x7f744403ca40 unknown :-1 s=NONE pgs=0 cs=0 l=1 rev1=0 crypto rx=0 tx=0 comp rx=0 tx=0).connect
2024-04-01T00:09:10.114 INFO:teuthology.orchestra.run.smithi136.stdout:/usr/bin/ceph: stderr
2024-04-01T00:09:09.298+0000 7f744e7fc700 1 -- 172.21.15.136:0/3835441497 <== mon.0 v2:172.21.15.136:3300/0 5 ==== osd_map(2..2 src has 1..2) v4 ==== 940+0+0 (secure 0 0 0) 0x7f745404c050 con 0x7f7458104bf0
2024-04-01T00:09:10.114 INFO:teuthology.orchestra.run.smithi136.stdout:/usr/bin/ceph: stderr
2024-04-01T00:09:09.298+0000 7f745fa51700 1 -- 172.21.15.136:0/3835441497 --> [v2:172.21.15.136:3300/0,v1:172.21.15.136:6789/0] -- mon_command({"prefix": "get_command_descriptions"} v 0) v1 -- 0x7f74581918e0 con 0x7f7458104bf0
2024-04-01T00:09:10.114 INFO:teuthology.orchestra.run.smithi136.stdout:/usr/bin/ceph: stderr
2024-04-01T00:09:09.298+0000 7f745cfec700 1 --2- 172.21.15.136:0/3835441497 >> [v2:172.21.15.136:6800/2772004359,v1:172.21.15.136:6801/2772004359] conn(0x7f744403a580 0x7f744403ca40 unknown :-1 s=BANNER_CONNECTING pgs=0 cs=0 l=1 rev1=0 crypto rx=0 tx=0 comp rx=0 tx=0)._handle_peer_banner_payload supported=3 required=0
2024-04-01T00:09:10.114 INFO:teuthology.orchestra.run.smithi136.stdout:/usr/bin/ceph: stderr
2024-04-01T00:09:09.298+0000 7f745cfec700 1 --2- 172.21.15.136:0/3835441497 >> [v2:172.21.15.136:6800/2772004359,v1:172.21.15.136:6801/2772004359] conn(0x7f744403a580 0x7f744403ca40 secure :-1 s=READY pgs=15 cs=0 l=1 rev1=1 crypto rx=0x7f7448006fd0 tx=0x7f7448006e40 comp rx=0 tx=0).ready entity=mgr.14120 client_cookie=0 server_cookie=0 in_seq=0 out_seq=0
2024-04-01T00:09:10.114 INFO:teuthology.orchestra.run.smithi136.stdout:/usr/bin/ceph: stderr
2024-04-01T00:09:09.304+0000 7f744e7fc700 1 -- 172.21.15.136:0/3835441497 <== mon.0 v2:172.21.15.136:3300/0 6 ==== mon_command_ack([{"prefix": "get_command_descriptions"}]=0 v0) v1 ==== 72+0+180422 (secure 0 0 0) 0x7f7454010de0 con 0x7f7458104bf0
2024-04-01T00:09:10.114 INFO:teuthology.orchestra.run.smithi136.stdout:/usr/bin/ceph: stderr
2024-04-01T00:09:09.511+0000 7f745fa51700 1 -- 172.21.15.136:0/3835441497 --> [v2:172.21.15.136:6800/2772004359,v1:172.21.15.136:6801/2772004359] -- mgr_command(tid 0: {"prefix": "orch apply", "service_type": "ceph-exporter", "target": ["mon-mgr", ""]}) v1 -- 0x7f74580611d0 con 0x7f744403a580
2024-04-01T00:09:10.114 INFO:teuthology.orchestra.run.smithi136.stdout:/usr/bin/ceph: stderr
2024-04-01T00:09:09.518+0000 7f744e7fc700 1 -- 172.21.15.136:0/3835441497 <== mgr.14120 v2:172.21.15.136:6800/2772004359 1 ==== mgr_command_reply(tid 0: 0 ) v1 ==== 8+0+34 (secure 0 0 0) 0x7f74580611d0 con 0x7f744403a580
2024-04-01T00:09:10.114 INFO:teuthology.orchestra.run.smithi136.stdout:/usr/bin/ceph: stderr
2024-04-01T00:09:09.521+0000 7f745fa51700 1 -- 172.21.15.136:0/3835441497 >> [v2:172.21.15.136:6800/2772004359,v1:172.21.15.136:6801/2772004359] conn(0x7f744403a580 msgr2=0x7f744403ca40 secure :-1 s=STATE_CONNECTION_ESTABLISHED l=1).mark_down
2024-04-01T00:09:10.114 INFO:teuthology.orchestra.run.smithi136.stdout:/usr/bin/ceph: stderr
2024-04-01T00:09:09.521+0000 7f745fa51700 1 --2- 172.21.15.136:0/3835441497 >> [v2:172.21.15.136:6800/2772004359,v1:172.21.15.136:6801/2772004359] conn(0x7f744403a580 0x7f744403ca40 secure :-1 s=READY pgs=15 cs=0 l=1 rev1=1 crypto rx=0x7f7448006fd0 tx=0x7f7448006e40 comp rx=0 tx=0).stop
2024-04-01T00:09:10.114 INFO:teuthology.orchestra.run.smithi136.stdout:/usr/bin/ceph: stderr
2024-04-01T00:09:09.521+0000 7f745fa51700 1 -- 172.21.15.136:0/3835441497 >> [v2:172.21.15.136:3300/0,v1:172.21.15.136:6789/0] conn(0x7f7458104bf0 msgr2=0x7f7458198050 secure :-1 s=STATE_CONNECTION_ESTABLISHED l=1).mark_down
2024-04-01T00:09:10.115 INFO:teuthology.orchestra.run.smithi136.stdout:/usr/bin/ceph: stderr
2024-04-01T00:09:09.521+0000 7f745fa51700 1 --2- 172.21.15.136:0/3835441497 >> [v2:172.21.15.136:3300/0,v1:172.21.15.136:6789/0] conn(0x7f7458104bf0 0x7f7458198050 secure :-1 s=READY pgs=54 cs=0 l=1 rev1=1 crypto rx=0x7f7454000c00 tx=0x7f74540047c0 comp rx=0 tx=0).stop
2024-04-01T00:09:10.115 INFO:teuthology.orchestra.run.smithi136.stdout:/usr/bin/ceph: stderr
2024-04-01T00:09:09.521+0000 7f745fa51700 1 -- 172.21.15.136:0/3835441497 shutdown_connections
2024-04-01T00:09:10.115 INFO:teuthology.orchestra.run.smithi136.stdout:/usr/bin/ceph: stderr
2024-04-01T00:09:09.521+0000 7f745fa51700 1 --2- 172.21.15.136:0/3835441497 >> [v2:172.21.15.136:6800/2772004359,v1:172.21.15.136:6801/2772004359] conn(0x7f744403a580 0x7f744403ca40 unknown :-1 s=CLOSED pgs=15 cs=0 l=1 rev1=1 crypto rx=0 tx=0 comp rx=0 tx=0).stop
2024-04-01T00:09:10.115 INFO:teuthology.orchestra.run.smithi136.stdout:/usr/bin/ceph: stderr
2024-04-01T00:09:09.521+0000 7f745fa51700 1 --2- 172.21.15.136:0/3835441497 >> [v2:172.21.15.136:3300/0,v1:172.21.15.136:6789/0] conn(0x7f7458104bf0 0x7f7458198050 unknown :-1 s=CLOSED pgs=54 cs=0 l=1 rev1=1 crypto rx=0 tx=0 comp rx=0 tx=0).stop
2024-04-01T00:09:10.115 INFO:teuthology.orchestra.run.smithi136.stdout:/usr/bin/ceph: stderr
2024-04-01T00:09:09.521+0000 7f745fa51700 1 -- 172.21.15.136:0/3835441497 >> 172.21.15.136:0/3835441497 conn(0x7f7458100190 msgr2=0x7f745818c5b0 unknown :-1 s=STATE_NONE l=0).mark_down
2024-04-01T00:09:10.115 INFO:teuthology.orchestra.run.smithi136.stdout:/usr/bin/ceph: stderr
2024-04-01T00:09:09.521+0000 7f745fa51700 1 -- 172.21.15.136:0/3835441497 shutdown_connections
2024-04-01T00:09:10.115 INFO:teuthology.orchestra.run.smithi136.stdout:/usr/bin/ceph: stderr
2024-04-01T00:09:09.521+0000 7f745fa51700 1 -- 172.21.15.136:0/3835441497 wait complete.
2024-04-01T00:09:10.115 INFO:teuthology.orchestra.run.smithi136.stdout:Deploying prometheus service with default placement...
2024-04-01T00:09:10.720 INFO:journalctl@ceph.mon.smithi136.smithi136.stdout:Apr 01 00:09:10 smithi136 ceph-mon[28998]: from='client.14148 -' entity='client.admin' cmd=[{"prefix": "orch apply", "service_type": "ceph-exporter", "target": ["mon-mgr", ""]}]: dispatch
2024-04-01T00:09:10.720 INFO:journalctl@ceph.mon.smithi136.smithi136.stdout:Apr 01 00:09:10 smithi136 ceph-mon[28998]: Saving service ceph-exporter spec with placement *
2024-04-01T00:09:10.720 INFO:journalctl@ceph.mon.smithi136.smithi136.stdout:Apr 01 00:09:10 smithi136 ceph-mon[28998]: from='mgr.14120 172.21.15.136:0/2137744529' entity='mgr.smithi136.xfyavi'
2024-04-01T00:09:11.504 INFO:teuthology.orchestra.run.smithi136.stdout:/usr/bin/ceph: stdout Scheduled prometheus update...
2024-04-01T00:09:11.504 INFO:teuthology.orchestra.run.smithi136.stdout:/usr/bin/ceph: stderr
2024-04-01T00:09:10.502+0000 7fc2cc533700 1 Processor -- start
2024-04-01T00:09:11.504 INFO:teuthology.orchestra.run.smithi136.stdout:/usr/bin/ceph: stderr
2024-04-01T00:09:10.502+0000 7fc2cc533700 1 -- start start
2024-04-01T00:09:11.504 INFO:teuthology.orchestra.run.smithi136.stdout:/usr/bin/ceph: stderr
2024-04-01T00:09:10.502+0000 7fc2cc533700 1 --2- >> [v2:172.21.15.136:3300/0,v1:172.21.15.136:6789/0] conn(0x7fc2c4104e30 0x7fc2c4105250 unknown :-1 s=NONE pgs=0 cs=0 l=0 rev1=0 crypto rx=0 tx=0 comp rx=0 tx=0).connect
2024-04-01T00:09:11.505 INFO:teuthology.orchestra.run.smithi136.stdout:/usr/bin/ceph: stderr
2024-04-01T00:09:10.502+0000 7fc2cc533700 1 -- --> [v2:172.21.15.136:3300/0,v1:172.21.15.136:6789/0] -- mon_getmap magic: 0 v1 -- 0x7fc2c4074620 con 0x7fc2c4104e30
2024-04-01T00:09:11.505 INFO:teuthology.orchestra.run.smithi136.stdout:/usr/bin/ceph: stderr
2024-04-01T00:09:10.503+0000 7fc2ca2cf700 1 --2- >> [v2:172.21.15.136:3300/0,v1:172.21.15.136:6789/0] conn(0x7fc2c4104e30 0x7fc2c4105250 unknown :-1 s=BANNER_CONNECTING pgs=0 cs=0 l=0 rev1=0 crypto rx=0 tx=0 comp rx=0 tx=0)._handle_peer_banner_payload supported=3 required=0
2024-04-01T00:09:11.505 INFO:teuthology.orchestra.run.smithi136.stdout:/usr/bin/ceph: stderr
2024-04-01T00:09:10.503+0000 7fc2ca2cf700 1 --2- >> [v2:172.21.15.136:3300/0,v1:172.21.15.136:6789/0] conn(0x7fc2c4104e30 0x7fc2c4105250 unknown :-1 s=HELLO_CONNECTING pgs=0 cs=0 l=0 rev1=1 crypto rx=0 tx=0 comp rx=0 tx=0).handle_hello peer v2:172.21.15.136:3300/0 says I am v2:172.21.15.136:52838/0 (socket says 172.21.15.136:52838)
2024-04-01T00:09:11.505 INFO:teuthology.orchestra.run.smithi136.stdout:/usr/bin/ceph: stderr
2024-04-01T00:09:10.503+0000 7fc2ca2cf700 1 -- 172.21.15.136:0/1869573712 learned_addr learned my addr 172.21.15.136:0/1869573712 (peer_addr_for_me v2:172.21.15.136:0/0)
2024-04-01T00:09:11.505 INFO:teuthology.orchestra.run.smithi136.stdout:/usr/bin/ceph: stderr
2024-04-01T00:09:10.503+0000 7fc2ca2cf700 1 -- 172.21.15.136:0/1869573712 --> [v2:172.21.15.136:3300/0,v1:172.21.15.136:6789/0] -- mon_subscribe({config=0+,monmap=0+}) v3 -- 0x7fc2c4105790 con 0x7fc2c4104e30
2024-04-01T00:09:11.505 INFO:teuthology.orchestra.run.smithi136.stdout:/usr/bin/ceph: stderr
2024-04-01T00:09:10.503+0000 7fc2ca2cf700 1 --2- 172.21.15.136:0/1869573712 >> [v2:172.21.15.136:3300/0,v1:172.21.15.136:6789/0] conn(0x7fc2c4104e30 0x7fc2c4105250 secure :-1 s=READY pgs=55 cs=0 l=1 rev1=1 crypto rx=0x7fc2c0009e80 tx=0x7fc2c000b330 comp rx=0 tx=0).ready entity=mon.0 client_cookie=9750c6c79313f2ec server_cookie=0 in_seq=0 out_seq=0
2024-04-01T00:09:11.505 INFO:teuthology.orchestra.run.smithi136.stdout:/usr/bin/ceph: stderr
2024-04-01T00:09:10.503+0000 7fc2c92cd700 1 -- 172.21.15.136:0/1869573712 <== mon.0 v2:172.21.15.136:3300/0 1 ==== mon_map magic: 0 v1 ==== 229+0+0 (secure 0 0 0) 0x7fc2c000e070 con 0x7fc2c4104e30
2024-04-01T00:09:11.505 INFO:teuthology.orchestra.run.smithi136.stdout:/usr/bin/ceph: stderr
2024-04-01T00:09:10.503+0000 7fc2c92cd700 1 -- 172.21.15.136:0/1869573712 <== mon.0 v2:172.21.15.136:3300/0 2 ==== config(27 keys) v1 ==== 1101+0+0 (secure 0 0 0) 0x7fc2c000b8c0 con 0x7fc2c4104e30
2024-04-01T00:09:11.505 INFO:teuthology.orchestra.run.smithi136.stdout:/usr/bin/ceph: stderr
2024-04-01T00:09:10.503+0000 7fc2c92cd700 1 -- 172.21.15.136:0/1869573712 <== mon.0 v2:172.21.15.136:3300/0 3 ==== mon_map magic: 0 v1 ==== 229+0+0 (secure 0 0 0) 0x7fc2c00044d0 con 0x7fc2c4104e30
2024-04-01T00:09:11.505 INFO:teuthology.orchestra.run.smithi136.stdout:/usr/bin/ceph: stderr
2024-04-01T00:09:10.504+0000 7fc2cc533700 1 -- 172.21.15.136:0/1869573712 >> [v2:172.21.15.136:3300/0,v1:172.21.15.136:6789/0] conn(0x7fc2c4104e30 msgr2=0x7fc2c4105250 secure :-1 s=STATE_CONNECTION_ESTABLISHED l=1).mark_down
2024-04-01T00:09:11.505 INFO:teuthology.orchestra.run.smithi136.stdout:/usr/bin/ceph: stderr
2024-04-01T00:09:10.504+0000 7fc2cc533700 1 --2- 172.21.15.136:0/1869573712 >> [v2:172.21.15.136:3300/0,v1:172.21.15.136:6789/0] conn(0x7fc2c4104e30 0x7fc2c4105250 secure :-1 s=READY pgs=55 cs=0 l=1 rev1=1 crypto rx=0x7fc2c0009e80 tx=0x7fc2c000b330 comp rx=0 tx=0).stop
2024-04-01T00:09:11.505 INFO:teuthology.orchestra.run.smithi136.stdout:/usr/bin/ceph: stderr
2024-04-01T00:09:10.504+0000 7fc2cc533700 1 -- 172.21.15.136:0/1869573712 shutdown_connections
2024-04-01T00:09:11.505 INFO:teuthology.orchestra.run.smithi136.stdout:/usr/bin/ceph: stderr
2024-04-01T00:09:10.504+0000 7fc2cc533700 1 --2- 172.21.15.136:0/1869573712 >> [v2:172.21.15.136:3300/0,v1:172.21.15.136:6789/0] conn(0x7fc2c4104e30 0x7fc2c4105250 unknown :-1 s=CLOSED pgs=55 cs=0 l=1 rev1=1 crypto rx=0 tx=0 comp rx=0 tx=0).stop
2024-04-01T00:09:11.506 INFO:teuthology.orchestra.run.smithi136.stdout:/usr/bin/ceph: stderr
2024-04-01T00:09:10.504+0000 7fc2cc533700 1 -- 172.21.15.136:0/1869573712 >> 172.21.15.136:0/1869573712 conn(0x7fc2c41009f0 msgr2=0x7fc2c4102e50 unknown :-1 s=STATE_NONE l=0).mark_down
2024-04-01T00:09:11.506 INFO:teuthology.orchestra.run.smithi136.stdout:/usr/bin/ceph: stderr
2024-04-01T00:09:10.504+0000 7fc2cc533700 1 -- 172.21.15.136:0/1869573712 shutdown_connections
2024-04-01T00:09:11.506 INFO:teuthology.orchestra.run.smithi136.stdout:/usr/bin/ceph: stderr
2024-04-01T00:09:10.504+0000 7fc2cc533700 1 -- 172.21.15.136:0/1869573712 wait complete.
2024-04-01T00:09:11.506 INFO:teuthology.orchestra.run.smithi136.stdout:/usr/bin/ceph: stderr
2024-04-01T00:09:10.504+0000 7fc2cc533700 1 Processor -- start
2024-04-01T00:09:11.506 INFO:teuthology.orchestra.run.smithi136.stdout:/usr/bin/ceph: stderr
2024-04-01T00:09:10.505+0000 7fc2cc533700 1 -- start start
2024-04-01T00:09:11.506 INFO:teuthology.orchestra.run.smithi136.stdout:/usr/bin/ceph: stderr
2024-04-01T00:09:10.505+0000 7fc2cc533700 1 --2- >> [v2:172.21.15.136:3300/0,v1:172.21.15.136:6789/0] conn(0x7fc2c4104e30 0x7fc2c419c340 unknown :-1 s=NONE pgs=0 cs=0 l=1 rev1=0 crypto rx=0 tx=0 comp rx=0 tx=0).connect
2024-04-01T00:09:11.506 INFO:teuthology.orchestra.run.smithi136.stdout:/usr/bin/ceph: stderr
2024-04-01T00:09:10.505+0000 7fc2cc533700 1 -- --> [v2:172.21.15.136:3300/0,v1:172.21.15.136:6789/0] -- mon_getmap magic: 0 v1 -- 0x7fc2c419c880 con 0x7fc2c4104e30
2024-04-01T00:09:11.506 INFO:teuthology.orchestra.run.smithi136.stdout:/usr/bin/ceph: stderr
2024-04-01T00:09:10.505+0000 7fc2ca2cf700 1 --2- >> [v2:172.21.15.136:3300/0,v1:172.21.15.136:6789/0] conn(0x7fc2c4104e30 0x7fc2c419c340 unknown :-1 s=BANNER_CONNECTING pgs=0 cs=0 l=1 rev1=0 crypto rx=0 tx=0 comp rx=0 tx=0)._handle_peer_banner_payload supported=3 required=0
2024-04-01T00:09:11.506 INFO:teuthology.orchestra.run.smithi136.stdout:/usr/bin/ceph: stderr
2024-04-01T00:09:10.505+0000 7fc2ca2cf700 1 --2- >> [v2:172.21.15.136:3300/0,v1:172.21.15.136:6789/0] conn(0x7fc2c4104e30 0x7fc2c419c340 unknown :-1 s=HELLO_CONNECTING pgs=0 cs=0 l=1 rev1=1 crypto rx=0 tx=0 comp rx=0 tx=0).handle_hello peer v2:172.21.15.136:3300/0 says I am v2:172.21.15.136:52850/0 (socket says 172.21.15.136:52850)
2024-04-01T00:09:11.506 INFO:teuthology.orchestra.run.smithi136.stdout:/usr/bin/ceph: stderr
2024-04-01T00:09:10.505+0000 7fc2ca2cf700 1 -- 172.21.15.136:0/3198660423 learned_addr learned my addr 172.21.15.136:0/3198660423 (peer_addr_for_me v2:172.21.15.136:0/0)
2024-04-01T00:09:11.506 INFO:teuthology.orchestra.run.smithi136.stdout:/usr/bin/ceph: stderr
2024-04-01T00:09:10.505+0000 7fc2ca2cf700 1 -- 172.21.15.136:0/3198660423 --> [v2:172.21.15.136:3300/0,v1:172.21.15.136:6789/0] -- mon_subscribe({config=0+,monmap=0+}) v3 -- 0x7fc2c0009b30 con 0x7fc2c4104e30
2024-04-01T00:09:11.506 INFO:teuthology.orchestra.run.smithi136.stdout:/usr/bin/ceph: stderr
2024-04-01T00:09:10.505+0000 7fc2ca2cf700 1 --2- 172.21.15.136:0/3198660423 >> [v2:172.21.15.136:3300/0,v1:172.21.15.136:6789/0] conn(0x7fc2c4104e30 0x7fc2c419c340 secure :-1 s=READY pgs=56 cs=0 l=1 rev1=1 crypto rx=0x7fc2c0004070 tx=0x7fc2c00049f0 comp rx=0 tx=0).ready entity=mon.0 client_cookie=0 server_cookie=0 in_seq=0 out_seq=0
2024-04-01T00:09:11.506 INFO:teuthology.orchestra.run.smithi136.stdout:/usr/bin/ceph: stderr
2024-04-01T00:09:10.505+0000 7fc2bb7fe700 1 -- 172.21.15.136:0/3198660423 <== mon.0 v2:172.21.15.136:3300/0 1 ==== mon_map magic: 0 v1 ==== 229+0+0 (secure 0 0 0) 0x7fc2c000e040 con 0x7fc2c4104e30
2024-04-01T00:09:11.507 INFO:teuthology.orchestra.run.smithi136.stdout:/usr/bin/ceph: stderr
2024-04-01T00:09:10.505+0000 7fc2bb7fe700 1 -- 172.21.15.136:0/3198660423 <== mon.0 v2:172.21.15.136:3300/0 2 ==== config(27 keys) v1 ==== 1101+0+0 (secure 0 0 0) 0x7fc2c000be00 con 0x7fc2c4104e30
2024-04-01T00:09:11.507 INFO:teuthology.orchestra.run.smithi136.stdout:/usr/bin/ceph: stderr
2024-04-01T00:09:10.505+0000 7fc2cc533700 1 -- 172.21.15.136:0/3198660423 --> [v2:172.21.15.136:3300/0,v1:172.21.15.136:6789/0] -- mon_subscribe({mgrmap=0+}) v3 -- 0x7fc2c419ca80 con 0x7fc2c4104e30
2024-04-01T00:09:11.507 INFO:teuthology.orchestra.run.smithi136.stdout:/usr/bin/ceph: stderr
2024-04-01T00:09:10.505+0000 7fc2bb7fe700 1 -- 172.21.15.136:0/3198660423 <== mon.0 v2:172.21.15.136:3300/0 3 ==== mon_map magic: 0 v1 ==== 229+0+0 (secure 0 0 0) 0x7fc2c0012770 con 0x7fc2c4104e30
2024-04-01T00:09:11.507 INFO:teuthology.orchestra.run.smithi136.stdout:/usr/bin/ceph: stderr
2024-04-01T00:09:10.505+0000 7fc2cc533700 1 -- 172.21.15.136:0/3198660423 --> [v2:172.21.15.136:3300/0,v1:172.21.15.136:6789/0] -- mon_subscribe({osdmap=0}) v3 -- 0x7fc2c419cf80 con 0x7fc2c4104e30
2024-04-01T00:09:11.507 INFO:teuthology.orchestra.run.smithi136.stdout:/usr/bin/ceph: stderr
2024-04-01T00:09:10.506+0000 7fc2bb7fe700 1 -- 172.21.15.136:0/3198660423 <== mon.0 v2:172.21.15.136:3300/0 4 ==== mgrmap(e 8) v1 ==== 45283+0+0 (secure 0 0 0) 0x7fc2c0019040 con 0x7fc2c4104e30
2024-04-01T00:09:11.507 INFO:teuthology.orchestra.run.smithi136.stdout:/usr/bin/ceph: stderr
2024-04-01T00:09:10.506+0000 7fc2bb7fe700 1 --2- 172.21.15.136:0/3198660423 >> [v2:172.21.15.136:6800/2772004359,v1:172.21.15.136:6801/2772004359] conn(0x7fc2b0038320 0x7fc2b003a7e0 unknown :-1 s=NONE pgs=0 cs=0 l=1 rev1=0 crypto rx=0 tx=0 comp rx=0 tx=0).connect
2024-04-01T00:09:11.507 INFO:teuthology.orchestra.run.smithi136.stdout:/usr/bin/ceph: stderr
2024-04-01T00:09:10.506+0000 7fc2bb7fe700 1 -- 172.21.15.136:0/3198660423 <== mon.0 v2:172.21.15.136:3300/0 5 ==== osd_map(2..2 src has 1..2) v4 ==== 940+0+0 (secure 0 0 0) 0x7fc2c004bd90 con 0x7fc2c4104e30
2024-04-01T00:09:11.507 INFO:teuthology.orchestra.run.smithi136.stdout:/usr/bin/ceph: stderr
2024-04-01T00:09:10.507+0000 7fc2c9ace700 1 --2- 172.21.15.136:0/3198660423 >> [v2:172.21.15.136:6800/2772004359,v1:172.21.15.136:6801/2772004359] conn(0x7fc2b0038320 0x7fc2b003a7e0 unknown :-1 s=BANNER_CONNECTING pgs=0 cs=0 l=1 rev1=0 crypto rx=0 tx=0 comp rx=0 tx=0)._handle_peer_banner_payload supported=3 required=0
2024-04-01T00:09:11.507 INFO:teuthology.orchestra.run.smithi136.stdout:/usr/bin/ceph: stderr
2024-04-01T00:09:10.507+0000 7fc2cc533700 1 -- 172.21.15.136:0/3198660423 --> [v2:172.21.15.136:3300/0,v1:172.21.15.136:6789/0] -- mon_command({"prefix": "get_command_descriptions"} v 0) v1 -- 0x7fc2c4195c60 con 0x7fc2c4104e30
2024-04-01T00:09:11.507 INFO:teuthology.orchestra.run.smithi136.stdout:/usr/bin/ceph: stderr
2024-04-01T00:09:10.507+0000 7fc2c9ace700 1 --2- 172.21.15.136:0/3198660423 >> [v2:172.21.15.136:6800/2772004359,v1:172.21.15.136:6801/2772004359] conn(0x7fc2b0038320 0x7fc2b003a7e0 secure :-1 s=READY pgs=16 cs=0 l=1 rev1=1 crypto rx=0x7fc2b4006fd0 tx=0x7fc2b4006e40 comp rx=0 tx=0).ready entity=mgr.14120 client_cookie=0 server_cookie=0 in_seq=0 out_seq=0
2024-04-01T00:09:11.507 INFO:teuthology.orchestra.run.smithi136.stdout:/usr/bin/ceph: stderr
2024-04-01T00:09:10.511+0000 7fc2bb7fe700 1 -- 172.21.15.136:0/3198660423 <== mon.0 v2:172.21.15.136:3300/0 6 ==== mon_command_ack([{"prefix": "get_command_descriptions"}]=0 v0) v1 ==== 72+0+180422 (secure 0 0 0) 0x7fc2c0011980 con 0x7fc2c4104e30
2024-04-01T00:09:11.507 INFO:teuthology.orchestra.run.smithi136.stdout:/usr/bin/ceph: stderr
2024-04-01T00:09:10.719+0000 7fc2cc533700 1 -- 172.21.15.136:0/3198660423 --> [v2:172.21.15.136:6800/2772004359,v1:172.21.15.136:6801/2772004359] -- mgr_command(tid 0: {"prefix": "orch apply", "service_type": "prometheus", "target": ["mon-mgr", ""]}) v1 -- 0x7fc2c40611d0 con 0x7fc2b0038320
2024-04-01T00:09:11.507 INFO:teuthology.orchestra.run.smithi136.stdout:/usr/bin/ceph: stderr
2024-04-01T00:09:10.726+0000 7fc2bb7fe700 1 -- 172.21.15.136:0/3198660423 <== mgr.14120 v2:172.21.15.136:6800/2772004359 1 ==== mgr_command_reply(tid 0: 0 ) v1 ==== 8+0+31 (secure 0 0 0) 0x7fc2c40611d0 con 0x7fc2b0038320
2024-04-01T00:09:11.508 INFO:teuthology.orchestra.run.smithi136.stdout:/usr/bin/ceph: stderr
2024-04-01T00:09:10.728+0000 7fc2cc533700 1 -- 172.21.15.136:0/3198660423 >> [v2:172.21.15.136:6800/2772004359,v1:172.21.15.136:6801/2772004359] conn(0x7fc2b0038320 msgr2=0x7fc2b003a7e0 secure :-1 s=STATE_CONNECTION_ESTABLISHED l=1).mark_down
2024-04-01T00:09:11.508 INFO:teuthology.orchestra.run.smithi136.stdout:/usr/bin/ceph: stderr
2024-04-01T00:09:10.728+0000 7fc2cc533700 1 --2- 172.21.15.136:0/3198660423 >> [v2:172.21.15.136:6800/2772004359,v1:172.21.15.136:6801/2772004359] conn(0x7fc2b0038320 0x7fc2b003a7e0 secure :-1 s=READY pgs=16 cs=0 l=1 rev1=1 crypto rx=0x7fc2b4006fd0 tx=0x7fc2b4006e40 comp rx=0 tx=0).stop
2024-04-01T00:09:11.508 INFO:teuthology.orchestra.run.smithi136.stdout:/usr/bin/ceph: stderr
2024-04-01T00:09:10.728+0000 7fc2cc533700 1 -- 172.21.15.136:0/3198660423 >> [v2:172.21.15.136:3300/0,v1:172.21.15.136:6789/0] conn(0x7fc2c4104e30 msgr2=0x7fc2c419c340 secure :-1 s=STATE_CONNECTION_ESTABLISHED l=1).mark_down
2024-04-01T00:09:11.508 INFO:teuthology.orchestra.run.smithi136.stdout:/usr/bin/ceph: stderr
2024-04-01T00:09:10.728+0000 7fc2cc533700 1 --2- 172.21.15.136:0/3198660423 >> [v2:172.21.15.136:3300/0,v1:172.21.15.136:6789/0] conn(0x7fc2c4104e30 0x7fc2c419c340 secure :-1 s=READY pgs=56 cs=0 l=1 rev1=1 crypto rx=0x7fc2c0004070 tx=0x7fc2c00049f0 comp rx=0 tx=0).stop
2024-04-01T00:09:11.508 INFO:teuthology.orchestra.run.smithi136.stdout:/usr/bin/ceph: stderr
2024-04-01T00:09:10.728+0000 7fc2cc533700 1 -- 172.21.15.136:0/3198660423 shutdown_connections
2024-04-01T00:09:11.508 INFO:teuthology.orchestra.run.smithi136.stdout:/usr/bin/ceph: stderr
2024-04-01T00:09:10.728+0000 7fc2cc533700 1 --2- 172.21.15.136:0/3198660423 >> [v2:172.21.15.136:6800/2772004359,v1:172.21.15.136:6801/2772004359] conn(0x7fc2b0038320 0x7fc2b003a7e0 unknown :-1 s=CLOSED pgs=16 cs=0 l=1 rev1=1 crypto rx=0 tx=0 comp rx=0 tx=0).stop
2024-04-01T00:09:11.508 INFO:teuthology.orchestra.run.smithi136.stdout:/usr/bin/ceph: stderr
2024-04-01T00:09:10.728+0000 7fc2cc533700 1 --2- 172.21.15.136:0/3198660423 >> [v2:172.21.15.136:3300/0,v1:172.21.15.136:6789/0] conn(0x7fc2c4104e30 0x7fc2c419c340 unknown :-1 s=CLOSED pgs=56 cs=0 l=1 rev1=1 crypto rx=0 tx=0 comp rx=0 tx=0).stop
2024-04-01T00:09:11.508 INFO:teuthology.orchestra.run.smithi136.stdout:/usr/bin/ceph: stderr
2024-04-01T00:09:10.728+0000 7fc2cc533700 1 -- 172.21.15.136:0/3198660423 >> 172.21.15.136:0/3198660423 conn(0x7fc2c41009f0 msgr2=0x7fc2c41909f0 unknown :-1 s=STATE_NONE l=0).mark_down
2024-04-01T00:09:11.508 INFO:teuthology.orchestra.run.smithi136.stdout:/usr/bin/ceph: stderr
2024-04-01T00:09:10.728+0000 7fc2cc533700 1 -- 172.21.15.136:0/3198660423 shutdown_connections
2024-04-01T00:09:11.508 INFO:teuthology.orchestra.run.smithi136.stdout:/usr/bin/ceph: stderr
2024-04-01T00:09:10.728+0000 7fc2cc533700 1 -- 172.21.15.136:0/3198660423 wait complete.
2024-04-01T00:09:11.508 INFO:teuthology.orchestra.run.smithi136.stdout:Deploying grafana service with default placement...
2024-04-01T00:09:11.894 INFO:journalctl@ceph.mon.smithi136.smithi136.stdout:Apr 01 00:09:11 smithi136 ceph-mon[28998]: from='client.14150 -' entity='client.admin' cmd=[{"prefix": "orch apply", "service_type": "prometheus", "target": ["mon-mgr", ""]}]: dispatch
2024-04-01T00:09:11.894 INFO:journalctl@ceph.mon.smithi136.smithi136.stdout:Apr 01 00:09:11 smithi136 ceph-mon[28998]: Saving service prometheus spec with placement count:1
2024-04-01T00:09:11.894 INFO:journalctl@ceph.mon.smithi136.smithi136.stdout:Apr 01 00:09:11 smithi136 ceph-mon[28998]: from='mgr.14120 172.21.15.136:0/2137744529' entity='mgr.smithi136.xfyavi'
2024-04-01T00:09:13.165 INFO:teuthology.orchestra.run.smithi136.stdout:/usr/bin/ceph: stdout Scheduled grafana update...
2024-04-01T00:09:13.165 INFO:teuthology.orchestra.run.smithi136.stdout:/usr/bin/ceph: stderr
2024-04-01T00:09:12.348+0000 7f72b33d1700 1 Processor -- start
2024-04-01T00:09:13.166 INFO:teuthology.orchestra.run.smithi136.stdout:/usr/bin/ceph: stderr
2024-04-01T00:09:12.348+0000 7f72b33d1700 1 -- start start
2024-04-01T00:09:13.166 INFO:teuthology.orchestra.run.smithi136.stdout:/usr/bin/ceph: stderr
2024-04-01T00:09:12.348+0000 7f72b33d1700 1 --2- >> [v2:172.21.15.136:3300/0,v1:172.21.15.136:6789/0] conn(0x7f72ac107040 0x7f72ac109430 unknown :-1 s=NONE pgs=0 cs=0 l=0 rev1=0 crypto rx=0 tx=0 comp rx=0 tx=0).connect
2024-04-01T00:09:13.166 INFO:teuthology.orchestra.run.smithi136.stdout:/usr/bin/ceph: stderr
2024-04-01T00:09:12.348+0000 7f72b33d1700 1 -- --> [v2:172.21.15.136:3300/0,v1:172.21.15.136:6789/0] -- mon_getmap magic: 0 v1 -- 0x7f72ac074620 con 0x7f72ac107040
2024-04-01T00:09:13.166 INFO:teuthology.orchestra.run.smithi136.stdout:/usr/bin/ceph: stderr
2024-04-01T00:09:12.349+0000 7f72b116d700 1 --2- >> [v2:172.21.15.136:3300/0,v1:172.21.15.136:6789/0] conn(0x7f72ac107040 0x7f72ac109430 unknown :-1 s=BANNER_CONNECTING pgs=0 cs=0 l=0 rev1=0 crypto rx=0 tx=0 comp rx=0 tx=0)._handle_peer_banner_payload supported=3 required=0
2024-04-01T00:09:13.166 INFO:teuthology.orchestra.run.smithi136.stdout:/usr/bin/ceph: stderr
2024-04-01T00:09:12.349+0000 7f72b116d700 1 --2- >> [v2:172.21.15.136:3300/0,v1:172.21.15.136:6789/0] conn(0x7f72ac107040 0x7f72ac109430 unknown :-1 s=HELLO_CONNECTING pgs=0 cs=0 l=0 rev1=1 crypto rx=0 tx=0 comp rx=0 tx=0).handle_hello peer v2:172.21.15.136:3300/0 says I am v2:172.21.15.136:52862/0 (socket says 172.21.15.136:52862)
2024-04-01T00:09:13.166 INFO:teuthology.orchestra.run.smithi136.stdout:/usr/bin/ceph: stderr
2024-04-01T00:09:12.349+0000 7f72b116d700 1 -- 172.21.15.136:0/869668127 learned_addr learned my addr 172.21.15.136:0/869668127 (peer_addr_for_me v2:172.21.15.136:0/0)
2024-04-01T00:09:13.166 INFO:teuthology.orchestra.run.smithi136.stdout:/usr/bin/ceph: stderr
2024-04-01T00:09:12.349+0000 7f72b116d700 1 -- 172.21.15.136:0/869668127 --> [v2:172.21.15.136:3300/0,v1:172.21.15.136:6789/0] -- mon_subscribe({config=0+,monmap=0+}) v3 -- 0x7f72ac109970 con 0x7f72ac107040
2024-04-01T00:09:13.166 INFO:teuthology.orchestra.run.smithi136.stdout:/usr/bin/ceph: stderr
2024-04-01T00:09:12.349+0000 7f72b116d700 1 --2- 172.21.15.136:0/869668127 >> [v2:172.21.15.136:3300/0,v1:172.21.15.136:6789/0] conn(0x7f72ac107040 0x7f72ac109430 secure :-1 s=READY pgs=57 cs=0 l=1 rev1=1 crypto rx=0x7f72a8009e80 tx=0x7f72a800b330 comp rx=0 tx=0).ready entity=mon.0 client_cookie=56a9183514457dcf server_cookie=0 in_seq=0 out_seq=0
2024-04-01T00:09:13.166 INFO:teuthology.orchestra.run.smithi136.stdout:/usr/bin/ceph: stderr
2024-04-01T00:09:12.349+0000 7f72a3fff700 1 -- 172.21.15.136:0/869668127 <== mon.0 v2:172.21.15.136:3300/0 1 ==== mon_map magic: 0 v1 ==== 229+0+0 (secure 0 0 0) 0x7f72a800e070 con 0x7f72ac107040
2024-04-01T00:09:13.167 INFO:teuthology.orchestra.run.smithi136.stdout:/usr/bin/ceph: stderr
2024-04-01T00:09:12.349+0000 7f72a3fff700 1 -- 172.21.15.136:0/869668127 <== mon.0 v2:172.21.15.136:3300/0 2 ==== config(27 keys) v1 ==== 1101+0+0 (secure 0 0 0) 0x7f72a800b8c0 con 0x7f72ac107040
2024-04-01T00:09:13.167 INFO:teuthology.orchestra.run.smithi136.stdout:/usr/bin/ceph: stderr
2024-04-01T00:09:12.349+0000 7f72a3fff700 1 -- 172.21.15.136:0/869668127 <== mon.0 v2:172.21.15.136:3300/0 3 ==== mon_map magic: 0 v1 ==== 229+0+0 (secure 0 0 0) 0x7f72a80044d0 con 0x7f72ac107040
2024-04-01T00:09:13.167 INFO:teuthology.orchestra.run.smithi136.stdout:/usr/bin/ceph: stderr
2024-04-01T00:09:12.350+0000 7f72b33d1700 1 -- 172.21.15.136:0/869668127 >> [v2:172.21.15.136:3300/0,v1:172.21.15.136:6789/0] conn(0x7f72ac107040 msgr2=0x7f72ac109430 secure :-1 s=STATE_CONNECTION_ESTABLISHED l=1).mark_down
2024-04-01T00:09:13.167 INFO:teuthology.orchestra.run.smithi136.stdout:/usr/bin/ceph: stderr
2024-04-01T00:09:12.350+0000 7f72b33d1700 1 --2- 172.21.15.136:0/869668127 >> [v2:172.21.15.136:3300/0,v1:172.21.15.136:6789/0] conn(0x7f72ac107040 0x7f72ac109430 secure :-1 s=READY pgs=57 cs=0 l=1 rev1=1 crypto rx=0x7f72a8009e80 tx=0x7f72a800b330 comp rx=0 tx=0).stop
2024-04-01T00:09:13.167 INFO:teuthology.orchestra.run.smithi136.stdout:/usr/bin/ceph: stderr
2024-04-01T00:09:12.350+0000 7f72b33d1700 1 -- 172.21.15.136:0/869668127 shutdown_connections
2024-04-01T00:09:13.167 INFO:teuthology.orchestra.run.smithi136.stdout:/usr/bin/ceph: stderr
2024-04-01T00:09:12.350+0000 7f72b33d1700 1 --2- 172.21.15.136:0/869668127 >> [v2:172.21.15.136:3300/0,v1:172.21.15.136:6789/0] conn(0x7f72ac107040 0x7f72ac109430 unknown :-1 s=CLOSED pgs=57 cs=0 l=1 rev1=1 crypto rx=0 tx=0 comp rx=0 tx=0).stop
2024-04-01T00:09:13.167 INFO:teuthology.orchestra.run.smithi136.stdout:/usr/bin/ceph: stderr
2024-04-01T00:09:12.350+0000 7f72b33d1700 1 -- 172.21.15.136:0/869668127 >> 172.21.15.136:0/869668127 conn(0x7f72ac1009f0 msgr2=0x7f72ac102e50 unknown :-1 s=STATE_NONE l=0).mark_down
2024-04-01T00:09:13.167 INFO:teuthology.orchestra.run.smithi136.stdout:/usr/bin/ceph: stderr
2024-04-01T00:09:12.350+0000 7f72b33d1700 1 -- 172.21.15.136:0/869668127 shutdown_connections
2024-04-01T00:09:13.167 INFO:teuthology.orchestra.run.smithi136.stdout:/usr/bin/ceph: stderr
2024-04-01T00:09:12.350+0000 7f72b33d1700 1 -- 172.21.15.136:0/869668127 wait complete.
2024-04-01T00:09:13.167 INFO:teuthology.orchestra.run.smithi136.stdout:/usr/bin/ceph: stderr
2024-04-01T00:09:12.350+0000 7f72b33d1700 1 Processor -- start
2024-04-01T00:09:13.167 INFO:teuthology.orchestra.run.smithi136.stdout:/usr/bin/ceph: stderr
2024-04-01T00:09:12.350+0000 7f72b33d1700 1 -- start start
2024-04-01T00:09:13.167 INFO:teuthology.orchestra.run.smithi136.stdout:/usr/bin/ceph: stderr
2024-04-01T00:09:12.351+0000 7f72b33d1700 1 --2- >> [v2:172.21.15.136:3300/0,v1:172.21.15.136:6789/0] conn(0x7f72ac107040 0x7f72ac1069a0 unknown :-1 s=NONE pgs=0 cs=0 l=1 rev1=0 crypto rx=0 tx=0 comp rx=0 tx=0).connect
2024-04-01T00:09:13.167 INFO:teuthology.orchestra.run.smithi136.stdout:/usr/bin/ceph: stderr
2024-04-01T00:09:12.351+0000 7f72b33d1700 1 -- --> [v2:172.21.15.136:3300/0,v1:172.21.15.136:6789/0] -- mon_getmap magic: 0 v1 -- 0x7f72ac106ee0 con 0x7f72ac107040
2024-04-01T00:09:13.168 INFO:teuthology.orchestra.run.smithi136.stdout:/usr/bin/ceph: stderr
2024-04-01T00:09:12.351+0000 7f72b116d700 1 --2- >> [v2:172.21.15.136:3300/0,v1:172.21.15.136:6789/0] conn(0x7f72ac107040 0x7f72ac1069a0 unknown :-1 s=BANNER_CONNECTING pgs=0 cs=0 l=1 rev1=0 crypto rx=0 tx=0 comp rx=0 tx=0)._handle_peer_banner_payload supported=3 required=0
2024-04-01T00:09:13.168 INFO:teuthology.orchestra.run.smithi136.stdout:/usr/bin/ceph: stderr
2024-04-01T00:09:12.351+0000 7f72b116d700 1 --2- >> [v2:172.21.15.136:3300/0,v1:172.21.15.136:6789/0] conn(0x7f72ac107040 0x7f72ac1069a0 unknown :-1 s=HELLO_CONNECTING pgs=0 cs=0 l=1 rev1=1 crypto rx=0 tx=0 comp rx=0 tx=0).handle_hello peer v2:172.21.15.136:3300/0 says I am v2:172.21.15.136:52876/0 (socket says 172.21.15.136:52876)
2024-04-01T00:09:13.168 INFO:teuthology.orchestra.run.smithi136.stdout:/usr/bin/ceph: stderr
2024-04-01T00:09:12.351+0000 7f72b116d700 1 -- 172.21.15.136:0/3803095068 learned_addr learned my addr 172.21.15.136:0/3803095068 (peer_addr_for_me v2:172.21.15.136:0/0)
2024-04-01T00:09:13.168 INFO:teuthology.orchestra.run.smithi136.stdout:/usr/bin/ceph: stderr
2024-04-01T00:09:12.351+0000 7f72b116d700 1 -- 172.21.15.136:0/3803095068 --> [v2:172.21.15.136:3300/0,v1:172.21.15.136:6789/0] -- mon_subscribe({config=0+,monmap=0+}) v3 -- 0x7f72a8009b30 con 0x7f72ac107040
2024-04-01T00:09:13.168 INFO:teuthology.orchestra.run.smithi136.stdout:/usr/bin/ceph: stderr
2024-04-01T00:09:12.351+0000 7f72b116d700 1 --2- 172.21.15.136:0/3803095068 >> [v2:172.21.15.136:3300/0,v1:172.21.15.136:6789/0] conn(0x7f72ac107040 0x7f72ac1069a0 secure :-1 s=READY pgs=58 cs=0 l=1 rev1=1 crypto rx=0x7f72a8004070 tx=0x7f72a80049f0 comp rx=0 tx=0).ready entity=mon.0 client_cookie=0 server_cookie=0 in_seq=0 out_seq=0
2024-04-01T00:09:13.168 INFO:teuthology.orchestra.run.smithi136.stdout:/usr/bin/ceph: stderr
2024-04-01T00:09:12.351+0000 7f72a27fc700 1 -- 172.21.15.136:0/3803095068 <== mon.0 v2:172.21.15.136:3300/0 1 ==== mon_map magic: 0 v1 ==== 229+0+0 (secure 0 0 0) 0x7f72a800e040 con 0x7f72ac107040
2024-04-01T00:09:13.168 INFO:teuthology.orchestra.run.smithi136.stdout:/usr/bin/ceph: stderr
2024-04-01T00:09:12.351+0000 7f72a27fc700 1 -- 172.21.15.136:0/3803095068 <== mon.0 v2:172.21.15.136:3300/0 2 ==== config(27 keys) v1 ==== 1101+0+0 (secure 0 0 0) 0x7f72a800be00 con 0x7f72ac107040
2024-04-01T00:09:13.168 INFO:teuthology.orchestra.run.smithi136.stdout:/usr/bin/ceph: stderr
2024-04-01T00:09:12.351+0000 7f72a27fc700 1 -- 172.21.15.136:0/3803095068 <== mon.0 v2:172.21.15.136:3300/0 3 ==== mon_map magic: 0 v1 ==== 229+0+0 (secure 0 0 0) 0x7f72a8012770 con 0x7f72ac107040
2024-04-01T00:09:13.168 INFO:teuthology.orchestra.run.smithi136.stdout:/usr/bin/ceph: stderr
2024-04-01T00:09:12.351+0000 7f72b33d1700 1 -- 172.21.15.136:0/3803095068 --> [v2:172.21.15.136:3300/0,v1:172.21.15.136:6789/0] -- mon_subscribe({mgrmap=0+}) v3 -- 0x7f72ac104ff0 con 0x7f72ac107040
2024-04-01T00:09:13.168 INFO:teuthology.orchestra.run.smithi136.stdout:/usr/bin/ceph: stderr
2024-04-01T00:09:12.351+0000 7f72b33d1700 1 -- 172.21.15.136:0/3803095068 --> [v2:172.21.15.136:3300/0,v1:172.21.15.136:6789/0] -- mon_subscribe({osdmap=0}) v3 -- 0x7f72ac1054f0 con 0x7f72ac107040
2024-04-01T00:09:13.168 INFO:teuthology.orchestra.run.smithi136.stdout:/usr/bin/ceph: stderr
2024-04-01T00:09:12.352+0000 7f72a27fc700 1 -- 172.21.15.136:0/3803095068 <== mon.0 v2:172.21.15.136:3300/0 4 ==== mgrmap(e 8) v1 ==== 45283+0+0 (secure 0 0 0) 0x7f72a8019040 con 0x7f72ac107040
2024-04-01T00:09:13.168 INFO:teuthology.orchestra.run.smithi136.stdout:/usr/bin/ceph: stderr
2024-04-01T00:09:12.352+0000 7f72b33d1700 1 -- 172.21.15.136:0/3803095068 --> [v2:172.21.15.136:3300/0,v1:172.21.15.136:6789/0] -- mon_command({"prefix": "get_command_descriptions"} v 0) v1 -- 0x7f72ac10a700 con 0x7f72ac107040
2024-04-01T00:09:13.168 INFO:teuthology.orchestra.run.smithi136.stdout:/usr/bin/ceph: stderr
2024-04-01T00:09:12.352+0000 7f72a27fc700 1 --2- 172.21.15.136:0/3803095068 >> [v2:172.21.15.136:6800/2772004359,v1:172.21.15.136:6801/2772004359] conn(0x7f7298038370 0x7f729803a830 unknown :-1 s=NONE pgs=0 cs=0 l=1 rev1=0 crypto rx=0 tx=0 comp rx=0 tx=0).connect
2024-04-01T00:09:13.168 INFO:teuthology.orchestra.run.smithi136.stdout:/usr/bin/ceph: stderr
2024-04-01T00:09:12.352+0000 7f72a27fc700 1 -- 172.21.15.136:0/3803095068 <== mon.0 v2:172.21.15.136:3300/0 5 ==== osd_map(2..2 src has 1..2) v4 ==== 940+0+0 (secure 0 0 0) 0x7f72a804bd40 con 0x7f72ac107040
2024-04-01T00:09:13.169 INFO:teuthology.orchestra.run.smithi136.stdout:/usr/bin/ceph: stderr
2024-04-01T00:09:12.352+0000 7f72b096c700 1 --2- 172.21.15.136:0/3803095068 >> [v2:172.21.15.136:6800/2772004359,v1:172.21.15.136:6801/2772004359] conn(0x7f7298038370 0x7f729803a830 unknown :-1 s=BANNER_CONNECTING pgs=0 cs=0 l=1 rev1=0 crypto rx=0 tx=0 comp rx=0 tx=0)._handle_peer_banner_payload supported=3 required=0
2024-04-01T00:09:13.169 INFO:teuthology.orchestra.run.smithi136.stdout:/usr/bin/ceph: stderr
2024-04-01T00:09:12.353+0000 7f72b096c700 1 --2- 172.21.15.136:0/3803095068 >> [v2:172.21.15.136:6800/2772004359,v1:172.21.15.136:6801/2772004359] conn(0x7f7298038370 0x7f729803a830 secure :-1 s=READY pgs=17 cs=0 l=1 rev1=1 crypto rx=0x7f729c006fd0 tx=0x7f729c006e40 comp rx=0 tx=0).ready entity=mgr.14120 client_cookie=0 server_cookie=0 in_seq=0 out_seq=0
2024-04-01T00:09:13.169 INFO:teuthology.orchestra.run.smithi136.stdout:/usr/bin/ceph: stderr
2024-04-01T00:09:12.357+0000 7f72a27fc700 1 -- 172.21.15.136:0/3803095068 <== mon.0 v2:172.21.15.136:3300/0 6 ==== mon_command_ack([{"prefix": "get_command_descriptions"}]=0 v0) v1 ==== 72+0+180422 (secure 0 0 0) 0x7f72a801a9e0 con 0x7f72ac107040
2024-04-01T00:09:13.169 INFO:teuthology.orchestra.run.smithi136.stdout:/usr/bin/ceph: stderr
2024-04-01T00:09:12.554+0000 7f72b33d1700 1 -- 172.21.15.136:0/3803095068 --> [v2:172.21.15.136:6800/2772004359,v1:172.21.15.136:6801/2772004359] -- mgr_command(tid 0: {"prefix": "orch apply", "service_type": "grafana", "target": ["mon-mgr", ""]}) v1 -- 0x7f72ac101e00 con 0x7f7298038370
2024-04-01T00:09:13.169 INFO:teuthology.orchestra.run.smithi136.stdout:/usr/bin/ceph: stderr
2024-04-01T00:09:12.559+0000 7f72a27fc700 1 -- 172.21.15.136:0/3803095068 <== mgr.14120 v2:172.21.15.136:6800/2772004359 1 ==== mgr_command_reply(tid 0: 0 ) v1 ==== 8+0+28 (secure 0 0 0) 0x7f72ac101e00 con 0x7f7298038370
2024-04-01T00:09:13.169 INFO:teuthology.orchestra.run.smithi136.stdout:/usr/bin/ceph: stderr
2024-04-01T00:09:12.561+0000 7f72b33d1700 1 -- 172.21.15.136:0/3803095068 >> [v2:172.21.15.136:6800/2772004359,v1:172.21.15.136:6801/2772004359] conn(0x7f7298038370 msgr2=0x7f729803a830 secure :-1 s=STATE_CONNECTION_ESTABLISHED l=1).mark_down
2024-04-01T00:09:13.169 INFO:teuthology.orchestra.run.smithi136.stdout:/usr/bin/ceph: stderr
2024-04-01T00:09:12.561+0000 7f72b33d1700 1 --2- 172.21.15.136:0/3803095068 >> [v2:172.21.15.136:6800/2772004359,v1:172.21.15.136:6801/2772004359] conn(0x7f7298038370 0x7f729803a830 secure :-1 s=READY pgs=17 cs=0 l=1 rev1=1 crypto rx=0x7f729c006fd0 tx=0x7f729c006e40 comp rx=0 tx=0).stop
2024-04-01T00:09:13.169 INFO:teuthology.orchestra.run.smithi136.stdout:/usr/bin/ceph: stderr
2024-04-01T00:09:12.561+0000 7f72b33d1700 1 -- 172.21.15.136:0/3803095068 >> [v2:172.21.15.136:3300/0,v1:172.21.15.136:6789/0] conn(0x7f72ac107040 msgr2=0x7f72ac1069a0 secure :-1 s=STATE_CONNECTION_ESTABLISHED l=1).mark_down
2024-04-01T00:09:13.169 INFO:teuthology.orchestra.run.smithi136.stdout:/usr/bin/ceph: stderr
2024-04-01T00:09:12.561+0000 7f72b33d1700 1 --2- 172.21.15.136:0/3803095068 >> [v2:172.21.15.136:3300/0,v1:172.21.15.136:6789/0] conn(0x7f72ac107040 0x7f72ac1069a0 secure :-1 s=READY pgs=58 cs=0 l=1 rev1=1 crypto rx=0x7f72a8004070 tx=0x7f72a80049f0 comp rx=0 tx=0).stop
2024-04-01T00:09:13.169 INFO:teuthology.orchestra.run.smithi136.stdout:/usr/bin/ceph: stderr
2024-04-01T00:09:12.561+0000 7f72b33d1700 1 -- 172.21.15.136:0/3803095068 shutdown_connections
2024-04-01T00:09:13.169 INFO:teuthology.orchestra.run.smithi136.stdout:/usr/bin/ceph: stderr
2024-04-01T00:09:12.561+0000 7f72b33d1700 1 --2- 172.21.15.136:0/3803095068 >> [v2:172.21.15.136:6800/2772004359,v1:172.21.15.136:6801/2772004359] conn(0x7f7298038370 0x7f729803a830 unknown :-1 s=CLOSED pgs=17 cs=0 l=1 rev1=1 crypto rx=0 tx=0 comp rx=0 tx=0).stop
2024-04-01T00:09:13.170 INFO:teuthology.orchestra.run.smithi136.stdout:/usr/bin/ceph: stderr
2024-04-01T00:09:12.561+0000 7f72b33d1700 1 --2- 172.21.15.136:0/3803095068 >> [v2:172.21.15.136:3300/0,v1:172.21.15.136:6789/0] conn(0x7f72ac107040 0x7f72ac1069a0 unknown :-1 s=CLOSED pgs=58 cs=0 l=1 rev1=1 crypto rx=0 tx=0 comp rx=0 tx=0).stop
2024-04-01T00:09:13.170 INFO:teuthology.orchestra.run.smithi136.stdout:/usr/bin/ceph: stderr
2024-04-01T00:09:12.561+0000 7f72b33d1700 1 -- 172.21.15.136:0/3803095068 >> 172.21.15.136:0/3803095068 conn(0x7f72ac1009f0 msgr2=0x7f72ac1016f0 unknown :-1 s=STATE_NONE l=0).mark_down
2024-04-01T00:09:13.170 INFO:teuthology.orchestra.run.smithi136.stdout:/usr/bin/ceph: stderr
2024-04-01T00:09:12.561+0000 7f72b33d1700 1 -- 172.21.15.136:0/3803095068 shutdown_connections
2024-04-01T00:09:13.170 INFO:teuthology.orchestra.run.smithi136.stdout:/usr/bin/ceph: stderr
2024-04-01T00:09:12.561+0000 7f72b33d1700 1 -- 172.21.15.136:0/3803095068 wait complete.
2024-04-01T00:09:13.170 INFO:teuthology.orchestra.run.smithi136.stdout:Deploying node-exporter service with default placement...
2024-04-01T00:09:13.776 INFO:journalctl@ceph.mon.smithi136.smithi136.stdout:Apr 01 00:09:13 smithi136 ceph-mon[28998]: from='client.14152 -' entity='client.admin' cmd=[{"prefix": "orch apply", "service_type": "grafana", "target": ["mon-mgr", ""]}]: dispatch
2024-04-01T00:09:13.776 INFO:journalctl@ceph.mon.smithi136.smithi136.stdout:Apr 01 00:09:13 smithi136 ceph-mon[28998]: Saving service grafana spec with placement count:1
2024-04-01T00:09:13.777 INFO:journalctl@ceph.mon.smithi136.smithi136.stdout:Apr 01 00:09:13 smithi136 ceph-mon[28998]: from='mgr.14120 172.21.15.136:0/2137744529' entity='mgr.smithi136.xfyavi'
2024-04-01T00:09:13.777 INFO:journalctl@ceph.mon.smithi136.smithi136.stdout:Apr 01 00:09:13 smithi136 ceph-mon[28998]: pgmap v3: 0 pgs: ; 0 B data, 0 B used, 0 B / 0 B avail
2024-04-01T00:09:14.380 INFO:teuthology.orchestra.run.smithi136.stdout:/usr/bin/ceph: stdout Scheduled node-exporter update...
2024-04-01T00:09:14.380 INFO:teuthology.orchestra.run.smithi136.stdout:/usr/bin/ceph: stderr
2024-04-01T00:09:13.567+0000 7f31c4f3e700 1 Processor -- start
2024-04-01T00:09:14.380 INFO:teuthology.orchestra.run.smithi136.stdout:/usr/bin/ceph: stderr
2024-04-01T00:09:13.567+0000 7f31c4f3e700 1 -- start start
2024-04-01T00:09:14.380 INFO:teuthology.orchestra.run.smithi136.stdout:/usr/bin/ceph: stderr
2024-04-01T00:09:13.567+0000 7f31c4f3e700 1 --2- >> [v2:172.21.15.136:3300/0,v1:172.21.15.136:6789/0] conn(0x7f31c0106560 0x7f31c0106980 unknown :-1 s=NONE pgs=0 cs=0 l=0 rev1=0 crypto rx=0 tx=0 comp rx=0 tx=0).connect
2024-04-01T00:09:14.381 INFO:teuthology.orchestra.run.smithi136.stdout:/usr/bin/ceph: stderr
2024-04-01T00:09:13.567+0000 7f31c4f3e700 1 -- --> [v2:172.21.15.136:3300/0,v1:172.21.15.136:6789/0] -- mon_getmap magic: 0 v1 -- 0x7f31c0106f50 con 0x7f31c0106560
2024-04-01T00:09:14.381 INFO:teuthology.orchestra.run.smithi136.stdout:/usr/bin/ceph: stderr
2024-04-01T00:09:13.567+0000 7f31be59c700 1 --2- >> [v2:172.21.15.136:3300/0,v1:172.21.15.136:6789/0] conn(0x7f31c0106560 0x7f31c0106980 unknown :-1 s=BANNER_CONNECTING pgs=0 cs=0 l=0 rev1=0 crypto rx=0 tx=0 comp rx=0 tx=0)._handle_peer_banner_payload supported=3 required=0
2024-04-01T00:09:14.381 INFO:teuthology.orchestra.run.smithi136.stdout:/usr/bin/ceph: stderr
2024-04-01T00:09:13.567+0000 7f31be59c700 1 --2- >> [v2:172.21.15.136:3300/0,v1:172.21.15.136:6789/0] conn(0x7f31c0106560 0x7f31c0106980 unknown :-1 s=HELLO_CONNECTING pgs=0 cs=0 l=0 rev1=1 crypto rx=0 tx=0 comp rx=0 tx=0).handle_hello peer v2:172.21.15.136:3300/0 says I am v2:172.21.15.136:52892/0 (socket says 172.21.15.136:52892)
2024-04-01T00:09:14.381 INFO:teuthology.orchestra.run.smithi136.stdout:/usr/bin/ceph: stderr
2024-04-01T00:09:13.567+0000 7f31be59c700 1 -- 172.21.15.136:0/162317029 learned_addr learned my addr 172.21.15.136:0/162317029 (peer_addr_for_me v2:172.21.15.136:0/0)
2024-04-01T00:09:14.381 INFO:teuthology.orchestra.run.smithi136.stdout:/usr/bin/ceph: stderr
2024-04-01T00:09:13.568+0000 7f31be59c700 1 -- 172.21.15.136:0/162317029 --> [v2:172.21.15.136:3300/0,v1:172.21.15.136:6789/0] -- mon_subscribe({config=0+,monmap=0+}) v3 -- 0x7f31c0107760 con 0x7f31c0106560
2024-04-01T00:09:14.381 INFO:teuthology.orchestra.run.smithi136.stdout:/usr/bin/ceph: stderr
2024-04-01T00:09:13.568+0000 7f31be59c700 1 --2- 172.21.15.136:0/162317029 >> [v2:172.21.15.136:3300/0,v1:172.21.15.136:6789/0] conn(0x7f31c0106560 0x7f31c0106980 secure :-1 s=READY pgs=59 cs=0 l=1 rev1=1 crypto rx=0x7f31b00098a0 tx=0x7f31b0009bb0 comp rx=0 tx=0).ready entity=mon.0 client_cookie=47a6e64d1e19495a server_cookie=0 in_seq=0 out_seq=0
2024-04-01T00:09:14.381 INFO:teuthology.orchestra.run.smithi136.stdout:/usr/bin/ceph: stderr
2024-04-01T00:09:13.568+0000 7f31bdd9b700 1 -- 172.21.15.136:0/162317029 <== mon.0 v2:172.21.15.136:3300/0 1 ==== mon_map magic: 0 v1 ==== 229+0+0 (secure 0 0 0) 0x7f31b0004180 con 0x7f31c0106560
2024-04-01T00:09:14.381 INFO:teuthology.orchestra.run.smithi136.stdout:/usr/bin/ceph: stderr
2024-04-01T00:09:13.568+0000 7f31bdd9b700 1 -- 172.21.15.136:0/162317029 <== mon.0 v2:172.21.15.136:3300/0 2 ==== config(27 keys) v1 ==== 1101+0+0 (secure 0 0 0) 0x7f31b00042e0 con 0x7f31c0106560
2024-04-01T00:09:14.381 INFO:teuthology.orchestra.run.smithi136.stdout:/usr/bin/ceph: stderr
2024-04-01T00:09:13.568+0000 7f31bdd9b700 1 -- 172.21.15.136:0/162317029 <== mon.0 v2:172.21.15.136:3300/0 3 ==== mon_map magic: 0 v1 ==== 229+0+0 (secure 0 0 0) 0x7f31b0011af0 con 0x7f31c0106560
2024-04-01T00:09:14.381 INFO:teuthology.orchestra.run.smithi136.stdout:/usr/bin/ceph: stderr
2024-04-01T00:09:13.569+0000 7f31c4f3e700 1 -- 172.21.15.136:0/162317029 >> [v2:172.21.15.136:3300/0,v1:172.21.15.136:6789/0] conn(0x7f31c0106560 msgr2=0x7f31c0106980 secure :-1 s=STATE_CONNECTION_ESTABLISHED l=1).mark_down
2024-04-01T00:09:14.381 INFO:teuthology.orchestra.run.smithi136.stdout:/usr/bin/ceph: stderr
2024-04-01T00:09:13.569+0000 7f31c4f3e700 1 --2- 172.21.15.136:0/162317029 >> [v2:172.21.15.136:3300/0,v1:172.21.15.136:6789/0] conn(0x7f31c0106560 0x7f31c0106980 secure :-1 s=READY pgs=59 cs=0 l=1 rev1=1 crypto rx=0x7f31b00098a0 tx=0x7f31b0009bb0 comp rx=0 tx=0).stop
2024-04-01T00:09:14.381 INFO:teuthology.orchestra.run.smithi136.stdout:/usr/bin/ceph: stderr
2024-04-01T00:09:13.569+0000 7f31c4f3e700 1 -- 172.21.15.136:0/162317029 shutdown_connections
2024-04-01T00:09:14.381 INFO:teuthology.orchestra.run.smithi136.stdout:/usr/bin/ceph: stderr
2024-04-01T00:09:13.569+0000 7f31c4f3e700 1 --2- 172.21.15.136:0/162317029 >> [v2:172.21.15.136:3300/0,v1:172.21.15.136:6789/0] conn(0x7f31c0106560 0x7f31c0106980 unknown :-1 s=CLOSED pgs=59 cs=0 l=1 rev1=1 crypto rx=0 tx=0 comp rx=0 tx=0).stop
2024-04-01T00:09:14.382 INFO:teuthology.orchestra.run.smithi136.stdout:/usr/bin/ceph: stderr
2024-04-01T00:09:13.569+0000 7f31c4f3e700 1 -- 172.21.15.136:0/162317029 >> 172.21.15.136:0/162317029 conn(0x7f31c0101b40 msgr2=0x7f31c0103f60 unknown :-1 s=STATE_NONE l=0).mark_down
2024-04-01T00:09:14.382 INFO:teuthology.orchestra.run.smithi136.stdout:/usr/bin/ceph: stderr
2024-04-01T00:09:13.569+0000 7f31c4f3e700 1 -- 172.21.15.136:0/162317029 shutdown_connections
2024-04-01T00:09:14.382 INFO:teuthology.orchestra.run.smithi136.stdout:/usr/bin/ceph: stderr
2024-04-01T00:09:13.569+0000 7f31c4f3e700 1 -- 172.21.15.136:0/162317029 wait complete.
2024-04-01T00:09:14.382 INFO:teuthology.orchestra.run.smithi136.stdout:/usr/bin/ceph: stderr
2024-04-01T00:09:13.569+0000 7f31c4f3e700 1 Processor -- start
2024-04-01T00:09:14.382 INFO:teuthology.orchestra.run.smithi136.stdout:/usr/bin/ceph: stderr
2024-04-01T00:09:13.570+0000 7f31c4f3e700 1 -- start start
2024-04-01T00:09:14.382 INFO:teuthology.orchestra.run.smithi136.stdout:/usr/bin/ceph: stderr
