2024-04-01T00:09:17.994 INFO:teuthology.orchestra.run.smithi136.stdout:/usr/bin/ceph: stderr
2024-04-01T00:09:17.230+0000 7f3e9cbae700 1 -- 172.21.15.136:0/3321938741 learned_addr learned my addr 172.21.15.136:0/3321938741 (peer_addr_for_me v2:172.21.15.136:0/0)
2024-04-01T00:09:17.994 INFO:teuthology.orchestra.run.smithi136.stdout:/usr/bin/ceph: stderr
2024-04-01T00:09:17.230+0000 7f3e9cbae700 1 -- 172.21.15.136:0/3321938741 --> [v2:172.21.15.136:3300/0,v1:172.21.15.136:6789/0] -- mon_subscribe({config=0+,monmap=0+}) v3 -- 0x7f3e9400bd40 con 0x7f3e98105470
2024-04-01T00:09:17.994 INFO:teuthology.orchestra.run.smithi136.stdout:/usr/bin/ceph: stderr
2024-04-01T00:09:17.230+0000 7f3e9cbae700 1 --2- 172.21.15.136:0/3321938741 >> [v2:172.21.15.136:3300/0,v1:172.21.15.136:6789/0] conn(0x7f3e98105470 0x7f3e98197f00 secure :-1 s=READY pgs=66 cs=0 l=1 rev1=1 crypto rx=0x7f3e94003f50 tx=0x7f3e9400b3b0 comp rx=0 tx=0).ready entity=mon.0 client_cookie=0 server_cookie=0 in_seq=0 out_seq=0
2024-04-01T00:09:17.994 INFO:teuthology.orchestra.run.smithi136.stdout:/usr/bin/ceph: stderr
2024-04-01T00:09:17.230+0000 7f3e8dffb700 1 -- 172.21.15.136:0/3321938741 <== mon.0 v2:172.21.15.136:3300/0 1 ==== mon_map magic: 0 v1 ==== 229+0+0 (secure 0 0 0) 0x7f3e94010050 con 0x7f3e98105470
2024-04-01T00:09:17.994 INFO:teuthology.orchestra.run.smithi136.stdout:/usr/bin/ceph: stderr
2024-04-01T00:09:17.230+0000 7f3e8dffb700 1 -- 172.21.15.136:0/3321938741 <== mon.0 v2:172.21.15.136:3300/0 2 ==== config(27 keys) v1 ==== 1101+0+0 (secure 0 0 0) 0x7f3e940046c0 con 0x7f3e98105470
2024-04-01T00:09:17.994 INFO:teuthology.orchestra.run.smithi136.stdout:/usr/bin/ceph: stderr
2024-04-01T00:09:17.230+0000 7f3e9ee12700 1 -- 172.21.15.136:0/3321938741 --> [v2:172.21.15.136:3300/0,v1:172.21.15.136:6789/0] -- mon_subscribe({mgrmap=0+}) v3 -- 0x7f3e98198640 con 0x7f3e98105470
2024-04-01T00:09:17.994 INFO:teuthology.orchestra.run.smithi136.stdout:/usr/bin/ceph: stderr
2024-04-01T00:09:17.230+0000 7f3e8dffb700 1 -- 172.21.15.136:0/3321938741 <== mon.0 v2:172.21.15.136:3300/0 3 ==== mon_map magic: 0 v1 ==== 229+0+0 (secure 0 0 0) 0x7f3e9401fad0 con 0x7f3e98105470
2024-04-01T00:09:17.994 INFO:teuthology.orchestra.run.smithi136.stdout:/usr/bin/ceph: stderr
2024-04-01T00:09:17.231+0000 7f3e9ee12700 1 -- 172.21.15.136:0/3321938741 --> [v2:172.21.15.136:3300/0,v1:172.21.15.136:6789/0] -- mon_subscribe({osdmap=0}) v3 -- 0x7f3e98198ae0 con 0x7f3e98105470
2024-04-01T00:09:17.994 INFO:teuthology.orchestra.run.smithi136.stdout:/usr/bin/ceph: stderr
2024-04-01T00:09:17.231+0000 7f3e8dffb700 1 -- 172.21.15.136:0/3321938741 <== mon.0 v2:172.21.15.136:3300/0 4 ==== mgrmap(e 8) v1 ==== 45283+0+0 (secure 0 0 0) 0x7f3e9401b070 con 0x7f3e98105470
2024-04-01T00:09:17.994 INFO:teuthology.orchestra.run.smithi136.stdout:/usr/bin/ceph: stderr
2024-04-01T00:09:17.231+0000 7f3e8dffb700 1 --2- 172.21.15.136:0/3321938741 >> [v2:172.21.15.136:6800/2772004359,v1:172.21.15.136:6801/2772004359] conn(0x7f3e80038370 0x7f3e8003a830 unknown :-1 s=NONE pgs=0 cs=0 l=1 rev1=0 crypto rx=0 tx=0 comp rx=0 tx=0).connect
2024-04-01T00:09:17.994 INFO:teuthology.orchestra.run.smithi136.stdout:/usr/bin/ceph: stderr
2024-04-01T00:09:17.232+0000 7f3e8dffb700 1 -- 172.21.15.136:0/3321938741 <== mon.0 v2:172.21.15.136:3300/0 5 ==== osd_map(2..2 src has 1..2) v4 ==== 940+0+0 (secure 0 0 0) 0x7f3e9404e820 con 0x7f3e98105470
2024-04-01T00:09:17.994 INFO:teuthology.orchestra.run.smithi136.stdout:/usr/bin/ceph: stderr
2024-04-01T00:09:17.232+0000 7f3e9ee12700 1 -- 172.21.15.136:0/3321938741 --> [v2:172.21.15.136:3300/0,v1:172.21.15.136:6789/0] -- mon_command({"prefix": "get_command_descriptions"} v 0) v1 -- 0x7f3e98191d00 con 0x7f3e98105470
2024-04-01T00:09:17.994 INFO:teuthology.orchestra.run.smithi136.stdout:/usr/bin/ceph: stderr
2024-04-01T00:09:17.232+0000 7f3e8ffff700 1 --2- 172.21.15.136:0/3321938741 >> [v2:172.21.15.136:6800/2772004359,v1:172.21.15.136:6801/2772004359] conn(0x7f3e80038370 0x7f3e8003a830 unknown :-1 s=BANNER_CONNECTING pgs=0 cs=0 l=1 rev1=0 crypto rx=0 tx=0 comp rx=0 tx=0)._handle_peer_banner_payload supported=3 required=0
2024-04-01T00:09:17.995 INFO:teuthology.orchestra.run.smithi136.stdout:/usr/bin/ceph: stderr
2024-04-01T00:09:17.232+0000 7f3e8ffff700 1 --2- 172.21.15.136:0/3321938741 >> [v2:172.21.15.136:6800/2772004359,v1:172.21.15.136:6801/2772004359] conn(0x7f3e80038370 0x7f3e8003a830 secure :-1 s=READY pgs=21 cs=0 l=1 rev1=1 crypto rx=0x7f3e88006fd0 tx=0x7f3e88006e40 comp rx=0 tx=0).ready entity=mgr.14120 client_cookie=0 server_cookie=0 in_seq=0 out_seq=0
2024-04-01T00:09:17.995 INFO:teuthology.orchestra.run.smithi136.stdout:/usr/bin/ceph: stderr
2024-04-01T00:09:17.236+0000 7f3e8dffb700 1 -- 172.21.15.136:0/3321938741 <== mon.0 v2:172.21.15.136:3300/0 6 ==== mon_command_ack([{"prefix": "get_command_descriptions"}]=0 v0) v1 ==== 72+0+180422 (secure 0 0 0) 0x7f3e9401c380 con 0x7f3e98105470
2024-04-01T00:09:17.995 INFO:teuthology.orchestra.run.smithi136.stdout:/usr/bin/ceph: stderr
2024-04-01T00:09:17.428+0000 7f3e9ee12700 1 -- 172.21.15.136:0/3321938741 --> [v2:172.21.15.136:3300/0,v1:172.21.15.136:6789/0] -- mon_command([{prefix=config set, name=mgr/dashboard/ssl_server_port}] v 0) v1 -- 0x7f3e9802d090 con 0x7f3e98105470
2024-04-01T00:09:17.995 INFO:teuthology.orchestra.run.smithi136.stdout:/usr/bin/ceph: stderr
2024-04-01T00:09:17.432+0000 7f3e8dffb700 1 -- 172.21.15.136:0/3321938741 <== mon.0 v2:172.21.15.136:3300/0 7 ==== mon_command_ack([{prefix=config set, name=mgr/dashboard/ssl_server_port}]=0 v8)=0 v8) v1 ==== 130+0+0 (secure 0 0 0) 0x7f3e94028b70 con 0x7f3e98105470
2024-04-01T00:09:17.995 INFO:teuthology.orchestra.run.smithi136.stdout:/usr/bin/ceph: stderr
2024-04-01T00:09:17.435+0000 7f3e9ee12700 1 -- 172.21.15.136:0/3321938741 >> [v2:172.21.15.136:6800/2772004359,v1:172.21.15.136:6801/2772004359] conn(0x7f3e80038370 msgr2=0x7f3e8003a830 secure :-1 s=STATE_CONNECTION_ESTABLISHED l=1).mark_down
2024-04-01T00:09:17.995 INFO:teuthology.orchestra.run.smithi136.stdout:/usr/bin/ceph: stderr
2024-04-01T00:09:17.435+0000 7f3e9ee12700 1 --2- 172.21.15.136:0/3321938741 >> [v2:172.21.15.136:6800/2772004359,v1:172.21.15.136:6801/2772004359] conn(0x7f3e80038370 0x7f3e8003a830 secure :-1 s=READY pgs=21 cs=0 l=1 rev1=1 crypto rx=0x7f3e88006fd0 tx=0x7f3e88006e40 comp rx=0 tx=0).stop
2024-04-01T00:09:17.995 INFO:teuthology.orchestra.run.smithi136.stdout:/usr/bin/ceph: stderr
2024-04-01T00:09:17.435+0000 7f3e9ee12700 1 -- 172.21.15.136:0/3321938741 >> [v2:172.21.15.136:3300/0,v1:172.21.15.136:6789/0] conn(0x7f3e98105470 msgr2=0x7f3e98197f00 secure :-1 s=STATE_CONNECTION_ESTABLISHED l=1).mark_down
2024-04-01T00:09:17.995 INFO:teuthology.orchestra.run.smithi136.stdout:/usr/bin/ceph: stderr
2024-04-01T00:09:17.435+0000 7f3e9ee12700 1 --2- 172.21.15.136:0/3321938741 >> [v2:172.21.15.136:3300/0,v1:172.21.15.136:6789/0] conn(0x7f3e98105470 0x7f3e98197f00 secure :-1 s=READY pgs=66 cs=0 l=1 rev1=1 crypto rx=0x7f3e94003f50 tx=0x7f3e9400b3b0 comp rx=0 tx=0).stop
2024-04-01T00:09:17.995 INFO:teuthology.orchestra.run.smithi136.stdout:/usr/bin/ceph: stderr
2024-04-01T00:09:17.435+0000 7f3e9ee12700 1 -- 172.21.15.136:0/3321938741 shutdown_connections
2024-04-01T00:09:17.995 INFO:teuthology.orchestra.run.smithi136.stdout:/usr/bin/ceph: stderr
2024-04-01T00:09:17.435+0000 7f3e9ee12700 1 --2- 172.21.15.136:0/3321938741 >> [v2:172.21.15.136:6800/2772004359,v1:172.21.15.136:6801/2772004359] conn(0x7f3e80038370 0x7f3e8003a830 unknown :-1 s=CLOSED pgs=21 cs=0 l=1 rev1=1 crypto rx=0 tx=0 comp rx=0 tx=0).stop
2024-04-01T00:09:17.995 INFO:teuthology.orchestra.run.smithi136.stdout:/usr/bin/ceph: stderr
2024-04-01T00:09:17.435+0000 7f3e9ee12700 1 --2- 172.21.15.136:0/3321938741 >> [v2:172.21.15.136:3300/0,v1:172.21.15.136:6789/0] conn(0x7f3e98105470 0x7f3e98197f00 unknown :-1 s=CLOSED pgs=66 cs=0 l=1 rev1=1 crypto rx=0 tx=0 comp rx=0 tx=0).stop
2024-04-01T00:09:17.995 INFO:teuthology.orchestra.run.smithi136.stdout:/usr/bin/ceph: stderr
2024-04-01T00:09:17.435+0000 7f3e9ee12700 1 -- 172.21.15.136:0/3321938741 >> 172.21.15.136:0/3321938741 conn(0x7f3e981009f0 msgr2=0x7f3e9818ee40 unknown :-1 s=STATE_NONE l=0).mark_down
2024-04-01T00:09:17.995 INFO:teuthology.orchestra.run.smithi136.stdout:/usr/bin/ceph: stderr
2024-04-01T00:09:17.435+0000 7f3e9ee12700 1 -- 172.21.15.136:0/3321938741 shutdown_connections
2024-04-01T00:09:17.996 INFO:teuthology.orchestra.run.smithi136.stdout:/usr/bin/ceph: stderr
2024-04-01T00:09:17.435+0000 7f3e9ee12700 1 -- 172.21.15.136:0/3321938741 wait complete.
2024-04-01T00:09:17.996 INFO:teuthology.orchestra.run.smithi136.stdout:Enabling the dashboard module...
2024-04-01T00:09:18.644 INFO:journalctl@ceph.mon.smithi136.smithi136.stdout:Apr 01 00:09:18 smithi136 ceph-mon[28998]: pgmap v5: 0 pgs: ; 0 B data, 0 B used, 0 B / 0 B avail
2024-04-01T00:09:18.645 INFO:journalctl@ceph.mon.smithi136.smithi136.stdout:Apr 01 00:09:18 smithi136 ceph-mon[28998]: from='client.? 172.21.15.136:0/3321938741' entity='client.admin'
2024-04-01T00:09:19.552 INFO:journalctl@ceph.mon.smithi136.smithi136.stdout:Apr 01 00:09:19 smithi136 ceph-mon[28998]: from='client.? 172.21.15.136:0/1920744304' entity='client.admin' cmd=[{"prefix": "mgr module enable", "module": "dashboard"}]: dispatch
2024-04-01T00:09:19.838 INFO:teuthology.orchestra.run.smithi136.stdout:/usr/bin/ceph: stderr
2024-04-01T00:09:18.454+0000 7f586dcd2700 1 Processor -- start
2024-04-01T00:09:19.844 INFO:teuthology.orchestra.run.smithi136.stdout:/usr/bin/ceph: stderr
2024-04-01T00:09:18.454+0000 7f586dcd2700 1 -- start start
2024-04-01T00:09:19.844 INFO:teuthology.orchestra.run.smithi136.stdout:/usr/bin/ceph: stderr
2024-04-01T00:09:18.454+0000 7f586dcd2700 1 --2- >> [v2:172.21.15.136:3300/0,v1:172.21.15.136:6789/0] conn(0x7f586807be60 0x7f586807a2c0 unknown :-1 s=NONE pgs=0 cs=0 l=0 rev1=0 crypto rx=0 tx=0 comp rx=0 tx=0).connect
2024-04-01T00:09:19.844 INFO:teuthology.orchestra.run.smithi136.stdout:/usr/bin/ceph: stderr
2024-04-01T00:09:18.454+0000 7f586dcd2700 1 -- --> [v2:172.21.15.136:3300/0,v1:172.21.15.136:6789/0] -- mon_getmap magic: 0 v1 -- 0x7f586807a890 con 0x7f586807be60
2024-04-01T00:09:19.844 INFO:teuthology.orchestra.run.smithi136.stdout:/usr/bin/ceph: stderr
2024-04-01T00:09:18.454+0000 7f58677fe700 1 --2- >> [v2:172.21.15.136:3300/0,v1:172.21.15.136:6789/0] conn(0x7f586807be60 0x7f586807a2c0 unknown :-1 s=BANNER_CONNECTING pgs=0 cs=0 l=0 rev1=0 crypto rx=0 tx=0 comp rx=0 tx=0)._handle_peer_banner_payload supported=3 required=0
2024-04-01T00:09:19.844 INFO:teuthology.orchestra.run.smithi136.stdout:/usr/bin/ceph: stderr
2024-04-01T00:09:18.454+0000 7f58677fe700 1 --2- >> [v2:172.21.15.136:3300/0,v1:172.21.15.136:6789/0] conn(0x7f586807be60 0x7f586807a2c0 unknown :-1 s=HELLO_CONNECTING pgs=0 cs=0 l=0 rev1=1 crypto rx=0 tx=0 comp rx=0 tx=0).handle_hello peer v2:172.21.15.136:3300/0 says I am v2:172.21.15.136:52968/0 (socket says 172.21.15.136:52968)
2024-04-01T00:09:19.844 INFO:teuthology.orchestra.run.smithi136.stdout:/usr/bin/ceph: stderr
2024-04-01T00:09:18.454+0000 7f58677fe700 1 -- 172.21.15.136:0/771266450 learned_addr learned my addr 172.21.15.136:0/771266450 (peer_addr_for_me v2:172.21.15.136:0/0)
2024-04-01T00:09:19.844 INFO:teuthology.orchestra.run.smithi136.stdout:/usr/bin/ceph: stderr
2024-04-01T00:09:18.455+0000 7f58677fe700 1 -- 172.21.15.136:0/771266450 --> [v2:172.21.15.136:3300/0,v1:172.21.15.136:6789/0] -- mon_subscribe({config=0+,monmap=0+}) v3 -- 0x7f586807a9d0 con 0x7f586807be60
2024-04-01T00:09:19.844 INFO:teuthology.orchestra.run.smithi136.stdout:/usr/bin/ceph: stderr
2024-04-01T00:09:18.455+0000 7f58677fe700 1 --2- 172.21.15.136:0/771266450 >> [v2:172.21.15.136:3300/0,v1:172.21.15.136:6789/0] conn(0x7f586807be60 0x7f586807a2c0 secure :-1 s=READY pgs=67 cs=0 l=1 rev1=1 crypto rx=0x7f58580098a0 tx=0x7f5858009bb0 comp rx=0 tx=0).ready entity=mon.0 client_cookie=8a9a28d2f3761fb5 server_cookie=0 in_seq=0 out_seq=0
2024-04-01T00:09:19.844 INFO:teuthology.orchestra.run.smithi136.stdout:/usr/bin/ceph: stderr
2024-04-01T00:09:18.455+0000 7f5866ffd700 1 -- 172.21.15.136:0/771266450 <== mon.0 v2:172.21.15.136:3300/0 1 ==== mon_map magic: 0 v1 ==== 229+0+0 (secure 0 0 0) 0x7f5858004180 con 0x7f586807be60
2024-04-01T00:09:19.844 INFO:teuthology.orchestra.run.smithi136.stdout:/usr/bin/ceph: stderr
2024-04-01T00:09:18.455+0000 7f5866ffd700 1 -- 172.21.15.136:0/771266450 <== mon.0 v2:172.21.15.136:3300/0 2 ==== config(27 keys) v1 ==== 1101+0+0 (secure 0 0 0) 0x7f58580042e0 con 0x7f586807be60
2024-04-01T00:09:19.844 INFO:teuthology.orchestra.run.smithi136.stdout:/usr/bin/ceph: stderr
2024-04-01T00:09:18.455+0000 7f5866ffd700 1 -- 172.21.15.136:0/771266450 <== mon.0 v2:172.21.15.136:3300/0 3 ==== mon_map magic: 0 v1 ==== 229+0+0 (secure 0 0 0) 0x7f5858011af0 con 0x7f586807be60
2024-04-01T00:09:19.845 INFO:teuthology.orchestra.run.smithi136.stdout:/usr/bin/ceph: stderr
2024-04-01T00:09:18.456+0000 7f586dcd2700 1 -- 172.21.15.136:0/771266450 >> [v2:172.21.15.136:3300/0,v1:172.21.15.136:6789/0] conn(0x7f586807be60 msgr2=0x7f586807a2c0 secure :-1 s=STATE_CONNECTION_ESTABLISHED l=1).mark_down
2024-04-01T00:09:19.845 INFO:teuthology.orchestra.run.smithi136.stdout:/usr/bin/ceph: stderr
2024-04-01T00:09:18.456+0000 7f586dcd2700 1 --2- 172.21.15.136:0/771266450 >> [v2:172.21.15.136:3300/0,v1:172.21.15.136:6789/0] conn(0x7f586807be60 0x7f586807a2c0 secure :-1 s=READY pgs=67 cs=0 l=1 rev1=1 crypto rx=0x7f58580098a0 tx=0x7f5858009bb0 comp rx=0 tx=0).stop
2024-04-01T00:09:19.845 INFO:teuthology.orchestra.run.smithi136.stdout:/usr/bin/ceph: stderr
2024-04-01T00:09:18.456+0000 7f586dcd2700 1 -- 172.21.15.136:0/771266450 shutdown_connections
2024-04-01T00:09:19.845 INFO:teuthology.orchestra.run.smithi136.stdout:/usr/bin/ceph: stderr
2024-04-01T00:09:18.456+0000 7f586dcd2700 1 --2- 172.21.15.136:0/771266450 >> [v2:172.21.15.136:3300/0,v1:172.21.15.136:6789/0] conn(0x7f586807be60 0x7f586807a2c0 unknown :-1 s=CLOSED pgs=67 cs=0 l=1 rev1=1 crypto rx=0 tx=0 comp rx=0 tx=0).stop
2024-04-01T00:09:19.845 INFO:teuthology.orchestra.run.smithi136.stdout:/usr/bin/ceph: stderr
2024-04-01T00:09:18.456+0000 7f586dcd2700 1 -- 172.21.15.136:0/771266450 >> 172.21.15.136:0/771266450 conn(0x7f5868101ad0 msgr2=0x7f5868103f10 unknown :-1 s=STATE_NONE l=0).mark_down
2024-04-01T00:09:19.845 INFO:teuthology.orchestra.run.smithi136.stdout:/usr/bin/ceph: stderr
2024-04-01T00:09:18.456+0000 7f586dcd2700 1 -- 172.21.15.136:0/771266450 shutdown_connections
2024-04-01T00:09:19.845 INFO:teuthology.orchestra.run.smithi136.stdout:/usr/bin/ceph: stderr
2024-04-01T00:09:18.456+0000 7f586dcd2700 1 -- 172.21.15.136:0/771266450 wait complete.
2024-04-01T00:09:19.845 INFO:teuthology.orchestra.run.smithi136.stdout:/usr/bin/ceph: stderr
2024-04-01T00:09:18.456+0000 7f586dcd2700 1 Processor -- start
2024-04-01T00:09:19.845 INFO:teuthology.orchestra.run.smithi136.stdout:/usr/bin/ceph: stderr
2024-04-01T00:09:18.456+0000 7f586dcd2700 1 -- start start
2024-04-01T00:09:19.845 INFO:teuthology.orchestra.run.smithi136.stdout:/usr/bin/ceph: stderr
2024-04-01T00:09:18.457+0000 7f586dcd2700 1 --2- >> [v2:172.21.15.136:3300/0,v1:172.21.15.136:6789/0] conn(0x7f586807be60 0x7f586819c400 unknown :-1 s=NONE pgs=0 cs=0 l=1 rev1=0 crypto rx=0 tx=0 comp rx=0 tx=0).connect
2024-04-01T00:09:19.845 INFO:teuthology.orchestra.run.smithi136.stdout:/usr/bin/ceph: stderr
2024-04-01T00:09:18.457+0000 7f586dcd2700 1 -- --> [v2:172.21.15.136:3300/0,v1:172.21.15.136:6789/0] -- mon_getmap magic: 0 v1 -- 0x7f586819c940 con 0x7f586807be60
2024-04-01T00:09:19.845 INFO:teuthology.orchestra.run.smithi136.stdout:/usr/bin/ceph: stderr
2024-04-01T00:09:18.457+0000 7f58677fe700 1 --2- >> [v2:172.21.15.136:3300/0,v1:172.21.15.136:6789/0] conn(0x7f586807be60 0x7f586819c400 unknown :-1 s=BANNER_CONNECTING pgs=0 cs=0 l=1 rev1=0 crypto rx=0 tx=0 comp rx=0 tx=0)._handle_peer_banner_payload supported=3 required=0
2024-04-01T00:09:19.846 INFO:teuthology.orchestra.run.smithi136.stdout:/usr/bin/ceph: stderr
2024-04-01T00:09:18.457+0000 7f58677fe700 1 --2- >> [v2:172.21.15.136:3300/0,v1:172.21.15.136:6789/0] conn(0x7f586807be60 0x7f586819c400 unknown :-1 s=HELLO_CONNECTING pgs=0 cs=0 l=1 rev1=1 crypto rx=0 tx=0 comp rx=0 tx=0).handle_hello peer v2:172.21.15.136:3300/0 says I am v2:172.21.15.136:52980/0 (socket says 172.21.15.136:52980)
2024-04-01T00:09:19.846 INFO:teuthology.orchestra.run.smithi136.stdout:/usr/bin/ceph: stderr
2024-04-01T00:09:18.457+0000 7f58677fe700 1 -- 172.21.15.136:0/1920744304 learned_addr learned my addr 172.21.15.136:0/1920744304 (peer_addr_for_me v2:172.21.15.136:0/0)
2024-04-01T00:09:19.846 INFO:teuthology.orchestra.run.smithi136.stdout:/usr/bin/ceph: stderr
2024-04-01T00:09:18.457+0000 7f58677fe700 1 -- 172.21.15.136:0/1920744304 --> [v2:172.21.15.136:3300/0,v1:172.21.15.136:6789/0] -- mon_subscribe({config=0+,monmap=0+}) v3 -- 0x7f5858009550 con 0x7f586807be60
2024-04-01T00:09:19.846 INFO:teuthology.orchestra.run.smithi136.stdout:/usr/bin/ceph: stderr
2024-04-01T00:09:18.457+0000 7f58677fe700 1 --2- 172.21.15.136:0/1920744304 >> [v2:172.21.15.136:3300/0,v1:172.21.15.136:6789/0] conn(0x7f586807be60 0x7f586819c400 secure :-1 s=READY pgs=68 cs=0 l=1 rev1=1 crypto rx=0x7f5858011670 tx=0x7f5858011aa0 comp rx=0 tx=0).ready entity=mon.0 client_cookie=0 server_cookie=0 in_seq=0 out_seq=0
2024-04-01T00:09:19.846 INFO:teuthology.orchestra.run.smithi136.stdout:/usr/bin/ceph: stderr
2024-04-01T00:09:18.457+0000 7f58657fa700 1 -- 172.21.15.136:0/1920744304 <== mon.0 v2:172.21.15.136:3300/0 1 ==== mon_map magic: 0 v1 ==== 229+0+0 (secure 0 0 0) 0x7f5858003a40 con 0x7f586807be60
2024-04-01T00:09:19.846 INFO:teuthology.orchestra.run.smithi136.stdout:/usr/bin/ceph: stderr
2024-04-01T00:09:18.457+0000 7f58657fa700 1 -- 172.21.15.136:0/1920744304 <== mon.0 v2:172.21.15.136:3300/0 2 ==== config(27 keys) v1 ==== 1101+0+0 (secure 0 0 0) 0x7f5858003ba0 con 0x7f586807be60
2024-04-01T00:09:19.846 INFO:teuthology.orchestra.run.smithi136.stdout:/usr/bin/ceph: stderr
2024-04-01T00:09:18.457+0000 7f58657fa700 1 -- 172.21.15.136:0/1920744304 <== mon.0 v2:172.21.15.136:3300/0 3 ==== mon_map magic: 0 v1 ==== 229+0+0 (secure 0 0 0) 0x7f5858024820 con 0x7f586807be60
2024-04-01T00:09:19.846 INFO:teuthology.orchestra.run.smithi136.stdout:/usr/bin/ceph: stderr
2024-04-01T00:09:18.457+0000 7f586dcd2700 1 -- 172.21.15.136:0/1920744304 --> [v2:172.21.15.136:3300/0,v1:172.21.15.136:6789/0] -- mon_subscribe({mgrmap=0+}) v3 -- 0x7f586819cb40 con 0x7f586807be60
2024-04-01T00:09:19.846 INFO:teuthology.orchestra.run.smithi136.stdout:/usr/bin/ceph: stderr
2024-04-01T00:09:18.457+0000 7f586dcd2700 1 -- 172.21.15.136:0/1920744304 --> [v2:172.21.15.136:3300/0,v1:172.21.15.136:6789/0] -- mon_subscribe({osdmap=0}) v3 -- 0x7f586819cfe0 con 0x7f586807be60
2024-04-01T00:09:19.846 INFO:teuthology.orchestra.run.smithi136.stdout:/usr/bin/ceph: stderr
2024-04-01T00:09:18.458+0000 7f58657fa700 1 -- 172.21.15.136:0/1920744304 <== mon.0 v2:172.21.15.136:3300/0 4 ==== mgrmap(e 8) v1 ==== 45283+0+0 (secure 0 0 0) 0x7f5858024ae0 con 0x7f586807be60
2024-04-01T00:09:19.846 INFO:teuthology.orchestra.run.smithi136.stdout:/usr/bin/ceph: stderr
2024-04-01T00:09:18.458+0000 7f58657fa700 1 --2- 172.21.15.136:0/1920744304 >> [v2:172.21.15.136:6800/2772004359,v1:172.21.15.136:6801/2772004359] conn(0x7f58540382e0 0x7f585403a7a0 unknown :-1 s=NONE pgs=0 cs=0 l=1 rev1=0 crypto rx=0 tx=0 comp rx=0 tx=0).connect
2024-04-01T00:09:19.846 INFO:teuthology.orchestra.run.smithi136.stdout:/usr/bin/ceph: stderr
2024-04-01T00:09:18.458+0000 7f586dcd2700 1 -- 172.21.15.136:0/1920744304 --> [v2:172.21.15.136:3300/0,v1:172.21.15.136:6789/0] -- mon_command({"prefix": "get_command_descriptions"} v 0) v1 -- 0x7f586810c910 con 0x7f586807be60
2024-04-01T00:09:19.846 INFO:teuthology.orchestra.run.smithi136.stdout:/usr/bin/ceph: stderr
2024-04-01T00:09:18.458+0000 7f58657fa700 1 -- 172.21.15.136:0/1920744304 <== mon.0 v2:172.21.15.136:3300/0 5 ==== osd_map(2..2 src has 1..2) v4 ==== 940+0+0 (secure 0 0 0) 0x7f585804c4a0 con 0x7f586807be60
2024-04-01T00:09:19.847 INFO:teuthology.orchestra.run.smithi136.stdout:/usr/bin/ceph: stderr
2024-04-01T00:09:18.458+0000 7f585effd700 1 --2- 172.21.15.136:0/1920744304 >> [v2:172.21.15.136:6800/2772004359,v1:172.21.15.136:6801/2772004359] conn(0x7f58540382e0 0x7f585403a7a0 unknown :-1 s=BANNER_CONNECTING pgs=0 cs=0 l=1 rev1=0 crypto rx=0 tx=0 comp rx=0 tx=0)._handle_peer_banner_payload supported=3 required=0
2024-04-01T00:09:19.847 INFO:teuthology.orchestra.run.smithi136.stdout:/usr/bin/ceph: stderr
2024-04-01T00:09:18.459+0000 7f585effd700 1 --2- 172.21.15.136:0/1920744304 >> [v2:172.21.15.136:6800/2772004359,v1:172.21.15.136:6801/2772004359] conn(0x7f58540382e0 0x7f585403a7a0 secure :-1 s=READY pgs=22 cs=0 l=1 rev1=1 crypto rx=0x7f5850006fd0 tx=0x7f5850006e40 comp rx=0 tx=0).ready entity=mgr.14120 client_cookie=0 server_cookie=0 in_seq=0 out_seq=0
2024-04-01T00:09:19.847 INFO:teuthology.orchestra.run.smithi136.stdout:/usr/bin/ceph: stderr
2024-04-01T00:09:18.463+0000 7f58657fa700 1 -- 172.21.15.136:0/1920744304 <== mon.0 v2:172.21.15.136:3300/0 6 ==== mon_command_ack([{"prefix": "get_command_descriptions"}]=0 v0) v1 ==== 72+0+180422 (secure 0 0 0) 0x7f5858018d20 con 0x7f586807be60
2024-04-01T00:09:19.847 INFO:teuthology.orchestra.run.smithi136.stdout:/usr/bin/ceph: stderr
2024-04-01T00:09:18.706+0000 7f586dcd2700 1 -- 172.21.15.136:0/1920744304 --> [v2:172.21.15.136:3300/0,v1:172.21.15.136:6789/0] -- mon_command({"prefix": "mgr module enable", "module": "dashboard"} v 0) v1 -- 0x7f586810cb30 con 0x7f586807be60
2024-04-01T00:09:19.847 INFO:teuthology.orchestra.run.smithi136.stdout:/usr/bin/ceph: stderr
2024-04-01T00:09:19.253+0000 7f58657fa700 1 -- 172.21.15.136:0/1920744304 <== mon.0 v2:172.21.15.136:3300/0 7 ==== mgrmap(e 9) v1 ==== 45296+0+0 (secure 0 0 0) 0x7f585802dc90 con 0x7f586807be60
2024-04-01T00:09:19.847 INFO:teuthology.orchestra.run.smithi136.stdout:/usr/bin/ceph: stderr
2024-04-01T00:09:19.255+0000 7f58657fa700 1 -- 172.21.15.136:0/1920744304 <== mon.0 v2:172.21.15.136:3300/0 8 ==== mon_command_ack([{"prefix": "mgr module enable", "module": "dashboard"}]=0 v9) v1 ==== 88+0+0 (secure 0 0 0) 0x7f5858024d90 con 0x7f586807be60
2024-04-01T00:09:19.847 INFO:teuthology.orchestra.run.smithi136.stdout:/usr/bin/ceph: stderr
2024-04-01T00:09:19.257+0000 7f586dcd2700 1 -- 172.21.15.136:0/1920744304 >> [v2:172.21.15.136:6800/2772004359,v1:172.21.15.136:6801/2772004359] conn(0x7f58540382e0 msgr2=0x7f585403a7a0 secure :-1 s=STATE_CONNECTION_ESTABLISHED l=1).mark_down
2024-04-01T00:09:19.847 INFO:teuthology.orchestra.run.smithi136.stdout:/usr/bin/ceph: stderr
2024-04-01T00:09:19.257+0000 7f586dcd2700 1 --2- 172.21.15.136:0/1920744304 >> [v2:172.21.15.136:6800/2772004359,v1:172.21.15.136:6801/2772004359] conn(0x7f58540382e0 0x7f585403a7a0 secure :-1 s=READY pgs=22 cs=0 l=1 rev1=1 crypto rx=0x7f5850006fd0 tx=0x7f5850006e40 comp rx=0 tx=0).stop
2024-04-01T00:09:19.847 INFO:teuthology.orchestra.run.smithi136.stdout:/usr/bin/ceph: stderr
2024-04-01T00:09:19.257+0000 7f586dcd2700 1 -- 172.21.15.136:0/1920744304 >> [v2:172.21.15.136:3300/0,v1:172.21.15.136:6789/0] conn(0x7f586807be60 msgr2=0x7f586819c400 secure :-1 s=STATE_CONNECTION_ESTABLISHED l=1).mark_down
2024-04-01T00:09:19.847 INFO:teuthology.orchestra.run.smithi136.stdout:/usr/bin/ceph: stderr
2024-04-01T00:09:19.257+0000 7f586dcd2700 1 --2- 172.21.15.136:0/1920744304 >> [v2:172.21.15.136:3300/0,v1:172.21.15.136:6789/0] conn(0x7f586807be60 0x7f586819c400 secure :-1 s=READY pgs=68 cs=0 l=1 rev1=1 crypto rx=0x7f5858011670 tx=0x7f5858011aa0 comp rx=0 tx=0).stop
2024-04-01T00:09:19.847 INFO:teuthology.orchestra.run.smithi136.stdout:/usr/bin/ceph: stderr
2024-04-01T00:09:19.258+0000 7f586dcd2700 1 -- 172.21.15.136:0/1920744304 shutdown_connections
2024-04-01T00:09:19.847 INFO:teuthology.orchestra.run.smithi136.stdout:/usr/bin/ceph: stderr
2024-04-01T00:09:19.258+0000 7f586dcd2700 1 --2- 172.21.15.136:0/1920744304 >> [v2:172.21.15.136:6800/2772004359,v1:172.21.15.136:6801/2772004359] conn(0x7f58540382e0 0x7f585403a7a0 unknown :-1 s=CLOSED pgs=22 cs=0 l=1 rev1=1 crypto rx=0 tx=0 comp rx=0 tx=0).stop
2024-04-01T00:09:19.848 INFO:teuthology.orchestra.run.smithi136.stdout:/usr/bin/ceph: stderr
2024-04-01T00:09:19.258+0000 7f586dcd2700 1 --2- 172.21.15.136:0/1920744304 >> [v2:172.21.15.136:3300/0,v1:172.21.15.136:6789/0] conn(0x7f586807be60 0x7f586819c400 unknown :-1 s=CLOSED pgs=68 cs=0 l=1 rev1=1 crypto rx=0 tx=0 comp rx=0 tx=0).stop
2024-04-01T00:09:19.848 INFO:teuthology.orchestra.run.smithi136.stdout:/usr/bin/ceph: stderr
2024-04-01T00:09:19.258+0000 7f586dcd2700 1 -- 172.21.15.136:0/1920744304 >> 172.21.15.136:0/1920744304 conn(0x7f5868101ad0 msgr2=0x7f58681028a0 unknown :-1 s=STATE_NONE l=0).mark_down
2024-04-01T00:09:19.848 INFO:teuthology.orchestra.run.smithi136.stdout:/usr/bin/ceph: stderr
2024-04-01T00:09:19.258+0000 7f586dcd2700 1 -- 172.21.15.136:0/1920744304 shutdown_connections
2024-04-01T00:09:19.848 INFO:teuthology.orchestra.run.smithi136.stdout:/usr/bin/ceph: stderr
2024-04-01T00:09:19.258+0000 7f586dcd2700 1 -- 172.21.15.136:0/1920744304 wait complete.
2024-04-01T00:09:20.394 INFO:journalctl@ceph.mon.smithi136.smithi136.stdout:Apr 01 00:09:20 smithi136 ceph-mon[28998]: from='client.? 172.21.15.136:0/1920744304' entity='client.admin' cmd='[{"prefix": "mgr module enable", "module": "dashboard"}]': finished
2024-04-01T00:09:20.394 INFO:journalctl@ceph.mon.smithi136.smithi136.stdout:Apr 01 00:09:20 smithi136 ceph-mon[28998]: mgrmap e9: smithi136.xfyavi(active, since 26s)
2024-04-01T00:09:21.165 INFO:teuthology.orchestra.run.smithi136.stdout:/usr/bin/ceph: stdout {
2024-04-01T00:09:21.165 INFO:teuthology.orchestra.run.smithi136.stdout:/usr/bin/ceph: stdout "epoch": 9,
2024-04-01T00:09:21.165 INFO:teuthology.orchestra.run.smithi136.stdout:/usr/bin/ceph: stdout "available": true,
2024-04-01T00:09:21.165 INFO:teuthology.orchestra.run.smithi136.stdout:/usr/bin/ceph: stdout "active_name": "smithi136.xfyavi",
2024-04-01T00:09:21.165 INFO:teuthology.orchestra.run.smithi136.stdout:/usr/bin/ceph: stdout "num_standby": 0
2024-04-01T00:09:21.166 INFO:teuthology.orchestra.run.smithi136.stdout:/usr/bin/ceph: stdout }
2024-04-01T00:09:21.166 INFO:teuthology.orchestra.run.smithi136.stdout:/usr/bin/ceph: stderr
2024-04-01T00:09:20.287+0000 7f649f882700 1 Processor -- start
2024-04-01T00:09:21.166 INFO:teuthology.orchestra.run.smithi136.stdout:/usr/bin/ceph: stderr
2024-04-01T00:09:20.287+0000 7f649f882700 1 -- start start
2024-04-01T00:09:21.166 INFO:teuthology.orchestra.run.smithi136.stdout:/usr/bin/ceph: stderr
2024-04-01T00:09:20.287+0000 7f649f882700 1 --2- >> [v2:172.21.15.136:3300/0,v1:172.21.15.136:6789/0] conn(0x7f6498105470 0x7f6498105890 unknown :-1 s=NONE pgs=0 cs=0 l=0 rev1=0 crypto rx=0 tx=0 comp rx=0 tx=0).connect
2024-04-01T00:09:21.166 INFO:teuthology.orchestra.run.smithi136.stdout:/usr/bin/ceph: stderr
2024-04-01T00:09:20.287+0000 7f649f882700 1 -- --> [v2:172.21.15.136:3300/0,v1:172.21.15.136:6789/0] -- mon_getmap magic: 0 v1 -- 0x7f6498105e60 con 0x7f6498105470
2024-04-01T00:09:21.167 INFO:teuthology.orchestra.run.smithi136.stdout:/usr/bin/ceph: stderr
2024-04-01T00:09:20.288+0000 7f649d61e700 1 --2- >> [v2:172.21.15.136:3300/0,v1:172.21.15.136:6789/0] conn(0x7f6498105470 0x7f6498105890 unknown :-1 s=BANNER_CONNECTING pgs=0 cs=0 l=0 rev1=0 crypto rx=0 tx=0 comp rx=0 tx=0)._handle_peer_banner_payload supported=3 required=0
2024-04-01T00:09:21.167 INFO:teuthology.orchestra.run.smithi136.stdout:/usr/bin/ceph: stderr
2024-04-01T00:09:20.288+0000 7f649d61e700 1 --2- >> [v2:172.21.15.136:3300/0,v1:172.21.15.136:6789/0] conn(0x7f6498105470 0x7f6498105890 unknown :-1 s=HELLO_CONNECTING pgs=0 cs=0 l=0 rev1=1 crypto rx=0 tx=0 comp rx=0 tx=0).handle_hello peer v2:172.21.15.136:3300/0 says I am v2:172.21.15.136:57214/0 (socket says 172.21.15.136:57214)
2024-04-01T00:09:21.167 INFO:teuthology.orchestra.run.smithi136.stdout:/usr/bin/ceph: stderr
2024-04-01T00:09:20.288+0000 7f649d61e700 1 -- 172.21.15.136:0/615368349 learned_addr learned my addr 172.21.15.136:0/615368349 (peer_addr_for_me v2:172.21.15.136:0/0)
2024-04-01T00:09:21.167 INFO:teuthology.orchestra.run.smithi136.stdout:/usr/bin/ceph: stderr
2024-04-01T00:09:20.288+0000 7f649d61e700 1 -- 172.21.15.136:0/615368349 --> [v2:172.21.15.136:3300/0,v1:172.21.15.136:6789/0] -- mon_subscribe({config=0+,monmap=0+}) v3 -- 0x7f6498106670 con 0x7f6498105470
2024-04-01T00:09:21.167 INFO:teuthology.orchestra.run.smithi136.stdout:/usr/bin/ceph: stderr
2024-04-01T00:09:20.288+0000 7f649d61e700 1 --2- 172.21.15.136:0/615368349 >> [v2:172.21.15.136:3300/0,v1:172.21.15.136:6789/0] conn(0x7f6498105470 0x7f6498105890 secure :-1 s=READY pgs=71 cs=0 l=1 rev1=1 crypto rx=0x7f64940098a0 tx=0x7f6494009bb0 comp rx=0 tx=0).ready entity=mon.0 client_cookie=c476873a7179606c server_cookie=0 in_seq=0 out_seq=0
2024-04-01T00:09:21.168 INFO:teuthology.orchestra.run.smithi136.stdout:/usr/bin/ceph: stderr
2024-04-01T00:09:20.288+0000 7f648ffff700 1 -- 172.21.15.136:0/615368349 <== mon.0 v2:172.21.15.136:3300/0 1 ==== mon_map magic: 0 v1 ==== 229+0+0 (secure 0 0 0) 0x7f6494004180 con 0x7f6498105470
2024-04-01T00:09:21.168 INFO:teuthology.orchestra.run.smithi136.stdout:/usr/bin/ceph: stderr
2024-04-01T00:09:20.288+0000 7f648ffff700 1 -- 172.21.15.136:0/615368349 <== mon.0 v2:172.21.15.136:3300/0 2 ==== config(27 keys) v1 ==== 1101+0+0 (secure 0 0 0) 0x7f64940042e0 con 0x7f6498105470
2024-04-01T00:09:21.168 INFO:teuthology.orchestra.run.smithi136.stdout:/usr/bin/ceph: stderr
2024-04-01T00:09:20.288+0000 7f648ffff700 1 -- 172.21.15.136:0/615368349 <== mon.0 v2:172.21.15.136:3300/0 3 ==== mon_map magic: 0 v1 ==== 229+0+0 (secure 0 0 0) 0x7f6494011af0 con 0x7f6498105470
2024-04-01T00:09:21.168 INFO:teuthology.orchestra.run.smithi136.stdout:/usr/bin/ceph: stderr
2024-04-01T00:09:20.289+0000 7f649f882700 1 -- 172.21.15.136:0/615368349 >> [v2:172.21.15.136:3300/0,v1:172.21.15.136:6789/0] conn(0x7f6498105470 msgr2=0x7f6498105890 secure :-1 s=STATE_CONNECTION_ESTABLISHED l=1).mark_down
2024-04-01T00:09:21.168 INFO:teuthology.orchestra.run.smithi136.stdout:/usr/bin/ceph: stderr
2024-04-01T00:09:20.289+0000 7f649f882700 1 --2- 172.21.15.136:0/615368349 >> [v2:172.21.15.136:3300/0,v1:172.21.15.136:6789/0] conn(0x7f6498105470 0x7f6498105890 secure :-1 s=READY pgs=71 cs=0 l=1 rev1=1 crypto rx=0x7f64940098a0 tx=0x7f6494009bb0 comp rx=0 tx=0).stop
2024-04-01T00:09:21.168 INFO:teuthology.orchestra.run.smithi136.stdout:/usr/bin/ceph: stderr
2024-04-01T00:09:20.289+0000 7f649f882700 1 -- 172.21.15.136:0/615368349 shutdown_connections
2024-04-01T00:09:21.169 INFO:teuthology.orchestra.run.smithi136.stdout:/usr/bin/ceph: stderr
2024-04-01T00:09:20.289+0000 7f649f882700 1 --2- 172.21.15.136:0/615368349 >> [v2:172.21.15.136:3300/0,v1:172.21.15.136:6789/0] conn(0x7f6498105470 0x7f6498105890 unknown :-1 s=CLOSED pgs=71 cs=0 l=1 rev1=1 crypto rx=0 tx=0 comp rx=0 tx=0).stop
2024-04-01T00:09:21.169 INFO:teuthology.orchestra.run.smithi136.stdout:/usr/bin/ceph: stderr
2024-04-01T00:09:20.289+0000 7f649f882700 1 -- 172.21.15.136:0/615368349 >> 172.21.15.136:0/615368349 conn(0x7f64981009f0 msgr2=0x7f6498102e50 unknown :-1 s=STATE_NONE l=0).mark_down
2024-04-01T00:09:21.169 INFO:teuthology.orchestra.run.smithi136.stdout:/usr/bin/ceph: stderr
2024-04-01T00:09:20.290+0000 7f649f882700 1 -- 172.21.15.136:0/615368349 shutdown_connections
2024-04-01T00:09:21.169 INFO:teuthology.orchestra.run.smithi136.stdout:/usr/bin/ceph: stderr
2024-04-01T00:09:20.290+0000 7f649f882700 1 -- 172.21.15.136:0/615368349 wait complete.
2024-04-01T00:09:21.169 INFO:teuthology.orchestra.run.smithi136.stdout:/usr/bin/ceph: stderr
2024-04-01T00:09:20.290+0000 7f649f882700 1 Processor -- start
2024-04-01T00:09:21.169 INFO:teuthology.orchestra.run.smithi136.stdout:/usr/bin/ceph: stderr
2024-04-01T00:09:20.290+0000 7f649f882700 1 -- start start
2024-04-01T00:09:21.170 INFO:teuthology.orchestra.run.smithi136.stdout:/usr/bin/ceph: stderr
2024-04-01T00:09:20.291+0000 7f649f882700 1 --2- >> [v2:172.21.15.136:3300/0,v1:172.21.15.136:6789/0] conn(0x7f6498105470 0x7f64981990b0 unknown :-1 s=NONE pgs=0 cs=0 l=1 rev1=0 crypto rx=0 tx=0 comp rx=0 tx=0).connect
2024-04-01T00:09:21.170 INFO:teuthology.orchestra.run.smithi136.stdout:/usr/bin/ceph: stderr
2024-04-01T00:09:20.291+0000 7f649f882700 1 -- --> [v2:172.21.15.136:3300/0,v1:172.21.15.136:6789/0] -- mon_getmap magic: 0 v1 -- 0x7f64981995f0 con 0x7f6498105470
2024-04-01T00:09:21.170 INFO:teuthology.orchestra.run.smithi136.stdout:/usr/bin/ceph: stderr
2024-04-01T00:09:20.291+0000 7f649d61e700 1 --2- >> [v2:172.21.15.136:3300/0,v1:172.21.15.136:6789/0] conn(0x7f6498105470 0x7f64981990b0 unknown :-1 s=BANNER_CONNECTING pgs=0 cs=0 l=1 rev1=0 crypto rx=0 tx=0 comp rx=0 tx=0)._handle_peer_banner_payload supported=3 required=0
2024-04-01T00:09:21.170 INFO:teuthology.orchestra.run.smithi136.stdout:/usr/bin/ceph: stderr
2024-04-01T00:09:20.291+0000 7f649d61e700 1 --2- >> [v2:172.21.15.136:3300/0,v1:172.21.15.136:6789/0] conn(0x7f6498105470 0x7f64981990b0 unknown :-1 s=HELLO_CONNECTING pgs=0 cs=0 l=1 rev1=1 crypto rx=0 tx=0 comp rx=0 tx=0).handle_hello peer v2:172.21.15.136:3300/0 says I am v2:172.21.15.136:57216/0 (socket says 172.21.15.136:57216)
2024-04-01T00:09:21.170 INFO:teuthology.orchestra.run.smithi136.stdout:/usr/bin/ceph: stderr
2024-04-01T00:09:20.291+0000 7f649d61e700 1 -- 172.21.15.136:0/3992527161 learned_addr learned my addr 172.21.15.136:0/3992527161 (peer_addr_for_me v2:172.21.15.136:0/0)
2024-04-01T00:09:21.171 INFO:teuthology.orchestra.run.smithi136.stdout:/usr/bin/ceph: stderr
2024-04-01T00:09:20.291+0000 7f649d61e700 1 -- 172.21.15.136:0/3992527161 --> [v2:172.21.15.136:3300/0,v1:172.21.15.136:6789/0] -- mon_subscribe({config=0+,monmap=0+}) v3 -- 0x7f6494009550 con 0x7f6498105470
2024-04-01T00:09:21.171 INFO:teuthology.orchestra.run.smithi136.stdout:/usr/bin/ceph: stderr
2024-04-01T00:09:20.291+0000 7f649d61e700 1 --2- 172.21.15.136:0/3992527161 >> [v2:172.21.15.136:3300/0,v1:172.21.15.136:6789/0] conn(0x7f6498105470 0x7f64981990b0 secure :-1 s=READY pgs=72 cs=0 l=1 rev1=1 crypto rx=0x7f6494006ba0 tx=0x7f6494011b50 comp rx=0 tx=0).ready entity=mon.0 client_cookie=0 server_cookie=0 in_seq=0 out_seq=0
2024-04-01T00:09:21.171 INFO:teuthology.orchestra.run.smithi136.stdout:/usr/bin/ceph: stderr
2024-04-01T00:09:20.291+0000 7f648e7fc700 1 -- 172.21.15.136:0/3992527161 <== mon.0 v2:172.21.15.136:3300/0 1 ==== mon_map magic: 0 v1 ==== 229+0+0 (secure 0 0 0) 0x7f6494003b00 con 0x7f6498105470
2024-04-01T00:09:21.171 INFO:teuthology.orchestra.run.smithi136.stdout:/usr/bin/ceph: stderr
2024-04-01T00:09:20.291+0000 7f648e7fc700 1 -- 172.21.15.136:0/3992527161 <== mon.0 v2:172.21.15.136:3300/0 2 ==== config(27 keys) v1 ==== 1101+0+0 (secure 0 0 0) 0x7f649401a8e0 con 0x7f6498105470
2024-04-01T00:09:21.171 INFO:teuthology.orchestra.run.smithi136.stdout:/usr/bin/ceph: stderr
2024-04-01T00:09:20.291+0000 7f648e7fc700 1 -- 172.21.15.136:0/3992527161 <== mon.0 v2:172.21.15.136:3300/0 3 ==== mon_map magic: 0 v1 ==== 229+0+0 (secure 0 0 0) 0x7f6494019990 con 0x7f6498105470
2024-04-01T00:09:21.171 INFO:teuthology.orchestra.run.smithi136.stdout:/usr/bin/ceph: stderr
2024-04-01T00:09:20.291+0000 7f649f882700 1 -- 172.21.15.136:0/3992527161 --> [v2:172.21.15.136:3300/0,v1:172.21.15.136:6789/0] -- mon_subscribe({mgrmap=0+}) v3 -- 0x7f64981997f0 con 0x7f6498105470
2024-04-01T00:09:21.171 INFO:teuthology.orchestra.run.smithi136.stdout:/usr/bin/ceph: stderr
2024-04-01T00:09:20.292+0000 7f649f882700 1 -- 172.21.15.136:0/3992527161 --> [v2:172.21.15.136:3300/0,v1:172.21.15.136:6789/0] -- mon_subscribe({osdmap=0}) v3 -- 0x7f6498199c90 con 0x7f6498105470
2024-04-01T00:09:21.172 INFO:teuthology.orchestra.run.smithi136.stdout:/usr/bin/ceph: stderr
2024-04-01T00:09:20.292+0000 7f649f882700 1 -- 172.21.15.136:0/3992527161 --> [v2:172.21.15.136:3300/0,v1:172.21.15.136:6789/0] -- mon_command({"prefix": "get_command_descriptions"} v 0) v1 -- 0x7f64980623c0 con 0x7f6498105470
2024-04-01T00:09:21.172 INFO:teuthology.orchestra.run.smithi136.stdout:/usr/bin/ceph: stderr
2024-04-01T00:09:20.293+0000 7f648e7fc700 1 -- 172.21.15.136:0/3992527161 <== mon.0 v2:172.21.15.136:3300/0 4 ==== mgrmap(e 9) v1 ==== 45296+0+0 (secure 0 0 0) 0x7f6494019c00 con 0x7f6498105470
2024-04-01T00:09:21.172 INFO:teuthology.orchestra.run.smithi136.stdout:/usr/bin/ceph: stderr
2024-04-01T00:09:20.293+0000 7f648e7fc700 1 --2- 172.21.15.136:0/3992527161 >> [v2:172.21.15.136:6800/2772004359,v1:172.21.15.136:6801/2772004359] conn(0x7f6484038370 0x7f648403a830 unknown :-1 s=NONE pgs=0 cs=0 l=1 rev1=0 crypto rx=0 tx=0 comp rx=0 tx=0).connect
2024-04-01T00:09:21.172 INFO:teuthology.orchestra.run.smithi136.stdout:/usr/bin/ceph: stderr
2024-04-01T00:09:20.293+0000 7f648e7fc700 1 -- 172.21.15.136:0/3992527161 <== mon.0 v2:172.21.15.136:3300/0 5 ==== osd_map(2..2 src has 1..2) v4 ==== 940+0+0 (secure 0 0 0) 0x7f649404c9c0 con 0x7f6498105470
2024-04-01T00:09:21.172 INFO:teuthology.orchestra.run.smithi136.stdout:/usr/bin/ceph: stderr
2024-04-01T00:09:20.293+0000 7f649ce1d700 1 -- 172.21.15.136:0/3992527161 >> [v2:172.21.15.136:6800/2772004359,v1:172.21.15.136:6801/2772004359] conn(0x7f6484038370 msgr2=0x7f648403a830 unknown :-1 s=STATE_CONNECTING_RE l=1).process reconnect failed to v2:172.21.15.136:6800/2772004359
2024-04-01T00:09:21.173 INFO:teuthology.orchestra.run.smithi136.stdout:/usr/bin/ceph: stderr
2024-04-01T00:09:20.293+0000 7f649ce1d700 1 --2- 172.21.15.136:0/3992527161 >> [v2:172.21.15.136:6800/2772004359,v1:172.21.15.136:6801/2772004359] conn(0x7f6484038370 0x7f648403a830 unknown :-1 s=START_CONNECT pgs=0 cs=0 l=1 rev1=0 crypto rx=0 tx=0 comp rx=0 tx=0)._fault waiting 0.200000
2024-04-01T00:09:21.173 INFO:teuthology.orchestra.run.smithi136.stdout:/usr/bin/ceph: stderr
2024-04-01T00:09:20.298+0000 7f648e7fc700 1 -- 172.21.15.136:0/3992527161 <== mon.0 v2:172.21.15.136:3300/0 6 ==== mon_command_ack([{"prefix": "get_command_descriptions"}]=0 v0) v1 ==== 72+0+180422 (secure 0 0 0) 0x7f649401aa50 con 0x7f6498105470
2024-04-01T00:09:21.173 INFO:teuthology.orchestra.run.smithi136.stdout:/usr/bin/ceph: stderr
2024-04-01T00:09:20.494+0000 7f649ce1d700 1 -- 172.21.15.136:0/3992527161 >> [v2:172.21.15.136:6800/2772004359,v1:172.21.15.136:6801/2772004359] conn(0x7f6484038370 msgr2=0x7f648403a830 unknown :-1 s=STATE_CONNECTING_RE l=1).process reconnect failed to v2:172.21.15.136:6800/2772004359
2024-04-01T00:09:21.173 INFO:teuthology.orchestra.run.smithi136.stdout:/usr/bin/ceph: stderr
2024-04-01T00:09:20.494+0000 7f649ce1d700 1 --2- 172.21.15.136:0/3992527161 >> [v2:172.21.15.136:6800/2772004359,v1:172.21.15.136:6801/2772004359] conn(0x7f6484038370 0x7f648403a830 unknown :-1 s=START_CONNECT pgs=0 cs=0 l=1 rev1=0 crypto rx=0 tx=0 comp rx=0 tx=0)._fault waiting 0.400000
2024-04-01T00:09:21.173 INFO:teuthology.orchestra.run.smithi136.stdout:/usr/bin/ceph: stderr
2024-04-01T00:09:20.550+0000 7f649f882700 1 -- 172.21.15.136:0/3992527161 --> [v2:172.21.15.136:3300/0,v1:172.21.15.136:6789/0] -- mon_command({"prefix": "mgr stat"} v 0) v1 -- 0x7f64981098a0 con 0x7f6498105470
2024-04-01T00:09:21.174 INFO:teuthology.orchestra.run.smithi136.stdout:/usr/bin/ceph: stderr
2024-04-01T00:09:20.550+0000 7f648e7fc700 1 -- 172.21.15.136:0/3992527161 <== mon.0 v2:172.21.15.136:3300/0 7 ==== mon_command_ack([{"prefix": "mgr stat"}]=0 v9) v1 ==== 56+0+103 (secure 0 0 0) 0x7f6494023390 con 0x7f6498105470
2024-04-01T00:09:21.174 INFO:teuthology.orchestra.run.smithi136.stdout:/usr/bin/ceph: stderr
2024-04-01T00:09:20.552+0000 7f649f882700 1 -- 172.21.15.136:0/3992527161 >> [v2:172.21.15.136:6800/2772004359,v1:172.21.15.136:6801/2772004359] conn(0x7f6484038370 msgr2=0x7f648403a830 unknown :-1 s=STATE_CONNECTING l=1).mark_down
2024-04-01T00:09:21.174 INFO:teuthology.orchestra.run.smithi136.stdout:/usr/bin/ceph: stderr
2024-04-01T00:09:20.552+0000 7f649f882700 1 --2- 172.21.15.136:0/3992527161 >> [v2:172.21.15.136:6800/2772004359,v1:172.21.15.136:6801/2772004359] conn(0x7f6484038370 0x7f648403a830 unknown :-1 s=START_CONNECT pgs=0 cs=0 l=1 rev1=0 crypto rx=0 tx=0 comp rx=0 tx=0).stop
2024-04-01T00:09:21.174 INFO:teuthology.orchestra.run.smithi136.stdout:/usr/bin/ceph: stderr
2024-04-01T00:09:20.552+0000 7f649f882700 1 -- 172.21.15.136:0/3992527161 >> [v2:172.21.15.136:3300/0,v1:172.21.15.136:6789/0] conn(0x7f6498105470 msgr2=0x7f64981990b0 secure :-1 s=STATE_CONNECTION_ESTABLISHED l=1).mark_down
2024-04-01T00:09:21.174 INFO:teuthology.orchestra.run.smithi136.stdout:/usr/bin/ceph: stderr
2024-04-01T00:09:20.552+0000 7f649f882700 1 --2- 172.21.15.136:0/3992527161 >> [v2:172.21.15.136:3300/0,v1:172.21.15.136:6789/0] conn(0x7f6498105470 0x7f64981990b0 secure :-1 s=READY pgs=72 cs=0 l=1 rev1=1 crypto rx=0x7f6494006ba0 tx=0x7f6494011b50 comp rx=0 tx=0).stop
2024-04-01T00:09:21.174 INFO:teuthology.orchestra.run.smithi136.stdout:/usr/bin/ceph: stderr
2024-04-01T00:09:20.552+0000 7f649f882700 1 -- 172.21.15.136:0/3992527161 shutdown_connections
2024-04-01T00:09:21.175 INFO:teuthology.orchestra.run.smithi136.stdout:/usr/bin/ceph: stderr
2024-04-01T00:09:20.552+0000 7f649f882700 1 --2- 172.21.15.136:0/3992527161 >> [v2:172.21.15.136:6800/2772004359,v1:172.21.15.136:6801/2772004359] conn(0x7f6484038370 0x7f648403a830 unknown :-1 s=CLOSED pgs=0 cs=0 l=1 rev1=0 crypto rx=0 tx=0 comp rx=0 tx=0).stop
2024-04-01T00:09:21.175 INFO:teuthology.orchestra.run.smithi136.stdout:/usr/bin/ceph: stderr
2024-04-01T00:09:20.552+0000 7f649f882700 1 --2- 172.21.15.136:0/3992527161 >> [v2:172.21.15.136:3300/0,v1:172.21.15.136:6789/0] conn(0x7f6498105470 0x7f64981990b0 unknown :-1 s=CLOSED pgs=72 cs=0 l=1 rev1=1 crypto rx=0 tx=0 comp rx=0 tx=0).stop
2024-04-01T00:09:21.175 INFO:teuthology.orchestra.run.smithi136.stdout:/usr/bin/ceph: stderr
2024-04-01T00:09:20.553+0000 7f649f882700 1 -- 172.21.15.136:0/3992527161 >> 172.21.15.136:0/3992527161 conn(0x7f64981009f0 msgr2=0x7f6498101750 unknown :-1 s=STATE_NONE l=0).mark_down
2024-04-01T00:09:21.175 INFO:teuthology.orchestra.run.smithi136.stdout:/usr/bin/ceph: stderr
2024-04-01T00:09:20.553+0000 7f649f882700 1 -- 172.21.15.136:0/3992527161 shutdown_connections
2024-04-01T00:09:21.175 INFO:teuthology.orchestra.run.smithi136.stdout:/usr/bin/ceph: stderr
2024-04-01T00:09:20.553+0000 7f649f882700 1 -- 172.21.15.136:0/3992527161 wait complete.
2024-04-01T00:09:21.175 INFO:teuthology.orchestra.run.smithi136.stdout:Waiting for the mgr to restart...
2024-04-01T00:09:21.176 INFO:teuthology.orchestra.run.smithi136.stdout:Waiting for mgr epoch 9...
2024-04-01T00:09:21.479 INFO:journalctl@ceph.mon.smithi136.smithi136.stdout:Apr 01 00:09:21 smithi136 ceph-mon[28998]: from='client.? 172.21.15.136:0/3992527161' entity='client.admin' cmd=[{"prefix": "mgr stat"}]: dispatch
2024-04-01T00:09:26.394 INFO:journalctl@ceph.mon.smithi136.smithi136.stdout:Apr 01 00:09:26 smithi136 ceph-mon[28998]: Active manager daemon smithi136.xfyavi restarted
2024-04-01T00:09:26.395 INFO:journalctl@ceph.mon.smithi136.smithi136.stdout:Apr 01 00:09:26 smithi136 ceph-mon[28998]: Activating manager daemon smithi136.xfyavi
2024-04-01T00:09:26.395 INFO:journalctl@ceph.mon.smithi136.smithi136.stdout:Apr 01 00:09:26 smithi136 ceph-mon[28998]: osdmap e3: 0 total, 0 up, 0 in
2024-04-01T00:09:26.395 INFO:journalctl@ceph.mon.smithi136.smithi136.stdout:Apr 01 00:09:26 smithi136 ceph-mon[28998]: mgrmap e10: smithi136.xfyavi(active, starting, since 0.00409464s)
2024-04-01T00:09:26.395 INFO:journalctl@ceph.mon.smithi136.smithi136.stdout:Apr 01 00:09:26 smithi136 ceph-mon[28998]: from='mgr.14164 172.21.15.136:0/3847579449' entity='mgr.smithi136.xfyavi' cmd=[{"prefix": "mon metadata", "id": "smithi136"}]: dispatch
2024-04-01T00:09:26.395 INFO:journalctl@ceph.mon.smithi136.smithi136.stdout:Apr 01 00:09:26 smithi136 ceph-mon[28998]: from='mgr.14164 172.21.15.136:0/3847579449' entity='mgr.smithi136.xfyavi' cmd=[{"prefix": "mgr metadata", "who": "smithi136.xfyavi", "id": "smithi136.xfyavi"}]: dispatch
2024-04-01T00:09:26.395 INFO:journalctl@ceph.mon.smithi136.smithi136.stdout:Apr 01 00:09:26 smithi136 ceph-mon[28998]: from='mgr.14164 172.21.15.136:0/3847579449' entity='mgr.smithi136.xfyavi' cmd=[{"prefix": "mds metadata"}]: dispatch
2024-04-01T00:09:26.395 INFO:journalctl@ceph.mon.smithi136.smithi136.stdout:Apr 01 00:09:26 smithi136 ceph-mon[28998]: from='mgr.14164 172.21.15.136:0/3847579449' entity='mgr.smithi136.xfyavi' cmd=[{"prefix": "osd metadata"}]: dispatch
2024-04-01T00:09:26.395 INFO:journalctl@ceph.mon.smithi136.smithi136.stdout:Apr 01 00:09:26 smithi136 ceph-mon[28998]: from='mgr.14164 172.21.15.136:0/3847579449' entity='mgr.smithi136.xfyavi' cmd=[{"prefix": "mon metadata"}]: dispatch
2024-04-01T00:09:26.395 INFO:journalctl@ceph.mon.smithi136.smithi136.stdout:Apr 01 00:09:26 smithi136 ceph-mon[28998]: Manager daemon smithi136.xfyavi is now available
2024-04-01T00:09:26.395 INFO:journalctl@ceph.mon.smithi136.smithi136.stdout:Apr 01 00:09:26 smithi136 ceph-mon[28998]: from='mgr.14164 172.21.15.136:0/3847579449' entity='mgr.smithi136.xfyavi' cmd=[{"prefix": "config dump", "format": "json"}]: dispatch
2024-04-01T00:09:26.395 INFO:journalctl@ceph.mon.smithi136.smithi136.stdout:Apr 01 00:09:26 smithi136 ceph-mon[28998]: from='mgr.14164 172.21.15.136:0/3847579449' entity='mgr.smithi136.xfyavi' cmd=[{"prefix": "config dump", "format": "json"}]: dispatch
2024-04-01T00:09:26.396 INFO:journalctl@ceph.mon.smithi136.smithi136.stdout:Apr 01 00:09:26 smithi136 ceph-mon[28998]: from='mgr.14164 172.21.15.136:0/3847579449' entity='mgr.smithi136.xfyavi' cmd=[{"prefix":"config rm","who":"mgr","name":"mgr/rbd_support/smithi136.xfyavi/mirror_snapshot_schedule"}]: dispatch
2024-04-01T00:09:26.396 INFO:journalctl@ceph.mon.smithi136.smithi136.stdout:Apr 01 00:09:26 smithi136 ceph-mon[28998]: from='mgr.14164 172.21.15.136:0/3847579449' entity='mgr.smithi136.xfyavi' cmd=[{"prefix":"config rm","who":"mgr","name":"mgr/rbd_support/smithi136.xfyavi/trash_purge_schedule"}]: dispatch
2024-04-01T00:09:27.769 INFO:teuthology.orchestra.run.smithi136.stdout:/usr/bin/ceph: stdout {
2024-04-01T00:09:27.769 INFO:teuthology.orchestra.run.smithi136.stdout:/usr/bin/ceph: stdout "mgrmap_epoch": 11,
2024-04-01T00:09:27.769 INFO:teuthology.orchestra.run.smithi136.stdout:/usr/bin/ceph: stdout "initialized": true
2024-04-01T00:09:27.769 INFO:teuthology.orchestra.run.smithi136.stdout:/usr/bin/ceph: stdout }
2024-04-01T00:09:27.769 INFO:teuthology.orchestra.run.smithi136.stdout:/usr/bin/ceph: stderr
2024-04-01T00:09:21.585+0000 7f3e1eb01700 1 Processor -- start
2024-04-01T00:09:27.769 INFO:teuthology.orchestra.run.smithi136.stdout:/usr/bin/ceph: stderr
2024-04-01T00:09:21.585+0000 7f3e1eb01700 1 -- start start
2024-04-01T00:09:27.770 INFO:teuthology.orchestra.run.smithi136.stdout:/usr/bin/ceph: stderr
2024-04-01T00:09:21.585+0000 7f3e1eb01700 1 --2- >> [v2:172.21.15.136:3300/0,v1:172.21.15.136:6789/0] conn(0x7f3e18107020 0x7f3e18109410 unknown :-1 s=NONE pgs=0 cs=0 l=0 rev1=0 crypto rx=0 tx=0 comp rx=0 tx=0).connect
2024-04-01T00:09:27.770 INFO:teuthology.orchestra.run.smithi136.stdout:/usr/bin/ceph: stderr
2024-04-01T00:09:21.585+0000 7f3e1eb01700 1 -- --> [v2:172.21.15.136:3300/0,v1:172.21.15.136:6789/0] -- mon_getmap magic: 0 v1 -- 0x7f3e18074640 con 0x7f3e18107020
2024-04-01T00:09:27.770 INFO:teuthology.orchestra.run.smithi136.stdout:/usr/bin/ceph: stderr
2024-04-01T00:09:21.585+0000 7f3e1c89d700 1 --2- >> [v2:172.21.15.136:3300/0,v1:172.21.15.136:6789/0] conn(0x7f3e18107020 0x7f3e18109410 unknown :-1 s=BANNER_CONNECTING pgs=0 cs=0 l=0 rev1=0 crypto rx=0 tx=0 comp rx=0 tx=0)._handle_peer_banner_payload supported=3 required=0
2024-04-01T00:09:27.770 INFO:teuthology.orchestra.run.smithi136.stdout:/usr/bin/ceph: stderr
2024-04-01T00:09:21.585+0000 7f3e1c89d700 1 --2- >> [v2:172.21.15.136:3300/0,v1:172.21.15.136:6789/0] conn(0x7f3e18107020 0x7f3e18109410 unknown :-1 s=HELLO_CONNECTING pgs=0 cs=0 l=0 rev1=1 crypto rx=0 tx=0 comp rx=0 tx=0).handle_hello peer v2:172.21.15.136:3300/0 says I am v2:172.21.15.136:57220/0 (socket says 172.21.15.136:57220)
2024-04-01T00:09:27.770 INFO:teuthology.orchestra.run.smithi136.stdout:/usr/bin/ceph: stderr
2024-04-01T00:09:21.585+0000 7f3e1c89d700 1 -- 172.21.15.136:0/1932877921 learned_addr learned my addr 172.21.15.136:0/1932877921 (peer_addr_for_me v2:172.21.15.136:0/0)
2024-04-01T00:09:27.770 INFO:teuthology.orchestra.run.smithi136.stdout:/usr/bin/ceph: stderr
2024-04-01T00:09:21.586+0000 7f3e1c89d700 1 -- 172.21.15.136:0/1932877921 --> [v2:172.21.15.136:3300/0,v1:172.21.15.136:6789/0] -- mon_subscribe({config=0+,monmap=0+}) v3 -- 0x7f3e18109950 con 0x7f3e18107020
2024-04-01T00:09:27.770 INFO:teuthology.orchestra.run.smithi136.stdout:/usr/bin/ceph: stderr
2024-04-01T00:09:21.586+0000 7f3e1c89d700 1 --2- 172.21.15.136:0/1932877921 >> [v2:172.21.15.136:3300/0,v1:172.21.15.136:6789/0] conn(0x7f3e18107020 0x7f3e18109410 secure :-1 s=READY pgs=73 cs=0 l=1 rev1=1 crypto rx=0x7f3e0c0098a0 tx=0x7f3e0c009bb0 comp rx=0 tx=0).ready entity=mon.0 client_cookie=14efa73e2fdbaab2 server_cookie=0 in_seq=0 out_seq=0
2024-04-01T00:09:27.770 INFO:teuthology.orchestra.run.smithi136.stdout:/usr/bin/ceph: stderr
2024-04-01T00:09:21.586+0000 7f3e177fe700 1 -- 172.21.15.136:0/1932877921 <== mon.0 v2:172.21.15.136:3300/0 1 ==== mon_map magic: 0 v1 ==== 229+0+0 (secure 0 0 0) 0x7f3e0c004180 con 0x7f3e18107020
2024-04-01T00:09:27.770 INFO:teuthology.orchestra.run.smithi136.stdout:/usr/bin/ceph: stderr
2024-04-01T00:09:21.586+0000 7f3e177fe700 1 -- 172.21.15.136:0/1932877921 <== mon.0 v2:172.21.15.136:3300/0 2 ==== config(27 keys) v1 ==== 1101+0+0 (secure 0 0 0) 0x7f3e0c0042e0 con 0x7f3e18107020
2024-04-01T00:09:27.770 INFO:teuthology.orchestra.run.smithi136.stdout:/usr/bin/ceph: stderr
2024-04-01T00:09:21.586+0000 7f3e177fe700 1 -- 172.21.15.136:0/1932877921 <== mon.0 v2:172.21.15.136:3300/0 3 ==== mon_map magic: 0 v1 ==== 229+0+0 (secure 0 0 0) 0x7f3e0c011af0 con 0x7f3e18107020
