2024-04-01T00:08:57.484+0000 7f4f0adbc700 1 -- --> [v2:172.21.15.136:3300/0,v1:172.21.15.136:6789/0] -- mon_getmap magic: 0 v1 -- 0x7f4f0419a740 con 0x7f4f04105460
2024-04-01T00:08:58.565 INFO:teuthology.orchestra.run.smithi136.stdout:/usr/bin/ceph: stderr
2024-04-01T00:08:57.484+0000 7f4f08b58700 1 --2- >> [v2:172.21.15.136:3300/0,v1:172.21.15.136:6789/0] conn(0x7f4f04105460 0x7f4f0419a200 unknown :-1 s=BANNER_CONNECTING pgs=0 cs=0 l=1 rev1=0 crypto rx=0 tx=0 comp rx=0 tx=0)._handle_peer_banner_payload supported=3 required=0
2024-04-01T00:08:58.566 INFO:teuthology.orchestra.run.smithi136.stdout:/usr/bin/ceph: stderr
2024-04-01T00:08:57.484+0000 7f4f08b58700 1 --2- >> [v2:172.21.15.136:3300/0,v1:172.21.15.136:6789/0] conn(0x7f4f04105460 0x7f4f0419a200 unknown :-1 s=HELLO_CONNECTING pgs=0 cs=0 l=1 rev1=1 crypto rx=0 tx=0 comp rx=0 tx=0).handle_hello peer v2:172.21.15.136:3300/0 says I am v2:172.21.15.136:59400/0 (socket says 172.21.15.136:59400)
2024-04-01T00:08:58.568 INFO:teuthology.orchestra.run.smithi136.stdout:/usr/bin/ceph: stderr
2024-04-01T00:08:57.484+0000 7f4f08b58700 1 -- 172.21.15.136:0/2600953725 learned_addr learned my addr 172.21.15.136:0/2600953725 (peer_addr_for_me v2:172.21.15.136:0/0)
2024-04-01T00:08:58.568 INFO:teuthology.orchestra.run.smithi136.stdout:/usr/bin/ceph: stderr
2024-04-01T00:08:57.485+0000 7f4f08b58700 1 -- 172.21.15.136:0/2600953725 --> [v2:172.21.15.136:3300/0,v1:172.21.15.136:6789/0] -- mon_subscribe({config=0+,monmap=0+}) v3 -- 0x7f4ef8009550 con 0x7f4f04105460
2024-04-01T00:08:58.568 INFO:teuthology.orchestra.run.smithi136.stdout:/usr/bin/ceph: stderr
2024-04-01T00:08:57.485+0000 7f4f08b58700 1 --2- 172.21.15.136:0/2600953725 >> [v2:172.21.15.136:3300/0,v1:172.21.15.136:6789/0] conn(0x7f4f04105460 0x7f4f0419a200 secure :-1 s=READY pgs=42 cs=0 l=1 rev1=1 crypto rx=0x7f4ef8009520 tx=0x7f4ef8011ab0 comp rx=0 tx=0).ready entity=mon.0 client_cookie=0 server_cookie=0 in_seq=0 out_seq=0
2024-04-01T00:08:58.568 INFO:teuthology.orchestra.run.smithi136.stdout:/usr/bin/ceph: stderr
2024-04-01T00:08:57.485+0000 7f4f01ffb700 1 -- 172.21.15.136:0/2600953725 <== mon.0 v2:172.21.15.136:3300/0 1 ==== mon_map magic: 0 v1 ==== 229+0+0 (secure 0 0 0) 0x7f4ef8003a80 con 0x7f4f04105460
2024-04-01T00:08:58.568 INFO:teuthology.orchestra.run.smithi136.stdout:/usr/bin/ceph: stderr
2024-04-01T00:08:57.485+0000 7f4f01ffb700 1 -- 172.21.15.136:0/2600953725 <== mon.0 v2:172.21.15.136:3300/0 2 ==== config(27 keys) v1 ==== 1037+0+0 (secure 0 0 0) 0x7f4ef8003be0 con 0x7f4f04105460
2024-04-01T00:08:58.568 INFO:teuthology.orchestra.run.smithi136.stdout:/usr/bin/ceph: stderr
2024-04-01T00:08:57.485+0000 7f4f0adbc700 1 -- 172.21.15.136:0/2600953725 --> [v2:172.21.15.136:3300/0,v1:172.21.15.136:6789/0] -- mon_subscribe({mgrmap=0+}) v3 -- 0x7f4f0419a940 con 0x7f4f04105460
2024-04-01T00:08:58.568 INFO:teuthology.orchestra.run.smithi136.stdout:/usr/bin/ceph: stderr
2024-04-01T00:08:57.485+0000 7f4f01ffb700 1 -- 172.21.15.136:0/2600953725 <== mon.0 v2:172.21.15.136:3300/0 3 ==== mon_map magic: 0 v1 ==== 229+0+0 (secure 0 0 0) 0x7f4ef80197b0 con 0x7f4f04105460
2024-04-01T00:08:58.568 INFO:teuthology.orchestra.run.smithi136.stdout:/usr/bin/ceph: stderr
2024-04-01T00:08:57.485+0000 7f4f0adbc700 1 -- 172.21.15.136:0/2600953725 --> [v2:172.21.15.136:3300/0,v1:172.21.15.136:6789/0] -- mon_subscribe({osdmap=0}) v3 -- 0x7f4f0419ade0 con 0x7f4f04105460
2024-04-01T00:08:58.568 INFO:teuthology.orchestra.run.smithi136.stdout:/usr/bin/ceph: stderr
2024-04-01T00:08:57.486+0000 7f4f01ffb700 1 -- 172.21.15.136:0/2600953725 <== mon.0 v2:172.21.15.136:3300/0 4 ==== mgrmap(e 8) v1 ==== 45283+0+0 (secure 0 0 0) 0x7f4ef8019a70 con 0x7f4f04105460
2024-04-01T00:08:58.569 INFO:teuthology.orchestra.run.smithi136.stdout:/usr/bin/ceph: stderr
2024-04-01T00:08:57.486+0000 7f4f0adbc700 1 -- 172.21.15.136:0/2600953725 --> [v2:172.21.15.136:3300/0,v1:172.21.15.136:6789/0] -- mon_command({"prefix": "get_command_descriptions"} v 0) v1 -- 0x7f4f040623c0 con 0x7f4f04105460
2024-04-01T00:08:58.569 INFO:teuthology.orchestra.run.smithi136.stdout:/usr/bin/ceph: stderr
2024-04-01T00:08:57.486+0000 7f4f01ffb700 1 --2- 172.21.15.136:0/2600953725 >> [v2:172.21.15.136:6800/2772004359,v1:172.21.15.136:6801/2772004359] conn(0x7f4ef40382d0 0x7f4ef403a790 unknown :-1 s=NONE pgs=0 cs=0 l=1 rev1=0 crypto rx=0 tx=0 comp rx=0 tx=0).connect
2024-04-01T00:08:58.569 INFO:teuthology.orchestra.run.smithi136.stdout:/usr/bin/ceph: stderr
2024-04-01T00:08:57.486+0000 7f4f01ffb700 1 -- 172.21.15.136:0/2600953725 <== mon.0 v2:172.21.15.136:3300/0 5 ==== osd_map(2..2 src has 1..2) v4 ==== 940+0+0 (secure 0 0 0) 0x7f4ef804c700 con 0x7f4f04105460
2024-04-01T00:08:58.569 INFO:teuthology.orchestra.run.smithi136.stdout:/usr/bin/ceph: stderr
2024-04-01T00:08:57.486+0000 7f4f03fff700 1 --2- 172.21.15.136:0/2600953725 >> [v2:172.21.15.136:6800/2772004359,v1:172.21.15.136:6801/2772004359] conn(0x7f4ef40382d0 0x7f4ef403a790 unknown :-1 s=BANNER_CONNECTING pgs=0 cs=0 l=1 rev1=0 crypto rx=0 tx=0 comp rx=0 tx=0)._handle_peer_banner_payload supported=3 required=0
2024-04-01T00:08:58.569 INFO:teuthology.orchestra.run.smithi136.stdout:/usr/bin/ceph: stderr
2024-04-01T00:08:57.487+0000 7f4f03fff700 1 --2- 172.21.15.136:0/2600953725 >> [v2:172.21.15.136:6800/2772004359,v1:172.21.15.136:6801/2772004359] conn(0x7f4ef40382d0 0x7f4ef403a790 secure :-1 s=READY pgs=9 cs=0 l=1 rev1=1 crypto rx=0x7f4ef0006fd0 tx=0x7f4ef0006e40 comp rx=0 tx=0).ready entity=mgr.14120 client_cookie=0 server_cookie=0 in_seq=0 out_seq=0
2024-04-01T00:08:58.569 INFO:teuthology.orchestra.run.smithi136.stdout:/usr/bin/ceph: stderr
2024-04-01T00:08:57.491+0000 7f4f01ffb700 1 -- 172.21.15.136:0/2600953725 <== mon.0 v2:172.21.15.136:3300/0 6 ==== mon_command_ack([{"prefix": "get_command_descriptions"}]=0 v0) v1 ==== 72+0+180422 (secure 0 0 0) 0x7f4ef802b750 con 0x7f4f04105460
2024-04-01T00:08:58.569 INFO:teuthology.orchestra.run.smithi136.stdout:/usr/bin/ceph: stderr
2024-04-01T00:08:57.684+0000 7f4f0adbc700 1 -- 172.21.15.136:0/2600953725 --> [v2:172.21.15.136:6800/2772004359,v1:172.21.15.136:6801/2772004359] -- mgr_command(tid 0: {"prefix": "cephadm generate-key", "target": ["mon-mgr", ""]}) v1 -- 0x7f4f04109860 con 0x7f4ef40382d0
2024-04-01T00:08:58.569 INFO:teuthology.orchestra.run.smithi136.stdout:/usr/bin/ceph: stderr
2024-04-01T00:08:57.942+0000 7f4f01ffb700 1 -- 172.21.15.136:0/2600953725 <== mgr.14120 v2:172.21.15.136:6800/2772004359 1 ==== mgr_command_reply(tid 0: 0 ) v1 ==== 8+0+0 (secure 0 0 0) 0x7f4f04109860 con 0x7f4ef40382d0
2024-04-01T00:08:58.569 INFO:teuthology.orchestra.run.smithi136.stdout:/usr/bin/ceph: stderr
2024-04-01T00:08:57.944+0000 7f4f0adbc700 1 -- 172.21.15.136:0/2600953725 >> [v2:172.21.15.136:6800/2772004359,v1:172.21.15.136:6801/2772004359] conn(0x7f4ef40382d0 msgr2=0x7f4ef403a790 secure :-1 s=STATE_CONNECTION_ESTABLISHED l=1).mark_down
2024-04-01T00:08:58.569 INFO:teuthology.orchestra.run.smithi136.stdout:/usr/bin/ceph: stderr
2024-04-01T00:08:57.944+0000 7f4f0adbc700 1 --2- 172.21.15.136:0/2600953725 >> [v2:172.21.15.136:6800/2772004359,v1:172.21.15.136:6801/2772004359] conn(0x7f4ef40382d0 0x7f4ef403a790 secure :-1 s=READY pgs=9 cs=0 l=1 rev1=1 crypto rx=0x7f4ef0006fd0 tx=0x7f4ef0006e40 comp rx=0 tx=0).stop
2024-04-01T00:08:58.569 INFO:teuthology.orchestra.run.smithi136.stdout:/usr/bin/ceph: stderr
2024-04-01T00:08:57.944+0000 7f4f0adbc700 1 -- 172.21.15.136:0/2600953725 >> [v2:172.21.15.136:3300/0,v1:172.21.15.136:6789/0] conn(0x7f4f04105460 msgr2=0x7f4f0419a200 secure :-1 s=STATE_CONNECTION_ESTABLISHED l=1).mark_down
2024-04-01T00:08:58.569 INFO:teuthology.orchestra.run.smithi136.stdout:/usr/bin/ceph: stderr
2024-04-01T00:08:57.944+0000 7f4f0adbc700 1 --2- 172.21.15.136:0/2600953725 >> [v2:172.21.15.136:3300/0,v1:172.21.15.136:6789/0] conn(0x7f4f04105460 0x7f4f0419a200 secure :-1 s=READY pgs=42 cs=0 l=1 rev1=1 crypto rx=0x7f4ef8009520 tx=0x7f4ef8011ab0 comp rx=0 tx=0).stop
2024-04-01T00:08:58.570 INFO:teuthology.orchestra.run.smithi136.stdout:/usr/bin/ceph: stderr
2024-04-01T00:08:57.944+0000 7f4f0adbc700 1 -- 172.21.15.136:0/2600953725 shutdown_connections
2024-04-01T00:08:58.570 INFO:teuthology.orchestra.run.smithi136.stdout:/usr/bin/ceph: stderr
2024-04-01T00:08:57.944+0000 7f4f0adbc700 1 --2- 172.21.15.136:0/2600953725 >> [v2:172.21.15.136:6800/2772004359,v1:172.21.15.136:6801/2772004359] conn(0x7f4ef40382d0 0x7f4ef403a790 unknown :-1 s=CLOSED pgs=9 cs=0 l=1 rev1=1 crypto rx=0 tx=0 comp rx=0 tx=0).stop
2024-04-01T00:08:58.570 INFO:teuthology.orchestra.run.smithi136.stdout:/usr/bin/ceph: stderr
2024-04-01T00:08:57.944+0000 7f4f0adbc700 1 --2- 172.21.15.136:0/2600953725 >> [v2:172.21.15.136:3300/0,v1:172.21.15.136:6789/0] conn(0x7f4f04105460 0x7f4f0419a200 unknown :-1 s=CLOSED pgs=42 cs=0 l=1 rev1=1 crypto rx=0 tx=0 comp rx=0 tx=0).stop
2024-04-01T00:08:58.570 INFO:teuthology.orchestra.run.smithi136.stdout:/usr/bin/ceph: stderr
2024-04-01T00:08:57.944+0000 7f4f0adbc700 1 -- 172.21.15.136:0/2600953725 >> 172.21.15.136:0/2600953725 conn(0x7f4f04100a20 msgr2=0x7f4f04079880 unknown :-1 s=STATE_NONE l=0).mark_down
2024-04-01T00:08:58.570 INFO:teuthology.orchestra.run.smithi136.stdout:/usr/bin/ceph: stderr
2024-04-01T00:08:57.945+0000 7f4f0adbc700 1 -- 172.21.15.136:0/2600953725 shutdown_connections
2024-04-01T00:08:58.570 INFO:teuthology.orchestra.run.smithi136.stdout:/usr/bin/ceph: stderr
2024-04-01T00:08:57.945+0000 7f4f0adbc700 1 -- 172.21.15.136:0/2600953725 wait complete.
2024-04-01T00:08:59.133 INFO:journalctl@ceph.mon.smithi136.smithi136.stdout:Apr 01 00:08:58 smithi136 ceph-mon[28998]: from='client.14136 -' entity='client.admin' cmd=[{"prefix": "cephadm generate-key", "target": ["mon-mgr", ""]}]: dispatch
2024-04-01T00:08:59.133 INFO:journalctl@ceph.mon.smithi136.smithi136.stdout:Apr 01 00:08:58 smithi136 ceph-mon[28998]: Generating ssh key...
2024-04-01T00:08:59.133 INFO:journalctl@ceph.mon.smithi136.smithi136.stdout:Apr 01 00:08:58 smithi136 ceph-mon[28998]: from='mgr.14120 172.21.15.136:0/2137744529' entity='mgr.smithi136.xfyavi'
2024-04-01T00:08:59.133 INFO:journalctl@ceph.mon.smithi136.smithi136.stdout:Apr 01 00:08:58 smithi136 ceph-mon[28998]: from='mgr.14120 172.21.15.136:0/2137744529' entity='mgr.smithi136.xfyavi'
2024-04-01T00:08:59.778 INFO:teuthology.orchestra.run.smithi136.stdout:/usr/bin/ceph: stdout ssh-rsa AAAAB3NzaC1yc2EAAAADAQABAAABgQC6FT1B2jEg1/bcSeoLtkLOTj9adFkqVLQTO4HnCPaOq4O+VyRy01iUzAWnP211r+XBAWRmPE+yEMmcXj9p/ESTlsXTWFSGEAzUIxazD7xUJVKBnSvyETrZOp7vqcNb4R3wQAmKPZKYyVLVCBubbukXV2IoNfPy+AZWt7CKXjRF7m/4/eJ65KxwdJ2XWbsQzciagd0+5Dfbtyrm2A/4K/QTlmFNlxpSJAWur9/MDbfgtAyVmayokbOmxv+hKYy1hVJ7+H6ZGuDefTTb1KrfOX/zZl8uZ/6cv6Q6lRgYJipl8rHNpcrov/53XfXgQ3Aj9GcO758JQMMvlcziWn4KGXfq0Zlbq8Nt53L5sBuLaE2Aw0zWjDu+OQxJEbQMU8CxoeUv1Zg9zVGlLNEja3DOCtC3vrWkNo3gfKVBMt31xE95hH79ffRAV2dzmqdUhsMoOrIRYwG/2drU7GK2gEHm08GqCtPGPBB1Q4ic0Z/jLjKxuqv2f4ULVKPP+H5ONJCaiTM= ceph-ddc39708-efbb-11ee-b647-cb9ed24678a4
2024-04-01T00:08:59.779 INFO:teuthology.orchestra.run.smithi136.stdout:/usr/bin/ceph: stderr
2024-04-01T00:08:59.014+0000 7fb95f748700 1 Processor -- start
2024-04-01T00:08:59.779 INFO:teuthology.orchestra.run.smithi136.stdout:/usr/bin/ceph: stderr
2024-04-01T00:08:59.015+0000 7fb95f748700 1 -- start start
2024-04-01T00:08:59.779 INFO:teuthology.orchestra.run.smithi136.stdout:/usr/bin/ceph: stderr
2024-04-01T00:08:59.015+0000 7fb95f748700 1 --2- >> [v2:172.21.15.136:3300/0,v1:172.21.15.136:6789/0] conn(0x7fb958106560 0x7fb958106980 unknown :-1 s=NONE pgs=0 cs=0 l=0 rev1=0 crypto rx=0 tx=0 comp rx=0 tx=0).connect
2024-04-01T00:08:59.779 INFO:teuthology.orchestra.run.smithi136.stdout:/usr/bin/ceph: stderr
2024-04-01T00:08:59.015+0000 7fb95f748700 1 -- --> [v2:172.21.15.136:3300/0,v1:172.21.15.136:6789/0] -- mon_getmap magic: 0 v1 -- 0x7fb958106f50 con 0x7fb958106560
2024-04-01T00:08:59.779 INFO:teuthology.orchestra.run.smithi136.stdout:/usr/bin/ceph: stderr
2024-04-01T00:08:59.015+0000 7fb95d4e4700 1 --2- >> [v2:172.21.15.136:3300/0,v1:172.21.15.136:6789/0] conn(0x7fb958106560 0x7fb958106980 unknown :-1 s=BANNER_CONNECTING pgs=0 cs=0 l=0 rev1=0 crypto rx=0 tx=0 comp rx=0 tx=0)._handle_peer_banner_payload supported=3 required=0
2024-04-01T00:08:59.779 INFO:teuthology.orchestra.run.smithi136.stdout:/usr/bin/ceph: stderr
2024-04-01T00:08:59.015+0000 7fb95d4e4700 1 --2- >> [v2:172.21.15.136:3300/0,v1:172.21.15.136:6789/0] conn(0x7fb958106560 0x7fb958106980 unknown :-1 s=HELLO_CONNECTING pgs=0 cs=0 l=0 rev1=1 crypto rx=0 tx=0 comp rx=0 tx=0).handle_hello peer v2:172.21.15.136:3300/0 says I am v2:172.21.15.136:59404/0 (socket says 172.21.15.136:59404)
2024-04-01T00:08:59.779 INFO:teuthology.orchestra.run.smithi136.stdout:/usr/bin/ceph: stderr
2024-04-01T00:08:59.015+0000 7fb95d4e4700 1 -- 172.21.15.136:0/994329211 learned_addr learned my addr 172.21.15.136:0/994329211 (peer_addr_for_me v2:172.21.15.136:0/0)
2024-04-01T00:08:59.779 INFO:teuthology.orchestra.run.smithi136.stdout:/usr/bin/ceph: stderr
2024-04-01T00:08:59.015+0000 7fb95d4e4700 1 -- 172.21.15.136:0/994329211 --> [v2:172.21.15.136:3300/0,v1:172.21.15.136:6789/0] -- mon_subscribe({config=0+,monmap=0+}) v3 -- 0x7fb958107760 con 0x7fb958106560
2024-04-01T00:08:59.779 INFO:teuthology.orchestra.run.smithi136.stdout:/usr/bin/ceph: stderr
2024-04-01T00:08:59.015+0000 7fb95d4e4700 1 --2- 172.21.15.136:0/994329211 >> [v2:172.21.15.136:3300/0,v1:172.21.15.136:6789/0] conn(0x7fb958106560 0x7fb958106980 secure :-1 s=READY pgs=43 cs=0 l=1 rev1=1 crypto rx=0x7fb9480098a0 tx=0x7fb948009bb0 comp rx=0 tx=0).ready entity=mon.0 client_cookie=343568ddec1aa306 server_cookie=0 in_seq=0 out_seq=0
2024-04-01T00:08:59.779 INFO:teuthology.orchestra.run.smithi136.stdout:/usr/bin/ceph: stderr
2024-04-01T00:08:59.016+0000 7fb94ffff700 1 -- 172.21.15.136:0/994329211 <== mon.0 v2:172.21.15.136:3300/0 1 ==== mon_map magic: 0 v1 ==== 229+0+0 (secure 0 0 0) 0x7fb948004180 con 0x7fb958106560
2024-04-01T00:08:59.779 INFO:teuthology.orchestra.run.smithi136.stdout:/usr/bin/ceph: stderr
2024-04-01T00:08:59.016+0000 7fb94ffff700 1 -- 172.21.15.136:0/994329211 <== mon.0 v2:172.21.15.136:3300/0 2 ==== config(27 keys) v1 ==== 1037+0+0 (secure 0 0 0) 0x7fb9480042e0 con 0x7fb958106560
2024-04-01T00:08:59.779 INFO:teuthology.orchestra.run.smithi136.stdout:/usr/bin/ceph: stderr
2024-04-01T00:08:59.016+0000 7fb94ffff700 1 -- 172.21.15.136:0/994329211 <== mon.0 v2:172.21.15.136:3300/0 3 ==== mon_map magic: 0 v1 ==== 229+0+0 (secure 0 0 0) 0x7fb948011a50 con 0x7fb958106560
2024-04-01T00:08:59.780 INFO:teuthology.orchestra.run.smithi136.stdout:/usr/bin/ceph: stderr
2024-04-01T00:08:59.016+0000 7fb95f748700 1 -- 172.21.15.136:0/994329211 >> [v2:172.21.15.136:3300/0,v1:172.21.15.136:6789/0] conn(0x7fb958106560 msgr2=0x7fb958106980 secure :-1 s=STATE_CONNECTION_ESTABLISHED l=1).mark_down
2024-04-01T00:08:59.780 INFO:teuthology.orchestra.run.smithi136.stdout:/usr/bin/ceph: stderr
2024-04-01T00:08:59.016+0000 7fb95f748700 1 --2- 172.21.15.136:0/994329211 >> [v2:172.21.15.136:3300/0,v1:172.21.15.136:6789/0] conn(0x7fb958106560 0x7fb958106980 secure :-1 s=READY pgs=43 cs=0 l=1 rev1=1 crypto rx=0x7fb9480098a0 tx=0x7fb948009bb0 comp rx=0 tx=0).stop
2024-04-01T00:08:59.780 INFO:teuthology.orchestra.run.smithi136.stdout:/usr/bin/ceph: stderr
2024-04-01T00:08:59.016+0000 7fb95f748700 1 -- 172.21.15.136:0/994329211 shutdown_connections
2024-04-01T00:08:59.780 INFO:teuthology.orchestra.run.smithi136.stdout:/usr/bin/ceph: stderr
2024-04-01T00:08:59.016+0000 7fb95f748700 1 --2- 172.21.15.136:0/994329211 >> [v2:172.21.15.136:3300/0,v1:172.21.15.136:6789/0] conn(0x7fb958106560 0x7fb958106980 unknown :-1 s=CLOSED pgs=43 cs=0 l=1 rev1=1 crypto rx=0 tx=0 comp rx=0 tx=0).stop
2024-04-01T00:08:59.780 INFO:teuthology.orchestra.run.smithi136.stdout:/usr/bin/ceph: stderr
2024-04-01T00:08:59.016+0000 7fb95f748700 1 -- 172.21.15.136:0/994329211 >> 172.21.15.136:0/994329211 conn(0x7fb958101b40 msgr2=0x7fb958103f60 unknown :-1 s=STATE_NONE l=0).mark_down
2024-04-01T00:08:59.780 INFO:teuthology.orchestra.run.smithi136.stdout:/usr/bin/ceph: stderr
2024-04-01T00:08:59.016+0000 7fb95f748700 1 -- 172.21.15.136:0/994329211 shutdown_connections
2024-04-01T00:08:59.780 INFO:teuthology.orchestra.run.smithi136.stdout:/usr/bin/ceph: stderr
2024-04-01T00:08:59.016+0000 7fb95f748700 1 -- 172.21.15.136:0/994329211 wait complete.
2024-04-01T00:08:59.780 INFO:teuthology.orchestra.run.smithi136.stdout:/usr/bin/ceph: stderr
2024-04-01T00:08:59.017+0000 7fb95f748700 1 Processor -- start
2024-04-01T00:08:59.780 INFO:teuthology.orchestra.run.smithi136.stdout:/usr/bin/ceph: stderr
2024-04-01T00:08:59.017+0000 7fb95f748700 1 -- start start
2024-04-01T00:08:59.780 INFO:teuthology.orchestra.run.smithi136.stdout:/usr/bin/ceph: stderr
2024-04-01T00:08:59.017+0000 7fb95f748700 1 --2- >> [v2:172.21.15.136:3300/0,v1:172.21.15.136:6789/0] conn(0x7fb958106560 0x7fb95819a1f0 unknown :-1 s=NONE pgs=0 cs=0 l=1 rev1=0 crypto rx=0 tx=0 comp rx=0 tx=0).connect
2024-04-01T00:08:59.780 INFO:teuthology.orchestra.run.smithi136.stdout:/usr/bin/ceph: stderr
2024-04-01T00:08:59.017+0000 7fb95f748700 1 -- --> [v2:172.21.15.136:3300/0,v1:172.21.15.136:6789/0] -- mon_getmap magic: 0 v1 -- 0x7fb95819a730 con 0x7fb958106560
2024-04-01T00:08:59.780 INFO:teuthology.orchestra.run.smithi136.stdout:/usr/bin/ceph: stderr
2024-04-01T00:08:59.017+0000 7fb95d4e4700 1 --2- >> [v2:172.21.15.136:3300/0,v1:172.21.15.136:6789/0] conn(0x7fb958106560 0x7fb95819a1f0 unknown :-1 s=BANNER_CONNECTING pgs=0 cs=0 l=1 rev1=0 crypto rx=0 tx=0 comp rx=0 tx=0)._handle_peer_banner_payload supported=3 required=0
2024-04-01T00:08:59.780 INFO:teuthology.orchestra.run.smithi136.stdout:/usr/bin/ceph: stderr
2024-04-01T00:08:59.017+0000 7fb95d4e4700 1 --2- >> [v2:172.21.15.136:3300/0,v1:172.21.15.136:6789/0] conn(0x7fb958106560 0x7fb95819a1f0 unknown :-1 s=HELLO_CONNECTING pgs=0 cs=0 l=1 rev1=1 crypto rx=0 tx=0 comp rx=0 tx=0).handle_hello peer v2:172.21.15.136:3300/0 says I am v2:172.21.15.136:59406/0 (socket says 172.21.15.136:59406)
2024-04-01T00:08:59.781 INFO:teuthology.orchestra.run.smithi136.stdout:/usr/bin/ceph: stderr
2024-04-01T00:08:59.017+0000 7fb95d4e4700 1 -- 172.21.15.136:0/2929061567 learned_addr learned my addr 172.21.15.136:0/2929061567 (peer_addr_for_me v2:172.21.15.136:0/0)
2024-04-01T00:08:59.781 INFO:teuthology.orchestra.run.smithi136.stdout:/usr/bin/ceph: stderr
2024-04-01T00:08:59.017+0000 7fb95d4e4700 1 -- 172.21.15.136:0/2929061567 --> [v2:172.21.15.136:3300/0,v1:172.21.15.136:6789/0] -- mon_subscribe({config=0+,monmap=0+}) v3 -- 0x7fb948009550 con 0x7fb958106560
2024-04-01T00:08:59.781 INFO:teuthology.orchestra.run.smithi136.stdout:/usr/bin/ceph: stderr
2024-04-01T00:08:59.018+0000 7fb95d4e4700 1 --2- 172.21.15.136:0/2929061567 >> [v2:172.21.15.136:3300/0,v1:172.21.15.136:6789/0] conn(0x7fb958106560 0x7fb95819a1f0 secure :-1 s=READY pgs=44 cs=0 l=1 rev1=1 crypto rx=0x7fb948003de0 tx=0x7fb948011ab0 comp rx=0 tx=0).ready entity=mon.0 client_cookie=0 server_cookie=0 in_seq=0 out_seq=0
2024-04-01T00:08:59.781 INFO:teuthology.orchestra.run.smithi136.stdout:/usr/bin/ceph: stderr
2024-04-01T00:08:59.018+0000 7fb94e7fc700 1 -- 172.21.15.136:0/2929061567 <== mon.0 v2:172.21.15.136:3300/0 1 ==== mon_map magic: 0 v1 ==== 229+0+0 (secure 0 0 0) 0x7fb948003930 con 0x7fb958106560
2024-04-01T00:08:59.781 INFO:teuthology.orchestra.run.smithi136.stdout:/usr/bin/ceph: stderr
2024-04-01T00:08:59.018+0000 7fb94e7fc700 1 -- 172.21.15.136:0/2929061567 <== mon.0 v2:172.21.15.136:3300/0 2 ==== config(27 keys) v1 ==== 1037+0+0 (secure 0 0 0) 0x7fb948003a90 con 0x7fb958106560
2024-04-01T00:08:59.781 INFO:teuthology.orchestra.run.smithi136.stdout:/usr/bin/ceph: stderr
2024-04-01T00:08:59.018+0000 7fb95f748700 1 -- 172.21.15.136:0/2929061567 --> [v2:172.21.15.136:3300/0,v1:172.21.15.136:6789/0] -- mon_subscribe({mgrmap=0+}) v3 -- 0x7fb95819a930 con 0x7fb958106560
2024-04-01T00:08:59.781 INFO:teuthology.orchestra.run.smithi136.stdout:/usr/bin/ceph: stderr
2024-04-01T00:08:59.018+0000 7fb94e7fc700 1 -- 172.21.15.136:0/2929061567 <== mon.0 v2:172.21.15.136:3300/0 3 ==== mon_map magic: 0 v1 ==== 229+0+0 (secure 0 0 0) 0x7fb9480196c0 con 0x7fb958106560
2024-04-01T00:08:59.781 INFO:teuthology.orchestra.run.smithi136.stdout:/usr/bin/ceph: stderr
2024-04-01T00:08:59.018+0000 7fb95f748700 1 -- 172.21.15.136:0/2929061567 --> [v2:172.21.15.136:3300/0,v1:172.21.15.136:6789/0] -- mon_subscribe({osdmap=0}) v3 -- 0x7fb95819add0 con 0x7fb958106560
2024-04-01T00:08:59.781 INFO:teuthology.orchestra.run.smithi136.stdout:/usr/bin/ceph: stderr
2024-04-01T00:08:59.019+0000 7fb94e7fc700 1 -- 172.21.15.136:0/2929061567 <== mon.0 v2:172.21.15.136:3300/0 4 ==== mgrmap(e 8) v1 ==== 45283+0+0 (secure 0 0 0) 0x7fb94801abc0 con 0x7fb958106560
2024-04-01T00:08:59.781 INFO:teuthology.orchestra.run.smithi136.stdout:/usr/bin/ceph: stderr
2024-04-01T00:08:59.019+0000 7fb95f748700 1 -- 172.21.15.136:0/2929061567 --> [v2:172.21.15.136:3300/0,v1:172.21.15.136:6789/0] -- mon_command({"prefix": "get_command_descriptions"} v 0) v1 -- 0x7fb9580623c0 con 0x7fb958106560
2024-04-01T00:08:59.781 INFO:teuthology.orchestra.run.smithi136.stdout:/usr/bin/ceph: stderr
2024-04-01T00:08:59.019+0000 7fb94e7fc700 1 --2- 172.21.15.136:0/2929061567 >> [v2:172.21.15.136:6800/2772004359,v1:172.21.15.136:6801/2772004359] conn(0x7fb944038370 0x7fb94403a830 unknown :-1 s=NONE pgs=0 cs=0 l=1 rev1=0 crypto rx=0 tx=0 comp rx=0 tx=0).connect
2024-04-01T00:08:59.781 INFO:teuthology.orchestra.run.smithi136.stdout:/usr/bin/ceph: stderr
2024-04-01T00:08:59.019+0000 7fb94e7fc700 1 -- 172.21.15.136:0/2929061567 <== mon.0 v2:172.21.15.136:3300/0 5 ==== osd_map(2..2 src has 1..2) v4 ==== 940+0+0 (secure 0 0 0) 0x7fb94804c3b0 con 0x7fb958106560
2024-04-01T00:08:59.781 INFO:teuthology.orchestra.run.smithi136.stdout:/usr/bin/ceph: stderr
2024-04-01T00:08:59.019+0000 7fb95cce3700 1 --2- 172.21.15.136:0/2929061567 >> [v2:172.21.15.136:6800/2772004359,v1:172.21.15.136:6801/2772004359] conn(0x7fb944038370 0x7fb94403a830 unknown :-1 s=BANNER_CONNECTING pgs=0 cs=0 l=1 rev1=0 crypto rx=0 tx=0 comp rx=0 tx=0)._handle_peer_banner_payload supported=3 required=0
2024-04-01T00:08:59.781 INFO:teuthology.orchestra.run.smithi136.stdout:/usr/bin/ceph: stderr
2024-04-01T00:08:59.019+0000 7fb95cce3700 1 --2- 172.21.15.136:0/2929061567 >> [v2:172.21.15.136:6800/2772004359,v1:172.21.15.136:6801/2772004359] conn(0x7fb944038370 0x7fb94403a830 secure :-1 s=READY pgs=10 cs=0 l=1 rev1=1 crypto rx=0x7fb954006fd0 tx=0x7fb954006e40 comp rx=0 tx=0).ready entity=mgr.14120 client_cookie=0 server_cookie=0 in_seq=0 out_seq=0
2024-04-01T00:08:59.782 INFO:teuthology.orchestra.run.smithi136.stdout:/usr/bin/ceph: stderr
2024-04-01T00:08:59.024+0000 7fb94e7fc700 1 -- 172.21.15.136:0/2929061567 <== mon.0 v2:172.21.15.136:3300/0 6 ==== mon_command_ack([{"prefix": "get_command_descriptions"}]=0 v0) v1 ==== 72+0+180422 (secure 0 0 0) 0x7fb948010790 con 0x7fb958106560
2024-04-01T00:08:59.782 INFO:teuthology.orchestra.run.smithi136.stdout:/usr/bin/ceph: stderr
2024-04-01T00:08:59.215+0000 7fb95f748700 1 -- 172.21.15.136:0/2929061567 --> [v2:172.21.15.136:6800/2772004359,v1:172.21.15.136:6801/2772004359] -- mgr_command(tid 0: {"prefix": "cephadm get-pub-key", "target": ["mon-mgr", ""]}) v1 -- 0x7fb95810a960 con 0x7fb944038370
2024-04-01T00:08:59.782 INFO:teuthology.orchestra.run.smithi136.stdout:/usr/bin/ceph: stderr
2024-04-01T00:08:59.216+0000 7fb94e7fc700 1 -- 172.21.15.136:0/2929061567 <== mgr.14120 v2:172.21.15.136:6800/2772004359 1 ==== mgr_command_reply(tid 0: 0 ) v1 ==== 8+0+595 (secure 0 0 0) 0x7fb95810a960 con 0x7fb944038370
2024-04-01T00:08:59.782 INFO:teuthology.orchestra.run.smithi136.stdout:/usr/bin/ceph: stderr
2024-04-01T00:08:59.218+0000 7fb95f748700 1 -- 172.21.15.136:0/2929061567 >> [v2:172.21.15.136:6800/2772004359,v1:172.21.15.136:6801/2772004359] conn(0x7fb944038370 msgr2=0x7fb94403a830 secure :-1 s=STATE_CONNECTION_ESTABLISHED l=1).mark_down
2024-04-01T00:08:59.782 INFO:teuthology.orchestra.run.smithi136.stdout:/usr/bin/ceph: stderr
2024-04-01T00:08:59.218+0000 7fb95f748700 1 --2- 172.21.15.136:0/2929061567 >> [v2:172.21.15.136:6800/2772004359,v1:172.21.15.136:6801/2772004359] conn(0x7fb944038370 0x7fb94403a830 secure :-1 s=READY pgs=10 cs=0 l=1 rev1=1 crypto rx=0x7fb954006fd0 tx=0x7fb954006e40 comp rx=0 tx=0).stop
2024-04-01T00:08:59.782 INFO:teuthology.orchestra.run.smithi136.stdout:/usr/bin/ceph: stderr
2024-04-01T00:08:59.218+0000 7fb95f748700 1 -- 172.21.15.136:0/2929061567 >> [v2:172.21.15.136:3300/0,v1:172.21.15.136:6789/0] conn(0x7fb958106560 msgr2=0x7fb95819a1f0 secure :-1 s=STATE_CONNECTION_ESTABLISHED l=1).mark_down
2024-04-01T00:08:59.782 INFO:teuthology.orchestra.run.smithi136.stdout:/usr/bin/ceph: stderr
2024-04-01T00:08:59.218+0000 7fb95f748700 1 --2- 172.21.15.136:0/2929061567 >> [v2:172.21.15.136:3300/0,v1:172.21.15.136:6789/0] conn(0x7fb958106560 0x7fb95819a1f0 secure :-1 s=READY pgs=44 cs=0 l=1 rev1=1 crypto rx=0x7fb948003de0 tx=0x7fb948011ab0 comp rx=0 tx=0).stop
2024-04-01T00:08:59.782 INFO:teuthology.orchestra.run.smithi136.stdout:/usr/bin/ceph: stderr
2024-04-01T00:08:59.218+0000 7fb95f748700 1 -- 172.21.15.136:0/2929061567 shutdown_connections
2024-04-01T00:08:59.782 INFO:teuthology.orchestra.run.smithi136.stdout:/usr/bin/ceph: stderr
2024-04-01T00:08:59.218+0000 7fb95f748700 1 --2- 172.21.15.136:0/2929061567 >> [v2:172.21.15.136:6800/2772004359,v1:172.21.15.136:6801/2772004359] conn(0x7fb944038370 0x7fb94403a830 unknown :-1 s=CLOSED pgs=10 cs=0 l=1 rev1=1 crypto rx=0 tx=0 comp rx=0 tx=0).stop
2024-04-01T00:08:59.782 INFO:teuthology.orchestra.run.smithi136.stdout:/usr/bin/ceph: stderr
2024-04-01T00:08:59.218+0000 7fb95f748700 1 --2- 172.21.15.136:0/2929061567 >> [v2:172.21.15.136:3300/0,v1:172.21.15.136:6789/0] conn(0x7fb958106560 0x7fb95819a1f0 unknown :-1 s=CLOSED pgs=44 cs=0 l=1 rev1=1 crypto rx=0 tx=0 comp rx=0 tx=0).stop
2024-04-01T00:08:59.782 INFO:teuthology.orchestra.run.smithi136.stdout:/usr/bin/ceph: stderr
2024-04-01T00:08:59.218+0000 7fb95f748700 1 -- 172.21.15.136:0/2929061567 >> 172.21.15.136:0/2929061567 conn(0x7fb958101b40 msgr2=0x7fb958102900 unknown :-1 s=STATE_NONE l=0).mark_down
2024-04-01T00:08:59.782 INFO:teuthology.orchestra.run.smithi136.stdout:/usr/bin/ceph: stderr
2024-04-01T00:08:59.218+0000 7fb95f748700 1 -- 172.21.15.136:0/2929061567 shutdown_connections
2024-04-01T00:08:59.782 INFO:teuthology.orchestra.run.smithi136.stdout:/usr/bin/ceph: stderr
2024-04-01T00:08:59.218+0000 7fb95f748700 1 -- 172.21.15.136:0/2929061567 wait complete.
2024-04-01T00:08:59.783 INFO:teuthology.orchestra.run.smithi136.stdout:Wrote public SSH key to /home/ubuntu/cephtest/ceph.pub
2024-04-01T00:08:59.783 INFO:teuthology.orchestra.run.smithi136.stdout:Adding key to root@localhost authorized_keys...
2024-04-01T00:08:59.783 INFO:teuthology.orchestra.run.smithi136.stdout:Adding host smithi136...
2024-04-01T00:09:00.014 INFO:journalctl@ceph.mon.smithi136.smithi136.stdout:Apr 01 00:08:59 smithi136 ceph-mon[28998]: from='client.14138 -' entity='client.admin' cmd=[{"prefix": "cephadm get-pub-key", "target": ["mon-mgr", ""]}]: dispatch
2024-04-01T00:09:01.894 INFO:journalctl@ceph.mon.smithi136.smithi136.stdout:Apr 01 00:09:01 smithi136 ceph-mon[28998]: from='client.14140 -' entity='client.admin' cmd=[{"prefix": "orch host add", "hostname": "smithi136", "addr": "172.21.15.136", "target": ["mon-mgr", ""]}]: dispatch
2024-04-01T00:09:01.894 INFO:journalctl@ceph.mon.smithi136.smithi136.stdout:Apr 01 00:09:01 smithi136 ceph-mon[28998]: Deploying cephadm binary to smithi136
2024-04-01T00:09:03.586 INFO:teuthology.orchestra.run.smithi136.stdout:/usr/bin/ceph: stdout Added host 'smithi136' with addr '172.21.15.136'
2024-04-01T00:09:03.587 INFO:teuthology.orchestra.run.smithi136.stdout:/usr/bin/ceph: stderr
2024-04-01T00:09:00.219+0000 7feff15d3700 1 Processor -- start
2024-04-01T00:09:03.587 INFO:teuthology.orchestra.run.smithi136.stdout:/usr/bin/ceph: stderr
2024-04-01T00:09:00.219+0000 7feff15d3700 1 -- start start
2024-04-01T00:09:03.587 INFO:teuthology.orchestra.run.smithi136.stdout:/usr/bin/ceph: stderr
2024-04-01T00:09:00.219+0000 7feff15d3700 1 --2- >> [v2:172.21.15.136:3300/0,v1:172.21.15.136:6789/0] conn(0x7fefec104850 0x7fefec104c70 unknown :-1 s=NONE pgs=0 cs=0 l=0 rev1=0 crypto rx=0 tx=0 comp rx=0 tx=0).connect
2024-04-01T00:09:03.587 INFO:teuthology.orchestra.run.smithi136.stdout:/usr/bin/ceph: stderr
2024-04-01T00:09:00.219+0000 7feff15d3700 1 -- --> [v2:172.21.15.136:3300/0,v1:172.21.15.136:6789/0] -- mon_getmap magic: 0 v1 -- 0x7fefec105240 con 0x7fefec104850
2024-04-01T00:09:03.587 INFO:teuthology.orchestra.run.smithi136.stdout:/usr/bin/ceph: stderr
2024-04-01T00:09:00.219+0000 7fefeaffd700 1 --2- >> [v2:172.21.15.136:3300/0,v1:172.21.15.136:6789/0] conn(0x7fefec104850 0x7fefec104c70 unknown :-1 s=BANNER_CONNECTING pgs=0 cs=0 l=0 rev1=0 crypto rx=0 tx=0 comp rx=0 tx=0)._handle_peer_banner_payload supported=3 required=0
2024-04-01T00:09:03.587 INFO:teuthology.orchestra.run.smithi136.stdout:/usr/bin/ceph: stderr
2024-04-01T00:09:00.219+0000 7fefeaffd700 1 --2- >> [v2:172.21.15.136:3300/0,v1:172.21.15.136:6789/0] conn(0x7fefec104850 0x7fefec104c70 unknown :-1 s=HELLO_CONNECTING pgs=0 cs=0 l=0 rev1=1 crypto rx=0 tx=0 comp rx=0 tx=0).handle_hello peer v2:172.21.15.136:3300/0 says I am v2:172.21.15.136:43868/0 (socket says 172.21.15.136:43868)
2024-04-01T00:09:03.587 INFO:teuthology.orchestra.run.smithi136.stdout:/usr/bin/ceph: stderr
2024-04-01T00:09:00.219+0000 7fefeaffd700 1 -- 172.21.15.136:0/25584016 learned_addr learned my addr 172.21.15.136:0/25584016 (peer_addr_for_me v2:172.21.15.136:0/0)
2024-04-01T00:09:03.587 INFO:teuthology.orchestra.run.smithi136.stdout:/usr/bin/ceph: stderr
2024-04-01T00:09:00.219+0000 7fefeaffd700 1 -- 172.21.15.136:0/25584016 --> [v2:172.21.15.136:3300/0,v1:172.21.15.136:6789/0] -- mon_subscribe({config=0+,monmap=0+}) v3 -- 0x7fefec105380 con 0x7fefec104850
2024-04-01T00:09:03.587 INFO:teuthology.orchestra.run.smithi136.stdout:/usr/bin/ceph: stderr
2024-04-01T00:09:00.220+0000 7fefeaffd700 1 --2- 172.21.15.136:0/25584016 >> [v2:172.21.15.136:3300/0,v1:172.21.15.136:6789/0] conn(0x7fefec104850 0x7fefec104c70 secure :-1 s=READY pgs=45 cs=0 l=1 rev1=1 crypto rx=0x7fefdc0098a0 tx=0x7fefdc009bb0 comp rx=0 tx=0).ready entity=mon.0 client_cookie=9afc0a2e46132776 server_cookie=0 in_seq=0 out_seq=0
2024-04-01T00:09:03.587 INFO:teuthology.orchestra.run.smithi136.stdout:/usr/bin/ceph: stderr
2024-04-01T00:09:00.220+0000 7fefe9ffb700 1 -- 172.21.15.136:0/25584016 <== mon.0 v2:172.21.15.136:3300/0 1 ==== mon_map magic: 0 v1 ==== 229+0+0 (secure 0 0 0) 0x7fefdc004180 con 0x7fefec104850
2024-04-01T00:09:03.587 INFO:teuthology.orchestra.run.smithi136.stdout:/usr/bin/ceph: stderr
2024-04-01T00:09:00.220+0000 7fefe9ffb700 1 -- 172.21.15.136:0/25584016 <== mon.0 v2:172.21.15.136:3300/0 2 ==== config(27 keys) v1 ==== 1037+0+0 (secure 0 0 0) 0x7fefdc0042e0 con 0x7fefec104850
2024-04-01T00:09:03.588 INFO:teuthology.orchestra.run.smithi136.stdout:/usr/bin/ceph: stderr
2024-04-01T00:09:00.220+0000 7fefe9ffb700 1 -- 172.21.15.136:0/25584016 <== mon.0 v2:172.21.15.136:3300/0 3 ==== mon_map magic: 0 v1 ==== 229+0+0 (secure 0 0 0) 0x7fefdc011a50 con 0x7fefec104850
2024-04-01T00:09:03.588 INFO:teuthology.orchestra.run.smithi136.stdout:/usr/bin/ceph: stderr
2024-04-01T00:09:00.220+0000 7feff15d3700 1 -- 172.21.15.136:0/25584016 >> [v2:172.21.15.136:3300/0,v1:172.21.15.136:6789/0] conn(0x7fefec104850 msgr2=0x7fefec104c70 secure :-1 s=STATE_CONNECTION_ESTABLISHED l=1).mark_down
2024-04-01T00:09:03.588 INFO:teuthology.orchestra.run.smithi136.stdout:/usr/bin/ceph: stderr
2024-04-01T00:09:00.220+0000 7feff15d3700 1 --2- 172.21.15.136:0/25584016 >> [v2:172.21.15.136:3300/0,v1:172.21.15.136:6789/0] conn(0x7fefec104850 0x7fefec104c70 secure :-1 s=READY pgs=45 cs=0 l=1 rev1=1 crypto rx=0x7fefdc0098a0 tx=0x7fefdc009bb0 comp rx=0 tx=0).stop
2024-04-01T00:09:03.588 INFO:teuthology.orchestra.run.smithi136.stdout:/usr/bin/ceph: stderr
2024-04-01T00:09:00.220+0000 7feff15d3700 1 -- 172.21.15.136:0/25584016 shutdown_connections
2024-04-01T00:09:03.588 INFO:teuthology.orchestra.run.smithi136.stdout:/usr/bin/ceph: stderr
2024-04-01T00:09:00.220+0000 7feff15d3700 1 --2- 172.21.15.136:0/25584016 >> [v2:172.21.15.136:3300/0,v1:172.21.15.136:6789/0] conn(0x7fefec104850 0x7fefec104c70 unknown :-1 s=CLOSED pgs=45 cs=0 l=1 rev1=1 crypto rx=0 tx=0 comp rx=0 tx=0).stop
2024-04-01T00:09:03.588 INFO:teuthology.orchestra.run.smithi136.stdout:/usr/bin/ceph: stderr
2024-04-01T00:09:00.220+0000 7feff15d3700 1 -- 172.21.15.136:0/25584016 >> 172.21.15.136:0/25584016 conn(0x7fefec1001d0 msgr2=0x7fefec1025f0 unknown :-1 s=STATE_NONE l=0).mark_down
2024-04-01T00:09:03.588 INFO:teuthology.orchestra.run.smithi136.stdout:/usr/bin/ceph: stderr
2024-04-01T00:09:00.220+0000 7feff15d3700 1 -- 172.21.15.136:0/25584016 shutdown_connections
2024-04-01T00:09:03.588 INFO:teuthology.orchestra.run.smithi136.stdout:/usr/bin/ceph: stderr
2024-04-01T00:09:00.220+0000 7feff15d3700 1 -- 172.21.15.136:0/25584016 wait complete.
2024-04-01T00:09:03.588 INFO:teuthology.orchestra.run.smithi136.stdout:/usr/bin/ceph: stderr
2024-04-01T00:09:00.221+0000 7feff15d3700 1 Processor -- start
2024-04-01T00:09:03.588 INFO:teuthology.orchestra.run.smithi136.stdout:/usr/bin/ceph: stderr
2024-04-01T00:09:00.221+0000 7feff15d3700 1 -- start start
2024-04-01T00:09:03.588 INFO:teuthology.orchestra.run.smithi136.stdout:/usr/bin/ceph: stderr
2024-04-01T00:09:00.221+0000 7feff15d3700 1 --2- >> [v2:172.21.15.136:3300/0,v1:172.21.15.136:6789/0] conn(0x7fefec104850 0x7fefec19a270 unknown :-1 s=NONE pgs=0 cs=0 l=1 rev1=0 crypto rx=0 tx=0 comp rx=0 tx=0).connect
2024-04-01T00:09:03.588 INFO:teuthology.orchestra.run.smithi136.stdout:/usr/bin/ceph: stderr
2024-04-01T00:09:00.221+0000 7feff15d3700 1 -- --> [v2:172.21.15.136:3300/0,v1:172.21.15.136:6789/0] -- mon_getmap magic: 0 v1 -- 0x7fefec19a7b0 con 0x7fefec104850
2024-04-01T00:09:03.588 INFO:teuthology.orchestra.run.smithi136.stdout:/usr/bin/ceph: stderr
2024-04-01T00:09:00.221+0000 7fefeaffd700 1 --2- >> [v2:172.21.15.136:3300/0,v1:172.21.15.136:6789/0] conn(0x7fefec104850 0x7fefec19a270 unknown :-1 s=BANNER_CONNECTING pgs=0 cs=0 l=1 rev1=0 crypto rx=0 tx=0 comp rx=0 tx=0)._handle_peer_banner_payload supported=3 required=0
2024-04-01T00:09:03.589 INFO:teuthology.orchestra.run.smithi136.stdout:/usr/bin/ceph: stderr
2024-04-01T00:09:00.221+0000 7fefeaffd700 1 --2- >> [v2:172.21.15.136:3300/0,v1:172.21.15.136:6789/0] conn(0x7fefec104850 0x7fefec19a270 unknown :-1 s=HELLO_CONNECTING pgs=0 cs=0 l=1 rev1=1 crypto rx=0 tx=0 comp rx=0 tx=0).handle_hello peer v2:172.21.15.136:3300/0 says I am v2:172.21.15.136:43876/0 (socket says 172.21.15.136:43876)
2024-04-01T00:09:03.589 INFO:teuthology.orchestra.run.smithi136.stdout:/usr/bin/ceph: stderr
2024-04-01T00:09:00.221+0000 7fefeaffd700 1 -- 172.21.15.136:0/4074028958 learned_addr learned my addr 172.21.15.136:0/4074028958 (peer_addr_for_me v2:172.21.15.136:0/0)
2024-04-01T00:09:03.589 INFO:teuthology.orchestra.run.smithi136.stdout:/usr/bin/ceph: stderr
2024-04-01T00:09:00.222+0000 7fefeaffd700 1 -- 172.21.15.136:0/4074028958 --> [v2:172.21.15.136:3300/0,v1:172.21.15.136:6789/0] -- mon_subscribe({config=0+,monmap=0+}) v3 -- 0x7fefdc009550 con 0x7fefec104850
2024-04-01T00:09:03.589 INFO:teuthology.orchestra.run.smithi136.stdout:/usr/bin/ceph: stderr
2024-04-01T00:09:00.222+0000 7fefeaffd700 1 --2- 172.21.15.136:0/4074028958 >> [v2:172.21.15.136:3300/0,v1:172.21.15.136:6789/0] conn(0x7fefec104850 0x7fefec19a270 secure :-1 s=READY pgs=46 cs=0 l=1 rev1=1 crypto rx=0x7fefdc009520 tx=0x7fefdc011ab0 comp rx=0 tx=0).ready entity=mon.0 client_cookie=0 server_cookie=0 in_seq=0 out_seq=0
2024-04-01T00:09:03.589 INFO:teuthology.orchestra.run.smithi136.stdout:/usr/bin/ceph: stderr
2024-04-01T00:09:00.222+0000 7fefd3fff700 1 -- 172.21.15.136:0/4074028958 <== mon.0 v2:172.21.15.136:3300/0 1 ==== mon_map magic: 0 v1 ==== 229+0+0 (secure 0 0 0) 0x7fefdc003a80 con 0x7fefec104850
2024-04-01T00:09:03.589 INFO:teuthology.orchestra.run.smithi136.stdout:/usr/bin/ceph: stderr
2024-04-01T00:09:00.222+0000 7fefd3fff700 1 -- 172.21.15.136:0/4074028958 <== mon.0 v2:172.21.15.136:3300/0 2 ==== config(27 keys) v1 ==== 1037+0+0 (secure 0 0 0) 0x7fefdc003be0 con 0x7fefec104850
2024-04-01T00:09:03.589 INFO:teuthology.orchestra.run.smithi136.stdout:/usr/bin/ceph: stderr
2024-04-01T00:09:00.222+0000 7feff15d3700 1 -- 172.21.15.136:0/4074028958 --> [v2:172.21.15.136:3300/0,v1:172.21.15.136:6789/0] -- mon_subscribe({mgrmap=0+}) v3 -- 0x7fefec19a9b0 con 0x7fefec104850
2024-04-01T00:09:03.589 INFO:teuthology.orchestra.run.smithi136.stdout:/usr/bin/ceph: stderr
2024-04-01T00:09:00.222+0000 7fefd3fff700 1 -- 172.21.15.136:0/4074028958 <== mon.0 v2:172.21.15.136:3300/0 3 ==== mon_map magic: 0 v1 ==== 229+0+0 (secure 0 0 0) 0x7fefdc0197b0 con 0x7fefec104850
2024-04-01T00:09:03.589 INFO:teuthology.orchestra.run.smithi136.stdout:/usr/bin/ceph: stderr
2024-04-01T00:09:00.222+0000 7feff15d3700 1 -- 172.21.15.136:0/4074028958 --> [v2:172.21.15.136:3300/0,v1:172.21.15.136:6789/0] -- mon_subscribe({osdmap=0}) v3 -- 0x7fefec19ae50 con 0x7fefec104850
2024-04-01T00:09:03.589 INFO:teuthology.orchestra.run.smithi136.stdout:/usr/bin/ceph: stderr
2024-04-01T00:09:00.223+0000 7fefd3fff700 1 -- 172.21.15.136:0/4074028958 <== mon.0 v2:172.21.15.136:3300/0 4 ==== mgrmap(e 8) v1 ==== 45283+0+0 (secure 0 0 0) 0x7fefdc01a430 con 0x7fefec104850
2024-04-01T00:09:03.589 INFO:teuthology.orchestra.run.smithi136.stdout:/usr/bin/ceph: stderr
2024-04-01T00:09:00.223+0000 7fefd3fff700 1 --2- 172.21.15.136:0/4074028958 >> [v2:172.21.15.136:6800/2772004359,v1:172.21.15.136:6801/2772004359] conn(0x7fefd40382d0 0x7fefd403a790 unknown :-1 s=NONE pgs=0 cs=0 l=1 rev1=0 crypto rx=0 tx=0 comp rx=0 tx=0).connect
2024-04-01T00:09:03.589 INFO:teuthology.orchestra.run.smithi136.stdout:/usr/bin/ceph: stderr
2024-04-01T00:09:00.223+0000 7feff15d3700 1 -- 172.21.15.136:0/4074028958 --> [v2:172.21.15.136:3300/0,v1:172.21.15.136:6789/0] -- mon_command({"prefix": "get_command_descriptions"} v 0) v1 -- 0x7fefec0623c0 con 0x7fefec104850
2024-04-01T00:09:03.589 INFO:teuthology.orchestra.run.smithi136.stdout:/usr/bin/ceph: stderr
2024-04-01T00:09:00.223+0000 7fefd3fff700 1 -- 172.21.15.136:0/4074028958 <== mon.0 v2:172.21.15.136:3300/0 5 ==== osd_map(2..2 src has 1..2) v4 ==== 940+0+0 (secure 0 0 0) 0x7fefdc04c5a0 con 0x7fefec104850
2024-04-01T00:09:03.590 INFO:teuthology.orchestra.run.smithi136.stdout:/usr/bin/ceph: stderr
2024-04-01T00:09:00.223+0000 7fefea7fc700 1 --2- 172.21.15.136:0/4074028958 >> [v2:172.21.15.136:6800/2772004359,v1:172.21.15.136:6801/2772004359] conn(0x7fefd40382d0 0x7fefd403a790 unknown :-1 s=BANNER_CONNECTING pgs=0 cs=0 l=1 rev1=0 crypto rx=0 tx=0 comp rx=0 tx=0)._handle_peer_banner_payload supported=3 required=0
2024-04-01T00:09:03.590 INFO:teuthology.orchestra.run.smithi136.stdout:/usr/bin/ceph: stderr
2024-04-01T00:09:00.223+0000 7fefea7fc700 1 --2- 172.21.15.136:0/4074028958 >> [v2:172.21.15.136:6800/2772004359,v1:172.21.15.136:6801/2772004359] conn(0x7fefd40382d0 0x7fefd403a790 secure :-1 s=READY pgs=11 cs=0 l=1 rev1=1 crypto rx=0x7fefe0006fd0 tx=0x7fefe0006e40 comp rx=0 tx=0).ready entity=mgr.14120 client_cookie=0 server_cookie=0 in_seq=0 out_seq=0
2024-04-01T00:09:03.590 INFO:teuthology.orchestra.run.smithi136.stdout:/usr/bin/ceph: stderr
2024-04-01T00:09:00.228+0000 7fefd3fff700 1 -- 172.21.15.136:0/4074028958 <== mon.0 v2:172.21.15.136:3300/0 6 ==== mon_command_ack([{"prefix": "get_command_descriptions"}]=0 v0) v1 ==== 72+0+180422 (secure 0 0 0) 0x7fefdc018530 con 0x7fefec104850
2024-04-01T00:09:03.590 INFO:teuthology.orchestra.run.smithi136.stdout:/usr/bin/ceph: stderr
2024-04-01T00:09:00.423+0000 7feff15d3700 1 -- 172.21.15.136:0/4074028958 --> [v2:172.21.15.136:6800/2772004359,v1:172.21.15.136:6801/2772004359] -- mgr_command(tid 0: {"prefix": "orch host add", "hostname": "smithi136", "addr": "172.21.15.136", "target": ["mon-mgr", ""]}) v1 -- 0x7fefec0623c0 con 0x7fefd40382d0
2024-04-01T00:09:03.590 INFO:teuthology.orchestra.run.smithi136.stdout:/usr/bin/ceph: stderr
2024-04-01T00:09:02.990+0000 7fefd3fff700 1 -- 172.21.15.136:0/4074028958 <== mgr.14120 v2:172.21.15.136:6800/2772004359 1 ==== mgr_command_reply(tid 0: 0 ) v1 ==== 8+0+49 (secure 0 0 0) 0x7fefec0623c0 con 0x7fefd40382d0
2024-04-01T00:09:03.590 INFO:teuthology.orchestra.run.smithi136.stdout:/usr/bin/ceph: stderr
2024-04-01T00:09:02.992+0000 7feff15d3700 1 -- 172.21.15.136:0/4074028958 >> [v2:172.21.15.136:6800/2772004359,v1:172.21.15.136:6801/2772004359] conn(0x7fefd40382d0 msgr2=0x7fefd403a790 secure :-1 s=STATE_CONNECTION_ESTABLISHED l=1).mark_down
2024-04-01T00:09:03.590 INFO:teuthology.orchestra.run.smithi136.stdout:/usr/bin/ceph: stderr
2024-04-01T00:09:02.992+0000 7feff15d3700 1 --2- 172.21.15.136:0/4074028958 >> [v2:172.21.15.136:6800/2772004359,v1:172.21.15.136:6801/2772004359] conn(0x7fefd40382d0 0x7fefd403a790 secure :-1 s=READY pgs=11 cs=0 l=1 rev1=1 crypto rx=0x7fefe0006fd0 tx=0x7fefe0006e40 comp rx=0 tx=0).stop
2024-04-01T00:09:03.590 INFO:teuthology.orchestra.run.smithi136.stdout:/usr/bin/ceph: stderr
2024-04-01T00:09:02.992+0000 7feff15d3700 1 -- 172.21.15.136:0/4074028958 >> [v2:172.21.15.136:3300/0,v1:172.21.15.136:6789/0] conn(0x7fefec104850 msgr2=0x7fefec19a270 secure :-1 s=STATE_CONNECTION_ESTABLISHED l=1).mark_down
2024-04-01T00:09:03.590 INFO:teuthology.orchestra.run.smithi136.stdout:/usr/bin/ceph: stderr
2024-04-01T00:09:02.992+0000 7feff15d3700 1 --2- 172.21.15.136:0/4074028958 >> [v2:172.21.15.136:3300/0,v1:172.21.15.136:6789/0] conn(0x7fefec104850 0x7fefec19a270 secure :-1 s=READY pgs=46 cs=0 l=1 rev1=1 crypto rx=0x7fefdc009520 tx=0x7fefdc011ab0 comp rx=0 tx=0).stop
2024-04-01T00:09:03.591 INFO:teuthology.orchestra.run.smithi136.stdout:/usr/bin/ceph: stderr
2024-04-01T00:09:02.992+0000 7feff15d3700 1 -- 172.21.15.136:0/4074028958 shutdown_connections
2024-04-01T00:09:03.591 INFO:teuthology.orchestra.run.smithi136.stdout:/usr/bin/ceph: stderr
2024-04-01T00:09:02.992+0000 7feff15d3700 1 --2- 172.21.15.136:0/4074028958 >> [v2:172.21.15.136:6800/2772004359,v1:172.21.15.136:6801/2772004359] conn(0x7fefd40382d0 0x7fefd403a790 unknown :-1 s=CLOSED pgs=11 cs=0 l=1 rev1=1 crypto rx=0 tx=0 comp rx=0 tx=0).stop
2024-04-01T00:09:03.591 INFO:teuthology.orchestra.run.smithi136.stdout:/usr/bin/ceph: stderr
2024-04-01T00:09:02.992+0000 7feff15d3700 1 --2- 172.21.15.136:0/4074028958 >> [v2:172.21.15.136:3300/0,v1:172.21.15.136:6789/0] conn(0x7fefec104850 0x7fefec19a270 unknown :-1 s=CLOSED pgs=46 cs=0 l=1 rev1=1 crypto rx=0 tx=0 comp rx=0 tx=0).stop
2024-04-01T00:09:03.591 INFO:teuthology.orchestra.run.smithi136.stdout:/usr/bin/ceph: stderr
2024-04-01T00:09:02.992+0000 7feff15d3700 1 -- 172.21.15.136:0/4074028958 >> 172.21.15.136:0/4074028958 conn(0x7fefec1001d0 msgr2=0x7fefec101820 unknown :-1 s=STATE_NONE l=0).mark_down
2024-04-01T00:09:03.591 INFO:teuthology.orchestra.run.smithi136.stdout:/usr/bin/ceph: stderr
2024-04-01T00:09:02.993+0000 7feff15d3700 1 -- 172.21.15.136:0/4074028958 shutdown_connections
2024-04-01T00:09:03.591 INFO:teuthology.orchestra.run.smithi136.stdout:/usr/bin/ceph: stderr
2024-04-01T00:09:02.993+0000 7feff15d3700 1 -- 172.21.15.136:0/4074028958 wait complete.
2024-04-01T00:09:03.591 INFO:teuthology.orchestra.run.smithi136.stdout:Deploying mon service with default placement...
2024-04-01T00:09:04.199 INFO:journalctl@ceph.mon.smithi136.smithi136.stdout:Apr 01 00:09:03 smithi136 ceph-mon[28998]: from='mgr.14120 172.21.15.136:0/2137744529' entity='mgr.smithi136.xfyavi'
2024-04-01T00:09:04.199 INFO:journalctl@ceph.mon.smithi136.smithi136.stdout:Apr 01 00:09:03 smithi136 ceph-mon[28998]: Added host smithi136
2024-04-01T00:09:04.200 INFO:journalctl@ceph.mon.smithi136.smithi136.stdout:Apr 01 00:09:03 smithi136 ceph-mon[28998]: from='mgr.14120 172.21.15.136:0/2137744529' entity='mgr.smithi136.xfyavi' cmd=[{"prefix": "config dump", "format": "json"}]: dispatch
2024-04-01T00:09:05.857 INFO:teuthology.orchestra.run.smithi136.stdout:/usr/bin/ceph: stdout Scheduled mon update...
2024-04-01T00:09:05.857 INFO:teuthology.orchestra.run.smithi136.stdout:/usr/bin/ceph: stderr
2024-04-01T00:09:05.048+0000 7fbfc989f700 1 Processor -- start
2024-04-01T00:09:05.857 INFO:teuthology.orchestra.run.smithi136.stdout:/usr/bin/ceph: stderr
2024-04-01T00:09:05.048+0000 7fbfc989f700 1 -- start start
2024-04-01T00:09:05.857 INFO:teuthology.orchestra.run.smithi136.stdout:/usr/bin/ceph: stderr
2024-04-01T00:09:05.048+0000 7fbfc989f700 1 --2- >> [v2:172.21.15.136:3300/0,v1:172.21.15.136:6789/0] conn(0x7fbfc4106560 0x7fbfc4106980 unknown :-1 s=NONE pgs=0 cs=0 l=0 rev1=0 crypto rx=0 tx=0 comp rx=0 tx=0).connect
2024-04-01T00:09:05.857 INFO:teuthology.orchestra.run.smithi136.stdout:/usr/bin/ceph: stderr
2024-04-01T00:09:05.048+0000 7fbfc989f700 1 -- --> [v2:172.21.15.136:3300/0,v1:172.21.15.136:6789/0] -- mon_getmap magic: 0 v1 -- 0x7fbfc4106f50 con 0x7fbfc4106560
2024-04-01T00:09:05.857 INFO:teuthology.orchestra.run.smithi136.stdout:/usr/bin/ceph: stderr
2024-04-01T00:09:05.049+0000 7fbfc2ffd700 1 --2- >> [v2:172.21.15.136:3300/0,v1:172.21.15.136:6789/0] conn(0x7fbfc4106560 0x7fbfc4106980 unknown :-1 s=BANNER_CONNECTING pgs=0 cs=0 l=0 rev1=0 crypto rx=0 tx=0 comp rx=0 tx=0)._handle_peer_banner_payload supported=3 required=0
2024-04-01T00:09:05.857 INFO:teuthology.orchestra.run.smithi136.stdout:/usr/bin/ceph: stderr
2024-04-01T00:09:05.049+0000 7fbfc2ffd700 1 --2- >> [v2:172.21.15.136:3300/0,v1:172.21.15.136:6789/0] conn(0x7fbfc4106560 0x7fbfc4106980 unknown :-1 s=HELLO_CONNECTING pgs=0 cs=0 l=0 rev1=1 crypto rx=0 tx=0 comp rx=0 tx=0).handle_hello peer v2:172.21.15.136:3300/0 says I am v2:172.21.15.136:43884/0 (socket says 172.21.15.136:43884)
2024-04-01T00:09:05.858 INFO:teuthology.orchestra.run.smithi136.stdout:/usr/bin/ceph: stderr
2024-04-01T00:09:05.049+0000 7fbfc2ffd700 1 -- 172.21.15.136:0/1129512694 learned_addr learned my addr 172.21.15.136:0/1129512694 (peer_addr_for_me v2:172.21.15.136:0/0)
2024-04-01T00:09:05.858 INFO:teuthology.orchestra.run.smithi136.stdout:/usr/bin/ceph: stderr
2024-04-01T00:09:05.049+0000 7fbfc2ffd700 1 -- 172.21.15.136:0/1129512694 --> [v2:172.21.15.136:3300/0,v1:172.21.15.136:6789/0] -- mon_subscribe({config=0+,monmap=0+}) v3 -- 0x7fbfc4107760 con 0x7fbfc4106560
2024-04-01T00:09:05.858 INFO:teuthology.orchestra.run.smithi136.stdout:/usr/bin/ceph: stderr
2024-04-01T00:09:05.049+0000 7fbfc2ffd700 1 --2- 172.21.15.136:0/1129512694 >> [v2:172.21.15.136:3300/0,v1:172.21.15.136:6789/0] conn(0x7fbfc4106560 0x7fbfc4106980 secure :-1 s=READY pgs=47 cs=0 l=1 rev1=1 crypto rx=0x7fbfb80098a0 tx=0x7fbfb8009bb0 comp rx=0 tx=0).ready entity=mon.0 client_cookie=a65f7667f13229e9 server_cookie=0 in_seq=0 out_seq=0
2024-04-01T00:09:05.858 INFO:teuthology.orchestra.run.smithi136.stdout:/usr/bin/ceph: stderr
2024-04-01T00:09:05.049+0000 7fbfc1ffb700 1 -- 172.21.15.136:0/1129512694 <== mon.0 v2:172.21.15.136:3300/0 1 ==== mon_map magic: 0 v1 ==== 229+0+0 (secure 0 0 0) 0x7fbfb8004180 con 0x7fbfc4106560
2024-04-01T00:09:05.858 INFO:teuthology.orchestra.run.smithi136.stdout:/usr/bin/ceph: stderr
2024-04-01T00:09:05.049+0000 7fbfc1ffb700 1 -- 172.21.15.136:0/1129512694 <== mon.0 v2:172.21.15.136:3300/0 2 ==== config(27 keys) v1 ==== 1101+0+0 (secure 0 0 0) 0x7fbfb80042e0 con 0x7fbfc4106560
2024-04-01T00:09:05.858 INFO:teuthology.orchestra.run.smithi136.stdout:/usr/bin/ceph: stderr
2024-04-01T00:09:05.049+0000 7fbfc1ffb700 1 -- 172.21.15.136:0/1129512694 <== mon.0 v2:172.21.15.136:3300/0 3 ==== mon_map magic: 0 v1 ==== 229+0+0 (secure 0 0 0) 0x7fbfb8011af0 con 0x7fbfc4106560
2024-04-01T00:09:05.858 INFO:teuthology.orchestra.run.smithi136.stdout:/usr/bin/ceph: stderr
2024-04-01T00:09:05.050+0000 7fbfc989f700 1 -- 172.21.15.136:0/1129512694 >> [v2:172.21.15.136:3300/0,v1:172.21.15.136:6789/0] conn(0x7fbfc4106560 msgr2=0x7fbfc4106980 secure :-1 s=STATE_CONNECTION_ESTABLISHED l=1).mark_down
2024-04-01T00:09:05.858 INFO:teuthology.orchestra.run.smithi136.stdout:/usr/bin/ceph: stderr
2024-04-01T00:09:05.050+0000 7fbfc989f700 1 --2- 172.21.15.136:0/1129512694 >> [v2:172.21.15.136:3300/0,v1:172.21.15.136:6789/0] conn(0x7fbfc4106560 0x7fbfc4106980 secure :-1 s=READY pgs=47 cs=0 l=1 rev1=1 crypto rx=0x7fbfb80098a0 tx=0x7fbfb8009bb0 comp rx=0 tx=0).stop
2024-04-01T00:09:05.858 INFO:teuthology.orchestra.run.smithi136.stdout:/usr/bin/ceph: stderr
2024-04-01T00:09:05.050+0000 7fbfc989f700 1 -- 172.21.15.136:0/1129512694 shutdown_connections
2024-04-01T00:09:05.858 INFO:teuthology.orchestra.run.smithi136.stdout:/usr/bin/ceph: stderr
2024-04-01T00:09:05.050+0000 7fbfc989f700 1 --2- 172.21.15.136:0/1129512694 >> [v2:172.21.15.136:3300/0,v1:172.21.15.136:6789/0] conn(0x7fbfc4106560 0x7fbfc4106980 unknown :-1 s=CLOSED pgs=47 cs=0 l=1 rev1=1 crypto rx=0 tx=0 comp rx=0 tx=0).stop
2024-04-01T00:09:05.858 INFO:teuthology.orchestra.run.smithi136.stdout:/usr/bin/ceph: stderr
2024-04-01T00:09:05.050+0000 7fbfc989f700 1 -- 172.21.15.136:0/1129512694 >> 172.21.15.136:0/1129512694 conn(0x7fbfc4101b40 msgr2=0x7fbfc4103f60 unknown :-1 s=STATE_NONE l=0).mark_down
2024-04-01T00:09:05.858 INFO:teuthology.orchestra.run.smithi136.stdout:/usr/bin/ceph: stderr
2024-04-01T00:09:05.050+0000 7fbfc989f700 1 -- 172.21.15.136:0/1129512694 shutdown_connections
2024-04-01T00:09:05.858 INFO:teuthology.orchestra.run.smithi136.stdout:/usr/bin/ceph: stderr
2024-04-01T00:09:05.050+0000 7fbfc989f700 1 -- 172.21.15.136:0/1129512694 wait complete.
2024-04-01T00:09:05.859 INFO:teuthology.orchestra.run.smithi136.stdout:/usr/bin/ceph: stderr
2024-04-01T00:09:05.050+0000 7fbfc989f700 1 Processor -- start
2024-04-01T00:09:05.859 INFO:teuthology.orchestra.run.smithi136.stdout:/usr/bin/ceph: stderr
2024-04-01T00:09:05.051+0000 7fbfc989f700 1 -- start start
2024-04-01T00:09:05.859 INFO:teuthology.orchestra.run.smithi136.stdout:/usr/bin/ceph: stderr
