2024-04-01T01:24:25.423 INFO:teuthology.orchestra.run.smithi070.stdout:Saving cluster configuration to /var/lib/ceph/36577394-efc6-11ee-b647-cb9ed24678a4/config directory
2024-04-01T01:24:25.423 INFO:teuthology.orchestra.run.smithi070.stdout:Enabling autotune for osd_memory_target
2024-04-01T01:24:25.718 INFO:journalctl@ceph.mon.a.smithi070.stdout:Apr 01 01:24:25 smithi070 ceph-mon[32179]: mgrmap e13: x(active, since 6s)
2024-04-01T01:24:25.719 INFO:journalctl@ceph.mon.a.smithi070.stdout:Apr 01 01:24:25 smithi070 ceph-mon[32179]: from='client.? 172.21.15.70:0/262819305' entity='client.admin' cmd=[{"prefix": "config get", "who": "mgr", "key": "mgr/dashboard/ssl_server_port"}]: dispatch
2024-04-01T01:24:26.552 INFO:teuthology.orchestra.run.smithi070.stdout:/usr/bin/ceph: stderr
2024-04-01T01:24:25.819+0000 7f248722f700 1 Processor -- start
2024-04-01T01:24:26.552 INFO:teuthology.orchestra.run.smithi070.stdout:/usr/bin/ceph: stderr
2024-04-01T01:24:25.819+0000 7f248722f700 1 -- start start
2024-04-01T01:24:26.553 INFO:teuthology.orchestra.run.smithi070.stdout:/usr/bin/ceph: stderr
2024-04-01T01:24:25.819+0000 7f248722f700 1 --2- >> [v2:172.21.15.70:3300/0,v1:172.21.15.70:6789/0] conn(0x7f2480107a00 0x7f2480107e20 unknown :-1 s=NONE pgs=0 cs=0 l=0 rev1=0 crypto rx=0 tx=0 comp rx=0 tx=0).connect
2024-04-01T01:24:26.553 INFO:teuthology.orchestra.run.smithi070.stdout:/usr/bin/ceph: stderr
2024-04-01T01:24:25.819+0000 7f248722f700 1 -- --> [v2:172.21.15.70:3300/0,v1:172.21.15.70:6789/0] -- mon_getmap magic: 0 -- 0x7f24801083f0 con 0x7f2480107a00
2024-04-01T01:24:26.553 INFO:teuthology.orchestra.run.smithi070.stdout:/usr/bin/ceph: stderr
2024-04-01T01:24:25.820+0000 7f2484fcb700 1 --2- >> [v2:172.21.15.70:3300/0,v1:172.21.15.70:6789/0] conn(0x7f2480107a00 0x7f2480107e20 unknown :-1 s=BANNER_CONNECTING pgs=0 cs=0 l=0 rev1=0 crypto rx=0 tx=0 comp rx=0 tx=0)._handle_peer_banner_payload supported=3 required=0
2024-04-01T01:24:26.553 INFO:teuthology.orchestra.run.smithi070.stdout:/usr/bin/ceph: stderr
2024-04-01T01:24:25.820+0000 7f2484fcb700 1 --2- >> [v2:172.21.15.70:3300/0,v1:172.21.15.70:6789/0] conn(0x7f2480107a00 0x7f2480107e20 unknown :-1 s=HELLO_CONNECTING pgs=0 cs=0 l=0 rev1=1 crypto rx=0 tx=0 comp rx=0 tx=0).handle_hello peer v2:172.21.15.70:3300/0 says I am v2:172.21.15.70:56354/0 (socket says 172.21.15.70:56354)
2024-04-01T01:24:26.553 INFO:teuthology.orchestra.run.smithi070.stdout:/usr/bin/ceph: stderr
2024-04-01T01:24:25.820+0000 7f2484fcb700 1 -- 172.21.15.70:0/555323213 learned_addr learned my addr 172.21.15.70:0/555323213 (peer_addr_for_me v2:172.21.15.70:0/0)
2024-04-01T01:24:26.553 INFO:teuthology.orchestra.run.smithi070.stdout:/usr/bin/ceph: stderr
2024-04-01T01:24:25.820+0000 7f2484fcb700 1 -- 172.21.15.70:0/555323213 --> [v2:172.21.15.70:3300/0,v1:172.21.15.70:6789/0] -- mon_subscribe({config=0+,monmap=0+}) -- 0x7f2480108c00 con 0x7f2480107a00
2024-04-01T01:24:26.553 INFO:teuthology.orchestra.run.smithi070.stdout:/usr/bin/ceph: stderr
2024-04-01T01:24:25.820+0000 7f2484fcb700 1 --2- 172.21.15.70:0/555323213 >> [v2:172.21.15.70:3300/0,v1:172.21.15.70:6789/0] conn(0x7f2480107a00 0x7f2480107e20 secure :-1 s=READY pgs=74 cs=0 l=1 rev1=1 crypto rx=0x7f247c009e80 tx=0x7f247c00b330 comp rx=0 tx=0).ready entity=mon.0 client_cookie=322387cf2cc4e590 server_cookie=0 in_seq=0 out_seq=0
2024-04-01T01:24:26.553 INFO:teuthology.orchestra.run.smithi070.stdout:/usr/bin/ceph: stderr
2024-04-01T01:24:25.820+0000 7f24777fe700 1 -- 172.21.15.70:0/555323213 <== mon.0 v2:172.21.15.70:3300/0 1 ==== mon_map magic: 0 ==== 205+0+0 (secure 0 0 0) 0x7f247c017070 con 0x7f2480107a00
2024-04-01T01:24:26.553 INFO:teuthology.orchestra.run.smithi070.stdout:/usr/bin/ceph: stderr
2024-04-01T01:24:25.820+0000 7f24777fe700 1 -- 172.21.15.70:0/555323213 <== mon.0 v2:172.21.15.70:3300/0 2 ==== config(26 keys) ==== 1102+0+0 (secure 0 0 0) 0x7f247c00b8c0 con 0x7f2480107a00
2024-04-01T01:24:26.553 INFO:teuthology.orchestra.run.smithi070.stdout:/usr/bin/ceph: stderr
2024-04-01T01:24:25.820+0000 7f24777fe700 1 -- 172.21.15.70:0/555323213 <== mon.0 v2:172.21.15.70:3300/0 3 ==== mon_map magic: 0 ==== 205+0+0 (secure 0 0 0) 0x7f247c004490 con 0x7f2480107a00
2024-04-01T01:24:26.553 INFO:teuthology.orchestra.run.smithi070.stdout:/usr/bin/ceph: stderr
2024-04-01T01:24:25.821+0000 7f248722f700 1 -- 172.21.15.70:0/555323213 >> [v2:172.21.15.70:3300/0,v1:172.21.15.70:6789/0] conn(0x7f2480107a00 msgr2=0x7f2480107e20 secure :-1 s=STATE_CONNECTION_ESTABLISHED l=1).mark_down
2024-04-01T01:24:26.554 INFO:teuthology.orchestra.run.smithi070.stdout:/usr/bin/ceph: stderr
2024-04-01T01:24:25.821+0000 7f248722f700 1 --2- 172.21.15.70:0/555323213 >> [v2:172.21.15.70:3300/0,v1:172.21.15.70:6789/0] conn(0x7f2480107a00 0x7f2480107e20 secure :-1 s=READY pgs=74 cs=0 l=1 rev1=1 crypto rx=0x7f247c009e80 tx=0x7f247c00b330 comp rx=0 tx=0).stop
2024-04-01T01:24:26.554 INFO:teuthology.orchestra.run.smithi070.stdout:/usr/bin/ceph: stderr
2024-04-01T01:24:25.821+0000 7f248722f700 1 -- 172.21.15.70:0/555323213 shutdown_connections
2024-04-01T01:24:26.554 INFO:teuthology.orchestra.run.smithi070.stdout:/usr/bin/ceph: stderr
2024-04-01T01:24:25.821+0000 7f248722f700 1 --2- 172.21.15.70:0/555323213 >> [v2:172.21.15.70:3300/0,v1:172.21.15.70:6789/0] conn(0x7f2480107a00 0x7f2480107e20 unknown :-1 s=CLOSED pgs=74 cs=0 l=1 rev1=1 crypto rx=0 tx=0 comp rx=0 tx=0).stop
2024-04-01T01:24:26.554 INFO:teuthology.orchestra.run.smithi070.stdout:/usr/bin/ceph: stderr
2024-04-01T01:24:25.821+0000 7f248722f700 1 -- 172.21.15.70:0/555323213 >> 172.21.15.70:0/555323213 conn(0x7f2480102fa0 msgr2=0x7f24801053e0 unknown :-1 s=STATE_NONE l=0).mark_down
2024-04-01T01:24:26.554 INFO:teuthology.orchestra.run.smithi070.stdout:/usr/bin/ceph: stderr
2024-04-01T01:24:25.821+0000 7f248722f700 1 -- 172.21.15.70:0/555323213 shutdown_connections
2024-04-01T01:24:26.554 INFO:teuthology.orchestra.run.smithi070.stdout:/usr/bin/ceph: stderr
2024-04-01T01:24:25.821+0000 7f248722f700 1 -- 172.21.15.70:0/555323213 wait complete.
2024-04-01T01:24:26.554 INFO:teuthology.orchestra.run.smithi070.stdout:/usr/bin/ceph: stderr
2024-04-01T01:24:25.822+0000 7f248722f700 1 Processor -- start
2024-04-01T01:24:26.554 INFO:teuthology.orchestra.run.smithi070.stdout:/usr/bin/ceph: stderr
2024-04-01T01:24:25.822+0000 7f248722f700 1 -- start start
2024-04-01T01:24:26.554 INFO:teuthology.orchestra.run.smithi070.stdout:/usr/bin/ceph: stderr
2024-04-01T01:24:25.822+0000 7f248722f700 1 --2- >> [v2:172.21.15.70:3300/0,v1:172.21.15.70:6789/0] conn(0x7f2480107a00 0x7f248019b920 unknown :-1 s=NONE pgs=0 cs=0 l=1 rev1=0 crypto rx=0 tx=0 comp rx=0 tx=0).connect
2024-04-01T01:24:26.554 INFO:teuthology.orchestra.run.smithi070.stdout:/usr/bin/ceph: stderr
2024-04-01T01:24:25.822+0000 7f248722f700 1 -- --> [v2:172.21.15.70:3300/0,v1:172.21.15.70:6789/0] -- mon_getmap magic: 0 -- 0x7f248010bfb0 con 0x7f2480107a00
2024-04-01T01:24:26.554 INFO:teuthology.orchestra.run.smithi070.stdout:/usr/bin/ceph: stderr
2024-04-01T01:24:25.822+0000 7f2484fcb700 1 --2- >> [v2:172.21.15.70:3300/0,v1:172.21.15.70:6789/0] conn(0x7f2480107a00 0x7f248019b920 unknown :-1 s=BANNER_CONNECTING pgs=0 cs=0 l=1 rev1=0 crypto rx=0 tx=0 comp rx=0 tx=0)._handle_peer_banner_payload supported=3 required=0
2024-04-01T01:24:26.554 INFO:teuthology.orchestra.run.smithi070.stdout:/usr/bin/ceph: stderr
2024-04-01T01:24:25.822+0000 7f2484fcb700 1 --2- >> [v2:172.21.15.70:3300/0,v1:172.21.15.70:6789/0] conn(0x7f2480107a00 0x7f248019b920 unknown :-1 s=HELLO_CONNECTING pgs=0 cs=0 l=1 rev1=1 crypto rx=0 tx=0 comp rx=0 tx=0).handle_hello peer v2:172.21.15.70:3300/0 says I am v2:172.21.15.70:56360/0 (socket says 172.21.15.70:56360)
2024-04-01T01:24:26.554 INFO:teuthology.orchestra.run.smithi070.stdout:/usr/bin/ceph: stderr
2024-04-01T01:24:25.822+0000 7f2484fcb700 1 -- 172.21.15.70:0/1032506202 learned_addr learned my addr 172.21.15.70:0/1032506202 (peer_addr_for_me v2:172.21.15.70:0/0)
2024-04-01T01:24:26.555 INFO:teuthology.orchestra.run.smithi070.stdout:/usr/bin/ceph: stderr
2024-04-01T01:24:25.822+0000 7f2484fcb700 1 -- 172.21.15.70:0/1032506202 --> [v2:172.21.15.70:3300/0,v1:172.21.15.70:6789/0] -- mon_subscribe({config=0+,monmap=0+}) -- 0x7f248019be60 con 0x7f2480107a00
2024-04-01T01:24:26.555 INFO:teuthology.orchestra.run.smithi070.stdout:/usr/bin/ceph: stderr
2024-04-01T01:24:25.822+0000 7f2484fcb700 1 --2- 172.21.15.70:0/1032506202 >> [v2:172.21.15.70:3300/0,v1:172.21.15.70:6789/0] conn(0x7f2480107a00 0x7f248019b920 secure :-1 s=READY pgs=75 cs=0 l=1 rev1=1 crypto rx=0x7f247c003c50 tx=0x7f247c003d30 comp rx=0 tx=0).ready entity=mon.0 client_cookie=0 server_cookie=0 in_seq=0 out_seq=0
2024-04-01T01:24:26.555 INFO:teuthology.orchestra.run.smithi070.stdout:/usr/bin/ceph: stderr
2024-04-01T01:24:25.822+0000 7f2475ffb700 1 -- 172.21.15.70:0/1032506202 <== mon.0 v2:172.21.15.70:3300/0 1 ==== mon_map magic: 0 ==== 205+0+0 (secure 0 0 0) 0x7f247c020020 con 0x7f2480107a00
2024-04-01T01:24:26.555 INFO:teuthology.orchestra.run.smithi070.stdout:/usr/bin/ceph: stderr
2024-04-01T01:24:25.822+0000 7f2475ffb700 1 -- 172.21.15.70:0/1032506202 <== mon.0 v2:172.21.15.70:3300/0 2 ==== config(26 keys) ==== 1102+0+0 (secure 0 0 0) 0x7f247c00bc60 con 0x7f2480107a00
2024-04-01T01:24:26.555 INFO:teuthology.orchestra.run.smithi070.stdout:/usr/bin/ceph: stderr
2024-04-01T01:24:25.822+0000 7f248722f700 1 -- 172.21.15.70:0/1032506202 --> [v2:172.21.15.70:3300/0,v1:172.21.15.70:6789/0] -- mon_subscribe({mgrmap=0+}) -- 0x7f248019c0f0 con 0x7f2480107a00
2024-04-01T01:24:26.555 INFO:teuthology.orchestra.run.smithi070.stdout:/usr/bin/ceph: stderr
2024-04-01T01:24:25.822+0000 7f2475ffb700 1 -- 172.21.15.70:0/1032506202 <== mon.0 v2:172.21.15.70:3300/0 3 ==== mon_map magic: 0 ==== 205+0+0 (secure 0 0 0) 0x7f247c017040 con 0x7f2480107a00
2024-04-01T01:24:26.555 INFO:teuthology.orchestra.run.smithi070.stdout:/usr/bin/ceph: stderr
2024-04-01T01:24:25.823+0000 7f248722f700 1 -- 172.21.15.70:0/1032506202 --> [v2:172.21.15.70:3300/0,v1:172.21.15.70:6789/0] -- mon_subscribe({osdmap=0}) -- 0x7f248019ede0 con 0x7f2480107a00
2024-04-01T01:24:26.555 INFO:teuthology.orchestra.run.smithi070.stdout:/usr/bin/ceph: stderr
2024-04-01T01:24:25.823+0000 7f2475ffb700 1 -- 172.21.15.70:0/1032506202 <== mon.0 v2:172.21.15.70:3300/0 4 ==== mgrmap(e 13) ==== 46172+0+0 (secure 0 0 0) 0x7f247c023020 con 0x7f2480107a00
2024-04-01T01:24:26.555 INFO:teuthology.orchestra.run.smithi070.stdout:/usr/bin/ceph: stderr
2024-04-01T01:24:25.824+0000 7f248722f700 1 -- 172.21.15.70:0/1032506202 --> [v2:172.21.15.70:3300/0,v1:172.21.15.70:6789/0] -- mon_command({"prefix": "get_command_descriptions"} v 0) -- 0x7f2480063870 con 0x7f2480107a00
2024-04-01T01:24:26.556 INFO:teuthology.orchestra.run.smithi070.stdout:/usr/bin/ceph: stderr
2024-04-01T01:24:25.824+0000 7f2475ffb700 1 --2- 172.21.15.70:0/1032506202 >> [v2:172.21.15.70:6800/2070166741,v1:172.21.15.70:6801/2070166741] conn(0x7f2468038f50 0x7f246803b410 unknown :-1 s=NONE pgs=0 cs=0 l=1 rev1=0 crypto rx=0 tx=0 comp rx=0 tx=0).connect
2024-04-01T01:24:26.556 INFO:teuthology.orchestra.run.smithi070.stdout:/usr/bin/ceph: stderr
2024-04-01T01:24:25.824+0000 7f2477fff700 1 --2- 172.21.15.70:0/1032506202 >> [v2:172.21.15.70:6800/2070166741,v1:172.21.15.70:6801/2070166741] conn(0x7f2468038f50 0x7f246803b410 unknown :-1 s=BANNER_CONNECTING pgs=0 cs=0 l=1 rev1=0 crypto rx=0 tx=0 comp rx=0 tx=0)._handle_peer_banner_payload supported=3 required=0
2024-04-01T01:24:26.556 INFO:teuthology.orchestra.run.smithi070.stdout:/usr/bin/ceph: stderr
2024-04-01T01:24:25.824+0000 7f2475ffb700 1 -- 172.21.15.70:0/1032506202 <== mon.0 v2:172.21.15.70:3300/0 5 ==== osd_map(3..3 src has 1..3) ==== 1155+0+0 (secure 0 0 0) 0x7f247c00f050 con 0x7f2480107a00
2024-04-01T01:24:26.556 INFO:teuthology.orchestra.run.smithi070.stdout:/usr/bin/ceph: stderr
2024-04-01T01:24:25.824+0000 7f2477fff700 1 --2- 172.21.15.70:0/1032506202 >> [v2:172.21.15.70:6800/2070166741,v1:172.21.15.70:6801/2070166741] conn(0x7f2468038f50 0x7f246803b410 secure :-1 s=READY pgs=10 cs=0 l=1 rev1=1 crypto rx=0x7f2470006fd0 tx=0x7f2470006e40 comp rx=0 tx=0).ready entity=mgr.14150 client_cookie=0 server_cookie=0 in_seq=0 out_seq=0
2024-04-01T01:24:26.556 INFO:teuthology.orchestra.run.smithi070.stdout:/usr/bin/ceph: stderr
2024-04-01T01:24:25.829+0000 7f2475ffb700 1 -- 172.21.15.70:0/1032506202 <== mon.0 v2:172.21.15.70:3300/0 6 ==== mon_command_ack([{"prefix": "get_command_descriptions"}]=0 v0) ==== 72+0+184932 (secure 0 0 0) 0x7f247c02a020 con 0x7f2480107a00
2024-04-01T01:24:26.556 INFO:teuthology.orchestra.run.smithi070.stdout:/usr/bin/ceph: stderr
2024-04-01T01:24:26.023+0000 7f248722f700 1 -- 172.21.15.70:0/1032506202 --> [v2:172.21.15.70:3300/0,v1:172.21.15.70:6789/0] -- mon_command([{prefix=config set, name=osd_memory_target_autotune}] v 0) -- 0x7f248019efb0 con 0x7f2480107a00
2024-04-01T01:24:26.556 INFO:teuthology.orchestra.run.smithi070.stdout:/usr/bin/ceph: stderr
2024-04-01T01:24:26.023+0000 7f2475ffb700 1 -- 172.21.15.70:0/1032506202 <== mon.0 v2:172.21.15.70:3300/0 7 ==== mon_command_ack([{prefix=config set, name=osd_memory_target_autotune}]=0 v8)=0 v8) ==== 127+0+0 (secure 0 0 0) 0x7f248019efb0 con 0x7f2480107a00
2024-04-01T01:24:26.556 INFO:teuthology.orchestra.run.smithi070.stdout:/usr/bin/ceph: stderr
2024-04-01T01:24:26.025+0000 7f248722f700 1 -- 172.21.15.70:0/1032506202 >> [v2:172.21.15.70:6800/2070166741,v1:172.21.15.70:6801/2070166741] conn(0x7f2468038f50 msgr2=0x7f246803b410 secure :-1 s=STATE_CONNECTION_ESTABLISHED l=1).mark_down
2024-04-01T01:24:26.556 INFO:teuthology.orchestra.run.smithi070.stdout:/usr/bin/ceph: stderr
2024-04-01T01:24:26.025+0000 7f248722f700 1 --2- 172.21.15.70:0/1032506202 >> [v2:172.21.15.70:6800/2070166741,v1:172.21.15.70:6801/2070166741] conn(0x7f2468038f50 0x7f246803b410 secure :-1 s=READY pgs=10 cs=0 l=1 rev1=1 crypto rx=0x7f2470006fd0 tx=0x7f2470006e40 comp rx=0 tx=0).stop
2024-04-01T01:24:26.556 INFO:teuthology.orchestra.run.smithi070.stdout:/usr/bin/ceph: stderr
2024-04-01T01:24:26.025+0000 7f248722f700 1 -- 172.21.15.70:0/1032506202 >> [v2:172.21.15.70:3300/0,v1:172.21.15.70:6789/0] conn(0x7f2480107a00 msgr2=0x7f248019b920 secure :-1 s=STATE_CONNECTION_ESTABLISHED l=1).mark_down
2024-04-01T01:24:26.556 INFO:teuthology.orchestra.run.smithi070.stdout:/usr/bin/ceph: stderr
2024-04-01T01:24:26.025+0000 7f248722f700 1 --2- 172.21.15.70:0/1032506202 >> [v2:172.21.15.70:3300/0,v1:172.21.15.70:6789/0] conn(0x7f2480107a00 0x7f248019b920 secure :-1 s=READY pgs=75 cs=0 l=1 rev1=1 crypto rx=0x7f247c003c50 tx=0x7f247c003d30 comp rx=0 tx=0).stop
2024-04-01T01:24:26.556 INFO:teuthology.orchestra.run.smithi070.stdout:/usr/bin/ceph: stderr
2024-04-01T01:24:26.026+0000 7f248722f700 1 -- 172.21.15.70:0/1032506202 shutdown_connections
2024-04-01T01:24:26.557 INFO:teuthology.orchestra.run.smithi070.stdout:/usr/bin/ceph: stderr
2024-04-01T01:24:26.026+0000 7f248722f700 1 --2- 172.21.15.70:0/1032506202 >> [v2:172.21.15.70:6800/2070166741,v1:172.21.15.70:6801/2070166741] conn(0x7f2468038f50 0x7f246803b410 unknown :-1 s=CLOSED pgs=10 cs=0 l=1 rev1=1 crypto rx=0 tx=0 comp rx=0 tx=0).stop
2024-04-01T01:24:26.557 INFO:teuthology.orchestra.run.smithi070.stdout:/usr/bin/ceph: stderr
2024-04-01T01:24:26.026+0000 7f248722f700 1 --2- 172.21.15.70:0/1032506202 >> [v2:172.21.15.70:3300/0,v1:172.21.15.70:6789/0] conn(0x7f2480107a00 0x7f248019b920 unknown :-1 s=CLOSED pgs=75 cs=0 l=1 rev1=1 crypto rx=0 tx=0 comp rx=0 tx=0).stop
2024-04-01T01:24:26.557 INFO:teuthology.orchestra.run.smithi070.stdout:/usr/bin/ceph: stderr
2024-04-01T01:24:26.026+0000 7f248722f700 1 -- 172.21.15.70:0/1032506202 >> 172.21.15.70:0/1032506202 conn(0x7f2480102fa0 msgr2=0x7f2480103a60 unknown :-1 s=STATE_NONE l=0).mark_down
2024-04-01T01:24:26.557 INFO:teuthology.orchestra.run.smithi070.stdout:/usr/bin/ceph: stderr
2024-04-01T01:24:26.026+0000 7f248722f700 1 -- 172.21.15.70:0/1032506202 shutdown_connections
2024-04-01T01:24:26.557 INFO:teuthology.orchestra.run.smithi070.stdout:/usr/bin/ceph: stderr
2024-04-01T01:24:26.026+0000 7f248722f700 1 -- 172.21.15.70:0/1032506202 wait complete.
2024-04-01T01:24:27.821 INFO:teuthology.orchestra.run.smithi070.stdout:/usr/bin/ceph: stderr
2024-04-01T01:24:26.927+0000 7f08c9499700 1 Processor -- start
2024-04-01T01:24:27.821 INFO:teuthology.orchestra.run.smithi070.stdout:/usr/bin/ceph: stderr
2024-04-01T01:24:26.927+0000 7f08c9499700 1 -- start start
2024-04-01T01:24:27.822 INFO:teuthology.orchestra.run.smithi070.stdout:/usr/bin/ceph: stderr
2024-04-01T01:24:26.927+0000 7f08c9499700 1 --2- >> [v2:172.21.15.70:3300/0,v1:172.21.15.70:6789/0] conn(0x7f08c4107ef0 0x7f08c4108310 unknown :-1 s=NONE pgs=0 cs=0 l=0 rev1=0 crypto rx=0 tx=0 comp rx=0 tx=0).connect
2024-04-01T01:24:27.822 INFO:teuthology.orchestra.run.smithi070.stdout:/usr/bin/ceph: stderr
2024-04-01T01:24:26.927+0000 7f08c9499700 1 -- --> [v2:172.21.15.70:3300/0,v1:172.21.15.70:6789/0] -- mon_getmap magic: 0 -- 0x7f08c41088e0 con 0x7f08c4107ef0
2024-04-01T01:24:27.822 INFO:teuthology.orchestra.run.smithi070.stdout:/usr/bin/ceph: stderr
2024-04-01T01:24:26.927+0000 7f08c2ffd700 1 --2- >> [v2:172.21.15.70:3300/0,v1:172.21.15.70:6789/0] conn(0x7f08c4107ef0 0x7f08c4108310 unknown :-1 s=BANNER_CONNECTING pgs=0 cs=0 l=0 rev1=0 crypto rx=0 tx=0 comp rx=0 tx=0)._handle_peer_banner_payload supported=3 required=0
2024-04-01T01:24:27.822 INFO:teuthology.orchestra.run.smithi070.stdout:/usr/bin/ceph: stderr
2024-04-01T01:24:26.927+0000 7f08c2ffd700 1 --2- >> [v2:172.21.15.70:3300/0,v1:172.21.15.70:6789/0] conn(0x7f08c4107ef0 0x7f08c4108310 unknown :-1 s=HELLO_CONNECTING pgs=0 cs=0 l=0 rev1=1 crypto rx=0 tx=0 comp rx=0 tx=0).handle_hello peer v2:172.21.15.70:3300/0 says I am v2:172.21.15.70:57400/0 (socket says 172.21.15.70:57400)
2024-04-01T01:24:27.822 INFO:teuthology.orchestra.run.smithi070.stdout:/usr/bin/ceph: stderr
2024-04-01T01:24:26.927+0000 7f08c2ffd700 1 -- 172.21.15.70:0/1749962368 learned_addr learned my addr 172.21.15.70:0/1749962368 (peer_addr_for_me v2:172.21.15.70:0/0)
2024-04-01T01:24:27.822 INFO:teuthology.orchestra.run.smithi070.stdout:/usr/bin/ceph: stderr
2024-04-01T01:24:26.928+0000 7f08c2ffd700 1 -- 172.21.15.70:0/1749962368 --> [v2:172.21.15.70:3300/0,v1:172.21.15.70:6789/0] -- mon_subscribe({config=0+,monmap=0+}) -- 0x7f08c4106b50 con 0x7f08c4107ef0
2024-04-01T01:24:27.822 INFO:teuthology.orchestra.run.smithi070.stdout:/usr/bin/ceph: stderr
2024-04-01T01:24:26.928+0000 7f08c2ffd700 1 --2- 172.21.15.70:0/1749962368 >> [v2:172.21.15.70:3300/0,v1:172.21.15.70:6789/0] conn(0x7f08c4107ef0 0x7f08c4108310 secure :-1 s=READY pgs=76 cs=0 l=1 rev1=1 crypto rx=0x7f08bc0098a0 tx=0x7f08bc009bb0 comp rx=0 tx=0).ready entity=mon.0 client_cookie=19b69aaf5ff0e142 server_cookie=0 in_seq=0 out_seq=0
2024-04-01T01:24:27.822 INFO:teuthology.orchestra.run.smithi070.stdout:/usr/bin/ceph: stderr
2024-04-01T01:24:26.928+0000 7f08c1ffb700 1 -- 172.21.15.70:0/1749962368 <== mon.0 v2:172.21.15.70:3300/0 1 ==== mon_map magic: 0 ==== 205+0+0 (secure 0 0 0) 0x7f08bc004160 con 0x7f08c4107ef0
2024-04-01T01:24:27.822 INFO:teuthology.orchestra.run.smithi070.stdout:/usr/bin/ceph: stderr
2024-04-01T01:24:26.928+0000 7f08c1ffb700 1 -- 172.21.15.70:0/1749962368 <== mon.0 v2:172.21.15.70:3300/0 2 ==== config(26 keys) ==== 1102+0+0 (secure 0 0 0) 0x7f08bc004300 con 0x7f08c4107ef0
2024-04-01T01:24:27.822 INFO:teuthology.orchestra.run.smithi070.stdout:/usr/bin/ceph: stderr
2024-04-01T01:24:26.928+0000 7f08c1ffb700 1 -- 172.21.15.70:0/1749962368 <== mon.0 v2:172.21.15.70:3300/0 3 ==== mon_map magic: 0 ==== 205+0+0 (secure 0 0 0) 0x7f08bc011a50 con 0x7f08c4107ef0
2024-04-01T01:24:27.822 INFO:teuthology.orchestra.run.smithi070.stdout:/usr/bin/ceph: stderr
2024-04-01T01:24:26.928+0000 7f08c9499700 1 -- 172.21.15.70:0/1749962368 >> [v2:172.21.15.70:3300/0,v1:172.21.15.70:6789/0] conn(0x7f08c4107ef0 msgr2=0x7f08c4108310 secure :-1 s=STATE_CONNECTION_ESTABLISHED l=1).mark_down
2024-04-01T01:24:27.822 INFO:teuthology.orchestra.run.smithi070.stdout:/usr/bin/ceph: stderr
2024-04-01T01:24:26.928+0000 7f08c9499700 1 --2- 172.21.15.70:0/1749962368 >> [v2:172.21.15.70:3300/0,v1:172.21.15.70:6789/0] conn(0x7f08c4107ef0 0x7f08c4108310 secure :-1 s=READY pgs=76 cs=0 l=1 rev1=1 crypto rx=0x7f08bc0098a0 tx=0x7f08bc009bb0 comp rx=0 tx=0).stop
2024-04-01T01:24:27.822 INFO:teuthology.orchestra.run.smithi070.stdout:/usr/bin/ceph: stderr
2024-04-01T01:24:26.928+0000 7f08c9499700 1 -- 172.21.15.70:0/1749962368 shutdown_connections
2024-04-01T01:24:27.823 INFO:teuthology.orchestra.run.smithi070.stdout:/usr/bin/ceph: stderr
2024-04-01T01:24:26.928+0000 7f08c9499700 1 --2- 172.21.15.70:0/1749962368 >> [v2:172.21.15.70:3300/0,v1:172.21.15.70:6789/0] conn(0x7f08c4107ef0 0x7f08c4108310 unknown :-1 s=CLOSED pgs=76 cs=0 l=1 rev1=1 crypto rx=0 tx=0 comp rx=0 tx=0).stop
2024-04-01T01:24:27.823 INFO:teuthology.orchestra.run.smithi070.stdout:/usr/bin/ceph: stderr
2024-04-01T01:24:26.928+0000 7f08c9499700 1 -- 172.21.15.70:0/1749962368 >> 172.21.15.70:0/1749962368 conn(0x7f08c4101620 msgr2=0x7f08c4103aa0 unknown :-1 s=STATE_NONE l=0).mark_down
2024-04-01T01:24:27.823 INFO:teuthology.orchestra.run.smithi070.stdout:/usr/bin/ceph: stderr
2024-04-01T01:24:26.929+0000 7f08c9499700 1 -- 172.21.15.70:0/1749962368 shutdown_connections
2024-04-01T01:24:27.823 INFO:teuthology.orchestra.run.smithi070.stdout:/usr/bin/ceph: stderr
2024-04-01T01:24:26.929+0000 7f08c9499700 1 -- 172.21.15.70:0/1749962368 wait complete.
2024-04-01T01:24:27.823 INFO:teuthology.orchestra.run.smithi070.stdout:/usr/bin/ceph: stderr
2024-04-01T01:24:26.929+0000 7f08c9499700 1 Processor -- start
2024-04-01T01:24:27.823 INFO:teuthology.orchestra.run.smithi070.stdout:/usr/bin/ceph: stderr
2024-04-01T01:24:26.929+0000 7f08c9499700 1 -- start start
2024-04-01T01:24:27.823 INFO:teuthology.orchestra.run.smithi070.stdout:/usr/bin/ceph: stderr
2024-04-01T01:24:26.929+0000 7f08c9499700 1 --2- >> [v2:172.21.15.70:3300/0,v1:172.21.15.70:6789/0] conn(0x7f08c4107ef0 0x7f08c419b8b0 unknown :-1 s=NONE pgs=0 cs=0 l=1 rev1=0 crypto rx=0 tx=0 comp rx=0 tx=0).connect
2024-04-01T01:24:27.823 INFO:teuthology.orchestra.run.smithi070.stdout:/usr/bin/ceph: stderr
2024-04-01T01:24:26.929+0000 7f08c9499700 1 -- --> [v2:172.21.15.70:3300/0,v1:172.21.15.70:6789/0] -- mon_getmap magic: 0 -- 0x7f08c410af10 con 0x7f08c4107ef0
2024-04-01T01:24:27.823 INFO:teuthology.orchestra.run.smithi070.stdout:/usr/bin/ceph: stderr
2024-04-01T01:24:26.930+0000 7f08c2ffd700 1 --2- >> [v2:172.21.15.70:3300/0,v1:172.21.15.70:6789/0] conn(0x7f08c4107ef0 0x7f08c419b8b0 unknown :-1 s=BANNER_CONNECTING pgs=0 cs=0 l=1 rev1=0 crypto rx=0 tx=0 comp rx=0 tx=0)._handle_peer_banner_payload supported=3 required=0
2024-04-01T01:24:27.823 INFO:teuthology.orchestra.run.smithi070.stdout:/usr/bin/ceph: stderr
2024-04-01T01:24:26.930+0000 7f08c2ffd700 1 --2- >> [v2:172.21.15.70:3300/0,v1:172.21.15.70:6789/0] conn(0x7f08c4107ef0 0x7f08c419b8b0 unknown :-1 s=HELLO_CONNECTING pgs=0 cs=0 l=1 rev1=1 crypto rx=0 tx=0 comp rx=0 tx=0).handle_hello peer v2:172.21.15.70:3300/0 says I am v2:172.21.15.70:57414/0 (socket says 172.21.15.70:57414)
2024-04-01T01:24:27.823 INFO:teuthology.orchestra.run.smithi070.stdout:/usr/bin/ceph: stderr
2024-04-01T01:24:26.930+0000 7f08c2ffd700 1 -- 172.21.15.70:0/1315518536 learned_addr learned my addr 172.21.15.70:0/1315518536 (peer_addr_for_me v2:172.21.15.70:0/0)
2024-04-01T01:24:27.823 INFO:teuthology.orchestra.run.smithi070.stdout:/usr/bin/ceph: stderr
2024-04-01T01:24:26.930+0000 7f08c2ffd700 1 -- 172.21.15.70:0/1315518536 --> [v2:172.21.15.70:3300/0,v1:172.21.15.70:6789/0] -- mon_subscribe({config=0+,monmap=0+}) -- 0x7f08c419bdf0 con 0x7f08c4107ef0
2024-04-01T01:24:27.823 INFO:teuthology.orchestra.run.smithi070.stdout:/usr/bin/ceph: stderr
2024-04-01T01:24:26.930+0000 7f08c2ffd700 1 --2- 172.21.15.70:0/1315518536 >> [v2:172.21.15.70:3300/0,v1:172.21.15.70:6789/0] conn(0x7f08c4107ef0 0x7f08c419b8b0 secure :-1 s=READY pgs=77 cs=0 l=1 rev1=1 crypto rx=0x7f08bc011a00 tx=0x7f08bc011ae0 comp rx=0 tx=0).ready entity=mon.0 client_cookie=0 server_cookie=0 in_seq=0 out_seq=0
2024-04-01T01:24:27.823 INFO:teuthology.orchestra.run.smithi070.stdout:/usr/bin/ceph: stderr
2024-04-01T01:24:26.930+0000 7f08bbfff700 1 -- 172.21.15.70:0/1315518536 <== mon.0 v2:172.21.15.70:3300/0 1 ==== mon_map magic: 0 ==== 205+0+0 (secure 0 0 0) 0x7f08bc003af0 con 0x7f08c4107ef0
2024-04-01T01:24:27.823 INFO:teuthology.orchestra.run.smithi070.stdout:/usr/bin/ceph: stderr
2024-04-01T01:24:26.930+0000 7f08bbfff700 1 -- 172.21.15.70:0/1315518536 <== mon.0 v2:172.21.15.70:3300/0 2 ==== config(26 keys) ==== 1102+0+0 (secure 0 0 0) 0x7f08bc01a8e0 con 0x7f08c4107ef0
2024-04-01T01:24:27.824 INFO:teuthology.orchestra.run.smithi070.stdout:/usr/bin/ceph: stderr
2024-04-01T01:24:26.930+0000 7f08c9499700 1 -- 172.21.15.70:0/1315518536 --> [v2:172.21.15.70:3300/0,v1:172.21.15.70:6789/0] -- mon_subscribe({mgrmap=0+}) -- 0x7f08c419c080 con 0x7f08c4107ef0
2024-04-01T01:24:27.824 INFO:teuthology.orchestra.run.smithi070.stdout:/usr/bin/ceph: stderr
2024-04-01T01:24:26.930+0000 7f08bbfff700 1 -- 172.21.15.70:0/1315518536 <== mon.0 v2:172.21.15.70:3300/0 3 ==== mon_map magic: 0 ==== 205+0+0 (secure 0 0 0) 0x7f08bc024840 con 0x7f08c4107ef0
2024-04-01T01:24:27.824 INFO:teuthology.orchestra.run.smithi070.stdout:/usr/bin/ceph: stderr
2024-04-01T01:24:26.930+0000 7f08c9499700 1 -- 172.21.15.70:0/1315518536 --> [v2:172.21.15.70:3300/0,v1:172.21.15.70:6789/0] -- mon_subscribe({osdmap=0}) -- 0x7f08c419ed20 con 0x7f08c4107ef0
2024-04-01T01:24:27.824 INFO:teuthology.orchestra.run.smithi070.stdout:/usr/bin/ceph: stderr
2024-04-01T01:24:26.931+0000 7f08bbfff700 1 -- 172.21.15.70:0/1315518536 <== mon.0 v2:172.21.15.70:3300/0 4 ==== mgrmap(e 13) ==== 46172+0+0 (secure 0 0 0) 0x7f08bc022020 con 0x7f08c4107ef0
2024-04-01T01:24:27.824 INFO:teuthology.orchestra.run.smithi070.stdout:/usr/bin/ceph: stderr
2024-04-01T01:24:26.931+0000 7f08c9499700 1 -- 172.21.15.70:0/1315518536 --> [v2:172.21.15.70:3300/0,v1:172.21.15.70:6789/0] -- mon_command({"prefix": "get_command_descriptions"} v 0) -- 0x7f08c4063870 con 0x7f08c4107ef0
2024-04-01T01:24:27.824 INFO:teuthology.orchestra.run.smithi070.stdout:/usr/bin/ceph: stderr
2024-04-01T01:24:26.931+0000 7f08bbfff700 1 --2- 172.21.15.70:0/1315518536 >> [v2:172.21.15.70:6800/2070166741,v1:172.21.15.70:6801/2070166741] conn(0x7f08b0038fb0 0x7f08b003b470 unknown :-1 s=NONE pgs=0 cs=0 l=1 rev1=0 crypto rx=0 tx=0 comp rx=0 tx=0).connect
2024-04-01T01:24:27.824 INFO:teuthology.orchestra.run.smithi070.stdout:/usr/bin/ceph: stderr
2024-04-01T01:24:26.931+0000 7f08bbfff700 1 -- 172.21.15.70:0/1315518536 <== mon.0 v2:172.21.15.70:3300/0 5 ==== osd_map(3..3 src has 1..3) ==== 1155+0+0 (secure 0 0 0) 0x7f08bc04d290 con 0x7f08c4107ef0
2024-04-01T01:24:27.824 INFO:teuthology.orchestra.run.smithi070.stdout:/usr/bin/ceph: stderr
2024-04-01T01:24:26.931+0000 7f08c27fc700 1 --2- 172.21.15.70:0/1315518536 >> [v2:172.21.15.70:6800/2070166741,v1:172.21.15.70:6801/2070166741] conn(0x7f08b0038fb0 0x7f08b003b470 unknown :-1 s=BANNER_CONNECTING pgs=0 cs=0 l=1 rev1=0 crypto rx=0 tx=0 comp rx=0 tx=0)._handle_peer_banner_payload supported=3 required=0
2024-04-01T01:24:27.824 INFO:teuthology.orchestra.run.smithi070.stdout:/usr/bin/ceph: stderr
2024-04-01T01:24:26.932+0000 7f08c27fc700 1 --2- 172.21.15.70:0/1315518536 >> [v2:172.21.15.70:6800/2070166741,v1:172.21.15.70:6801/2070166741] conn(0x7f08b0038fb0 0x7f08b003b470 secure :-1 s=READY pgs=11 cs=0 l=1 rev1=1 crypto rx=0x7f08ac006fd0 tx=0x7f08ac006e40 comp rx=0 tx=0).ready entity=mgr.14150 client_cookie=0 server_cookie=0 in_seq=0 out_seq=0
2024-04-01T01:24:27.825 INFO:teuthology.orchestra.run.smithi070.stdout:/usr/bin/ceph: stderr
2024-04-01T01:24:26.936+0000 7f08bbfff700 1 -- 172.21.15.70:0/1315518536 <== mon.0 v2:172.21.15.70:3300/0 6 ==== mon_command_ack([{"prefix": "get_command_descriptions"}]=0 v0) ==== 72+0+184932 (secure 0 0 0) 0x7f08bc021e00 con 0x7f08c4107ef0
2024-04-01T01:24:27.825 INFO:teuthology.orchestra.run.smithi070.stdout:/usr/bin/ceph: stderr
2024-04-01T01:24:27.239+0000 7f08c9499700 1 -- 172.21.15.70:0/1315518536 --> [v2:172.21.15.70:3300/0,v1:172.21.15.70:6789/0] -- mon_command([{prefix=config-key set, key=mgr/dashboard/cluster/status}] v 0) -- 0x7f08c402dd80 con 0x7f08c4107ef0
2024-04-01T01:24:27.825 INFO:teuthology.orchestra.run.smithi070.stdout:/usr/bin/ceph: stderr
2024-04-01T01:24:27.242+0000 7f08bbfff700 1 -- 172.21.15.70:0/1315518536 <== mon.0 v2:172.21.15.70:3300/0 7 ==== mon_command_ack([{prefix=config-key set, key=mgr/dashboard/cluster/status}]=0 set mgr/dashboard/cluster/status v28)=0 set mgr/dashboard/cluster/status v28) ==== 153+0+0 (secure 0 0 0) 0x7f08bc016df0 con 0x7f08c4107ef0
2024-04-01T01:24:27.825 INFO:teuthology.orchestra.run.smithi070.stdout:/usr/bin/ceph: stderr
2024-04-01T01:24:27.244+0000 7f08c9499700 1 -- 172.21.15.70:0/1315518536 >> [v2:172.21.15.70:6800/2070166741,v1:172.21.15.70:6801/2070166741] conn(0x7f08b0038fb0 msgr2=0x7f08b003b470 secure :-1 s=STATE_CONNECTION_ESTABLISHED l=1).mark_down
2024-04-01T01:24:27.825 INFO:teuthology.orchestra.run.smithi070.stdout:/usr/bin/ceph: stderr
2024-04-01T01:24:27.244+0000 7f08c9499700 1 --2- 172.21.15.70:0/1315518536 >> [v2:172.21.15.70:6800/2070166741,v1:172.21.15.70:6801/2070166741] conn(0x7f08b0038fb0 0x7f08b003b470 secure :-1 s=READY pgs=11 cs=0 l=1 rev1=1 crypto rx=0x7f08ac006fd0 tx=0x7f08ac006e40 comp rx=0 tx=0).stop
2024-04-01T01:24:27.825 INFO:teuthology.orchestra.run.smithi070.stdout:/usr/bin/ceph: stderr
2024-04-01T01:24:27.244+0000 7f08c9499700 1 -- 172.21.15.70:0/1315518536 >> [v2:172.21.15.70:3300/0,v1:172.21.15.70:6789/0] conn(0x7f08c4107ef0 msgr2=0x7f08c419b8b0 secure :-1 s=STATE_CONNECTION_ESTABLISHED l=1).mark_down
2024-04-01T01:24:27.825 INFO:teuthology.orchestra.run.smithi070.stdout:/usr/bin/ceph: stderr
2024-04-01T01:24:27.244+0000 7f08c9499700 1 --2- 172.21.15.70:0/1315518536 >> [v2:172.21.15.70:3300/0,v1:172.21.15.70:6789/0] conn(0x7f08c4107ef0 0x7f08c419b8b0 secure :-1 s=READY pgs=77 cs=0 l=1 rev1=1 crypto rx=0x7f08bc011a00 tx=0x7f08bc011ae0 comp rx=0 tx=0).stop
2024-04-01T01:24:27.825 INFO:teuthology.orchestra.run.smithi070.stdout:/usr/bin/ceph: stderr
2024-04-01T01:24:27.244+0000 7f08c9499700 1 -- 172.21.15.70:0/1315518536 shutdown_connections
2024-04-01T01:24:27.825 INFO:teuthology.orchestra.run.smithi070.stdout:/usr/bin/ceph: stderr
2024-04-01T01:24:27.244+0000 7f08c9499700 1 --2- 172.21.15.70:0/1315518536 >> [v2:172.21.15.70:6800/2070166741,v1:172.21.15.70:6801/2070166741] conn(0x7f08b0038fb0 0x7f08b003b470 unknown :-1 s=CLOSED pgs=11 cs=0 l=1 rev1=1 crypto rx=0 tx=0 comp rx=0 tx=0).stop
2024-04-01T01:24:27.825 INFO:teuthology.orchestra.run.smithi070.stdout:/usr/bin/ceph: stderr
2024-04-01T01:24:27.244+0000 7f08c9499700 1 --2- 172.21.15.70:0/1315518536 >> [v2:172.21.15.70:3300/0,v1:172.21.15.70:6789/0] conn(0x7f08c4107ef0 0x7f08c419b8b0 unknown :-1 s=CLOSED pgs=77 cs=0 l=1 rev1=1 crypto rx=0 tx=0 comp rx=0 tx=0).stop
2024-04-01T01:24:27.825 INFO:teuthology.orchestra.run.smithi070.stdout:/usr/bin/ceph: stderr
2024-04-01T01:24:27.244+0000 7f08c9499700 1 -- 172.21.15.70:0/1315518536 >> 172.21.15.70:0/1315518536 conn(0x7f08c4101620 msgr2=0x7f08c4192470 unknown :-1 s=STATE_NONE l=0).mark_down
2024-04-01T01:24:27.825 INFO:teuthology.orchestra.run.smithi070.stdout:/usr/bin/ceph: stderr
2024-04-01T01:24:27.244+0000 7f08c9499700 1 -- 172.21.15.70:0/1315518536 shutdown_connections
2024-04-01T01:24:27.825 INFO:teuthology.orchestra.run.smithi070.stdout:/usr/bin/ceph: stderr
2024-04-01T01:24:27.244+0000 7f08c9499700 1 -- 172.21.15.70:0/1315518536 wait complete.
2024-04-01T01:24:27.825 INFO:teuthology.orchestra.run.smithi070.stdout:/usr/bin/ceph: stderr set mgr/dashboard/cluster/status
2024-04-01T01:24:27.825 INFO:teuthology.orchestra.run.smithi070.stdout:You can access the Ceph CLI as following in case of multi-cluster or non-default config:
2024-04-01T01:24:27.826 INFO:teuthology.orchestra.run.smithi070.stdout:
2024-04-01T01:24:27.826 INFO:teuthology.orchestra.run.smithi070.stdout: sudo /home/ubuntu/cephtest/cephadm shell --fsid 36577394-efc6-11ee-b647-cb9ed24678a4 -c /etc/ceph/ceph.conf -k /etc/ceph/ceph.client.admin.keyring
2024-04-01T01:24:27.826 INFO:teuthology.orchestra.run.smithi070.stdout:
2024-04-01T01:24:27.826 INFO:teuthology.orchestra.run.smithi070.stdout:Or, if you are only running a single cluster on this host:
2024-04-01T01:24:27.826 INFO:teuthology.orchestra.run.smithi070.stdout:
2024-04-01T01:24:27.826 INFO:teuthology.orchestra.run.smithi070.stdout: sudo /home/ubuntu/cephtest/cephadm shell
2024-04-01T01:24:27.826 INFO:teuthology.orchestra.run.smithi070.stdout:
2024-04-01T01:24:27.826 INFO:teuthology.orchestra.run.smithi070.stdout:Please consider enabling telemetry to help improve Ceph:
2024-04-01T01:24:27.826 INFO:teuthology.orchestra.run.smithi070.stdout:
2024-04-01T01:24:27.826 INFO:teuthology.orchestra.run.smithi070.stdout: ceph telemetry on
2024-04-01T01:24:27.826 INFO:teuthology.orchestra.run.smithi070.stdout:
2024-04-01T01:24:27.826 INFO:teuthology.orchestra.run.smithi070.stdout:For more information see:
2024-04-01T01:24:27.826 INFO:teuthology.orchestra.run.smithi070.stdout:
2024-04-01T01:24:27.826 INFO:teuthology.orchestra.run.smithi070.stdout: https://docs.ceph.com/en/latest/mgr/telemetry/
2024-04-01T01:24:27.826 INFO:teuthology.orchestra.run.smithi070.stdout:
2024-04-01T01:24:27.826 INFO:teuthology.orchestra.run.smithi070.stdout:Bootstrap complete.
2024-04-01T01:24:27.862 INFO:tasks.cephadm:Fetching config...
2024-04-01T01:24:27.863 DEBUG:teuthology.orchestra.run.smithi070:> set -ex
2024-04-01T01:24:27.863 DEBUG:teuthology.orchestra.run.smithi070:> dd if=/etc/ceph/ceph.conf of=/dev/stdout
2024-04-01T01:24:27.878 INFO:tasks.cephadm:Fetching client.admin keyring...
2024-04-01T01:24:27.878 DEBUG:teuthology.orchestra.run.smithi070:> set -ex
2024-04-01T01:24:27.878 DEBUG:teuthology.orchestra.run.smithi070:> dd if=/etc/ceph/ceph.client.admin.keyring of=/dev/stdout
2024-04-01T01:24:27.933 INFO:tasks.cephadm:Fetching mon keyring...
2024-04-01T01:24:27.933 DEBUG:teuthology.orchestra.run.smithi070:> set -ex
2024-04-01T01:24:27.933 DEBUG:teuthology.orchestra.run.smithi070:> sudo dd if=/var/lib/ceph/36577394-efc6-11ee-b647-cb9ed24678a4/mon.a/keyring of=/dev/stdout
2024-04-01T01:24:28.000 INFO:tasks.cephadm:Fetching pub ssh key...
2024-04-01T01:24:28.000 DEBUG:teuthology.orchestra.run.smithi070:> set -ex
2024-04-01T01:24:28.000 DEBUG:teuthology.orchestra.run.smithi070:> dd if=/home/ubuntu/cephtest/ceph.pub of=/dev/stdout
2024-04-01T01:24:28.055 INFO:tasks.cephadm:Installing pub ssh key for root users...
2024-04-01T01:24:28.056 DEBUG:teuthology.orchestra.run.smithi070:> sudo install -d -m 0700 /root/.ssh && echo 'ssh-rsa AAAAB3NzaC1yc2EAAAADAQABAAABgQDKsoBv+8wsrN+7luwiiFWSrs2097Luy4eDj+sEwq3Z1IysB8JfZNGA9hXzi/SzScL0AMbOO0/AoFt4p0A+IOgYQGIauqC/sY1TS8Ta2Px1lzhSdsMSKcxxJ6CI4fPUaoQUpjyYlnEkdp8BgSEI7i+hVaB6PP4aoZAzAYS/gog39S9m3rBLA5MRPPVzhbAXce9QvWI4kKSmZdAluINGzNKR4dV+uaDBlg7D5Slu32ns8i09tVGtPLRXeOcTpLQfdSQFfxSHWpn34de0uVYKzIUX4BtHGL/oU4m70O8JcuMN6L6afF6/uw8y13hK1Z7Xg6WVrpr4SiNKPfbuqeyDar0HHmkWA54o4O9fb8URVvqUpjp8xNuehlE7SsWYD94uaBxyKiEetLmaO9GC9qiDIRuNrH/fBbYHAsiExzjyKhVi+CAe8EgoRj077jMm027MnwfDvT3ZLkLDQI2VJ6Qm3U/3AhYXyi52j4Z6HCjYIdbT+CxqJRyGK8Nutp2nj/3271s= ceph-36577394-efc6-11ee-b647-cb9ed24678a4' | sudo tee -a /root/.ssh/authorized_keys && sudo chmod 0600 /root/.ssh/authorized_keys
2024-04-01T01:24:28.133 INFO:teuthology.orchestra.run.smithi070.stdout:ssh-rsa AAAAB3NzaC1yc2EAAAADAQABAAABgQDKsoBv+8wsrN+7luwiiFWSrs2097Luy4eDj+sEwq3Z1IysB8JfZNGA9hXzi/SzScL0AMbOO0/AoFt4p0A+IOgYQGIauqC/sY1TS8Ta2Px1lzhSdsMSKcxxJ6CI4fPUaoQUpjyYlnEkdp8BgSEI7i+hVaB6PP4aoZAzAYS/gog39S9m3rBLA5MRPPVzhbAXce9QvWI4kKSmZdAluINGzNKR4dV+uaDBlg7D5Slu32ns8i09tVGtPLRXeOcTpLQfdSQFfxSHWpn34de0uVYKzIUX4BtHGL/oU4m70O8JcuMN6L6afF6/uw8y13hK1Z7Xg6WVrpr4SiNKPfbuqeyDar0HHmkWA54o4O9fb8URVvqUpjp8xNuehlE7SsWYD94uaBxyKiEetLmaO9GC9qiDIRuNrH/fBbYHAsiExzjyKhVi+CAe8EgoRj077jMm027MnwfDvT3ZLkLDQI2VJ6Qm3U/3AhYXyi52j4Z6HCjYIdbT+CxqJRyGK8Nutp2nj/3271s= ceph-36577394-efc6-11ee-b647-cb9ed24678a4
2024-04-01T01:24:28.158 DEBUG:teuthology.orchestra.run.smithi081:> sudo install -d -m 0700 /root/.ssh && echo 'ssh-rsa AAAAB3NzaC1yc2EAAAADAQABAAABgQDKsoBv+8wsrN+7luwiiFWSrs2097Luy4eDj+sEwq3Z1IysB8JfZNGA9hXzi/SzScL0AMbOO0/AoFt4p0A+IOgYQGIauqC/sY1TS8Ta2Px1lzhSdsMSKcxxJ6CI4fPUaoQUpjyYlnEkdp8BgSEI7i+hVaB6PP4aoZAzAYS/gog39S9m3rBLA5MRPPVzhbAXce9QvWI4kKSmZdAluINGzNKR4dV+uaDBlg7D5Slu32ns8i09tVGtPLRXeOcTpLQfdSQFfxSHWpn34de0uVYKzIUX4BtHGL/oU4m70O8JcuMN6L6afF6/uw8y13hK1Z7Xg6WVrpr4SiNKPfbuqeyDar0HHmkWA54o4O9fb8URVvqUpjp8xNuehlE7SsWYD94uaBxyKiEetLmaO9GC9qiDIRuNrH/fBbYHAsiExzjyKhVi+CAe8EgoRj077jMm027MnwfDvT3ZLkLDQI2VJ6Qm3U/3AhYXyi52j4Z6HCjYIdbT+CxqJRyGK8Nutp2nj/3271s= ceph-36577394-efc6-11ee-b647-cb9ed24678a4' | sudo tee -a /root/.ssh/authorized_keys && sudo chmod 0600 /root/.ssh/authorized_keys
2024-04-01T01:24:28.204 INFO:teuthology.orchestra.run.smithi081.stdout:ssh-rsa AAAAB3NzaC1yc2EAAAADAQABAAABgQDKsoBv+8wsrN+7luwiiFWSrs2097Luy4eDj+sEwq3Z1IysB8JfZNGA9hXzi/SzScL0AMbOO0/AoFt4p0A+IOgYQGIauqC/sY1TS8Ta2Px1lzhSdsMSKcxxJ6CI4fPUaoQUpjyYlnEkdp8BgSEI7i+hVaB6PP4aoZAzAYS/gog39S9m3rBLA5MRPPVzhbAXce9QvWI4kKSmZdAluINGzNKR4dV+uaDBlg7D5Slu32ns8i09tVGtPLRXeOcTpLQfdSQFfxSHWpn34de0uVYKzIUX4BtHGL/oU4m70O8JcuMN6L6afF6/uw8y13hK1Z7Xg6WVrpr4SiNKPfbuqeyDar0HHmkWA54o4O9fb8URVvqUpjp8xNuehlE7SsWYD94uaBxyKiEetLmaO9GC9qiDIRuNrH/fBbYHAsiExzjyKhVi+CAe8EgoRj077jMm027MnwfDvT3ZLkLDQI2VJ6Qm3U/3AhYXyi52j4Z6HCjYIdbT+CxqJRyGK8Nutp2nj/3271s= ceph-36577394-efc6-11ee-b647-cb9ed24678a4
2024-04-01T01:24:28.219 DEBUG:teuthology.orchestra.run.smithi189:> sudo install -d -m 0700 /root/.ssh && echo 'ssh-rsa AAAAB3NzaC1yc2EAAAADAQABAAABgQDKsoBv+8wsrN+7luwiiFWSrs2097Luy4eDj+sEwq3Z1IysB8JfZNGA9hXzi/SzScL0AMbOO0/AoFt4p0A+IOgYQGIauqC/sY1TS8Ta2Px1lzhSdsMSKcxxJ6CI4fPUaoQUpjyYlnEkdp8BgSEI7i+hVaB6PP4aoZAzAYS/gog39S9m3rBLA5MRPPVzhbAXce9QvWI4kKSmZdAluINGzNKR4dV+uaDBlg7D5Slu32ns8i09tVGtPLRXeOcTpLQfdSQFfxSHWpn34de0uVYKzIUX4BtHGL/oU4m70O8JcuMN6L6afF6/uw8y13hK1Z7Xg6WVrpr4SiNKPfbuqeyDar0HHmkWA54o4O9fb8URVvqUpjp8xNuehlE7SsWYD94uaBxyKiEetLmaO9GC9qiDIRuNrH/fBbYHAsiExzjyKhVi+CAe8EgoRj077jMm027MnwfDvT3ZLkLDQI2VJ6Qm3U/3AhYXyi52j4Z6HCjYIdbT+CxqJRyGK8Nutp2nj/3271s= ceph-36577394-efc6-11ee-b647-cb9ed24678a4' | sudo tee -a /root/.ssh/authorized_keys && sudo chmod 0600 /root/.ssh/authorized_keys
2024-04-01T01:24:28.265 INFO:teuthology.orchestra.run.smithi189.stdout:ssh-rsa AAAAB3NzaC1yc2EAAAADAQABAAABgQDKsoBv+8wsrN+7luwiiFWSrs2097Luy4eDj+sEwq3Z1IysB8JfZNGA9hXzi/SzScL0AMbOO0/AoFt4p0A+IOgYQGIauqC/sY1TS8Ta2Px1lzhSdsMSKcxxJ6CI4fPUaoQUpjyYlnEkdp8BgSEI7i+hVaB6PP4aoZAzAYS/gog39S9m3rBLA5MRPPVzhbAXce9QvWI4kKSmZdAluINGzNKR4dV+uaDBlg7D5Slu32ns8i09tVGtPLRXeOcTpLQfdSQFfxSHWpn34de0uVYKzIUX4BtHGL/oU4m70O8JcuMN6L6afF6/uw8y13hK1Z7Xg6WVrpr4SiNKPfbuqeyDar0HHmkWA54o4O9fb8URVvqUpjp8xNuehlE7SsWYD94uaBxyKiEetLmaO9GC9qiDIRuNrH/fBbYHAsiExzjyKhVi+CAe8EgoRj077jMm027MnwfDvT3ZLkLDQI2VJ6Qm3U/3AhYXyi52j4Z6HCjYIdbT+CxqJRyGK8Nutp2nj/3271s= ceph-36577394-efc6-11ee-b647-cb9ed24678a4
2024-04-01T01:24:28.280 DEBUG:teuthology.orchestra.run.smithi070:> sudo /home/ubuntu/cephtest/cephadm --image quay-quay-quay.apps.os.sepia.ceph.com/ceph-ci/ceph:384f31f3d3aee7f8ba3f60846b8844c049165583 shell -c /etc/ceph/ceph.conf -k /etc/ceph/ceph.client.admin.keyring --fsid 36577394-efc6-11ee-b647-cb9ed24678a4 -- ceph config set mgr mgr/cephadm/allow_ptrace true
2024-04-01T01:24:28.503 INFO:journalctl@ceph.mon.a.smithi070.stdout:Apr 01 01:24:28 smithi070 ceph-mon[32179]: from='client.? 172.21.15.70:0/1315518536' entity='client.admin'
2024-04-01T01:24:28.522 INFO:teuthology.orchestra.run.smithi070.stderr:Inferring config /var/lib/ceph/36577394-efc6-11ee-b647-cb9ed24678a4/mon.a/config
2024-04-01T01:24:31.136 INFO:teuthology.orchestra.run.smithi070.stderr:2024-04-01T01:24:31.134+0000 7f52e5be7700 1 -- 172.21.15.70:0/2501224754 >> [v2:172.21.15.70:3300/0,v1:172.21.15.70:6789/0] conn(0x7f52e0100b70 msgr2=0x7f52e0100f90 secure :-1 s=STATE_CONNECTION_ESTABLISHED l=1).mark_down
2024-04-01T01:24:31.136 INFO:teuthology.orchestra.run.smithi070.stderr:2024-04-01T01:24:31.134+0000 7f52e5be7700 1 --2- 172.21.15.70:0/2501224754 >> [v2:172.21.15.70:3300/0,v1:172.21.15.70:6789/0] conn(0x7f52e0100b70 0x7f52e0100f90 secure :-1 s=READY pgs=78 cs=0 l=1 rev1=1 crypto rx=0x7f52d0009910 tx=0x7f52d0009c20 comp rx=0 tx=0).stop
2024-04-01T01:24:31.136 INFO:teuthology.orchestra.run.smithi070.stderr:2024-04-01T01:24:31.134+0000 7f52e5be7700 1 -- 172.21.15.70:0/2501224754 shutdown_connections
2024-04-01T01:24:31.136 INFO:teuthology.orchestra.run.smithi070.stderr:2024-04-01T01:24:31.134+0000 7f52e5be7700 1 --2- 172.21.15.70:0/2501224754 >> [v2:172.21.15.70:3300/0,v1:172.21.15.70:6789/0] conn(0x7f52e0100b70 0x7f52e0100f90 unknown :-1 s=CLOSED pgs=78 cs=0 l=1 rev1=1 crypto rx=0 tx=0 comp rx=0 tx=0).stop
2024-04-01T01:24:31.136 INFO:teuthology.orchestra.run.smithi070.stderr:2024-04-01T01:24:31.134+0000 7f52e5be7700 1 -- 172.21.15.70:0/2501224754 >> 172.21.15.70:0/2501224754 conn(0x7f52e00fc110 msgr2=0x7f52e00fe550 unknown :-1 s=STATE_NONE l=0).mark_down
2024-04-01T01:24:31.136 INFO:teuthology.orchestra.run.smithi070.stderr:2024-04-01T01:24:31.134+0000 7f52e5be7700 1 -- 172.21.15.70:0/2501224754 shutdown_connections
2024-04-01T01:24:31.136 INFO:teuthology.orchestra.run.smithi070.stderr:2024-04-01T01:24:31.134+0000 7f52e5be7700 1 -- 172.21.15.70:0/2501224754 wait complete.
2024-04-01T01:24:31.136 INFO:teuthology.orchestra.run.smithi070.stderr:2024-04-01T01:24:31.135+0000 7f52e5be7700 1 Processor -- start
2024-04-01T01:24:31.136 INFO:teuthology.orchestra.run.smithi070.stderr:2024-04-01T01:24:31.136+0000 7f52e5be7700 1 -- start start
2024-04-01T01:24:31.136 INFO:teuthology.orchestra.run.smithi070.stderr:2024-04-01T01:24:31.136+0000 7f52e5be7700 1 --2- >> [v2:172.21.15.70:3300/0,v1:172.21.15.70:6789/0] conn(0x7f52e0100b70 0x7f52e0197310 unknown :-1 s=NONE pgs=0 cs=0 l=1 rev1=0 crypto rx=0 tx=0 comp rx=0 tx=0).connect
2024-04-01T01:24:31.137 INFO:teuthology.orchestra.run.smithi070.stderr:2024-04-01T01:24:31.136+0000 7f52e5be7700 1 -- --> [v2:172.21.15.70:3300/0,v1:172.21.15.70:6789/0] -- mon_getmap magic: 0 -- 0x7f52e0106ab0 con 0x7f52e0100b70
2024-04-01T01:24:31.137 INFO:teuthology.orchestra.run.smithi070.stderr:2024-04-01T01:24:31.136+0000 7f52df7fe700 1 --2- >> [v2:172.21.15.70:3300/0,v1:172.21.15.70:6789/0] conn(0x7f52e0100b70 0x7f52e0197310 unknown :-1 s=BANNER_CONNECTING pgs=0 cs=0 l=1 rev1=0 crypto rx=0 tx=0 comp rx=0 tx=0)._handle_peer_banner_payload supported=3 required=0
2024-04-01T01:24:31.137 INFO:teuthology.orchestra.run.smithi070.stderr:2024-04-01T01:24:31.136+0000 7f52df7fe700 1 --2- >> [v2:172.21.15.70:3300/0,v1:172.21.15.70:6789/0] conn(0x7f52e0100b70 0x7f52e0197310 unknown :-1 s=HELLO_CONNECTING pgs=0 cs=0 l=1 rev1=1 crypto rx=0 tx=0 comp rx=0 tx=0).handle_hello peer v2:172.21.15.70:3300/0 says I am v2:172.21.15.70:57444/0 (socket says 172.21.15.70:57444)
2024-04-01T01:24:31.137 INFO:teuthology.orchestra.run.smithi070.stderr:2024-04-01T01:24:31.136+0000 7f52df7fe700 1 -- 172.21.15.70:0/1229025298 learned_addr learned my addr 172.21.15.70:0/1229025298 (peer_addr_for_me v2:172.21.15.70:0/0)
2024-04-01T01:24:31.137 INFO:teuthology.orchestra.run.smithi070.stderr:2024-04-01T01:24:31.136+0000 7f52df7fe700 1 -- 172.21.15.70:0/1229025298 --> [v2:172.21.15.70:3300/0,v1:172.21.15.70:6789/0] -- mon_subscribe({config=0+,monmap=0+}) -- 0x7f52e0197850 con 0x7f52e0100b70
2024-04-01T01:24:31.137 INFO:teuthology.orchestra.run.smithi070.stderr:2024-04-01T01:24:31.136+0000 7f52df7fe700 1 --2- 172.21.15.70:0/1229025298 >> [v2:172.21.15.70:3300/0,v1:172.21.15.70:6789/0] conn(0x7f52e0100b70 0x7f52e0197310 secure :-1 s=READY pgs=79 cs=0 l=1 rev1=1 crypto rx=0x7f52d0005950 tx=0x7f52d0004fa0 comp rx=0 tx=0).ready entity=mon.0 client_cookie=0 server_cookie=0 in_seq=0 out_seq=0
2024-04-01T01:24:31.137 INFO:teuthology.orchestra.run.smithi070.stderr:2024-04-01T01:24:31.137+0000 7f52dcff9700 1 -- 172.21.15.70:0/1229025298 <== mon.0 v2:172.21.15.70:3300/0 1 ==== mon_map magic: 0 ==== 205+0+0 (secure 0 0 0) 0x7f52d0026070 con 0x7f52e0100b70
2024-04-01T01:24:31.137 INFO:teuthology.orchestra.run.smithi070.stderr:2024-04-01T01:24:31.137+0000 7f52dcff9700 1 -- 172.21.15.70:0/1229025298 <== mon.0 v2:172.21.15.70:3300/0 2 ==== config(26 keys) ==== 1102+0+0 (secure 0 0 0) 0x7f52d000bc00 con 0x7f52e0100b70
2024-04-01T01:24:31.137 INFO:teuthology.orchestra.run.smithi070.stderr:2024-04-01T01:24:31.137+0000 7f52e5be7700 1 -- 172.21.15.70:0/1229025298 --> [v2:172.21.15.70:3300/0,v1:172.21.15.70:6789/0] -- mon_subscribe({mgrmap=0+}) -- 0x7f52e0197ae0 con 0x7f52e0100b70
2024-04-01T01:24:31.137 INFO:teuthology.orchestra.run.smithi070.stderr:2024-04-01T01:24:31.137+0000 7f52dcff9700 1 -- 172.21.15.70:0/1229025298 <== mon.0 v2:172.21.15.70:3300/0 3 ==== mon_map magic: 0 ==== 205+0+0 (secure 0 0 0) 0x7f52d00039a0 con 0x7f52e0100b70
2024-04-01T01:24:31.137 INFO:teuthology.orchestra.run.smithi070.stderr:2024-04-01T01:24:31.137+0000 7f52e5be7700 1 -- 172.21.15.70:0/1229025298 --> [v2:172.21.15.70:3300/0,v1:172.21.15.70:6789/0] -- mon_subscribe({osdmap=0}) -- 0x7f52e019a780 con 0x7f52e0100b70
2024-04-01T01:24:31.138 INFO:teuthology.orchestra.run.smithi070.stderr:2024-04-01T01:24:31.138+0000 7f52dcff9700 1 -- 172.21.15.70:0/1229025298 <== mon.0 v2:172.21.15.70:3300/0 4 ==== mgrmap(e 13) ==== 46172+0+0 (secure 0 0 0) 0x7f52d0029070 con 0x7f52e0100b70
2024-04-01T01:24:31.138 INFO:teuthology.orchestra.run.smithi070.stderr:2024-04-01T01:24:31.138+0000 7f52e5be7700 1 -- 172.21.15.70:0/1229025298 --> [v2:172.21.15.70:3300/0,v1:172.21.15.70:6789/0] -- mon_command({"prefix": "get_command_descriptions"} v 0) -- 0x7f52e0107230 con 0x7f52e0100b70
2024-04-01T01:24:31.138 INFO:teuthology.orchestra.run.smithi070.stderr:2024-04-01T01:24:31.138+0000 7f52dcff9700 1 --2- 172.21.15.70:0/1229025298 >> [v2:172.21.15.70:6800/2070166741,v1:172.21.15.70:6801/2070166741] conn(0x7f52c8038ea0 0x7f52c803b360 unknown :-1 s=NONE pgs=0 cs=0 l=1 rev1=0 crypto rx=0 tx=0 comp rx=0 tx=0).connect
2024-04-01T01:24:31.138 INFO:teuthology.orchestra.run.smithi070.stderr:2024-04-01T01:24:31.138+0000 7f52dcff9700 1 -- 172.21.15.70:0/1229025298 <== mon.0 v2:172.21.15.70:3300/0 5 ==== osd_map(3..3 src has 1..3) ==== 1155+0+0 (secure 0 0 0) 0x7f52d001e070 con 0x7f52e0100b70
2024-04-01T01:24:31.138 INFO:teuthology.orchestra.run.smithi070.stderr:2024-04-01T01:24:31.138+0000 7f52deffd700 1 --2- 172.21.15.70:0/1229025298 >> [v2:172.21.15.70:6800/2070166741,v1:172.21.15.70:6801/2070166741] conn(0x7f52c8038ea0 0x7f52c803b360 unknown :-1 s=BANNER_CONNECTING pgs=0 cs=0 l=1 rev1=0 crypto rx=0 tx=0 comp rx=0 tx=0)._handle_peer_banner_payload supported=3 required=0
2024-04-01T01:24:31.138 INFO:teuthology.orchestra.run.smithi070.stderr:2024-04-01T01:24:31.138+0000 7f52deffd700 1 --2- 172.21.15.70:0/1229025298 >> [v2:172.21.15.70:6800/2070166741,v1:172.21.15.70:6801/2070166741] conn(0x7f52c8038ea0 0x7f52c803b360 secure :-1 s=READY pgs=12 cs=0 l=1 rev1=1 crypto rx=0x7f52d4006fd0 tx=0x7f52d4006e40 comp rx=0 tx=0).ready entity=mgr.14150 client_cookie=0 server_cookie=0 in_seq=0 out_seq=0
2024-04-01T01:24:31.142 INFO:teuthology.orchestra.run.smithi070.stderr:2024-04-01T01:24:31.143+0000 7f52dcff9700 1 -- 172.21.15.70:0/1229025298 <== mon.0 v2:172.21.15.70:3300/0 6 ==== mon_command_ack([{"prefix": "get_command_descriptions"}]=0 v0) ==== 72+0+184932 (secure 0 0 0) 0x7f52d0013070 con 0x7f52e0100b70
2024-04-01T01:24:31.345 INFO:teuthology.orchestra.run.smithi070.stderr:2024-04-01T01:24:31.345+0000 7f52e5be7700 1 -- 172.21.15.70:0/1229025298 --> [v2:172.21.15.70:3300/0,v1:172.21.15.70:6789/0] -- mon_command([{prefix=config set, name=mgr/cephadm/allow_ptrace}] v 0) -- 0x7f52e019aba0 con 0x7f52e0100b70
2024-04-01T01:24:31.347 INFO:teuthology.orchestra.run.smithi070.stderr:2024-04-01T01:24:31.348+0000 7f52dcff9700 1 -- 172.21.15.70:0/1229025298 <== mon.0 v2:172.21.15.70:3300/0 7 ==== mon_command_ack([{prefix=config set, name=mgr/cephadm/allow_ptrace}]=0 v9)=0 v9) ==== 125+0+0 (secure 0 0 0) 0x7f52d0030070 con 0x7f52e0100b70
2024-04-01T01:24:31.350 INFO:teuthology.orchestra.run.smithi070.stderr:2024-04-01T01:24:31.350+0000 7f52e5be7700 1 -- 172.21.15.70:0/1229025298 >> [v2:172.21.15.70:6800/2070166741,v1:172.21.15.70:6801/2070166741] conn(0x7f52c8038ea0 msgr2=0x7f52c803b360 secure :-1 s=STATE_CONNECTION_ESTABLISHED l=1).mark_down
2024-04-01T01:24:31.350 INFO:teuthology.orchestra.run.smithi070.stderr:2024-04-01T01:24:31.350+0000 7f52e5be7700 1 --2- 172.21.15.70:0/1229025298 >> [v2:172.21.15.70:6800/2070166741,v1:172.21.15.70:6801/2070166741] conn(0x7f52c8038ea0 0x7f52c803b360 secure :-1 s=READY pgs=12 cs=0 l=1 rev1=1 crypto rx=0x7f52d4006fd0 tx=0x7f52d4006e40 comp rx=0 tx=0).stop
2024-04-01T01:24:31.350 INFO:teuthology.orchestra.run.smithi070.stderr:2024-04-01T01:24:31.350+0000 7f52e5be7700 1 -- 172.21.15.70:0/1229025298 >> [v2:172.21.15.70:3300/0,v1:172.21.15.70:6789/0] conn(0x7f52e0100b70 msgr2=0x7f52e0197310 secure :-1 s=STATE_CONNECTION_ESTABLISHED l=1).mark_down
2024-04-01T01:24:31.350 INFO:teuthology.orchestra.run.smithi070.stderr:2024-04-01T01:24:31.350+0000 7f52e5be7700 1 --2- 172.21.15.70:0/1229025298 >> [v2:172.21.15.70:3300/0,v1:172.21.15.70:6789/0] conn(0x7f52e0100b70 0x7f52e0197310 secure :-1 s=READY pgs=79 cs=0 l=1 rev1=1 crypto rx=0x7f52d0005950 tx=0x7f52d0004fa0 comp rx=0 tx=0).stop
2024-04-01T01:24:31.350 INFO:teuthology.orchestra.run.smithi070.stderr:2024-04-01T01:24:31.350+0000 7f52e5be7700 1 -- 172.21.15.70:0/1229025298 shutdown_connections
2024-04-01T01:24:31.350 INFO:teuthology.orchestra.run.smithi070.stderr:2024-04-01T01:24:31.350+0000 7f52e5be7700 1 --2- 172.21.15.70:0/1229025298 >> [v2:172.21.15.70:6800/2070166741,v1:172.21.15.70:6801/2070166741] conn(0x7f52c8038ea0 0x7f52c803b360 unknown :-1 s=CLOSED pgs=12 cs=0 l=1 rev1=1 crypto rx=0 tx=0 comp rx=0 tx=0).stop
