2024-04-01T01:24:21.831 INFO:teuthology.orchestra.run.smithi070.stdout:/usr/bin/ceph: stdout Self-signed certificate created
2024-04-01T01:24:21.831 INFO:teuthology.orchestra.run.smithi070.stdout:/usr/bin/ceph: stderr
2024-04-01T01:24:20.819+0000 7f2734c44700 1 Processor -- start
2024-04-01T01:24:21.831 INFO:teuthology.orchestra.run.smithi070.stdout:/usr/bin/ceph: stderr
2024-04-01T01:24:20.819+0000 7f2734c44700 1 -- start start
2024-04-01T01:24:21.831 INFO:teuthology.orchestra.run.smithi070.stdout:/usr/bin/ceph: stderr
2024-04-01T01:24:20.820+0000 7f2734c44700 1 --2- >> [v2:172.21.15.70:3300/0,v1:172.21.15.70:6789/0] conn(0x7f2730108520 0x7f273010a910 unknown :-1 s=NONE pgs=0 cs=0 l=0 rev1=0 crypto rx=0 tx=0 comp rx=0 tx=0).connect
2024-04-01T01:24:21.831 INFO:teuthology.orchestra.run.smithi070.stdout:/usr/bin/ceph: stderr
2024-04-01T01:24:20.820+0000 7f2734c44700 1 -- --> [v2:172.21.15.70:3300/0,v1:172.21.15.70:6789/0] -- mon_getmap magic: 0 -- 0x7f273007be20 con 0x7f2730108520
2024-04-01T01:24:21.831 INFO:teuthology.orchestra.run.smithi070.stdout:/usr/bin/ceph: stderr
2024-04-01T01:24:20.820+0000 7f272e59c700 1 --2- >> [v2:172.21.15.70:3300/0,v1:172.21.15.70:6789/0] conn(0x7f2730108520 0x7f273010a910 unknown :-1 s=BANNER_CONNECTING pgs=0 cs=0 l=0 rev1=0 crypto rx=0 tx=0 comp rx=0 tx=0)._handle_peer_banner_payload supported=3 required=0
2024-04-01T01:24:21.831 INFO:teuthology.orchestra.run.smithi070.stdout:/usr/bin/ceph: stderr
2024-04-01T01:24:20.820+0000 7f272e59c700 1 --2- >> [v2:172.21.15.70:3300/0,v1:172.21.15.70:6789/0] conn(0x7f2730108520 0x7f273010a910 unknown :-1 s=HELLO_CONNECTING pgs=0 cs=0 l=0 rev1=1 crypto rx=0 tx=0 comp rx=0 tx=0).handle_hello peer v2:172.21.15.70:3300/0 says I am v2:172.21.15.70:56302/0 (socket says 172.21.15.70:56302)
2024-04-01T01:24:21.831 INFO:teuthology.orchestra.run.smithi070.stdout:/usr/bin/ceph: stderr
2024-04-01T01:24:20.820+0000 7f272e59c700 1 -- 172.21.15.70:0/2721209199 learned_addr learned my addr 172.21.15.70:0/2721209199 (peer_addr_for_me v2:172.21.15.70:0/0)
2024-04-01T01:24:21.831 INFO:teuthology.orchestra.run.smithi070.stdout:/usr/bin/ceph: stderr
2024-04-01T01:24:20.820+0000 7f272e59c700 1 -- 172.21.15.70:0/2721209199 --> [v2:172.21.15.70:3300/0,v1:172.21.15.70:6789/0] -- mon_subscribe({config=0+,monmap=0+}) -- 0x7f273010ae50 con 0x7f2730108520
2024-04-01T01:24:21.831 INFO:teuthology.orchestra.run.smithi070.stdout:/usr/bin/ceph: stderr
2024-04-01T01:24:20.820+0000 7f272e59c700 1 --2- 172.21.15.70:0/2721209199 >> [v2:172.21.15.70:3300/0,v1:172.21.15.70:6789/0] conn(0x7f2730108520 0x7f273010a910 secure :-1 s=READY pgs=68 cs=0 l=1 rev1=1 crypto rx=0x7f27200098a0 tx=0x7f2720009bb0 comp rx=0 tx=0).ready entity=mon.0 client_cookie=b689430080f96812 server_cookie=0 in_seq=0 out_seq=0
2024-04-01T01:24:21.832 INFO:teuthology.orchestra.run.smithi070.stdout:/usr/bin/ceph: stderr
2024-04-01T01:24:20.820+0000 7f272d59a700 1 -- 172.21.15.70:0/2721209199 <== mon.0 v2:172.21.15.70:3300/0 1 ==== mon_map magic: 0 ==== 205+0+0 (secure 0 0 0) 0x7f2720004160 con 0x7f2730108520
2024-04-01T01:24:21.832 INFO:teuthology.orchestra.run.smithi070.stdout:/usr/bin/ceph: stderr
2024-04-01T01:24:20.820+0000 7f272d59a700 1 -- 172.21.15.70:0/2721209199 <== mon.0 v2:172.21.15.70:3300/0 2 ==== config(26 keys) ==== 1102+0+0 (secure 0 0 0) 0x7f2720004300 con 0x7f2730108520
2024-04-01T01:24:21.832 INFO:teuthology.orchestra.run.smithi070.stdout:/usr/bin/ceph: stderr
2024-04-01T01:24:20.820+0000 7f272d59a700 1 -- 172.21.15.70:0/2721209199 <== mon.0 v2:172.21.15.70:3300/0 3 ==== mon_map magic: 0 ==== 205+0+0 (secure 0 0 0) 0x7f2720011a50 con 0x7f2730108520
2024-04-01T01:24:21.832 INFO:teuthology.orchestra.run.smithi070.stdout:/usr/bin/ceph: stderr
2024-04-01T01:24:20.821+0000 7f2734c44700 1 -- 172.21.15.70:0/2721209199 >> [v2:172.21.15.70:3300/0,v1:172.21.15.70:6789/0] conn(0x7f2730108520 msgr2=0x7f273010a910 secure :-1 s=STATE_CONNECTION_ESTABLISHED l=1).mark_down
2024-04-01T01:24:21.832 INFO:teuthology.orchestra.run.smithi070.stdout:/usr/bin/ceph: stderr
2024-04-01T01:24:20.821+0000 7f2734c44700 1 --2- 172.21.15.70:0/2721209199 >> [v2:172.21.15.70:3300/0,v1:172.21.15.70:6789/0] conn(0x7f2730108520 0x7f273010a910 secure :-1 s=READY pgs=68 cs=0 l=1 rev1=1 crypto rx=0x7f27200098a0 tx=0x7f2720009bb0 comp rx=0 tx=0).stop
2024-04-01T01:24:21.832 INFO:teuthology.orchestra.run.smithi070.stdout:/usr/bin/ceph: stderr
2024-04-01T01:24:20.821+0000 7f2734c44700 1 -- 172.21.15.70:0/2721209199 shutdown_connections
2024-04-01T01:24:21.832 INFO:teuthology.orchestra.run.smithi070.stdout:/usr/bin/ceph: stderr
2024-04-01T01:24:20.821+0000 7f2734c44700 1 --2- 172.21.15.70:0/2721209199 >> [v2:172.21.15.70:3300/0,v1:172.21.15.70:6789/0] conn(0x7f2730108520 0x7f273010a910 unknown :-1 s=CLOSED pgs=68 cs=0 l=1 rev1=1 crypto rx=0 tx=0 comp rx=0 tx=0).stop
2024-04-01T01:24:21.832 INFO:teuthology.orchestra.run.smithi070.stdout:/usr/bin/ceph: stderr
2024-04-01T01:24:20.821+0000 7f2734c44700 1 -- 172.21.15.70:0/2721209199 >> 172.21.15.70:0/2721209199 conn(0x7f2730101ed0 msgr2=0x7f2730104310 unknown :-1 s=STATE_NONE l=0).mark_down
2024-04-01T01:24:21.832 INFO:teuthology.orchestra.run.smithi070.stdout:/usr/bin/ceph: stderr
2024-04-01T01:24:20.821+0000 7f2734c44700 1 -- 172.21.15.70:0/2721209199 shutdown_connections
2024-04-01T01:24:21.832 INFO:teuthology.orchestra.run.smithi070.stdout:/usr/bin/ceph: stderr
2024-04-01T01:24:20.821+0000 7f2734c44700 1 -- 172.21.15.70:0/2721209199 wait complete.
2024-04-01T01:24:21.832 INFO:teuthology.orchestra.run.smithi070.stdout:/usr/bin/ceph: stderr
2024-04-01T01:24:20.822+0000 7f2734c44700 1 Processor -- start
2024-04-01T01:24:21.832 INFO:teuthology.orchestra.run.smithi070.stdout:/usr/bin/ceph: stderr
2024-04-01T01:24:20.822+0000 7f2734c44700 1 -- start start
2024-04-01T01:24:21.832 INFO:teuthology.orchestra.run.smithi070.stdout:/usr/bin/ceph: stderr
2024-04-01T01:24:20.823+0000 7f2734c44700 1 --2- >> [v2:172.21.15.70:3300/0,v1:172.21.15.70:6789/0] conn(0x7f2730108520 0x7f273019b860 unknown :-1 s=NONE pgs=0 cs=0 l=1 rev1=0 crypto rx=0 tx=0 comp rx=0 tx=0).connect
2024-04-01T01:24:21.832 INFO:teuthology.orchestra.run.smithi070.stdout:/usr/bin/ceph: stderr
2024-04-01T01:24:20.823+0000 7f2734c44700 1 -- --> [v2:172.21.15.70:3300/0,v1:172.21.15.70:6789/0] -- mon_getmap magic: 0 -- 0x7f273010bdf0 con 0x7f2730108520
2024-04-01T01:24:21.832 INFO:teuthology.orchestra.run.smithi070.stdout:/usr/bin/ceph: stderr
2024-04-01T01:24:20.823+0000 7f272e59c700 1 --2- >> [v2:172.21.15.70:3300/0,v1:172.21.15.70:6789/0] conn(0x7f2730108520 0x7f273019b860 unknown :-1 s=BANNER_CONNECTING pgs=0 cs=0 l=1 rev1=0 crypto rx=0 tx=0 comp rx=0 tx=0)._handle_peer_banner_payload supported=3 required=0
2024-04-01T01:24:21.833 INFO:teuthology.orchestra.run.smithi070.stdout:/usr/bin/ceph: stderr
2024-04-01T01:24:20.823+0000 7f272e59c700 1 --2- >> [v2:172.21.15.70:3300/0,v1:172.21.15.70:6789/0] conn(0x7f2730108520 0x7f273019b860 unknown :-1 s=HELLO_CONNECTING pgs=0 cs=0 l=1 rev1=1 crypto rx=0 tx=0 comp rx=0 tx=0).handle_hello peer v2:172.21.15.70:3300/0 says I am v2:172.21.15.70:56318/0 (socket says 172.21.15.70:56318)
2024-04-01T01:24:21.833 INFO:teuthology.orchestra.run.smithi070.stdout:/usr/bin/ceph: stderr
2024-04-01T01:24:20.823+0000 7f272e59c700 1 -- 172.21.15.70:0/555821919 learned_addr learned my addr 172.21.15.70:0/555821919 (peer_addr_for_me v2:172.21.15.70:0/0)
2024-04-01T01:24:21.833 INFO:teuthology.orchestra.run.smithi070.stdout:/usr/bin/ceph: stderr
2024-04-01T01:24:20.823+0000 7f272e59c700 1 -- 172.21.15.70:0/555821919 --> [v2:172.21.15.70:3300/0,v1:172.21.15.70:6789/0] -- mon_subscribe({config=0+,monmap=0+}) -- 0x7f273019bda0 con 0x7f2730108520
2024-04-01T01:24:21.833 INFO:teuthology.orchestra.run.smithi070.stdout:/usr/bin/ceph: stderr
2024-04-01T01:24:20.823+0000 7f272e59c700 1 --2- 172.21.15.70:0/555821919 >> [v2:172.21.15.70:3300/0,v1:172.21.15.70:6789/0] conn(0x7f2730108520 0x7f273019b860 secure :-1 s=READY pgs=69 cs=0 l=1 rev1=1 crypto rx=0x7f2720011a20 tx=0x7f2720011b00 comp rx=0 tx=0).ready entity=mon.0 client_cookie=0 server_cookie=0 in_seq=0 out_seq=0
2024-04-01T01:24:21.833 INFO:teuthology.orchestra.run.smithi070.stdout:/usr/bin/ceph: stderr
2024-04-01T01:24:20.823+0000 7f271f7fe700 1 -- 172.21.15.70:0/555821919 <== mon.0 v2:172.21.15.70:3300/0 1 ==== mon_map magic: 0 ==== 205+0+0 (secure 0 0 0) 0x7f27200039c0 con 0x7f2730108520
2024-04-01T01:24:21.833 INFO:teuthology.orchestra.run.smithi070.stdout:/usr/bin/ceph: stderr
2024-04-01T01:24:20.823+0000 7f271f7fe700 1 -- 172.21.15.70:0/555821919 <== mon.0 v2:172.21.15.70:3300/0 2 ==== config(26 keys) ==== 1102+0+0 (secure 0 0 0) 0x7f2720003b60 con 0x7f2730108520
2024-04-01T01:24:21.833 INFO:teuthology.orchestra.run.smithi070.stdout:/usr/bin/ceph: stderr
2024-04-01T01:24:20.823+0000 7f2734c44700 1 -- 172.21.15.70:0/555821919 --> [v2:172.21.15.70:3300/0,v1:172.21.15.70:6789/0] -- mon_subscribe({mgrmap=0+}) -- 0x7f273019c030 con 0x7f2730108520
2024-04-01T01:24:21.833 INFO:teuthology.orchestra.run.smithi070.stdout:/usr/bin/ceph: stderr
2024-04-01T01:24:20.823+0000 7f271f7fe700 1 -- 172.21.15.70:0/555821919 <== mon.0 v2:172.21.15.70:3300/0 3 ==== mon_map magic: 0 ==== 205+0+0 (secure 0 0 0) 0x7f272001a6b0 con 0x7f2730108520
2024-04-01T01:24:21.833 INFO:teuthology.orchestra.run.smithi070.stdout:/usr/bin/ceph: stderr
2024-04-01T01:24:20.823+0000 7f2734c44700 1 -- 172.21.15.70:0/555821919 --> [v2:172.21.15.70:3300/0,v1:172.21.15.70:6789/0] -- mon_subscribe({osdmap=0}) -- 0x7f273019ed20 con 0x7f2730108520
2024-04-01T01:24:21.833 INFO:teuthology.orchestra.run.smithi070.stdout:/usr/bin/ceph: stderr
2024-04-01T01:24:20.824+0000 7f271f7fe700 1 -- 172.21.15.70:0/555821919 <== mon.0 v2:172.21.15.70:3300/0 4 ==== mgrmap(e 11) ==== 46023+0+0 (secure 0 0 0) 0x7f272001a980 con 0x7f2730108520
2024-04-01T01:24:21.833 INFO:teuthology.orchestra.run.smithi070.stdout:/usr/bin/ceph: stderr
2024-04-01T01:24:20.824+0000 7f271f7fe700 1 --2- 172.21.15.70:0/555821919 >> [v2:172.21.15.70:6800/2070166741,v1:172.21.15.70:6801/2070166741] conn(0x7f2718038e00 0x7f271803b2c0 unknown :-1 s=NONE pgs=0 cs=0 l=1 rev1=0 crypto rx=0 tx=0 comp rx=0 tx=0).connect
2024-04-01T01:24:21.833 INFO:teuthology.orchestra.run.smithi070.stdout:/usr/bin/ceph: stderr
2024-04-01T01:24:20.824+0000 7f271f7fe700 1 -- 172.21.15.70:0/555821919 <== mon.0 v2:172.21.15.70:3300/0 5 ==== osd_map(3..3 src has 1..3) ==== 1155+0+0 (secure 0 0 0) 0x7f272004e530 con 0x7f2730108520
2024-04-01T01:24:21.833 INFO:teuthology.orchestra.run.smithi070.stdout:/usr/bin/ceph: stderr
2024-04-01T01:24:20.824+0000 7f2734c44700 1 -- 172.21.15.70:0/555821919 --> [v2:172.21.15.70:3300/0,v1:172.21.15.70:6789/0] -- mon_command({"prefix": "get_command_descriptions"} v 0) -- 0x7f2730063870 con 0x7f2730108520
2024-04-01T01:24:21.834 INFO:teuthology.orchestra.run.smithi070.stdout:/usr/bin/ceph: stderr
2024-04-01T01:24:20.825+0000 7f272dd9b700 1 --2- 172.21.15.70:0/555821919 >> [v2:172.21.15.70:6800/2070166741,v1:172.21.15.70:6801/2070166741] conn(0x7f2718038e00 0x7f271803b2c0 unknown :-1 s=BANNER_CONNECTING pgs=0 cs=0 l=1 rev1=0 crypto rx=0 tx=0 comp rx=0 tx=0)._handle_peer_banner_payload supported=3 required=0
2024-04-01T01:24:21.834 INFO:teuthology.orchestra.run.smithi070.stdout:/usr/bin/ceph: stderr
2024-04-01T01:24:20.825+0000 7f272dd9b700 1 --2- 172.21.15.70:0/555821919 >> [v2:172.21.15.70:6800/2070166741,v1:172.21.15.70:6801/2070166741] conn(0x7f2718038e00 0x7f271803b2c0 secure :-1 s=READY pgs=7 cs=0 l=1 rev1=1 crypto rx=0x7f2724006fd0 tx=0x7f2724006e40 comp rx=0 tx=0).ready entity=mgr.14150 client_cookie=0 server_cookie=0 in_seq=0 out_seq=0
2024-04-01T01:24:21.834 INFO:teuthology.orchestra.run.smithi070.stdout:/usr/bin/ceph: stderr
2024-04-01T01:24:20.830+0000 7f271f7fe700 1 -- 172.21.15.70:0/555821919 <== mon.0 v2:172.21.15.70:3300/0 6 ==== mon_command_ack([{"prefix": "get_command_descriptions"}]=0 v0) ==== 72+0+184932 (secure 0 0 0) 0x7f272002c510 con 0x7f2730108520
2024-04-01T01:24:21.834 INFO:teuthology.orchestra.run.smithi070.stdout:/usr/bin/ceph: stderr
2024-04-01T01:24:21.052+0000 7f2734c44700 1 -- 172.21.15.70:0/555821919 --> [v2:172.21.15.70:6800/2070166741,v1:172.21.15.70:6801/2070166741] -- mgr_command(tid 0: {"prefix": "dashboard create-self-signed-cert", "target": ["mon-mgr", ""]}) -- 0x7f2730102fc0 con 0x7f2718038e00
2024-04-01T01:24:21.834 INFO:teuthology.orchestra.run.smithi070.stdout:/usr/bin/ceph: stderr
2024-04-01T01:24:21.233+0000 7f271f7fe700 1 -- 172.21.15.70:0/555821919 <== mgr.14150 v2:172.21.15.70:6800/2070166741 1 ==== mgr_command_reply(tid 0: 0 ) ==== 8+0+32 (secure 0 0 0) 0x7f2730102fc0 con 0x7f2718038e00
2024-04-01T01:24:21.834 INFO:teuthology.orchestra.run.smithi070.stdout:/usr/bin/ceph: stderr
2024-04-01T01:24:21.235+0000 7f2734c44700 1 -- 172.21.15.70:0/555821919 >> [v2:172.21.15.70:6800/2070166741,v1:172.21.15.70:6801/2070166741] conn(0x7f2718038e00 msgr2=0x7f271803b2c0 secure :-1 s=STATE_CONNECTION_ESTABLISHED l=1).mark_down
2024-04-01T01:24:21.834 INFO:teuthology.orchestra.run.smithi070.stdout:/usr/bin/ceph: stderr
2024-04-01T01:24:21.235+0000 7f2734c44700 1 --2- 172.21.15.70:0/555821919 >> [v2:172.21.15.70:6800/2070166741,v1:172.21.15.70:6801/2070166741] conn(0x7f2718038e00 0x7f271803b2c0 secure :-1 s=READY pgs=7 cs=0 l=1 rev1=1 crypto rx=0x7f2724006fd0 tx=0x7f2724006e40 comp rx=0 tx=0).stop
2024-04-01T01:24:21.834 INFO:teuthology.orchestra.run.smithi070.stdout:/usr/bin/ceph: stderr
2024-04-01T01:24:21.235+0000 7f2734c44700 1 -- 172.21.15.70:0/555821919 >> [v2:172.21.15.70:3300/0,v1:172.21.15.70:6789/0] conn(0x7f2730108520 msgr2=0x7f273019b860 secure :-1 s=STATE_CONNECTION_ESTABLISHED l=1).mark_down
2024-04-01T01:24:21.834 INFO:teuthology.orchestra.run.smithi070.stdout:/usr/bin/ceph: stderr
2024-04-01T01:24:21.235+0000 7f2734c44700 1 --2- 172.21.15.70:0/555821919 >> [v2:172.21.15.70:3300/0,v1:172.21.15.70:6789/0] conn(0x7f2730108520 0x7f273019b860 secure :-1 s=READY pgs=69 cs=0 l=1 rev1=1 crypto rx=0x7f2720011a20 tx=0x7f2720011b00 comp rx=0 tx=0).stop
2024-04-01T01:24:21.834 INFO:teuthology.orchestra.run.smithi070.stdout:/usr/bin/ceph: stderr
2024-04-01T01:24:21.235+0000 7f2734c44700 1 -- 172.21.15.70:0/555821919 shutdown_connections
2024-04-01T01:24:21.834 INFO:teuthology.orchestra.run.smithi070.stdout:/usr/bin/ceph: stderr
2024-04-01T01:24:21.235+0000 7f2734c44700 1 --2- 172.21.15.70:0/555821919 >> [v2:172.21.15.70:6800/2070166741,v1:172.21.15.70:6801/2070166741] conn(0x7f2718038e00 0x7f271803b2c0 unknown :-1 s=CLOSED pgs=7 cs=0 l=1 rev1=1 crypto rx=0 tx=0 comp rx=0 tx=0).stop
2024-04-01T01:24:21.834 INFO:teuthology.orchestra.run.smithi070.stdout:/usr/bin/ceph: stderr
2024-04-01T01:24:21.235+0000 7f2734c44700 1 --2- 172.21.15.70:0/555821919 >> [v2:172.21.15.70:3300/0,v1:172.21.15.70:6789/0] conn(0x7f2730108520 0x7f273019b860 unknown :-1 s=CLOSED pgs=69 cs=0 l=1 rev1=1 crypto rx=0 tx=0 comp rx=0 tx=0).stop
2024-04-01T01:24:21.834 INFO:teuthology.orchestra.run.smithi070.stdout:/usr/bin/ceph: stderr
2024-04-01T01:24:21.235+0000 7f2734c44700 1 -- 172.21.15.70:0/555821919 >> 172.21.15.70:0/555821919 conn(0x7f2730101ed0 msgr2=0x7f27301028b0 unknown :-1 s=STATE_NONE l=0).mark_down
2024-04-01T01:24:21.835 INFO:teuthology.orchestra.run.smithi070.stdout:/usr/bin/ceph: stderr
2024-04-01T01:24:21.236+0000 7f2734c44700 1 -- 172.21.15.70:0/555821919 shutdown_connections
2024-04-01T01:24:21.835 INFO:teuthology.orchestra.run.smithi070.stdout:/usr/bin/ceph: stderr
2024-04-01T01:24:21.236+0000 7f2734c44700 1 -- 172.21.15.70:0/555821919 wait complete.
2024-04-01T01:24:21.835 INFO:teuthology.orchestra.run.smithi070.stdout:Creating initial admin user...
2024-04-01T01:24:22.451 INFO:journalctl@ceph.mon.a.smithi070.stdout:Apr 01 01:24:22 smithi070 ceph-mon[32179]: from='client.14162 -' entity='client.admin' cmd=[{"prefix": "dashboard create-self-signed-cert", "target": ["mon-mgr", ""]}]: dispatch
2024-04-01T01:24:22.451 INFO:journalctl@ceph.mon.a.smithi070.stdout:Apr 01 01:24:22 smithi070 ceph-mon[32179]: from='mgr.14150 172.21.15.70:0/1690304786' entity='mgr.x'
2024-04-01T01:24:22.451 INFO:journalctl@ceph.mon.a.smithi070.stdout:Apr 01 01:24:22 smithi070 ceph-mon[32179]: from='mgr.14150 172.21.15.70:0/1690304786' entity='mgr.x'
2024-04-01T01:24:22.451 INFO:journalctl@ceph.mon.a.smithi070.stdout:Apr 01 01:24:22 smithi070 ceph-mon[32179]: mgrmap e12: x(active, since 2s)
2024-04-01T01:24:22.451 INFO:journalctl@ceph.mon.a.smithi070.stdout:Apr 01 01:24:22 smithi070 ceph-mon[32179]: from='mgr.14150 172.21.15.70:0/1690304786' entity='mgr.x'
2024-04-01T01:24:23.503 INFO:journalctl@ceph.mon.a.smithi070.stdout:Apr 01 01:24:23 smithi070 ceph-mon[32179]: from='client.14164 -' entity='client.admin' cmd=[{"prefix": "dashboard ac-user-create", "username": "admin", "rolename": "administrator", "force_password": true, "pwd_update_required": true, "target": ["mon-mgr", ""]}]: dispatch
2024-04-01T01:24:23.504 INFO:journalctl@ceph.mon.a.smithi070.stdout:Apr 01 01:24:23 smithi070 ceph-mon[32179]: from='mgr.14150 172.21.15.70:0/1690304786' entity='mgr.x'
2024-04-01T01:24:24.159 INFO:teuthology.orchestra.run.smithi070.stdout:/usr/bin/ceph: stdout {"username": "admin", "password": "$2b$12$H0IyzH.wme6PXqaOrVSFoe2s6W7rm4szaZp07MPm6nZE82pccA.ne", "roles": ["administrator"], "name": null, "email": null, "lastUpdate": 1711934662, "enabled": true, "pwdExpirationDate": null, "pwdUpdateRequired": true}
2024-04-01T01:24:24.159 INFO:teuthology.orchestra.run.smithi070.stdout:/usr/bin/ceph: stderr
2024-04-01T01:24:22.226+0000 7f66f3de7700 1 Processor -- start
2024-04-01T01:24:24.160 INFO:teuthology.orchestra.run.smithi070.stdout:/usr/bin/ceph: stderr
2024-04-01T01:24:22.226+0000 7f66f3de7700 1 -- start start
2024-04-01T01:24:24.160 INFO:teuthology.orchestra.run.smithi070.stdout:/usr/bin/ceph: stderr
2024-04-01T01:24:22.227+0000 7f66f3de7700 1 --2- >> [v2:172.21.15.70:3300/0,v1:172.21.15.70:6789/0] conn(0x7f66ec105d30 0x7f66ec106150 unknown :-1 s=NONE pgs=0 cs=0 l=0 rev1=0 crypto rx=0 tx=0 comp rx=0 tx=0).connect
2024-04-01T01:24:24.160 INFO:teuthology.orchestra.run.smithi070.stdout:/usr/bin/ceph: stderr
2024-04-01T01:24:22.227+0000 7f66f3de7700 1 -- --> [v2:172.21.15.70:3300/0,v1:172.21.15.70:6789/0] -- mon_getmap magic: 0 -- 0x7f66ec106720 con 0x7f66ec105d30
2024-04-01T01:24:24.160 INFO:teuthology.orchestra.run.smithi070.stdout:/usr/bin/ceph: stderr
2024-04-01T01:24:22.227+0000 7f66f1b83700 1 --2- >> [v2:172.21.15.70:3300/0,v1:172.21.15.70:6789/0] conn(0x7f66ec105d30 0x7f66ec106150 unknown :-1 s=BANNER_CONNECTING pgs=0 cs=0 l=0 rev1=0 crypto rx=0 tx=0 comp rx=0 tx=0)._handle_peer_banner_payload supported=3 required=0
2024-04-01T01:24:24.160 INFO:teuthology.orchestra.run.smithi070.stdout:/usr/bin/ceph: stderr
2024-04-01T01:24:22.227+0000 7f66f1b83700 1 --2- >> [v2:172.21.15.70:3300/0,v1:172.21.15.70:6789/0] conn(0x7f66ec105d30 0x7f66ec106150 unknown :-1 s=HELLO_CONNECTING pgs=0 cs=0 l=0 rev1=1 crypto rx=0 tx=0 comp rx=0 tx=0).handle_hello peer v2:172.21.15.70:3300/0 says I am v2:172.21.15.70:56326/0 (socket says 172.21.15.70:56326)
2024-04-01T01:24:24.160 INFO:teuthology.orchestra.run.smithi070.stdout:/usr/bin/ceph: stderr
2024-04-01T01:24:22.227+0000 7f66f1b83700 1 -- 172.21.15.70:0/2505490446 learned_addr learned my addr 172.21.15.70:0/2505490446 (peer_addr_for_me v2:172.21.15.70:0/0)
2024-04-01T01:24:24.160 INFO:teuthology.orchestra.run.smithi070.stdout:/usr/bin/ceph: stderr
2024-04-01T01:24:22.227+0000 7f66f1b83700 1 -- 172.21.15.70:0/2505490446 --> [v2:172.21.15.70:3300/0,v1:172.21.15.70:6789/0] -- mon_subscribe({config=0+,monmap=0+}) -- 0x7f66ec1068a0 con 0x7f66ec105d30
2024-04-01T01:24:24.160 INFO:teuthology.orchestra.run.smithi070.stdout:/usr/bin/ceph: stderr
2024-04-01T01:24:22.227+0000 7f66f1b83700 1 --2- 172.21.15.70:0/2505490446 >> [v2:172.21.15.70:3300/0,v1:172.21.15.70:6789/0] conn(0x7f66ec105d30 0x7f66ec106150 secure :-1 s=READY pgs=70 cs=0 l=1 rev1=1 crypto rx=0x7f66e4009e80 tx=0x7f66e400b330 comp rx=0 tx=0).ready entity=mon.0 client_cookie=3ef5417fb36a32e1 server_cookie=0 in_seq=0 out_seq=0
2024-04-01T01:24:24.160 INFO:teuthology.orchestra.run.smithi070.stdout:/usr/bin/ceph: stderr
2024-04-01T01:24:22.227+0000 7f66f0b81700 1 -- 172.21.15.70:0/2505490446 <== mon.0 v2:172.21.15.70:3300/0 1 ==== mon_map magic: 0 ==== 205+0+0 (secure 0 0 0) 0x7f66e4017070 con 0x7f66ec105d30
2024-04-01T01:24:24.160 INFO:teuthology.orchestra.run.smithi070.stdout:/usr/bin/ceph: stderr
2024-04-01T01:24:22.227+0000 7f66f0b81700 1 -- 172.21.15.70:0/2505490446 <== mon.0 v2:172.21.15.70:3300/0 2 ==== config(26 keys) ==== 1102+0+0 (secure 0 0 0) 0x7f66e400b8c0 con 0x7f66ec105d30
2024-04-01T01:24:24.160 INFO:teuthology.orchestra.run.smithi070.stdout:/usr/bin/ceph: stderr
2024-04-01T01:24:22.227+0000 7f66f0b81700 1 -- 172.21.15.70:0/2505490446 <== mon.0 v2:172.21.15.70:3300/0 3 ==== mon_map magic: 0 ==== 205+0+0 (secure 0 0 0) 0x7f66e4004490 con 0x7f66ec105d30
2024-04-01T01:24:24.160 INFO:teuthology.orchestra.run.smithi070.stdout:/usr/bin/ceph: stderr
2024-04-01T01:24:22.228+0000 7f66f3de7700 1 -- 172.21.15.70:0/2505490446 >> [v2:172.21.15.70:3300/0,v1:172.21.15.70:6789/0] conn(0x7f66ec105d30 msgr2=0x7f66ec106150 secure :-1 s=STATE_CONNECTION_ESTABLISHED l=1).mark_down
2024-04-01T01:24:24.160 INFO:teuthology.orchestra.run.smithi070.stdout:/usr/bin/ceph: stderr
2024-04-01T01:24:22.228+0000 7f66f3de7700 1 --2- 172.21.15.70:0/2505490446 >> [v2:172.21.15.70:3300/0,v1:172.21.15.70:6789/0] conn(0x7f66ec105d30 0x7f66ec106150 secure :-1 s=READY pgs=70 cs=0 l=1 rev1=1 crypto rx=0x7f66e4009e80 tx=0x7f66e400b330 comp rx=0 tx=0).stop
2024-04-01T01:24:24.161 INFO:teuthology.orchestra.run.smithi070.stdout:/usr/bin/ceph: stderr
2024-04-01T01:24:22.228+0000 7f66f3de7700 1 -- 172.21.15.70:0/2505490446 shutdown_connections
2024-04-01T01:24:24.161 INFO:teuthology.orchestra.run.smithi070.stdout:/usr/bin/ceph: stderr
2024-04-01T01:24:22.228+0000 7f66f3de7700 1 --2- 172.21.15.70:0/2505490446 >> [v2:172.21.15.70:3300/0,v1:172.21.15.70:6789/0] conn(0x7f66ec105d30 0x7f66ec106150 unknown :-1 s=CLOSED pgs=70 cs=0 l=1 rev1=1 crypto rx=0 tx=0 comp rx=0 tx=0).stop
2024-04-01T01:24:24.161 INFO:teuthology.orchestra.run.smithi070.stdout:/usr/bin/ceph: stderr
2024-04-01T01:24:22.228+0000 7f66f3de7700 1 -- 172.21.15.70:0/2505490446 >> 172.21.15.70:0/2505490446 conn(0x7f66ec101650 msgr2=0x7f66ec103ab0 unknown :-1 s=STATE_NONE l=0).mark_down
2024-04-01T01:24:24.161 INFO:teuthology.orchestra.run.smithi070.stdout:/usr/bin/ceph: stderr
2024-04-01T01:24:22.228+0000 7f66f3de7700 1 -- 172.21.15.70:0/2505490446 shutdown_connections
2024-04-01T01:24:24.161 INFO:teuthology.orchestra.run.smithi070.stdout:/usr/bin/ceph: stderr
2024-04-01T01:24:22.228+0000 7f66f3de7700 1 -- 172.21.15.70:0/2505490446 wait complete.
2024-04-01T01:24:24.161 INFO:teuthology.orchestra.run.smithi070.stdout:/usr/bin/ceph: stderr
2024-04-01T01:24:22.229+0000 7f66f3de7700 1 Processor -- start
2024-04-01T01:24:24.161 INFO:teuthology.orchestra.run.smithi070.stdout:/usr/bin/ceph: stderr
2024-04-01T01:24:22.229+0000 7f66f3de7700 1 -- start start
2024-04-01T01:24:24.161 INFO:teuthology.orchestra.run.smithi070.stdout:/usr/bin/ceph: stderr
2024-04-01T01:24:22.229+0000 7f66f3de7700 1 --2- >> [v2:172.21.15.70:3300/0,v1:172.21.15.70:6789/0] conn(0x7f66ec105d30 0x7f66ec108630 unknown :-1 s=NONE pgs=0 cs=0 l=1 rev1=0 crypto rx=0 tx=0 comp rx=0 tx=0).connect
2024-04-01T01:24:24.161 INFO:teuthology.orchestra.run.smithi070.stdout:/usr/bin/ceph: stderr
2024-04-01T01:24:22.229+0000 7f66f3de7700 1 -- --> [v2:172.21.15.70:3300/0,v1:172.21.15.70:6789/0] -- mon_getmap magic: 0 -- 0x7f66ec109c40 con 0x7f66ec105d30
2024-04-01T01:24:24.161 INFO:teuthology.orchestra.run.smithi070.stdout:/usr/bin/ceph: stderr
2024-04-01T01:24:22.229+0000 7f66f1b83700 1 --2- >> [v2:172.21.15.70:3300/0,v1:172.21.15.70:6789/0] conn(0x7f66ec105d30 0x7f66ec108630 unknown :-1 s=BANNER_CONNECTING pgs=0 cs=0 l=1 rev1=0 crypto rx=0 tx=0 comp rx=0 tx=0)._handle_peer_banner_payload supported=3 required=0
2024-04-01T01:24:24.161 INFO:teuthology.orchestra.run.smithi070.stdout:/usr/bin/ceph: stderr
2024-04-01T01:24:22.229+0000 7f66f1b83700 1 --2- >> [v2:172.21.15.70:3300/0,v1:172.21.15.70:6789/0] conn(0x7f66ec105d30 0x7f66ec108630 unknown :-1 s=HELLO_CONNECTING pgs=0 cs=0 l=1 rev1=1 crypto rx=0 tx=0 comp rx=0 tx=0).handle_hello peer v2:172.21.15.70:3300/0 says I am v2:172.21.15.70:56336/0 (socket says 172.21.15.70:56336)
2024-04-01T01:24:24.161 INFO:teuthology.orchestra.run.smithi070.stdout:/usr/bin/ceph: stderr
2024-04-01T01:24:22.229+0000 7f66f1b83700 1 -- 172.21.15.70:0/3091499290 learned_addr learned my addr 172.21.15.70:0/3091499290 (peer_addr_for_me v2:172.21.15.70:0/0)
2024-04-01T01:24:24.161 INFO:teuthology.orchestra.run.smithi070.stdout:/usr/bin/ceph: stderr
2024-04-01T01:24:22.230+0000 7f66f1b83700 1 -- 172.21.15.70:0/3091499290 --> [v2:172.21.15.70:3300/0,v1:172.21.15.70:6789/0] -- mon_subscribe({config=0+,monmap=0+}) -- 0x7f66ec108b70 con 0x7f66ec105d30
2024-04-01T01:24:24.161 INFO:teuthology.orchestra.run.smithi070.stdout:/usr/bin/ceph: stderr
2024-04-01T01:24:22.230+0000 7f66f1b83700 1 --2- 172.21.15.70:0/3091499290 >> [v2:172.21.15.70:3300/0,v1:172.21.15.70:6789/0] conn(0x7f66ec105d30 0x7f66ec108630 secure :-1 s=READY pgs=71 cs=0 l=1 rev1=1 crypto rx=0x7f66e4004220 tx=0x7f66e4003d00 comp rx=0 tx=0).ready entity=mon.0 client_cookie=0 server_cookie=0 in_seq=0 out_seq=0
2024-04-01T01:24:24.162 INFO:teuthology.orchestra.run.smithi070.stdout:/usr/bin/ceph: stderr
2024-04-01T01:24:22.232+0000 7f66e2ffd700 1 -- 172.21.15.70:0/3091499290 <== mon.0 v2:172.21.15.70:3300/0 1 ==== mon_map magic: 0 ==== 205+0+0 (secure 0 0 0) 0x7f66e4020020 con 0x7f66ec105d30
2024-04-01T01:24:24.162 INFO:teuthology.orchestra.run.smithi070.stdout:/usr/bin/ceph: stderr
2024-04-01T01:24:22.232+0000 7f66e2ffd700 1 -- 172.21.15.70:0/3091499290 <== mon.0 v2:172.21.15.70:3300/0 2 ==== config(26 keys) ==== 1102+0+0 (secure 0 0 0) 0x7f66e400bcb0 con 0x7f66ec105d30
2024-04-01T01:24:24.162 INFO:teuthology.orchestra.run.smithi070.stdout:/usr/bin/ceph: stderr
2024-04-01T01:24:22.232+0000 7f66e2ffd700 1 -- 172.21.15.70:0/3091499290 <== mon.0 v2:172.21.15.70:3300/0 3 ==== mon_map magic: 0 ==== 205+0+0 (secure 0 0 0) 0x7f66e4017040 con 0x7f66ec105d30
2024-04-01T01:24:24.162 INFO:teuthology.orchestra.run.smithi070.stdout:/usr/bin/ceph: stderr
2024-04-01T01:24:22.232+0000 7f66f3de7700 1 -- 172.21.15.70:0/3091499290 --> [v2:172.21.15.70:3300/0,v1:172.21.15.70:6789/0] -- mon_subscribe({mgrmap=0+}) -- 0x7f66ec106d60 con 0x7f66ec105d30
2024-04-01T01:24:24.162 INFO:teuthology.orchestra.run.smithi070.stdout:/usr/bin/ceph: stderr
2024-04-01T01:24:22.232+0000 7f66f3de7700 1 -- 172.21.15.70:0/3091499290 --> [v2:172.21.15.70:3300/0,v1:172.21.15.70:6789/0] -- mon_subscribe({osdmap=0}) -- 0x7f66ec1072a0 con 0x7f66ec105d30
2024-04-01T01:24:24.162 INFO:teuthology.orchestra.run.smithi070.stdout:/usr/bin/ceph: stderr
2024-04-01T01:24:22.233+0000 7f66e2ffd700 1 -- 172.21.15.70:0/3091499290 <== mon.0 v2:172.21.15.70:3300/0 4 ==== mgrmap(e 12) ==== 46129+0+0 (secure 0 0 0) 0x7f66e4023020 con 0x7f66ec105d30
2024-04-01T01:24:24.162 INFO:teuthology.orchestra.run.smithi070.stdout:/usr/bin/ceph: stderr
2024-04-01T01:24:22.233+0000 7f66f3de7700 1 -- 172.21.15.70:0/3091499290 --> [v2:172.21.15.70:3300/0,v1:172.21.15.70:6789/0] -- mon_command({"prefix": "get_command_descriptions"} v 0) -- 0x7f66ec063870 con 0x7f66ec105d30
2024-04-01T01:24:24.162 INFO:teuthology.orchestra.run.smithi070.stdout:/usr/bin/ceph: stderr
2024-04-01T01:24:22.233+0000 7f66e2ffd700 1 --2- 172.21.15.70:0/3091499290 >> [v2:172.21.15.70:6800/2070166741,v1:172.21.15.70:6801/2070166741] conn(0x7f66d8038e60 0x7f66d803b320 unknown :-1 s=NONE pgs=0 cs=0 l=1 rev1=0 crypto rx=0 tx=0 comp rx=0 tx=0).connect
2024-04-01T01:24:24.162 INFO:teuthology.orchestra.run.smithi070.stdout:/usr/bin/ceph: stderr
2024-04-01T01:24:22.233+0000 7f66e2ffd700 1 -- 172.21.15.70:0/3091499290 <== mon.0 v2:172.21.15.70:3300/0 5 ==== osd_map(3..3 src has 1..3) ==== 1155+0+0 (secure 0 0 0) 0x7f66e400f050 con 0x7f66ec105d30
2024-04-01T01:24:24.162 INFO:teuthology.orchestra.run.smithi070.stdout:/usr/bin/ceph: stderr
2024-04-01T01:24:22.234+0000 7f66f1382700 1 --2- 172.21.15.70:0/3091499290 >> [v2:172.21.15.70:6800/2070166741,v1:172.21.15.70:6801/2070166741] conn(0x7f66d8038e60 0x7f66d803b320 unknown :-1 s=BANNER_CONNECTING pgs=0 cs=0 l=1 rev1=0 crypto rx=0 tx=0 comp rx=0 tx=0)._handle_peer_banner_payload supported=3 required=0
2024-04-01T01:24:24.162 INFO:teuthology.orchestra.run.smithi070.stdout:/usr/bin/ceph: stderr
2024-04-01T01:24:22.234+0000 7f66f1382700 1 --2- 172.21.15.70:0/3091499290 >> [v2:172.21.15.70:6800/2070166741,v1:172.21.15.70:6801/2070166741] conn(0x7f66d8038e60 0x7f66d803b320 secure :-1 s=READY pgs=8 cs=0 l=1 rev1=1 crypto rx=0x7f66dc006fd0 tx=0x7f66dc006e40 comp rx=0 tx=0).ready entity=mgr.14150 client_cookie=0 server_cookie=0 in_seq=0 out_seq=0
2024-04-01T01:24:24.162 INFO:teuthology.orchestra.run.smithi070.stdout:/usr/bin/ceph: stderr
2024-04-01T01:24:22.238+0000 7f66e2ffd700 1 -- 172.21.15.70:0/3091499290 <== mon.0 v2:172.21.15.70:3300/0 6 ==== mon_command_ack([{"prefix": "get_command_descriptions"}]=0 v0) ==== 72+0+184932 (secure 0 0 0) 0x7f66e402a020 con 0x7f66ec105d30
2024-04-01T01:24:24.162 INFO:teuthology.orchestra.run.smithi070.stdout:/usr/bin/ceph: stderr
2024-04-01T01:24:22.450+0000 7f66f3de7700 1 -- 172.21.15.70:0/3091499290 --> [v2:172.21.15.70:6800/2070166741,v1:172.21.15.70:6801/2070166741] -- mgr_command(tid 0: {"prefix": "dashboard ac-user-create", "username": "admin", "rolename": "administrator", "force_password": true, "pwd_update_required": true, "target": ["mon-mgr", ""]}) -- 0x7f66ec107520 con 0x7f66d8038e60
2024-04-01T01:24:24.163 INFO:teuthology.orchestra.run.smithi070.stdout:/usr/bin/ceph: stderr
2024-04-01T01:24:22.678+0000 7f66e2ffd700 1 -- 172.21.15.70:0/3091499290 <== mgr.14150 v2:172.21.15.70:6800/2070166741 1 ==== mgr_command_reply(tid 0: 0 ) ==== 8+0+252 (secure 0 0 0) 0x7f66ec107520 con 0x7f66d8038e60
2024-04-01T01:24:24.163 INFO:teuthology.orchestra.run.smithi070.stdout:/usr/bin/ceph: stderr
2024-04-01T01:24:22.680+0000 7f66f3de7700 1 -- 172.21.15.70:0/3091499290 >> [v2:172.21.15.70:6800/2070166741,v1:172.21.15.70:6801/2070166741] conn(0x7f66d8038e60 msgr2=0x7f66d803b320 secure :-1 s=STATE_CONNECTION_ESTABLISHED l=1).mark_down
2024-04-01T01:24:24.163 INFO:teuthology.orchestra.run.smithi070.stdout:/usr/bin/ceph: stderr
2024-04-01T01:24:22.680+0000 7f66f3de7700 1 --2- 172.21.15.70:0/3091499290 >> [v2:172.21.15.70:6800/2070166741,v1:172.21.15.70:6801/2070166741] conn(0x7f66d8038e60 0x7f66d803b320 secure :-1 s=READY pgs=8 cs=0 l=1 rev1=1 crypto rx=0x7f66dc006fd0 tx=0x7f66dc006e40 comp rx=0 tx=0).stop
2024-04-01T01:24:24.163 INFO:teuthology.orchestra.run.smithi070.stdout:/usr/bin/ceph: stderr
2024-04-01T01:24:22.680+0000 7f66f3de7700 1 -- 172.21.15.70:0/3091499290 >> [v2:172.21.15.70:3300/0,v1:172.21.15.70:6789/0] conn(0x7f66ec105d30 msgr2=0x7f66ec108630 secure :-1 s=STATE_CONNECTION_ESTABLISHED l=1).mark_down
2024-04-01T01:24:24.163 INFO:teuthology.orchestra.run.smithi070.stdout:/usr/bin/ceph: stderr
2024-04-01T01:24:22.680+0000 7f66f3de7700 1 --2- 172.21.15.70:0/3091499290 >> [v2:172.21.15.70:3300/0,v1:172.21.15.70:6789/0] conn(0x7f66ec105d30 0x7f66ec108630 secure :-1 s=READY pgs=71 cs=0 l=1 rev1=1 crypto rx=0x7f66e4004220 tx=0x7f66e4003d00 comp rx=0 tx=0).stop
2024-04-01T01:24:24.163 INFO:teuthology.orchestra.run.smithi070.stdout:/usr/bin/ceph: stderr
2024-04-01T01:24:22.680+0000 7f66f3de7700 1 -- 172.21.15.70:0/3091499290 shutdown_connections
2024-04-01T01:24:24.163 INFO:teuthology.orchestra.run.smithi070.stdout:/usr/bin/ceph: stderr
2024-04-01T01:24:22.680+0000 7f66f3de7700 1 --2- 172.21.15.70:0/3091499290 >> [v2:172.21.15.70:6800/2070166741,v1:172.21.15.70:6801/2070166741] conn(0x7f66d8038e60 0x7f66d803b320 unknown :-1 s=CLOSED pgs=8 cs=0 l=1 rev1=1 crypto rx=0 tx=0 comp rx=0 tx=0).stop
2024-04-01T01:24:24.163 INFO:teuthology.orchestra.run.smithi070.stdout:/usr/bin/ceph: stderr
2024-04-01T01:24:22.680+0000 7f66f3de7700 1 --2- 172.21.15.70:0/3091499290 >> [v2:172.21.15.70:3300/0,v1:172.21.15.70:6789/0] conn(0x7f66ec105d30 0x7f66ec108630 unknown :-1 s=CLOSED pgs=71 cs=0 l=1 rev1=1 crypto rx=0 tx=0 comp rx=0 tx=0).stop
2024-04-01T01:24:24.163 INFO:teuthology.orchestra.run.smithi070.stdout:/usr/bin/ceph: stderr
2024-04-01T01:24:22.680+0000 7f66f3de7700 1 -- 172.21.15.70:0/3091499290 >> 172.21.15.70:0/3091499290 conn(0x7f66ec101650 msgr2=0x7f66ec1021f0 unknown :-1 s=STATE_NONE l=0).mark_down
2024-04-01T01:24:24.163 INFO:teuthology.orchestra.run.smithi070.stdout:/usr/bin/ceph: stderr
2024-04-01T01:24:22.680+0000 7f66f3de7700 1 -- 172.21.15.70:0/3091499290 shutdown_connections
2024-04-01T01:24:24.163 INFO:teuthology.orchestra.run.smithi070.stdout:/usr/bin/ceph: stderr
2024-04-01T01:24:22.680+0000 7f66f3de7700 1 -- 172.21.15.70:0/3091499290 wait complete.
2024-04-01T01:24:24.163 INFO:teuthology.orchestra.run.smithi070.stdout:Fetching dashboard port number...
2024-04-01T01:24:25.406 INFO:teuthology.orchestra.run.smithi070.stdout:/usr/bin/ceph: stdout 8443
2024-04-01T01:24:25.406 INFO:teuthology.orchestra.run.smithi070.stdout:/usr/bin/ceph: stderr
2024-04-01T01:24:24.591+0000 7f73869a9700 1 Processor -- start
2024-04-01T01:24:25.407 INFO:teuthology.orchestra.run.smithi070.stdout:/usr/bin/ceph: stderr
2024-04-01T01:24:24.591+0000 7f73869a9700 1 -- start start
2024-04-01T01:24:25.407 INFO:teuthology.orchestra.run.smithi070.stdout:/usr/bin/ceph: stderr
2024-04-01T01:24:24.591+0000 7f73869a9700 1 --2- >> [v2:172.21.15.70:3300/0,v1:172.21.15.70:6789/0] conn(0x7f7380105d20 0x7f7380106140 unknown :-1 s=NONE pgs=0 cs=0 l=0 rev1=0 crypto rx=0 tx=0 comp rx=0 tx=0).connect
2024-04-01T01:24:25.407 INFO:teuthology.orchestra.run.smithi070.stdout:/usr/bin/ceph: stderr
2024-04-01T01:24:24.591+0000 7f73869a9700 1 -- --> [v2:172.21.15.70:3300/0,v1:172.21.15.70:6789/0] -- mon_getmap magic: 0 -- 0x7f7380106710 con 0x7f7380105d20
2024-04-01T01:24:25.407 INFO:teuthology.orchestra.run.smithi070.stdout:/usr/bin/ceph: stderr
2024-04-01T01:24:24.592+0000 7f737ffff700 1 --2- >> [v2:172.21.15.70:3300/0,v1:172.21.15.70:6789/0] conn(0x7f7380105d20 0x7f7380106140 unknown :-1 s=BANNER_CONNECTING pgs=0 cs=0 l=0 rev1=0 crypto rx=0 tx=0 comp rx=0 tx=0)._handle_peer_banner_payload supported=3 required=0
2024-04-01T01:24:25.407 INFO:teuthology.orchestra.run.smithi070.stdout:/usr/bin/ceph: stderr
2024-04-01T01:24:24.592+0000 7f737ffff700 1 --2- >> [v2:172.21.15.70:3300/0,v1:172.21.15.70:6789/0] conn(0x7f7380105d20 0x7f7380106140 unknown :-1 s=HELLO_CONNECTING pgs=0 cs=0 l=0 rev1=1 crypto rx=0 tx=0 comp rx=0 tx=0).handle_hello peer v2:172.21.15.70:3300/0 says I am v2:172.21.15.70:56340/0 (socket says 172.21.15.70:56340)
2024-04-01T01:24:25.407 INFO:teuthology.orchestra.run.smithi070.stdout:/usr/bin/ceph: stderr
2024-04-01T01:24:24.592+0000 7f737ffff700 1 -- 172.21.15.70:0/1300992241 learned_addr learned my addr 172.21.15.70:0/1300992241 (peer_addr_for_me v2:172.21.15.70:0/0)
2024-04-01T01:24:25.407 INFO:teuthology.orchestra.run.smithi070.stdout:/usr/bin/ceph: stderr
2024-04-01T01:24:24.592+0000 7f737ffff700 1 -- 172.21.15.70:0/1300992241 --> [v2:172.21.15.70:3300/0,v1:172.21.15.70:6789/0] -- mon_subscribe({config=0+,monmap=0+}) -- 0x7f7380106890 con 0x7f7380105d20
2024-04-01T01:24:25.407 INFO:teuthology.orchestra.run.smithi070.stdout:/usr/bin/ceph: stderr
2024-04-01T01:24:24.592+0000 7f737ffff700 1 --2- 172.21.15.70:0/1300992241 >> [v2:172.21.15.70:3300/0,v1:172.21.15.70:6789/0] conn(0x7f7380105d20 0x7f7380106140 secure :-1 s=READY pgs=72 cs=0 l=1 rev1=1 crypto rx=0x7f73700098a0 tx=0x7f7370009bb0 comp rx=0 tx=0).ready entity=mon.0 client_cookie=efc3bc8df814f31f server_cookie=0 in_seq=0 out_seq=0
2024-04-01T01:24:25.407 INFO:teuthology.orchestra.run.smithi070.stdout:/usr/bin/ceph: stderr
2024-04-01T01:24:24.592+0000 7f737effd700 1 -- 172.21.15.70:0/1300992241 <== mon.0 v2:172.21.15.70:3300/0 1 ==== mon_map magic: 0 ==== 205+0+0 (secure 0 0 0) 0x7f7370004160 con 0x7f7380105d20
2024-04-01T01:24:25.407 INFO:teuthology.orchestra.run.smithi070.stdout:/usr/bin/ceph: stderr
2024-04-01T01:24:24.592+0000 7f737effd700 1 -- 172.21.15.70:0/1300992241 <== mon.0 v2:172.21.15.70:3300/0 2 ==== config(26 keys) ==== 1102+0+0 (secure 0 0 0) 0x7f7370004300 con 0x7f7380105d20
2024-04-01T01:24:25.407 INFO:teuthology.orchestra.run.smithi070.stdout:/usr/bin/ceph: stderr
2024-04-01T01:24:24.592+0000 7f737effd700 1 -- 172.21.15.70:0/1300992241 <== mon.0 v2:172.21.15.70:3300/0 3 ==== mon_map magic: 0 ==== 205+0+0 (secure 0 0 0) 0x7f7370011a50 con 0x7f7380105d20
2024-04-01T01:24:25.407 INFO:teuthology.orchestra.run.smithi070.stdout:/usr/bin/ceph: stderr
2024-04-01T01:24:24.593+0000 7f73869a9700 1 -- 172.21.15.70:0/1300992241 >> [v2:172.21.15.70:3300/0,v1:172.21.15.70:6789/0] conn(0x7f7380105d20 msgr2=0x7f7380106140 secure :-1 s=STATE_CONNECTION_ESTABLISHED l=1).mark_down
2024-04-01T01:24:25.407 INFO:teuthology.orchestra.run.smithi070.stdout:/usr/bin/ceph: stderr
2024-04-01T01:24:24.593+0000 7f73869a9700 1 --2- 172.21.15.70:0/1300992241 >> [v2:172.21.15.70:3300/0,v1:172.21.15.70:6789/0] conn(0x7f7380105d20 0x7f7380106140 secure :-1 s=READY pgs=72 cs=0 l=1 rev1=1 crypto rx=0x7f73700098a0 tx=0x7f7370009bb0 comp rx=0 tx=0).stop
2024-04-01T01:24:25.407 INFO:teuthology.orchestra.run.smithi070.stdout:/usr/bin/ceph: stderr
2024-04-01T01:24:24.593+0000 7f73869a9700 1 -- 172.21.15.70:0/1300992241 shutdown_connections
2024-04-01T01:24:25.408 INFO:teuthology.orchestra.run.smithi070.stdout:/usr/bin/ceph: stderr
2024-04-01T01:24:24.593+0000 7f73869a9700 1 --2- 172.21.15.70:0/1300992241 >> [v2:172.21.15.70:3300/0,v1:172.21.15.70:6789/0] conn(0x7f7380105d20 0x7f7380106140 unknown :-1 s=CLOSED pgs=72 cs=0 l=1 rev1=1 crypto rx=0 tx=0 comp rx=0 tx=0).stop
2024-04-01T01:24:25.408 INFO:teuthology.orchestra.run.smithi070.stdout:/usr/bin/ceph: stderr
2024-04-01T01:24:24.593+0000 7f73869a9700 1 -- 172.21.15.70:0/1300992241 >> 172.21.15.70:0/1300992241 conn(0x7f7380101680 msgr2=0x7f7380103ac0 unknown :-1 s=STATE_NONE l=0).mark_down
2024-04-01T01:24:25.408 INFO:teuthology.orchestra.run.smithi070.stdout:/usr/bin/ceph: stderr
2024-04-01T01:24:24.593+0000 7f73869a9700 1 -- 172.21.15.70:0/1300992241 shutdown_connections
2024-04-01T01:24:25.408 INFO:teuthology.orchestra.run.smithi070.stdout:/usr/bin/ceph: stderr
2024-04-01T01:24:24.593+0000 7f73869a9700 1 -- 172.21.15.70:0/1300992241 wait complete.
2024-04-01T01:24:25.408 INFO:teuthology.orchestra.run.smithi070.stdout:/usr/bin/ceph: stderr
2024-04-01T01:24:24.593+0000 7f73869a9700 1 Processor -- start
2024-04-01T01:24:25.408 INFO:teuthology.orchestra.run.smithi070.stdout:/usr/bin/ceph: stderr
2024-04-01T01:24:24.593+0000 7f73869a9700 1 -- start start
2024-04-01T01:24:25.408 INFO:teuthology.orchestra.run.smithi070.stdout:/usr/bin/ceph: stderr
2024-04-01T01:24:24.594+0000 7f73869a9700 1 --2- >> [v2:172.21.15.70:3300/0,v1:172.21.15.70:6789/0] conn(0x7f7380105d20 0x7f738019b8a0 unknown :-1 s=NONE pgs=0 cs=0 l=1 rev1=0 crypto rx=0 tx=0 comp rx=0 tx=0).connect
2024-04-01T01:24:25.408 INFO:teuthology.orchestra.run.smithi070.stdout:/usr/bin/ceph: stderr
2024-04-01T01:24:24.594+0000 7f73869a9700 1 -- --> [v2:172.21.15.70:3300/0,v1:172.21.15.70:6789/0] -- mon_getmap magic: 0 -- 0x7f738010bfd0 con 0x7f7380105d20
2024-04-01T01:24:25.408 INFO:teuthology.orchestra.run.smithi070.stdout:/usr/bin/ceph: stderr
2024-04-01T01:24:24.594+0000 7f737ffff700 1 --2- >> [v2:172.21.15.70:3300/0,v1:172.21.15.70:6789/0] conn(0x7f7380105d20 0x7f738019b8a0 unknown :-1 s=BANNER_CONNECTING pgs=0 cs=0 l=1 rev1=0 crypto rx=0 tx=0 comp rx=0 tx=0)._handle_peer_banner_payload supported=3 required=0
2024-04-01T01:24:25.408 INFO:teuthology.orchestra.run.smithi070.stdout:/usr/bin/ceph: stderr
2024-04-01T01:24:24.594+0000 7f737ffff700 1 --2- >> [v2:172.21.15.70:3300/0,v1:172.21.15.70:6789/0] conn(0x7f7380105d20 0x7f738019b8a0 unknown :-1 s=HELLO_CONNECTING pgs=0 cs=0 l=1 rev1=1 crypto rx=0 tx=0 comp rx=0 tx=0).handle_hello peer v2:172.21.15.70:3300/0 says I am v2:172.21.15.70:56350/0 (socket says 172.21.15.70:56350)
2024-04-01T01:24:25.408 INFO:teuthology.orchestra.run.smithi070.stdout:/usr/bin/ceph: stderr
2024-04-01T01:24:24.594+0000 7f737ffff700 1 -- 172.21.15.70:0/262819305 learned_addr learned my addr 172.21.15.70:0/262819305 (peer_addr_for_me v2:172.21.15.70:0/0)
2024-04-01T01:24:25.408 INFO:teuthology.orchestra.run.smithi070.stdout:/usr/bin/ceph: stderr
2024-04-01T01:24:24.594+0000 7f737ffff700 1 -- 172.21.15.70:0/262819305 --> [v2:172.21.15.70:3300/0,v1:172.21.15.70:6789/0] -- mon_subscribe({config=0+,monmap=0+}) -- 0x7f738019bde0 con 0x7f7380105d20
2024-04-01T01:24:25.408 INFO:teuthology.orchestra.run.smithi070.stdout:/usr/bin/ceph: stderr
2024-04-01T01:24:24.594+0000 7f737ffff700 1 --2- 172.21.15.70:0/262819305 >> [v2:172.21.15.70:3300/0,v1:172.21.15.70:6789/0] conn(0x7f7380105d20 0x7f738019b8a0 secure :-1 s=READY pgs=73 cs=0 l=1 rev1=1 crypto rx=0x7f7370011a20 tx=0x7f7370011b00 comp rx=0 tx=0).ready entity=mon.0 client_cookie=0 server_cookie=0 in_seq=0 out_seq=0
2024-04-01T01:24:25.408 INFO:teuthology.orchestra.run.smithi070.stdout:/usr/bin/ceph: stderr
2024-04-01T01:24:24.594+0000 7f737d7fa700 1 -- 172.21.15.70:0/262819305 <== mon.0 v2:172.21.15.70:3300/0 1 ==== mon_map magic: 0 ==== 205+0+0 (secure 0 0 0) 0x7f7370003af0 con 0x7f7380105d20
2024-04-01T01:24:25.408 INFO:teuthology.orchestra.run.smithi070.stdout:/usr/bin/ceph: stderr
2024-04-01T01:24:24.594+0000 7f737d7fa700 1 -- 172.21.15.70:0/262819305 <== mon.0 v2:172.21.15.70:3300/0 2 ==== config(26 keys) ==== 1102+0+0 (secure 0 0 0) 0x7f737001a8e0 con 0x7f7380105d20
2024-04-01T01:24:25.408 INFO:teuthology.orchestra.run.smithi070.stdout:/usr/bin/ceph: stderr
2024-04-01T01:24:24.594+0000 7f73869a9700 1 -- 172.21.15.70:0/262819305 --> [v2:172.21.15.70:3300/0,v1:172.21.15.70:6789/0] -- mon_subscribe({mgrmap=0+}) -- 0x7f738019c070 con 0x7f7380105d20
2024-04-01T01:24:25.409 INFO:teuthology.orchestra.run.smithi070.stdout:/usr/bin/ceph: stderr
2024-04-01T01:24:24.594+0000 7f737d7fa700 1 -- 172.21.15.70:0/262819305 <== mon.0 v2:172.21.15.70:3300/0 3 ==== mon_map magic: 0 ==== 205+0+0 (secure 0 0 0) 0x7f7370024860 con 0x7f7380105d20
2024-04-01T01:24:25.409 INFO:teuthology.orchestra.run.smithi070.stdout:/usr/bin/ceph: stderr
2024-04-01T01:24:24.595+0000 7f73869a9700 1 -- 172.21.15.70:0/262819305 --> [v2:172.21.15.70:3300/0,v1:172.21.15.70:6789/0] -- mon_subscribe({osdmap=0}) -- 0x7f738019ed60 con 0x7f7380105d20
2024-04-01T01:24:25.409 INFO:teuthology.orchestra.run.smithi070.stdout:/usr/bin/ceph: stderr
2024-04-01T01:24:24.595+0000 7f737d7fa700 1 -- 172.21.15.70:0/262819305 <== mon.0 v2:172.21.15.70:3300/0 4 ==== mgrmap(e 13) ==== 46172+0+0 (secure 0 0 0) 0x7f7370022020 con 0x7f7380105d20
2024-04-01T01:24:25.409 INFO:teuthology.orchestra.run.smithi070.stdout:/usr/bin/ceph: stderr
2024-04-01T01:24:24.595+0000 7f73869a9700 1 -- 172.21.15.70:0/262819305 --> [v2:172.21.15.70:3300/0,v1:172.21.15.70:6789/0] -- mon_command({"prefix": "get_command_descriptions"} v 0) -- 0x7f7380063870 con 0x7f7380105d20
2024-04-01T01:24:25.409 INFO:teuthology.orchestra.run.smithi070.stdout:/usr/bin/ceph: stderr
2024-04-01T01:24:24.595+0000 7f737d7fa700 1 --2- 172.21.15.70:0/262819305 >> [v2:172.21.15.70:6800/2070166741,v1:172.21.15.70:6801/2070166741] conn(0x7f7368038fb0 0x7f736803b470 unknown :-1 s=NONE pgs=0 cs=0 l=1 rev1=0 crypto rx=0 tx=0 comp rx=0 tx=0).connect
2024-04-01T01:24:25.409 INFO:teuthology.orchestra.run.smithi070.stdout:/usr/bin/ceph: stderr
2024-04-01T01:24:24.596+0000 7f737d7fa700 1 -- 172.21.15.70:0/262819305 <== mon.0 v2:172.21.15.70:3300/0 5 ==== osd_map(3..3 src has 1..3) ==== 1155+0+0 (secure 0 0 0) 0x7f737004d240 con 0x7f7380105d20
2024-04-01T01:24:25.409 INFO:teuthology.orchestra.run.smithi070.stdout:/usr/bin/ceph: stderr
2024-04-01T01:24:24.596+0000 7f737f7fe700 1 --2- 172.21.15.70:0/262819305 >> [v2:172.21.15.70:6800/2070166741,v1:172.21.15.70:6801/2070166741] conn(0x7f7368038fb0 0x7f736803b470 unknown :-1 s=BANNER_CONNECTING pgs=0 cs=0 l=1 rev1=0 crypto rx=0 tx=0 comp rx=0 tx=0)._handle_peer_banner_payload supported=3 required=0
2024-04-01T01:24:25.409 INFO:teuthology.orchestra.run.smithi070.stdout:/usr/bin/ceph: stderr
2024-04-01T01:24:24.596+0000 7f737f7fe700 1 --2- 172.21.15.70:0/262819305 >> [v2:172.21.15.70:6800/2070166741,v1:172.21.15.70:6801/2070166741] conn(0x7f7368038fb0 0x7f736803b470 secure :-1 s=READY pgs=9 cs=0 l=1 rev1=1 crypto rx=0x7f7374006fd0 tx=0x7f7374006e40 comp rx=0 tx=0).ready entity=mgr.14150 client_cookie=0 server_cookie=0 in_seq=0 out_seq=0
2024-04-01T01:24:25.409 INFO:teuthology.orchestra.run.smithi070.stdout:/usr/bin/ceph: stderr
2024-04-01T01:24:24.600+0000 7f737d7fa700 1 -- 172.21.15.70:0/262819305 <== mon.0 v2:172.21.15.70:3300/0 6 ==== mon_command_ack([{"prefix": "get_command_descriptions"}]=0 v0) ==== 72+0+184932 (secure 0 0 0) 0x7f737000b3e0 con 0x7f7380105d20
2024-04-01T01:24:25.409 INFO:teuthology.orchestra.run.smithi070.stdout:/usr/bin/ceph: stderr
2024-04-01T01:24:24.792+0000 7f73869a9700 1 -- 172.21.15.70:0/262819305 --> [v2:172.21.15.70:3300/0,v1:172.21.15.70:6789/0] -- mon_command({"prefix": "config get", "who": "mgr", "key": "mgr/dashboard/ssl_server_port"} v 0) -- 0x7f738019f310 con 0x7f7380105d20
2024-04-01T01:24:25.409 INFO:teuthology.orchestra.run.smithi070.stdout:/usr/bin/ceph: stderr
2024-04-01T01:24:24.792+0000 7f737d7fa700 1 -- 172.21.15.70:0/262819305 <== mon.0 v2:172.21.15.70:3300/0 7 ==== mon_command_ack([{"prefix": "config get", "who": "mgr", "key": "mgr/dashboard/ssl_server_port"}]=0 v8) ==== 112+0+5 (secure 0 0 0) 0x7f7370016df0 con 0x7f7380105d20
2024-04-01T01:24:25.409 INFO:teuthology.orchestra.run.smithi070.stdout:/usr/bin/ceph: stderr
2024-04-01T01:24:24.794+0000 7f73869a9700 1 -- 172.21.15.70:0/262819305 >> [v2:172.21.15.70:6800/2070166741,v1:172.21.15.70:6801/2070166741] conn(0x7f7368038fb0 msgr2=0x7f736803b470 secure :-1 s=STATE_CONNECTION_ESTABLISHED l=1).mark_down
2024-04-01T01:24:25.409 INFO:teuthology.orchestra.run.smithi070.stdout:/usr/bin/ceph: stderr
2024-04-01T01:24:24.794+0000 7f73869a9700 1 --2- 172.21.15.70:0/262819305 >> [v2:172.21.15.70:6800/2070166741,v1:172.21.15.70:6801/2070166741] conn(0x7f7368038fb0 0x7f736803b470 secure :-1 s=READY pgs=9 cs=0 l=1 rev1=1 crypto rx=0x7f7374006fd0 tx=0x7f7374006e40 comp rx=0 tx=0).stop
2024-04-01T01:24:25.409 INFO:teuthology.orchestra.run.smithi070.stdout:/usr/bin/ceph: stderr
2024-04-01T01:24:24.794+0000 7f73869a9700 1 -- 172.21.15.70:0/262819305 >> [v2:172.21.15.70:3300/0,v1:172.21.15.70:6789/0] conn(0x7f7380105d20 msgr2=0x7f738019b8a0 secure :-1 s=STATE_CONNECTION_ESTABLISHED l=1).mark_down
2024-04-01T01:24:25.409 INFO:teuthology.orchestra.run.smithi070.stdout:/usr/bin/ceph: stderr
2024-04-01T01:24:24.794+0000 7f73869a9700 1 --2- 172.21.15.70:0/262819305 >> [v2:172.21.15.70:3300/0,v1:172.21.15.70:6789/0] conn(0x7f7380105d20 0x7f738019b8a0 secure :-1 s=READY pgs=73 cs=0 l=1 rev1=1 crypto rx=0x7f7370011a20 tx=0x7f7370011b00 comp rx=0 tx=0).stop
2024-04-01T01:24:25.410 INFO:teuthology.orchestra.run.smithi070.stdout:/usr/bin/ceph: stderr
2024-04-01T01:24:24.795+0000 7f73869a9700 1 -- 172.21.15.70:0/262819305 shutdown_connections
2024-04-01T01:24:25.410 INFO:teuthology.orchestra.run.smithi070.stdout:/usr/bin/ceph: stderr
2024-04-01T01:24:24.795+0000 7f73869a9700 1 --2- 172.21.15.70:0/262819305 >> [v2:172.21.15.70:6800/2070166741,v1:172.21.15.70:6801/2070166741] conn(0x7f7368038fb0 0x7f736803b470 unknown :-1 s=CLOSED pgs=9 cs=0 l=1 rev1=1 crypto rx=0 tx=0 comp rx=0 tx=0).stop
2024-04-01T01:24:25.410 INFO:teuthology.orchestra.run.smithi070.stdout:/usr/bin/ceph: stderr
2024-04-01T01:24:24.795+0000 7f73869a9700 1 --2- 172.21.15.70:0/262819305 >> [v2:172.21.15.70:3300/0,v1:172.21.15.70:6789/0] conn(0x7f7380105d20 0x7f738019b8a0 unknown :-1 s=CLOSED pgs=73 cs=0 l=1 rev1=1 crypto rx=0 tx=0 comp rx=0 tx=0).stop
2024-04-01T01:24:25.410 INFO:teuthology.orchestra.run.smithi070.stdout:/usr/bin/ceph: stderr
2024-04-01T01:24:24.795+0000 7f73869a9700 1 -- 172.21.15.70:0/262819305 >> 172.21.15.70:0/262819305 conn(0x7f7380101680 msgr2=0x7f7380102080 unknown :-1 s=STATE_NONE l=0).mark_down
2024-04-01T01:24:25.410 INFO:teuthology.orchestra.run.smithi070.stdout:/usr/bin/ceph: stderr
2024-04-01T01:24:24.795+0000 7f73869a9700 1 -- 172.21.15.70:0/262819305 shutdown_connections
2024-04-01T01:24:25.410 INFO:teuthology.orchestra.run.smithi070.stdout:/usr/bin/ceph: stderr
2024-04-01T01:24:24.795+0000 7f73869a9700 1 -- 172.21.15.70:0/262819305 wait complete.
2024-04-01T01:24:25.414 INFO:teuthology.orchestra.run.smithi070.stdout:Non-zero exit code 1 from systemctl is-enabled firewalld.service
2024-04-01T01:24:25.414 INFO:teuthology.orchestra.run.smithi070.stdout:systemctl: stdout disabled
2024-04-01T01:24:25.420 INFO:teuthology.orchestra.run.smithi070.stdout:Non-zero exit code 3 from systemctl is-active firewalld.service
2024-04-01T01:24:25.421 INFO:teuthology.orchestra.run.smithi070.stdout:systemctl: stdout inactive
2024-04-01T01:24:25.421 INFO:teuthology.orchestra.run.smithi070.stdout:firewalld.service is not enabled
2024-04-01T01:24:25.421 INFO:teuthology.orchestra.run.smithi070.stdout:Not possible to open ports <[8443]>. firewalld.service is not available
2024-04-01T01:24:25.422 INFO:teuthology.orchestra.run.smithi070.stdout:Ceph Dashboard is now available at:
2024-04-01T01:24:25.422 INFO:teuthology.orchestra.run.smithi070.stdout:
2024-04-01T01:24:25.422 INFO:teuthology.orchestra.run.smithi070.stdout: URL: https://smithi070.front.sepia.ceph.com:8443/
2024-04-01T01:24:25.422 INFO:teuthology.orchestra.run.smithi070.stdout: User: admin
2024-04-01T01:24:25.422 INFO:teuthology.orchestra.run.smithi070.stdout: Password: xk1yq6novn
2024-04-01T01:24:25.422 INFO:teuthology.orchestra.run.smithi070.stdout:
