2024-04-01T01:23:40.109+0000 7f856e59c700 1 -- 172.21.15.79:0/2991030549 learned_addr learned my addr 172.21.15.79:0/2991030549 (peer_addr_for_me v2:172.21.15.79:0/0)
2024-04-01T01:23:41.015 INFO:teuthology.orchestra.run.smithi079.stdout:/usr/bin/ceph: stderr
2024-04-01T01:23:40.109+0000 7f856e59c700 1 -- 172.21.15.79:0/2991030549 --> [v2:172.21.15.79:3300/0,v1:172.21.15.79:6789/0] -- mon_subscribe({config=0+,monmap=0+}) v3 -- 0x7f8564009550 con 0x7f8570106a10
2024-04-01T01:23:41.015 INFO:teuthology.orchestra.run.smithi079.stdout:/usr/bin/ceph: stderr
2024-04-01T01:23:40.110+0000 7f856e59c700 1 --2- 172.21.15.79:0/2991030549 >> [v2:172.21.15.79:3300/0,v1:172.21.15.79:6789/0] conn(0x7f8570106a10 0x7f8570190600 secure :-1 s=READY pgs=48 cs=0 l=1 rev1=1 crypto rx=0x7f8564000c00 tx=0x7f8564011ab0 comp rx=0 tx=0).ready entity=mon.0 client_cookie=0 server_cookie=0 in_seq=0 out_seq=0
2024-04-01T01:23:41.015 INFO:teuthology.orchestra.run.smithi079.stdout:/usr/bin/ceph: stderr
2024-04-01T01:23:40.110+0000 7f855f7fe700 1 -- 172.21.15.79:0/2991030549 <== mon.0 v2:172.21.15.79:3300/0 1 ==== mon_map magic: 0 v1 ==== 229+0+0 (secure 0 0 0) 0x7f8564003b90 con 0x7f8570106a10
2024-04-01T01:23:41.016 INFO:teuthology.orchestra.run.smithi079.stdout:/usr/bin/ceph: stderr
2024-04-01T01:23:40.110+0000 7f8574870700 1 -- 172.21.15.79:0/2991030549 --> [v2:172.21.15.79:3300/0,v1:172.21.15.79:6789/0] -- mon_subscribe({mgrmap=0+}) v3 -- 0x7f857018ec50 con 0x7f8570106a10
2024-04-01T01:23:41.016 INFO:teuthology.orchestra.run.smithi079.stdout:/usr/bin/ceph: stderr
2024-04-01T01:23:40.110+0000 7f855f7fe700 1 -- 172.21.15.79:0/2991030549 <== mon.0 v2:172.21.15.79:3300/0 2 ==== config(27 keys) v1 ==== 1037+0+0 (secure 0 0 0) 0x7f85640248b0 con 0x7f8570106a10
2024-04-01T01:23:41.016 INFO:teuthology.orchestra.run.smithi079.stdout:/usr/bin/ceph: stderr
2024-04-01T01:23:40.110+0000 7f855f7fe700 1 -- 172.21.15.79:0/2991030549 <== mon.0 v2:172.21.15.79:3300/0 3 ==== mon_map magic: 0 v1 ==== 229+0+0 (secure 0 0 0) 0x7f856401a8e0 con 0x7f8570106a10
2024-04-01T01:23:41.016 INFO:teuthology.orchestra.run.smithi079.stdout:/usr/bin/ceph: stderr
2024-04-01T01:23:40.110+0000 7f8574870700 1 -- 172.21.15.79:0/2991030549 --> [v2:172.21.15.79:3300/0,v1:172.21.15.79:6789/0] -- mon_subscribe({osdmap=0}) v3 -- 0x7f857018f0f0 con 0x7f8570106a10
2024-04-01T01:23:41.016 INFO:teuthology.orchestra.run.smithi079.stdout:/usr/bin/ceph: stderr
2024-04-01T01:23:40.111+0000 7f855f7fe700 1 -- 172.21.15.79:0/2991030549 <== mon.0 v2:172.21.15.79:3300/0 4 ==== mgrmap(e 8) v1 ==== 45283+0+0 (secure 0 0 0) 0x7f856401aba0 con 0x7f8570106a10
2024-04-01T01:23:41.016 INFO:teuthology.orchestra.run.smithi079.stdout:/usr/bin/ceph: stderr
2024-04-01T01:23:40.111+0000 7f8574870700 1 -- 172.21.15.79:0/2991030549 --> [v2:172.21.15.79:3300/0,v1:172.21.15.79:6789/0] -- mon_command({"prefix": "get_command_descriptions"} v 0) v1 -- 0x7f85700623c0 con 0x7f8570106a10
2024-04-01T01:23:41.016 INFO:teuthology.orchestra.run.smithi079.stdout:/usr/bin/ceph: stderr
2024-04-01T01:23:40.111+0000 7f855f7fe700 1 --2- 172.21.15.79:0/2991030549 >> [v2:172.21.15.79:6800/2958638702,v1:172.21.15.79:6801/2958638702] conn(0x7f8558038320 0x7f855803a7e0 unknown :-1 s=NONE pgs=0 cs=0 l=1 rev1=0 crypto rx=0 tx=0 comp rx=0 tx=0).connect
2024-04-01T01:23:41.016 INFO:teuthology.orchestra.run.smithi079.stdout:/usr/bin/ceph: stderr
2024-04-01T01:23:40.111+0000 7f855f7fe700 1 -- 172.21.15.79:0/2991030549 <== mon.0 v2:172.21.15.79:3300/0 5 ==== osd_map(2..2 src has 1..2) v4 ==== 940+0+0 (secure 0 0 0) 0x7f856404c410 con 0x7f8570106a10
2024-04-01T01:23:41.016 INFO:teuthology.orchestra.run.smithi079.stdout:/usr/bin/ceph: stderr
2024-04-01T01:23:40.111+0000 7f856dd9b700 1 --2- 172.21.15.79:0/2991030549 >> [v2:172.21.15.79:6800/2958638702,v1:172.21.15.79:6801/2958638702] conn(0x7f8558038320 0x7f855803a7e0 unknown :-1 s=BANNER_CONNECTING pgs=0 cs=0 l=1 rev1=0 crypto rx=0 tx=0 comp rx=0 tx=0)._handle_peer_banner_payload supported=3 required=0
2024-04-01T01:23:41.016 INFO:teuthology.orchestra.run.smithi079.stdout:/usr/bin/ceph: stderr
2024-04-01T01:23:40.111+0000 7f856dd9b700 1 --2- 172.21.15.79:0/2991030549 >> [v2:172.21.15.79:6800/2958638702,v1:172.21.15.79:6801/2958638702] conn(0x7f8558038320 0x7f855803a7e0 secure :-1 s=READY pgs=12 cs=0 l=1 rev1=1 crypto rx=0x7f8560006fd0 tx=0x7f8560006e40 comp rx=0 tx=0).ready entity=mgr.14120 client_cookie=0 server_cookie=0 in_seq=0 out_seq=0
2024-04-01T01:23:41.016 INFO:teuthology.orchestra.run.smithi079.stdout:/usr/bin/ceph: stderr
2024-04-01T01:23:40.115+0000 7f855f7fe700 1 -- 172.21.15.79:0/2991030549 <== mon.0 v2:172.21.15.79:3300/0 6 ==== mon_command_ack([{"prefix": "get_command_descriptions"}]=0 v0) v1 ==== 72+0+180422 (secure 0 0 0) 0x7f85640233a0 con 0x7f8570106a10
2024-04-01T01:23:41.016 INFO:teuthology.orchestra.run.smithi079.stdout:/usr/bin/ceph: stderr
2024-04-01T01:23:40.327+0000 7f8574870700 1 -- 172.21.15.79:0/2991030549 --> [v2:172.21.15.79:6800/2958638702,v1:172.21.15.79:6801/2958638702] -- mgr_command(tid 0: {"prefix": "orch apply", "service_type": "mon", "target": ["mon-mgr", ""]}) v1 -- 0x7f8570102300 con 0x7f8558038320
2024-04-01T01:23:41.016 INFO:teuthology.orchestra.run.smithi079.stdout:/usr/bin/ceph: stderr
2024-04-01T01:23:40.332+0000 7f855f7fe700 1 -- 172.21.15.79:0/2991030549 <== mgr.14120 v2:172.21.15.79:6800/2958638702 1 ==== mgr_command_reply(tid 0: 0 ) v1 ==== 8+0+24 (secure 0 0 0) 0x7f8570102300 con 0x7f8558038320
2024-04-01T01:23:41.017 INFO:teuthology.orchestra.run.smithi079.stdout:/usr/bin/ceph: stderr
2024-04-01T01:23:40.334+0000 7f8574870700 1 -- 172.21.15.79:0/2991030549 >> [v2:172.21.15.79:6800/2958638702,v1:172.21.15.79:6801/2958638702] conn(0x7f8558038320 msgr2=0x7f855803a7e0 secure :-1 s=STATE_CONNECTION_ESTABLISHED l=1).mark_down
2024-04-01T01:23:41.017 INFO:teuthology.orchestra.run.smithi079.stdout:/usr/bin/ceph: stderr
2024-04-01T01:23:40.334+0000 7f8574870700 1 --2- 172.21.15.79:0/2991030549 >> [v2:172.21.15.79:6800/2958638702,v1:172.21.15.79:6801/2958638702] conn(0x7f8558038320 0x7f855803a7e0 secure :-1 s=READY pgs=12 cs=0 l=1 rev1=1 crypto rx=0x7f8560006fd0 tx=0x7f8560006e40 comp rx=0 tx=0).stop
2024-04-01T01:23:41.017 INFO:teuthology.orchestra.run.smithi079.stdout:/usr/bin/ceph: stderr
2024-04-01T01:23:40.334+0000 7f8574870700 1 -- 172.21.15.79:0/2991030549 >> [v2:172.21.15.79:3300/0,v1:172.21.15.79:6789/0] conn(0x7f8570106a10 msgr2=0x7f8570190600 secure :-1 s=STATE_CONNECTION_ESTABLISHED l=1).mark_down
2024-04-01T01:23:41.017 INFO:teuthology.orchestra.run.smithi079.stdout:/usr/bin/ceph: stderr
2024-04-01T01:23:40.334+0000 7f8574870700 1 --2- 172.21.15.79:0/2991030549 >> [v2:172.21.15.79:3300/0,v1:172.21.15.79:6789/0] conn(0x7f8570106a10 0x7f8570190600 secure :-1 s=READY pgs=48 cs=0 l=1 rev1=1 crypto rx=0x7f8564000c00 tx=0x7f8564011ab0 comp rx=0 tx=0).stop
2024-04-01T01:23:41.017 INFO:teuthology.orchestra.run.smithi079.stdout:/usr/bin/ceph: stderr
2024-04-01T01:23:40.334+0000 7f8574870700 1 -- 172.21.15.79:0/2991030549 shutdown_connections
2024-04-01T01:23:41.017 INFO:teuthology.orchestra.run.smithi079.stdout:/usr/bin/ceph: stderr
2024-04-01T01:23:40.334+0000 7f8574870700 1 --2- 172.21.15.79:0/2991030549 >> [v2:172.21.15.79:6800/2958638702,v1:172.21.15.79:6801/2958638702] conn(0x7f8558038320 0x7f855803a7e0 unknown :-1 s=CLOSED pgs=12 cs=0 l=1 rev1=1 crypto rx=0 tx=0 comp rx=0 tx=0).stop
2024-04-01T01:23:41.017 INFO:teuthology.orchestra.run.smithi079.stdout:/usr/bin/ceph: stderr
2024-04-01T01:23:40.334+0000 7f8574870700 1 --2- 172.21.15.79:0/2991030549 >> [v2:172.21.15.79:3300/0,v1:172.21.15.79:6789/0] conn(0x7f8570106a10 0x7f8570190600 unknown :-1 s=CLOSED pgs=48 cs=0 l=1 rev1=1 crypto rx=0 tx=0 comp rx=0 tx=0).stop
2024-04-01T01:23:41.017 INFO:teuthology.orchestra.run.smithi079.stdout:/usr/bin/ceph: stderr
2024-04-01T01:23:40.334+0000 7f8574870700 1 -- 172.21.15.79:0/2991030549 >> 172.21.15.79:0/2991030549 conn(0x7f8570100110 msgr2=0x7f8570104e60 unknown :-1 s=STATE_NONE l=0).mark_down
2024-04-01T01:23:41.017 INFO:teuthology.orchestra.run.smithi079.stdout:/usr/bin/ceph: stderr
2024-04-01T01:23:40.334+0000 7f8574870700 1 -- 172.21.15.79:0/2991030549 shutdown_connections
2024-04-01T01:23:41.017 INFO:teuthology.orchestra.run.smithi079.stdout:/usr/bin/ceph: stderr
2024-04-01T01:23:40.334+0000 7f8574870700 1 -- 172.21.15.79:0/2991030549 wait complete.
2024-04-01T01:23:41.017 INFO:teuthology.orchestra.run.smithi079.stdout:Deploying mgr service with default placement...
2024-04-01T01:23:41.616 INFO:journalctl@ceph.mon.smithi079.smithi079.stdout:Apr 01 01:23:41 smithi079 ceph-mon[29314]: from='client.14142 -' entity='client.admin' cmd=[{"prefix": "orch apply", "service_type": "mon", "target": ["mon-mgr", ""]}]: dispatch
2024-04-01T01:23:41.616 INFO:journalctl@ceph.mon.smithi079.smithi079.stdout:Apr 01 01:23:41 smithi079 ceph-mon[29314]: Saving service mon spec with placement count:5
2024-04-01T01:23:41.616 INFO:journalctl@ceph.mon.smithi079.smithi079.stdout:Apr 01 01:23:41 smithi079 ceph-mon[29314]: from='mgr.14120 172.21.15.79:0/912645897' entity='mgr.smithi079.rzapin'
2024-04-01T01:23:42.319 INFO:teuthology.orchestra.run.smithi079.stdout:/usr/bin/ceph: stdout Scheduled mgr update...
2024-04-01T01:23:42.319 INFO:teuthology.orchestra.run.smithi079.stdout:/usr/bin/ceph: stderr
2024-04-01T01:23:41.423+0000 7f6f70130700 1 Processor -- start
2024-04-01T01:23:42.320 INFO:teuthology.orchestra.run.smithi079.stdout:/usr/bin/ceph: stderr
2024-04-01T01:23:41.423+0000 7f6f70130700 1 -- start start
2024-04-01T01:23:42.320 INFO:teuthology.orchestra.run.smithi079.stdout:/usr/bin/ceph: stderr
2024-04-01T01:23:41.423+0000 7f6f70130700 1 --2- >> [v2:172.21.15.79:3300/0,v1:172.21.15.79:6789/0] conn(0x7f6f68106560 0x7f6f68106980 unknown :-1 s=NONE pgs=0 cs=0 l=0 rev1=0 crypto rx=0 tx=0 comp rx=0 tx=0).connect
2024-04-01T01:23:42.320 INFO:teuthology.orchestra.run.smithi079.stdout:/usr/bin/ceph: stderr
2024-04-01T01:23:41.424+0000 7f6f70130700 1 -- --> [v2:172.21.15.79:3300/0,v1:172.21.15.79:6789/0] -- mon_getmap magic: 0 v1 -- 0x7f6f68106f50 con 0x7f6f68106560
2024-04-01T01:23:42.320 INFO:teuthology.orchestra.run.smithi079.stdout:/usr/bin/ceph: stderr
2024-04-01T01:23:41.424+0000 7f6f6decc700 1 --2- >> [v2:172.21.15.79:3300/0,v1:172.21.15.79:6789/0] conn(0x7f6f68106560 0x7f6f68106980 unknown :-1 s=BANNER_CONNECTING pgs=0 cs=0 l=0 rev1=0 crypto rx=0 tx=0 comp rx=0 tx=0)._handle_peer_banner_payload supported=3 required=0
2024-04-01T01:23:42.320 INFO:teuthology.orchestra.run.smithi079.stdout:/usr/bin/ceph: stderr
2024-04-01T01:23:41.424+0000 7f6f6decc700 1 --2- >> [v2:172.21.15.79:3300/0,v1:172.21.15.79:6789/0] conn(0x7f6f68106560 0x7f6f68106980 unknown :-1 s=HELLO_CONNECTING pgs=0 cs=0 l=0 rev1=1 crypto rx=0 tx=0 comp rx=0 tx=0).handle_hello peer v2:172.21.15.79:3300/0 says I am v2:172.21.15.79:35396/0 (socket says 172.21.15.79:35396)
2024-04-01T01:23:42.320 INFO:teuthology.orchestra.run.smithi079.stdout:/usr/bin/ceph: stderr
2024-04-01T01:23:41.424+0000 7f6f6decc700 1 -- 172.21.15.79:0/2674724600 learned_addr learned my addr 172.21.15.79:0/2674724600 (peer_addr_for_me v2:172.21.15.79:0/0)
2024-04-01T01:23:42.320 INFO:teuthology.orchestra.run.smithi079.stdout:/usr/bin/ceph: stderr
2024-04-01T01:23:41.424+0000 7f6f6decc700 1 -- 172.21.15.79:0/2674724600 --> [v2:172.21.15.79:3300/0,v1:172.21.15.79:6789/0] -- mon_subscribe({config=0+,monmap=0+}) v3 -- 0x7f6f68107760 con 0x7f6f68106560
2024-04-01T01:23:42.320 INFO:teuthology.orchestra.run.smithi079.stdout:/usr/bin/ceph: stderr
2024-04-01T01:23:41.424+0000 7f6f6decc700 1 --2- 172.21.15.79:0/2674724600 >> [v2:172.21.15.79:3300/0,v1:172.21.15.79:6789/0] conn(0x7f6f68106560 0x7f6f68106980 secure :-1 s=READY pgs=49 cs=0 l=1 rev1=1 crypto rx=0x7f6f580098a0 tx=0x7f6f58009bb0 comp rx=0 tx=0).ready entity=mon.0 client_cookie=e76908d5a3e58db8 server_cookie=0 in_seq=0 out_seq=0
2024-04-01T01:23:42.320 INFO:teuthology.orchestra.run.smithi079.stdout:/usr/bin/ceph: stderr
2024-04-01T01:23:41.424+0000 7f6f6ceca700 1 -- 172.21.15.79:0/2674724600 <== mon.0 v2:172.21.15.79:3300/0 1 ==== mon_map magic: 0 v1 ==== 229+0+0 (secure 0 0 0) 0x7f6f58004180 con 0x7f6f68106560
2024-04-01T01:23:42.320 INFO:teuthology.orchestra.run.smithi079.stdout:/usr/bin/ceph: stderr
2024-04-01T01:23:41.424+0000 7f6f6ceca700 1 -- 172.21.15.79:0/2674724600 <== mon.0 v2:172.21.15.79:3300/0 2 ==== config(27 keys) v1 ==== 1037+0+0 (secure 0 0 0) 0x7f6f580042e0 con 0x7f6f68106560
2024-04-01T01:23:42.320 INFO:teuthology.orchestra.run.smithi079.stdout:/usr/bin/ceph: stderr
2024-04-01T01:23:41.424+0000 7f6f6ceca700 1 -- 172.21.15.79:0/2674724600 <== mon.0 v2:172.21.15.79:3300/0 3 ==== mon_map magic: 0 v1 ==== 229+0+0 (secure 0 0 0) 0x7f6f58011a50 con 0x7f6f68106560
2024-04-01T01:23:42.320 INFO:teuthology.orchestra.run.smithi079.stdout:/usr/bin/ceph: stderr
2024-04-01T01:23:41.425+0000 7f6f70130700 1 -- 172.21.15.79:0/2674724600 >> [v2:172.21.15.79:3300/0,v1:172.21.15.79:6789/0] conn(0x7f6f68106560 msgr2=0x7f6f68106980 secure :-1 s=STATE_CONNECTION_ESTABLISHED l=1).mark_down
2024-04-01T01:23:42.320 INFO:teuthology.orchestra.run.smithi079.stdout:/usr/bin/ceph: stderr
2024-04-01T01:23:41.425+0000 7f6f70130700 1 --2- 172.21.15.79:0/2674724600 >> [v2:172.21.15.79:3300/0,v1:172.21.15.79:6789/0] conn(0x7f6f68106560 0x7f6f68106980 secure :-1 s=READY pgs=49 cs=0 l=1 rev1=1 crypto rx=0x7f6f580098a0 tx=0x7f6f58009bb0 comp rx=0 tx=0).stop
2024-04-01T01:23:42.320 INFO:teuthology.orchestra.run.smithi079.stdout:/usr/bin/ceph: stderr
2024-04-01T01:23:41.425+0000 7f6f70130700 1 -- 172.21.15.79:0/2674724600 shutdown_connections
2024-04-01T01:23:42.321 INFO:teuthology.orchestra.run.smithi079.stdout:/usr/bin/ceph: stderr
2024-04-01T01:23:41.425+0000 7f6f70130700 1 --2- 172.21.15.79:0/2674724600 >> [v2:172.21.15.79:3300/0,v1:172.21.15.79:6789/0] conn(0x7f6f68106560 0x7f6f68106980 unknown :-1 s=CLOSED pgs=49 cs=0 l=1 rev1=1 crypto rx=0 tx=0 comp rx=0 tx=0).stop
2024-04-01T01:23:42.321 INFO:teuthology.orchestra.run.smithi079.stdout:/usr/bin/ceph: stderr
2024-04-01T01:23:41.425+0000 7f6f70130700 1 -- 172.21.15.79:0/2674724600 >> 172.21.15.79:0/2674724600 conn(0x7f6f68101b40 msgr2=0x7f6f68103f60 unknown :-1 s=STATE_NONE l=0).mark_down
2024-04-01T01:23:42.321 INFO:teuthology.orchestra.run.smithi079.stdout:/usr/bin/ceph: stderr
2024-04-01T01:23:41.425+0000 7f6f70130700 1 -- 172.21.15.79:0/2674724600 shutdown_connections
2024-04-01T01:23:42.321 INFO:teuthology.orchestra.run.smithi079.stdout:/usr/bin/ceph: stderr
2024-04-01T01:23:41.425+0000 7f6f70130700 1 -- 172.21.15.79:0/2674724600 wait complete.
2024-04-01T01:23:42.321 INFO:teuthology.orchestra.run.smithi079.stdout:/usr/bin/ceph: stderr
2024-04-01T01:23:41.425+0000 7f6f70130700 1 Processor -- start
2024-04-01T01:23:42.321 INFO:teuthology.orchestra.run.smithi079.stdout:/usr/bin/ceph: stderr
2024-04-01T01:23:41.425+0000 7f6f70130700 1 -- start start
2024-04-01T01:23:42.321 INFO:teuthology.orchestra.run.smithi079.stdout:/usr/bin/ceph: stderr
2024-04-01T01:23:41.426+0000 7f6f70130700 1 --2- >> [v2:172.21.15.79:3300/0,v1:172.21.15.79:6789/0] conn(0x7f6f68106560 0x7f6f6819a1c0 unknown :-1 s=NONE pgs=0 cs=0 l=1 rev1=0 crypto rx=0 tx=0 comp rx=0 tx=0).connect
2024-04-01T01:23:42.321 INFO:teuthology.orchestra.run.smithi079.stdout:/usr/bin/ceph: stderr
2024-04-01T01:23:41.426+0000 7f6f70130700 1 -- --> [v2:172.21.15.79:3300/0,v1:172.21.15.79:6789/0] -- mon_getmap magic: 0 v1 -- 0x7f6f6819a700 con 0x7f6f68106560
2024-04-01T01:23:42.321 INFO:teuthology.orchestra.run.smithi079.stdout:/usr/bin/ceph: stderr
2024-04-01T01:23:41.426+0000 7f6f6decc700 1 --2- >> [v2:172.21.15.79:3300/0,v1:172.21.15.79:6789/0] conn(0x7f6f68106560 0x7f6f6819a1c0 unknown :-1 s=BANNER_CONNECTING pgs=0 cs=0 l=1 rev1=0 crypto rx=0 tx=0 comp rx=0 tx=0)._handle_peer_banner_payload supported=3 required=0
2024-04-01T01:23:42.321 INFO:teuthology.orchestra.run.smithi079.stdout:/usr/bin/ceph: stderr
2024-04-01T01:23:41.426+0000 7f6f6decc700 1 --2- >> [v2:172.21.15.79:3300/0,v1:172.21.15.79:6789/0] conn(0x7f6f68106560 0x7f6f6819a1c0 unknown :-1 s=HELLO_CONNECTING pgs=0 cs=0 l=1 rev1=1 crypto rx=0 tx=0 comp rx=0 tx=0).handle_hello peer v2:172.21.15.79:3300/0 says I am v2:172.21.15.79:35398/0 (socket says 172.21.15.79:35398)
2024-04-01T01:23:42.321 INFO:teuthology.orchestra.run.smithi079.stdout:/usr/bin/ceph: stderr
2024-04-01T01:23:41.426+0000 7f6f6decc700 1 -- 172.21.15.79:0/3553593090 learned_addr learned my addr 172.21.15.79:0/3553593090 (peer_addr_for_me v2:172.21.15.79:0/0)
2024-04-01T01:23:42.321 INFO:teuthology.orchestra.run.smithi079.stdout:/usr/bin/ceph: stderr
2024-04-01T01:23:41.426+0000 7f6f6decc700 1 -- 172.21.15.79:0/3553593090 --> [v2:172.21.15.79:3300/0,v1:172.21.15.79:6789/0] -- mon_subscribe({config=0+,monmap=0+}) v3 -- 0x7f6f58009550 con 0x7f6f68106560
2024-04-01T01:23:42.321 INFO:teuthology.orchestra.run.smithi079.stdout:/usr/bin/ceph: stderr
2024-04-01T01:23:41.426+0000 7f6f6decc700 1 --2- 172.21.15.79:0/3553593090 >> [v2:172.21.15.79:3300/0,v1:172.21.15.79:6789/0] conn(0x7f6f68106560 0x7f6f6819a1c0 secure :-1 s=READY pgs=50 cs=0 l=1 rev1=1 crypto rx=0x7f6f58006af0 tx=0x7f6f58011a90 comp rx=0 tx=0).ready entity=mon.0 client_cookie=0 server_cookie=0 in_seq=0 out_seq=0
2024-04-01T01:23:42.321 INFO:teuthology.orchestra.run.smithi079.stdout:/usr/bin/ceph: stderr
2024-04-01T01:23:41.426+0000 7f6f5effd700 1 -- 172.21.15.79:0/3553593090 <== mon.0 v2:172.21.15.79:3300/0 1 ==== mon_map magic: 0 v1 ==== 229+0+0 (secure 0 0 0) 0x7f6f58003b90 con 0x7f6f68106560
2024-04-01T01:23:42.321 INFO:teuthology.orchestra.run.smithi079.stdout:/usr/bin/ceph: stderr
2024-04-01T01:23:41.426+0000 7f6f5effd700 1 -- 172.21.15.79:0/3553593090 <== mon.0 v2:172.21.15.79:3300/0 2 ==== config(27 keys) v1 ==== 1037+0+0 (secure 0 0 0) 0x7f6f5801a8a0 con 0x7f6f68106560
2024-04-01T01:23:42.322 INFO:teuthology.orchestra.run.smithi079.stdout:/usr/bin/ceph: stderr
2024-04-01T01:23:41.426+0000 7f6f70130700 1 -- 172.21.15.79:0/3553593090 --> [v2:172.21.15.79:3300/0,v1:172.21.15.79:6789/0] -- mon_subscribe({mgrmap=0+}) v3 -- 0x7f6f6819a900 con 0x7f6f68106560
2024-04-01T01:23:42.322 INFO:teuthology.orchestra.run.smithi079.stdout:/usr/bin/ceph: stderr
2024-04-01T01:23:41.426+0000 7f6f5effd700 1 -- 172.21.15.79:0/3553593090 <== mon.0 v2:172.21.15.79:3300/0 3 ==== mon_map magic: 0 v1 ==== 229+0+0 (secure 0 0 0) 0x7f6f58019880 con 0x7f6f68106560
2024-04-01T01:23:42.322 INFO:teuthology.orchestra.run.smithi079.stdout:/usr/bin/ceph: stderr
2024-04-01T01:23:41.426+0000 7f6f70130700 1 -- 172.21.15.79:0/3553593090 --> [v2:172.21.15.79:3300/0,v1:172.21.15.79:6789/0] -- mon_subscribe({osdmap=0}) v3 -- 0x7f6f6819ada0 con 0x7f6f68106560
2024-04-01T01:23:42.322 INFO:teuthology.orchestra.run.smithi079.stdout:/usr/bin/ceph: stderr
2024-04-01T01:23:41.427+0000 7f6f5effd700 1 -- 172.21.15.79:0/3553593090 <== mon.0 v2:172.21.15.79:3300/0 4 ==== mgrmap(e 8) v1 ==== 45283+0+0 (secure 0 0 0) 0x7f6f5801a430 con 0x7f6f68106560
2024-04-01T01:23:42.322 INFO:teuthology.orchestra.run.smithi079.stdout:/usr/bin/ceph: stderr
2024-04-01T01:23:41.427+0000 7f6f5effd700 1 --2- 172.21.15.79:0/3553593090 >> [v2:172.21.15.79:6800/2958638702,v1:172.21.15.79:6801/2958638702] conn(0x7f6f540382e0 0x7f6f5403a7a0 unknown :-1 s=NONE pgs=0 cs=0 l=1 rev1=0 crypto rx=0 tx=0 comp rx=0 tx=0).connect
2024-04-01T01:23:42.322 INFO:teuthology.orchestra.run.smithi079.stdout:/usr/bin/ceph: stderr
2024-04-01T01:23:41.427+0000 7f6f70130700 1 -- 172.21.15.79:0/3553593090 --> [v2:172.21.15.79:3300/0,v1:172.21.15.79:6789/0] -- mon_command({"prefix": "get_command_descriptions"} v 0) v1 -- 0x7f6f680623c0 con 0x7f6f68106560
2024-04-01T01:23:42.322 INFO:teuthology.orchestra.run.smithi079.stdout:/usr/bin/ceph: stderr
2024-04-01T01:23:41.427+0000 7f6f5effd700 1 -- 172.21.15.79:0/3553593090 <== mon.0 v2:172.21.15.79:3300/0 5 ==== osd_map(2..2 src has 1..2) v4 ==== 940+0+0 (secure 0 0 0) 0x7f6f5804c6c0 con 0x7f6f68106560
2024-04-01T01:23:42.322 INFO:teuthology.orchestra.run.smithi079.stdout:/usr/bin/ceph: stderr
2024-04-01T01:23:41.428+0000 7f6f6d6cb700 1 --2- 172.21.15.79:0/3553593090 >> [v2:172.21.15.79:6800/2958638702,v1:172.21.15.79:6801/2958638702] conn(0x7f6f540382e0 0x7f6f5403a7a0 unknown :-1 s=BANNER_CONNECTING pgs=0 cs=0 l=1 rev1=0 crypto rx=0 tx=0 comp rx=0 tx=0)._handle_peer_banner_payload supported=3 required=0
2024-04-01T01:23:42.322 INFO:teuthology.orchestra.run.smithi079.stdout:/usr/bin/ceph: stderr
2024-04-01T01:23:41.428+0000 7f6f6d6cb700 1 --2- 172.21.15.79:0/3553593090 >> [v2:172.21.15.79:6800/2958638702,v1:172.21.15.79:6801/2958638702] conn(0x7f6f540382e0 0x7f6f5403a7a0 secure :-1 s=READY pgs=13 cs=0 l=1 rev1=1 crypto rx=0x7f6f64006fd0 tx=0x7f6f64006e40 comp rx=0 tx=0).ready entity=mgr.14120 client_cookie=0 server_cookie=0 in_seq=0 out_seq=0
2024-04-01T01:23:42.322 INFO:teuthology.orchestra.run.smithi079.stdout:/usr/bin/ceph: stderr
2024-04-01T01:23:41.432+0000 7f6f5effd700 1 -- 172.21.15.79:0/3553593090 <== mon.0 v2:172.21.15.79:3300/0 6 ==== mon_command_ack([{"prefix": "get_command_descriptions"}]=0 v0) v1 ==== 72+0+180422 (secure 0 0 0) 0x7f6f580189a0 con 0x7f6f68106560
2024-04-01T01:23:42.322 INFO:teuthology.orchestra.run.smithi079.stdout:/usr/bin/ceph: stderr
2024-04-01T01:23:41.638+0000 7f6f70130700 1 -- 172.21.15.79:0/3553593090 --> [v2:172.21.15.79:6800/2958638702,v1:172.21.15.79:6801/2958638702] -- mgr_command(tid 0: {"prefix": "orch apply", "service_type": "mgr", "target": ["mon-mgr", ""]}) v1 -- 0x7f6f68102f80 con 0x7f6f540382e0
2024-04-01T01:23:42.322 INFO:teuthology.orchestra.run.smithi079.stdout:/usr/bin/ceph: stderr
2024-04-01T01:23:41.646+0000 7f6f5effd700 1 -- 172.21.15.79:0/3553593090 <== mgr.14120 v2:172.21.15.79:6800/2958638702 1 ==== mgr_command_reply(tid 0: 0 ) v1 ==== 8+0+24 (secure 0 0 0) 0x7f6f68102f80 con 0x7f6f540382e0
2024-04-01T01:23:42.322 INFO:teuthology.orchestra.run.smithi079.stdout:/usr/bin/ceph: stderr
2024-04-01T01:23:41.648+0000 7f6f70130700 1 -- 172.21.15.79:0/3553593090 >> [v2:172.21.15.79:6800/2958638702,v1:172.21.15.79:6801/2958638702] conn(0x7f6f540382e0 msgr2=0x7f6f5403a7a0 secure :-1 s=STATE_CONNECTION_ESTABLISHED l=1).mark_down
2024-04-01T01:23:42.322 INFO:teuthology.orchestra.run.smithi079.stdout:/usr/bin/ceph: stderr
2024-04-01T01:23:41.648+0000 7f6f70130700 1 --2- 172.21.15.79:0/3553593090 >> [v2:172.21.15.79:6800/2958638702,v1:172.21.15.79:6801/2958638702] conn(0x7f6f540382e0 0x7f6f5403a7a0 secure :-1 s=READY pgs=13 cs=0 l=1 rev1=1 crypto rx=0x7f6f64006fd0 tx=0x7f6f64006e40 comp rx=0 tx=0).stop
2024-04-01T01:23:42.323 INFO:teuthology.orchestra.run.smithi079.stdout:/usr/bin/ceph: stderr
2024-04-01T01:23:41.648+0000 7f6f70130700 1 -- 172.21.15.79:0/3553593090 >> [v2:172.21.15.79:3300/0,v1:172.21.15.79:6789/0] conn(0x7f6f68106560 msgr2=0x7f6f6819a1c0 secure :-1 s=STATE_CONNECTION_ESTABLISHED l=1).mark_down
2024-04-01T01:23:42.323 INFO:teuthology.orchestra.run.smithi079.stdout:/usr/bin/ceph: stderr
2024-04-01T01:23:41.648+0000 7f6f70130700 1 --2- 172.21.15.79:0/3553593090 >> [v2:172.21.15.79:3300/0,v1:172.21.15.79:6789/0] conn(0x7f6f68106560 0x7f6f6819a1c0 secure :-1 s=READY pgs=50 cs=0 l=1 rev1=1 crypto rx=0x7f6f58006af0 tx=0x7f6f58011a90 comp rx=0 tx=0).stop
2024-04-01T01:23:42.323 INFO:teuthology.orchestra.run.smithi079.stdout:/usr/bin/ceph: stderr
2024-04-01T01:23:41.648+0000 7f6f70130700 1 -- 172.21.15.79:0/3553593090 shutdown_connections
2024-04-01T01:23:42.323 INFO:teuthology.orchestra.run.smithi079.stdout:/usr/bin/ceph: stderr
2024-04-01T01:23:41.648+0000 7f6f70130700 1 --2- 172.21.15.79:0/3553593090 >> [v2:172.21.15.79:6800/2958638702,v1:172.21.15.79:6801/2958638702] conn(0x7f6f540382e0 0x7f6f5403a7a0 unknown :-1 s=CLOSED pgs=13 cs=0 l=1 rev1=1 crypto rx=0 tx=0 comp rx=0 tx=0).stop
2024-04-01T01:23:42.323 INFO:teuthology.orchestra.run.smithi079.stdout:/usr/bin/ceph: stderr
2024-04-01T01:23:41.648+0000 7f6f70130700 1 --2- 172.21.15.79:0/3553593090 >> [v2:172.21.15.79:3300/0,v1:172.21.15.79:6789/0] conn(0x7f6f68106560 0x7f6f6819a1c0 unknown :-1 s=CLOSED pgs=50 cs=0 l=1 rev1=1 crypto rx=0 tx=0 comp rx=0 tx=0).stop
2024-04-01T01:23:42.323 INFO:teuthology.orchestra.run.smithi079.stdout:/usr/bin/ceph: stderr
2024-04-01T01:23:41.648+0000 7f6f70130700 1 -- 172.21.15.79:0/3553593090 >> 172.21.15.79:0/3553593090 conn(0x7f6f68101b40 msgr2=0x7f6f68102870 unknown :-1 s=STATE_NONE l=0).mark_down
2024-04-01T01:23:42.323 INFO:teuthology.orchestra.run.smithi079.stdout:/usr/bin/ceph: stderr
2024-04-01T01:23:41.648+0000 7f6f70130700 1 -- 172.21.15.79:0/3553593090 shutdown_connections
2024-04-01T01:23:42.323 INFO:teuthology.orchestra.run.smithi079.stdout:/usr/bin/ceph: stderr
2024-04-01T01:23:41.649+0000 7f6f70130700 1 -- 172.21.15.79:0/3553593090 wait complete.
2024-04-01T01:23:42.323 INFO:teuthology.orchestra.run.smithi079.stdout:Deploying crash service with default placement...
2024-04-01T01:23:42.700 INFO:journalctl@ceph.mon.smithi079.smithi079.stdout:Apr 01 01:23:42 smithi079 ceph-mon[29314]: from='client.14144 -' entity='client.admin' cmd=[{"prefix": "orch apply", "service_type": "mgr", "target": ["mon-mgr", ""]}]: dispatch
2024-04-01T01:23:42.700 INFO:journalctl@ceph.mon.smithi079.smithi079.stdout:Apr 01 01:23:42 smithi079 ceph-mon[29314]: Saving service mgr spec with placement count:2
2024-04-01T01:23:42.700 INFO:journalctl@ceph.mon.smithi079.smithi079.stdout:Apr 01 01:23:42 smithi079 ceph-mon[29314]: from='mgr.14120 172.21.15.79:0/912645897' entity='mgr.smithi079.rzapin'
2024-04-01T01:23:43.556 INFO:teuthology.orchestra.run.smithi079.stdout:/usr/bin/ceph: stdout Scheduled crash update...
2024-04-01T01:23:43.556 INFO:teuthology.orchestra.run.smithi079.stdout:/usr/bin/ceph: stderr
2024-04-01T01:23:42.700+0000 7f1428982700 1 Processor -- start
2024-04-01T01:23:43.556 INFO:teuthology.orchestra.run.smithi079.stdout:/usr/bin/ceph: stderr
2024-04-01T01:23:42.700+0000 7f1428982700 1 -- start start
2024-04-01T01:23:43.557 INFO:teuthology.orchestra.run.smithi079.stdout:/usr/bin/ceph: stderr
2024-04-01T01:23:42.700+0000 7f1428982700 1 --2- >> [v2:172.21.15.79:3300/0,v1:172.21.15.79:6789/0] conn(0x7f1424104e30 0x7f1424105250 unknown :-1 s=NONE pgs=0 cs=0 l=0 rev1=0 crypto rx=0 tx=0 comp rx=0 tx=0).connect
2024-04-01T01:23:43.557 INFO:teuthology.orchestra.run.smithi079.stdout:/usr/bin/ceph: stderr
2024-04-01T01:23:42.700+0000 7f1428982700 1 -- --> [v2:172.21.15.79:3300/0,v1:172.21.15.79:6789/0] -- mon_getmap magic: 0 v1 -- 0x7f1424079e10 con 0x7f1424104e30
2024-04-01T01:23:43.557 INFO:teuthology.orchestra.run.smithi079.stdout:/usr/bin/ceph: stderr
2024-04-01T01:23:42.700+0000 7f142259c700 1 --2- >> [v2:172.21.15.79:3300/0,v1:172.21.15.79:6789/0] conn(0x7f1424104e30 0x7f1424105250 unknown :-1 s=BANNER_CONNECTING pgs=0 cs=0 l=0 rev1=0 crypto rx=0 tx=0 comp rx=0 tx=0)._handle_peer_banner_payload supported=3 required=0
2024-04-01T01:23:43.557 INFO:teuthology.orchestra.run.smithi079.stdout:/usr/bin/ceph: stderr
2024-04-01T01:23:42.700+0000 7f142259c700 1 --2- >> [v2:172.21.15.79:3300/0,v1:172.21.15.79:6789/0] conn(0x7f1424104e30 0x7f1424105250 unknown :-1 s=HELLO_CONNECTING pgs=0 cs=0 l=0 rev1=1 crypto rx=0 tx=0 comp rx=0 tx=0).handle_hello peer v2:172.21.15.79:3300/0 says I am v2:172.21.15.79:42924/0 (socket says 172.21.15.79:42924)
2024-04-01T01:23:43.557 INFO:teuthology.orchestra.run.smithi079.stdout:/usr/bin/ceph: stderr
2024-04-01T01:23:42.700+0000 7f142259c700 1 -- 172.21.15.79:0/195233332 learned_addr learned my addr 172.21.15.79:0/195233332 (peer_addr_for_me v2:172.21.15.79:0/0)
2024-04-01T01:23:43.557 INFO:teuthology.orchestra.run.smithi079.stdout:/usr/bin/ceph: stderr
2024-04-01T01:23:42.701+0000 7f142259c700 1 -- 172.21.15.79:0/195233332 --> [v2:172.21.15.79:3300/0,v1:172.21.15.79:6789/0] -- mon_subscribe({config=0+,monmap=0+}) v3 -- 0x7f1424105790 con 0x7f1424104e30
2024-04-01T01:23:43.557 INFO:teuthology.orchestra.run.smithi079.stdout:/usr/bin/ceph: stderr
2024-04-01T01:23:42.701+0000 7f142259c700 1 --2- 172.21.15.79:0/195233332 >> [v2:172.21.15.79:3300/0,v1:172.21.15.79:6789/0] conn(0x7f1424104e30 0x7f1424105250 secure :-1 s=READY pgs=51 cs=0 l=1 rev1=1 crypto rx=0x7f14140098a0 tx=0x7f1414009bb0 comp rx=0 tx=0).ready entity=mon.0 client_cookie=57564f38e97e71a9 server_cookie=0 in_seq=0 out_seq=0
2024-04-01T01:23:43.557 INFO:teuthology.orchestra.run.smithi079.stdout:/usr/bin/ceph: stderr
2024-04-01T01:23:42.701+0000 7f142159a700 1 -- 172.21.15.79:0/195233332 <== mon.0 v2:172.21.15.79:3300/0 1 ==== mon_map magic: 0 v1 ==== 229+0+0 (secure 0 0 0) 0x7f1414004180 con 0x7f1424104e30
2024-04-01T01:23:43.557 INFO:teuthology.orchestra.run.smithi079.stdout:/usr/bin/ceph: stderr
2024-04-01T01:23:42.701+0000 7f142159a700 1 -- 172.21.15.79:0/195233332 <== mon.0 v2:172.21.15.79:3300/0 2 ==== config(27 keys) v1 ==== 1037+0+0 (secure 0 0 0) 0x7f14140042e0 con 0x7f1424104e30
2024-04-01T01:23:43.557 INFO:teuthology.orchestra.run.smithi079.stdout:/usr/bin/ceph: stderr
2024-04-01T01:23:42.701+0000 7f142159a700 1 -- 172.21.15.79:0/195233332 <== mon.0 v2:172.21.15.79:3300/0 3 ==== mon_map magic: 0 v1 ==== 229+0+0 (secure 0 0 0) 0x7f1414011a50 con 0x7f1424104e30
2024-04-01T01:23:43.557 INFO:teuthology.orchestra.run.smithi079.stdout:/usr/bin/ceph: stderr
2024-04-01T01:23:42.701+0000 7f1428982700 1 -- 172.21.15.79:0/195233332 >> [v2:172.21.15.79:3300/0,v1:172.21.15.79:6789/0] conn(0x7f1424104e30 msgr2=0x7f1424105250 secure :-1 s=STATE_CONNECTION_ESTABLISHED l=1).mark_down
2024-04-01T01:23:43.557 INFO:teuthology.orchestra.run.smithi079.stdout:/usr/bin/ceph: stderr
2024-04-01T01:23:42.701+0000 7f1428982700 1 --2- 172.21.15.79:0/195233332 >> [v2:172.21.15.79:3300/0,v1:172.21.15.79:6789/0] conn(0x7f1424104e30 0x7f1424105250 secure :-1 s=READY pgs=51 cs=0 l=1 rev1=1 crypto rx=0x7f14140098a0 tx=0x7f1414009bb0 comp rx=0 tx=0).stop
2024-04-01T01:23:43.558 INFO:teuthology.orchestra.run.smithi079.stdout:/usr/bin/ceph: stderr
2024-04-01T01:23:42.702+0000 7f1428982700 1 -- 172.21.15.79:0/195233332 shutdown_connections
2024-04-01T01:23:43.558 INFO:teuthology.orchestra.run.smithi079.stdout:/usr/bin/ceph: stderr
2024-04-01T01:23:42.702+0000 7f1428982700 1 --2- 172.21.15.79:0/195233332 >> [v2:172.21.15.79:3300/0,v1:172.21.15.79:6789/0] conn(0x7f1424104e30 0x7f1424105250 unknown :-1 s=CLOSED pgs=51 cs=0 l=1 rev1=1 crypto rx=0 tx=0 comp rx=0 tx=0).stop
2024-04-01T01:23:43.558 INFO:teuthology.orchestra.run.smithi079.stdout:/usr/bin/ceph: stderr
2024-04-01T01:23:42.702+0000 7f1428982700 1 -- 172.21.15.79:0/195233332 >> 172.21.15.79:0/195233332 conn(0x7f14241009f0 msgr2=0x7f1424102e30 unknown :-1 s=STATE_NONE l=0).mark_down
2024-04-01T01:23:43.558 INFO:teuthology.orchestra.run.smithi079.stdout:/usr/bin/ceph: stderr
2024-04-01T01:23:42.702+0000 7f1428982700 1 -- 172.21.15.79:0/195233332 shutdown_connections
2024-04-01T01:23:43.558 INFO:teuthology.orchestra.run.smithi079.stdout:/usr/bin/ceph: stderr
2024-04-01T01:23:42.702+0000 7f1428982700 1 -- 172.21.15.79:0/195233332 wait complete.
2024-04-01T01:23:43.558 INFO:teuthology.orchestra.run.smithi079.stdout:/usr/bin/ceph: stderr
2024-04-01T01:23:42.702+0000 7f1428982700 1 Processor -- start
2024-04-01T01:23:43.558 INFO:teuthology.orchestra.run.smithi079.stdout:/usr/bin/ceph: stderr
2024-04-01T01:23:42.702+0000 7f1428982700 1 -- start start
2024-04-01T01:23:43.558 INFO:teuthology.orchestra.run.smithi079.stdout:/usr/bin/ceph: stderr
2024-04-01T01:23:42.702+0000 7f1428982700 1 --2- >> [v2:172.21.15.79:3300/0,v1:172.21.15.79:6789/0] conn(0x7f1424104e30 0x7f142419c3d0 unknown :-1 s=NONE pgs=0 cs=0 l=1 rev1=0 crypto rx=0 tx=0 comp rx=0 tx=0).connect
2024-04-01T01:23:43.558 INFO:teuthology.orchestra.run.smithi079.stdout:/usr/bin/ceph: stderr
2024-04-01T01:23:42.702+0000 7f1428982700 1 -- --> [v2:172.21.15.79:3300/0,v1:172.21.15.79:6789/0] -- mon_getmap magic: 0 v1 -- 0x7f142419c910 con 0x7f1424104e30
2024-04-01T01:23:43.558 INFO:teuthology.orchestra.run.smithi079.stdout:/usr/bin/ceph: stderr
2024-04-01T01:23:42.703+0000 7f142259c700 1 --2- >> [v2:172.21.15.79:3300/0,v1:172.21.15.79:6789/0] conn(0x7f1424104e30 0x7f142419c3d0 unknown :-1 s=BANNER_CONNECTING pgs=0 cs=0 l=1 rev1=0 crypto rx=0 tx=0 comp rx=0 tx=0)._handle_peer_banner_payload supported=3 required=0
2024-04-01T01:23:43.558 INFO:teuthology.orchestra.run.smithi079.stdout:/usr/bin/ceph: stderr
2024-04-01T01:23:42.703+0000 7f142259c700 1 --2- >> [v2:172.21.15.79:3300/0,v1:172.21.15.79:6789/0] conn(0x7f1424104e30 0x7f142419c3d0 unknown :-1 s=HELLO_CONNECTING pgs=0 cs=0 l=1 rev1=1 crypto rx=0 tx=0 comp rx=0 tx=0).handle_hello peer v2:172.21.15.79:3300/0 says I am v2:172.21.15.79:42934/0 (socket says 172.21.15.79:42934)
2024-04-01T01:23:43.559 INFO:teuthology.orchestra.run.smithi079.stdout:/usr/bin/ceph: stderr
2024-04-01T01:23:42.703+0000 7f142259c700 1 -- 172.21.15.79:0/323401121 learned_addr learned my addr 172.21.15.79:0/323401121 (peer_addr_for_me v2:172.21.15.79:0/0)
2024-04-01T01:23:43.559 INFO:teuthology.orchestra.run.smithi079.stdout:/usr/bin/ceph: stderr
2024-04-01T01:23:42.703+0000 7f142259c700 1 -- 172.21.15.79:0/323401121 --> [v2:172.21.15.79:3300/0,v1:172.21.15.79:6789/0] -- mon_subscribe({config=0+,monmap=0+}) v3 -- 0x7f1414009550 con 0x7f1424104e30
2024-04-01T01:23:43.559 INFO:teuthology.orchestra.run.smithi079.stdout:/usr/bin/ceph: stderr
2024-04-01T01:23:42.703+0000 7f142259c700 1 --2- 172.21.15.79:0/323401121 >> [v2:172.21.15.79:3300/0,v1:172.21.15.79:6789/0] conn(0x7f1424104e30 0x7f142419c3d0 secure :-1 s=READY pgs=52 cs=0 l=1 rev1=1 crypto rx=0x7f1414003de0 tx=0x7f1414011ab0 comp rx=0 tx=0).ready entity=mon.0 client_cookie=0 server_cookie=0 in_seq=0 out_seq=0
2024-04-01T01:23:43.559 INFO:teuthology.orchestra.run.smithi079.stdout:/usr/bin/ceph: stderr
2024-04-01T01:23:42.703+0000 7f14137fe700 1 -- 172.21.15.79:0/323401121 <== mon.0 v2:172.21.15.79:3300/0 1 ==== mon_map magic: 0 v1 ==== 229+0+0 (secure 0 0 0) 0x7f1414003930 con 0x7f1424104e30
2024-04-01T01:23:43.559 INFO:teuthology.orchestra.run.smithi079.stdout:/usr/bin/ceph: stderr
2024-04-01T01:23:42.703+0000 7f14137fe700 1 -- 172.21.15.79:0/323401121 <== mon.0 v2:172.21.15.79:3300/0 2 ==== config(27 keys) v1 ==== 1037+0+0 (secure 0 0 0) 0x7f1414003a90 con 0x7f1424104e30
2024-04-01T01:23:43.559 INFO:teuthology.orchestra.run.smithi079.stdout:/usr/bin/ceph: stderr
2024-04-01T01:23:42.703+0000 7f14137fe700 1 -- 172.21.15.79:0/323401121 <== mon.0 v2:172.21.15.79:3300/0 3 ==== mon_map magic: 0 v1 ==== 229+0+0 (secure 0 0 0) 0x7f1414019730 con 0x7f1424104e30
2024-04-01T01:23:43.559 INFO:teuthology.orchestra.run.smithi079.stdout:/usr/bin/ceph: stderr
2024-04-01T01:23:42.703+0000 7f1428982700 1 -- 172.21.15.79:0/323401121 --> [v2:172.21.15.79:3300/0,v1:172.21.15.79:6789/0] -- mon_subscribe({mgrmap=0+}) v3 -- 0x7f142419cb10 con 0x7f1424104e30
2024-04-01T01:23:43.559 INFO:teuthology.orchestra.run.smithi079.stdout:/usr/bin/ceph: stderr
2024-04-01T01:23:42.703+0000 7f1428982700 1 -- 172.21.15.79:0/323401121 --> [v2:172.21.15.79:3300/0,v1:172.21.15.79:6789/0] -- mon_subscribe({osdmap=0}) v3 -- 0x7f142419cfb0 con 0x7f1424104e30
2024-04-01T01:23:43.559 INFO:teuthology.orchestra.run.smithi079.stdout:/usr/bin/ceph: stderr
2024-04-01T01:23:42.704+0000 7f14137fe700 1 -- 172.21.15.79:0/323401121 <== mon.0 v2:172.21.15.79:3300/0 4 ==== mgrmap(e 8) v1 ==== 45283+0+0 (secure 0 0 0) 0x7f14140199b0 con 0x7f1424104e30
2024-04-01T01:23:43.559 INFO:teuthology.orchestra.run.smithi079.stdout:/usr/bin/ceph: stderr
2024-04-01T01:23:42.704+0000 7f14137fe700 1 --2- 172.21.15.79:0/323401121 >> [v2:172.21.15.79:6800/2958638702,v1:172.21.15.79:6801/2958638702] conn(0x7f140c038320 0x7f140c03a7e0 unknown :-1 s=NONE pgs=0 cs=0 l=1 rev1=0 crypto rx=0 tx=0 comp rx=0 tx=0).connect
2024-04-01T01:23:43.559 INFO:teuthology.orchestra.run.smithi079.stdout:/usr/bin/ceph: stderr
2024-04-01T01:23:42.704+0000 7f14137fe700 1 -- 172.21.15.79:0/323401121 <== mon.0 v2:172.21.15.79:3300/0 5 ==== osd_map(2..2 src has 1..2) v4 ==== 940+0+0 (secure 0 0 0) 0x7f141404c440 con 0x7f1424104e30
2024-04-01T01:23:43.559 INFO:teuthology.orchestra.run.smithi079.stdout:/usr/bin/ceph: stderr
2024-04-01T01:23:42.704+0000 7f1428982700 1 -- 172.21.15.79:0/323401121 --> [v2:172.21.15.79:3300/0,v1:172.21.15.79:6789/0] -- mon_command({"prefix": "get_command_descriptions"} v 0) v1 -- 0x7f1424195cd0 con 0x7f1424104e30
2024-04-01T01:23:43.560 INFO:teuthology.orchestra.run.smithi079.stdout:/usr/bin/ceph: stderr
2024-04-01T01:23:42.704+0000 7f1421d9b700 1 --2- 172.21.15.79:0/323401121 >> [v2:172.21.15.79:6800/2958638702,v1:172.21.15.79:6801/2958638702] conn(0x7f140c038320 0x7f140c03a7e0 unknown :-1 s=BANNER_CONNECTING pgs=0 cs=0 l=1 rev1=0 crypto rx=0 tx=0 comp rx=0 tx=0)._handle_peer_banner_payload supported=3 required=0
2024-04-01T01:23:43.560 INFO:teuthology.orchestra.run.smithi079.stdout:/usr/bin/ceph: stderr
2024-04-01T01:23:42.705+0000 7f1421d9b700 1 --2- 172.21.15.79:0/323401121 >> [v2:172.21.15.79:6800/2958638702,v1:172.21.15.79:6801/2958638702] conn(0x7f140c038320 0x7f140c03a7e0 secure :-1 s=READY pgs=14 cs=0 l=1 rev1=1 crypto rx=0x7f1418006fd0 tx=0x7f1418006e40 comp rx=0 tx=0).ready entity=mgr.14120 client_cookie=0 server_cookie=0 in_seq=0 out_seq=0
2024-04-01T01:23:43.560 INFO:teuthology.orchestra.run.smithi079.stdout:/usr/bin/ceph: stderr
2024-04-01T01:23:42.709+0000 7f14137fe700 1 -- 172.21.15.79:0/323401121 <== mon.0 v2:172.21.15.79:3300/0 6 ==== mon_command_ack([{"prefix": "get_command_descriptions"}]=0 v0) v1 ==== 72+0+180422 (secure 0 0 0) 0x7f1414019cb0 con 0x7f1424104e30
2024-04-01T01:23:43.560 INFO:teuthology.orchestra.run.smithi079.stdout:/usr/bin/ceph: stderr
2024-04-01T01:23:42.914+0000 7f1428982700 1 -- 172.21.15.79:0/323401121 --> [v2:172.21.15.79:6800/2958638702,v1:172.21.15.79:6801/2958638702] -- mgr_command(tid 0: {"prefix": "orch apply", "service_type": "crash", "target": ["mon-mgr", ""]}) v1 -- 0x7f14240611d0 con 0x7f140c038320
2024-04-01T01:23:43.560 INFO:teuthology.orchestra.run.smithi079.stdout:/usr/bin/ceph: stderr
2024-04-01T01:23:42.921+0000 7f14137fe700 1 -- 172.21.15.79:0/323401121 <== mgr.14120 v2:172.21.15.79:6800/2958638702 1 ==== mgr_command_reply(tid 0: 0 ) v1 ==== 8+0+26 (secure 0 0 0) 0x7f14240611d0 con 0x7f140c038320
2024-04-01T01:23:43.560 INFO:teuthology.orchestra.run.smithi079.stdout:/usr/bin/ceph: stderr
2024-04-01T01:23:42.923+0000 7f1428982700 1 -- 172.21.15.79:0/323401121 >> [v2:172.21.15.79:6800/2958638702,v1:172.21.15.79:6801/2958638702] conn(0x7f140c038320 msgr2=0x7f140c03a7e0 secure :-1 s=STATE_CONNECTION_ESTABLISHED l=1).mark_down
2024-04-01T01:23:43.560 INFO:teuthology.orchestra.run.smithi079.stdout:/usr/bin/ceph: stderr
2024-04-01T01:23:42.923+0000 7f1428982700 1 --2- 172.21.15.79:0/323401121 >> [v2:172.21.15.79:6800/2958638702,v1:172.21.15.79:6801/2958638702] conn(0x7f140c038320 0x7f140c03a7e0 secure :-1 s=READY pgs=14 cs=0 l=1 rev1=1 crypto rx=0x7f1418006fd0 tx=0x7f1418006e40 comp rx=0 tx=0).stop
2024-04-01T01:23:43.560 INFO:teuthology.orchestra.run.smithi079.stdout:/usr/bin/ceph: stderr
2024-04-01T01:23:42.923+0000 7f1428982700 1 -- 172.21.15.79:0/323401121 >> [v2:172.21.15.79:3300/0,v1:172.21.15.79:6789/0] conn(0x7f1424104e30 msgr2=0x7f142419c3d0 secure :-1 s=STATE_CONNECTION_ESTABLISHED l=1).mark_down
2024-04-01T01:23:43.561 INFO:teuthology.orchestra.run.smithi079.stdout:/usr/bin/ceph: stderr
2024-04-01T01:23:42.923+0000 7f1428982700 1 --2- 172.21.15.79:0/323401121 >> [v2:172.21.15.79:3300/0,v1:172.21.15.79:6789/0] conn(0x7f1424104e30 0x7f142419c3d0 secure :-1 s=READY pgs=52 cs=0 l=1 rev1=1 crypto rx=0x7f1414003de0 tx=0x7f1414011ab0 comp rx=0 tx=0).stop
2024-04-01T01:23:43.561 INFO:teuthology.orchestra.run.smithi079.stdout:/usr/bin/ceph: stderr
2024-04-01T01:23:42.923+0000 7f1428982700 1 -- 172.21.15.79:0/323401121 shutdown_connections
2024-04-01T01:23:43.561 INFO:teuthology.orchestra.run.smithi079.stdout:/usr/bin/ceph: stderr
2024-04-01T01:23:42.923+0000 7f1428982700 1 --2- 172.21.15.79:0/323401121 >> [v2:172.21.15.79:6800/2958638702,v1:172.21.15.79:6801/2958638702] conn(0x7f140c038320 0x7f140c03a7e0 unknown :-1 s=CLOSED pgs=14 cs=0 l=1 rev1=1 crypto rx=0 tx=0 comp rx=0 tx=0).stop
2024-04-01T01:23:43.561 INFO:teuthology.orchestra.run.smithi079.stdout:/usr/bin/ceph: stderr
2024-04-01T01:23:42.923+0000 7f1428982700 1 --2- 172.21.15.79:0/323401121 >> [v2:172.21.15.79:3300/0,v1:172.21.15.79:6789/0] conn(0x7f1424104e30 0x7f142419c3d0 unknown :-1 s=CLOSED pgs=52 cs=0 l=1 rev1=1 crypto rx=0 tx=0 comp rx=0 tx=0).stop
2024-04-01T01:23:43.561 INFO:teuthology.orchestra.run.smithi079.stdout:/usr/bin/ceph: stderr
2024-04-01T01:23:42.923+0000 7f1428982700 1 -- 172.21.15.79:0/323401121 >> 172.21.15.79:0/323401121 conn(0x7f14241009f0 msgr2=0x7f14241909f0 unknown :-1 s=STATE_NONE l=0).mark_down
2024-04-01T01:23:43.561 INFO:teuthology.orchestra.run.smithi079.stdout:/usr/bin/ceph: stderr
2024-04-01T01:23:42.924+0000 7f1428982700 1 -- 172.21.15.79:0/323401121 shutdown_connections
2024-04-01T01:23:43.561 INFO:teuthology.orchestra.run.smithi079.stdout:/usr/bin/ceph: stderr
2024-04-01T01:23:42.924+0000 7f1428982700 1 -- 172.21.15.79:0/323401121 wait complete.
2024-04-01T01:23:43.561 INFO:teuthology.orchestra.run.smithi079.stdout:Deploying ceph-exporter service with default placement...
2024-04-01T01:23:44.154 INFO:journalctl@ceph.mon.smithi079.smithi079.stdout:Apr 01 01:23:43 smithi079 ceph-mon[29314]: from='client.14146 -' entity='client.admin' cmd=[{"prefix": "orch apply", "service_type": "crash", "target": ["mon-mgr", ""]}]: dispatch
2024-04-01T01:23:44.267 INFO:journalctl@ceph.mon.smithi079.smithi079.stdout:Apr 01 01:23:43 smithi079 ceph-mon[29314]: Saving service crash spec with placement *
2024-04-01T01:23:44.267 INFO:journalctl@ceph.mon.smithi079.smithi079.stdout:Apr 01 01:23:43 smithi079 ceph-mon[29314]: from='mgr.14120 172.21.15.79:0/912645897' entity='mgr.smithi079.rzapin'
2024-04-01T01:23:44.267 INFO:journalctl@ceph.mon.smithi079.smithi079.stdout:Apr 01 01:23:43 smithi079 ceph-mon[29314]: from='mgr.14120 172.21.15.79:0/912645897' entity='mgr.smithi079.rzapin'
2024-04-01T01:23:44.745 INFO:teuthology.orchestra.run.smithi079.stdout:/usr/bin/ceph: stdout Scheduled ceph-exporter update...
2024-04-01T01:23:44.745 INFO:teuthology.orchestra.run.smithi079.stdout:/usr/bin/ceph: stderr
2024-04-01T01:23:43.939+0000 7f095646a700 1 Processor -- start
2024-04-01T01:23:44.745 INFO:teuthology.orchestra.run.smithi079.stdout:/usr/bin/ceph: stderr
2024-04-01T01:23:43.939+0000 7f095646a700 1 -- start start
2024-04-01T01:23:44.745 INFO:teuthology.orchestra.run.smithi079.stdout:/usr/bin/ceph: stderr
2024-04-01T01:23:43.939+0000 7f095646a700 1 --2- >> [v2:172.21.15.79:3300/0,v1:172.21.15.79:6789/0] conn(0x7f0950106a30 0x7f0950106e50 unknown :-1 s=NONE pgs=0 cs=0 l=0 rev1=0 crypto rx=0 tx=0 comp rx=0 tx=0).connect
2024-04-01T01:23:44.746 INFO:teuthology.orchestra.run.smithi079.stdout:/usr/bin/ceph: stderr
2024-04-01T01:23:43.939+0000 7f095646a700 1 -- --> [v2:172.21.15.79:3300/0,v1:172.21.15.79:6789/0] -- mon_getmap magic: 0 v1 -- 0x7f0950107420 con 0x7f0950106a30
2024-04-01T01:23:44.746 INFO:teuthology.orchestra.run.smithi079.stdout:/usr/bin/ceph: stderr
2024-04-01T01:23:43.939+0000 7f094ffff700 1 --2- >> [v2:172.21.15.79:3300/0,v1:172.21.15.79:6789/0] conn(0x7f0950106a30 0x7f0950106e50 unknown :-1 s=BANNER_CONNECTING pgs=0 cs=0 l=0 rev1=0 crypto rx=0 tx=0 comp rx=0 tx=0)._handle_peer_banner_payload supported=3 required=0
2024-04-01T01:23:44.746 INFO:teuthology.orchestra.run.smithi079.stdout:/usr/bin/ceph: stderr
2024-04-01T01:23:43.939+0000 7f094ffff700 1 --2- >> [v2:172.21.15.79:3300/0,v1:172.21.15.79:6789/0] conn(0x7f0950106a30 0x7f0950106e50 unknown :-1 s=HELLO_CONNECTING pgs=0 cs=0 l=0 rev1=1 crypto rx=0 tx=0 comp rx=0 tx=0).handle_hello peer v2:172.21.15.79:3300/0 says I am v2:172.21.15.79:42942/0 (socket says 172.21.15.79:42942)
2024-04-01T01:23:44.746 INFO:teuthology.orchestra.run.smithi079.stdout:/usr/bin/ceph: stderr
2024-04-01T01:23:43.939+0000 7f094ffff700 1 -- 172.21.15.79:0/1258773219 learned_addr learned my addr 172.21.15.79:0/1258773219 (peer_addr_for_me v2:172.21.15.79:0/0)
2024-04-01T01:23:44.746 INFO:teuthology.orchestra.run.smithi079.stdout:/usr/bin/ceph: stderr
2024-04-01T01:23:43.939+0000 7f094ffff700 1 -- 172.21.15.79:0/1258773219 --> [v2:172.21.15.79:3300/0,v1:172.21.15.79:6789/0] -- mon_subscribe({config=0+,monmap=0+}) v3 -- 0x7f0950105640 con 0x7f0950106a30
2024-04-01T01:23:44.746 INFO:teuthology.orchestra.run.smithi079.stdout:/usr/bin/ceph: stderr
2024-04-01T01:23:43.939+0000 7f094ffff700 1 --2- 172.21.15.79:0/1258773219 >> [v2:172.21.15.79:3300/0,v1:172.21.15.79:6789/0] conn(0x7f0950106a30 0x7f0950106e50 secure :-1 s=READY pgs=53 cs=0 l=1 rev1=1 crypto rx=0x7f09400098a0 tx=0x7f0940009bb0 comp rx=0 tx=0).ready entity=mon.0 client_cookie=c78e617b8b0dbd62 server_cookie=0 in_seq=0 out_seq=0
2024-04-01T01:23:44.746 INFO:teuthology.orchestra.run.smithi079.stdout:/usr/bin/ceph: stderr
2024-04-01T01:23:43.940+0000 7f094effd700 1 -- 172.21.15.79:0/1258773219 <== mon.0 v2:172.21.15.79:3300/0 1 ==== mon_map magic: 0 v1 ==== 229+0+0 (secure 0 0 0) 0x7f0940004180 con 0x7f0950106a30
2024-04-01T01:23:44.746 INFO:teuthology.orchestra.run.smithi079.stdout:/usr/bin/ceph: stderr
2024-04-01T01:23:43.940+0000 7f094effd700 1 -- 172.21.15.79:0/1258773219 <== mon.0 v2:172.21.15.79:3300/0 2 ==== config(27 keys) v1 ==== 1101+0+0 (secure 0 0 0) 0x7f09400042e0 con 0x7f0950106a30
2024-04-01T01:23:44.746 INFO:teuthology.orchestra.run.smithi079.stdout:/usr/bin/ceph: stderr
2024-04-01T01:23:43.940+0000 7f094effd700 1 -- 172.21.15.79:0/1258773219 <== mon.0 v2:172.21.15.79:3300/0 3 ==== mon_map magic: 0 v1 ==== 229+0+0 (secure 0 0 0) 0x7f0940011af0 con 0x7f0950106a30
2024-04-01T01:23:44.746 INFO:teuthology.orchestra.run.smithi079.stdout:/usr/bin/ceph: stderr
2024-04-01T01:23:43.940+0000 7f095646a700 1 -- 172.21.15.79:0/1258773219 >> [v2:172.21.15.79:3300/0,v1:172.21.15.79:6789/0] conn(0x7f0950106a30 msgr2=0x7f0950106e50 secure :-1 s=STATE_CONNECTION_ESTABLISHED l=1).mark_down
2024-04-01T01:23:44.746 INFO:teuthology.orchestra.run.smithi079.stdout:/usr/bin/ceph: stderr
2024-04-01T01:23:43.940+0000 7f095646a700 1 --2- 172.21.15.79:0/1258773219 >> [v2:172.21.15.79:3300/0,v1:172.21.15.79:6789/0] conn(0x7f0950106a30 0x7f0950106e50 secure :-1 s=READY pgs=53 cs=0 l=1 rev1=1 crypto rx=0x7f09400098a0 tx=0x7f0940009bb0 comp rx=0 tx=0).stop
2024-04-01T01:23:44.746 INFO:teuthology.orchestra.run.smithi079.stdout:/usr/bin/ceph: stderr
2024-04-01T01:23:43.940+0000 7f095646a700 1 -- 172.21.15.79:0/1258773219 shutdown_connections
2024-04-01T01:23:44.747 INFO:teuthology.orchestra.run.smithi079.stdout:/usr/bin/ceph: stderr
2024-04-01T01:23:43.940+0000 7f095646a700 1 --2- 172.21.15.79:0/1258773219 >> [v2:172.21.15.79:3300/0,v1:172.21.15.79:6789/0] conn(0x7f0950106a30 0x7f0950106e50 unknown :-1 s=CLOSED pgs=53 cs=0 l=1 rev1=1 crypto rx=0 tx=0 comp rx=0 tx=0).stop
2024-04-01T01:23:44.747 INFO:teuthology.orchestra.run.smithi079.stdout:/usr/bin/ceph: stderr
2024-04-01T01:23:43.940+0000 7f095646a700 1 -- 172.21.15.79:0/1258773219 >> 172.21.15.79:0/1258773219 conn(0x7f0950100190 msgr2=0x7f09501025b0 unknown :-1 s=STATE_NONE l=0).mark_down
2024-04-01T01:23:44.747 INFO:teuthology.orchestra.run.smithi079.stdout:/usr/bin/ceph: stderr
2024-04-01T01:23:43.940+0000 7f095646a700 1 -- 172.21.15.79:0/1258773219 shutdown_connections
2024-04-01T01:23:44.747 INFO:teuthology.orchestra.run.smithi079.stdout:/usr/bin/ceph: stderr
2024-04-01T01:23:43.940+0000 7f095646a700 1 -- 172.21.15.79:0/1258773219 wait complete.
2024-04-01T01:23:44.747 INFO:teuthology.orchestra.run.smithi079.stdout:/usr/bin/ceph: stderr
2024-04-01T01:23:43.941+0000 7f095646a700 1 Processor -- start
2024-04-01T01:23:44.747 INFO:teuthology.orchestra.run.smithi079.stdout:/usr/bin/ceph: stderr
2024-04-01T01:23:43.941+0000 7f095646a700 1 -- start start
2024-04-01T01:23:44.747 INFO:teuthology.orchestra.run.smithi079.stdout:/usr/bin/ceph: stderr
2024-04-01T01:23:43.941+0000 7f095646a700 1 --2- >> [v2:172.21.15.79:3300/0,v1:172.21.15.79:6789/0] conn(0x7f0950106a30 0x7f0950199130 unknown :-1 s=NONE pgs=0 cs=0 l=1 rev1=0 crypto rx=0 tx=0 comp rx=0 tx=0).connect
2024-04-01T01:23:44.747 INFO:teuthology.orchestra.run.smithi079.stdout:/usr/bin/ceph: stderr
2024-04-01T01:23:43.941+0000 7f095646a700 1 -- --> [v2:172.21.15.79:3300/0,v1:172.21.15.79:6789/0] -- mon_getmap magic: 0 v1 -- 0x7f0950199670 con 0x7f0950106a30
2024-04-01T01:23:44.747 INFO:teuthology.orchestra.run.smithi079.stdout:/usr/bin/ceph: stderr
2024-04-01T01:23:43.941+0000 7f094ffff700 1 --2- >> [v2:172.21.15.79:3300/0,v1:172.21.15.79:6789/0] conn(0x7f0950106a30 0x7f0950199130 unknown :-1 s=BANNER_CONNECTING pgs=0 cs=0 l=1 rev1=0 crypto rx=0 tx=0 comp rx=0 tx=0)._handle_peer_banner_payload supported=3 required=0
2024-04-01T01:23:44.747 INFO:teuthology.orchestra.run.smithi079.stdout:/usr/bin/ceph: stderr
2024-04-01T01:23:43.941+0000 7f094ffff700 1 --2- >> [v2:172.21.15.79:3300/0,v1:172.21.15.79:6789/0] conn(0x7f0950106a30 0x7f0950199130 unknown :-1 s=HELLO_CONNECTING pgs=0 cs=0 l=1 rev1=1 crypto rx=0 tx=0 comp rx=0 tx=0).handle_hello peer v2:172.21.15.79:3300/0 says I am v2:172.21.15.79:42948/0 (socket says 172.21.15.79:42948)
2024-04-01T01:23:44.747 INFO:teuthology.orchestra.run.smithi079.stdout:/usr/bin/ceph: stderr
2024-04-01T01:23:43.941+0000 7f094ffff700 1 -- 172.21.15.79:0/288835723 learned_addr learned my addr 172.21.15.79:0/288835723 (peer_addr_for_me v2:172.21.15.79:0/0)
2024-04-01T01:23:44.747 INFO:teuthology.orchestra.run.smithi079.stdout:/usr/bin/ceph: stderr
2024-04-01T01:23:43.941+0000 7f094ffff700 1 -- 172.21.15.79:0/288835723 --> [v2:172.21.15.79:3300/0,v1:172.21.15.79:6789/0] -- mon_subscribe({config=0+,monmap=0+}) v3 -- 0x7f0940009550 con 0x7f0950106a30
2024-04-01T01:23:44.747 INFO:teuthology.orchestra.run.smithi079.stdout:/usr/bin/ceph: stderr
