2024-04-01T01:23:22.473+0000 7fbf9bfc6700 1 -- --> [v2:172.21.15.79:3300/0,v1:172.21.15.79:6789/0] -- mon_getmap magic: 0 v1 -- 0x7fbf94106f70 con 0x7fbf94106580
2024-04-01T01:23:23.363 INFO:teuthology.orchestra.run.smithi079.stdout:/usr/bin/ceph: stderr
2024-04-01T01:23:22.473+0000 7fbf99d62700 1 --2- >> [v2:172.21.15.79:3300/0,v1:172.21.15.79:6789/0] conn(0x7fbf94106580 0x7fbf941069a0 unknown :-1 s=BANNER_CONNECTING pgs=0 cs=0 l=0 rev1=0 crypto rx=0 tx=0 comp rx=0 tx=0)._handle_peer_banner_payload supported=3 required=0
2024-04-01T01:23:23.363 INFO:teuthology.orchestra.run.smithi079.stdout:/usr/bin/ceph: stderr
2024-04-01T01:23:22.473+0000 7fbf99d62700 1 --2- >> [v2:172.21.15.79:3300/0,v1:172.21.15.79:6789/0] conn(0x7fbf94106580 0x7fbf941069a0 unknown :-1 s=HELLO_CONNECTING pgs=0 cs=0 l=0 rev1=1 crypto rx=0 tx=0 comp rx=0 tx=0).handle_hello peer v2:172.21.15.79:3300/0 says I am v2:172.21.15.79:58266/0 (socket says 172.21.15.79:58266)
2024-04-01T01:23:23.363 INFO:teuthology.orchestra.run.smithi079.stdout:/usr/bin/ceph: stderr
2024-04-01T01:23:22.473+0000 7fbf99d62700 1 -- 172.21.15.79:0/2848536467 learned_addr learned my addr 172.21.15.79:0/2848536467 (peer_addr_for_me v2:172.21.15.79:0/0)
2024-04-01T01:23:23.363 INFO:teuthology.orchestra.run.smithi079.stdout:/usr/bin/ceph: stderr
2024-04-01T01:23:22.474+0000 7fbf99d62700 1 -- 172.21.15.79:0/2848536467 --> [v2:172.21.15.79:3300/0,v1:172.21.15.79:6789/0] -- mon_subscribe({config=0+,monmap=0+}) v3 -- 0x7fbf94107780 con 0x7fbf94106580
2024-04-01T01:23:23.363 INFO:teuthology.orchestra.run.smithi079.stdout:/usr/bin/ceph: stderr
2024-04-01T01:23:22.474+0000 7fbf99d62700 1 --2- 172.21.15.79:0/2848536467 >> [v2:172.21.15.79:3300/0,v1:172.21.15.79:6789/0] conn(0x7fbf94106580 0x7fbf941069a0 secure :-1 s=READY pgs=22 cs=0 l=1 rev1=1 crypto rx=0x7fbf900098a0 tx=0x7fbf90009bb0 comp rx=0 tx=0).ready entity=mon.0 client_cookie=39c5fefd04b7eab1 server_cookie=0 in_seq=0 out_seq=0
2024-04-01T01:23:23.363 INFO:teuthology.orchestra.run.smithi079.stdout:/usr/bin/ceph: stderr
2024-04-01T01:23:22.474+0000 7fbf98d60700 1 -- 172.21.15.79:0/2848536467 <== mon.0 v2:172.21.15.79:3300/0 1 ==== mon_map magic: 0 v1 ==== 229+0+0 (secure 0 0 0) 0x7fbf90004180 con 0x7fbf94106580
2024-04-01T01:23:23.363 INFO:teuthology.orchestra.run.smithi079.stdout:/usr/bin/ceph: stderr
2024-04-01T01:23:22.474+0000 7fbf98d60700 1 -- 172.21.15.79:0/2848536467 <== mon.0 v2:172.21.15.79:3300/0 2 ==== config(27 keys) v1 ==== 1037+0+0 (secure 0 0 0) 0x7fbf900042e0 con 0x7fbf94106580
2024-04-01T01:23:23.363 INFO:teuthology.orchestra.run.smithi079.stdout:/usr/bin/ceph: stderr
2024-04-01T01:23:22.474+0000 7fbf98d60700 1 -- 172.21.15.79:0/2848536467 <== mon.0 v2:172.21.15.79:3300/0 3 ==== mon_map magic: 0 v1 ==== 229+0+0 (secure 0 0 0) 0x7fbf90011a50 con 0x7fbf94106580
2024-04-01T01:23:23.363 INFO:teuthology.orchestra.run.smithi079.stdout:/usr/bin/ceph: stderr
2024-04-01T01:23:22.474+0000 7fbf9bfc6700 1 -- 172.21.15.79:0/2848536467 >> [v2:172.21.15.79:3300/0,v1:172.21.15.79:6789/0] conn(0x7fbf94106580 msgr2=0x7fbf941069a0 secure :-1 s=STATE_CONNECTION_ESTABLISHED l=1).mark_down
2024-04-01T01:23:23.363 INFO:teuthology.orchestra.run.smithi079.stdout:/usr/bin/ceph: stderr
2024-04-01T01:23:22.474+0000 7fbf9bfc6700 1 --2- 172.21.15.79:0/2848536467 >> [v2:172.21.15.79:3300/0,v1:172.21.15.79:6789/0] conn(0x7fbf94106580 0x7fbf941069a0 secure :-1 s=READY pgs=22 cs=0 l=1 rev1=1 crypto rx=0x7fbf900098a0 tx=0x7fbf90009bb0 comp rx=0 tx=0).stop
2024-04-01T01:23:23.363 INFO:teuthology.orchestra.run.smithi079.stdout:/usr/bin/ceph: stderr
2024-04-01T01:23:22.474+0000 7fbf9bfc6700 1 -- 172.21.15.79:0/2848536467 shutdown_connections
2024-04-01T01:23:23.363 INFO:teuthology.orchestra.run.smithi079.stdout:/usr/bin/ceph: stderr
2024-04-01T01:23:22.474+0000 7fbf9bfc6700 1 --2- 172.21.15.79:0/2848536467 >> [v2:172.21.15.79:3300/0,v1:172.21.15.79:6789/0] conn(0x7fbf94106580 0x7fbf941069a0 unknown :-1 s=CLOSED pgs=22 cs=0 l=1 rev1=1 crypto rx=0 tx=0 comp rx=0 tx=0).stop
2024-04-01T01:23:23.363 INFO:teuthology.orchestra.run.smithi079.stdout:/usr/bin/ceph: stderr
2024-04-01T01:23:22.474+0000 7fbf9bfc6700 1 -- 172.21.15.79:0/2848536467 >> 172.21.15.79:0/2848536467 conn(0x7fbf94101b00 msgr2=0x7fbf94103f60 unknown :-1 s=STATE_NONE l=0).mark_down
2024-04-01T01:23:23.364 INFO:teuthology.orchestra.run.smithi079.stdout:/usr/bin/ceph: stderr
2024-04-01T01:23:22.475+0000 7fbf9bfc6700 1 -- 172.21.15.79:0/2848536467 shutdown_connections
2024-04-01T01:23:23.364 INFO:teuthology.orchestra.run.smithi079.stdout:/usr/bin/ceph: stderr
2024-04-01T01:23:22.475+0000 7fbf9bfc6700 1 -- 172.21.15.79:0/2848536467 wait complete.
2024-04-01T01:23:23.364 INFO:teuthology.orchestra.run.smithi079.stdout:/usr/bin/ceph: stderr
2024-04-01T01:23:22.475+0000 7fbf9bfc6700 1 Processor -- start
2024-04-01T01:23:23.364 INFO:teuthology.orchestra.run.smithi079.stdout:/usr/bin/ceph: stderr
2024-04-01T01:23:22.475+0000 7fbf9bfc6700 1 -- start start
2024-04-01T01:23:23.364 INFO:teuthology.orchestra.run.smithi079.stdout:/usr/bin/ceph: stderr
2024-04-01T01:23:22.475+0000 7fbf9bfc6700 1 --2- >> [v2:172.21.15.79:3300/0,v1:172.21.15.79:6789/0] conn(0x7fbf94106580 0x7fbf9419a240 unknown :-1 s=NONE pgs=0 cs=0 l=1 rev1=0 crypto rx=0 tx=0 comp rx=0 tx=0).connect
2024-04-01T01:23:23.364 INFO:teuthology.orchestra.run.smithi079.stdout:/usr/bin/ceph: stderr
2024-04-01T01:23:22.475+0000 7fbf9bfc6700 1 -- --> [v2:172.21.15.79:3300/0,v1:172.21.15.79:6789/0] -- mon_getmap magic: 0 v1 -- 0x7fbf9419a780 con 0x7fbf94106580
2024-04-01T01:23:23.364 INFO:teuthology.orchestra.run.smithi079.stdout:/usr/bin/ceph: stderr
2024-04-01T01:23:22.475+0000 7fbf99d62700 1 --2- >> [v2:172.21.15.79:3300/0,v1:172.21.15.79:6789/0] conn(0x7fbf94106580 0x7fbf9419a240 unknown :-1 s=BANNER_CONNECTING pgs=0 cs=0 l=1 rev1=0 crypto rx=0 tx=0 comp rx=0 tx=0)._handle_peer_banner_payload supported=3 required=0
2024-04-01T01:23:23.364 INFO:teuthology.orchestra.run.smithi079.stdout:/usr/bin/ceph: stderr
2024-04-01T01:23:22.475+0000 7fbf99d62700 1 --2- >> [v2:172.21.15.79:3300/0,v1:172.21.15.79:6789/0] conn(0x7fbf94106580 0x7fbf9419a240 unknown :-1 s=HELLO_CONNECTING pgs=0 cs=0 l=1 rev1=1 crypto rx=0 tx=0 comp rx=0 tx=0).handle_hello peer v2:172.21.15.79:3300/0 says I am v2:172.21.15.79:58282/0 (socket says 172.21.15.79:58282)
2024-04-01T01:23:23.364 INFO:teuthology.orchestra.run.smithi079.stdout:/usr/bin/ceph: stderr
2024-04-01T01:23:22.475+0000 7fbf99d62700 1 -- 172.21.15.79:0/903287435 learned_addr learned my addr 172.21.15.79:0/903287435 (peer_addr_for_me v2:172.21.15.79:0/0)
2024-04-01T01:23:23.364 INFO:teuthology.orchestra.run.smithi079.stdout:/usr/bin/ceph: stderr
2024-04-01T01:23:22.476+0000 7fbf99d62700 1 -- 172.21.15.79:0/903287435 --> [v2:172.21.15.79:3300/0,v1:172.21.15.79:6789/0] -- mon_subscribe({config=0+,monmap=0+}) v3 -- 0x7fbf90009550 con 0x7fbf94106580
2024-04-01T01:23:23.364 INFO:teuthology.orchestra.run.smithi079.stdout:/usr/bin/ceph: stderr
2024-04-01T01:23:22.476+0000 7fbf99d62700 1 --2- 172.21.15.79:0/903287435 >> [v2:172.21.15.79:3300/0,v1:172.21.15.79:6789/0] conn(0x7fbf94106580 0x7fbf9419a240 secure :-1 s=READY pgs=23 cs=0 l=1 rev1=1 crypto rx=0x7fbf90009520 tx=0x7fbf90011ab0 comp rx=0 tx=0).ready entity=mon.0 client_cookie=0 server_cookie=0 in_seq=0 out_seq=0
2024-04-01T01:23:23.364 INFO:teuthology.orchestra.run.smithi079.stdout:/usr/bin/ceph: stderr
2024-04-01T01:23:22.476+0000 7fbf8affd700 1 -- 172.21.15.79:0/903287435 <== mon.0 v2:172.21.15.79:3300/0 1 ==== mon_map magic: 0 v1 ==== 229+0+0 (secure 0 0 0) 0x7fbf90003a80 con 0x7fbf94106580
2024-04-01T01:23:23.364 INFO:teuthology.orchestra.run.smithi079.stdout:/usr/bin/ceph: stderr
2024-04-01T01:23:22.476+0000 7fbf8affd700 1 -- 172.21.15.79:0/903287435 <== mon.0 v2:172.21.15.79:3300/0 2 ==== config(27 keys) v1 ==== 1037+0+0 (secure 0 0 0) 0x7fbf90003be0 con 0x7fbf94106580
2024-04-01T01:23:23.365 INFO:teuthology.orchestra.run.smithi079.stdout:/usr/bin/ceph: stderr
2024-04-01T01:23:22.476+0000 7fbf9bfc6700 1 -- 172.21.15.79:0/903287435 --> [v2:172.21.15.79:3300/0,v1:172.21.15.79:6789/0] -- mon_subscribe({mgrmap=0+}) v3 -- 0x7fbf9419a980 con 0x7fbf94106580
2024-04-01T01:23:23.365 INFO:teuthology.orchestra.run.smithi079.stdout:/usr/bin/ceph: stderr
2024-04-01T01:23:22.476+0000 7fbf8affd700 1 -- 172.21.15.79:0/903287435 <== mon.0 v2:172.21.15.79:3300/0 3 ==== mon_map magic: 0 v1 ==== 229+0+0 (secure 0 0 0) 0x7fbf900197b0 con 0x7fbf94106580
2024-04-01T01:23:23.365 INFO:teuthology.orchestra.run.smithi079.stdout:/usr/bin/ceph: stderr
2024-04-01T01:23:22.476+0000 7fbf9bfc6700 1 -- 172.21.15.79:0/903287435 --> [v2:172.21.15.79:3300/0,v1:172.21.15.79:6789/0] -- mon_subscribe({osdmap=0}) v3 -- 0x7fbf9419ae20 con 0x7fbf94106580
2024-04-01T01:23:23.365 INFO:teuthology.orchestra.run.smithi079.stdout:/usr/bin/ceph: stderr
2024-04-01T01:23:22.477+0000 7fbf8affd700 1 -- 172.21.15.79:0/903287435 <== mon.0 v2:172.21.15.79:3300/0 4 ==== mgrmap(e 4) v1 ==== 45272+0+0 (secure 0 0 0) 0x7fbf90019af0 con 0x7fbf94106580
2024-04-01T01:23:23.365 INFO:teuthology.orchestra.run.smithi079.stdout:/usr/bin/ceph: stderr
2024-04-01T01:23:22.477+0000 7fbf8affd700 1 --2- 172.21.15.79:0/903287435 >> [v2:172.21.15.79:6800/347346808,v1:172.21.15.79:6801/347346808] conn(0x7fbf80038280 0x7fbf8003a740 unknown :-1 s=NONE pgs=0 cs=0 l=1 rev1=0 crypto rx=0 tx=0 comp rx=0 tx=0).connect
2024-04-01T01:23:23.365 INFO:teuthology.orchestra.run.smithi079.stdout:/usr/bin/ceph: stderr
2024-04-01T01:23:22.477+0000 7fbf9bfc6700 1 -- 172.21.15.79:0/903287435 --> [v2:172.21.15.79:3300/0,v1:172.21.15.79:6789/0] -- mon_command({"prefix": "get_command_descriptions"} v 0) v1 -- 0x7fbf940623c0 con 0x7fbf94106580
2024-04-01T01:23:23.365 INFO:teuthology.orchestra.run.smithi079.stdout:/usr/bin/ceph: stderr
2024-04-01T01:23:22.477+0000 7fbf8affd700 1 -- 172.21.15.79:0/903287435 <== mon.0 v2:172.21.15.79:3300/0 5 ==== osd_map(1..1 src has 1..1) v4 ==== 725+0+0 (secure 0 0 0) 0x7fbf9004c640 con 0x7fbf94106580
2024-04-01T01:23:23.365 INFO:teuthology.orchestra.run.smithi079.stdout:/usr/bin/ceph: stderr
2024-04-01T01:23:22.477+0000 7fbf99561700 1 --2- 172.21.15.79:0/903287435 >> [v2:172.21.15.79:6800/347346808,v1:172.21.15.79:6801/347346808] conn(0x7fbf80038280 0x7fbf8003a740 unknown :-1 s=BANNER_CONNECTING pgs=0 cs=0 l=1 rev1=0 crypto rx=0 tx=0 comp rx=0 tx=0)._handle_peer_banner_payload supported=3 required=0
2024-04-01T01:23:23.365 INFO:teuthology.orchestra.run.smithi079.stdout:/usr/bin/ceph: stderr
2024-04-01T01:23:22.477+0000 7fbf99561700 1 --2- 172.21.15.79:0/903287435 >> [v2:172.21.15.79:6800/347346808,v1:172.21.15.79:6801/347346808] conn(0x7fbf80038280 0x7fbf8003a740 secure :-1 s=READY pgs=8 cs=0 l=1 rev1=1 crypto rx=0x7fbf84006fd0 tx=0x7fbf84006e40 comp rx=0 tx=0).ready entity=mgr.14100 client_cookie=0 server_cookie=0 in_seq=0 out_seq=0
2024-04-01T01:23:23.365 INFO:teuthology.orchestra.run.smithi079.stdout:/usr/bin/ceph: stderr
2024-04-01T01:23:22.482+0000 7fbf8affd700 1 -- 172.21.15.79:0/903287435 <== mon.0 v2:172.21.15.79:3300/0 6 ==== mon_command_ack([{"prefix": "get_command_descriptions"}]=0 v0) v1 ==== 72+0+180422 (secure 0 0 0) 0x7fbf9002c3a0 con 0x7fbf94106580
2024-04-01T01:23:23.365 INFO:teuthology.orchestra.run.smithi079.stdout:/usr/bin/ceph: stderr
2024-04-01T01:23:22.726+0000 7fbf9bfc6700 1 -- 172.21.15.79:0/903287435 --> [v2:172.21.15.79:3300/0,v1:172.21.15.79:6789/0] -- mon_command({"prefix": "mgr module enable", "module": "cephadm"} v 0) v1 -- 0x7fbf9419dfb0 con 0x7fbf94106580
2024-04-01T01:23:23.366 INFO:teuthology.orchestra.run.smithi079.stdout:/usr/bin/ceph: stderr
2024-04-01T01:23:22.778+0000 7fbf8affd700 1 -- 172.21.15.79:0/903287435 <== mon.0 v2:172.21.15.79:3300/0 7 ==== mgrmap(e 5) v1 ==== 45283+0+0 (secure 0 0 0) 0x7fbf9002dce0 con 0x7fbf94106580
2024-04-01T01:23:23.366 INFO:teuthology.orchestra.run.smithi079.stdout:/usr/bin/ceph: stderr
2024-04-01T01:23:22.780+0000 7fbf8affd700 1 -- 172.21.15.79:0/903287435 <== mon.0 v2:172.21.15.79:3300/0 8 ==== mon_command_ack([{"prefix": "mgr module enable", "module": "cephadm"}]=0 v5) v1 ==== 86+0+0 (secure 0 0 0) 0x7fbf9001a430 con 0x7fbf94106580
2024-04-01T01:23:23.366 INFO:teuthology.orchestra.run.smithi079.stdout:/usr/bin/ceph: stderr
2024-04-01T01:23:22.783+0000 7fbf9bfc6700 1 -- 172.21.15.79:0/903287435 >> [v2:172.21.15.79:6800/347346808,v1:172.21.15.79:6801/347346808] conn(0x7fbf80038280 msgr2=0x7fbf8003a740 secure :-1 s=STATE_CONNECTION_ESTABLISHED l=1).mark_down
2024-04-01T01:23:23.366 INFO:teuthology.orchestra.run.smithi079.stdout:/usr/bin/ceph: stderr
2024-04-01T01:23:22.783+0000 7fbf9bfc6700 1 --2- 172.21.15.79:0/903287435 >> [v2:172.21.15.79:6800/347346808,v1:172.21.15.79:6801/347346808] conn(0x7fbf80038280 0x7fbf8003a740 secure :-1 s=READY pgs=8 cs=0 l=1 rev1=1 crypto rx=0x7fbf84006fd0 tx=0x7fbf84006e40 comp rx=0 tx=0).stop
2024-04-01T01:23:23.366 INFO:teuthology.orchestra.run.smithi079.stdout:/usr/bin/ceph: stderr
2024-04-01T01:23:22.783+0000 7fbf9bfc6700 1 -- 172.21.15.79:0/903287435 >> [v2:172.21.15.79:3300/0,v1:172.21.15.79:6789/0] conn(0x7fbf94106580 msgr2=0x7fbf9419a240 secure :-1 s=STATE_CONNECTION_ESTABLISHED l=1).mark_down
2024-04-01T01:23:23.366 INFO:teuthology.orchestra.run.smithi079.stdout:/usr/bin/ceph: stderr
2024-04-01T01:23:22.783+0000 7fbf9bfc6700 1 --2- 172.21.15.79:0/903287435 >> [v2:172.21.15.79:3300/0,v1:172.21.15.79:6789/0] conn(0x7fbf94106580 0x7fbf9419a240 secure :-1 s=READY pgs=23 cs=0 l=1 rev1=1 crypto rx=0x7fbf90009520 tx=0x7fbf90011ab0 comp rx=0 tx=0).stop
2024-04-01T01:23:23.366 INFO:teuthology.orchestra.run.smithi079.stdout:/usr/bin/ceph: stderr
2024-04-01T01:23:22.783+0000 7fbf9bfc6700 1 -- 172.21.15.79:0/903287435 shutdown_connections
2024-04-01T01:23:23.366 INFO:teuthology.orchestra.run.smithi079.stdout:/usr/bin/ceph: stderr
2024-04-01T01:23:22.783+0000 7fbf9bfc6700 1 --2- 172.21.15.79:0/903287435 >> [v2:172.21.15.79:6800/347346808,v1:172.21.15.79:6801/347346808] conn(0x7fbf80038280 0x7fbf8003a740 unknown :-1 s=CLOSED pgs=8 cs=0 l=1 rev1=1 crypto rx=0 tx=0 comp rx=0 tx=0).stop
2024-04-01T01:23:23.366 INFO:teuthology.orchestra.run.smithi079.stdout:/usr/bin/ceph: stderr
2024-04-01T01:23:22.783+0000 7fbf9bfc6700 1 --2- 172.21.15.79:0/903287435 >> [v2:172.21.15.79:3300/0,v1:172.21.15.79:6789/0] conn(0x7fbf94106580 0x7fbf9419a240 unknown :-1 s=CLOSED pgs=23 cs=0 l=1 rev1=1 crypto rx=0 tx=0 comp rx=0 tx=0).stop
2024-04-01T01:23:23.366 INFO:teuthology.orchestra.run.smithi079.stdout:/usr/bin/ceph: stderr
2024-04-01T01:23:22.783+0000 7fbf9bfc6700 1 -- 172.21.15.79:0/903287435 >> 172.21.15.79:0/903287435 conn(0x7fbf94101b00 msgr2=0x7fbf94102930 unknown :-1 s=STATE_NONE l=0).mark_down
2024-04-01T01:23:23.366 INFO:teuthology.orchestra.run.smithi079.stdout:/usr/bin/ceph: stderr
2024-04-01T01:23:22.783+0000 7fbf9bfc6700 1 -- 172.21.15.79:0/903287435 shutdown_connections
2024-04-01T01:23:23.366 INFO:teuthology.orchestra.run.smithi079.stdout:/usr/bin/ceph: stderr
2024-04-01T01:23:22.783+0000 7fbf9bfc6700 1 -- 172.21.15.79:0/903287435 wait complete.
2024-04-01T01:23:23.904 INFO:journalctl@ceph.mon.smithi079.smithi079.stdout:Apr 01 01:23:23 smithi079 ceph-mon[29314]: from='client.? 172.21.15.79:0/903287435' entity='client.admin' cmd='[{"prefix": "mgr module enable", "module": "cephadm"}]': finished
2024-04-01T01:23:23.905 INFO:journalctl@ceph.mon.smithi079.smithi079.stdout:Apr 01 01:23:23 smithi079 ceph-mon[29314]: mgrmap e5: smithi079.rzapin(active, since 6s)
2024-04-01T01:23:24.570 INFO:teuthology.orchestra.run.smithi079.stdout:/usr/bin/ceph: stdout {
2024-04-01T01:23:24.570 INFO:teuthology.orchestra.run.smithi079.stdout:/usr/bin/ceph: stdout "epoch": 5,
2024-04-01T01:23:24.570 INFO:teuthology.orchestra.run.smithi079.stdout:/usr/bin/ceph: stdout "available": true,
2024-04-01T01:23:24.570 INFO:teuthology.orchestra.run.smithi079.stdout:/usr/bin/ceph: stdout "active_name": "smithi079.rzapin",
2024-04-01T01:23:24.570 INFO:teuthology.orchestra.run.smithi079.stdout:/usr/bin/ceph: stdout "num_standby": 0
2024-04-01T01:23:24.571 INFO:teuthology.orchestra.run.smithi079.stdout:/usr/bin/ceph: stdout }
2024-04-01T01:23:24.571 INFO:teuthology.orchestra.run.smithi079.stdout:/usr/bin/ceph: stderr
2024-04-01T01:23:23.788+0000 7f969c9fc700 1 Processor -- start
2024-04-01T01:23:24.571 INFO:teuthology.orchestra.run.smithi079.stdout:/usr/bin/ceph: stderr
2024-04-01T01:23:23.788+0000 7f969c9fc700 1 -- start start
2024-04-01T01:23:24.571 INFO:teuthology.orchestra.run.smithi079.stdout:/usr/bin/ceph: stderr
2024-04-01T01:23:23.789+0000 7f969c9fc700 1 --2- >> [v2:172.21.15.79:3300/0,v1:172.21.15.79:6789/0] conn(0x7f9698106560 0x7f9698106980 unknown :-1 s=NONE pgs=0 cs=0 l=0 rev1=0 crypto rx=0 tx=0 comp rx=0 tx=0).connect
2024-04-01T01:23:24.571 INFO:teuthology.orchestra.run.smithi079.stdout:/usr/bin/ceph: stderr
2024-04-01T01:23:23.789+0000 7f969c9fc700 1 -- --> [v2:172.21.15.79:3300/0,v1:172.21.15.79:6789/0] -- mon_getmap magic: 0 v1 -- 0x7f9698106f50 con 0x7f9698106560
2024-04-01T01:23:24.571 INFO:teuthology.orchestra.run.smithi079.stdout:/usr/bin/ceph: stderr
2024-04-01T01:23:23.789+0000 7f969659c700 1 --2- >> [v2:172.21.15.79:3300/0,v1:172.21.15.79:6789/0] conn(0x7f9698106560 0x7f9698106980 unknown :-1 s=BANNER_CONNECTING pgs=0 cs=0 l=0 rev1=0 crypto rx=0 tx=0 comp rx=0 tx=0)._handle_peer_banner_payload supported=3 required=0
2024-04-01T01:23:24.571 INFO:teuthology.orchestra.run.smithi079.stdout:/usr/bin/ceph: stderr
2024-04-01T01:23:23.789+0000 7f969659c700 1 --2- >> [v2:172.21.15.79:3300/0,v1:172.21.15.79:6789/0] conn(0x7f9698106560 0x7f9698106980 unknown :-1 s=HELLO_CONNECTING pgs=0 cs=0 l=0 rev1=1 crypto rx=0 tx=0 comp rx=0 tx=0).handle_hello peer v2:172.21.15.79:3300/0 says I am v2:172.21.15.79:48780/0 (socket says 172.21.15.79:48780)
2024-04-01T01:23:24.571 INFO:teuthology.orchestra.run.smithi079.stdout:/usr/bin/ceph: stderr
2024-04-01T01:23:23.789+0000 7f969659c700 1 -- 172.21.15.79:0/2174834639 learned_addr learned my addr 172.21.15.79:0/2174834639 (peer_addr_for_me v2:172.21.15.79:0/0)
2024-04-01T01:23:24.571 INFO:teuthology.orchestra.run.smithi079.stdout:/usr/bin/ceph: stderr
2024-04-01T01:23:23.789+0000 7f969659c700 1 -- 172.21.15.79:0/2174834639 --> [v2:172.21.15.79:3300/0,v1:172.21.15.79:6789/0] -- mon_subscribe({config=0+,monmap=0+}) v3 -- 0x7f9698107760 con 0x7f9698106560
2024-04-01T01:23:24.571 INFO:teuthology.orchestra.run.smithi079.stdout:/usr/bin/ceph: stderr
2024-04-01T01:23:23.789+0000 7f969659c700 1 --2- 172.21.15.79:0/2174834639 >> [v2:172.21.15.79:3300/0,v1:172.21.15.79:6789/0] conn(0x7f9698106560 0x7f9698106980 secure :-1 s=READY pgs=26 cs=0 l=1 rev1=1 crypto rx=0x7f96880098a0 tx=0x7f9688009bb0 comp rx=0 tx=0).ready entity=mon.0 client_cookie=d175d609d89a643c server_cookie=0 in_seq=0 out_seq=0
2024-04-01T01:23:24.571 INFO:teuthology.orchestra.run.smithi079.stdout:/usr/bin/ceph: stderr
2024-04-01T01:23:23.789+0000 7f969559a700 1 -- 172.21.15.79:0/2174834639 <== mon.0 v2:172.21.15.79:3300/0 1 ==== mon_map magic: 0 v1 ==== 229+0+0 (secure 0 0 0) 0x7f9688004180 con 0x7f9698106560
2024-04-01T01:23:24.571 INFO:teuthology.orchestra.run.smithi079.stdout:/usr/bin/ceph: stderr
2024-04-01T01:23:23.790+0000 7f969559a700 1 -- 172.21.15.79:0/2174834639 <== mon.0 v2:172.21.15.79:3300/0 2 ==== config(27 keys) v1 ==== 1037+0+0 (secure 0 0 0) 0x7f96880042e0 con 0x7f9698106560
2024-04-01T01:23:24.571 INFO:teuthology.orchestra.run.smithi079.stdout:/usr/bin/ceph: stderr
2024-04-01T01:23:23.790+0000 7f969559a700 1 -- 172.21.15.79:0/2174834639 <== mon.0 v2:172.21.15.79:3300/0 3 ==== mon_map magic: 0 v1 ==== 229+0+0 (secure 0 0 0) 0x7f9688011a50 con 0x7f9698106560
2024-04-01T01:23:24.572 INFO:teuthology.orchestra.run.smithi079.stdout:/usr/bin/ceph: stderr
2024-04-01T01:23:23.790+0000 7f969c9fc700 1 -- 172.21.15.79:0/2174834639 >> [v2:172.21.15.79:3300/0,v1:172.21.15.79:6789/0] conn(0x7f9698106560 msgr2=0x7f9698106980 secure :-1 s=STATE_CONNECTION_ESTABLISHED l=1).mark_down
2024-04-01T01:23:24.572 INFO:teuthology.orchestra.run.smithi079.stdout:/usr/bin/ceph: stderr
2024-04-01T01:23:23.790+0000 7f969c9fc700 1 --2- 172.21.15.79:0/2174834639 >> [v2:172.21.15.79:3300/0,v1:172.21.15.79:6789/0] conn(0x7f9698106560 0x7f9698106980 secure :-1 s=READY pgs=26 cs=0 l=1 rev1=1 crypto rx=0x7f96880098a0 tx=0x7f9688009bb0 comp rx=0 tx=0).stop
2024-04-01T01:23:24.572 INFO:teuthology.orchestra.run.smithi079.stdout:/usr/bin/ceph: stderr
2024-04-01T01:23:23.790+0000 7f969c9fc700 1 -- 172.21.15.79:0/2174834639 shutdown_connections
2024-04-01T01:23:24.572 INFO:teuthology.orchestra.run.smithi079.stdout:/usr/bin/ceph: stderr
2024-04-01T01:23:23.790+0000 7f969c9fc700 1 --2- 172.21.15.79:0/2174834639 >> [v2:172.21.15.79:3300/0,v1:172.21.15.79:6789/0] conn(0x7f9698106560 0x7f9698106980 unknown :-1 s=CLOSED pgs=26 cs=0 l=1 rev1=1 crypto rx=0 tx=0 comp rx=0 tx=0).stop
2024-04-01T01:23:24.572 INFO:teuthology.orchestra.run.smithi079.stdout:/usr/bin/ceph: stderr
2024-04-01T01:23:23.790+0000 7f969c9fc700 1 -- 172.21.15.79:0/2174834639 >> 172.21.15.79:0/2174834639 conn(0x7f9698101b40 msgr2=0x7f9698103f60 unknown :-1 s=STATE_NONE l=0).mark_down
2024-04-01T01:23:24.572 INFO:teuthology.orchestra.run.smithi079.stdout:/usr/bin/ceph: stderr
2024-04-01T01:23:23.790+0000 7f969c9fc700 1 -- 172.21.15.79:0/2174834639 shutdown_connections
2024-04-01T01:23:24.572 INFO:teuthology.orchestra.run.smithi079.stdout:/usr/bin/ceph: stderr
2024-04-01T01:23:23.790+0000 7f969c9fc700 1 -- 172.21.15.79:0/2174834639 wait complete.
2024-04-01T01:23:24.572 INFO:teuthology.orchestra.run.smithi079.stdout:/usr/bin/ceph: stderr
2024-04-01T01:23:23.791+0000 7f969c9fc700 1 Processor -- start
2024-04-01T01:23:24.572 INFO:teuthology.orchestra.run.smithi079.stdout:/usr/bin/ceph: stderr
2024-04-01T01:23:23.791+0000 7f969c9fc700 1 -- start start
2024-04-01T01:23:24.572 INFO:teuthology.orchestra.run.smithi079.stdout:/usr/bin/ceph: stderr
2024-04-01T01:23:23.791+0000 7f969c9fc700 1 --2- >> [v2:172.21.15.79:3300/0,v1:172.21.15.79:6789/0] conn(0x7f9698106560 0x7f969819a1c0 unknown :-1 s=NONE pgs=0 cs=0 l=1 rev1=0 crypto rx=0 tx=0 comp rx=0 tx=0).connect
2024-04-01T01:23:24.572 INFO:teuthology.orchestra.run.smithi079.stdout:/usr/bin/ceph: stderr
2024-04-01T01:23:23.791+0000 7f969c9fc700 1 -- --> [v2:172.21.15.79:3300/0,v1:172.21.15.79:6789/0] -- mon_getmap magic: 0 v1 -- 0x7f969819a700 con 0x7f9698106560
2024-04-01T01:23:24.572 INFO:teuthology.orchestra.run.smithi079.stdout:/usr/bin/ceph: stderr
2024-04-01T01:23:23.791+0000 7f969659c700 1 --2- >> [v2:172.21.15.79:3300/0,v1:172.21.15.79:6789/0] conn(0x7f9698106560 0x7f969819a1c0 unknown :-1 s=BANNER_CONNECTING pgs=0 cs=0 l=1 rev1=0 crypto rx=0 tx=0 comp rx=0 tx=0)._handle_peer_banner_payload supported=3 required=0
2024-04-01T01:23:24.572 INFO:teuthology.orchestra.run.smithi079.stdout:/usr/bin/ceph: stderr
2024-04-01T01:23:23.791+0000 7f969659c700 1 --2- >> [v2:172.21.15.79:3300/0,v1:172.21.15.79:6789/0] conn(0x7f9698106560 0x7f969819a1c0 unknown :-1 s=HELLO_CONNECTING pgs=0 cs=0 l=1 rev1=1 crypto rx=0 tx=0 comp rx=0 tx=0).handle_hello peer v2:172.21.15.79:3300/0 says I am v2:172.21.15.79:48784/0 (socket says 172.21.15.79:48784)
2024-04-01T01:23:24.572 INFO:teuthology.orchestra.run.smithi079.stdout:/usr/bin/ceph: stderr
2024-04-01T01:23:23.791+0000 7f969659c700 1 -- 172.21.15.79:0/1216464780 learned_addr learned my addr 172.21.15.79:0/1216464780 (peer_addr_for_me v2:172.21.15.79:0/0)
2024-04-01T01:23:24.573 INFO:teuthology.orchestra.run.smithi079.stdout:/usr/bin/ceph: stderr
2024-04-01T01:23:23.792+0000 7f969659c700 1 -- 172.21.15.79:0/1216464780 --> [v2:172.21.15.79:3300/0,v1:172.21.15.79:6789/0] -- mon_subscribe({config=0+,monmap=0+}) v3 -- 0x7f9688009550 con 0x7f9698106560
2024-04-01T01:23:24.573 INFO:teuthology.orchestra.run.smithi079.stdout:/usr/bin/ceph: stderr
2024-04-01T01:23:23.792+0000 7f969659c700 1 --2- 172.21.15.79:0/1216464780 >> [v2:172.21.15.79:3300/0,v1:172.21.15.79:6789/0] conn(0x7f9698106560 0x7f969819a1c0 secure :-1 s=READY pgs=27 cs=0 l=1 rev1=1 crypto rx=0x7f9688000c00 tx=0x7f9688011ab0 comp rx=0 tx=0).ready entity=mon.0 client_cookie=0 server_cookie=0 in_seq=0 out_seq=0
2024-04-01T01:23:24.573 INFO:teuthology.orchestra.run.smithi079.stdout:/usr/bin/ceph: stderr
2024-04-01T01:23:23.792+0000 7f96877fe700 1 -- 172.21.15.79:0/1216464780 <== mon.0 v2:172.21.15.79:3300/0 1 ==== mon_map magic: 0 v1 ==== 229+0+0 (secure 0 0 0) 0x7f9688003b90 con 0x7f9698106560
2024-04-01T01:23:24.573 INFO:teuthology.orchestra.run.smithi079.stdout:/usr/bin/ceph: stderr
2024-04-01T01:23:23.792+0000 7f969c9fc700 1 -- 172.21.15.79:0/1216464780 --> [v2:172.21.15.79:3300/0,v1:172.21.15.79:6789/0] -- mon_subscribe({mgrmap=0+}) v3 -- 0x7f969819a900 con 0x7f9698106560
2024-04-01T01:23:24.573 INFO:teuthology.orchestra.run.smithi079.stdout:/usr/bin/ceph: stderr
2024-04-01T01:23:23.792+0000 7f96877fe700 1 -- 172.21.15.79:0/1216464780 <== mon.0 v2:172.21.15.79:3300/0 2 ==== config(27 keys) v1 ==== 1037+0+0 (secure 0 0 0) 0x7f96880248b0 con 0x7f9698106560
2024-04-01T01:23:24.573 INFO:teuthology.orchestra.run.smithi079.stdout:/usr/bin/ceph: stderr
2024-04-01T01:23:23.792+0000 7f96877fe700 1 -- 172.21.15.79:0/1216464780 <== mon.0 v2:172.21.15.79:3300/0 3 ==== mon_map magic: 0 v1 ==== 229+0+0 (secure 0 0 0) 0x7f968801a8e0 con 0x7f9698106560
2024-04-01T01:23:24.573 INFO:teuthology.orchestra.run.smithi079.stdout:/usr/bin/ceph: stderr
2024-04-01T01:23:23.792+0000 7f969c9fc700 1 -- 172.21.15.79:0/1216464780 --> [v2:172.21.15.79:3300/0,v1:172.21.15.79:6789/0] -- mon_subscribe({osdmap=0}) v3 -- 0x7f969819ada0 con 0x7f9698106560
2024-04-01T01:23:24.573 INFO:teuthology.orchestra.run.smithi079.stdout:/usr/bin/ceph: stderr
2024-04-01T01:23:23.793+0000 7f969c9fc700 1 -- 172.21.15.79:0/1216464780 --> [v2:172.21.15.79:3300/0,v1:172.21.15.79:6789/0] -- mon_command({"prefix": "get_command_descriptions"} v 0) v1 -- 0x7f96980623c0 con 0x7f9698106560
2024-04-01T01:23:24.573 INFO:teuthology.orchestra.run.smithi079.stdout:/usr/bin/ceph: stderr
2024-04-01T01:23:23.793+0000 7f96877fe700 1 -- 172.21.15.79:0/1216464780 <== mon.0 v2:172.21.15.79:3300/0 4 ==== mgrmap(e 5) v1 ==== 45283+0+0 (secure 0 0 0) 0x7f968801ab50 con 0x7f9698106560
2024-04-01T01:23:24.573 INFO:teuthology.orchestra.run.smithi079.stdout:/usr/bin/ceph: stderr
2024-04-01T01:23:23.793+0000 7f96877fe700 1 --2- 172.21.15.79:0/1216464780 >> [v2:172.21.15.79:6800/347346808,v1:172.21.15.79:6801/347346808] conn(0x7f9680038370 0x7f968003a830 unknown :-1 s=NONE pgs=0 cs=0 l=1 rev1=0 crypto rx=0 tx=0 comp rx=0 tx=0).connect
2024-04-01T01:23:24.573 INFO:teuthology.orchestra.run.smithi079.stdout:/usr/bin/ceph: stderr
2024-04-01T01:23:23.793+0000 7f96877fe700 1 -- 172.21.15.79:0/1216464780 <== mon.0 v2:172.21.15.79:3300/0 5 ==== osd_map(1..1 src has 1..1) v4 ==== 725+0+0 (secure 0 0 0) 0x7f968804bf80 con 0x7f9698106560
2024-04-01T01:23:24.573 INFO:teuthology.orchestra.run.smithi079.stdout:/usr/bin/ceph: stderr
2024-04-01T01:23:23.793+0000 7f9695d9b700 1 -- 172.21.15.79:0/1216464780 >> [v2:172.21.15.79:6800/347346808,v1:172.21.15.79:6801/347346808] conn(0x7f9680038370 msgr2=0x7f968003a830 unknown :-1 s=STATE_CONNECTING_RE l=1).process reconnect failed to v2:172.21.15.79:6800/347346808
2024-04-01T01:23:24.573 INFO:teuthology.orchestra.run.smithi079.stdout:/usr/bin/ceph: stderr
2024-04-01T01:23:23.793+0000 7f9695d9b700 1 --2- 172.21.15.79:0/1216464780 >> [v2:172.21.15.79:6800/347346808,v1:172.21.15.79:6801/347346808] conn(0x7f9680038370 0x7f968003a830 unknown :-1 s=START_CONNECT pgs=0 cs=0 l=1 rev1=0 crypto rx=0 tx=0 comp rx=0 tx=0)._fault waiting 0.200000
2024-04-01T01:23:24.574 INFO:teuthology.orchestra.run.smithi079.stdout:/usr/bin/ceph: stderr
2024-04-01T01:23:23.798+0000 7f96877fe700 1 -- 172.21.15.79:0/1216464780 <== mon.0 v2:172.21.15.79:3300/0 6 ==== mon_command_ack([{"prefix": "get_command_descriptions"}]=0 v0) v1 ==== 72+0+180422 (secure 0 0 0) 0x7f96880233a0 con 0x7f9698106560
2024-04-01T01:23:24.574 INFO:teuthology.orchestra.run.smithi079.stdout:/usr/bin/ceph: stderr
2024-04-01T01:23:23.994+0000 7f9695d9b700 1 -- 172.21.15.79:0/1216464780 >> [v2:172.21.15.79:6800/347346808,v1:172.21.15.79:6801/347346808] conn(0x7f9680038370 msgr2=0x7f968003a830 unknown :-1 s=STATE_CONNECTING_RE l=1).process reconnect failed to v2:172.21.15.79:6800/347346808
2024-04-01T01:23:24.574 INFO:teuthology.orchestra.run.smithi079.stdout:/usr/bin/ceph: stderr
2024-04-01T01:23:23.994+0000 7f9695d9b700 1 --2- 172.21.15.79:0/1216464780 >> [v2:172.21.15.79:6800/347346808,v1:172.21.15.79:6801/347346808] conn(0x7f9680038370 0x7f968003a830 unknown :-1 s=START_CONNECT pgs=0 cs=0 l=1 rev1=0 crypto rx=0 tx=0 comp rx=0 tx=0)._fault waiting 0.400000
2024-04-01T01:23:24.574 INFO:teuthology.orchestra.run.smithi079.stdout:/usr/bin/ceph: stderr
2024-04-01T01:23:24.043+0000 7f969c9fc700 1 -- 172.21.15.79:0/1216464780 --> [v2:172.21.15.79:3300/0,v1:172.21.15.79:6789/0] -- mon_command({"prefix": "mgr stat"} v 0) v1 -- 0x7f969810a990 con 0x7f9698106560
2024-04-01T01:23:24.574 INFO:teuthology.orchestra.run.smithi079.stdout:/usr/bin/ceph: stderr
2024-04-01T01:23:24.044+0000 7f96877fe700 1 -- 172.21.15.79:0/1216464780 <== mon.0 v2:172.21.15.79:3300/0 7 ==== mon_command_ack([{"prefix": "mgr stat"}]=0 v5) v1 ==== 56+0+103 (secure 0 0 0) 0x7f968804bda0 con 0x7f9698106560
2024-04-01T01:23:24.574 INFO:teuthology.orchestra.run.smithi079.stdout:/usr/bin/ceph: stderr
2024-04-01T01:23:24.046+0000 7f969c9fc700 1 -- 172.21.15.79:0/1216464780 >> [v2:172.21.15.79:6800/347346808,v1:172.21.15.79:6801/347346808] conn(0x7f9680038370 msgr2=0x7f968003a830 unknown :-1 s=STATE_CONNECTING l=1).mark_down
2024-04-01T01:23:24.574 INFO:teuthology.orchestra.run.smithi079.stdout:/usr/bin/ceph: stderr
2024-04-01T01:23:24.046+0000 7f969c9fc700 1 --2- 172.21.15.79:0/1216464780 >> [v2:172.21.15.79:6800/347346808,v1:172.21.15.79:6801/347346808] conn(0x7f9680038370 0x7f968003a830 unknown :-1 s=START_CONNECT pgs=0 cs=0 l=1 rev1=0 crypto rx=0 tx=0 comp rx=0 tx=0).stop
2024-04-01T01:23:24.574 INFO:teuthology.orchestra.run.smithi079.stdout:/usr/bin/ceph: stderr
2024-04-01T01:23:24.046+0000 7f969c9fc700 1 -- 172.21.15.79:0/1216464780 >> [v2:172.21.15.79:3300/0,v1:172.21.15.79:6789/0] conn(0x7f9698106560 msgr2=0x7f969819a1c0 secure :-1 s=STATE_CONNECTION_ESTABLISHED l=1).mark_down
2024-04-01T01:23:24.574 INFO:teuthology.orchestra.run.smithi079.stdout:/usr/bin/ceph: stderr
2024-04-01T01:23:24.046+0000 7f969c9fc700 1 --2- 172.21.15.79:0/1216464780 >> [v2:172.21.15.79:3300/0,v1:172.21.15.79:6789/0] conn(0x7f9698106560 0x7f969819a1c0 secure :-1 s=READY pgs=27 cs=0 l=1 rev1=1 crypto rx=0x7f9688000c00 tx=0x7f9688011ab0 comp rx=0 tx=0).stop
2024-04-01T01:23:24.574 INFO:teuthology.orchestra.run.smithi079.stdout:/usr/bin/ceph: stderr
2024-04-01T01:23:24.046+0000 7f969c9fc700 1 -- 172.21.15.79:0/1216464780 shutdown_connections
2024-04-01T01:23:24.574 INFO:teuthology.orchestra.run.smithi079.stdout:/usr/bin/ceph: stderr
2024-04-01T01:23:24.046+0000 7f969c9fc700 1 --2- 172.21.15.79:0/1216464780 >> [v2:172.21.15.79:6800/347346808,v1:172.21.15.79:6801/347346808] conn(0x7f9680038370 0x7f968003a830 unknown :-1 s=CLOSED pgs=0 cs=0 l=1 rev1=0 crypto rx=0 tx=0 comp rx=0 tx=0).stop
2024-04-01T01:23:24.574 INFO:teuthology.orchestra.run.smithi079.stdout:/usr/bin/ceph: stderr
2024-04-01T01:23:24.046+0000 7f969c9fc700 1 --2- 172.21.15.79:0/1216464780 >> [v2:172.21.15.79:3300/0,v1:172.21.15.79:6789/0] conn(0x7f9698106560 0x7f969819a1c0 unknown :-1 s=CLOSED pgs=27 cs=0 l=1 rev1=1 crypto rx=0 tx=0 comp rx=0 tx=0).stop
2024-04-01T01:23:24.574 INFO:teuthology.orchestra.run.smithi079.stdout:/usr/bin/ceph: stderr
2024-04-01T01:23:24.046+0000 7f969c9fc700 1 -- 172.21.15.79:0/1216464780 >> 172.21.15.79:0/1216464780 conn(0x7f9698101b40 msgr2=0x7f9698102870 unknown :-1 s=STATE_NONE l=0).mark_down
2024-04-01T01:23:24.574 INFO:teuthology.orchestra.run.smithi079.stdout:/usr/bin/ceph: stderr
2024-04-01T01:23:24.046+0000 7f969c9fc700 1 -- 172.21.15.79:0/1216464780 shutdown_connections
2024-04-01T01:23:24.575 INFO:teuthology.orchestra.run.smithi079.stdout:/usr/bin/ceph: stderr
2024-04-01T01:23:24.046+0000 7f969c9fc700 1 -- 172.21.15.79:0/1216464780 wait complete.
2024-04-01T01:23:24.575 INFO:teuthology.orchestra.run.smithi079.stdout:Waiting for the mgr to restart...
2024-04-01T01:23:24.575 INFO:teuthology.orchestra.run.smithi079.stdout:Waiting for mgr epoch 5...
2024-04-01T01:23:24.836 INFO:journalctl@ceph.mon.smithi079.smithi079.stdout:Apr 01 01:23:24 smithi079 ceph-mon[29314]: from='client.? 172.21.15.79:0/1216464780' entity='client.admin' cmd=[{"prefix": "mgr stat"}]: dispatch
2024-04-01T01:23:30.155 INFO:journalctl@ceph.mon.smithi079.smithi079.stdout:Apr 01 01:23:29 smithi079 ceph-mon[29314]: Active manager daemon smithi079.rzapin restarted
2024-04-01T01:23:30.155 INFO:journalctl@ceph.mon.smithi079.smithi079.stdout:Apr 01 01:23:29 smithi079 ceph-mon[29314]: Activating manager daemon smithi079.rzapin
2024-04-01T01:23:30.156 INFO:journalctl@ceph.mon.smithi079.smithi079.stdout:Apr 01 01:23:29 smithi079 ceph-mon[29314]: osdmap e2: 0 total, 0 up, 0 in
2024-04-01T01:23:30.156 INFO:journalctl@ceph.mon.smithi079.smithi079.stdout:Apr 01 01:23:29 smithi079 ceph-mon[29314]: mgrmap e6: smithi079.rzapin(active, starting, since 0.00308039s)
2024-04-01T01:23:30.156 INFO:journalctl@ceph.mon.smithi079.smithi079.stdout:Apr 01 01:23:29 smithi079 ceph-mon[29314]: from='mgr.14120 172.21.15.79:0/912645897' entity='mgr.smithi079.rzapin' cmd=[{"prefix": "mon metadata", "id": "smithi079"}]: dispatch
2024-04-01T01:23:30.156 INFO:journalctl@ceph.mon.smithi079.smithi079.stdout:Apr 01 01:23:29 smithi079 ceph-mon[29314]: from='mgr.14120 172.21.15.79:0/912645897' entity='mgr.smithi079.rzapin' cmd=[{"prefix": "mgr metadata", "who": "smithi079.rzapin", "id": "smithi079.rzapin"}]: dispatch
2024-04-01T01:23:30.156 INFO:journalctl@ceph.mon.smithi079.smithi079.stdout:Apr 01 01:23:29 smithi079 ceph-mon[29314]: from='mgr.14120 172.21.15.79:0/912645897' entity='mgr.smithi079.rzapin' cmd=[{"prefix": "mds metadata"}]: dispatch
2024-04-01T01:23:30.156 INFO:journalctl@ceph.mon.smithi079.smithi079.stdout:Apr 01 01:23:29 smithi079 ceph-mon[29314]: from='mgr.14120 172.21.15.79:0/912645897' entity='mgr.smithi079.rzapin' cmd=[{"prefix": "osd metadata"}]: dispatch
2024-04-01T01:23:30.157 INFO:journalctl@ceph.mon.smithi079.smithi079.stdout:Apr 01 01:23:29 smithi079 ceph-mon[29314]: from='mgr.14120 172.21.15.79:0/912645897' entity='mgr.smithi079.rzapin' cmd=[{"prefix": "mon metadata"}]: dispatch
2024-04-01T01:23:30.157 INFO:journalctl@ceph.mon.smithi079.smithi079.stdout:Apr 01 01:23:29 smithi079 ceph-mon[29314]: Manager daemon smithi079.rzapin is now available
2024-04-01T01:23:30.157 INFO:journalctl@ceph.mon.smithi079.smithi079.stdout:Apr 01 01:23:29 smithi079 ceph-mon[29314]: from='mgr.14120 172.21.15.79:0/912645897' entity='mgr.smithi079.rzapin'
2024-04-01T01:23:30.157 INFO:journalctl@ceph.mon.smithi079.smithi079.stdout:Apr 01 01:23:29 smithi079 ceph-mon[29314]: from='mgr.14120 172.21.15.79:0/912645897' entity='mgr.smithi079.rzapin'
2024-04-01T01:23:30.157 INFO:journalctl@ceph.mon.smithi079.smithi079.stdout:Apr 01 01:23:29 smithi079 ceph-mon[29314]: from='mgr.14120 172.21.15.79:0/912645897' entity='mgr.smithi079.rzapin' cmd=[{"prefix": "config dump", "format": "json"}]: dispatch
2024-04-01T01:23:30.157 INFO:journalctl@ceph.mon.smithi079.smithi079.stdout:Apr 01 01:23:29 smithi079 ceph-mon[29314]: from='mgr.14120 172.21.15.79:0/912645897' entity='mgr.smithi079.rzapin' cmd=[{"prefix": "config dump", "format": "json"}]: dispatch
2024-04-01T01:23:30.157 INFO:journalctl@ceph.mon.smithi079.smithi079.stdout:Apr 01 01:23:29 smithi079 ceph-mon[29314]: from='mgr.14120 172.21.15.79:0/912645897' entity='mgr.smithi079.rzapin' cmd=[{"prefix": "config dump", "format": "json"}]: dispatch
2024-04-01T01:23:30.158 INFO:journalctl@ceph.mon.smithi079.smithi079.stdout:Apr 01 01:23:29 smithi079 ceph-mon[29314]: from='mgr.14120 172.21.15.79:0/912645897' entity='mgr.smithi079.rzapin' cmd=[{"prefix":"config rm","who":"mgr","name":"mgr/rbd_support/smithi079.rzapin/mirror_snapshot_schedule"}]: dispatch
2024-04-01T01:23:30.158 INFO:journalctl@ceph.mon.smithi079.smithi079.stdout:Apr 01 01:23:29 smithi079 ceph-mon[29314]: from='mgr.14120 172.21.15.79:0/912645897' entity='mgr.smithi079.rzapin' cmd=[{"prefix":"config rm","who":"mgr","name":"mgr/rbd_support/smithi079.rzapin/trash_purge_schedule"}]: dispatch
2024-04-01T01:23:30.968 INFO:journalctl@ceph.mon.smithi079.smithi079.stdout:Apr 01 01:23:30 smithi079 ceph-mon[29314]: Found migration_current of "None". Setting to last migration.
2024-04-01T01:23:30.968 INFO:journalctl@ceph.mon.smithi079.smithi079.stdout:Apr 01 01:23:30 smithi079 ceph-mon[29314]: from='mgr.14120 172.21.15.79:0/912645897' entity='mgr.smithi079.rzapin'
2024-04-01T01:23:30.968 INFO:journalctl@ceph.mon.smithi079.smithi079.stdout:Apr 01 01:23:30 smithi079 ceph-mon[29314]: from='mgr.14120 172.21.15.79:0/912645897' entity='mgr.smithi079.rzapin'
2024-04-01T01:23:30.968 INFO:journalctl@ceph.mon.smithi079.smithi079.stdout:Apr 01 01:23:30 smithi079 ceph-mon[29314]: mgrmap e7: smithi079.rzapin(active, since 1.00501s)
2024-04-01T01:23:30.979 INFO:teuthology.orchestra.run.smithi079.stdout:/usr/bin/ceph: stdout {
2024-04-01T01:23:30.979 INFO:teuthology.orchestra.run.smithi079.stdout:/usr/bin/ceph: stdout "mgrmap_epoch": 7,
2024-04-01T01:23:30.979 INFO:teuthology.orchestra.run.smithi079.stdout:/usr/bin/ceph: stdout "initialized": true
2024-04-01T01:23:30.979 INFO:teuthology.orchestra.run.smithi079.stdout:/usr/bin/ceph: stdout }
2024-04-01T01:23:30.979 INFO:teuthology.orchestra.run.smithi079.stdout:/usr/bin/ceph: stderr
2024-04-01T01:23:25.021+0000 7f751a672700 1 Processor -- start
2024-04-01T01:23:30.979 INFO:teuthology.orchestra.run.smithi079.stdout:/usr/bin/ceph: stderr
2024-04-01T01:23:25.021+0000 7f751a672700 1 -- start start
2024-04-01T01:23:30.980 INFO:teuthology.orchestra.run.smithi079.stdout:/usr/bin/ceph: stderr
2024-04-01T01:23:25.022+0000 7f751a672700 1 --2- >> [v2:172.21.15.79:3300/0,v1:172.21.15.79:6789/0] conn(0x7f7514104e10 0x7f7514105230 unknown :-1 s=NONE pgs=0 cs=0 l=0 rev1=0 crypto rx=0 tx=0 comp rx=0 tx=0).connect
2024-04-01T01:23:30.980 INFO:teuthology.orchestra.run.smithi079.stdout:/usr/bin/ceph: stderr
2024-04-01T01:23:25.022+0000 7f751a672700 1 -- --> [v2:172.21.15.79:3300/0,v1:172.21.15.79:6789/0] -- mon_getmap magic: 0 v1 -- 0x7f7514074640 con 0x7f7514104e10
2024-04-01T01:23:30.980 INFO:teuthology.orchestra.run.smithi079.stdout:/usr/bin/ceph: stderr
2024-04-01T01:23:25.022+0000 7f7513fff700 1 --2- >> [v2:172.21.15.79:3300/0,v1:172.21.15.79:6789/0] conn(0x7f7514104e10 0x7f7514105230 unknown :-1 s=BANNER_CONNECTING pgs=0 cs=0 l=0 rev1=0 crypto rx=0 tx=0 comp rx=0 tx=0)._handle_peer_banner_payload supported=3 required=0
2024-04-01T01:23:30.980 INFO:teuthology.orchestra.run.smithi079.stdout:/usr/bin/ceph: stderr
2024-04-01T01:23:25.022+0000 7f7513fff700 1 --2- >> [v2:172.21.15.79:3300/0,v1:172.21.15.79:6789/0] conn(0x7f7514104e10 0x7f7514105230 unknown :-1 s=HELLO_CONNECTING pgs=0 cs=0 l=0 rev1=1 crypto rx=0 tx=0 comp rx=0 tx=0).handle_hello peer v2:172.21.15.79:3300/0 says I am v2:172.21.15.79:48792/0 (socket says 172.21.15.79:48792)
2024-04-01T01:23:30.980 INFO:teuthology.orchestra.run.smithi079.stdout:/usr/bin/ceph: stderr
2024-04-01T01:23:25.022+0000 7f7513fff700 1 -- 172.21.15.79:0/3640581945 learned_addr learned my addr 172.21.15.79:0/3640581945 (peer_addr_for_me v2:172.21.15.79:0/0)
2024-04-01T01:23:30.980 INFO:teuthology.orchestra.run.smithi079.stdout:/usr/bin/ceph: stderr
2024-04-01T01:23:25.022+0000 7f7513fff700 1 -- 172.21.15.79:0/3640581945 --> [v2:172.21.15.79:3300/0,v1:172.21.15.79:6789/0] -- mon_subscribe({config=0+,monmap=0+}) v3 -- 0x7f7514105770 con 0x7f7514104e10
2024-04-01T01:23:30.980 INFO:teuthology.orchestra.run.smithi079.stdout:/usr/bin/ceph: stderr
2024-04-01T01:23:25.022+0000 7f7513fff700 1 --2- 172.21.15.79:0/3640581945 >> [v2:172.21.15.79:3300/0,v1:172.21.15.79:6789/0] conn(0x7f7514104e10 0x7f7514105230 secure :-1 s=READY pgs=28 cs=0 l=1 rev1=1 crypto rx=0x7f75040098a0 tx=0x7f7504009bb0 comp rx=0 tx=0).ready entity=mon.0 client_cookie=c19abacaa452f51d server_cookie=0 in_seq=0 out_seq=0
2024-04-01T01:23:30.980 INFO:teuthology.orchestra.run.smithi079.stdout:/usr/bin/ceph: stderr
2024-04-01T01:23:25.023+0000 7f7512ffd700 1 -- 172.21.15.79:0/3640581945 <== mon.0 v2:172.21.15.79:3300/0 1 ==== mon_map magic: 0 v1 ==== 229+0+0 (secure 0 0 0) 0x7f7504004180 con 0x7f7514104e10
2024-04-01T01:23:30.980 INFO:teuthology.orchestra.run.smithi079.stdout:/usr/bin/ceph: stderr
2024-04-01T01:23:25.023+0000 7f7512ffd700 1 -- 172.21.15.79:0/3640581945 <== mon.0 v2:172.21.15.79:3300/0 2 ==== config(27 keys) v1 ==== 1037+0+0 (secure 0 0 0) 0x7f75040042e0 con 0x7f7514104e10
2024-04-01T01:23:30.980 INFO:teuthology.orchestra.run.smithi079.stdout:/usr/bin/ceph: stderr
2024-04-01T01:23:25.023+0000 7f7512ffd700 1 -- 172.21.15.79:0/3640581945 <== mon.0 v2:172.21.15.79:3300/0 3 ==== mon_map magic: 0 v1 ==== 229+0+0 (secure 0 0 0) 0x7f7504011a50 con 0x7f7514104e10
2024-04-01T01:23:30.980 INFO:teuthology.orchestra.run.smithi079.stdout:/usr/bin/ceph: stderr
2024-04-01T01:23:25.023+0000 7f751a672700 1 -- 172.21.15.79:0/3640581945 >> [v2:172.21.15.79:3300/0,v1:172.21.15.79:6789/0] conn(0x7f7514104e10 msgr2=0x7f7514105230 secure :-1 s=STATE_CONNECTION_ESTABLISHED l=1).mark_down
2024-04-01T01:23:30.980 INFO:teuthology.orchestra.run.smithi079.stdout:/usr/bin/ceph: stderr
2024-04-01T01:23:25.023+0000 7f751a672700 1 --2- 172.21.15.79:0/3640581945 >> [v2:172.21.15.79:3300/0,v1:172.21.15.79:6789/0] conn(0x7f7514104e10 0x7f7514105230 secure :-1 s=READY pgs=28 cs=0 l=1 rev1=1 crypto rx=0x7f75040098a0 tx=0x7f7504009bb0 comp rx=0 tx=0).stop
2024-04-01T01:23:30.980 INFO:teuthology.orchestra.run.smithi079.stdout:/usr/bin/ceph: stderr
2024-04-01T01:23:25.023+0000 7f751a672700 1 -- 172.21.15.79:0/3640581945 shutdown_connections
2024-04-01T01:23:30.980 INFO:teuthology.orchestra.run.smithi079.stdout:/usr/bin/ceph: stderr
2024-04-01T01:23:25.023+0000 7f751a672700 1 --2- 172.21.15.79:0/3640581945 >> [v2:172.21.15.79:3300/0,v1:172.21.15.79:6789/0] conn(0x7f7514104e10 0x7f7514105230 unknown :-1 s=CLOSED pgs=28 cs=0 l=1 rev1=1 crypto rx=0 tx=0 comp rx=0 tx=0).stop
2024-04-01T01:23:30.981 INFO:teuthology.orchestra.run.smithi079.stdout:/usr/bin/ceph: stderr
2024-04-01T01:23:25.023+0000 7f751a672700 1 -- 172.21.15.79:0/3640581945 >> 172.21.15.79:0/3640581945 conn(0x7f75141009f0 msgr2=0x7f7514102e50 unknown :-1 s=STATE_NONE l=0).mark_down
2024-04-01T01:23:30.981 INFO:teuthology.orchestra.run.smithi079.stdout:/usr/bin/ceph: stderr
2024-04-01T01:23:25.023+0000 7f751a672700 1 -- 172.21.15.79:0/3640581945 shutdown_connections
2024-04-01T01:23:30.981 INFO:teuthology.orchestra.run.smithi079.stdout:/usr/bin/ceph: stderr
2024-04-01T01:23:25.023+0000 7f751a672700 1 -- 172.21.15.79:0/3640581945 wait complete.
2024-04-01T01:23:30.981 INFO:teuthology.orchestra.run.smithi079.stdout:/usr/bin/ceph: stderr
2024-04-01T01:23:25.024+0000 7f751a672700 1 Processor -- start
2024-04-01T01:23:30.981 INFO:teuthology.orchestra.run.smithi079.stdout:/usr/bin/ceph: stderr
2024-04-01T01:23:25.024+0000 7f751a672700 1 -- start start
2024-04-01T01:23:30.981 INFO:teuthology.orchestra.run.smithi079.stdout:/usr/bin/ceph: stderr
2024-04-01T01:23:25.024+0000 7f751a672700 1 --2- >> [v2:172.21.15.79:3300/0,v1:172.21.15.79:6789/0] conn(0x7f7514104e10 0x7f751419c380 unknown :-1 s=NONE pgs=0 cs=0 l=1 rev1=0 crypto rx=0 tx=0 comp rx=0 tx=0).connect
2024-04-01T01:23:30.981 INFO:teuthology.orchestra.run.smithi079.stdout:/usr/bin/ceph: stderr
2024-04-01T01:23:25.024+0000 7f751a672700 1 -- --> [v2:172.21.15.79:3300/0,v1:172.21.15.79:6789/0] -- mon_getmap magic: 0 v1 -- 0x7f751419c8c0 con 0x7f7514104e10
2024-04-01T01:23:30.981 INFO:teuthology.orchestra.run.smithi079.stdout:/usr/bin/ceph: stderr
2024-04-01T01:23:25.024+0000 7f7513fff700 1 --2- >> [v2:172.21.15.79:3300/0,v1:172.21.15.79:6789/0] conn(0x7f7514104e10 0x7f751419c380 unknown :-1 s=BANNER_CONNECTING pgs=0 cs=0 l=1 rev1=0 crypto rx=0 tx=0 comp rx=0 tx=0)._handle_peer_banner_payload supported=3 required=0
2024-04-01T01:23:30.981 INFO:teuthology.orchestra.run.smithi079.stdout:/usr/bin/ceph: stderr
2024-04-01T01:23:25.024+0000 7f7513fff700 1 --2- >> [v2:172.21.15.79:3300/0,v1:172.21.15.79:6789/0] conn(0x7f7514104e10 0x7f751419c380 unknown :-1 s=HELLO_CONNECTING pgs=0 cs=0 l=1 rev1=1 crypto rx=0 tx=0 comp rx=0 tx=0).handle_hello peer v2:172.21.15.79:3300/0 says I am v2:172.21.15.79:48800/0 (socket says 172.21.15.79:48800)
2024-04-01T01:23:30.981 INFO:teuthology.orchestra.run.smithi079.stdout:/usr/bin/ceph: stderr
2024-04-01T01:23:25.025+0000 7f7513fff700 1 -- 172.21.15.79:0/2043396118 learned_addr learned my addr 172.21.15.79:0/2043396118 (peer_addr_for_me v2:172.21.15.79:0/0)
2024-04-01T01:23:30.981 INFO:teuthology.orchestra.run.smithi079.stdout:/usr/bin/ceph: stderr
2024-04-01T01:23:25.025+0000 7f7513fff700 1 -- 172.21.15.79:0/2043396118 --> [v2:172.21.15.79:3300/0,v1:172.21.15.79:6789/0] -- mon_subscribe({config=0+,monmap=0+}) v3 -- 0x7f7504009550 con 0x7f7514104e10
2024-04-01T01:23:30.981 INFO:teuthology.orchestra.run.smithi079.stdout:/usr/bin/ceph: stderr
2024-04-01T01:23:25.025+0000 7f7513fff700 1 --2- 172.21.15.79:0/2043396118 >> [v2:172.21.15.79:3300/0,v1:172.21.15.79:6789/0] conn(0x7f7514104e10 0x7f751419c380 secure :-1 s=READY pgs=29 cs=0 l=1 rev1=1 crypto rx=0x7f75040119e0 tx=0x7f7504011ac0 comp rx=0 tx=0).ready entity=mon.0 client_cookie=0 server_cookie=0 in_seq=0 out_seq=0
2024-04-01T01:23:30.981 INFO:teuthology.orchestra.run.smithi079.stdout:/usr/bin/ceph: stderr
2024-04-01T01:23:25.025+0000 7f75117fa700 1 -- 172.21.15.79:0/2043396118 <== mon.0 v2:172.21.15.79:3300/0 1 ==== mon_map magic: 0 v1 ==== 229+0+0 (secure 0 0 0) 0x7f7504003b90 con 0x7f7514104e10
2024-04-01T01:23:30.981 INFO:teuthology.orchestra.run.smithi079.stdout:/usr/bin/ceph: stderr
2024-04-01T01:23:25.025+0000 7f751a672700 1 -- 172.21.15.79:0/2043396118 --> [v2:172.21.15.79:3300/0,v1:172.21.15.79:6789/0] -- mon_subscribe({mgrmap=0+}) v3 -- 0x7f751419cac0 con 0x7f7514104e10
2024-04-01T01:23:30.982 INFO:teuthology.orchestra.run.smithi079.stdout:/usr/bin/ceph: stderr
2024-04-01T01:23:25.025+0000 7f75117fa700 1 -- 172.21.15.79:0/2043396118 <== mon.0 v2:172.21.15.79:3300/0 2 ==== config(27 keys) v1 ==== 1037+0+0 (secure 0 0 0) 0x7f750401a8a0 con 0x7f7514104e10
2024-04-01T01:23:30.982 INFO:teuthology.orchestra.run.smithi079.stdout:/usr/bin/ceph: stderr
2024-04-01T01:23:25.025+0000 7f75117fa700 1 -- 172.21.15.79:0/2043396118 <== mon.0 v2:172.21.15.79:3300/0 3 ==== mon_map magic: 0 v1 ==== 229+0+0 (secure 0 0 0) 0x7f7504019930 con 0x7f7514104e10
2024-04-01T01:23:30.982 INFO:teuthology.orchestra.run.smithi079.stdout:/usr/bin/ceph: stderr
2024-04-01T01:23:25.025+0000 7f751a672700 1 -- 172.21.15.79:0/2043396118 --> [v2:172.21.15.79:3300/0,v1:172.21.15.79:6789/0] -- mon_subscribe({osdmap=0}) v3 -- 0x7f751419cf60 con 0x7f7514104e10
2024-04-01T01:23:30.982 INFO:teuthology.orchestra.run.smithi079.stdout:/usr/bin/ceph: stderr
2024-04-01T01:23:25.026+0000 7f75117fa700 1 -- 172.21.15.79:0/2043396118 <== mon.0 v2:172.21.15.79:3300/0 4 ==== mgrmap(e 5) v1 ==== 45283+0+0 (secure 0 0 0) 0x7f7504019bf0 con 0x7f7514104e10
2024-04-01T01:23:30.982 INFO:teuthology.orchestra.run.smithi079.stdout:/usr/bin/ceph: stderr
2024-04-01T01:23:25.026+0000 7f75117fa700 1 --2- 172.21.15.79:0/2043396118 >> [v2:172.21.15.79:6800/347346808,v1:172.21.15.79:6801/347346808] conn(0x7f74fc0382e0 0x7f74fc03a7a0 unknown :-1 s=NONE pgs=0 cs=0 l=1 rev1=0 crypto rx=0 tx=0 comp rx=0 tx=0).connect
2024-04-01T01:23:30.982 INFO:teuthology.orchestra.run.smithi079.stdout:/usr/bin/ceph: stderr
2024-04-01T01:23:25.026+0000 7f75117fa700 1 -- 172.21.15.79:0/2043396118 --> [v2:172.21.15.79:6800/347346808,v1:172.21.15.79:6801/347346808] -- command(tid 0: {"prefix": "get_command_descriptions"}) v1 -- 0x7f74fc03aeb0 con 0x7f74fc0382e0
2024-04-01T01:23:30.982 INFO:teuthology.orchestra.run.smithi079.stdout:/usr/bin/ceph: stderr
2024-04-01T01:23:25.026+0000 7f75117fa700 1 -- 172.21.15.79:0/2043396118 <== mon.0 v2:172.21.15.79:3300/0 5 ==== osd_map(1..1 src has 1..1) v4 ==== 725+0+0 (secure 0 0 0) 0x7f750404c6f0 con 0x7f7514104e10
2024-04-01T01:23:30.982 INFO:teuthology.orchestra.run.smithi079.stdout:/usr/bin/ceph: stderr
2024-04-01T01:23:25.026+0000 7f75137fe700 1 -- 172.21.15.79:0/2043396118 >> [v2:172.21.15.79:6800/347346808,v1:172.21.15.79:6801/347346808] conn(0x7f74fc0382e0 msgr2=0x7f74fc03a7a0 unknown :-1 s=STATE_CONNECTING_RE l=1).process reconnect failed to v2:172.21.15.79:6800/347346808
2024-04-01T01:23:30.982 INFO:teuthology.orchestra.run.smithi079.stdout:/usr/bin/ceph: stderr
2024-04-01T01:23:25.026+0000 7f75137fe700 1 --2- 172.21.15.79:0/2043396118 >> [v2:172.21.15.79:6800/347346808,v1:172.21.15.79:6801/347346808] conn(0x7f74fc0382e0 0x7f74fc03a7a0 unknown :-1 s=START_CONNECT pgs=0 cs=0 l=1 rev1=0 crypto rx=0 tx=0 comp rx=0 tx=0)._fault waiting 0.200000
2024-04-01T01:23:30.982 INFO:teuthology.orchestra.run.smithi079.stdout:/usr/bin/ceph: stderr
2024-04-01T01:23:25.227+0000 7f75137fe700 1 -- 172.21.15.79:0/2043396118 >> [v2:172.21.15.79:6800/347346808,v1:172.21.15.79:6801/347346808] conn(0x7f74fc0382e0 msgr2=0x7f74fc03a7a0 unknown :-1 s=STATE_CONNECTING_RE l=1).process reconnect failed to v2:172.21.15.79:6800/347346808
2024-04-01T01:23:30.982 INFO:teuthology.orchestra.run.smithi079.stdout:/usr/bin/ceph: stderr
2024-04-01T01:23:25.227+0000 7f75137fe700 1 --2- 172.21.15.79:0/2043396118 >> [v2:172.21.15.79:6800/347346808,v1:172.21.15.79:6801/347346808] conn(0x7f74fc0382e0 0x7f74fc03a7a0 unknown :-1 s=START_CONNECT pgs=0 cs=0 l=1 rev1=0 crypto rx=0 tx=0 comp rx=0 tx=0)._fault waiting 0.400000
2024-04-01T01:23:30.982 INFO:teuthology.orchestra.run.smithi079.stdout:/usr/bin/ceph: stderr
