2024-04-01T01:24:06.671 INFO:teuthology.orchestra.run.smithi079.stdout:/usr/bin/ceph: stderr
2024-04-01T01:24:04.927+0000 7f5dd5e39700 1 -- 172.21.15.79:0/970988835 shutdown_connections
2024-04-01T01:24:06.671 INFO:teuthology.orchestra.run.smithi079.stdout:/usr/bin/ceph: stderr
2024-04-01T01:24:04.927+0000 7f5dd5e39700 1 -- 172.21.15.79:0/970988835 wait complete.
2024-04-01T01:24:06.671 INFO:teuthology.orchestra.run.smithi079.stdout:Fetching dashboard port number...
2024-04-01T01:24:07.790 INFO:teuthology.orchestra.run.smithi079.stdout:/usr/bin/ceph: stdout 8443
2024-04-01T01:24:07.791 INFO:teuthology.orchestra.run.smithi079.stdout:/usr/bin/ceph: stderr
2024-04-01T01:24:07.038+0000 7fe6c9e30700 1 Processor -- start
2024-04-01T01:24:07.791 INFO:teuthology.orchestra.run.smithi079.stdout:/usr/bin/ceph: stderr
2024-04-01T01:24:07.038+0000 7fe6c9e30700 1 -- start start
2024-04-01T01:24:07.791 INFO:teuthology.orchestra.run.smithi079.stdout:/usr/bin/ceph: stderr
2024-04-01T01:24:07.038+0000 7fe6c9e30700 1 --2- >> [v2:172.21.15.79:3300/0,v1:172.21.15.79:6789/0] conn(0x7fe6c4104880 0x7fe6c4104ca0 unknown :-1 s=NONE pgs=0 cs=0 l=0 rev1=0 crypto rx=0 tx=0 comp rx=0 tx=0).connect
2024-04-01T01:24:07.791 INFO:teuthology.orchestra.run.smithi079.stdout:/usr/bin/ceph: stderr
2024-04-01T01:24:07.038+0000 7fe6c9e30700 1 -- --> [v2:172.21.15.79:3300/0,v1:172.21.15.79:6789/0] -- mon_getmap magic: 0 v1 -- 0x7fe6c4105270 con 0x7fe6c4104880
2024-04-01T01:24:07.791 INFO:teuthology.orchestra.run.smithi079.stdout:/usr/bin/ceph: stderr
2024-04-01T01:24:07.038+0000 7fe6c37fe700 1 --2- >> [v2:172.21.15.79:3300/0,v1:172.21.15.79:6789/0] conn(0x7fe6c4104880 0x7fe6c4104ca0 unknown :-1 s=BANNER_CONNECTING pgs=0 cs=0 l=0 rev1=0 crypto rx=0 tx=0 comp rx=0 tx=0)._handle_peer_banner_payload supported=3 required=0
2024-04-01T01:24:07.791 INFO:teuthology.orchestra.run.smithi079.stdout:/usr/bin/ceph: stderr
2024-04-01T01:24:07.038+0000 7fe6c37fe700 1 --2- >> [v2:172.21.15.79:3300/0,v1:172.21.15.79:6789/0] conn(0x7fe6c4104880 0x7fe6c4104ca0 unknown :-1 s=HELLO_CONNECTING pgs=0 cs=0 l=0 rev1=1 crypto rx=0 tx=0 comp rx=0 tx=0).handle_hello peer v2:172.21.15.79:3300/0 says I am v2:172.21.15.79:49676/0 (socket says 172.21.15.79:49676)
2024-04-01T01:24:07.791 INFO:teuthology.orchestra.run.smithi079.stdout:/usr/bin/ceph: stderr
2024-04-01T01:24:07.038+0000 7fe6c37fe700 1 -- 172.21.15.79:0/3316273728 learned_addr learned my addr 172.21.15.79:0/3316273728 (peer_addr_for_me v2:172.21.15.79:0/0)
2024-04-01T01:24:07.791 INFO:teuthology.orchestra.run.smithi079.stdout:/usr/bin/ceph: stderr
2024-04-01T01:24:07.038+0000 7fe6c37fe700 1 -- 172.21.15.79:0/3316273728 --> [v2:172.21.15.79:3300/0,v1:172.21.15.79:6789/0] -- mon_subscribe({config=0+,monmap=0+}) v3 -- 0x7fe6c41053b0 con 0x7fe6c4104880
2024-04-01T01:24:07.791 INFO:teuthology.orchestra.run.smithi079.stdout:/usr/bin/ceph: stderr
2024-04-01T01:24:07.038+0000 7fe6c37fe700 1 --2- 172.21.15.79:0/3316273728 >> [v2:172.21.15.79:3300/0,v1:172.21.15.79:6789/0] conn(0x7fe6c4104880 0x7fe6c4104ca0 secure :-1 s=READY pgs=86 cs=0 l=1 rev1=1 crypto rx=0x7fe6ac0098a0 tx=0x7fe6ac009bb0 comp rx=0 tx=0).ready entity=mon.0 client_cookie=2e0b7d03304b5e65 server_cookie=0 in_seq=0 out_seq=0
2024-04-01T01:24:07.791 INFO:teuthology.orchestra.run.smithi079.stdout:/usr/bin/ceph: stderr
2024-04-01T01:24:07.039+0000 7fe6c27fc700 1 -- 172.21.15.79:0/3316273728 <== mon.0 v2:172.21.15.79:3300/0 1 ==== mon_map magic: 0 v1 ==== 229+0+0 (secure 0 0 0) 0x7fe6ac004180 con 0x7fe6c4104880
2024-04-01T01:24:07.791 INFO:teuthology.orchestra.run.smithi079.stdout:/usr/bin/ceph: stderr
2024-04-01T01:24:07.039+0000 7fe6c27fc700 1 -- 172.21.15.79:0/3316273728 <== mon.0 v2:172.21.15.79:3300/0 2 ==== config(27 keys) v1 ==== 1101+0+0 (secure 0 0 0) 0x7fe6ac0042e0 con 0x7fe6c4104880
2024-04-01T01:24:07.791 INFO:teuthology.orchestra.run.smithi079.stdout:/usr/bin/ceph: stderr
2024-04-01T01:24:07.039+0000 7fe6c27fc700 1 -- 172.21.15.79:0/3316273728 <== mon.0 v2:172.21.15.79:3300/0 3 ==== mon_map magic: 0 v1 ==== 229+0+0 (secure 0 0 0) 0x7fe6ac011af0 con 0x7fe6c4104880
2024-04-01T01:24:07.792 INFO:teuthology.orchestra.run.smithi079.stdout:/usr/bin/ceph: stderr
2024-04-01T01:24:07.039+0000 7fe6c9e30700 1 -- 172.21.15.79:0/3316273728 >> [v2:172.21.15.79:3300/0,v1:172.21.15.79:6789/0] conn(0x7fe6c4104880 msgr2=0x7fe6c4104ca0 secure :-1 s=STATE_CONNECTION_ESTABLISHED l=1).mark_down
2024-04-01T01:24:07.792 INFO:teuthology.orchestra.run.smithi079.stdout:/usr/bin/ceph: stderr
2024-04-01T01:24:07.039+0000 7fe6c9e30700 1 --2- 172.21.15.79:0/3316273728 >> [v2:172.21.15.79:3300/0,v1:172.21.15.79:6789/0] conn(0x7fe6c4104880 0x7fe6c4104ca0 secure :-1 s=READY pgs=86 cs=0 l=1 rev1=1 crypto rx=0x7fe6ac0098a0 tx=0x7fe6ac009bb0 comp rx=0 tx=0).stop
2024-04-01T01:24:07.792 INFO:teuthology.orchestra.run.smithi079.stdout:/usr/bin/ceph: stderr
2024-04-01T01:24:07.039+0000 7fe6c9e30700 1 -- 172.21.15.79:0/3316273728 shutdown_connections
2024-04-01T01:24:07.792 INFO:teuthology.orchestra.run.smithi079.stdout:/usr/bin/ceph: stderr
2024-04-01T01:24:07.039+0000 7fe6c9e30700 1 --2- 172.21.15.79:0/3316273728 >> [v2:172.21.15.79:3300/0,v1:172.21.15.79:6789/0] conn(0x7fe6c4104880 0x7fe6c4104ca0 unknown :-1 s=CLOSED pgs=86 cs=0 l=1 rev1=1 crypto rx=0 tx=0 comp rx=0 tx=0).stop
2024-04-01T01:24:07.792 INFO:teuthology.orchestra.run.smithi079.stdout:/usr/bin/ceph: stderr
2024-04-01T01:24:07.039+0000 7fe6c9e30700 1 -- 172.21.15.79:0/3316273728 >> 172.21.15.79:0/3316273728 conn(0x7fe6c41001d0 msgr2=0x7fe6c41025f0 unknown :-1 s=STATE_NONE l=0).mark_down
2024-04-01T01:24:07.792 INFO:teuthology.orchestra.run.smithi079.stdout:/usr/bin/ceph: stderr
2024-04-01T01:24:07.039+0000 7fe6c9e30700 1 -- 172.21.15.79:0/3316273728 shutdown_connections
2024-04-01T01:24:07.792 INFO:teuthology.orchestra.run.smithi079.stdout:/usr/bin/ceph: stderr
2024-04-01T01:24:07.039+0000 7fe6c9e30700 1 -- 172.21.15.79:0/3316273728 wait complete.
2024-04-01T01:24:07.792 INFO:teuthology.orchestra.run.smithi079.stdout:/usr/bin/ceph: stderr
2024-04-01T01:24:07.040+0000 7fe6c9e30700 1 Processor -- start
2024-04-01T01:24:07.792 INFO:teuthology.orchestra.run.smithi079.stdout:/usr/bin/ceph: stderr
2024-04-01T01:24:07.040+0000 7fe6c9e30700 1 -- start start
2024-04-01T01:24:07.792 INFO:teuthology.orchestra.run.smithi079.stdout:/usr/bin/ceph: stderr
2024-04-01T01:24:07.040+0000 7fe6c9e30700 1 --2- >> [v2:172.21.15.79:3300/0,v1:172.21.15.79:6789/0] conn(0x7fe6c4104880 0x7fe6c419a260 unknown :-1 s=NONE pgs=0 cs=0 l=1 rev1=0 crypto rx=0 tx=0 comp rx=0 tx=0).connect
2024-04-01T01:24:07.792 INFO:teuthology.orchestra.run.smithi079.stdout:/usr/bin/ceph: stderr
2024-04-01T01:24:07.040+0000 7fe6c9e30700 1 -- --> [v2:172.21.15.79:3300/0,v1:172.21.15.79:6789/0] -- mon_getmap magic: 0 v1 -- 0x7fe6c419a7a0 con 0x7fe6c4104880
2024-04-01T01:24:07.792 INFO:teuthology.orchestra.run.smithi079.stdout:/usr/bin/ceph: stderr
2024-04-01T01:24:07.040+0000 7fe6c37fe700 1 --2- >> [v2:172.21.15.79:3300/0,v1:172.21.15.79:6789/0] conn(0x7fe6c4104880 0x7fe6c419a260 unknown :-1 s=BANNER_CONNECTING pgs=0 cs=0 l=1 rev1=0 crypto rx=0 tx=0 comp rx=0 tx=0)._handle_peer_banner_payload supported=3 required=0
2024-04-01T01:24:07.792 INFO:teuthology.orchestra.run.smithi079.stdout:/usr/bin/ceph: stderr
2024-04-01T01:24:07.040+0000 7fe6c37fe700 1 --2- >> [v2:172.21.15.79:3300/0,v1:172.21.15.79:6789/0] conn(0x7fe6c4104880 0x7fe6c419a260 unknown :-1 s=HELLO_CONNECTING pgs=0 cs=0 l=1 rev1=1 crypto rx=0 tx=0 comp rx=0 tx=0).handle_hello peer v2:172.21.15.79:3300/0 says I am v2:172.21.15.79:49690/0 (socket says 172.21.15.79:49690)
2024-04-01T01:24:07.792 INFO:teuthology.orchestra.run.smithi079.stdout:/usr/bin/ceph: stderr
2024-04-01T01:24:07.040+0000 7fe6c37fe700 1 -- 172.21.15.79:0/903458056 learned_addr learned my addr 172.21.15.79:0/903458056 (peer_addr_for_me v2:172.21.15.79:0/0)
2024-04-01T01:24:07.793 INFO:teuthology.orchestra.run.smithi079.stdout:/usr/bin/ceph: stderr
2024-04-01T01:24:07.041+0000 7fe6c37fe700 1 -- 172.21.15.79:0/903458056 --> [v2:172.21.15.79:3300/0,v1:172.21.15.79:6789/0] -- mon_subscribe({config=0+,monmap=0+}) v3 -- 0x7fe6ac009550 con 0x7fe6c4104880
2024-04-01T01:24:07.793 INFO:teuthology.orchestra.run.smithi079.stdout:/usr/bin/ceph: stderr
2024-04-01T01:24:07.041+0000 7fe6c37fe700 1 --2- 172.21.15.79:0/903458056 >> [v2:172.21.15.79:3300/0,v1:172.21.15.79:6789/0] conn(0x7fe6c4104880 0x7fe6c419a260 secure :-1 s=READY pgs=87 cs=0 l=1 rev1=1 crypto rx=0x7fe6ac011670 tx=0x7fe6ac011b50 comp rx=0 tx=0).ready entity=mon.0 client_cookie=0 server_cookie=0 in_seq=0 out_seq=0
2024-04-01T01:24:07.793 INFO:teuthology.orchestra.run.smithi079.stdout:/usr/bin/ceph: stderr
2024-04-01T01:24:07.041+0000 7fe6c0ff9700 1 -- 172.21.15.79:0/903458056 <== mon.0 v2:172.21.15.79:3300/0 1 ==== mon_map magic: 0 v1 ==== 229+0+0 (secure 0 0 0) 0x7fe6ac0039f0 con 0x7fe6c4104880
2024-04-01T01:24:07.793 INFO:teuthology.orchestra.run.smithi079.stdout:/usr/bin/ceph: stderr
2024-04-01T01:24:07.041+0000 7fe6c0ff9700 1 -- 172.21.15.79:0/903458056 <== mon.0 v2:172.21.15.79:3300/0 2 ==== config(27 keys) v1 ==== 1101+0+0 (secure 0 0 0) 0x7fe6ac003b50 con 0x7fe6c4104880
2024-04-01T01:24:07.793 INFO:teuthology.orchestra.run.smithi079.stdout:/usr/bin/ceph: stderr
2024-04-01T01:24:07.041+0000 7fe6c9e30700 1 -- 172.21.15.79:0/903458056 --> [v2:172.21.15.79:3300/0,v1:172.21.15.79:6789/0] -- mon_subscribe({mgrmap=0+}) v3 -- 0x7fe6c419a9a0 con 0x7fe6c4104880
2024-04-01T01:24:07.793 INFO:teuthology.orchestra.run.smithi079.stdout:/usr/bin/ceph: stderr
2024-04-01T01:24:07.041+0000 7fe6c0ff9700 1 -- 172.21.15.79:0/903458056 <== mon.0 v2:172.21.15.79:3300/0 3 ==== mon_map magic: 0 v1 ==== 229+0+0 (secure 0 0 0) 0x7fe6ac0247c0 con 0x7fe6c4104880
2024-04-01T01:24:07.793 INFO:teuthology.orchestra.run.smithi079.stdout:/usr/bin/ceph: stderr
2024-04-01T01:24:07.041+0000 7fe6c9e30700 1 -- 172.21.15.79:0/903458056 --> [v2:172.21.15.79:3300/0,v1:172.21.15.79:6789/0] -- mon_subscribe({osdmap=0}) v3 -- 0x7fe6c419ae40 con 0x7fe6c4104880
2024-04-01T01:24:07.793 INFO:teuthology.orchestra.run.smithi079.stdout:/usr/bin/ceph: stderr
2024-04-01T01:24:07.042+0000 7fe6c0ff9700 1 -- 172.21.15.79:0/903458056 <== mon.0 v2:172.21.15.79:3300/0 4 ==== mgrmap(e 12) v1 ==== 45296+0+0 (secure 0 0 0) 0x7fe6ac02d3f0 con 0x7fe6c4104880
2024-04-01T01:24:07.793 INFO:teuthology.orchestra.run.smithi079.stdout:/usr/bin/ceph: stderr
2024-04-01T01:24:07.042+0000 7fe6c0ff9700 1 --2- 172.21.15.79:0/903458056 >> [v2:172.21.15.79:6800/3255792781,v1:172.21.15.79:6801/3255792781] conn(0x7fe6b0038370 0x7fe6b003a830 unknown :-1 s=NONE pgs=0 cs=0 l=1 rev1=0 crypto rx=0 tx=0 comp rx=0 tx=0).connect
2024-04-01T01:24:07.793 INFO:teuthology.orchestra.run.smithi079.stdout:/usr/bin/ceph: stderr
2024-04-01T01:24:07.042+0000 7fe6c0ff9700 1 -- 172.21.15.79:0/903458056 <== mon.0 v2:172.21.15.79:3300/0 5 ==== osd_map(3..3 src has 1..3) v4 ==== 1155+0+0 (secure 0 0 0) 0x7fe6ac04d4a0 con 0x7fe6c4104880
2024-04-01T01:24:07.793 INFO:teuthology.orchestra.run.smithi079.stdout:/usr/bin/ceph: stderr
2024-04-01T01:24:07.042+0000 7fe6c2ffd700 1 --2- 172.21.15.79:0/903458056 >> [v2:172.21.15.79:6800/3255792781,v1:172.21.15.79:6801/3255792781] conn(0x7fe6b0038370 0x7fe6b003a830 unknown :-1 s=BANNER_CONNECTING pgs=0 cs=0 l=1 rev1=0 crypto rx=0 tx=0 comp rx=0 tx=0)._handle_peer_banner_payload supported=3 required=0
2024-04-01T01:24:07.793 INFO:teuthology.orchestra.run.smithi079.stdout:/usr/bin/ceph: stderr
2024-04-01T01:24:07.042+0000 7fe6c9e30700 1 -- 172.21.15.79:0/903458056 --> [v2:172.21.15.79:3300/0,v1:172.21.15.79:6789/0] -- mon_command({"prefix": "get_command_descriptions"} v 0) v1 -- 0x7fe6c40623c0 con 0x7fe6c4104880
2024-04-01T01:24:07.793 INFO:teuthology.orchestra.run.smithi079.stdout:/usr/bin/ceph: stderr
2024-04-01T01:24:07.042+0000 7fe6c2ffd700 1 --2- 172.21.15.79:0/903458056 >> [v2:172.21.15.79:6800/3255792781,v1:172.21.15.79:6801/3255792781] conn(0x7fe6b0038370 0x7fe6b003a830 secure :-1 s=READY pgs=9 cs=0 l=1 rev1=1 crypto rx=0x7fe6b4006fd0 tx=0x7fe6b4006e40 comp rx=0 tx=0).ready entity=mgr.14164 client_cookie=0 server_cookie=0 in_seq=0 out_seq=0
2024-04-01T01:24:07.793 INFO:teuthology.orchestra.run.smithi079.stdout:/usr/bin/ceph: stderr
2024-04-01T01:24:07.047+0000 7fe6c0ff9700 1 -- 172.21.15.79:0/903458056 <== mon.0 v2:172.21.15.79:3300/0 6 ==== mon_command_ack([{"prefix": "get_command_descriptions"}]=0 v0) v1 ==== 72+0+180422 (secure 0 0 0) 0x7fe6ac02d740 con 0x7fe6c4104880
2024-04-01T01:24:07.794 INFO:teuthology.orchestra.run.smithi079.stdout:/usr/bin/ceph: stderr
2024-04-01T01:24:07.223+0000 7fe6c0ff9700 1 -- 172.21.15.79:0/903458056 <== mon.0 v2:172.21.15.79:3300/0 7 ==== mgrmap(e 13) v1 ==== 45339+0+0 (secure 0 0 0) 0x7fe6ac01ac00 con 0x7fe6c4104880
2024-04-01T01:24:07.794 INFO:teuthology.orchestra.run.smithi079.stdout:/usr/bin/ceph: stderr
2024-04-01T01:24:07.240+0000 7fe6c9e30700 1 -- 172.21.15.79:0/903458056 --> [v2:172.21.15.79:3300/0,v1:172.21.15.79:6789/0] -- mon_command({"prefix": "config get", "who": "mgr", "key": "mgr/dashboard/ssl_server_port"} v 0) v1 -- 0x7fe6c419de70 con 0x7fe6c4104880
2024-04-01T01:24:07.794 INFO:teuthology.orchestra.run.smithi079.stdout:/usr/bin/ceph: stderr
2024-04-01T01:24:07.240+0000 7fe6c0ff9700 1 -- 172.21.15.79:0/903458056 <== mon.0 v2:172.21.15.79:3300/0 8 ==== mon_command_ack([{"prefix": "config get", "who": "mgr", "key": "mgr/dashboard/ssl_server_port"}]=0 v8) v1 ==== 112+0+5 (secure 0 0 0) 0x7fe6ac01a580 con 0x7fe6c4104880
2024-04-01T01:24:07.794 INFO:teuthology.orchestra.run.smithi079.stdout:/usr/bin/ceph: stderr
2024-04-01T01:24:07.242+0000 7fe6c9e30700 1 -- 172.21.15.79:0/903458056 >> [v2:172.21.15.79:6800/3255792781,v1:172.21.15.79:6801/3255792781] conn(0x7fe6b0038370 msgr2=0x7fe6b003a830 secure :-1 s=STATE_CONNECTION_ESTABLISHED l=1).mark_down
2024-04-01T01:24:07.794 INFO:teuthology.orchestra.run.smithi079.stdout:/usr/bin/ceph: stderr
2024-04-01T01:24:07.242+0000 7fe6c9e30700 1 --2- 172.21.15.79:0/903458056 >> [v2:172.21.15.79:6800/3255792781,v1:172.21.15.79:6801/3255792781] conn(0x7fe6b0038370 0x7fe6b003a830 secure :-1 s=READY pgs=9 cs=0 l=1 rev1=1 crypto rx=0x7fe6b4006fd0 tx=0x7fe6b4006e40 comp rx=0 tx=0).stop
2024-04-01T01:24:07.794 INFO:teuthology.orchestra.run.smithi079.stdout:/usr/bin/ceph: stderr
2024-04-01T01:24:07.242+0000 7fe6c9e30700 1 -- 172.21.15.79:0/903458056 >> [v2:172.21.15.79:3300/0,v1:172.21.15.79:6789/0] conn(0x7fe6c4104880 msgr2=0x7fe6c419a260 secure :-1 s=STATE_CONNECTION_ESTABLISHED l=1).mark_down
2024-04-01T01:24:07.794 INFO:teuthology.orchestra.run.smithi079.stdout:/usr/bin/ceph: stderr
2024-04-01T01:24:07.242+0000 7fe6c9e30700 1 --2- 172.21.15.79:0/903458056 >> [v2:172.21.15.79:3300/0,v1:172.21.15.79:6789/0] conn(0x7fe6c4104880 0x7fe6c419a260 secure :-1 s=READY pgs=87 cs=0 l=1 rev1=1 crypto rx=0x7fe6ac011670 tx=0x7fe6ac011b50 comp rx=0 tx=0).stop
2024-04-01T01:24:07.794 INFO:teuthology.orchestra.run.smithi079.stdout:/usr/bin/ceph: stderr
2024-04-01T01:24:07.242+0000 7fe6c9e30700 1 -- 172.21.15.79:0/903458056 shutdown_connections
2024-04-01T01:24:07.794 INFO:teuthology.orchestra.run.smithi079.stdout:/usr/bin/ceph: stderr
2024-04-01T01:24:07.242+0000 7fe6c9e30700 1 --2- 172.21.15.79:0/903458056 >> [v2:172.21.15.79:6800/3255792781,v1:172.21.15.79:6801/3255792781] conn(0x7fe6b0038370 0x7fe6b003a830 unknown :-1 s=CLOSED pgs=9 cs=0 l=1 rev1=1 crypto rx=0 tx=0 comp rx=0 tx=0).stop
2024-04-01T01:24:07.794 INFO:teuthology.orchestra.run.smithi079.stdout:/usr/bin/ceph: stderr
2024-04-01T01:24:07.242+0000 7fe6c9e30700 1 --2- 172.21.15.79:0/903458056 >> [v2:172.21.15.79:3300/0,v1:172.21.15.79:6789/0] conn(0x7fe6c4104880 0x7fe6c419a260 unknown :-1 s=CLOSED pgs=87 cs=0 l=1 rev1=1 crypto rx=0 tx=0 comp rx=0 tx=0).stop
2024-04-01T01:24:07.794 INFO:teuthology.orchestra.run.smithi079.stdout:/usr/bin/ceph: stderr
2024-04-01T01:24:07.242+0000 7fe6c9e30700 1 -- 172.21.15.79:0/903458056 >> 172.21.15.79:0/903458056 conn(0x7fe6c41001d0 msgr2=0x7fe6c4100f20 unknown :-1 s=STATE_NONE l=0).mark_down
2024-04-01T01:24:07.794 INFO:teuthology.orchestra.run.smithi079.stdout:/usr/bin/ceph: stderr
2024-04-01T01:24:07.242+0000 7fe6c9e30700 1 -- 172.21.15.79:0/903458056 shutdown_connections
2024-04-01T01:24:07.794 INFO:teuthology.orchestra.run.smithi079.stdout:/usr/bin/ceph: stderr
2024-04-01T01:24:07.242+0000 7fe6c9e30700 1 -- 172.21.15.79:0/903458056 wait complete.
2024-04-01T01:24:07.796 INFO:teuthology.orchestra.run.smithi079.stdout:Non-zero exit code 1 from systemctl is-enabled firewalld.service
2024-04-01T01:24:07.796 INFO:teuthology.orchestra.run.smithi079.stdout:systemctl: stdout disabled
2024-04-01T01:24:07.803 INFO:teuthology.orchestra.run.smithi079.stdout:Non-zero exit code 3 from systemctl is-active firewalld.service
2024-04-01T01:24:07.803 INFO:teuthology.orchestra.run.smithi079.stdout:systemctl: stdout inactive
2024-04-01T01:24:07.803 INFO:teuthology.orchestra.run.smithi079.stdout:firewalld.service is not enabled
2024-04-01T01:24:07.804 INFO:teuthology.orchestra.run.smithi079.stdout:Not possible to open ports <[8443]>. firewalld.service is not available
2024-04-01T01:24:07.805 INFO:teuthology.orchestra.run.smithi079.stdout:Ceph Dashboard is now available at:
2024-04-01T01:24:07.805 INFO:teuthology.orchestra.run.smithi079.stdout:
2024-04-01T01:24:07.805 INFO:teuthology.orchestra.run.smithi079.stdout: URL: https://smithi079.front.sepia.ceph.com:8443/
2024-04-01T01:24:07.805 INFO:teuthology.orchestra.run.smithi079.stdout: User: admin
2024-04-01T01:24:07.805 INFO:teuthology.orchestra.run.smithi079.stdout: Password: bkisk8wluz
2024-04-01T01:24:07.805 INFO:teuthology.orchestra.run.smithi079.stdout:
2024-04-01T01:24:07.806 INFO:teuthology.orchestra.run.smithi079.stdout:Saving cluster configuration to /var/lib/ceph/46d085da-efc6-11ee-b647-cb9ed24678a4/config directory
2024-04-01T01:24:07.806 INFO:teuthology.orchestra.run.smithi079.stdout:Enabling autotune for osd_memory_target
2024-04-01T01:24:08.404 INFO:journalctl@ceph.mon.smithi079.smithi079.stdout:Apr 01 01:24:08 smithi079 ceph-mon[29314]: mgrmap e13: smithi079.rzapin(active, since 6s)
2024-04-01T01:24:08.405 INFO:journalctl@ceph.mon.smithi079.smithi079.stdout:Apr 01 01:24:08 smithi079 ceph-mon[29314]: from='client.? 172.21.15.79:0/903458056' entity='client.admin' cmd=[{"prefix": "config get", "who": "mgr", "key": "mgr/dashboard/ssl_server_port"}]: dispatch
2024-04-01T01:24:09.039 INFO:teuthology.orchestra.run.smithi079.stdout:/usr/bin/ceph: stderr
2024-04-01T01:24:08.218+0000 7f77e43e7700 1 Processor -- start
2024-04-01T01:24:09.040 INFO:teuthology.orchestra.run.smithi079.stdout:/usr/bin/ceph: stderr
2024-04-01T01:24:08.218+0000 7f77e43e7700 1 -- start start
2024-04-01T01:24:09.040 INFO:teuthology.orchestra.run.smithi079.stdout:/usr/bin/ceph: stderr
2024-04-01T01:24:08.218+0000 7f77e43e7700 1 --2- >> [v2:172.21.15.79:3300/0,v1:172.21.15.79:6789/0] conn(0x7f77dc105460 0x7f77dc105880 unknown :-1 s=NONE pgs=0 cs=0 l=0 rev1=0 crypto rx=0 tx=0 comp rx=0 tx=0).connect
2024-04-01T01:24:09.040 INFO:teuthology.orchestra.run.smithi079.stdout:/usr/bin/ceph: stderr
2024-04-01T01:24:08.218+0000 7f77e43e7700 1 -- --> [v2:172.21.15.79:3300/0,v1:172.21.15.79:6789/0] -- mon_getmap magic: 0 v1 -- 0x7f77dc105e50 con 0x7f77dc105460
2024-04-01T01:24:09.040 INFO:teuthology.orchestra.run.smithi079.stdout:/usr/bin/ceph: stderr
2024-04-01T01:24:08.218+0000 7f77e2183700 1 --2- >> [v2:172.21.15.79:3300/0,v1:172.21.15.79:6789/0] conn(0x7f77dc105460 0x7f77dc105880 unknown :-1 s=BANNER_CONNECTING pgs=0 cs=0 l=0 rev1=0 crypto rx=0 tx=0 comp rx=0 tx=0)._handle_peer_banner_payload supported=3 required=0
2024-04-01T01:24:09.040 INFO:teuthology.orchestra.run.smithi079.stdout:/usr/bin/ceph: stderr
2024-04-01T01:24:08.218+0000 7f77e2183700 1 --2- >> [v2:172.21.15.79:3300/0,v1:172.21.15.79:6789/0] conn(0x7f77dc105460 0x7f77dc105880 unknown :-1 s=HELLO_CONNECTING pgs=0 cs=0 l=0 rev1=1 crypto rx=0 tx=0 comp rx=0 tx=0).handle_hello peer v2:172.21.15.79:3300/0 says I am v2:172.21.15.79:49700/0 (socket says 172.21.15.79:49700)
2024-04-01T01:24:09.040 INFO:teuthology.orchestra.run.smithi079.stdout:/usr/bin/ceph: stderr
2024-04-01T01:24:08.219+0000 7f77e2183700 1 -- 172.21.15.79:0/2099306055 learned_addr learned my addr 172.21.15.79:0/2099306055 (peer_addr_for_me v2:172.21.15.79:0/0)
2024-04-01T01:24:09.040 INFO:teuthology.orchestra.run.smithi079.stdout:/usr/bin/ceph: stderr
2024-04-01T01:24:08.219+0000 7f77e2183700 1 -- 172.21.15.79:0/2099306055 --> [v2:172.21.15.79:3300/0,v1:172.21.15.79:6789/0] -- mon_subscribe({config=0+,monmap=0+}) v3 -- 0x7f77dc106660 con 0x7f77dc105460
2024-04-01T01:24:09.040 INFO:teuthology.orchestra.run.smithi079.stdout:/usr/bin/ceph: stderr
2024-04-01T01:24:08.219+0000 7f77e2183700 1 --2- 172.21.15.79:0/2099306055 >> [v2:172.21.15.79:3300/0,v1:172.21.15.79:6789/0] conn(0x7f77dc105460 0x7f77dc105880 secure :-1 s=READY pgs=88 cs=0 l=1 rev1=1 crypto rx=0x7f77d8009e80 tx=0x7f77d800b330 comp rx=0 tx=0).ready entity=mon.0 client_cookie=f24615eb657da339 server_cookie=0 in_seq=0 out_seq=0
2024-04-01T01:24:09.040 INFO:teuthology.orchestra.run.smithi079.stdout:/usr/bin/ceph: stderr
2024-04-01T01:24:08.219+0000 7f77e1181700 1 -- 172.21.15.79:0/2099306055 <== mon.0 v2:172.21.15.79:3300/0 1 ==== mon_map magic: 0 v1 ==== 229+0+0 (secure 0 0 0) 0x7f77d800e070 con 0x7f77dc105460
2024-04-01T01:24:09.040 INFO:teuthology.orchestra.run.smithi079.stdout:/usr/bin/ceph: stderr
2024-04-01T01:24:08.219+0000 7f77e1181700 1 -- 172.21.15.79:0/2099306055 <== mon.0 v2:172.21.15.79:3300/0 2 ==== config(27 keys) v1 ==== 1101+0+0 (secure 0 0 0) 0x7f77d800b8c0 con 0x7f77dc105460
2024-04-01T01:24:09.040 INFO:teuthology.orchestra.run.smithi079.stdout:/usr/bin/ceph: stderr
2024-04-01T01:24:08.219+0000 7f77e1181700 1 -- 172.21.15.79:0/2099306055 <== mon.0 v2:172.21.15.79:3300/0 3 ==== mon_map magic: 0 v1 ==== 229+0+0 (secure 0 0 0) 0x7f77d80044d0 con 0x7f77dc105460
2024-04-01T01:24:09.040 INFO:teuthology.orchestra.run.smithi079.stdout:/usr/bin/ceph: stderr
2024-04-01T01:24:08.220+0000 7f77e43e7700 1 -- 172.21.15.79:0/2099306055 >> [v2:172.21.15.79:3300/0,v1:172.21.15.79:6789/0] conn(0x7f77dc105460 msgr2=0x7f77dc105880 secure :-1 s=STATE_CONNECTION_ESTABLISHED l=1).mark_down
2024-04-01T01:24:09.040 INFO:teuthology.orchestra.run.smithi079.stdout:/usr/bin/ceph: stderr
2024-04-01T01:24:08.220+0000 7f77e43e7700 1 --2- 172.21.15.79:0/2099306055 >> [v2:172.21.15.79:3300/0,v1:172.21.15.79:6789/0] conn(0x7f77dc105460 0x7f77dc105880 secure :-1 s=READY pgs=88 cs=0 l=1 rev1=1 crypto rx=0x7f77d8009e80 tx=0x7f77d800b330 comp rx=0 tx=0).stop
2024-04-01T01:24:09.041 INFO:teuthology.orchestra.run.smithi079.stdout:/usr/bin/ceph: stderr
2024-04-01T01:24:08.220+0000 7f77e43e7700 1 -- 172.21.15.79:0/2099306055 shutdown_connections
2024-04-01T01:24:09.041 INFO:teuthology.orchestra.run.smithi079.stdout:/usr/bin/ceph: stderr
2024-04-01T01:24:08.220+0000 7f77e43e7700 1 --2- 172.21.15.79:0/2099306055 >> [v2:172.21.15.79:3300/0,v1:172.21.15.79:6789/0] conn(0x7f77dc105460 0x7f77dc105880 unknown :-1 s=CLOSED pgs=88 cs=0 l=1 rev1=1 crypto rx=0 tx=0 comp rx=0 tx=0).stop
2024-04-01T01:24:09.041 INFO:teuthology.orchestra.run.smithi079.stdout:/usr/bin/ceph: stderr
2024-04-01T01:24:08.220+0000 7f77e43e7700 1 -- 172.21.15.79:0/2099306055 >> 172.21.15.79:0/2099306055 conn(0x7f77dc100a20 msgr2=0x7f77dc102e40 unknown :-1 s=STATE_NONE l=0).mark_down
2024-04-01T01:24:09.041 INFO:teuthology.orchestra.run.smithi079.stdout:/usr/bin/ceph: stderr
2024-04-01T01:24:08.220+0000 7f77e43e7700 1 -- 172.21.15.79:0/2099306055 shutdown_connections
2024-04-01T01:24:09.041 INFO:teuthology.orchestra.run.smithi079.stdout:/usr/bin/ceph: stderr
2024-04-01T01:24:08.220+0000 7f77e43e7700 1 -- 172.21.15.79:0/2099306055 wait complete.
2024-04-01T01:24:09.041 INFO:teuthology.orchestra.run.smithi079.stdout:/usr/bin/ceph: stderr
2024-04-01T01:24:08.220+0000 7f77e43e7700 1 Processor -- start
2024-04-01T01:24:09.041 INFO:teuthology.orchestra.run.smithi079.stdout:/usr/bin/ceph: stderr
2024-04-01T01:24:08.220+0000 7f77e43e7700 1 -- start start
2024-04-01T01:24:09.041 INFO:teuthology.orchestra.run.smithi079.stdout:/usr/bin/ceph: stderr
2024-04-01T01:24:08.220+0000 7f77e43e7700 1 --2- >> [v2:172.21.15.79:3300/0,v1:172.21.15.79:6789/0] conn(0x7f77dc105460 0x7f77dc19a250 unknown :-1 s=NONE pgs=0 cs=0 l=1 rev1=0 crypto rx=0 tx=0 comp rx=0 tx=0).connect
2024-04-01T01:24:09.041 INFO:teuthology.orchestra.run.smithi079.stdout:/usr/bin/ceph: stderr
2024-04-01T01:24:08.220+0000 7f77e43e7700 1 -- --> [v2:172.21.15.79:3300/0,v1:172.21.15.79:6789/0] -- mon_getmap magic: 0 v1 -- 0x7f77dc19a790 con 0x7f77dc105460
2024-04-01T01:24:09.041 INFO:teuthology.orchestra.run.smithi079.stdout:/usr/bin/ceph: stderr
2024-04-01T01:24:08.221+0000 7f77e2183700 1 --2- >> [v2:172.21.15.79:3300/0,v1:172.21.15.79:6789/0] conn(0x7f77dc105460 0x7f77dc19a250 unknown :-1 s=BANNER_CONNECTING pgs=0 cs=0 l=1 rev1=0 crypto rx=0 tx=0 comp rx=0 tx=0)._handle_peer_banner_payload supported=3 required=0
2024-04-01T01:24:09.041 INFO:teuthology.orchestra.run.smithi079.stdout:/usr/bin/ceph: stderr
2024-04-01T01:24:08.221+0000 7f77e2183700 1 --2- >> [v2:172.21.15.79:3300/0,v1:172.21.15.79:6789/0] conn(0x7f77dc105460 0x7f77dc19a250 unknown :-1 s=HELLO_CONNECTING pgs=0 cs=0 l=1 rev1=1 crypto rx=0 tx=0 comp rx=0 tx=0).handle_hello peer v2:172.21.15.79:3300/0 says I am v2:172.21.15.79:49706/0 (socket says 172.21.15.79:49706)
2024-04-01T01:24:09.041 INFO:teuthology.orchestra.run.smithi079.stdout:/usr/bin/ceph: stderr
2024-04-01T01:24:08.221+0000 7f77e2183700 1 -- 172.21.15.79:0/1733971032 learned_addr learned my addr 172.21.15.79:0/1733971032 (peer_addr_for_me v2:172.21.15.79:0/0)
2024-04-01T01:24:09.041 INFO:teuthology.orchestra.run.smithi079.stdout:/usr/bin/ceph: stderr
2024-04-01T01:24:08.221+0000 7f77e2183700 1 -- 172.21.15.79:0/1733971032 --> [v2:172.21.15.79:3300/0,v1:172.21.15.79:6789/0] -- mon_subscribe({config=0+,monmap=0+}) v3 -- 0x7f77d8009b30 con 0x7f77dc105460
2024-04-01T01:24:09.041 INFO:teuthology.orchestra.run.smithi079.stdout:/usr/bin/ceph: stderr
2024-04-01T01:24:08.221+0000 7f77e2183700 1 --2- 172.21.15.79:0/1733971032 >> [v2:172.21.15.79:3300/0,v1:172.21.15.79:6789/0] conn(0x7f77dc105460 0x7f77dc19a250 secure :-1 s=READY pgs=89 cs=0 l=1 rev1=1 crypto rx=0x7f77d8009e50 tx=0x7f77d80049f0 comp rx=0 tx=0).ready entity=mon.0 client_cookie=0 server_cookie=0 in_seq=0 out_seq=0
2024-04-01T01:24:09.042 INFO:teuthology.orchestra.run.smithi079.stdout:/usr/bin/ceph: stderr
2024-04-01T01:24:08.221+0000 7f77d37fe700 1 -- 172.21.15.79:0/1733971032 <== mon.0 v2:172.21.15.79:3300/0 1 ==== mon_map magic: 0 v1 ==== 229+0+0 (secure 0 0 0) 0x7f77d800e040 con 0x7f77dc105460
2024-04-01T01:24:09.042 INFO:teuthology.orchestra.run.smithi079.stdout:/usr/bin/ceph: stderr
2024-04-01T01:24:08.221+0000 7f77d37fe700 1 -- 172.21.15.79:0/1733971032 <== mon.0 v2:172.21.15.79:3300/0 2 ==== config(27 keys) v1 ==== 1101+0+0 (secure 0 0 0) 0x7f77d800bcc0 con 0x7f77dc105460
2024-04-01T01:24:09.042 INFO:teuthology.orchestra.run.smithi079.stdout:/usr/bin/ceph: stderr
2024-04-01T01:24:08.221+0000 7f77e43e7700 1 -- 172.21.15.79:0/1733971032 --> [v2:172.21.15.79:3300/0,v1:172.21.15.79:6789/0] -- mon_subscribe({mgrmap=0+}) v3 -- 0x7f77dc19a990 con 0x7f77dc105460
2024-04-01T01:24:09.042 INFO:teuthology.orchestra.run.smithi079.stdout:/usr/bin/ceph: stderr
2024-04-01T01:24:08.221+0000 7f77d37fe700 1 -- 172.21.15.79:0/1733971032 <== mon.0 v2:172.21.15.79:3300/0 3 ==== mon_map magic: 0 v1 ==== 229+0+0 (secure 0 0 0) 0x7f77d8012650 con 0x7f77dc105460
2024-04-01T01:24:09.042 INFO:teuthology.orchestra.run.smithi079.stdout:/usr/bin/ceph: stderr
2024-04-01T01:24:08.221+0000 7f77e43e7700 1 -- 172.21.15.79:0/1733971032 --> [v2:172.21.15.79:3300/0,v1:172.21.15.79:6789/0] -- mon_subscribe({osdmap=0}) v3 -- 0x7f77dc19ae90 con 0x7f77dc105460
2024-04-01T01:24:09.042 INFO:teuthology.orchestra.run.smithi079.stdout:/usr/bin/ceph: stderr
2024-04-01T01:24:08.222+0000 7f77d37fe700 1 -- 172.21.15.79:0/1733971032 <== mon.0 v2:172.21.15.79:3300/0 4 ==== mgrmap(e 13) v1 ==== 45339+0+0 (secure 0 0 0) 0x7f77d8019040 con 0x7f77dc105460
2024-04-01T01:24:09.042 INFO:teuthology.orchestra.run.smithi079.stdout:/usr/bin/ceph: stderr
2024-04-01T01:24:08.222+0000 7f77e43e7700 1 -- 172.21.15.79:0/1733971032 --> [v2:172.21.15.79:3300/0,v1:172.21.15.79:6789/0] -- mon_command({"prefix": "get_command_descriptions"} v 0) v1 -- 0x7f77dc0623c0 con 0x7f77dc105460
2024-04-01T01:24:09.042 INFO:teuthology.orchestra.run.smithi079.stdout:/usr/bin/ceph: stderr
2024-04-01T01:24:08.222+0000 7f77d37fe700 1 --2- 172.21.15.79:0/1733971032 >> [v2:172.21.15.79:6800/3255792781,v1:172.21.15.79:6801/3255792781] conn(0x7f77c8038420 0x7f77c803a8e0 unknown :-1 s=NONE pgs=0 cs=0 l=1 rev1=0 crypto rx=0 tx=0 comp rx=0 tx=0).connect
2024-04-01T01:24:09.042 INFO:teuthology.orchestra.run.smithi079.stdout:/usr/bin/ceph: stderr
2024-04-01T01:24:08.222+0000 7f77d37fe700 1 -- 172.21.15.79:0/1733971032 <== mon.0 v2:172.21.15.79:3300/0 5 ==== osd_map(3..3 src has 1..3) v4 ==== 1155+0+0 (secure 0 0 0) 0x7f77d804bff0 con 0x7f77dc105460
2024-04-01T01:24:09.042 INFO:teuthology.orchestra.run.smithi079.stdout:/usr/bin/ceph: stderr
2024-04-01T01:24:08.222+0000 7f77e1982700 1 --2- 172.21.15.79:0/1733971032 >> [v2:172.21.15.79:6800/3255792781,v1:172.21.15.79:6801/3255792781] conn(0x7f77c8038420 0x7f77c803a8e0 unknown :-1 s=BANNER_CONNECTING pgs=0 cs=0 l=1 rev1=0 crypto rx=0 tx=0 comp rx=0 tx=0)._handle_peer_banner_payload supported=3 required=0
2024-04-01T01:24:09.042 INFO:teuthology.orchestra.run.smithi079.stdout:/usr/bin/ceph: stderr
2024-04-01T01:24:08.223+0000 7f77e1982700 1 --2- 172.21.15.79:0/1733971032 >> [v2:172.21.15.79:6800/3255792781,v1:172.21.15.79:6801/3255792781] conn(0x7f77c8038420 0x7f77c803a8e0 secure :-1 s=READY pgs=10 cs=0 l=1 rev1=1 crypto rx=0x7f77cc006fd0 tx=0x7f77cc006e40 comp rx=0 tx=0).ready entity=mgr.14164 client_cookie=0 server_cookie=0 in_seq=0 out_seq=0
2024-04-01T01:24:09.042 INFO:teuthology.orchestra.run.smithi079.stdout:/usr/bin/ceph: stderr
2024-04-01T01:24:08.227+0000 7f77d37fe700 1 -- 172.21.15.79:0/1733971032 <== mon.0 v2:172.21.15.79:3300/0 6 ==== mon_command_ack([{"prefix": "get_command_descriptions"}]=0 v0) v1 ==== 72+0+180422 (secure 0 0 0) 0x7f77d807f0e0 con 0x7f77dc105460
2024-04-01T01:24:09.042 INFO:teuthology.orchestra.run.smithi079.stdout:/usr/bin/ceph: stderr
2024-04-01T01:24:08.417+0000 7f77e43e7700 1 -- 172.21.15.79:0/1733971032 --> [v2:172.21.15.79:3300/0,v1:172.21.15.79:6789/0] -- mon_command([{prefix=config set, name=osd_memory_target_autotune}] v 0) v1 -- 0x7f77dc109890 con 0x7f77dc105460
2024-04-01T01:24:09.043 INFO:teuthology.orchestra.run.smithi079.stdout:/usr/bin/ceph: stderr
2024-04-01T01:24:08.418+0000 7f77d37fe700 1 -- 172.21.15.79:0/1733971032 <== mon.0 v2:172.21.15.79:3300/0 7 ==== mon_command_ack([{prefix=config set, name=osd_memory_target_autotune}]=0 v8)=0 v8) v1 ==== 127+0+0 (secure 0 0 0) 0x7f77d801f070 con 0x7f77dc105460
2024-04-01T01:24:09.043 INFO:teuthology.orchestra.run.smithi079.stdout:/usr/bin/ceph: stderr
2024-04-01T01:24:08.420+0000 7f77e43e7700 1 -- 172.21.15.79:0/1733971032 >> [v2:172.21.15.79:6800/3255792781,v1:172.21.15.79:6801/3255792781] conn(0x7f77c8038420 msgr2=0x7f77c803a8e0 secure :-1 s=STATE_CONNECTION_ESTABLISHED l=1).mark_down
2024-04-01T01:24:09.043 INFO:teuthology.orchestra.run.smithi079.stdout:/usr/bin/ceph: stderr
2024-04-01T01:24:08.420+0000 7f77e43e7700 1 --2- 172.21.15.79:0/1733971032 >> [v2:172.21.15.79:6800/3255792781,v1:172.21.15.79:6801/3255792781] conn(0x7f77c8038420 0x7f77c803a8e0 secure :-1 s=READY pgs=10 cs=0 l=1 rev1=1 crypto rx=0x7f77cc006fd0 tx=0x7f77cc006e40 comp rx=0 tx=0).stop
2024-04-01T01:24:09.043 INFO:teuthology.orchestra.run.smithi079.stdout:/usr/bin/ceph: stderr
2024-04-01T01:24:08.420+0000 7f77e43e7700 1 -- 172.21.15.79:0/1733971032 >> [v2:172.21.15.79:3300/0,v1:172.21.15.79:6789/0] conn(0x7f77dc105460 msgr2=0x7f77dc19a250 secure :-1 s=STATE_CONNECTION_ESTABLISHED l=1).mark_down
2024-04-01T01:24:09.043 INFO:teuthology.orchestra.run.smithi079.stdout:/usr/bin/ceph: stderr
2024-04-01T01:24:08.420+0000 7f77e43e7700 1 --2- 172.21.15.79:0/1733971032 >> [v2:172.21.15.79:3300/0,v1:172.21.15.79:6789/0] conn(0x7f77dc105460 0x7f77dc19a250 secure :-1 s=READY pgs=89 cs=0 l=1 rev1=1 crypto rx=0x7f77d8009e50 tx=0x7f77d80049f0 comp rx=0 tx=0).stop
2024-04-01T01:24:09.043 INFO:teuthology.orchestra.run.smithi079.stdout:/usr/bin/ceph: stderr
2024-04-01T01:24:08.420+0000 7f77e43e7700 1 -- 172.21.15.79:0/1733971032 shutdown_connections
2024-04-01T01:24:09.043 INFO:teuthology.orchestra.run.smithi079.stdout:/usr/bin/ceph: stderr
2024-04-01T01:24:08.420+0000 7f77e43e7700 1 --2- 172.21.15.79:0/1733971032 >> [v2:172.21.15.79:6800/3255792781,v1:172.21.15.79:6801/3255792781] conn(0x7f77c8038420 0x7f77c803a8e0 unknown :-1 s=CLOSED pgs=10 cs=0 l=1 rev1=1 crypto rx=0 tx=0 comp rx=0 tx=0).stop
2024-04-01T01:24:09.043 INFO:teuthology.orchestra.run.smithi079.stdout:/usr/bin/ceph: stderr
2024-04-01T01:24:08.420+0000 7f77e43e7700 1 --2- 172.21.15.79:0/1733971032 >> [v2:172.21.15.79:3300/0,v1:172.21.15.79:6789/0] conn(0x7f77dc105460 0x7f77dc19a250 unknown :-1 s=CLOSED pgs=89 cs=0 l=1 rev1=1 crypto rx=0 tx=0 comp rx=0 tx=0).stop
2024-04-01T01:24:09.043 INFO:teuthology.orchestra.run.smithi079.stdout:/usr/bin/ceph: stderr
2024-04-01T01:24:08.420+0000 7f77e43e7700 1 -- 172.21.15.79:0/1733971032 >> 172.21.15.79:0/1733971032 conn(0x7f77dc100a20 msgr2=0x7f77dc079900 unknown :-1 s=STATE_NONE l=0).mark_down
2024-04-01T01:24:09.043 INFO:teuthology.orchestra.run.smithi079.stdout:/usr/bin/ceph: stderr
2024-04-01T01:24:08.420+0000 7f77e43e7700 1 -- 172.21.15.79:0/1733971032 shutdown_connections
2024-04-01T01:24:09.043 INFO:teuthology.orchestra.run.smithi079.stdout:/usr/bin/ceph: stderr
2024-04-01T01:24:08.420+0000 7f77e43e7700 1 -- 172.21.15.79:0/1733971032 wait complete.
2024-04-01T01:24:10.254 INFO:teuthology.orchestra.run.smithi079.stdout:/usr/bin/ceph: stderr
2024-04-01T01:24:09.442+0000 7ff51a580700 1 Processor -- start
2024-04-01T01:24:10.254 INFO:teuthology.orchestra.run.smithi079.stdout:/usr/bin/ceph: stderr
2024-04-01T01:24:09.442+0000 7ff51a580700 1 -- start start
2024-04-01T01:24:10.254 INFO:teuthology.orchestra.run.smithi079.stdout:/usr/bin/ceph: stderr
2024-04-01T01:24:09.443+0000 7ff51a580700 1 --2- >> [v2:172.21.15.79:3300/0,v1:172.21.15.79:6789/0] conn(0x7ff514105930 0x7ff514105d50 unknown :-1 s=NONE pgs=0 cs=0 l=0 rev1=0 crypto rx=0 tx=0 comp rx=0 tx=0).connect
2024-04-01T01:24:10.254 INFO:teuthology.orchestra.run.smithi079.stdout:/usr/bin/ceph: stderr
2024-04-01T01:24:09.443+0000 7ff51a580700 1 -- --> [v2:172.21.15.79:3300/0,v1:172.21.15.79:6789/0] -- mon_getmap magic: 0 v1 -- 0x7ff514106320 con 0x7ff514105930
2024-04-01T01:24:10.254 INFO:teuthology.orchestra.run.smithi079.stdout:/usr/bin/ceph: stderr
2024-04-01T01:24:09.443+0000 7ff513fff700 1 --2- >> [v2:172.21.15.79:3300/0,v1:172.21.15.79:6789/0] conn(0x7ff514105930 0x7ff514105d50 unknown :-1 s=BANNER_CONNECTING pgs=0 cs=0 l=0 rev1=0 crypto rx=0 tx=0 comp rx=0 tx=0)._handle_peer_banner_payload supported=3 required=0
2024-04-01T01:24:10.254 INFO:teuthology.orchestra.run.smithi079.stdout:/usr/bin/ceph: stderr
2024-04-01T01:24:09.443+0000 7ff513fff700 1 --2- >> [v2:172.21.15.79:3300/0,v1:172.21.15.79:6789/0] conn(0x7ff514105930 0x7ff514105d50 unknown :-1 s=HELLO_CONNECTING pgs=0 cs=0 l=0 rev1=1 crypto rx=0 tx=0 comp rx=0 tx=0).handle_hello peer v2:172.21.15.79:3300/0 says I am v2:172.21.15.79:49714/0 (socket says 172.21.15.79:49714)
2024-04-01T01:24:10.254 INFO:teuthology.orchestra.run.smithi079.stdout:/usr/bin/ceph: stderr
2024-04-01T01:24:09.443+0000 7ff513fff700 1 -- 172.21.15.79:0/4185514739 learned_addr learned my addr 172.21.15.79:0/4185514739 (peer_addr_for_me v2:172.21.15.79:0/0)
2024-04-01T01:24:10.254 INFO:teuthology.orchestra.run.smithi079.stdout:/usr/bin/ceph: stderr
2024-04-01T01:24:09.443+0000 7ff513fff700 1 -- 172.21.15.79:0/4185514739 --> [v2:172.21.15.79:3300/0,v1:172.21.15.79:6789/0] -- mon_subscribe({config=0+,monmap=0+}) v3 -- 0x7ff514106650 con 0x7ff514105930
2024-04-01T01:24:10.254 INFO:teuthology.orchestra.run.smithi079.stdout:/usr/bin/ceph: stderr
2024-04-01T01:24:09.443+0000 7ff513fff700 1 --2- 172.21.15.79:0/4185514739 >> [v2:172.21.15.79:3300/0,v1:172.21.15.79:6789/0] conn(0x7ff514105930 0x7ff514105d50 secure :-1 s=READY pgs=90 cs=0 l=1 rev1=1 crypto rx=0x7ff50400bb40 tx=0x7ff50400be50 comp rx=0 tx=0).ready entity=mon.0 client_cookie=63fd084ee26640ff server_cookie=0 in_seq=0 out_seq=0
2024-04-01T01:24:10.254 INFO:teuthology.orchestra.run.smithi079.stdout:/usr/bin/ceph: stderr
2024-04-01T01:24:09.443+0000 7ff512ffd700 1 -- 172.21.15.79:0/4185514739 <== mon.0 v2:172.21.15.79:3300/0 1 ==== mon_map magic: 0 v1 ==== 229+0+0 (secure 0 0 0) 0x7ff50400dc00 con 0x7ff514105930
2024-04-01T01:24:10.254 INFO:teuthology.orchestra.run.smithi079.stdout:/usr/bin/ceph: stderr
2024-04-01T01:24:09.443+0000 7ff512ffd700 1 -- 172.21.15.79:0/4185514739 <== mon.0 v2:172.21.15.79:3300/0 2 ==== config(27 keys) v1 ==== 1101+0+0 (secure 0 0 0) 0x7ff5040044e0 con 0x7ff514105930
2024-04-01T01:24:10.255 INFO:teuthology.orchestra.run.smithi079.stdout:/usr/bin/ceph: stderr
2024-04-01T01:24:09.443+0000 7ff512ffd700 1 -- 172.21.15.79:0/4185514739 <== mon.0 v2:172.21.15.79:3300/0 3 ==== mon_map magic: 0 v1 ==== 229+0+0 (secure 0 0 0) 0x7ff504010470 con 0x7ff514105930
2024-04-01T01:24:10.255 INFO:teuthology.orchestra.run.smithi079.stdout:/usr/bin/ceph: stderr
2024-04-01T01:24:09.444+0000 7ff51a580700 1 -- 172.21.15.79:0/4185514739 >> [v2:172.21.15.79:3300/0,v1:172.21.15.79:6789/0] conn(0x7ff514105930 msgr2=0x7ff514105d50 secure :-1 s=STATE_CONNECTION_ESTABLISHED l=1).mark_down
2024-04-01T01:24:10.255 INFO:teuthology.orchestra.run.smithi079.stdout:/usr/bin/ceph: stderr
2024-04-01T01:24:09.444+0000 7ff51a580700 1 --2- 172.21.15.79:0/4185514739 >> [v2:172.21.15.79:3300/0,v1:172.21.15.79:6789/0] conn(0x7ff514105930 0x7ff514105d50 secure :-1 s=READY pgs=90 cs=0 l=1 rev1=1 crypto rx=0x7ff50400bb40 tx=0x7ff50400be50 comp rx=0 tx=0).stop
2024-04-01T01:24:10.255 INFO:teuthology.orchestra.run.smithi079.stdout:/usr/bin/ceph: stderr
2024-04-01T01:24:09.444+0000 7ff51a580700 1 -- 172.21.15.79:0/4185514739 shutdown_connections
2024-04-01T01:24:10.255 INFO:teuthology.orchestra.run.smithi079.stdout:/usr/bin/ceph: stderr
2024-04-01T01:24:09.444+0000 7ff51a580700 1 --2- 172.21.15.79:0/4185514739 >> [v2:172.21.15.79:3300/0,v1:172.21.15.79:6789/0] conn(0x7ff514105930 0x7ff514105d50 unknown :-1 s=CLOSED pgs=90 cs=0 l=1 rev1=1 crypto rx=0 tx=0 comp rx=0 tx=0).stop
2024-04-01T01:24:10.255 INFO:teuthology.orchestra.run.smithi079.stdout:/usr/bin/ceph: stderr
2024-04-01T01:24:09.444+0000 7ff51a580700 1 -- 172.21.15.79:0/4185514739 >> 172.21.15.79:0/4185514739 conn(0x7ff514100110 msgr2=0x7ff514102590 unknown :-1 s=STATE_NONE l=0).mark_down
2024-04-01T01:24:10.255 INFO:teuthology.orchestra.run.smithi079.stdout:/usr/bin/ceph: stderr
2024-04-01T01:24:09.444+0000 7ff51a580700 1 -- 172.21.15.79:0/4185514739 shutdown_connections
2024-04-01T01:24:10.255 INFO:teuthology.orchestra.run.smithi079.stdout:/usr/bin/ceph: stderr
2024-04-01T01:24:09.444+0000 7ff51a580700 1 -- 172.21.15.79:0/4185514739 wait complete.
2024-04-01T01:24:10.255 INFO:teuthology.orchestra.run.smithi079.stdout:/usr/bin/ceph: stderr
2024-04-01T01:24:09.444+0000 7ff51a580700 1 Processor -- start
2024-04-01T01:24:10.255 INFO:teuthology.orchestra.run.smithi079.stdout:/usr/bin/ceph: stderr
2024-04-01T01:24:09.444+0000 7ff51a580700 1 -- start start
2024-04-01T01:24:10.255 INFO:teuthology.orchestra.run.smithi079.stdout:/usr/bin/ceph: stderr
2024-04-01T01:24:09.445+0000 7ff51a580700 1 --2- >> [v2:172.21.15.79:3300/0,v1:172.21.15.79:6789/0] conn(0x7ff514105930 0x7ff514198020 unknown :-1 s=NONE pgs=0 cs=0 l=1 rev1=0 crypto rx=0 tx=0 comp rx=0 tx=0).connect
2024-04-01T01:24:10.255 INFO:teuthology.orchestra.run.smithi079.stdout:/usr/bin/ceph: stderr
2024-04-01T01:24:09.445+0000 7ff51a580700 1 -- --> [v2:172.21.15.79:3300/0,v1:172.21.15.79:6789/0] -- mon_getmap magic: 0 v1 -- 0x7ff514198560 con 0x7ff514105930
2024-04-01T01:24:10.255 INFO:teuthology.orchestra.run.smithi079.stdout:/usr/bin/ceph: stderr
2024-04-01T01:24:09.445+0000 7ff513fff700 1 --2- >> [v2:172.21.15.79:3300/0,v1:172.21.15.79:6789/0] conn(0x7ff514105930 0x7ff514198020 unknown :-1 s=BANNER_CONNECTING pgs=0 cs=0 l=1 rev1=0 crypto rx=0 tx=0 comp rx=0 tx=0)._handle_peer_banner_payload supported=3 required=0
2024-04-01T01:24:10.255 INFO:teuthology.orchestra.run.smithi079.stdout:/usr/bin/ceph: stderr
2024-04-01T01:24:09.445+0000 7ff513fff700 1 --2- >> [v2:172.21.15.79:3300/0,v1:172.21.15.79:6789/0] conn(0x7ff514105930 0x7ff514198020 unknown :-1 s=HELLO_CONNECTING pgs=0 cs=0 l=1 rev1=1 crypto rx=0 tx=0 comp rx=0 tx=0).handle_hello peer v2:172.21.15.79:3300/0 says I am v2:172.21.15.79:49730/0 (socket says 172.21.15.79:49730)
2024-04-01T01:24:10.256 INFO:teuthology.orchestra.run.smithi079.stdout:/usr/bin/ceph: stderr
2024-04-01T01:24:09.445+0000 7ff513fff700 1 -- 172.21.15.79:0/2247652548 learned_addr learned my addr 172.21.15.79:0/2247652548 (peer_addr_for_me v2:172.21.15.79:0/0)
2024-04-01T01:24:10.256 INFO:teuthology.orchestra.run.smithi079.stdout:/usr/bin/ceph: stderr
2024-04-01T01:24:09.445+0000 7ff513fff700 1 -- 172.21.15.79:0/2247652548 --> [v2:172.21.15.79:3300/0,v1:172.21.15.79:6789/0] -- mon_subscribe({config=0+,monmap=0+}) v3 -- 0x7ff50400b7f0 con 0x7ff514105930
2024-04-01T01:24:10.256 INFO:teuthology.orchestra.run.smithi079.stdout:/usr/bin/ceph: stderr
2024-04-01T01:24:09.445+0000 7ff513fff700 1 --2- 172.21.15.79:0/2247652548 >> [v2:172.21.15.79:3300/0,v1:172.21.15.79:6789/0] conn(0x7ff514105930 0x7ff514198020 secure :-1 s=READY pgs=91 cs=0 l=1 rev1=1 crypto rx=0x7ff504003ba0 tx=0x7ff504004070 comp rx=0 tx=0).ready entity=mon.0 client_cookie=0 server_cookie=0 in_seq=0 out_seq=0
2024-04-01T01:24:10.256 INFO:teuthology.orchestra.run.smithi079.stdout:/usr/bin/ceph: stderr
2024-04-01T01:24:09.445+0000 7ff5117fa700 1 -- 172.21.15.79:0/2247652548 <== mon.0 v2:172.21.15.79:3300/0 1 ==== mon_map magic: 0 v1 ==== 229+0+0 (secure 0 0 0) 0x7ff50401e070 con 0x7ff514105930
2024-04-01T01:24:10.256 INFO:teuthology.orchestra.run.smithi079.stdout:/usr/bin/ceph: stderr
2024-04-01T01:24:09.445+0000 7ff5117fa700 1 -- 172.21.15.79:0/2247652548 <== mon.0 v2:172.21.15.79:3300/0 2 ==== config(27 keys) v1 ==== 1101+0+0 (secure 0 0 0) 0x7ff50400de20 con 0x7ff514105930
2024-04-01T01:24:10.256 INFO:teuthology.orchestra.run.smithi079.stdout:/usr/bin/ceph: stderr
2024-04-01T01:24:09.445+0000 7ff51a580700 1 -- 172.21.15.79:0/2247652548 --> [v2:172.21.15.79:3300/0,v1:172.21.15.79:6789/0] -- mon_subscribe({mgrmap=0+}) v3 -- 0x7ff514198760 con 0x7ff514105930
2024-04-01T01:24:10.256 INFO:teuthology.orchestra.run.smithi079.stdout:/usr/bin/ceph: stderr
2024-04-01T01:24:09.445+0000 7ff5117fa700 1 -- 172.21.15.79:0/2247652548 <== mon.0 v2:172.21.15.79:3300/0 3 ==== mon_map magic: 0 v1 ==== 229+0+0 (secure 0 0 0) 0x7ff504022940 con 0x7ff514105930
2024-04-01T01:24:10.256 INFO:teuthology.orchestra.run.smithi079.stdout:/usr/bin/ceph: stderr
2024-04-01T01:24:09.446+0000 7ff51a580700 1 -- 172.21.15.79:0/2247652548 --> [v2:172.21.15.79:3300/0,v1:172.21.15.79:6789/0] -- mon_subscribe({osdmap=0}) v3 -- 0x7ff514198c00 con 0x7ff514105930
2024-04-01T01:24:10.256 INFO:teuthology.orchestra.run.smithi079.stdout:/usr/bin/ceph: stderr
2024-04-01T01:24:09.446+0000 7ff5117fa700 1 -- 172.21.15.79:0/2247652548 <== mon.0 v2:172.21.15.79:3300/0 4 ==== mgrmap(e 13) v1 ==== 45339+0+0 (secure 0 0 0) 0x7ff50402c440 con 0x7ff514105930
2024-04-01T01:24:10.256 INFO:teuthology.orchestra.run.smithi079.stdout:/usr/bin/ceph: stderr
2024-04-01T01:24:09.446+0000 7ff51a580700 1 -- 172.21.15.79:0/2247652548 --> [v2:172.21.15.79:3300/0,v1:172.21.15.79:6789/0] -- mon_command({"prefix": "get_command_descriptions"} v 0) v1 -- 0x7ff514191ce0 con 0x7ff514105930
2024-04-01T01:24:10.256 INFO:teuthology.orchestra.run.smithi079.stdout:/usr/bin/ceph: stderr
2024-04-01T01:24:09.446+0000 7ff5117fa700 1 --2- 172.21.15.79:0/2247652548 >> [v2:172.21.15.79:6800/3255792781,v1:172.21.15.79:6801/3255792781] conn(0x7ff500038410 0x7ff50003a8d0 unknown :-1 s=NONE pgs=0 cs=0 l=1 rev1=0 crypto rx=0 tx=0 comp rx=0 tx=0).connect
2024-04-01T01:24:10.256 INFO:teuthology.orchestra.run.smithi079.stdout:/usr/bin/ceph: stderr
2024-04-01T01:24:09.446+0000 7ff5117fa700 1 -- 172.21.15.79:0/2247652548 <== mon.0 v2:172.21.15.79:3300/0 5 ==== osd_map(3..3 src has 1..3) v4 ==== 1155+0+0 (secure 0 0 0) 0x7ff50404e8a0 con 0x7ff514105930
2024-04-01T01:24:10.256 INFO:teuthology.orchestra.run.smithi079.stdout:/usr/bin/ceph: stderr
2024-04-01T01:24:09.447+0000 7ff5137fe700 1 --2- 172.21.15.79:0/2247652548 >> [v2:172.21.15.79:6800/3255792781,v1:172.21.15.79:6801/3255792781] conn(0x7ff500038410 0x7ff50003a8d0 unknown :-1 s=BANNER_CONNECTING pgs=0 cs=0 l=1 rev1=0 crypto rx=0 tx=0 comp rx=0 tx=0)._handle_peer_banner_payload supported=3 required=0
2024-04-01T01:24:10.256 INFO:teuthology.orchestra.run.smithi079.stdout:/usr/bin/ceph: stderr
2024-04-01T01:24:09.447+0000 7ff5137fe700 1 --2- 172.21.15.79:0/2247652548 >> [v2:172.21.15.79:6800/3255792781,v1:172.21.15.79:6801/3255792781] conn(0x7ff500038410 0x7ff50003a8d0 secure :-1 s=READY pgs=11 cs=0 l=1 rev1=1 crypto rx=0x7ff4fc006fd0 tx=0x7ff4fc006e40 comp rx=0 tx=0).ready entity=mgr.14164 client_cookie=0 server_cookie=0 in_seq=0 out_seq=0
2024-04-01T01:24:10.257 INFO:teuthology.orchestra.run.smithi079.stdout:/usr/bin/ceph: stderr
2024-04-01T01:24:09.451+0000 7ff5117fa700 1 -- 172.21.15.79:0/2247652548 <== mon.0 v2:172.21.15.79:3300/0 6 ==== mon_command_ack([{"prefix": "get_command_descriptions"}]=0 v0) v1 ==== 72+0+180422 (secure 0 0 0) 0x7ff50402a950 con 0x7ff514105930
2024-04-01T01:24:10.257 INFO:teuthology.orchestra.run.smithi079.stdout:/usr/bin/ceph: stderr
2024-04-01T01:24:09.742+0000 7ff51a580700 1 -- 172.21.15.79:0/2247652548 --> [v2:172.21.15.79:3300/0,v1:172.21.15.79:6789/0] -- mon_command([{prefix=config-key set, key=mgr/dashboard/cluster/status}] v 0) v1 -- 0x7ff51402d090 con 0x7ff514105930
2024-04-01T01:24:10.257 INFO:teuthology.orchestra.run.smithi079.stdout:/usr/bin/ceph: stderr
2024-04-01T01:24:09.745+0000 7ff5117fa700 1 -- 172.21.15.79:0/2247652548 <== mon.0 v2:172.21.15.79:3300/0 7 ==== mon_command_ack([{prefix=config-key set, key=mgr/dashboard/cluster/status}]=0 set mgr/dashboard/cluster/status v34)=0 set mgr/dashboard/cluster/status v34) v1 ==== 153+0+0 (secure 0 0 0) 0x7ff504027030 con 0x7ff514105930
2024-04-01T01:24:10.257 INFO:teuthology.orchestra.run.smithi079.stdout:/usr/bin/ceph: stderr
2024-04-01T01:24:09.747+0000 7ff51a580700 1 -- 172.21.15.79:0/2247652548 >> [v2:172.21.15.79:6800/3255792781,v1:172.21.15.79:6801/3255792781] conn(0x7ff500038410 msgr2=0x7ff50003a8d0 secure :-1 s=STATE_CONNECTION_ESTABLISHED l=1).mark_down
2024-04-01T01:24:10.257 INFO:teuthology.orchestra.run.smithi079.stdout:/usr/bin/ceph: stderr
2024-04-01T01:24:09.747+0000 7ff51a580700 1 --2- 172.21.15.79:0/2247652548 >> [v2:172.21.15.79:6800/3255792781,v1:172.21.15.79:6801/3255792781] conn(0x7ff500038410 0x7ff50003a8d0 secure :-1 s=READY pgs=11 cs=0 l=1 rev1=1 crypto rx=0x7ff4fc006fd0 tx=0x7ff4fc006e40 comp rx=0 tx=0).stop
2024-04-01T01:24:10.257 INFO:teuthology.orchestra.run.smithi079.stdout:/usr/bin/ceph: stderr
2024-04-01T01:24:09.747+0000 7ff51a580700 1 -- 172.21.15.79:0/2247652548 >> [v2:172.21.15.79:3300/0,v1:172.21.15.79:6789/0] conn(0x7ff514105930 msgr2=0x7ff514198020 secure :-1 s=STATE_CONNECTION_ESTABLISHED l=1).mark_down
2024-04-01T01:24:10.257 INFO:teuthology.orchestra.run.smithi079.stdout:/usr/bin/ceph: stderr
2024-04-01T01:24:09.747+0000 7ff51a580700 1 --2- 172.21.15.79:0/2247652548 >> [v2:172.21.15.79:3300/0,v1:172.21.15.79:6789/0] conn(0x7ff514105930 0x7ff514198020 secure :-1 s=READY pgs=91 cs=0 l=1 rev1=1 crypto rx=0x7ff504003ba0 tx=0x7ff504004070 comp rx=0 tx=0).stop
2024-04-01T01:24:10.257 INFO:teuthology.orchestra.run.smithi079.stdout:/usr/bin/ceph: stderr
2024-04-01T01:24:09.747+0000 7ff51a580700 1 -- 172.21.15.79:0/2247652548 shutdown_connections
2024-04-01T01:24:10.257 INFO:teuthology.orchestra.run.smithi079.stdout:/usr/bin/ceph: stderr
2024-04-01T01:24:09.747+0000 7ff51a580700 1 --2- 172.21.15.79:0/2247652548 >> [v2:172.21.15.79:6800/3255792781,v1:172.21.15.79:6801/3255792781] conn(0x7ff500038410 0x7ff50003a8d0 unknown :-1 s=CLOSED pgs=11 cs=0 l=1 rev1=1 crypto rx=0 tx=0 comp rx=0 tx=0).stop
2024-04-01T01:24:10.257 INFO:teuthology.orchestra.run.smithi079.stdout:/usr/bin/ceph: stderr
2024-04-01T01:24:09.747+0000 7ff51a580700 1 --2- 172.21.15.79:0/2247652548 >> [v2:172.21.15.79:3300/0,v1:172.21.15.79:6789/0] conn(0x7ff514105930 0x7ff514198020 unknown :-1 s=CLOSED pgs=91 cs=0 l=1 rev1=1 crypto rx=0 tx=0 comp rx=0 tx=0).stop
2024-04-01T01:24:10.257 INFO:teuthology.orchestra.run.smithi079.stdout:/usr/bin/ceph: stderr
2024-04-01T01:24:09.747+0000 7ff51a580700 1 -- 172.21.15.79:0/2247652548 >> 172.21.15.79:0/2247652548 conn(0x7ff514100110 msgr2=0x7ff51418ee20 unknown :-1 s=STATE_NONE l=0).mark_down
2024-04-01T01:24:10.257 INFO:teuthology.orchestra.run.smithi079.stdout:/usr/bin/ceph: stderr
2024-04-01T01:24:09.747+0000 7ff51a580700 1 -- 172.21.15.79:0/2247652548 shutdown_connections
2024-04-01T01:24:10.257 INFO:teuthology.orchestra.run.smithi079.stdout:/usr/bin/ceph: stderr
2024-04-01T01:24:09.747+0000 7ff51a580700 1 -- 172.21.15.79:0/2247652548 wait complete.
2024-04-01T01:24:10.257 INFO:teuthology.orchestra.run.smithi079.stdout:/usr/bin/ceph: stderr set mgr/dashboard/cluster/status
2024-04-01T01:24:10.257 INFO:teuthology.orchestra.run.smithi079.stdout:You can access the Ceph CLI as following in case of multi-cluster or non-default config:
2024-04-01T01:24:10.258 INFO:teuthology.orchestra.run.smithi079.stdout:
2024-04-01T01:24:10.258 INFO:teuthology.orchestra.run.smithi079.stdout: sudo /home/ubuntu/cephtest/cephadm shell --fsid 46d085da-efc6-11ee-b647-cb9ed24678a4 -c /etc/ceph/ceph.conf -k /etc/ceph/ceph.client.admin.keyring
