2024-04-01T01:23:43.942+0000 7f094ffff700 1 --2- 172.21.15.79:0/288835723 >> [v2:172.21.15.79:3300/0,v1:172.21.15.79:6789/0] conn(0x7f0950106a30 0x7f0950199130 secure :-1 s=READY pgs=54 cs=0 l=1 rev1=1 crypto rx=0x7f0940011670 tx=0x7f0940011c90 comp rx=0 tx=0).ready entity=mon.0 client_cookie=0 server_cookie=0 in_seq=0 out_seq=0
2024-04-01T01:23:44.748 INFO:teuthology.orchestra.run.smithi079.stdout:/usr/bin/ceph: stderr
2024-04-01T01:23:43.942+0000 7f094d7fa700 1 -- 172.21.15.79:0/288835723 <== mon.0 v2:172.21.15.79:3300/0 1 ==== mon_map magic: 0 v1 ==== 229+0+0 (secure 0 0 0) 0x7f0940003c30 con 0x7f0950106a30
2024-04-01T01:23:44.748 INFO:teuthology.orchestra.run.smithi079.stdout:/usr/bin/ceph: stderr
2024-04-01T01:23:43.942+0000 7f095646a700 1 -- 172.21.15.79:0/288835723 --> [v2:172.21.15.79:3300/0,v1:172.21.15.79:6789/0] -- mon_subscribe({mgrmap=0+}) v3 -- 0x7f0950199870 con 0x7f0950106a30
2024-04-01T01:23:44.748 INFO:teuthology.orchestra.run.smithi079.stdout:/usr/bin/ceph: stderr
2024-04-01T01:23:43.942+0000 7f094d7fa700 1 -- 172.21.15.79:0/288835723 <== mon.0 v2:172.21.15.79:3300/0 2 ==== config(27 keys) v1 ==== 1101+0+0 (secure 0 0 0) 0x7f0940025920 con 0x7f0950106a30
2024-04-01T01:23:44.748 INFO:teuthology.orchestra.run.smithi079.stdout:/usr/bin/ceph: stderr
2024-04-01T01:23:43.942+0000 7f094d7fa700 1 -- 172.21.15.79:0/288835723 <== mon.0 v2:172.21.15.79:3300/0 3 ==== mon_map magic: 0 v1 ==== 229+0+0 (secure 0 0 0) 0x7f094001baf0 con 0x7f0950106a30
2024-04-01T01:23:44.748 INFO:teuthology.orchestra.run.smithi079.stdout:/usr/bin/ceph: stderr
2024-04-01T01:23:43.942+0000 7f095646a700 1 -- 172.21.15.79:0/288835723 --> [v2:172.21.15.79:3300/0,v1:172.21.15.79:6789/0] -- mon_subscribe({osdmap=0}) v3 -- 0x7f0950199d10 con 0x7f0950106a30
2024-04-01T01:23:44.748 INFO:teuthology.orchestra.run.smithi079.stdout:/usr/bin/ceph: stderr
2024-04-01T01:23:43.943+0000 7f094d7fa700 1 -- 172.21.15.79:0/288835723 <== mon.0 v2:172.21.15.79:3300/0 4 ==== mgrmap(e 8) v1 ==== 45283+0+0 (secure 0 0 0) 0x7f0940022070 con 0x7f0950106a30
2024-04-01T01:23:44.748 INFO:teuthology.orchestra.run.smithi079.stdout:/usr/bin/ceph: stderr
2024-04-01T01:23:43.943+0000 7f094d7fa700 1 --2- 172.21.15.79:0/288835723 >> [v2:172.21.15.79:6800/2958638702,v1:172.21.15.79:6801/2958638702] conn(0x7f0938038320 0x7f093803a7e0 unknown :-1 s=NONE pgs=0 cs=0 l=1 rev1=0 crypto rx=0 tx=0 comp rx=0 tx=0).connect
2024-04-01T01:23:44.748 INFO:teuthology.orchestra.run.smithi079.stdout:/usr/bin/ceph: stderr
2024-04-01T01:23:43.943+0000 7f094d7fa700 1 -- 172.21.15.79:0/288835723 <== mon.0 v2:172.21.15.79:3300/0 5 ==== osd_map(2..2 src has 1..2) v4 ==== 940+0+0 (secure 0 0 0) 0x7f094004ea60 con 0x7f0950106a30
2024-04-01T01:23:44.748 INFO:teuthology.orchestra.run.smithi079.stdout:/usr/bin/ceph: stderr
2024-04-01T01:23:43.943+0000 7f094f7fe700 1 --2- 172.21.15.79:0/288835723 >> [v2:172.21.15.79:6800/2958638702,v1:172.21.15.79:6801/2958638702] conn(0x7f0938038320 0x7f093803a7e0 unknown :-1 s=BANNER_CONNECTING pgs=0 cs=0 l=1 rev1=0 crypto rx=0 tx=0 comp rx=0 tx=0)._handle_peer_banner_payload supported=3 required=0
2024-04-01T01:23:44.748 INFO:teuthology.orchestra.run.smithi079.stdout:/usr/bin/ceph: stderr
2024-04-01T01:23:43.943+0000 7f095646a700 1 -- 172.21.15.79:0/288835723 --> [v2:172.21.15.79:3300/0,v1:172.21.15.79:6789/0] -- mon_command({"prefix": "get_command_descriptions"} v 0) v1 -- 0x7f09500623c0 con 0x7f0950106a30
2024-04-01T01:23:44.748 INFO:teuthology.orchestra.run.smithi079.stdout:/usr/bin/ceph: stderr
2024-04-01T01:23:43.943+0000 7f094f7fe700 1 --2- 172.21.15.79:0/288835723 >> [v2:172.21.15.79:6800/2958638702,v1:172.21.15.79:6801/2958638702] conn(0x7f0938038320 0x7f093803a7e0 secure :-1 s=READY pgs=15 cs=0 l=1 rev1=1 crypto rx=0x7f0944006fd0 tx=0x7f0944006e40 comp rx=0 tx=0).ready entity=mgr.14120 client_cookie=0 server_cookie=0 in_seq=0 out_seq=0
2024-04-01T01:23:44.748 INFO:teuthology.orchestra.run.smithi079.stdout:/usr/bin/ceph: stderr
2024-04-01T01:23:43.948+0000 7f094d7fa700 1 -- 172.21.15.79:0/288835723 <== mon.0 v2:172.21.15.79:3300/0 6 ==== mon_command_ack([{"prefix": "get_command_descriptions"}]=0 v0) v1 ==== 72+0+180422 (secure 0 0 0) 0x7f094001bdd0 con 0x7f0950106a30
2024-04-01T01:23:44.748 INFO:teuthology.orchestra.run.smithi079.stdout:/usr/bin/ceph: stderr
2024-04-01T01:23:44.161+0000 7f095646a700 1 -- 172.21.15.79:0/288835723 --> [v2:172.21.15.79:6800/2958638702,v1:172.21.15.79:6801/2958638702] -- mgr_command(tid 0: {"prefix": "orch apply", "service_type": "ceph-exporter", "target": ["mon-mgr", ""]}) v1 -- 0x7f09501024a0 con 0x7f0938038320
2024-04-01T01:23:44.749 INFO:teuthology.orchestra.run.smithi079.stdout:/usr/bin/ceph: stderr
2024-04-01T01:23:44.167+0000 7f094d7fa700 1 -- 172.21.15.79:0/288835723 <== mgr.14120 v2:172.21.15.79:6800/2958638702 1 ==== mgr_command_reply(tid 0: 0 ) v1 ==== 8+0+34 (secure 0 0 0) 0x7f09501024a0 con 0x7f0938038320
2024-04-01T01:23:44.749 INFO:teuthology.orchestra.run.smithi079.stdout:/usr/bin/ceph: stderr
2024-04-01T01:23:44.169+0000 7f095646a700 1 -- 172.21.15.79:0/288835723 >> [v2:172.21.15.79:6800/2958638702,v1:172.21.15.79:6801/2958638702] conn(0x7f0938038320 msgr2=0x7f093803a7e0 secure :-1 s=STATE_CONNECTION_ESTABLISHED l=1).mark_down
2024-04-01T01:23:44.749 INFO:teuthology.orchestra.run.smithi079.stdout:/usr/bin/ceph: stderr
2024-04-01T01:23:44.169+0000 7f095646a700 1 --2- 172.21.15.79:0/288835723 >> [v2:172.21.15.79:6800/2958638702,v1:172.21.15.79:6801/2958638702] conn(0x7f0938038320 0x7f093803a7e0 secure :-1 s=READY pgs=15 cs=0 l=1 rev1=1 crypto rx=0x7f0944006fd0 tx=0x7f0944006e40 comp rx=0 tx=0).stop
2024-04-01T01:23:44.749 INFO:teuthology.orchestra.run.smithi079.stdout:/usr/bin/ceph: stderr
2024-04-01T01:23:44.169+0000 7f095646a700 1 -- 172.21.15.79:0/288835723 >> [v2:172.21.15.79:3300/0,v1:172.21.15.79:6789/0] conn(0x7f0950106a30 msgr2=0x7f0950199130 secure :-1 s=STATE_CONNECTION_ESTABLISHED l=1).mark_down
2024-04-01T01:23:44.749 INFO:teuthology.orchestra.run.smithi079.stdout:/usr/bin/ceph: stderr
2024-04-01T01:23:44.169+0000 7f095646a700 1 --2- 172.21.15.79:0/288835723 >> [v2:172.21.15.79:3300/0,v1:172.21.15.79:6789/0] conn(0x7f0950106a30 0x7f0950199130 secure :-1 s=READY pgs=54 cs=0 l=1 rev1=1 crypto rx=0x7f0940011670 tx=0x7f0940011c90 comp rx=0 tx=0).stop
2024-04-01T01:23:44.749 INFO:teuthology.orchestra.run.smithi079.stdout:/usr/bin/ceph: stderr
2024-04-01T01:23:44.169+0000 7f095646a700 1 -- 172.21.15.79:0/288835723 shutdown_connections
2024-04-01T01:23:44.749 INFO:teuthology.orchestra.run.smithi079.stdout:/usr/bin/ceph: stderr
2024-04-01T01:23:44.169+0000 7f095646a700 1 --2- 172.21.15.79:0/288835723 >> [v2:172.21.15.79:6800/2958638702,v1:172.21.15.79:6801/2958638702] conn(0x7f0938038320 0x7f093803a7e0 unknown :-1 s=CLOSED pgs=15 cs=0 l=1 rev1=1 crypto rx=0 tx=0 comp rx=0 tx=0).stop
2024-04-01T01:23:44.749 INFO:teuthology.orchestra.run.smithi079.stdout:/usr/bin/ceph: stderr
2024-04-01T01:23:44.169+0000 7f095646a700 1 --2- 172.21.15.79:0/288835723 >> [v2:172.21.15.79:3300/0,v1:172.21.15.79:6789/0] conn(0x7f0950106a30 0x7f0950199130 unknown :-1 s=CLOSED pgs=54 cs=0 l=1 rev1=1 crypto rx=0 tx=0 comp rx=0 tx=0).stop
2024-04-01T01:23:44.749 INFO:teuthology.orchestra.run.smithi079.stdout:/usr/bin/ceph: stderr
2024-04-01T01:23:44.169+0000 7f095646a700 1 -- 172.21.15.79:0/288835723 >> 172.21.15.79:0/288835723 conn(0x7f0950100190 msgr2=0x7f0950101880 unknown :-1 s=STATE_NONE l=0).mark_down
2024-04-01T01:23:44.749 INFO:teuthology.orchestra.run.smithi079.stdout:/usr/bin/ceph: stderr
2024-04-01T01:23:44.169+0000 7f095646a700 1 -- 172.21.15.79:0/288835723 shutdown_connections
2024-04-01T01:23:44.749 INFO:teuthology.orchestra.run.smithi079.stdout:/usr/bin/ceph: stderr
2024-04-01T01:23:44.169+0000 7f095646a700 1 -- 172.21.15.79:0/288835723 wait complete.
2024-04-01T01:23:44.749 INFO:teuthology.orchestra.run.smithi079.stdout:Deploying prometheus service with default placement...
2024-04-01T01:23:45.373 INFO:journalctl@ceph.mon.smithi079.smithi079.stdout:Apr 01 01:23:45 smithi079 ceph-mon[29314]: from='mgr.14120 172.21.15.79:0/912645897' entity='mgr.smithi079.rzapin'
2024-04-01T01:23:45.373 INFO:journalctl@ceph.mon.smithi079.smithi079.stdout:Apr 01 01:23:45 smithi079 ceph-mon[29314]: from='client.14148 -' entity='client.admin' cmd=[{"prefix": "orch apply", "service_type": "ceph-exporter", "target": ["mon-mgr", ""]}]: dispatch
2024-04-01T01:23:45.373 INFO:journalctl@ceph.mon.smithi079.smithi079.stdout:Apr 01 01:23:45 smithi079 ceph-mon[29314]: Saving service ceph-exporter spec with placement *
2024-04-01T01:23:45.374 INFO:journalctl@ceph.mon.smithi079.smithi079.stdout:Apr 01 01:23:45 smithi079 ceph-mon[29314]: from='mgr.14120 172.21.15.79:0/912645897' entity='mgr.smithi079.rzapin'
2024-04-01T01:23:46.472 INFO:teuthology.orchestra.run.smithi079.stdout:/usr/bin/ceph: stdout Scheduled prometheus update...
2024-04-01T01:23:46.472 INFO:teuthology.orchestra.run.smithi079.stdout:/usr/bin/ceph: stderr
2024-04-01T01:23:45.149+0000 7eff09302700 1 Processor -- start
2024-04-01T01:23:46.472 INFO:teuthology.orchestra.run.smithi079.stdout:/usr/bin/ceph: stderr
2024-04-01T01:23:45.149+0000 7eff09302700 1 -- start start
2024-04-01T01:23:46.472 INFO:teuthology.orchestra.run.smithi079.stdout:/usr/bin/ceph: stderr
2024-04-01T01:23:45.150+0000 7eff09302700 1 --2- >> [v2:172.21.15.79:3300/0,v1:172.21.15.79:6789/0] conn(0x7eff04106560 0x7eff04106980 unknown :-1 s=NONE pgs=0 cs=0 l=0 rev1=0 crypto rx=0 tx=0 comp rx=0 tx=0).connect
2024-04-01T01:23:46.472 INFO:teuthology.orchestra.run.smithi079.stdout:/usr/bin/ceph: stderr
2024-04-01T01:23:45.150+0000 7eff09302700 1 -- --> [v2:172.21.15.79:3300/0,v1:172.21.15.79:6789/0] -- mon_getmap magic: 0 v1 -- 0x7eff04106f50 con 0x7eff04106560
2024-04-01T01:23:46.473 INFO:teuthology.orchestra.run.smithi079.stdout:/usr/bin/ceph: stderr
2024-04-01T01:23:45.150+0000 7eff02ffd700 1 --2- >> [v2:172.21.15.79:3300/0,v1:172.21.15.79:6789/0] conn(0x7eff04106560 0x7eff04106980 unknown :-1 s=BANNER_CONNECTING pgs=0 cs=0 l=0 rev1=0 crypto rx=0 tx=0 comp rx=0 tx=0)._handle_peer_banner_payload supported=3 required=0
2024-04-01T01:23:46.473 INFO:teuthology.orchestra.run.smithi079.stdout:/usr/bin/ceph: stderr
2024-04-01T01:23:45.150+0000 7eff02ffd700 1 --2- >> [v2:172.21.15.79:3300/0,v1:172.21.15.79:6789/0] conn(0x7eff04106560 0x7eff04106980 unknown :-1 s=HELLO_CONNECTING pgs=0 cs=0 l=0 rev1=1 crypto rx=0 tx=0 comp rx=0 tx=0).handle_hello peer v2:172.21.15.79:3300/0 says I am v2:172.21.15.79:42958/0 (socket says 172.21.15.79:42958)
2024-04-01T01:23:46.473 INFO:teuthology.orchestra.run.smithi079.stdout:/usr/bin/ceph: stderr
2024-04-01T01:23:45.150+0000 7eff02ffd700 1 -- 172.21.15.79:0/2064304085 learned_addr learned my addr 172.21.15.79:0/2064304085 (peer_addr_for_me v2:172.21.15.79:0/0)
2024-04-01T01:23:46.473 INFO:teuthology.orchestra.run.smithi079.stdout:/usr/bin/ceph: stderr
2024-04-01T01:23:45.150+0000 7eff02ffd700 1 -- 172.21.15.79:0/2064304085 --> [v2:172.21.15.79:3300/0,v1:172.21.15.79:6789/0] -- mon_subscribe({config=0+,monmap=0+}) v3 -- 0x7eff04107760 con 0x7eff04106560
2024-04-01T01:23:46.473 INFO:teuthology.orchestra.run.smithi079.stdout:/usr/bin/ceph: stderr
2024-04-01T01:23:45.150+0000 7eff02ffd700 1 --2- 172.21.15.79:0/2064304085 >> [v2:172.21.15.79:3300/0,v1:172.21.15.79:6789/0] conn(0x7eff04106560 0x7eff04106980 secure :-1 s=READY pgs=55 cs=0 l=1 rev1=1 crypto rx=0x7efef40098a0 tx=0x7efef4009bb0 comp rx=0 tx=0).ready entity=mon.0 client_cookie=226b158b3efb01c8 server_cookie=0 in_seq=0 out_seq=0
2024-04-01T01:23:46.473 INFO:teuthology.orchestra.run.smithi079.stdout:/usr/bin/ceph: stderr
2024-04-01T01:23:45.150+0000 7eff01ffb700 1 -- 172.21.15.79:0/2064304085 <== mon.0 v2:172.21.15.79:3300/0 1 ==== mon_map magic: 0 v1 ==== 229+0+0 (secure 0 0 0) 0x7efef4004180 con 0x7eff04106560
2024-04-01T01:23:46.473 INFO:teuthology.orchestra.run.smithi079.stdout:/usr/bin/ceph: stderr
2024-04-01T01:23:45.151+0000 7eff01ffb700 1 -- 172.21.15.79:0/2064304085 <== mon.0 v2:172.21.15.79:3300/0 2 ==== config(27 keys) v1 ==== 1101+0+0 (secure 0 0 0) 0x7efef40042e0 con 0x7eff04106560
2024-04-01T01:23:46.473 INFO:teuthology.orchestra.run.smithi079.stdout:/usr/bin/ceph: stderr
2024-04-01T01:23:45.151+0000 7eff01ffb700 1 -- 172.21.15.79:0/2064304085 <== mon.0 v2:172.21.15.79:3300/0 3 ==== mon_map magic: 0 v1 ==== 229+0+0 (secure 0 0 0) 0x7efef4011af0 con 0x7eff04106560
2024-04-01T01:23:46.473 INFO:teuthology.orchestra.run.smithi079.stdout:/usr/bin/ceph: stderr
2024-04-01T01:23:45.151+0000 7eff09302700 1 -- 172.21.15.79:0/2064304085 >> [v2:172.21.15.79:3300/0,v1:172.21.15.79:6789/0] conn(0x7eff04106560 msgr2=0x7eff04106980 secure :-1 s=STATE_CONNECTION_ESTABLISHED l=1).mark_down
2024-04-01T01:23:46.473 INFO:teuthology.orchestra.run.smithi079.stdout:/usr/bin/ceph: stderr
2024-04-01T01:23:45.151+0000 7eff09302700 1 --2- 172.21.15.79:0/2064304085 >> [v2:172.21.15.79:3300/0,v1:172.21.15.79:6789/0] conn(0x7eff04106560 0x7eff04106980 secure :-1 s=READY pgs=55 cs=0 l=1 rev1=1 crypto rx=0x7efef40098a0 tx=0x7efef4009bb0 comp rx=0 tx=0).stop
2024-04-01T01:23:46.473 INFO:teuthology.orchestra.run.smithi079.stdout:/usr/bin/ceph: stderr
2024-04-01T01:23:45.151+0000 7eff09302700 1 -- 172.21.15.79:0/2064304085 shutdown_connections
2024-04-01T01:23:46.473 INFO:teuthology.orchestra.run.smithi079.stdout:/usr/bin/ceph: stderr
2024-04-01T01:23:45.151+0000 7eff09302700 1 --2- 172.21.15.79:0/2064304085 >> [v2:172.21.15.79:3300/0,v1:172.21.15.79:6789/0] conn(0x7eff04106560 0x7eff04106980 unknown :-1 s=CLOSED pgs=55 cs=0 l=1 rev1=1 crypto rx=0 tx=0 comp rx=0 tx=0).stop
2024-04-01T01:23:46.473 INFO:teuthology.orchestra.run.smithi079.stdout:/usr/bin/ceph: stderr
2024-04-01T01:23:45.151+0000 7eff09302700 1 -- 172.21.15.79:0/2064304085 >> 172.21.15.79:0/2064304085 conn(0x7eff04101b20 msgr2=0x7eff04103f40 unknown :-1 s=STATE_NONE l=0).mark_down
2024-04-01T01:23:46.473 INFO:teuthology.orchestra.run.smithi079.stdout:/usr/bin/ceph: stderr
2024-04-01T01:23:45.151+0000 7eff09302700 1 -- 172.21.15.79:0/2064304085 shutdown_connections
2024-04-01T01:23:46.473 INFO:teuthology.orchestra.run.smithi079.stdout:/usr/bin/ceph: stderr
2024-04-01T01:23:45.151+0000 7eff09302700 1 -- 172.21.15.79:0/2064304085 wait complete.
2024-04-01T01:23:46.474 INFO:teuthology.orchestra.run.smithi079.stdout:/usr/bin/ceph: stderr
2024-04-01T01:23:45.152+0000 7eff09302700 1 Processor -- start
2024-04-01T01:23:46.474 INFO:teuthology.orchestra.run.smithi079.stdout:/usr/bin/ceph: stderr
2024-04-01T01:23:45.152+0000 7eff09302700 1 -- start start
2024-04-01T01:23:46.474 INFO:teuthology.orchestra.run.smithi079.stdout:/usr/bin/ceph: stderr
2024-04-01T01:23:45.153+0000 7eff09302700 1 --2- >> [v2:172.21.15.79:3300/0,v1:172.21.15.79:6789/0] conn(0x7eff04106560 0x7eff0419a1f0 unknown :-1 s=NONE pgs=0 cs=0 l=1 rev1=0 crypto rx=0 tx=0 comp rx=0 tx=0).connect
2024-04-01T01:23:46.474 INFO:teuthology.orchestra.run.smithi079.stdout:/usr/bin/ceph: stderr
2024-04-01T01:23:45.153+0000 7eff09302700 1 -- --> [v2:172.21.15.79:3300/0,v1:172.21.15.79:6789/0] -- mon_getmap magic: 0 v1 -- 0x7eff0419a730 con 0x7eff04106560
2024-04-01T01:23:46.474 INFO:teuthology.orchestra.run.smithi079.stdout:/usr/bin/ceph: stderr
2024-04-01T01:23:45.153+0000 7eff02ffd700 1 --2- >> [v2:172.21.15.79:3300/0,v1:172.21.15.79:6789/0] conn(0x7eff04106560 0x7eff0419a1f0 unknown :-1 s=BANNER_CONNECTING pgs=0 cs=0 l=1 rev1=0 crypto rx=0 tx=0 comp rx=0 tx=0)._handle_peer_banner_payload supported=3 required=0
2024-04-01T01:23:46.474 INFO:teuthology.orchestra.run.smithi079.stdout:/usr/bin/ceph: stderr
2024-04-01T01:23:45.153+0000 7eff02ffd700 1 --2- >> [v2:172.21.15.79:3300/0,v1:172.21.15.79:6789/0] conn(0x7eff04106560 0x7eff0419a1f0 unknown :-1 s=HELLO_CONNECTING pgs=0 cs=0 l=1 rev1=1 crypto rx=0 tx=0 comp rx=0 tx=0).handle_hello peer v2:172.21.15.79:3300/0 says I am v2:172.21.15.79:42962/0 (socket says 172.21.15.79:42962)
2024-04-01T01:23:46.474 INFO:teuthology.orchestra.run.smithi079.stdout:/usr/bin/ceph: stderr
2024-04-01T01:23:45.153+0000 7eff02ffd700 1 -- 172.21.15.79:0/1452716324 learned_addr learned my addr 172.21.15.79:0/1452716324 (peer_addr_for_me v2:172.21.15.79:0/0)
2024-04-01T01:23:46.474 INFO:teuthology.orchestra.run.smithi079.stdout:/usr/bin/ceph: stderr
2024-04-01T01:23:45.153+0000 7eff02ffd700 1 -- 172.21.15.79:0/1452716324 --> [v2:172.21.15.79:3300/0,v1:172.21.15.79:6789/0] -- mon_subscribe({config=0+,monmap=0+}) v3 -- 0x7efef4009550 con 0x7eff04106560
2024-04-01T01:23:46.474 INFO:teuthology.orchestra.run.smithi079.stdout:/usr/bin/ceph: stderr
2024-04-01T01:23:45.153+0000 7eff02ffd700 1 --2- 172.21.15.79:0/1452716324 >> [v2:172.21.15.79:3300/0,v1:172.21.15.79:6789/0] conn(0x7eff04106560 0x7eff0419a1f0 secure :-1 s=READY pgs=56 cs=0 l=1 rev1=1 crypto rx=0x7efef4000c00 tx=0x7efef4011b50 comp rx=0 tx=0).ready entity=mon.0 client_cookie=0 server_cookie=0 in_seq=0 out_seq=0
2024-04-01T01:23:46.474 INFO:teuthology.orchestra.run.smithi079.stdout:/usr/bin/ceph: stderr
2024-04-01T01:23:45.153+0000 7efeebfff700 1 -- 172.21.15.79:0/1452716324 <== mon.0 v2:172.21.15.79:3300/0 1 ==== mon_map magic: 0 v1 ==== 229+0+0 (secure 0 0 0) 0x7efef4003a70 con 0x7eff04106560
2024-04-01T01:23:46.474 INFO:teuthology.orchestra.run.smithi079.stdout:/usr/bin/ceph: stderr
2024-04-01T01:23:45.153+0000 7efeebfff700 1 -- 172.21.15.79:0/1452716324 <== mon.0 v2:172.21.15.79:3300/0 2 ==== config(27 keys) v1 ==== 1101+0+0 (secure 0 0 0) 0x7efef4003bd0 con 0x7eff04106560
2024-04-01T01:23:46.474 INFO:teuthology.orchestra.run.smithi079.stdout:/usr/bin/ceph: stderr
2024-04-01T01:23:45.153+0000 7eff09302700 1 -- 172.21.15.79:0/1452716324 --> [v2:172.21.15.79:3300/0,v1:172.21.15.79:6789/0] -- mon_subscribe({mgrmap=0+}) v3 -- 0x7eff0419a930 con 0x7eff04106560
2024-04-01T01:23:46.474 INFO:teuthology.orchestra.run.smithi079.stdout:/usr/bin/ceph: stderr
2024-04-01T01:23:45.153+0000 7efeebfff700 1 -- 172.21.15.79:0/1452716324 <== mon.0 v2:172.21.15.79:3300/0 3 ==== mon_map magic: 0 v1 ==== 229+0+0 (secure 0 0 0) 0x7efef40238c0 con 0x7eff04106560
2024-04-01T01:23:46.475 INFO:teuthology.orchestra.run.smithi079.stdout:/usr/bin/ceph: stderr
2024-04-01T01:23:45.153+0000 7eff09302700 1 -- 172.21.15.79:0/1452716324 --> [v2:172.21.15.79:3300/0,v1:172.21.15.79:6789/0] -- mon_subscribe({osdmap=0}) v3 -- 0x7eff0419add0 con 0x7eff04106560
2024-04-01T01:23:46.475 INFO:teuthology.orchestra.run.smithi079.stdout:/usr/bin/ceph: stderr
2024-04-01T01:23:45.154+0000 7efeebfff700 1 -- 172.21.15.79:0/1452716324 <== mon.0 v2:172.21.15.79:3300/0 4 ==== mgrmap(e 8) v1 ==== 45283+0+0 (secure 0 0 0) 0x7efef4023b80 con 0x7eff04106560
2024-04-01T01:23:46.475 INFO:teuthology.orchestra.run.smithi079.stdout:/usr/bin/ceph: stderr
2024-04-01T01:23:45.154+0000 7efeebfff700 1 --2- 172.21.15.79:0/1452716324 >> [v2:172.21.15.79:6800/2958638702,v1:172.21.15.79:6801/2958638702] conn(0x7efeec038320 0x7efeec03a7e0 unknown :-1 s=NONE pgs=0 cs=0 l=1 rev1=0 crypto rx=0 tx=0 comp rx=0 tx=0).connect
2024-04-01T01:23:46.475 INFO:teuthology.orchestra.run.smithi079.stdout:/usr/bin/ceph: stderr
2024-04-01T01:23:45.154+0000 7efeebfff700 1 -- 172.21.15.79:0/1452716324 <== mon.0 v2:172.21.15.79:3300/0 5 ==== osd_map(2..2 src has 1..2) v4 ==== 940+0+0 (secure 0 0 0) 0x7efef401ad00 con 0x7eff04106560
2024-04-01T01:23:46.475 INFO:teuthology.orchestra.run.smithi079.stdout:/usr/bin/ceph: stderr
2024-04-01T01:23:45.154+0000 7eff027fc700 1 --2- 172.21.15.79:0/1452716324 >> [v2:172.21.15.79:6800/2958638702,v1:172.21.15.79:6801/2958638702] conn(0x7efeec038320 0x7efeec03a7e0 unknown :-1 s=BANNER_CONNECTING pgs=0 cs=0 l=1 rev1=0 crypto rx=0 tx=0 comp rx=0 tx=0)._handle_peer_banner_payload supported=3 required=0
2024-04-01T01:23:46.475 INFO:teuthology.orchestra.run.smithi079.stdout:/usr/bin/ceph: stderr
2024-04-01T01:23:45.155+0000 7eff09302700 1 -- 172.21.15.79:0/1452716324 --> [v2:172.21.15.79:3300/0,v1:172.21.15.79:6789/0] -- mon_command({"prefix": "get_command_descriptions"} v 0) v1 -- 0x7eff040623c0 con 0x7eff04106560
2024-04-01T01:23:46.475 INFO:teuthology.orchestra.run.smithi079.stdout:/usr/bin/ceph: stderr
2024-04-01T01:23:45.155+0000 7eff027fc700 1 --2- 172.21.15.79:0/1452716324 >> [v2:172.21.15.79:6800/2958638702,v1:172.21.15.79:6801/2958638702] conn(0x7efeec038320 0x7efeec03a7e0 secure :-1 s=READY pgs=16 cs=0 l=1 rev1=1 crypto rx=0x7efef8006fd0 tx=0x7efef8006e40 comp rx=0 tx=0).ready entity=mgr.14120 client_cookie=0 server_cookie=0 in_seq=0 out_seq=0
2024-04-01T01:23:46.475 INFO:teuthology.orchestra.run.smithi079.stdout:/usr/bin/ceph: stderr
2024-04-01T01:23:45.160+0000 7efeebfff700 1 -- 172.21.15.79:0/1452716324 <== mon.0 v2:172.21.15.79:3300/0 6 ==== mon_command_ack([{"prefix": "get_command_descriptions"}]=0 v0) v1 ==== 72+0+180422 (secure 0 0 0) 0x7efef402b300 con 0x7eff04106560
2024-04-01T01:23:46.475 INFO:teuthology.orchestra.run.smithi079.stdout:/usr/bin/ceph: stderr
2024-04-01T01:23:45.373+0000 7eff09302700 1 -- 172.21.15.79:0/1452716324 --> [v2:172.21.15.79:6800/2958638702,v1:172.21.15.79:6801/2958638702] -- mgr_command(tid 0: {"prefix": "orch apply", "service_type": "prometheus", "target": ["mon-mgr", ""]}) v1 -- 0x7eff04102f70 con 0x7efeec038320
2024-04-01T01:23:46.475 INFO:teuthology.orchestra.run.smithi079.stdout:/usr/bin/ceph: stderr
2024-04-01T01:23:45.380+0000 7efeebfff700 1 -- 172.21.15.79:0/1452716324 <== mgr.14120 v2:172.21.15.79:6800/2958638702 1 ==== mgr_command_reply(tid 0: 0 ) v1 ==== 8+0+31 (secure 0 0 0) 0x7eff04102f70 con 0x7efeec038320
2024-04-01T01:23:46.475 INFO:teuthology.orchestra.run.smithi079.stdout:/usr/bin/ceph: stderr
2024-04-01T01:23:45.382+0000 7eff09302700 1 -- 172.21.15.79:0/1452716324 >> [v2:172.21.15.79:6800/2958638702,v1:172.21.15.79:6801/2958638702] conn(0x7efeec038320 msgr2=0x7efeec03a7e0 secure :-1 s=STATE_CONNECTION_ESTABLISHED l=1).mark_down
2024-04-01T01:23:46.475 INFO:teuthology.orchestra.run.smithi079.stdout:/usr/bin/ceph: stderr
2024-04-01T01:23:45.382+0000 7eff09302700 1 --2- 172.21.15.79:0/1452716324 >> [v2:172.21.15.79:6800/2958638702,v1:172.21.15.79:6801/2958638702] conn(0x7efeec038320 0x7efeec03a7e0 secure :-1 s=READY pgs=16 cs=0 l=1 rev1=1 crypto rx=0x7efef8006fd0 tx=0x7efef8006e40 comp rx=0 tx=0).stop
2024-04-01T01:23:46.475 INFO:teuthology.orchestra.run.smithi079.stdout:/usr/bin/ceph: stderr
2024-04-01T01:23:45.382+0000 7eff09302700 1 -- 172.21.15.79:0/1452716324 >> [v2:172.21.15.79:3300/0,v1:172.21.15.79:6789/0] conn(0x7eff04106560 msgr2=0x7eff0419a1f0 secure :-1 s=STATE_CONNECTION_ESTABLISHED l=1).mark_down
2024-04-01T01:23:46.476 INFO:teuthology.orchestra.run.smithi079.stdout:/usr/bin/ceph: stderr
2024-04-01T01:23:45.382+0000 7eff09302700 1 --2- 172.21.15.79:0/1452716324 >> [v2:172.21.15.79:3300/0,v1:172.21.15.79:6789/0] conn(0x7eff04106560 0x7eff0419a1f0 secure :-1 s=READY pgs=56 cs=0 l=1 rev1=1 crypto rx=0x7efef4000c00 tx=0x7efef4011b50 comp rx=0 tx=0).stop
2024-04-01T01:23:46.476 INFO:teuthology.orchestra.run.smithi079.stdout:/usr/bin/ceph: stderr
2024-04-01T01:23:45.382+0000 7eff09302700 1 -- 172.21.15.79:0/1452716324 shutdown_connections
2024-04-01T01:23:46.476 INFO:teuthology.orchestra.run.smithi079.stdout:/usr/bin/ceph: stderr
2024-04-01T01:23:45.382+0000 7eff09302700 1 --2- 172.21.15.79:0/1452716324 >> [v2:172.21.15.79:6800/2958638702,v1:172.21.15.79:6801/2958638702] conn(0x7efeec038320 0x7efeec03a7e0 unknown :-1 s=CLOSED pgs=16 cs=0 l=1 rev1=1 crypto rx=0 tx=0 comp rx=0 tx=0).stop
2024-04-01T01:23:46.476 INFO:teuthology.orchestra.run.smithi079.stdout:/usr/bin/ceph: stderr
2024-04-01T01:23:45.382+0000 7eff09302700 1 --2- 172.21.15.79:0/1452716324 >> [v2:172.21.15.79:3300/0,v1:172.21.15.79:6789/0] conn(0x7eff04106560 0x7eff0419a1f0 unknown :-1 s=CLOSED pgs=56 cs=0 l=1 rev1=1 crypto rx=0 tx=0 comp rx=0 tx=0).stop
2024-04-01T01:23:46.476 INFO:teuthology.orchestra.run.smithi079.stdout:/usr/bin/ceph: stderr
2024-04-01T01:23:45.382+0000 7eff09302700 1 -- 172.21.15.79:0/1452716324 >> 172.21.15.79:0/1452716324 conn(0x7eff04101b20 msgr2=0x7eff04102860 unknown :-1 s=STATE_NONE l=0).mark_down
2024-04-01T01:23:46.476 INFO:teuthology.orchestra.run.smithi079.stdout:/usr/bin/ceph: stderr
2024-04-01T01:23:45.382+0000 7eff09302700 1 -- 172.21.15.79:0/1452716324 shutdown_connections
2024-04-01T01:23:46.476 INFO:teuthology.orchestra.run.smithi079.stdout:/usr/bin/ceph: stderr
2024-04-01T01:23:45.382+0000 7eff09302700 1 -- 172.21.15.79:0/1452716324 wait complete.
2024-04-01T01:23:46.476 INFO:teuthology.orchestra.run.smithi079.stdout:Deploying grafana service with default placement...
2024-04-01T01:23:46.501 INFO:journalctl@ceph.mon.smithi079.smithi079.stdout:Apr 01 01:23:46 smithi079 ceph-mon[29314]: from='client.14150 -' entity='client.admin' cmd=[{"prefix": "orch apply", "service_type": "prometheus", "target": ["mon-mgr", ""]}]: dispatch
2024-04-01T01:23:46.501 INFO:journalctl@ceph.mon.smithi079.smithi079.stdout:Apr 01 01:23:46 smithi079 ceph-mon[29314]: Saving service prometheus spec with placement count:1
2024-04-01T01:23:46.501 INFO:journalctl@ceph.mon.smithi079.smithi079.stdout:Apr 01 01:23:46 smithi079 ceph-mon[29314]: from='mgr.14120 172.21.15.79:0/912645897' entity='mgr.smithi079.rzapin'
2024-04-01T01:23:46.501 INFO:journalctl@ceph.mon.smithi079.smithi079.stdout:Apr 01 01:23:46 smithi079 ceph-mon[29314]: from='mgr.14120 172.21.15.79:0/912645897' entity='mgr.smithi079.rzapin'
2024-04-01T01:23:47.687 INFO:teuthology.orchestra.run.smithi079.stdout:/usr/bin/ceph: stdout Scheduled grafana update...
2024-04-01T01:23:47.687 INFO:teuthology.orchestra.run.smithi079.stdout:/usr/bin/ceph: stderr
2024-04-01T01:23:46.914+0000 7fae5b86b700 1 Processor -- start
2024-04-01T01:23:47.687 INFO:teuthology.orchestra.run.smithi079.stdout:/usr/bin/ceph: stderr
2024-04-01T01:23:46.914+0000 7fae5b86b700 1 -- start start
2024-04-01T01:23:47.688 INFO:teuthology.orchestra.run.smithi079.stdout:/usr/bin/ceph: stderr
2024-04-01T01:23:46.914+0000 7fae5b86b700 1 --2- >> [v2:172.21.15.79:3300/0,v1:172.21.15.79:6789/0] conn(0x7fae54107040 0x7fae54109430 unknown :-1 s=NONE pgs=0 cs=0 l=0 rev1=0 crypto rx=0 tx=0 comp rx=0 tx=0).connect
2024-04-01T01:23:47.688 INFO:teuthology.orchestra.run.smithi079.stdout:/usr/bin/ceph: stderr
2024-04-01T01:23:46.914+0000 7fae5b86b700 1 -- --> [v2:172.21.15.79:3300/0,v1:172.21.15.79:6789/0] -- mon_getmap magic: 0 v1 -- 0x7fae54079e30 con 0x7fae54107040
2024-04-01T01:23:47.688 INFO:teuthology.orchestra.run.smithi079.stdout:/usr/bin/ceph: stderr
2024-04-01T01:23:46.915+0000 7fae59607700 1 --2- >> [v2:172.21.15.79:3300/0,v1:172.21.15.79:6789/0] conn(0x7fae54107040 0x7fae54109430 unknown :-1 s=BANNER_CONNECTING pgs=0 cs=0 l=0 rev1=0 crypto rx=0 tx=0 comp rx=0 tx=0)._handle_peer_banner_payload supported=3 required=0
2024-04-01T01:23:47.688 INFO:teuthology.orchestra.run.smithi079.stdout:/usr/bin/ceph: stderr
2024-04-01T01:23:46.915+0000 7fae59607700 1 --2- >> [v2:172.21.15.79:3300/0,v1:172.21.15.79:6789/0] conn(0x7fae54107040 0x7fae54109430 unknown :-1 s=HELLO_CONNECTING pgs=0 cs=0 l=0 rev1=1 crypto rx=0 tx=0 comp rx=0 tx=0).handle_hello peer v2:172.21.15.79:3300/0 says I am v2:172.21.15.79:42976/0 (socket says 172.21.15.79:42976)
2024-04-01T01:23:47.688 INFO:teuthology.orchestra.run.smithi079.stdout:/usr/bin/ceph: stderr
2024-04-01T01:23:46.915+0000 7fae59607700 1 -- 172.21.15.79:0/3663458882 learned_addr learned my addr 172.21.15.79:0/3663458882 (peer_addr_for_me v2:172.21.15.79:0/0)
2024-04-01T01:23:47.688 INFO:teuthology.orchestra.run.smithi079.stdout:/usr/bin/ceph: stderr
2024-04-01T01:23:46.915+0000 7fae59607700 1 -- 172.21.15.79:0/3663458882 --> [v2:172.21.15.79:3300/0,v1:172.21.15.79:6789/0] -- mon_subscribe({config=0+,monmap=0+}) v3 -- 0x7fae54109970 con 0x7fae54107040
2024-04-01T01:23:47.688 INFO:teuthology.orchestra.run.smithi079.stdout:/usr/bin/ceph: stderr
2024-04-01T01:23:46.915+0000 7fae59607700 1 --2- 172.21.15.79:0/3663458882 >> [v2:172.21.15.79:3300/0,v1:172.21.15.79:6789/0] conn(0x7fae54107040 0x7fae54109430 secure :-1 s=READY pgs=57 cs=0 l=1 rev1=1 crypto rx=0x7fae440098a0 tx=0x7fae44009bb0 comp rx=0 tx=0).ready entity=mon.0 client_cookie=2b9fa3994cdd4545 server_cookie=0 in_seq=0 out_seq=0
2024-04-01T01:23:47.688 INFO:teuthology.orchestra.run.smithi079.stdout:/usr/bin/ceph: stderr
2024-04-01T01:23:46.915+0000 7fae4bfff700 1 -- 172.21.15.79:0/3663458882 <== mon.0 v2:172.21.15.79:3300/0 1 ==== mon_map magic: 0 v1 ==== 229+0+0 (secure 0 0 0) 0x7fae44004180 con 0x7fae54107040
2024-04-01T01:23:47.688 INFO:teuthology.orchestra.run.smithi079.stdout:/usr/bin/ceph: stderr
2024-04-01T01:23:46.915+0000 7fae4bfff700 1 -- 172.21.15.79:0/3663458882 <== mon.0 v2:172.21.15.79:3300/0 2 ==== config(27 keys) v1 ==== 1101+0+0 (secure 0 0 0) 0x7fae440042e0 con 0x7fae54107040
2024-04-01T01:23:47.688 INFO:teuthology.orchestra.run.smithi079.stdout:/usr/bin/ceph: stderr
2024-04-01T01:23:46.915+0000 7fae4bfff700 1 -- 172.21.15.79:0/3663458882 <== mon.0 v2:172.21.15.79:3300/0 3 ==== mon_map magic: 0 v1 ==== 229+0+0 (secure 0 0 0) 0x7fae44011af0 con 0x7fae54107040
2024-04-01T01:23:47.688 INFO:teuthology.orchestra.run.smithi079.stdout:/usr/bin/ceph: stderr
2024-04-01T01:23:46.916+0000 7fae5b86b700 1 -- 172.21.15.79:0/3663458882 >> [v2:172.21.15.79:3300/0,v1:172.21.15.79:6789/0] conn(0x7fae54107040 msgr2=0x7fae54109430 secure :-1 s=STATE_CONNECTION_ESTABLISHED l=1).mark_down
2024-04-01T01:23:47.688 INFO:teuthology.orchestra.run.smithi079.stdout:/usr/bin/ceph: stderr
2024-04-01T01:23:46.916+0000 7fae5b86b700 1 --2- 172.21.15.79:0/3663458882 >> [v2:172.21.15.79:3300/0,v1:172.21.15.79:6789/0] conn(0x7fae54107040 0x7fae54109430 secure :-1 s=READY pgs=57 cs=0 l=1 rev1=1 crypto rx=0x7fae440098a0 tx=0x7fae44009bb0 comp rx=0 tx=0).stop
2024-04-01T01:23:47.688 INFO:teuthology.orchestra.run.smithi079.stdout:/usr/bin/ceph: stderr
2024-04-01T01:23:46.916+0000 7fae5b86b700 1 -- 172.21.15.79:0/3663458882 shutdown_connections
2024-04-01T01:23:47.688 INFO:teuthology.orchestra.run.smithi079.stdout:/usr/bin/ceph: stderr
2024-04-01T01:23:46.916+0000 7fae5b86b700 1 --2- 172.21.15.79:0/3663458882 >> [v2:172.21.15.79:3300/0,v1:172.21.15.79:6789/0] conn(0x7fae54107040 0x7fae54109430 unknown :-1 s=CLOSED pgs=57 cs=0 l=1 rev1=1 crypto rx=0 tx=0 comp rx=0 tx=0).stop
2024-04-01T01:23:47.689 INFO:teuthology.orchestra.run.smithi079.stdout:/usr/bin/ceph: stderr
2024-04-01T01:23:46.916+0000 7fae5b86b700 1 -- 172.21.15.79:0/3663458882 >> 172.21.15.79:0/3663458882 conn(0x7fae541009f0 msgr2=0x7fae54102e50 unknown :-1 s=STATE_NONE l=0).mark_down
2024-04-01T01:23:47.689 INFO:teuthology.orchestra.run.smithi079.stdout:/usr/bin/ceph: stderr
2024-04-01T01:23:46.916+0000 7fae5b86b700 1 -- 172.21.15.79:0/3663458882 shutdown_connections
2024-04-01T01:23:47.689 INFO:teuthology.orchestra.run.smithi079.stdout:/usr/bin/ceph: stderr
2024-04-01T01:23:46.916+0000 7fae5b86b700 1 -- 172.21.15.79:0/3663458882 wait complete.
2024-04-01T01:23:47.689 INFO:teuthology.orchestra.run.smithi079.stdout:/usr/bin/ceph: stderr
2024-04-01T01:23:46.917+0000 7fae5b86b700 1 Processor -- start
2024-04-01T01:23:47.689 INFO:teuthology.orchestra.run.smithi079.stdout:/usr/bin/ceph: stderr
2024-04-01T01:23:46.917+0000 7fae5b86b700 1 -- start start
2024-04-01T01:23:47.689 INFO:teuthology.orchestra.run.smithi079.stdout:/usr/bin/ceph: stderr
2024-04-01T01:23:46.917+0000 7fae5b86b700 1 --2- >> [v2:172.21.15.79:3300/0,v1:172.21.15.79:6789/0] conn(0x7fae54107040 0x7fae541069a0 unknown :-1 s=NONE pgs=0 cs=0 l=1 rev1=0 crypto rx=0 tx=0 comp rx=0 tx=0).connect
2024-04-01T01:23:47.689 INFO:teuthology.orchestra.run.smithi079.stdout:/usr/bin/ceph: stderr
2024-04-01T01:23:46.917+0000 7fae5b86b700 1 -- --> [v2:172.21.15.79:3300/0,v1:172.21.15.79:6789/0] -- mon_getmap magic: 0 v1 -- 0x7fae54106ee0 con 0x7fae54107040
2024-04-01T01:23:47.689 INFO:teuthology.orchestra.run.smithi079.stdout:/usr/bin/ceph: stderr
2024-04-01T01:23:46.917+0000 7fae59607700 1 --2- >> [v2:172.21.15.79:3300/0,v1:172.21.15.79:6789/0] conn(0x7fae54107040 0x7fae541069a0 unknown :-1 s=BANNER_CONNECTING pgs=0 cs=0 l=1 rev1=0 crypto rx=0 tx=0 comp rx=0 tx=0)._handle_peer_banner_payload supported=3 required=0
2024-04-01T01:23:47.689 INFO:teuthology.orchestra.run.smithi079.stdout:/usr/bin/ceph: stderr
2024-04-01T01:23:46.917+0000 7fae59607700 1 --2- >> [v2:172.21.15.79:3300/0,v1:172.21.15.79:6789/0] conn(0x7fae54107040 0x7fae541069a0 unknown :-1 s=HELLO_CONNECTING pgs=0 cs=0 l=1 rev1=1 crypto rx=0 tx=0 comp rx=0 tx=0).handle_hello peer v2:172.21.15.79:3300/0 says I am v2:172.21.15.79:42988/0 (socket says 172.21.15.79:42988)
2024-04-01T01:23:47.689 INFO:teuthology.orchestra.run.smithi079.stdout:/usr/bin/ceph: stderr
2024-04-01T01:23:46.917+0000 7fae59607700 1 -- 172.21.15.79:0/2799012373 learned_addr learned my addr 172.21.15.79:0/2799012373 (peer_addr_for_me v2:172.21.15.79:0/0)
2024-04-01T01:23:47.689 INFO:teuthology.orchestra.run.smithi079.stdout:/usr/bin/ceph: stderr
2024-04-01T01:23:46.917+0000 7fae59607700 1 -- 172.21.15.79:0/2799012373 --> [v2:172.21.15.79:3300/0,v1:172.21.15.79:6789/0] -- mon_subscribe({config=0+,monmap=0+}) v3 -- 0x7fae44009550 con 0x7fae54107040
2024-04-01T01:23:47.689 INFO:teuthology.orchestra.run.smithi079.stdout:/usr/bin/ceph: stderr
2024-04-01T01:23:46.918+0000 7fae59607700 1 --2- 172.21.15.79:0/2799012373 >> [v2:172.21.15.79:3300/0,v1:172.21.15.79:6789/0] conn(0x7fae54107040 0x7fae541069a0 secure :-1 s=READY pgs=58 cs=0 l=1 rev1=1 crypto rx=0x7fae44011ad0 tx=0x7fae44011bb0 comp rx=0 tx=0).ready entity=mon.0 client_cookie=0 server_cookie=0 in_seq=0 out_seq=0
2024-04-01T01:23:47.689 INFO:teuthology.orchestra.run.smithi079.stdout:/usr/bin/ceph: stderr
2024-04-01T01:23:46.918+0000 7fae4a7fc700 1 -- 172.21.15.79:0/2799012373 <== mon.0 v2:172.21.15.79:3300/0 1 ==== mon_map magic: 0 v1 ==== 229+0+0 (secure 0 0 0) 0x7fae44003ab0 con 0x7fae54107040
2024-04-01T01:23:47.689 INFO:teuthology.orchestra.run.smithi079.stdout:/usr/bin/ceph: stderr
2024-04-01T01:23:46.918+0000 7fae5b86b700 1 -- 172.21.15.79:0/2799012373 --> [v2:172.21.15.79:3300/0,v1:172.21.15.79:6789/0] -- mon_subscribe({mgrmap=0+}) v3 -- 0x7fae54104ff0 con 0x7fae54107040
2024-04-01T01:23:47.689 INFO:teuthology.orchestra.run.smithi079.stdout:/usr/bin/ceph: stderr
2024-04-01T01:23:46.918+0000 7fae5b86b700 1 -- 172.21.15.79:0/2799012373 --> [v2:172.21.15.79:3300/0,v1:172.21.15.79:6789/0] -- mon_subscribe({osdmap=0}) v3 -- 0x7fae54105490 con 0x7fae54107040
2024-04-01T01:23:47.690 INFO:teuthology.orchestra.run.smithi079.stdout:/usr/bin/ceph: stderr
2024-04-01T01:23:46.918+0000 7fae4a7fc700 1 -- 172.21.15.79:0/2799012373 <== mon.0 v2:172.21.15.79:3300/0 2 ==== config(27 keys) v1 ==== 1101+0+0 (secure 0 0 0) 0x7fae44003c10 con 0x7fae54107040
2024-04-01T01:23:47.690 INFO:teuthology.orchestra.run.smithi079.stdout:/usr/bin/ceph: stderr
2024-04-01T01:23:46.918+0000 7fae4a7fc700 1 -- 172.21.15.79:0/2799012373 <== mon.0 v2:172.21.15.79:3300/0 3 ==== mon_map magic: 0 v1 ==== 229+0+0 (secure 0 0 0) 0x7fae44019630 con 0x7fae54107040
2024-04-01T01:23:47.690 INFO:teuthology.orchestra.run.smithi079.stdout:/usr/bin/ceph: stderr
2024-04-01T01:23:46.919+0000 7fae5b86b700 1 -- 172.21.15.79:0/2799012373 --> [v2:172.21.15.79:3300/0,v1:172.21.15.79:6789/0] -- mon_command({"prefix": "get_command_descriptions"} v 0) v1 -- 0x7fae38005320 con 0x7fae54107040
2024-04-01T01:23:47.690 INFO:teuthology.orchestra.run.smithi079.stdout:/usr/bin/ceph: stderr
2024-04-01T01:23:46.919+0000 7fae4a7fc700 1 -- 172.21.15.79:0/2799012373 <== mon.0 v2:172.21.15.79:3300/0 4 ==== mgrmap(e 8) v1 ==== 45283+0+0 (secure 0 0 0) 0x7fae440197d0 con 0x7fae54107040
2024-04-01T01:23:47.690 INFO:teuthology.orchestra.run.smithi079.stdout:/usr/bin/ceph: stderr
2024-04-01T01:23:46.919+0000 7fae4a7fc700 1 --2- 172.21.15.79:0/2799012373 >> [v2:172.21.15.79:6800/2958638702,v1:172.21.15.79:6801/2958638702] conn(0x7fae40038320 0x7fae4003a7e0 unknown :-1 s=NONE pgs=0 cs=0 l=1 rev1=0 crypto rx=0 tx=0 comp rx=0 tx=0).connect
2024-04-01T01:23:47.690 INFO:teuthology.orchestra.run.smithi079.stdout:/usr/bin/ceph: stderr
2024-04-01T01:23:46.919+0000 7fae4a7fc700 1 -- 172.21.15.79:0/2799012373 <== mon.0 v2:172.21.15.79:3300/0 5 ==== osd_map(2..2 src has 1..2) v4 ==== 940+0+0 (secure 0 0 0) 0x7fae4404c080 con 0x7fae54107040
2024-04-01T01:23:47.690 INFO:teuthology.orchestra.run.smithi079.stdout:/usr/bin/ceph: stderr
2024-04-01T01:23:46.920+0000 7fae58e06700 1 --2- 172.21.15.79:0/2799012373 >> [v2:172.21.15.79:6800/2958638702,v1:172.21.15.79:6801/2958638702] conn(0x7fae40038320 0x7fae4003a7e0 unknown :-1 s=BANNER_CONNECTING pgs=0 cs=0 l=1 rev1=0 crypto rx=0 tx=0 comp rx=0 tx=0)._handle_peer_banner_payload supported=3 required=0
2024-04-01T01:23:47.690 INFO:teuthology.orchestra.run.smithi079.stdout:/usr/bin/ceph: stderr
2024-04-01T01:23:46.920+0000 7fae58e06700 1 --2- 172.21.15.79:0/2799012373 >> [v2:172.21.15.79:6800/2958638702,v1:172.21.15.79:6801/2958638702] conn(0x7fae40038320 0x7fae4003a7e0 secure :-1 s=READY pgs=17 cs=0 l=1 rev1=1 crypto rx=0x7fae50006fd0 tx=0x7fae50006e40 comp rx=0 tx=0).ready entity=mgr.14120 client_cookie=0 server_cookie=0 in_seq=0 out_seq=0
2024-04-01T01:23:47.690 INFO:teuthology.orchestra.run.smithi079.stdout:/usr/bin/ceph: stderr
2024-04-01T01:23:46.924+0000 7fae4a7fc700 1 -- 172.21.15.79:0/2799012373 <== mon.0 v2:172.21.15.79:3300/0 6 ==== mon_command_ack([{"prefix": "get_command_descriptions"}]=0 v0) v1 ==== 72+0+180422 (secure 0 0 0) 0x7fae4400b3e0 con 0x7fae54107040
2024-04-01T01:23:47.690 INFO:teuthology.orchestra.run.smithi079.stdout:/usr/bin/ceph: stderr
2024-04-01T01:23:47.146+0000 7fae5b86b700 1 -- 172.21.15.79:0/2799012373 --> [v2:172.21.15.79:6800/2958638702,v1:172.21.15.79:6801/2958638702] -- mgr_command(tid 0: {"prefix": "orch apply", "service_type": "grafana", "target": ["mon-mgr", ""]}) v1 -- 0x7fae38000bf0 con 0x7fae40038320
2024-04-01T01:23:47.690 INFO:teuthology.orchestra.run.smithi079.stdout:/usr/bin/ceph: stderr
2024-04-01T01:23:47.152+0000 7fae4a7fc700 1 -- 172.21.15.79:0/2799012373 <== mgr.14120 v2:172.21.15.79:6800/2958638702 1 ==== mgr_command_reply(tid 0: 0 ) v1 ==== 8+0+28 (secure 0 0 0) 0x7fae38000bf0 con 0x7fae40038320
2024-04-01T01:23:47.690 INFO:teuthology.orchestra.run.smithi079.stdout:/usr/bin/ceph: stderr
2024-04-01T01:23:47.154+0000 7fae5b86b700 1 -- 172.21.15.79:0/2799012373 >> [v2:172.21.15.79:6800/2958638702,v1:172.21.15.79:6801/2958638702] conn(0x7fae40038320 msgr2=0x7fae4003a7e0 secure :-1 s=STATE_CONNECTION_ESTABLISHED l=1).mark_down
2024-04-01T01:23:47.691 INFO:teuthology.orchestra.run.smithi079.stdout:/usr/bin/ceph: stderr
2024-04-01T01:23:47.154+0000 7fae5b86b700 1 --2- 172.21.15.79:0/2799012373 >> [v2:172.21.15.79:6800/2958638702,v1:172.21.15.79:6801/2958638702] conn(0x7fae40038320 0x7fae4003a7e0 secure :-1 s=READY pgs=17 cs=0 l=1 rev1=1 crypto rx=0x7fae50006fd0 tx=0x7fae50006e40 comp rx=0 tx=0).stop
2024-04-01T01:23:47.691 INFO:teuthology.orchestra.run.smithi079.stdout:/usr/bin/ceph: stderr
2024-04-01T01:23:47.154+0000 7fae5b86b700 1 -- 172.21.15.79:0/2799012373 >> [v2:172.21.15.79:3300/0,v1:172.21.15.79:6789/0] conn(0x7fae54107040 msgr2=0x7fae541069a0 secure :-1 s=STATE_CONNECTION_ESTABLISHED l=1).mark_down
2024-04-01T01:23:47.691 INFO:teuthology.orchestra.run.smithi079.stdout:/usr/bin/ceph: stderr
2024-04-01T01:23:47.154+0000 7fae5b86b700 1 --2- 172.21.15.79:0/2799012373 >> [v2:172.21.15.79:3300/0,v1:172.21.15.79:6789/0] conn(0x7fae54107040 0x7fae541069a0 secure :-1 s=READY pgs=58 cs=0 l=1 rev1=1 crypto rx=0x7fae44011ad0 tx=0x7fae44011bb0 comp rx=0 tx=0).stop
2024-04-01T01:23:47.691 INFO:teuthology.orchestra.run.smithi079.stdout:/usr/bin/ceph: stderr
2024-04-01T01:23:47.154+0000 7fae5b86b700 1 -- 172.21.15.79:0/2799012373 shutdown_connections
2024-04-01T01:23:47.691 INFO:teuthology.orchestra.run.smithi079.stdout:/usr/bin/ceph: stderr
2024-04-01T01:23:47.154+0000 7fae5b86b700 1 --2- 172.21.15.79:0/2799012373 >> [v2:172.21.15.79:6800/2958638702,v1:172.21.15.79:6801/2958638702] conn(0x7fae40038320 0x7fae4003a7e0 unknown :-1 s=CLOSED pgs=17 cs=0 l=1 rev1=1 crypto rx=0 tx=0 comp rx=0 tx=0).stop
2024-04-01T01:23:47.691 INFO:teuthology.orchestra.run.smithi079.stdout:/usr/bin/ceph: stderr
2024-04-01T01:23:47.154+0000 7fae5b86b700 1 --2- 172.21.15.79:0/2799012373 >> [v2:172.21.15.79:3300/0,v1:172.21.15.79:6789/0] conn(0x7fae54107040 0x7fae541069a0 unknown :-1 s=CLOSED pgs=58 cs=0 l=1 rev1=1 crypto rx=0 tx=0 comp rx=0 tx=0).stop
2024-04-01T01:23:47.691 INFO:teuthology.orchestra.run.smithi079.stdout:/usr/bin/ceph: stderr
2024-04-01T01:23:47.154+0000 7fae5b86b700 1 -- 172.21.15.79:0/2799012373 >> 172.21.15.79:0/2799012373 conn(0x7fae541009f0 msgr2=0x7fae54101760 unknown :-1 s=STATE_NONE l=0).mark_down
2024-04-01T01:23:47.691 INFO:teuthology.orchestra.run.smithi079.stdout:/usr/bin/ceph: stderr
2024-04-01T01:23:47.154+0000 7fae5b86b700 1 -- 172.21.15.79:0/2799012373 shutdown_connections
2024-04-01T01:23:47.691 INFO:teuthology.orchestra.run.smithi079.stdout:/usr/bin/ceph: stderr
2024-04-01T01:23:47.154+0000 7fae5b86b700 1 -- 172.21.15.79:0/2799012373 wait complete.
2024-04-01T01:23:47.691 INFO:teuthology.orchestra.run.smithi079.stdout:Deploying node-exporter service with default placement...
2024-04-01T01:23:48.099 INFO:journalctl@ceph.mon.smithi079.smithi079.stdout:Apr 01 01:23:47 smithi079 ceph-mon[29314]: from='mgr.14120 172.21.15.79:0/912645897' entity='mgr.smithi079.rzapin'
2024-04-01T01:23:48.099 INFO:journalctl@ceph.mon.smithi079.smithi079.stdout:Apr 01 01:23:47 smithi079 ceph-mon[29314]: from='client.14152 -' entity='client.admin' cmd=[{"prefix": "orch apply", "service_type": "grafana", "target": ["mon-mgr", ""]}]: dispatch
2024-04-01T01:23:48.099 INFO:journalctl@ceph.mon.smithi079.smithi079.stdout:Apr 01 01:23:47 smithi079 ceph-mon[29314]: Saving service grafana spec with placement count:1
2024-04-01T01:23:48.099 INFO:journalctl@ceph.mon.smithi079.smithi079.stdout:Apr 01 01:23:47 smithi079 ceph-mon[29314]: from='mgr.14120 172.21.15.79:0/912645897' entity='mgr.smithi079.rzapin'
2024-04-01T01:23:48.928 INFO:teuthology.orchestra.run.smithi079.stdout:/usr/bin/ceph: stdout Scheduled node-exporter update...
2024-04-01T01:23:48.929 INFO:teuthology.orchestra.run.smithi079.stdout:/usr/bin/ceph: stderr
2024-04-01T01:23:48.118+0000 7f7fe8138700 1 Processor -- start
2024-04-01T01:23:48.929 INFO:teuthology.orchestra.run.smithi079.stdout:/usr/bin/ceph: stderr
2024-04-01T01:23:48.118+0000 7f7fe8138700 1 -- start start
2024-04-01T01:23:48.929 INFO:teuthology.orchestra.run.smithi079.stdout:/usr/bin/ceph: stderr
2024-04-01T01:23:48.118+0000 7f7fe8138700 1 --2- >> [v2:172.21.15.79:3300/0,v1:172.21.15.79:6789/0] conn(0x7f7fe0107000 0x7f7fe01093f0 unknown :-1 s=NONE pgs=0 cs=0 l=0 rev1=0 crypto rx=0 tx=0 comp rx=0 tx=0).connect
2024-04-01T01:23:48.929 INFO:teuthology.orchestra.run.smithi079.stdout:/usr/bin/ceph: stderr
2024-04-01T01:23:48.118+0000 7f7fe8138700 1 -- --> [v2:172.21.15.79:3300/0,v1:172.21.15.79:6789/0] -- mon_getmap magic: 0 v1 -- 0x7f7fe0079e50 con 0x7f7fe0107000
2024-04-01T01:23:48.929 INFO:teuthology.orchestra.run.smithi079.stdout:/usr/bin/ceph: stderr
2024-04-01T01:23:48.119+0000 7f7fe5ed4700 1 --2- >> [v2:172.21.15.79:3300/0,v1:172.21.15.79:6789/0] conn(0x7f7fe0107000 0x7f7fe01093f0 unknown :-1 s=BANNER_CONNECTING pgs=0 cs=0 l=0 rev1=0 crypto rx=0 tx=0 comp rx=0 tx=0)._handle_peer_banner_payload supported=3 required=0
2024-04-01T01:23:48.929 INFO:teuthology.orchestra.run.smithi079.stdout:/usr/bin/ceph: stderr
2024-04-01T01:23:48.119+0000 7f7fe5ed4700 1 --2- >> [v2:172.21.15.79:3300/0,v1:172.21.15.79:6789/0] conn(0x7f7fe0107000 0x7f7fe01093f0 unknown :-1 s=HELLO_CONNECTING pgs=0 cs=0 l=0 rev1=1 crypto rx=0 tx=0 comp rx=0 tx=0).handle_hello peer v2:172.21.15.79:3300/0 says I am v2:172.21.15.79:42992/0 (socket says 172.21.15.79:42992)
2024-04-01T01:23:48.929 INFO:teuthology.orchestra.run.smithi079.stdout:/usr/bin/ceph: stderr
2024-04-01T01:23:48.119+0000 7f7fe5ed4700 1 -- 172.21.15.79:0/4076306844 learned_addr learned my addr 172.21.15.79:0/4076306844 (peer_addr_for_me v2:172.21.15.79:0/0)
2024-04-01T01:23:48.929 INFO:teuthology.orchestra.run.smithi079.stdout:/usr/bin/ceph: stderr
2024-04-01T01:23:48.119+0000 7f7fe5ed4700 1 -- 172.21.15.79:0/4076306844 --> [v2:172.21.15.79:3300/0,v1:172.21.15.79:6789/0] -- mon_subscribe({config=0+,monmap=0+}) v3 -- 0x7f7fe0109930 con 0x7f7fe0107000
2024-04-01T01:23:48.929 INFO:teuthology.orchestra.run.smithi079.stdout:/usr/bin/ceph: stderr
2024-04-01T01:23:48.119+0000 7f7fe5ed4700 1 --2- 172.21.15.79:0/4076306844 >> [v2:172.21.15.79:3300/0,v1:172.21.15.79:6789/0] conn(0x7f7fe0107000 0x7f7fe01093f0 secure :-1 s=READY pgs=59 cs=0 l=1 rev1=1 crypto rx=0x7f7fdc009e80 tx=0x7f7fdc00b330 comp rx=0 tx=0).ready entity=mon.0 client_cookie=8e65624d0a9e2edd server_cookie=0 in_seq=0 out_seq=0
2024-04-01T01:23:48.929 INFO:teuthology.orchestra.run.smithi079.stdout:/usr/bin/ceph: stderr
2024-04-01T01:23:48.119+0000 7f7fe4ed2700 1 -- 172.21.15.79:0/4076306844 <== mon.0 v2:172.21.15.79:3300/0 1 ==== mon_map magic: 0 v1 ==== 229+0+0 (secure 0 0 0) 0x7f7fdc00e070 con 0x7f7fe0107000
2024-04-01T01:23:48.929 INFO:teuthology.orchestra.run.smithi079.stdout:/usr/bin/ceph: stderr
2024-04-01T01:23:48.119+0000 7f7fe4ed2700 1 -- 172.21.15.79:0/4076306844 <== mon.0 v2:172.21.15.79:3300/0 2 ==== config(27 keys) v1 ==== 1101+0+0 (secure 0 0 0) 0x7f7fdc00b8c0 con 0x7f7fe0107000
2024-04-01T01:23:48.929 INFO:teuthology.orchestra.run.smithi079.stdout:/usr/bin/ceph: stderr
2024-04-01T01:23:48.119+0000 7f7fe4ed2700 1 -- 172.21.15.79:0/4076306844 <== mon.0 v2:172.21.15.79:3300/0 3 ==== mon_map magic: 0 v1 ==== 229+0+0 (secure 0 0 0) 0x7f7fdc0044d0 con 0x7f7fe0107000
2024-04-01T01:23:48.930 INFO:teuthology.orchestra.run.smithi079.stdout:/usr/bin/ceph: stderr
2024-04-01T01:23:48.120+0000 7f7fe8138700 1 -- 172.21.15.79:0/4076306844 >> [v2:172.21.15.79:3300/0,v1:172.21.15.79:6789/0] conn(0x7f7fe0107000 msgr2=0x7f7fe01093f0 secure :-1 s=STATE_CONNECTION_ESTABLISHED l=1).mark_down
2024-04-01T01:23:48.930 INFO:teuthology.orchestra.run.smithi079.stdout:/usr/bin/ceph: stderr
2024-04-01T01:23:48.120+0000 7f7fe8138700 1 --2- 172.21.15.79:0/4076306844 >> [v2:172.21.15.79:3300/0,v1:172.21.15.79:6789/0] conn(0x7f7fe0107000 0x7f7fe01093f0 secure :-1 s=READY pgs=59 cs=0 l=1 rev1=1 crypto rx=0x7f7fdc009e80 tx=0x7f7fdc00b330 comp rx=0 tx=0).stop
2024-04-01T01:23:48.930 INFO:teuthology.orchestra.run.smithi079.stdout:/usr/bin/ceph: stderr
2024-04-01T01:23:48.120+0000 7f7fe8138700 1 -- 172.21.15.79:0/4076306844 shutdown_connections
2024-04-01T01:23:48.930 INFO:teuthology.orchestra.run.smithi079.stdout:/usr/bin/ceph: stderr
2024-04-01T01:23:48.120+0000 7f7fe8138700 1 --2- 172.21.15.79:0/4076306844 >> [v2:172.21.15.79:3300/0,v1:172.21.15.79:6789/0] conn(0x7f7fe0107000 0x7f7fe01093f0 unknown :-1 s=CLOSED pgs=59 cs=0 l=1 rev1=1 crypto rx=0 tx=0 comp rx=0 tx=0).stop
2024-04-01T01:23:48.930 INFO:teuthology.orchestra.run.smithi079.stdout:/usr/bin/ceph: stderr
2024-04-01T01:23:48.120+0000 7f7fe8138700 1 -- 172.21.15.79:0/4076306844 >> 172.21.15.79:0/4076306844 conn(0x7f7fe01009b0 msgr2=0x7f7fe0102e30 unknown :-1 s=STATE_NONE l=0).mark_down
2024-04-01T01:23:48.930 INFO:teuthology.orchestra.run.smithi079.stdout:/usr/bin/ceph: stderr
2024-04-01T01:23:48.120+0000 7f7fe8138700 1 -- 172.21.15.79:0/4076306844 shutdown_connections
2024-04-01T01:23:48.930 INFO:teuthology.orchestra.run.smithi079.stdout:/usr/bin/ceph: stderr
2024-04-01T01:23:48.120+0000 7f7fe8138700 1 -- 172.21.15.79:0/4076306844 wait complete.
2024-04-01T01:23:48.930 INFO:teuthology.orchestra.run.smithi079.stdout:/usr/bin/ceph: stderr
2024-04-01T01:23:48.121+0000 7f7fe8138700 1 Processor -- start
2024-04-01T01:23:48.930 INFO:teuthology.orchestra.run.smithi079.stdout:/usr/bin/ceph: stderr
2024-04-01T01:23:48.121+0000 7f7fe8138700 1 -- start start
2024-04-01T01:23:48.931 INFO:teuthology.orchestra.run.smithi079.stdout:/usr/bin/ceph: stderr
2024-04-01T01:23:48.121+0000 7f7fe8138700 1 --2- >> [v2:172.21.15.79:3300/0,v1:172.21.15.79:6789/0] conn(0x7f7fe0107000 0x7f7fe0106960 unknown :-1 s=NONE pgs=0 cs=0 l=1 rev1=0 crypto rx=0 tx=0 comp rx=0 tx=0).connect
2024-04-01T01:23:48.931 INFO:teuthology.orchestra.run.smithi079.stdout:/usr/bin/ceph: stderr
2024-04-01T01:23:48.121+0000 7f7fe8138700 1 -- --> [v2:172.21.15.79:3300/0,v1:172.21.15.79:6789/0] -- mon_getmap magic: 0 v1 -- 0x7f7fe0106ea0 con 0x7f7fe0107000
2024-04-01T01:23:48.931 INFO:teuthology.orchestra.run.smithi079.stdout:/usr/bin/ceph: stderr
2024-04-01T01:23:48.121+0000 7f7fe5ed4700 1 --2- >> [v2:172.21.15.79:3300/0,v1:172.21.15.79:6789/0] conn(0x7f7fe0107000 0x7f7fe0106960 unknown :-1 s=BANNER_CONNECTING pgs=0 cs=0 l=1 rev1=0 crypto rx=0 tx=0 comp rx=0 tx=0)._handle_peer_banner_payload supported=3 required=0
2024-04-01T01:23:48.931 INFO:teuthology.orchestra.run.smithi079.stdout:/usr/bin/ceph: stderr
2024-04-01T01:23:48.121+0000 7f7fe5ed4700 1 --2- >> [v2:172.21.15.79:3300/0,v1:172.21.15.79:6789/0] conn(0x7f7fe0107000 0x7f7fe0106960 unknown :-1 s=HELLO_CONNECTING pgs=0 cs=0 l=1 rev1=1 crypto rx=0 tx=0 comp rx=0 tx=0).handle_hello peer v2:172.21.15.79:3300/0 says I am v2:172.21.15.79:43006/0 (socket says 172.21.15.79:43006)
2024-04-01T01:23:48.931 INFO:teuthology.orchestra.run.smithi079.stdout:/usr/bin/ceph: stderr
2024-04-01T01:23:48.121+0000 7f7fe5ed4700 1 -- 172.21.15.79:0/4063810469 learned_addr learned my addr 172.21.15.79:0/4063810469 (peer_addr_for_me v2:172.21.15.79:0/0)
2024-04-01T01:23:48.931 INFO:teuthology.orchestra.run.smithi079.stdout:/usr/bin/ceph: stderr
2024-04-01T01:23:48.121+0000 7f7fe5ed4700 1 -- 172.21.15.79:0/4063810469 --> [v2:172.21.15.79:3300/0,v1:172.21.15.79:6789/0] -- mon_subscribe({config=0+,monmap=0+}) v3 -- 0x7f7fdc009b30 con 0x7f7fe0107000
2024-04-01T01:23:48.931 INFO:teuthology.orchestra.run.smithi079.stdout:/usr/bin/ceph: stderr
2024-04-01T01:23:48.121+0000 7f7fe5ed4700 1 --2- 172.21.15.79:0/4063810469 >> [v2:172.21.15.79:3300/0,v1:172.21.15.79:6789/0] conn(0x7f7fe0107000 0x7f7fe0106960 secure :-1 s=READY pgs=60 cs=0 l=1 rev1=1 crypto rx=0x7f7fdc009e50 tx=0x7f7fdc0049f0 comp rx=0 tx=0).ready entity=mon.0 client_cookie=0 server_cookie=0 in_seq=0 out_seq=0
