2024-04-01T01:23:52.887 INFO:teuthology.orchestra.run.smithi079.stdout:/usr/bin/ceph: stderr
2024-04-01T01:23:52.245+0000 7fb759ffb700 1 -- 172.21.15.79:0/130612321 <== mon.0 v2:172.21.15.79:3300/0 4 ==== mgrmap(e 8) v1 ==== 45283+0+0 (secure 0 0 0) 0x7fb75001ac70 con 0x7fb75c07bea0
2024-04-01T01:23:52.887 INFO:teuthology.orchestra.run.smithi079.stdout:/usr/bin/ceph: stderr
2024-04-01T01:23:52.245+0000 7fb762f7f700 1 -- 172.21.15.79:0/130612321 --> [v2:172.21.15.79:3300/0,v1:172.21.15.79:6789/0] -- mon_command({"prefix": "get_command_descriptions"} v 0) v1 -- 0x7fb75c10c900 con 0x7fb75c07bea0
2024-04-01T01:23:52.887 INFO:teuthology.orchestra.run.smithi079.stdout:/usr/bin/ceph: stderr
2024-04-01T01:23:52.245+0000 7fb759ffb700 1 --2- 172.21.15.79:0/130612321 >> [v2:172.21.15.79:6800/2958638702,v1:172.21.15.79:6801/2958638702] conn(0x7fb74c0382e0 0x7fb74c03a7a0 unknown :-1 s=NONE pgs=0 cs=0 l=1 rev1=0 crypto rx=0 tx=0 comp rx=0 tx=0).connect
2024-04-01T01:23:52.887 INFO:teuthology.orchestra.run.smithi079.stdout:/usr/bin/ceph: stderr
2024-04-01T01:23:52.245+0000 7fb759ffb700 1 -- 172.21.15.79:0/130612321 <== mon.0 v2:172.21.15.79:3300/0 5 ==== osd_map(2..2 src has 1..2) v4 ==== 940+0+0 (secure 0 0 0) 0x7fb75004c290 con 0x7fb75c07bea0
2024-04-01T01:23:52.888 INFO:teuthology.orchestra.run.smithi079.stdout:/usr/bin/ceph: stderr
2024-04-01T01:23:52.245+0000 7fb75bfff700 1 --2- 172.21.15.79:0/130612321 >> [v2:172.21.15.79:6800/2958638702,v1:172.21.15.79:6801/2958638702] conn(0x7fb74c0382e0 0x7fb74c03a7a0 unknown :-1 s=BANNER_CONNECTING pgs=0 cs=0 l=1 rev1=0 crypto rx=0 tx=0 comp rx=0 tx=0)._handle_peer_banner_payload supported=3 required=0
2024-04-01T01:23:52.888 INFO:teuthology.orchestra.run.smithi079.stdout:/usr/bin/ceph: stderr
2024-04-01T01:23:52.246+0000 7fb75bfff700 1 --2- 172.21.15.79:0/130612321 >> [v2:172.21.15.79:6800/2958638702,v1:172.21.15.79:6801/2958638702] conn(0x7fb74c0382e0 0x7fb74c03a7a0 secure :-1 s=READY pgs=21 cs=0 l=1 rev1=1 crypto rx=0x7fb748006fd0 tx=0x7fb748006e40 comp rx=0 tx=0).ready entity=mgr.14120 client_cookie=0 server_cookie=0 in_seq=0 out_seq=0
2024-04-01T01:23:52.888 INFO:teuthology.orchestra.run.smithi079.stdout:/usr/bin/ceph: stderr
2024-04-01T01:23:52.250+0000 7fb759ffb700 1 -- 172.21.15.79:0/130612321 <== mon.0 v2:172.21.15.79:3300/0 6 ==== mon_command_ack([{"prefix": "get_command_descriptions"}]=0 v0) v1 ==== 72+0+180422 (secure 0 0 0) 0x7fb750018760 con 0x7fb75c07bea0
2024-04-01T01:23:52.888 INFO:teuthology.orchestra.run.smithi079.stdout:/usr/bin/ceph: stderr
2024-04-01T01:23:52.438+0000 7fb762f7f700 1 -- 172.21.15.79:0/130612321 --> [v2:172.21.15.79:3300/0,v1:172.21.15.79:6789/0] -- mon_command([{prefix=config set, name=mgr/dashboard/ssl_server_port}] v 0) v1 -- 0x7fb75c19fe20 con 0x7fb75c07bea0
2024-04-01T01:23:52.888 INFO:teuthology.orchestra.run.smithi079.stdout:/usr/bin/ceph: stderr
2024-04-01T01:23:52.442+0000 7fb759ffb700 1 -- 172.21.15.79:0/130612321 <== mon.0 v2:172.21.15.79:3300/0 7 ==== mon_command_ack([{prefix=config set, name=mgr/dashboard/ssl_server_port}]=0 v8)=0 v8) v1 ==== 130+0+0 (secure 0 0 0) 0x7fb7500172b0 con 0x7fb75c07bea0
2024-04-01T01:23:52.888 INFO:teuthology.orchestra.run.smithi079.stdout:/usr/bin/ceph: stderr
2024-04-01T01:23:52.444+0000 7fb762f7f700 1 -- 172.21.15.79:0/130612321 >> [v2:172.21.15.79:6800/2958638702,v1:172.21.15.79:6801/2958638702] conn(0x7fb74c0382e0 msgr2=0x7fb74c03a7a0 secure :-1 s=STATE_CONNECTION_ESTABLISHED l=1).mark_down
2024-04-01T01:23:52.888 INFO:teuthology.orchestra.run.smithi079.stdout:/usr/bin/ceph: stderr
2024-04-01T01:23:52.444+0000 7fb762f7f700 1 --2- 172.21.15.79:0/130612321 >> [v2:172.21.15.79:6800/2958638702,v1:172.21.15.79:6801/2958638702] conn(0x7fb74c0382e0 0x7fb74c03a7a0 secure :-1 s=READY pgs=21 cs=0 l=1 rev1=1 crypto rx=0x7fb748006fd0 tx=0x7fb748006e40 comp rx=0 tx=0).stop
2024-04-01T01:23:52.888 INFO:teuthology.orchestra.run.smithi079.stdout:/usr/bin/ceph: stderr
2024-04-01T01:23:52.444+0000 7fb762f7f700 1 -- 172.21.15.79:0/130612321 >> [v2:172.21.15.79:3300/0,v1:172.21.15.79:6789/0] conn(0x7fb75c07bea0 msgr2=0x7fb75c19c460 secure :-1 s=STATE_CONNECTION_ESTABLISHED l=1).mark_down
2024-04-01T01:23:52.888 INFO:teuthology.orchestra.run.smithi079.stdout:/usr/bin/ceph: stderr
2024-04-01T01:23:52.444+0000 7fb762f7f700 1 --2- 172.21.15.79:0/130612321 >> [v2:172.21.15.79:3300/0,v1:172.21.15.79:6789/0] conn(0x7fb75c07bea0 0x7fb75c19c460 secure :-1 s=READY pgs=66 cs=0 l=1 rev1=1 crypto rx=0x7fb750011670 tx=0x7fb750011aa0 comp rx=0 tx=0).stop
2024-04-01T01:23:52.888 INFO:teuthology.orchestra.run.smithi079.stdout:/usr/bin/ceph: stderr
2024-04-01T01:23:52.444+0000 7fb762f7f700 1 -- 172.21.15.79:0/130612321 shutdown_connections
2024-04-01T01:23:52.888 INFO:teuthology.orchestra.run.smithi079.stdout:/usr/bin/ceph: stderr
2024-04-01T01:23:52.444+0000 7fb762f7f700 1 --2- 172.21.15.79:0/130612321 >> [v2:172.21.15.79:6800/2958638702,v1:172.21.15.79:6801/2958638702] conn(0x7fb74c0382e0 0x7fb74c03a7a0 unknown :-1 s=CLOSED pgs=21 cs=0 l=1 rev1=1 crypto rx=0 tx=0 comp rx=0 tx=0).stop
2024-04-01T01:23:52.888 INFO:teuthology.orchestra.run.smithi079.stdout:/usr/bin/ceph: stderr
2024-04-01T01:23:52.444+0000 7fb762f7f700 1 --2- 172.21.15.79:0/130612321 >> [v2:172.21.15.79:3300/0,v1:172.21.15.79:6789/0] conn(0x7fb75c07bea0 0x7fb75c19c460 unknown :-1 s=CLOSED pgs=66 cs=0 l=1 rev1=1 crypto rx=0 tx=0 comp rx=0 tx=0).stop
2024-04-01T01:23:52.889 INFO:teuthology.orchestra.run.smithi079.stdout:/usr/bin/ceph: stderr
2024-04-01T01:23:52.444+0000 7fb762f7f700 1 -- 172.21.15.79:0/130612321 >> 172.21.15.79:0/130612321 conn(0x7fb75c101b40 msgr2=0x7fb75c103190 unknown :-1 s=STATE_NONE l=0).mark_down
2024-04-01T01:23:52.889 INFO:teuthology.orchestra.run.smithi079.stdout:/usr/bin/ceph: stderr
2024-04-01T01:23:52.445+0000 7fb762f7f700 1 -- 172.21.15.79:0/130612321 shutdown_connections
2024-04-01T01:23:52.889 INFO:teuthology.orchestra.run.smithi079.stdout:/usr/bin/ceph: stderr
2024-04-01T01:23:52.445+0000 7fb762f7f700 1 -- 172.21.15.79:0/130612321 wait complete.
2024-04-01T01:23:52.889 INFO:teuthology.orchestra.run.smithi079.stdout:Enabling the dashboard module...
2024-04-01T01:23:53.904 INFO:journalctl@ceph.mon.smithi079.smithi079.stdout:Apr 01 01:23:53 smithi079 ceph-mon[29314]: from='client.? 172.21.15.79:0/130612321' entity='client.admin'
2024-04-01T01:23:54.758 INFO:journalctl@ceph.mon.smithi079.smithi079.stdout:Apr 01 01:23:54 smithi079 ceph-mon[29314]: pgmap v5: 0 pgs: ; 0 B data, 0 B used, 0 B / 0 B avail
2024-04-01T01:23:54.758 INFO:journalctl@ceph.mon.smithi079.smithi079.stdout:Apr 01 01:23:54 smithi079 ceph-mon[29314]: from='client.? 172.21.15.79:0/1764362558' entity='client.admin' cmd=[{"prefix": "mgr module enable", "module": "dashboard"}]: dispatch
2024-04-01T01:23:55.041 INFO:teuthology.orchestra.run.smithi079.stdout:/usr/bin/ceph: stderr
2024-04-01T01:23:53.296+0000 7f4bb0be4700 1 Processor -- start
2024-04-01T01:23:55.041 INFO:teuthology.orchestra.run.smithi079.stdout:/usr/bin/ceph: stderr
2024-04-01T01:23:53.296+0000 7f4bb0be4700 1 -- start start
2024-04-01T01:23:55.041 INFO:teuthology.orchestra.run.smithi079.stdout:/usr/bin/ceph: stderr
2024-04-01T01:23:53.296+0000 7f4bb0be4700 1 --2- >> [v2:172.21.15.79:3300/0,v1:172.21.15.79:6789/0] conn(0x7f4bac106580 0x7f4bac1069a0 unknown :-1 s=NONE pgs=0 cs=0 l=0 rev1=0 crypto rx=0 tx=0 comp rx=0 tx=0).connect
2024-04-01T01:23:55.041 INFO:teuthology.orchestra.run.smithi079.stdout:/usr/bin/ceph: stderr
2024-04-01T01:23:53.296+0000 7f4bb0be4700 1 -- --> [v2:172.21.15.79:3300/0,v1:172.21.15.79:6789/0] -- mon_getmap magic: 0 v1 -- 0x7f4bac106f70 con 0x7f4bac106580
2024-04-01T01:23:55.042 INFO:teuthology.orchestra.run.smithi079.stdout:/usr/bin/ceph: stderr
2024-04-01T01:23:53.296+0000 7f4baa59c700 1 --2- >> [v2:172.21.15.79:3300/0,v1:172.21.15.79:6789/0] conn(0x7f4bac106580 0x7f4bac1069a0 unknown :-1 s=BANNER_CONNECTING pgs=0 cs=0 l=0 rev1=0 crypto rx=0 tx=0 comp rx=0 tx=0)._handle_peer_banner_payload supported=3 required=0
2024-04-01T01:23:55.042 INFO:teuthology.orchestra.run.smithi079.stdout:/usr/bin/ceph: stderr
2024-04-01T01:23:53.296+0000 7f4baa59c700 1 --2- >> [v2:172.21.15.79:3300/0,v1:172.21.15.79:6789/0] conn(0x7f4bac106580 0x7f4bac1069a0 unknown :-1 s=HELLO_CONNECTING pgs=0 cs=0 l=0 rev1=1 crypto rx=0 tx=0 comp rx=0 tx=0).handle_hello peer v2:172.21.15.79:3300/0 says I am v2:172.21.15.79:37526/0 (socket says 172.21.15.79:37526)
2024-04-01T01:23:55.042 INFO:teuthology.orchestra.run.smithi079.stdout:/usr/bin/ceph: stderr
2024-04-01T01:23:53.296+0000 7f4baa59c700 1 -- 172.21.15.79:0/1940364983 learned_addr learned my addr 172.21.15.79:0/1940364983 (peer_addr_for_me v2:172.21.15.79:0/0)
2024-04-01T01:23:55.042 INFO:teuthology.orchestra.run.smithi079.stdout:/usr/bin/ceph: stderr
2024-04-01T01:23:53.296+0000 7f4baa59c700 1 -- 172.21.15.79:0/1940364983 --> [v2:172.21.15.79:3300/0,v1:172.21.15.79:6789/0] -- mon_subscribe({config=0+,monmap=0+}) v3 -- 0x7f4bac107780 con 0x7f4bac106580
2024-04-01T01:23:55.042 INFO:teuthology.orchestra.run.smithi079.stdout:/usr/bin/ceph: stderr
2024-04-01T01:23:53.297+0000 7f4baa59c700 1 --2- 172.21.15.79:0/1940364983 >> [v2:172.21.15.79:3300/0,v1:172.21.15.79:6789/0] conn(0x7f4bac106580 0x7f4bac1069a0 secure :-1 s=READY pgs=67 cs=0 l=1 rev1=1 crypto rx=0x7f4b9c0098a0 tx=0x7f4b9c009bb0 comp rx=0 tx=0).ready entity=mon.0 client_cookie=b24a913931e0e98c server_cookie=0 in_seq=0 out_seq=0
2024-04-01T01:23:55.042 INFO:teuthology.orchestra.run.smithi079.stdout:/usr/bin/ceph: stderr
2024-04-01T01:23:53.297+0000 7f4ba959a700 1 -- 172.21.15.79:0/1940364983 <== mon.0 v2:172.21.15.79:3300/0 1 ==== mon_map magic: 0 v1 ==== 229+0+0 (secure 0 0 0) 0x7f4b9c004180 con 0x7f4bac106580
2024-04-01T01:23:55.042 INFO:teuthology.orchestra.run.smithi079.stdout:/usr/bin/ceph: stderr
2024-04-01T01:23:53.297+0000 7f4ba959a700 1 -- 172.21.15.79:0/1940364983 <== mon.0 v2:172.21.15.79:3300/0 2 ==== config(27 keys) v1 ==== 1101+0+0 (secure 0 0 0) 0x7f4b9c0042e0 con 0x7f4bac106580
2024-04-01T01:23:55.042 INFO:teuthology.orchestra.run.smithi079.stdout:/usr/bin/ceph: stderr
2024-04-01T01:23:53.297+0000 7f4ba959a700 1 -- 172.21.15.79:0/1940364983 <== mon.0 v2:172.21.15.79:3300/0 3 ==== mon_map magic: 0 v1 ==== 229+0+0 (secure 0 0 0) 0x7f4b9c011af0 con 0x7f4bac106580
2024-04-01T01:23:55.042 INFO:teuthology.orchestra.run.smithi079.stdout:/usr/bin/ceph: stderr
2024-04-01T01:23:53.297+0000 7f4bb0be4700 1 -- 172.21.15.79:0/1940364983 >> [v2:172.21.15.79:3300/0,v1:172.21.15.79:6789/0] conn(0x7f4bac106580 msgr2=0x7f4bac1069a0 secure :-1 s=STATE_CONNECTION_ESTABLISHED l=1).mark_down
2024-04-01T01:23:55.042 INFO:teuthology.orchestra.run.smithi079.stdout:/usr/bin/ceph: stderr
2024-04-01T01:23:53.297+0000 7f4bb0be4700 1 --2- 172.21.15.79:0/1940364983 >> [v2:172.21.15.79:3300/0,v1:172.21.15.79:6789/0] conn(0x7f4bac106580 0x7f4bac1069a0 secure :-1 s=READY pgs=67 cs=0 l=1 rev1=1 crypto rx=0x7f4b9c0098a0 tx=0x7f4b9c009bb0 comp rx=0 tx=0).stop
2024-04-01T01:23:55.042 INFO:teuthology.orchestra.run.smithi079.stdout:/usr/bin/ceph: stderr
2024-04-01T01:23:53.297+0000 7f4bb0be4700 1 -- 172.21.15.79:0/1940364983 shutdown_connections
2024-04-01T01:23:55.042 INFO:teuthology.orchestra.run.smithi079.stdout:/usr/bin/ceph: stderr
2024-04-01T01:23:53.297+0000 7f4bb0be4700 1 --2- 172.21.15.79:0/1940364983 >> [v2:172.21.15.79:3300/0,v1:172.21.15.79:6789/0] conn(0x7f4bac106580 0x7f4bac1069a0 unknown :-1 s=CLOSED pgs=67 cs=0 l=1 rev1=1 crypto rx=0 tx=0 comp rx=0 tx=0).stop
2024-04-01T01:23:55.043 INFO:teuthology.orchestra.run.smithi079.stdout:/usr/bin/ceph: stderr
2024-04-01T01:23:53.297+0000 7f4bb0be4700 1 -- 172.21.15.79:0/1940364983 >> 172.21.15.79:0/1940364983 conn(0x7f4bac101b00 msgr2=0x7f4bac103f60 unknown :-1 s=STATE_NONE l=0).mark_down
2024-04-01T01:23:55.043 INFO:teuthology.orchestra.run.smithi079.stdout:/usr/bin/ceph: stderr
2024-04-01T01:23:53.298+0000 7f4bb0be4700 1 -- 172.21.15.79:0/1940364983 shutdown_connections
2024-04-01T01:23:55.043 INFO:teuthology.orchestra.run.smithi079.stdout:/usr/bin/ceph: stderr
2024-04-01T01:23:53.298+0000 7f4bb0be4700 1 -- 172.21.15.79:0/1940364983 wait complete.
2024-04-01T01:23:55.043 INFO:teuthology.orchestra.run.smithi079.stdout:/usr/bin/ceph: stderr
2024-04-01T01:23:53.298+0000 7f4bb0be4700 1 Processor -- start
2024-04-01T01:23:55.043 INFO:teuthology.orchestra.run.smithi079.stdout:/usr/bin/ceph: stderr
2024-04-01T01:23:53.298+0000 7f4bb0be4700 1 -- start start
2024-04-01T01:23:55.043 INFO:teuthology.orchestra.run.smithi079.stdout:/usr/bin/ceph: stderr
2024-04-01T01:23:53.298+0000 7f4bb0be4700 1 --2- >> [v2:172.21.15.79:3300/0,v1:172.21.15.79:6789/0] conn(0x7f4bac106580 0x7f4bac19a290 unknown :-1 s=NONE pgs=0 cs=0 l=1 rev1=0 crypto rx=0 tx=0 comp rx=0 tx=0).connect
2024-04-01T01:23:55.043 INFO:teuthology.orchestra.run.smithi079.stdout:/usr/bin/ceph: stderr
2024-04-01T01:23:53.298+0000 7f4bb0be4700 1 -- --> [v2:172.21.15.79:3300/0,v1:172.21.15.79:6789/0] -- mon_getmap magic: 0 v1 -- 0x7f4bac19a7d0 con 0x7f4bac106580
2024-04-01T01:23:55.043 INFO:teuthology.orchestra.run.smithi079.stdout:/usr/bin/ceph: stderr
2024-04-01T01:23:53.299+0000 7f4baa59c700 1 --2- >> [v2:172.21.15.79:3300/0,v1:172.21.15.79:6789/0] conn(0x7f4bac106580 0x7f4bac19a290 unknown :-1 s=BANNER_CONNECTING pgs=0 cs=0 l=1 rev1=0 crypto rx=0 tx=0 comp rx=0 tx=0)._handle_peer_banner_payload supported=3 required=0
2024-04-01T01:23:55.043 INFO:teuthology.orchestra.run.smithi079.stdout:/usr/bin/ceph: stderr
2024-04-01T01:23:53.299+0000 7f4baa59c700 1 --2- >> [v2:172.21.15.79:3300/0,v1:172.21.15.79:6789/0] conn(0x7f4bac106580 0x7f4bac19a290 unknown :-1 s=HELLO_CONNECTING pgs=0 cs=0 l=1 rev1=1 crypto rx=0 tx=0 comp rx=0 tx=0).handle_hello peer v2:172.21.15.79:3300/0 says I am v2:172.21.15.79:37528/0 (socket says 172.21.15.79:37528)
2024-04-01T01:23:55.043 INFO:teuthology.orchestra.run.smithi079.stdout:/usr/bin/ceph: stderr
2024-04-01T01:23:53.299+0000 7f4baa59c700 1 -- 172.21.15.79:0/1764362558 learned_addr learned my addr 172.21.15.79:0/1764362558 (peer_addr_for_me v2:172.21.15.79:0/0)
2024-04-01T01:23:55.043 INFO:teuthology.orchestra.run.smithi079.stdout:/usr/bin/ceph: stderr
2024-04-01T01:23:53.299+0000 7f4baa59c700 1 -- 172.21.15.79:0/1764362558 --> [v2:172.21.15.79:3300/0,v1:172.21.15.79:6789/0] -- mon_subscribe({config=0+,monmap=0+}) v3 -- 0x7f4b9c009550 con 0x7f4bac106580
2024-04-01T01:23:55.043 INFO:teuthology.orchestra.run.smithi079.stdout:/usr/bin/ceph: stderr
2024-04-01T01:23:53.299+0000 7f4baa59c700 1 --2- 172.21.15.79:0/1764362558 >> [v2:172.21.15.79:3300/0,v1:172.21.15.79:6789/0] conn(0x7f4bac106580 0x7f4bac19a290 secure :-1 s=READY pgs=68 cs=0 l=1 rev1=1 crypto rx=0x7f4b9c011670 tx=0x7f4b9c011aa0 comp rx=0 tx=0).ready entity=mon.0 client_cookie=0 server_cookie=0 in_seq=0 out_seq=0
2024-04-01T01:23:55.043 INFO:teuthology.orchestra.run.smithi079.stdout:/usr/bin/ceph: stderr
2024-04-01T01:23:53.299+0000 7f4b9b7fe700 1 -- 172.21.15.79:0/1764362558 <== mon.0 v2:172.21.15.79:3300/0 1 ==== mon_map magic: 0 v1 ==== 229+0+0 (secure 0 0 0) 0x7f4b9c0039c0 con 0x7f4bac106580
2024-04-01T01:23:55.043 INFO:teuthology.orchestra.run.smithi079.stdout:/usr/bin/ceph: stderr
2024-04-01T01:23:53.299+0000 7f4bb0be4700 1 -- 172.21.15.79:0/1764362558 --> [v2:172.21.15.79:3300/0,v1:172.21.15.79:6789/0] -- mon_subscribe({mgrmap=0+}) v3 -- 0x7f4bac19a9d0 con 0x7f4bac106580
2024-04-01T01:23:55.044 INFO:teuthology.orchestra.run.smithi079.stdout:/usr/bin/ceph: stderr
2024-04-01T01:23:53.299+0000 7f4b9b7fe700 1 -- 172.21.15.79:0/1764362558 <== mon.0 v2:172.21.15.79:3300/0 2 ==== config(27 keys) v1 ==== 1101+0+0 (secure 0 0 0) 0x7f4b9c003b20 con 0x7f4bac106580
2024-04-01T01:23:55.044 INFO:teuthology.orchestra.run.smithi079.stdout:/usr/bin/ceph: stderr
2024-04-01T01:23:53.299+0000 7f4b9b7fe700 1 -- 172.21.15.79:0/1764362558 <== mon.0 v2:172.21.15.79:3300/0 3 ==== mon_map magic: 0 v1 ==== 229+0+0 (secure 0 0 0) 0x7f4b9c0247f0 con 0x7f4bac106580
2024-04-01T01:23:55.044 INFO:teuthology.orchestra.run.smithi079.stdout:/usr/bin/ceph: stderr
2024-04-01T01:23:53.299+0000 7f4bb0be4700 1 -- 172.21.15.79:0/1764362558 --> [v2:172.21.15.79:3300/0,v1:172.21.15.79:6789/0] -- mon_subscribe({osdmap=0}) v3 -- 0x7f4bac19ae70 con 0x7f4bac106580
2024-04-01T01:23:55.044 INFO:teuthology.orchestra.run.smithi079.stdout:/usr/bin/ceph: stderr
2024-04-01T01:23:53.300+0000 7f4b9b7fe700 1 -- 172.21.15.79:0/1764362558 <== mon.0 v2:172.21.15.79:3300/0 4 ==== mgrmap(e 8) v1 ==== 45283+0+0 (secure 0 0 0) 0x7f4b9c024ab0 con 0x7f4bac106580
2024-04-01T01:23:55.044 INFO:teuthology.orchestra.run.smithi079.stdout:/usr/bin/ceph: stderr
2024-04-01T01:23:53.300+0000 7f4b9b7fe700 1 --2- 172.21.15.79:0/1764362558 >> [v2:172.21.15.79:6800/2958638702,v1:172.21.15.79:6801/2958638702] conn(0x7f4b940382e0 0x7f4b9403a7a0 unknown :-1 s=NONE pgs=0 cs=0 l=1 rev1=0 crypto rx=0 tx=0 comp rx=0 tx=0).connect
2024-04-01T01:23:55.044 INFO:teuthology.orchestra.run.smithi079.stdout:/usr/bin/ceph: stderr
2024-04-01T01:23:53.300+0000 7f4b9b7fe700 1 -- 172.21.15.79:0/1764362558 <== mon.0 v2:172.21.15.79:3300/0 5 ==== osd_map(2..2 src has 1..2) v4 ==== 940+0+0 (secure 0 0 0) 0x7f4b9c04c2c0 con 0x7f4bac106580
2024-04-01T01:23:55.044 INFO:teuthology.orchestra.run.smithi079.stdout:/usr/bin/ceph: stderr
2024-04-01T01:23:53.300+0000 7f4ba9d9b700 1 --2- 172.21.15.79:0/1764362558 >> [v2:172.21.15.79:6800/2958638702,v1:172.21.15.79:6801/2958638702] conn(0x7f4b940382e0 0x7f4b9403a7a0 unknown :-1 s=BANNER_CONNECTING pgs=0 cs=0 l=1 rev1=0 crypto rx=0 tx=0 comp rx=0 tx=0)._handle_peer_banner_payload supported=3 required=0
2024-04-01T01:23:55.044 INFO:teuthology.orchestra.run.smithi079.stdout:/usr/bin/ceph: stderr
2024-04-01T01:23:53.300+0000 7f4bb0be4700 1 -- 172.21.15.79:0/1764362558 --> [v2:172.21.15.79:3300/0,v1:172.21.15.79:6789/0] -- mon_command({"prefix": "get_command_descriptions"} v 0) v1 -- 0x7f4bac0623c0 con 0x7f4bac106580
2024-04-01T01:23:55.044 INFO:teuthology.orchestra.run.smithi079.stdout:/usr/bin/ceph: stderr
2024-04-01T01:23:53.301+0000 7f4ba9d9b700 1 --2- 172.21.15.79:0/1764362558 >> [v2:172.21.15.79:6800/2958638702,v1:172.21.15.79:6801/2958638702] conn(0x7f4b940382e0 0x7f4b9403a7a0 secure :-1 s=READY pgs=22 cs=0 l=1 rev1=1 crypto rx=0x7f4ba0006fd0 tx=0x7f4ba0006e40 comp rx=0 tx=0).ready entity=mgr.14120 client_cookie=0 server_cookie=0 in_seq=0 out_seq=0
2024-04-01T01:23:55.044 INFO:teuthology.orchestra.run.smithi079.stdout:/usr/bin/ceph: stderr
2024-04-01T01:23:53.305+0000 7f4b9b7fe700 1 -- 172.21.15.79:0/1764362558 <== mon.0 v2:172.21.15.79:3300/0 6 ==== mon_command_ack([{"prefix": "get_command_descriptions"}]=0 v0) v1 ==== 72+0+180422 (secure 0 0 0) 0x7f4b9c024d60 con 0x7f4bac106580
2024-04-01T01:23:55.044 INFO:teuthology.orchestra.run.smithi079.stdout:/usr/bin/ceph: stderr
2024-04-01T01:23:53.547+0000 7f4bb0be4700 1 -- 172.21.15.79:0/1764362558 --> [v2:172.21.15.79:3300/0,v1:172.21.15.79:6789/0] -- mon_command({"prefix": "mgr module enable", "module": "dashboard"} v 0) v1 -- 0x7f4bac10a980 con 0x7f4bac106580
2024-04-01T01:23:55.044 INFO:teuthology.orchestra.run.smithi079.stdout:/usr/bin/ceph: stderr
2024-04-01T01:23:54.448+0000 7f4b9b7fe700 1 -- 172.21.15.79:0/1764362558 <== mon.0 v2:172.21.15.79:3300/0 7 ==== mgrmap(e 9) v1 ==== 45296+0+0 (secure 0 0 0) 0x7f4b9c01ac70 con 0x7f4bac106580
2024-04-01T01:23:55.044 INFO:teuthology.orchestra.run.smithi079.stdout:/usr/bin/ceph: stderr
2024-04-01T01:23:54.449+0000 7f4b9b7fe700 1 -- 172.21.15.79:0/1764362558 <== mon.0 v2:172.21.15.79:3300/0 8 ==== mon_command_ack([{"prefix": "mgr module enable", "module": "dashboard"}]=0 v9) v1 ==== 88+0+0 (secure 0 0 0) 0x7f4b9c02ce00 con 0x7f4bac106580
2024-04-01T01:23:55.044 INFO:teuthology.orchestra.run.smithi079.stdout:/usr/bin/ceph: stderr
2024-04-01T01:23:54.452+0000 7f4bb0be4700 1 -- 172.21.15.79:0/1764362558 >> [v2:172.21.15.79:6800/2958638702,v1:172.21.15.79:6801/2958638702] conn(0x7f4b940382e0 msgr2=0x7f4b9403a7a0 secure :-1 s=STATE_CONNECTION_ESTABLISHED l=1).mark_down
2024-04-01T01:23:55.044 INFO:teuthology.orchestra.run.smithi079.stdout:/usr/bin/ceph: stderr
2024-04-01T01:23:54.452+0000 7f4bb0be4700 1 --2- 172.21.15.79:0/1764362558 >> [v2:172.21.15.79:6800/2958638702,v1:172.21.15.79:6801/2958638702] conn(0x7f4b940382e0 0x7f4b9403a7a0 secure :-1 s=READY pgs=22 cs=0 l=1 rev1=1 crypto rx=0x7f4ba0006fd0 tx=0x7f4ba0006e40 comp rx=0 tx=0).stop
2024-04-01T01:23:55.045 INFO:teuthology.orchestra.run.smithi079.stdout:/usr/bin/ceph: stderr
2024-04-01T01:23:54.452+0000 7f4bb0be4700 1 -- 172.21.15.79:0/1764362558 >> [v2:172.21.15.79:3300/0,v1:172.21.15.79:6789/0] conn(0x7f4bac106580 msgr2=0x7f4bac19a290 secure :-1 s=STATE_CONNECTION_ESTABLISHED l=1).mark_down
2024-04-01T01:23:55.045 INFO:teuthology.orchestra.run.smithi079.stdout:/usr/bin/ceph: stderr
2024-04-01T01:23:54.452+0000 7f4bb0be4700 1 --2- 172.21.15.79:0/1764362558 >> [v2:172.21.15.79:3300/0,v1:172.21.15.79:6789/0] conn(0x7f4bac106580 0x7f4bac19a290 secure :-1 s=READY pgs=68 cs=0 l=1 rev1=1 crypto rx=0x7f4b9c011670 tx=0x7f4b9c011aa0 comp rx=0 tx=0).stop
2024-04-01T01:23:55.045 INFO:teuthology.orchestra.run.smithi079.stdout:/usr/bin/ceph: stderr
2024-04-01T01:23:54.452+0000 7f4bb0be4700 1 -- 172.21.15.79:0/1764362558 shutdown_connections
2024-04-01T01:23:55.045 INFO:teuthology.orchestra.run.smithi079.stdout:/usr/bin/ceph: stderr
2024-04-01T01:23:54.452+0000 7f4bb0be4700 1 --2- 172.21.15.79:0/1764362558 >> [v2:172.21.15.79:6800/2958638702,v1:172.21.15.79:6801/2958638702] conn(0x7f4b940382e0 0x7f4b9403a7a0 unknown :-1 s=CLOSED pgs=22 cs=0 l=1 rev1=1 crypto rx=0 tx=0 comp rx=0 tx=0).stop
2024-04-01T01:23:55.045 INFO:teuthology.orchestra.run.smithi079.stdout:/usr/bin/ceph: stderr
2024-04-01T01:23:54.452+0000 7f4bb0be4700 1 --2- 172.21.15.79:0/1764362558 >> [v2:172.21.15.79:3300/0,v1:172.21.15.79:6789/0] conn(0x7f4bac106580 0x7f4bac19a290 unknown :-1 s=CLOSED pgs=68 cs=0 l=1 rev1=1 crypto rx=0 tx=0 comp rx=0 tx=0).stop
2024-04-01T01:23:55.045 INFO:teuthology.orchestra.run.smithi079.stdout:/usr/bin/ceph: stderr
2024-04-01T01:23:54.452+0000 7f4bb0be4700 1 -- 172.21.15.79:0/1764362558 >> 172.21.15.79:0/1764362558 conn(0x7f4bac101b00 msgr2=0x7f4bac1031e0 unknown :-1 s=STATE_NONE l=0).mark_down
2024-04-01T01:23:55.045 INFO:teuthology.orchestra.run.smithi079.stdout:/usr/bin/ceph: stderr
2024-04-01T01:23:54.452+0000 7f4bb0be4700 1 -- 172.21.15.79:0/1764362558 shutdown_connections
2024-04-01T01:23:55.045 INFO:teuthology.orchestra.run.smithi079.stdout:/usr/bin/ceph: stderr
2024-04-01T01:23:54.452+0000 7f4bb0be4700 1 -- 172.21.15.79:0/1764362558 wait complete.
2024-04-01T01:23:55.654 INFO:journalctl@ceph.mon.smithi079.smithi079.stdout:Apr 01 01:23:55 smithi079 ceph-mon[29314]: from='client.? 172.21.15.79:0/1764362558' entity='client.admin' cmd='[{"prefix": "mgr module enable", "module": "dashboard"}]': finished
2024-04-01T01:23:55.655 INFO:journalctl@ceph.mon.smithi079.smithi079.stdout:Apr 01 01:23:55 smithi079 ceph-mon[29314]: mgrmap e9: smithi079.rzapin(active, since 25s)
2024-04-01T01:23:56.407 INFO:teuthology.orchestra.run.smithi079.stdout:/usr/bin/ceph: stdout {
2024-04-01T01:23:56.408 INFO:teuthology.orchestra.run.smithi079.stdout:/usr/bin/ceph: stdout "epoch": 9,
2024-04-01T01:23:56.408 INFO:teuthology.orchestra.run.smithi079.stdout:/usr/bin/ceph: stdout "available": true,
2024-04-01T01:23:56.408 INFO:teuthology.orchestra.run.smithi079.stdout:/usr/bin/ceph: stdout "active_name": "smithi079.rzapin",
2024-04-01T01:23:56.408 INFO:teuthology.orchestra.run.smithi079.stdout:/usr/bin/ceph: stdout "num_standby": 0
2024-04-01T01:23:56.408 INFO:teuthology.orchestra.run.smithi079.stdout:/usr/bin/ceph: stdout }
2024-04-01T01:23:56.408 INFO:teuthology.orchestra.run.smithi079.stdout:/usr/bin/ceph: stderr
2024-04-01T01:23:55.452+0000 7f7f87576700 1 Processor -- start
2024-04-01T01:23:56.408 INFO:teuthology.orchestra.run.smithi079.stdout:/usr/bin/ceph: stderr
2024-04-01T01:23:55.452+0000 7f7f87576700 1 -- start start
2024-04-01T01:23:56.408 INFO:teuthology.orchestra.run.smithi079.stdout:/usr/bin/ceph: stderr
2024-04-01T01:23:55.453+0000 7f7f87576700 1 --2- >> [v2:172.21.15.79:3300/0,v1:172.21.15.79:6789/0] conn(0x7f7f80104e50 0x7f7f80105270 unknown :-1 s=NONE pgs=0 cs=0 l=0 rev1=0 crypto rx=0 tx=0 comp rx=0 tx=0).connect
2024-04-01T01:23:56.408 INFO:teuthology.orchestra.run.smithi079.stdout:/usr/bin/ceph: stderr
2024-04-01T01:23:55.453+0000 7f7f87576700 1 -- --> [v2:172.21.15.79:3300/0,v1:172.21.15.79:6789/0] -- mon_getmap magic: 0 v1 -- 0x7f7f80074600 con 0x7f7f80104e50
2024-04-01T01:23:56.408 INFO:teuthology.orchestra.run.smithi079.stdout:/usr/bin/ceph: stderr
2024-04-01T01:23:55.453+0000 7f7f85312700 1 --2- >> [v2:172.21.15.79:3300/0,v1:172.21.15.79:6789/0] conn(0x7f7f80104e50 0x7f7f80105270 unknown :-1 s=BANNER_CONNECTING pgs=0 cs=0 l=0 rev1=0 crypto rx=0 tx=0 comp rx=0 tx=0)._handle_peer_banner_payload supported=3 required=0
2024-04-01T01:23:56.408 INFO:teuthology.orchestra.run.smithi079.stdout:/usr/bin/ceph: stderr
2024-04-01T01:23:55.453+0000 7f7f85312700 1 --2- >> [v2:172.21.15.79:3300/0,v1:172.21.15.79:6789/0] conn(0x7f7f80104e50 0x7f7f80105270 unknown :-1 s=HELLO_CONNECTING pgs=0 cs=0 l=0 rev1=1 crypto rx=0 tx=0 comp rx=0 tx=0).handle_hello peer v2:172.21.15.79:3300/0 says I am v2:172.21.15.79:37562/0 (socket says 172.21.15.79:37562)
2024-04-01T01:23:56.408 INFO:teuthology.orchestra.run.smithi079.stdout:/usr/bin/ceph: stderr
2024-04-01T01:23:55.453+0000 7f7f85312700 1 -- 172.21.15.79:0/1230183662 learned_addr learned my addr 172.21.15.79:0/1230183662 (peer_addr_for_me v2:172.21.15.79:0/0)
2024-04-01T01:23:56.408 INFO:teuthology.orchestra.run.smithi079.stdout:/usr/bin/ceph: stderr
2024-04-01T01:23:55.453+0000 7f7f85312700 1 -- 172.21.15.79:0/1230183662 --> [v2:172.21.15.79:3300/0,v1:172.21.15.79:6789/0] -- mon_subscribe({config=0+,monmap=0+}) v3 -- 0x7f7f801057b0 con 0x7f7f80104e50
2024-04-01T01:23:56.408 INFO:teuthology.orchestra.run.smithi079.stdout:/usr/bin/ceph: stderr
2024-04-01T01:23:55.453+0000 7f7f85312700 1 --2- 172.21.15.79:0/1230183662 >> [v2:172.21.15.79:3300/0,v1:172.21.15.79:6789/0] conn(0x7f7f80104e50 0x7f7f80105270 secure :-1 s=READY pgs=71 cs=0 l=1 rev1=1 crypto rx=0x7f7f7c0098a0 tx=0x7f7f7c009bb0 comp rx=0 tx=0).ready entity=mon.0 client_cookie=3fc07eccee8852f3 server_cookie=0 in_seq=0 out_seq=0
2024-04-01T01:23:56.408 INFO:teuthology.orchestra.run.smithi079.stdout:/usr/bin/ceph: stderr
2024-04-01T01:23:55.453+0000 7f7f77fff700 1 -- 172.21.15.79:0/1230183662 <== mon.0 v2:172.21.15.79:3300/0 1 ==== mon_map magic: 0 v1 ==== 229+0+0 (secure 0 0 0) 0x7f7f7c004180 con 0x7f7f80104e50
2024-04-01T01:23:56.409 INFO:teuthology.orchestra.run.smithi079.stdout:/usr/bin/ceph: stderr
2024-04-01T01:23:55.453+0000 7f7f77fff700 1 -- 172.21.15.79:0/1230183662 <== mon.0 v2:172.21.15.79:3300/0 2 ==== config(27 keys) v1 ==== 1101+0+0 (secure 0 0 0) 0x7f7f7c0042e0 con 0x7f7f80104e50
2024-04-01T01:23:56.409 INFO:teuthology.orchestra.run.smithi079.stdout:/usr/bin/ceph: stderr
2024-04-01T01:23:55.453+0000 7f7f77fff700 1 -- 172.21.15.79:0/1230183662 <== mon.0 v2:172.21.15.79:3300/0 3 ==== mon_map magic: 0 v1 ==== 229+0+0 (secure 0 0 0) 0x7f7f7c011af0 con 0x7f7f80104e50
2024-04-01T01:23:56.409 INFO:teuthology.orchestra.run.smithi079.stdout:/usr/bin/ceph: stderr
2024-04-01T01:23:55.454+0000 7f7f87576700 1 -- 172.21.15.79:0/1230183662 >> [v2:172.21.15.79:3300/0,v1:172.21.15.79:6789/0] conn(0x7f7f80104e50 msgr2=0x7f7f80105270 secure :-1 s=STATE_CONNECTION_ESTABLISHED l=1).mark_down
2024-04-01T01:23:56.409 INFO:teuthology.orchestra.run.smithi079.stdout:/usr/bin/ceph: stderr
2024-04-01T01:23:55.454+0000 7f7f87576700 1 --2- 172.21.15.79:0/1230183662 >> [v2:172.21.15.79:3300/0,v1:172.21.15.79:6789/0] conn(0x7f7f80104e50 0x7f7f80105270 secure :-1 s=READY pgs=71 cs=0 l=1 rev1=1 crypto rx=0x7f7f7c0098a0 tx=0x7f7f7c009bb0 comp rx=0 tx=0).stop
2024-04-01T01:23:56.409 INFO:teuthology.orchestra.run.smithi079.stdout:/usr/bin/ceph: stderr
2024-04-01T01:23:55.454+0000 7f7f87576700 1 -- 172.21.15.79:0/1230183662 shutdown_connections
2024-04-01T01:23:56.409 INFO:teuthology.orchestra.run.smithi079.stdout:/usr/bin/ceph: stderr
2024-04-01T01:23:55.454+0000 7f7f87576700 1 --2- 172.21.15.79:0/1230183662 >> [v2:172.21.15.79:3300/0,v1:172.21.15.79:6789/0] conn(0x7f7f80104e50 0x7f7f80105270 unknown :-1 s=CLOSED pgs=71 cs=0 l=1 rev1=1 crypto rx=0 tx=0 comp rx=0 tx=0).stop
2024-04-01T01:23:56.409 INFO:teuthology.orchestra.run.smithi079.stdout:/usr/bin/ceph: stderr
2024-04-01T01:23:55.454+0000 7f7f87576700 1 -- 172.21.15.79:0/1230183662 >> 172.21.15.79:0/1230183662 conn(0x7f7f801009f0 msgr2=0x7f7f80102e50 unknown :-1 s=STATE_NONE l=0).mark_down
2024-04-01T01:23:56.409 INFO:teuthology.orchestra.run.smithi079.stdout:/usr/bin/ceph: stderr
2024-04-01T01:23:55.455+0000 7f7f87576700 1 -- 172.21.15.79:0/1230183662 shutdown_connections
2024-04-01T01:23:56.409 INFO:teuthology.orchestra.run.smithi079.stdout:/usr/bin/ceph: stderr
2024-04-01T01:23:55.455+0000 7f7f87576700 1 -- 172.21.15.79:0/1230183662 wait complete.
2024-04-01T01:23:56.409 INFO:teuthology.orchestra.run.smithi079.stdout:/usr/bin/ceph: stderr
2024-04-01T01:23:55.455+0000 7f7f87576700 1 Processor -- start
2024-04-01T01:23:56.409 INFO:teuthology.orchestra.run.smithi079.stdout:/usr/bin/ceph: stderr
2024-04-01T01:23:55.455+0000 7f7f87576700 1 -- start start
2024-04-01T01:23:56.409 INFO:teuthology.orchestra.run.smithi079.stdout:/usr/bin/ceph: stderr
2024-04-01T01:23:55.456+0000 7f7f87576700 1 --2- >> [v2:172.21.15.79:3300/0,v1:172.21.15.79:6789/0] conn(0x7f7f80104e50 0x7f7f8019c3a0 unknown :-1 s=NONE pgs=0 cs=0 l=1 rev1=0 crypto rx=0 tx=0 comp rx=0 tx=0).connect
2024-04-01T01:23:56.409 INFO:teuthology.orchestra.run.smithi079.stdout:/usr/bin/ceph: stderr
2024-04-01T01:23:55.456+0000 7f7f87576700 1 -- --> [v2:172.21.15.79:3300/0,v1:172.21.15.79:6789/0] -- mon_getmap magic: 0 v1 -- 0x7f7f8019c8e0 con 0x7f7f80104e50
2024-04-01T01:23:56.409 INFO:teuthology.orchestra.run.smithi079.stdout:/usr/bin/ceph: stderr
2024-04-01T01:23:55.456+0000 7f7f85312700 1 --2- >> [v2:172.21.15.79:3300/0,v1:172.21.15.79:6789/0] conn(0x7f7f80104e50 0x7f7f8019c3a0 unknown :-1 s=BANNER_CONNECTING pgs=0 cs=0 l=1 rev1=0 crypto rx=0 tx=0 comp rx=0 tx=0)._handle_peer_banner_payload supported=3 required=0
2024-04-01T01:23:56.409 INFO:teuthology.orchestra.run.smithi079.stdout:/usr/bin/ceph: stderr
2024-04-01T01:23:55.456+0000 7f7f85312700 1 --2- >> [v2:172.21.15.79:3300/0,v1:172.21.15.79:6789/0] conn(0x7f7f80104e50 0x7f7f8019c3a0 unknown :-1 s=HELLO_CONNECTING pgs=0 cs=0 l=1 rev1=1 crypto rx=0 tx=0 comp rx=0 tx=0).handle_hello peer v2:172.21.15.79:3300/0 says I am v2:172.21.15.79:37564/0 (socket says 172.21.15.79:37564)
2024-04-01T01:23:56.410 INFO:teuthology.orchestra.run.smithi079.stdout:/usr/bin/ceph: stderr
2024-04-01T01:23:55.456+0000 7f7f85312700 1 -- 172.21.15.79:0/1687177747 learned_addr learned my addr 172.21.15.79:0/1687177747 (peer_addr_for_me v2:172.21.15.79:0/0)
2024-04-01T01:23:56.410 INFO:teuthology.orchestra.run.smithi079.stdout:/usr/bin/ceph: stderr
2024-04-01T01:23:55.456+0000 7f7f85312700 1 -- 172.21.15.79:0/1687177747 --> [v2:172.21.15.79:3300/0,v1:172.21.15.79:6789/0] -- mon_subscribe({config=0+,monmap=0+}) v3 -- 0x7f7f7c009550 con 0x7f7f80104e50
2024-04-01T01:23:56.410 INFO:teuthology.orchestra.run.smithi079.stdout:/usr/bin/ceph: stderr
2024-04-01T01:23:55.456+0000 7f7f85312700 1 --2- 172.21.15.79:0/1687177747 >> [v2:172.21.15.79:3300/0,v1:172.21.15.79:6789/0] conn(0x7f7f80104e50 0x7f7f8019c3a0 secure :-1 s=READY pgs=72 cs=0 l=1 rev1=1 crypto rx=0x7f7f7c006ba0 tx=0x7f7f7c011b50 comp rx=0 tx=0).ready entity=mon.0 client_cookie=0 server_cookie=0 in_seq=0 out_seq=0
2024-04-01T01:23:56.410 INFO:teuthology.orchestra.run.smithi079.stdout:/usr/bin/ceph: stderr
2024-04-01T01:23:55.456+0000 7f7f767fc700 1 -- 172.21.15.79:0/1687177747 <== mon.0 v2:172.21.15.79:3300/0 1 ==== mon_map magic: 0 v1 ==== 229+0+0 (secure 0 0 0) 0x7f7f7c003b00 con 0x7f7f80104e50
2024-04-01T01:23:56.410 INFO:teuthology.orchestra.run.smithi079.stdout:/usr/bin/ceph: stderr
2024-04-01T01:23:55.456+0000 7f7f767fc700 1 -- 172.21.15.79:0/1687177747 <== mon.0 v2:172.21.15.79:3300/0 2 ==== config(27 keys) v1 ==== 1101+0+0 (secure 0 0 0) 0x7f7f7c01a8e0 con 0x7f7f80104e50
2024-04-01T01:23:56.410 INFO:teuthology.orchestra.run.smithi079.stdout:/usr/bin/ceph: stderr
2024-04-01T01:23:55.456+0000 7f7f87576700 1 -- 172.21.15.79:0/1687177747 --> [v2:172.21.15.79:3300/0,v1:172.21.15.79:6789/0] -- mon_subscribe({mgrmap=0+}) v3 -- 0x7f7f8019cae0 con 0x7f7f80104e50
2024-04-01T01:23:56.410 INFO:teuthology.orchestra.run.smithi079.stdout:/usr/bin/ceph: stderr
2024-04-01T01:23:55.456+0000 7f7f767fc700 1 -- 172.21.15.79:0/1687177747 <== mon.0 v2:172.21.15.79:3300/0 3 ==== mon_map magic: 0 v1 ==== 229+0+0 (secure 0 0 0) 0x7f7f7c0199c0 con 0x7f7f80104e50
2024-04-01T01:23:56.410 INFO:teuthology.orchestra.run.smithi079.stdout:/usr/bin/ceph: stderr
2024-04-01T01:23:55.456+0000 7f7f87576700 1 -- 172.21.15.79:0/1687177747 --> [v2:172.21.15.79:3300/0,v1:172.21.15.79:6789/0] -- mon_subscribe({osdmap=0}) v3 -- 0x7f7f8019cf80 con 0x7f7f80104e50
2024-04-01T01:23:56.410 INFO:teuthology.orchestra.run.smithi079.stdout:/usr/bin/ceph: stderr
2024-04-01T01:23:55.457+0000 7f7f767fc700 1 -- 172.21.15.79:0/1687177747 <== mon.0 v2:172.21.15.79:3300/0 4 ==== mgrmap(e 9) v1 ==== 45296+0+0 (secure 0 0 0) 0x7f7f7c019c30 con 0x7f7f80104e50
2024-04-01T01:23:56.410 INFO:teuthology.orchestra.run.smithi079.stdout:/usr/bin/ceph: stderr
2024-04-01T01:23:55.457+0000 7f7f87576700 1 -- 172.21.15.79:0/1687177747 --> [v2:172.21.15.79:3300/0,v1:172.21.15.79:6789/0] -- mon_command({"prefix": "get_command_descriptions"} v 0) v1 -- 0x7f7f80195c50 con 0x7f7f80104e50
2024-04-01T01:23:56.410 INFO:teuthology.orchestra.run.smithi079.stdout:/usr/bin/ceph: stderr
2024-04-01T01:23:55.457+0000 7f7f767fc700 1 --2- 172.21.15.79:0/1687177747 >> [v2:172.21.15.79:6800/2958638702,v1:172.21.15.79:6801/2958638702] conn(0x7f7f6c038370 0x7f7f6c03a830 unknown :-1 s=NONE pgs=0 cs=0 l=1 rev1=0 crypto rx=0 tx=0 comp rx=0 tx=0).connect
2024-04-01T01:23:56.410 INFO:teuthology.orchestra.run.smithi079.stdout:/usr/bin/ceph: stderr
2024-04-01T01:23:55.457+0000 7f7f767fc700 1 -- 172.21.15.79:0/1687177747 <== mon.0 v2:172.21.15.79:3300/0 5 ==== osd_map(2..2 src has 1..2) v4 ==== 940+0+0 (secure 0 0 0) 0x7f7f7c04c5f0 con 0x7f7f80104e50
2024-04-01T01:23:56.410 INFO:teuthology.orchestra.run.smithi079.stdout:/usr/bin/ceph: stderr
2024-04-01T01:23:55.457+0000 7f7f84b11700 1 -- 172.21.15.79:0/1687177747 >> [v2:172.21.15.79:6800/2958638702,v1:172.21.15.79:6801/2958638702] conn(0x7f7f6c038370 msgr2=0x7f7f6c03a830 unknown :-1 s=STATE_CONNECTING_RE l=1).process reconnect failed to v2:172.21.15.79:6800/2958638702
2024-04-01T01:23:56.411 INFO:teuthology.orchestra.run.smithi079.stdout:/usr/bin/ceph: stderr
2024-04-01T01:23:55.457+0000 7f7f84b11700 1 --2- 172.21.15.79:0/1687177747 >> [v2:172.21.15.79:6800/2958638702,v1:172.21.15.79:6801/2958638702] conn(0x7f7f6c038370 0x7f7f6c03a830 unknown :-1 s=START_CONNECT pgs=0 cs=0 l=1 rev1=0 crypto rx=0 tx=0 comp rx=0 tx=0)._fault waiting 0.200000
2024-04-01T01:23:56.411 INFO:teuthology.orchestra.run.smithi079.stdout:/usr/bin/ceph: stderr
2024-04-01T01:23:55.462+0000 7f7f767fc700 1 -- 172.21.15.79:0/1687177747 <== mon.0 v2:172.21.15.79:3300/0 6 ==== mon_command_ack([{"prefix": "get_command_descriptions"}]=0 v0) v1 ==== 72+0+180422 (secure 0 0 0) 0x7f7f7c02d440 con 0x7f7f80104e50
2024-04-01T01:23:56.411 INFO:teuthology.orchestra.run.smithi079.stdout:/usr/bin/ceph: stderr
2024-04-01T01:23:55.658+0000 7f7f84b11700 1 -- 172.21.15.79:0/1687177747 >> [v2:172.21.15.79:6800/2958638702,v1:172.21.15.79:6801/2958638702] conn(0x7f7f6c038370 msgr2=0x7f7f6c03a830 unknown :-1 s=STATE_CONNECTING_RE l=1).process reconnect failed to v2:172.21.15.79:6800/2958638702
2024-04-01T01:23:56.411 INFO:teuthology.orchestra.run.smithi079.stdout:/usr/bin/ceph: stderr
2024-04-01T01:23:55.658+0000 7f7f84b11700 1 --2- 172.21.15.79:0/1687177747 >> [v2:172.21.15.79:6800/2958638702,v1:172.21.15.79:6801/2958638702] conn(0x7f7f6c038370 0x7f7f6c03a830 unknown :-1 s=START_CONNECT pgs=0 cs=0 l=1 rev1=0 crypto rx=0 tx=0 comp rx=0 tx=0)._fault waiting 0.400000
2024-04-01T01:23:56.411 INFO:teuthology.orchestra.run.smithi079.stdout:/usr/bin/ceph: stderr
2024-04-01T01:23:55.716+0000 7f7f87576700 1 -- 172.21.15.79:0/1687177747 --> [v2:172.21.15.79:3300/0,v1:172.21.15.79:6789/0] -- mon_command({"prefix": "mgr stat"} v 0) v1 -- 0x7f7f8002cc70 con 0x7f7f80104e50
2024-04-01T01:23:56.411 INFO:teuthology.orchestra.run.smithi079.stdout:/usr/bin/ceph: stderr
2024-04-01T01:23:55.716+0000 7f7f767fc700 1 -- 172.21.15.79:0/1687177747 <== mon.0 v2:172.21.15.79:3300/0 7 ==== mon_command_ack([{"prefix": "mgr stat"}]=0 v9) v1 ==== 56+0+103 (secure 0 0 0) 0x7f7f7c0172b0 con 0x7f7f80104e50
2024-04-01T01:23:56.411 INFO:teuthology.orchestra.run.smithi079.stdout:/usr/bin/ceph: stderr
2024-04-01T01:23:55.718+0000 7f7f87576700 1 -- 172.21.15.79:0/1687177747 >> [v2:172.21.15.79:6800/2958638702,v1:172.21.15.79:6801/2958638702] conn(0x7f7f6c038370 msgr2=0x7f7f6c03a830 unknown :-1 s=STATE_CONNECTING l=1).mark_down
2024-04-01T01:23:56.411 INFO:teuthology.orchestra.run.smithi079.stdout:/usr/bin/ceph: stderr
2024-04-01T01:23:55.718+0000 7f7f87576700 1 --2- 172.21.15.79:0/1687177747 >> [v2:172.21.15.79:6800/2958638702,v1:172.21.15.79:6801/2958638702] conn(0x7f7f6c038370 0x7f7f6c03a830 unknown :-1 s=START_CONNECT pgs=0 cs=0 l=1 rev1=0 crypto rx=0 tx=0 comp rx=0 tx=0).stop
2024-04-01T01:23:56.411 INFO:teuthology.orchestra.run.smithi079.stdout:/usr/bin/ceph: stderr
2024-04-01T01:23:55.718+0000 7f7f87576700 1 -- 172.21.15.79:0/1687177747 >> [v2:172.21.15.79:3300/0,v1:172.21.15.79:6789/0] conn(0x7f7f80104e50 msgr2=0x7f7f8019c3a0 secure :-1 s=STATE_CONNECTION_ESTABLISHED l=1).mark_down
2024-04-01T01:23:56.411 INFO:teuthology.orchestra.run.smithi079.stdout:/usr/bin/ceph: stderr
2024-04-01T01:23:55.718+0000 7f7f87576700 1 --2- 172.21.15.79:0/1687177747 >> [v2:172.21.15.79:3300/0,v1:172.21.15.79:6789/0] conn(0x7f7f80104e50 0x7f7f8019c3a0 secure :-1 s=READY pgs=72 cs=0 l=1 rev1=1 crypto rx=0x7f7f7c006ba0 tx=0x7f7f7c011b50 comp rx=0 tx=0).stop
2024-04-01T01:23:56.411 INFO:teuthology.orchestra.run.smithi079.stdout:/usr/bin/ceph: stderr
2024-04-01T01:23:55.718+0000 7f7f87576700 1 -- 172.21.15.79:0/1687177747 shutdown_connections
2024-04-01T01:23:56.411 INFO:teuthology.orchestra.run.smithi079.stdout:/usr/bin/ceph: stderr
2024-04-01T01:23:55.718+0000 7f7f87576700 1 --2- 172.21.15.79:0/1687177747 >> [v2:172.21.15.79:6800/2958638702,v1:172.21.15.79:6801/2958638702] conn(0x7f7f6c038370 0x7f7f6c03a830 unknown :-1 s=CLOSED pgs=0 cs=0 l=1 rev1=0 crypto rx=0 tx=0 comp rx=0 tx=0).stop
2024-04-01T01:23:56.411 INFO:teuthology.orchestra.run.smithi079.stdout:/usr/bin/ceph: stderr
2024-04-01T01:23:55.718+0000 7f7f87576700 1 --2- 172.21.15.79:0/1687177747 >> [v2:172.21.15.79:3300/0,v1:172.21.15.79:6789/0] conn(0x7f7f80104e50 0x7f7f8019c3a0 unknown :-1 s=CLOSED pgs=72 cs=0 l=1 rev1=1 crypto rx=0 tx=0 comp rx=0 tx=0).stop
2024-04-01T01:23:56.411 INFO:teuthology.orchestra.run.smithi079.stdout:/usr/bin/ceph: stderr
2024-04-01T01:23:55.718+0000 7f7f87576700 1 -- 172.21.15.79:0/1687177747 >> 172.21.15.79:0/1687177747 conn(0x7f7f801009f0 msgr2=0x7f7f80190a10 unknown :-1 s=STATE_NONE l=0).mark_down
2024-04-01T01:23:56.412 INFO:teuthology.orchestra.run.smithi079.stdout:/usr/bin/ceph: stderr
2024-04-01T01:23:55.718+0000 7f7f87576700 1 -- 172.21.15.79:0/1687177747 shutdown_connections
2024-04-01T01:23:56.412 INFO:teuthology.orchestra.run.smithi079.stdout:/usr/bin/ceph: stderr
2024-04-01T01:23:55.719+0000 7f7f87576700 1 -- 172.21.15.79:0/1687177747 wait complete.
2024-04-01T01:23:56.412 INFO:teuthology.orchestra.run.smithi079.stdout:Waiting for the mgr to restart...
2024-04-01T01:23:56.412 INFO:teuthology.orchestra.run.smithi079.stdout:Waiting for mgr epoch 9...
2024-04-01T01:23:56.654 INFO:journalctl@ceph.mon.smithi079.smithi079.stdout:Apr 01 01:23:56 smithi079 ceph-mon[29314]: from='client.? 172.21.15.79:0/1687177747' entity='client.admin' cmd=[{"prefix": "mgr stat"}]: dispatch
2024-04-01T01:24:01.655 INFO:journalctl@ceph.mon.smithi079.smithi079.stdout:Apr 01 01:24:01 smithi079 ceph-mon[29314]: Active manager daemon smithi079.rzapin restarted
2024-04-01T01:24:01.655 INFO:journalctl@ceph.mon.smithi079.smithi079.stdout:Apr 01 01:24:01 smithi079 ceph-mon[29314]: Activating manager daemon smithi079.rzapin
2024-04-01T01:24:01.655 INFO:journalctl@ceph.mon.smithi079.smithi079.stdout:Apr 01 01:24:01 smithi079 ceph-mon[29314]: osdmap e3: 0 total, 0 up, 0 in
2024-04-01T01:24:01.655 INFO:journalctl@ceph.mon.smithi079.smithi079.stdout:Apr 01 01:24:01 smithi079 ceph-mon[29314]: mgrmap e10: smithi079.rzapin(active, starting, since 0.00365659s)
2024-04-01T01:24:01.655 INFO:journalctl@ceph.mon.smithi079.smithi079.stdout:Apr 01 01:24:01 smithi079 ceph-mon[29314]: from='mgr.14164 172.21.15.79:0/144624194' entity='mgr.smithi079.rzapin' cmd=[{"prefix": "mon metadata", "id": "smithi079"}]: dispatch
2024-04-01T01:24:01.655 INFO:journalctl@ceph.mon.smithi079.smithi079.stdout:Apr 01 01:24:01 smithi079 ceph-mon[29314]: from='mgr.14164 172.21.15.79:0/144624194' entity='mgr.smithi079.rzapin' cmd=[{"prefix": "mgr metadata", "who": "smithi079.rzapin", "id": "smithi079.rzapin"}]: dispatch
2024-04-01T01:24:01.655 INFO:journalctl@ceph.mon.smithi079.smithi079.stdout:Apr 01 01:24:01 smithi079 ceph-mon[29314]: from='mgr.14164 172.21.15.79:0/144624194' entity='mgr.smithi079.rzapin' cmd=[{"prefix": "mds metadata"}]: dispatch
2024-04-01T01:24:01.655 INFO:journalctl@ceph.mon.smithi079.smithi079.stdout:Apr 01 01:24:01 smithi079 ceph-mon[29314]: from='mgr.14164 172.21.15.79:0/144624194' entity='mgr.smithi079.rzapin' cmd=[{"prefix": "osd metadata"}]: dispatch
2024-04-01T01:24:01.655 INFO:journalctl@ceph.mon.smithi079.smithi079.stdout:Apr 01 01:24:01 smithi079 ceph-mon[29314]: from='mgr.14164 172.21.15.79:0/144624194' entity='mgr.smithi079.rzapin' cmd=[{"prefix": "mon metadata"}]: dispatch
2024-04-01T01:24:01.655 INFO:journalctl@ceph.mon.smithi079.smithi079.stdout:Apr 01 01:24:01 smithi079 ceph-mon[29314]: Manager daemon smithi079.rzapin is now available
2024-04-01T01:24:01.655 INFO:journalctl@ceph.mon.smithi079.smithi079.stdout:Apr 01 01:24:01 smithi079 ceph-mon[29314]: from='mgr.14164 172.21.15.79:0/144624194' entity='mgr.smithi079.rzapin' cmd=[{"prefix": "config dump", "format": "json"}]: dispatch
2024-04-01T01:24:01.656 INFO:journalctl@ceph.mon.smithi079.smithi079.stdout:Apr 01 01:24:01 smithi079 ceph-mon[29314]: from='mgr.14164 172.21.15.79:0/144624194' entity='mgr.smithi079.rzapin' cmd=[{"prefix": "config dump", "format": "json"}]: dispatch
2024-04-01T01:24:01.656 INFO:journalctl@ceph.mon.smithi079.smithi079.stdout:Apr 01 01:24:01 smithi079 ceph-mon[29314]: from='mgr.14164 172.21.15.79:0/144624194' entity='mgr.smithi079.rzapin' cmd=[{"prefix":"config rm","who":"mgr","name":"mgr/rbd_support/smithi079.rzapin/mirror_snapshot_schedule"}]: dispatch
2024-04-01T01:24:01.656 INFO:journalctl@ceph.mon.smithi079.smithi079.stdout:Apr 01 01:24:01 smithi079 ceph-mon[29314]: from='mgr.14164 172.21.15.79:0/144624194' entity='mgr.smithi079.rzapin' cmd=[{"prefix":"config rm","who":"mgr","name":"mgr/rbd_support/smithi079.rzapin/trash_purge_schedule"}]: dispatch
2024-04-01T01:24:02.582 INFO:journalctl@ceph.mon.smithi079.smithi079.stdout:Apr 01 01:24:02 smithi079 ceph-mon[29314]: [01/Apr/2024:01:24:01] ENGINE Bus STARTING
2024-04-01T01:24:02.582 INFO:journalctl@ceph.mon.smithi079.smithi079.stdout:Apr 01 01:24:02 smithi079 ceph-mon[29314]: mgrmap e11: smithi079.rzapin(active, since 1.0058s)
2024-04-01T01:24:02.842 INFO:teuthology.orchestra.run.smithi079.stdout:/usr/bin/ceph: stdout {
2024-04-01T01:24:02.842 INFO:teuthology.orchestra.run.smithi079.stdout:/usr/bin/ceph: stdout "mgrmap_epoch": 11,
2024-04-01T01:24:02.842 INFO:teuthology.orchestra.run.smithi079.stdout:/usr/bin/ceph: stdout "initialized": true
2024-04-01T01:24:02.842 INFO:teuthology.orchestra.run.smithi079.stdout:/usr/bin/ceph: stdout }
2024-04-01T01:24:02.843 INFO:teuthology.orchestra.run.smithi079.stdout:/usr/bin/ceph: stderr
2024-04-01T01:23:56.869+0000 7fcedc277700 1 Processor -- start
2024-04-01T01:24:02.843 INFO:teuthology.orchestra.run.smithi079.stdout:/usr/bin/ceph: stderr
2024-04-01T01:23:56.869+0000 7fcedc277700 1 -- start start
2024-04-01T01:24:02.843 INFO:teuthology.orchestra.run.smithi079.stdout:/usr/bin/ceph: stderr
2024-04-01T01:23:56.869+0000 7fcedc277700 1 --2- >> [v2:172.21.15.79:3300/0,v1:172.21.15.79:6789/0] conn(0x7fced4104bf0 0x7fced4105010 unknown :-1 s=NONE pgs=0 cs=0 l=0 rev1=0 crypto rx=0 tx=0 comp rx=0 tx=0).connect
2024-04-01T01:24:02.843 INFO:teuthology.orchestra.run.smithi079.stdout:/usr/bin/ceph: stderr
2024-04-01T01:23:56.869+0000 7fcedc277700 1 -- --> [v2:172.21.15.79:3300/0,v1:172.21.15.79:6789/0] -- mon_getmap magic: 0 v1 -- 0x7fced41055e0 con 0x7fced4104bf0
2024-04-01T01:24:02.843 INFO:teuthology.orchestra.run.smithi079.stdout:/usr/bin/ceph: stderr
2024-04-01T01:23:56.869+0000 7fceda013700 1 --2- >> [v2:172.21.15.79:3300/0,v1:172.21.15.79:6789/0] conn(0x7fced4104bf0 0x7fced4105010 unknown :-1 s=BANNER_CONNECTING pgs=0 cs=0 l=0 rev1=0 crypto rx=0 tx=0 comp rx=0 tx=0)._handle_peer_banner_payload supported=3 required=0
2024-04-01T01:24:02.843 INFO:teuthology.orchestra.run.smithi079.stdout:/usr/bin/ceph: stderr
2024-04-01T01:23:56.869+0000 7fceda013700 1 --2- >> [v2:172.21.15.79:3300/0,v1:172.21.15.79:6789/0] conn(0x7fced4104bf0 0x7fced4105010 unknown :-1 s=HELLO_CONNECTING pgs=0 cs=0 l=0 rev1=1 crypto rx=0 tx=0 comp rx=0 tx=0).handle_hello peer v2:172.21.15.79:3300/0 says I am v2:172.21.15.79:37570/0 (socket says 172.21.15.79:37570)
2024-04-01T01:24:02.843 INFO:teuthology.orchestra.run.smithi079.stdout:/usr/bin/ceph: stderr
2024-04-01T01:23:56.869+0000 7fceda013700 1 -- 172.21.15.79:0/1241161033 learned_addr learned my addr 172.21.15.79:0/1241161033 (peer_addr_for_me v2:172.21.15.79:0/0)
2024-04-01T01:24:02.843 INFO:teuthology.orchestra.run.smithi079.stdout:/usr/bin/ceph: stderr
2024-04-01T01:23:56.870+0000 7fceda013700 1 -- 172.21.15.79:0/1241161033 --> [v2:172.21.15.79:3300/0,v1:172.21.15.79:6789/0] -- mon_subscribe({config=0+,monmap=0+}) v3 -- 0x7fced4105df0 con 0x7fced4104bf0
2024-04-01T01:24:02.843 INFO:teuthology.orchestra.run.smithi079.stdout:/usr/bin/ceph: stderr
2024-04-01T01:23:56.870+0000 7fceda013700 1 --2- 172.21.15.79:0/1241161033 >> [v2:172.21.15.79:3300/0,v1:172.21.15.79:6789/0] conn(0x7fced4104bf0 0x7fced4105010 secure :-1 s=READY pgs=73 cs=0 l=1 rev1=1 crypto rx=0x7fced00098a0 tx=0x7fced0009bb0 comp rx=0 tx=0).ready entity=mon.0 client_cookie=c343421cdc490a84 server_cookie=0 in_seq=0 out_seq=0
2024-04-01T01:24:02.843 INFO:teuthology.orchestra.run.smithi079.stdout:/usr/bin/ceph: stderr
2024-04-01T01:23:56.870+0000 7fced9011700 1 -- 172.21.15.79:0/1241161033 <== mon.0 v2:172.21.15.79:3300/0 1 ==== mon_map magic: 0 v1 ==== 229+0+0 (secure 0 0 0) 0x7fced0004180 con 0x7fced4104bf0
2024-04-01T01:24:02.843 INFO:teuthology.orchestra.run.smithi079.stdout:/usr/bin/ceph: stderr
2024-04-01T01:23:56.870+0000 7fced9011700 1 -- 172.21.15.79:0/1241161033 <== mon.0 v2:172.21.15.79:3300/0 2 ==== config(27 keys) v1 ==== 1101+0+0 (secure 0 0 0) 0x7fced00042e0 con 0x7fced4104bf0
2024-04-01T01:24:02.843 INFO:teuthology.orchestra.run.smithi079.stdout:/usr/bin/ceph: stderr
2024-04-01T01:23:56.870+0000 7fced9011700 1 -- 172.21.15.79:0/1241161033 <== mon.0 v2:172.21.15.79:3300/0 3 ==== mon_map magic: 0 v1 ==== 229+0+0 (secure 0 0 0) 0x7fced0011af0 con 0x7fced4104bf0
2024-04-01T01:24:02.843 INFO:teuthology.orchestra.run.smithi079.stdout:/usr/bin/ceph: stderr
2024-04-01T01:23:56.871+0000 7fcedc277700 1 -- 172.21.15.79:0/1241161033 >> [v2:172.21.15.79:3300/0,v1:172.21.15.79:6789/0] conn(0x7fced4104bf0 msgr2=0x7fced4105010 secure :-1 s=STATE_CONNECTION_ESTABLISHED l=1).mark_down
2024-04-01T01:24:02.843 INFO:teuthology.orchestra.run.smithi079.stdout:/usr/bin/ceph: stderr
2024-04-01T01:23:56.871+0000 7fcedc277700 1 --2- 172.21.15.79:0/1241161033 >> [v2:172.21.15.79:3300/0,v1:172.21.15.79:6789/0] conn(0x7fced4104bf0 0x7fced4105010 secure :-1 s=READY pgs=73 cs=0 l=1 rev1=1 crypto rx=0x7fced00098a0 tx=0x7fced0009bb0 comp rx=0 tx=0).stop
2024-04-01T01:24:02.844 INFO:teuthology.orchestra.run.smithi079.stdout:/usr/bin/ceph: stderr
2024-04-01T01:23:56.871+0000 7fcedc277700 1 -- 172.21.15.79:0/1241161033 shutdown_connections
2024-04-01T01:24:02.844 INFO:teuthology.orchestra.run.smithi079.stdout:/usr/bin/ceph: stderr
2024-04-01T01:23:56.871+0000 7fcedc277700 1 --2- 172.21.15.79:0/1241161033 >> [v2:172.21.15.79:3300/0,v1:172.21.15.79:6789/0] conn(0x7fced4104bf0 0x7fced4105010 unknown :-1 s=CLOSED pgs=73 cs=0 l=1 rev1=1 crypto rx=0 tx=0 comp rx=0 tx=0).stop
2024-04-01T01:24:02.844 INFO:teuthology.orchestra.run.smithi079.stdout:/usr/bin/ceph: stderr
2024-04-01T01:23:56.871+0000 7fcedc277700 1 -- 172.21.15.79:0/1241161033 >> 172.21.15.79:0/1241161033 conn(0x7fced4100190 msgr2=0x7fced41025d0 unknown :-1 s=STATE_NONE l=0).mark_down
2024-04-01T01:24:02.844 INFO:teuthology.orchestra.run.smithi079.stdout:/usr/bin/ceph: stderr
2024-04-01T01:23:56.871+0000 7fcedc277700 1 -- 172.21.15.79:0/1241161033 shutdown_connections
2024-04-01T01:24:02.844 INFO:teuthology.orchestra.run.smithi079.stdout:/usr/bin/ceph: stderr
2024-04-01T01:23:56.871+0000 7fcedc277700 1 -- 172.21.15.79:0/1241161033 wait complete.
2024-04-01T01:24:02.844 INFO:teuthology.orchestra.run.smithi079.stdout:/usr/bin/ceph: stderr
2024-04-01T01:23:56.871+0000 7fcedc277700 1 Processor -- start
2024-04-01T01:24:02.844 INFO:teuthology.orchestra.run.smithi079.stdout:/usr/bin/ceph: stderr
2024-04-01T01:23:56.871+0000 7fcedc277700 1 -- start start
2024-04-01T01:24:02.844 INFO:teuthology.orchestra.run.smithi079.stdout:/usr/bin/ceph: stderr
2024-04-01T01:23:56.871+0000 7fcedc277700 1 --2- >> [v2:172.21.15.79:3300/0,v1:172.21.15.79:6789/0] conn(0x7fced4104bf0 0x7fced4101950 unknown :-1 s=NONE pgs=0 cs=0 l=1 rev1=0 crypto rx=0 tx=0 comp rx=0 tx=0).connect
