2024-04-01T03:11:42.607 INFO:teuthology.orchestra.run.smithi003.stdout:/usr/bin/ceph: stderr
2024-04-01T03:11:41.821+0000 7f4c0beca700 1 -- --> [v2:172.21.15.3:3300/0,v1:172.21.15.3:6789/0] -- mon_getmap magic: 0 -- 0x7f4c04107250 con 0x7f4c04106860
2024-04-01T03:11:42.607 INFO:teuthology.orchestra.run.smithi003.stdout:/usr/bin/ceph: stderr
2024-04-01T03:11:41.821+0000 7f4c09c66700 1 --2- >> [v2:172.21.15.3:3300/0,v1:172.21.15.3:6789/0] conn(0x7f4c04106860 0x7f4c04106c80 unknown :-1 s=BANNER_CONNECTING pgs=0 cs=0 l=0 rev1=0 crypto rx=0 tx=0 comp rx=0 tx=0)._handle_peer_banner_payload supported=3 required=0
2024-04-01T03:11:42.607 INFO:teuthology.orchestra.run.smithi003.stdout:/usr/bin/ceph: stderr
2024-04-01T03:11:41.821+0000 7f4c09c66700 1 --2- >> [v2:172.21.15.3:3300/0,v1:172.21.15.3:6789/0] conn(0x7f4c04106860 0x7f4c04106c80 unknown :-1 s=HELLO_CONNECTING pgs=0 cs=0 l=0 rev1=1 crypto rx=0 tx=0 comp rx=0 tx=0).handle_hello peer v2:172.21.15.3:3300/0 says I am v2:172.21.15.3:48324/0 (socket says 172.21.15.3:48324)
2024-04-01T03:11:42.607 INFO:teuthology.orchestra.run.smithi003.stdout:/usr/bin/ceph: stderr
2024-04-01T03:11:41.821+0000 7f4c09c66700 1 -- 172.21.15.3:0/3663102406 learned_addr learned my addr 172.21.15.3:0/3663102406 (peer_addr_for_me v2:172.21.15.3:0/0)
2024-04-01T03:11:42.607 INFO:teuthology.orchestra.run.smithi003.stdout:/usr/bin/ceph: stderr
2024-04-01T03:11:41.822+0000 7f4c09c66700 1 -- 172.21.15.3:0/3663102406 --> [v2:172.21.15.3:3300/0,v1:172.21.15.3:6789/0] -- mon_subscribe({config=0+,monmap=0+}) -- 0x7f4c04107a60 con 0x7f4c04106860
2024-04-01T03:11:42.607 INFO:teuthology.orchestra.run.smithi003.stdout:/usr/bin/ceph: stderr
2024-04-01T03:11:41.822+0000 7f4c09c66700 1 --2- 172.21.15.3:0/3663102406 >> [v2:172.21.15.3:3300/0,v1:172.21.15.3:6789/0] conn(0x7f4c04106860 0x7f4c04106c80 secure :-1 s=READY pgs=37 cs=0 l=1 rev1=1 crypto rx=0x7f4c000098a0 tx=0x7f4c00009bb0 comp rx=0 tx=0).ready entity=mon.0 client_cookie=4bf9a4da3586898b server_cookie=0 in_seq=0 out_seq=0
2024-04-01T03:11:42.607 INFO:teuthology.orchestra.run.smithi003.stdout:/usr/bin/ceph: stderr
2024-04-01T03:11:41.822+0000 7f4c08c64700 1 -- 172.21.15.3:0/3663102406 <== mon.0 v2:172.21.15.3:3300/0 1 ==== mon_map magic: 0 ==== 205+0+0 (secure 0 0 0) 0x7f4c00004160 con 0x7f4c04106860
2024-04-01T03:11:42.607 INFO:teuthology.orchestra.run.smithi003.stdout:/usr/bin/ceph: stderr
2024-04-01T03:11:41.822+0000 7f4c08c64700 1 -- 172.21.15.3:0/3663102406 <== mon.0 v2:172.21.15.3:3300/0 2 ==== config(26 keys) ==== 1071+0+0 (secure 0 0 0) 0x7f4c00004300 con 0x7f4c04106860
2024-04-01T03:11:42.607 INFO:teuthology.orchestra.run.smithi003.stdout:/usr/bin/ceph: stderr
2024-04-01T03:11:41.822+0000 7f4c08c64700 1 -- 172.21.15.3:0/3663102406 <== mon.0 v2:172.21.15.3:3300/0 3 ==== mon_map magic: 0 ==== 205+0+0 (secure 0 0 0) 0x7f4c00011a80 con 0x7f4c04106860
2024-04-01T03:11:42.607 INFO:teuthology.orchestra.run.smithi003.stdout:/usr/bin/ceph: stderr
2024-04-01T03:11:41.823+0000 7f4c0beca700 1 -- 172.21.15.3:0/3663102406 >> [v2:172.21.15.3:3300/0,v1:172.21.15.3:6789/0] conn(0x7f4c04106860 msgr2=0x7f4c04106c80 secure :-1 s=STATE_CONNECTION_ESTABLISHED l=1).mark_down
2024-04-01T03:11:42.607 INFO:teuthology.orchestra.run.smithi003.stdout:/usr/bin/ceph: stderr
2024-04-01T03:11:41.823+0000 7f4c0beca700 1 --2- 172.21.15.3:0/3663102406 >> [v2:172.21.15.3:3300/0,v1:172.21.15.3:6789/0] conn(0x7f4c04106860 0x7f4c04106c80 secure :-1 s=READY pgs=37 cs=0 l=1 rev1=1 crypto rx=0x7f4c000098a0 tx=0x7f4c00009bb0 comp rx=0 tx=0).stop
2024-04-01T03:11:42.607 INFO:teuthology.orchestra.run.smithi003.stdout:/usr/bin/ceph: stderr
2024-04-01T03:11:41.823+0000 7f4c0beca700 1 -- 172.21.15.3:0/3663102406 shutdown_connections
2024-04-01T03:11:42.607 INFO:teuthology.orchestra.run.smithi003.stdout:/usr/bin/ceph: stderr
2024-04-01T03:11:41.823+0000 7f4c0beca700 1 --2- 172.21.15.3:0/3663102406 >> [v2:172.21.15.3:3300/0,v1:172.21.15.3:6789/0] conn(0x7f4c04106860 0x7f4c04106c80 unknown :-1 s=CLOSED pgs=37 cs=0 l=1 rev1=1 crypto rx=0 tx=0 comp rx=0 tx=0).stop
2024-04-01T03:11:42.608 INFO:teuthology.orchestra.run.smithi003.stdout:/usr/bin/ceph: stderr
2024-04-01T03:11:41.823+0000 7f4c0beca700 1 -- 172.21.15.3:0/3663102406 >> 172.21.15.3:0/3663102406 conn(0x7f4c04101ea0 msgr2=0x7f4c041042c0 unknown :-1 s=STATE_NONE l=0).mark_down
2024-04-01T03:11:42.608 INFO:teuthology.orchestra.run.smithi003.stdout:/usr/bin/ceph: stderr
2024-04-01T03:11:41.823+0000 7f4c0beca700 1 -- 172.21.15.3:0/3663102406 shutdown_connections
2024-04-01T03:11:42.608 INFO:teuthology.orchestra.run.smithi003.stdout:/usr/bin/ceph: stderr
2024-04-01T03:11:41.823+0000 7f4c0beca700 1 -- 172.21.15.3:0/3663102406 wait complete.
2024-04-01T03:11:42.608 INFO:teuthology.orchestra.run.smithi003.stdout:/usr/bin/ceph: stderr
2024-04-01T03:11:41.823+0000 7f4c0beca700 1 Processor -- start
2024-04-01T03:11:42.608 INFO:teuthology.orchestra.run.smithi003.stdout:/usr/bin/ceph: stderr
2024-04-01T03:11:41.823+0000 7f4c0beca700 1 -- start start
2024-04-01T03:11:42.608 INFO:teuthology.orchestra.run.smithi003.stdout:/usr/bin/ceph: stderr
2024-04-01T03:11:41.824+0000 7f4c0beca700 1 --2- >> [v2:172.21.15.3:3300/0,v1:172.21.15.3:6789/0] conn(0x7f4c04106860 0x7f4c0419a7c0 unknown :-1 s=NONE pgs=0 cs=0 l=1 rev1=0 crypto rx=0 tx=0 comp rx=0 tx=0).connect
2024-04-01T03:11:42.608 INFO:teuthology.orchestra.run.smithi003.stdout:/usr/bin/ceph: stderr
2024-04-01T03:11:41.824+0000 7f4c0beca700 1 -- --> [v2:172.21.15.3:3300/0,v1:172.21.15.3:6789/0] -- mon_getmap magic: 0 -- 0x7f4c0410ae10 con 0x7f4c04106860
2024-04-01T03:11:42.608 INFO:teuthology.orchestra.run.smithi003.stdout:/usr/bin/ceph: stderr
2024-04-01T03:11:41.824+0000 7f4c09c66700 1 --2- >> [v2:172.21.15.3:3300/0,v1:172.21.15.3:6789/0] conn(0x7f4c04106860 0x7f4c0419a7c0 unknown :-1 s=BANNER_CONNECTING pgs=0 cs=0 l=1 rev1=0 crypto rx=0 tx=0 comp rx=0 tx=0)._handle_peer_banner_payload supported=3 required=0
2024-04-01T03:11:42.608 INFO:teuthology.orchestra.run.smithi003.stdout:/usr/bin/ceph: stderr
2024-04-01T03:11:41.824+0000 7f4c09c66700 1 --2- >> [v2:172.21.15.3:3300/0,v1:172.21.15.3:6789/0] conn(0x7f4c04106860 0x7f4c0419a7c0 unknown :-1 s=HELLO_CONNECTING pgs=0 cs=0 l=1 rev1=1 crypto rx=0 tx=0 comp rx=0 tx=0).handle_hello peer v2:172.21.15.3:3300/0 says I am v2:172.21.15.3:48338/0 (socket says 172.21.15.3:48338)
2024-04-01T03:11:42.608 INFO:teuthology.orchestra.run.smithi003.stdout:/usr/bin/ceph: stderr
2024-04-01T03:11:41.824+0000 7f4c09c66700 1 -- 172.21.15.3:0/2497476667 learned_addr learned my addr 172.21.15.3:0/2497476667 (peer_addr_for_me v2:172.21.15.3:0/0)
2024-04-01T03:11:42.608 INFO:teuthology.orchestra.run.smithi003.stdout:/usr/bin/ceph: stderr
2024-04-01T03:11:41.824+0000 7f4c09c66700 1 -- 172.21.15.3:0/2497476667 --> [v2:172.21.15.3:3300/0,v1:172.21.15.3:6789/0] -- mon_subscribe({config=0+,monmap=0+}) -- 0x7f4c0419ad00 con 0x7f4c04106860
2024-04-01T03:11:42.608 INFO:teuthology.orchestra.run.smithi003.stdout:/usr/bin/ceph: stderr
2024-04-01T03:11:41.824+0000 7f4c09c66700 1 --2- 172.21.15.3:0/2497476667 >> [v2:172.21.15.3:3300/0,v1:172.21.15.3:6789/0] conn(0x7f4c04106860 0x7f4c0419a7c0 secure :-1 s=READY pgs=38 cs=0 l=1 rev1=1 crypto rx=0x7f4c00006af0 tx=0x7f4c00011c40 comp rx=0 tx=0).ready entity=mon.0 client_cookie=0 server_cookie=0 in_seq=0 out_seq=0
2024-04-01T03:11:42.608 INFO:teuthology.orchestra.run.smithi003.stdout:/usr/bin/ceph: stderr
2024-04-01T03:11:41.824+0000 7f4bfaffd700 1 -- 172.21.15.3:0/2497476667 <== mon.0 v2:172.21.15.3:3300/0 1 ==== mon_map magic: 0 ==== 205+0+0 (secure 0 0 0) 0x7f4c000039e0 con 0x7f4c04106860
2024-04-01T03:11:42.609 INFO:teuthology.orchestra.run.smithi003.stdout:/usr/bin/ceph: stderr
2024-04-01T03:11:41.824+0000 7f4c0beca700 1 -- 172.21.15.3:0/2497476667 --> [v2:172.21.15.3:3300/0,v1:172.21.15.3:6789/0] -- mon_subscribe({mgrmap=0+}) -- 0x7f4c0419af90 con 0x7f4c04106860
2024-04-01T03:11:42.609 INFO:teuthology.orchestra.run.smithi003.stdout:/usr/bin/ceph: stderr
2024-04-01T03:11:41.824+0000 7f4bfaffd700 1 -- 172.21.15.3:0/2497476667 <== mon.0 v2:172.21.15.3:3300/0 2 ==== config(26 keys) ==== 1071+0+0 (secure 0 0 0) 0x7f4c00003b80 con 0x7f4c04106860
2024-04-01T03:11:42.609 INFO:teuthology.orchestra.run.smithi003.stdout:/usr/bin/ceph: stderr
2024-04-01T03:11:41.824+0000 7f4bfaffd700 1 -- 172.21.15.3:0/2497476667 <== mon.0 v2:172.21.15.3:3300/0 3 ==== mon_map magic: 0 ==== 205+0+0 (secure 0 0 0) 0x7f4c000196a0 con 0x7f4c04106860
2024-04-01T03:11:42.609 INFO:teuthology.orchestra.run.smithi003.stdout:/usr/bin/ceph: stderr
2024-04-01T03:11:41.825+0000 7f4c0beca700 1 -- 172.21.15.3:0/2497476667 --> [v2:172.21.15.3:3300/0,v1:172.21.15.3:6789/0] -- mon_subscribe({osdmap=0}) -- 0x7f4c0419dc80 con 0x7f4c04106860
2024-04-01T03:11:42.609 INFO:teuthology.orchestra.run.smithi003.stdout:/usr/bin/ceph: stderr
2024-04-01T03:11:41.825+0000 7f4bfaffd700 1 -- 172.21.15.3:0/2497476667 <== mon.0 v2:172.21.15.3:3300/0 4 ==== mgrmap(e 8) ==== 46116+0+0 (secure 0 0 0) 0x7f4c0001ab50 con 0x7f4c04106860
2024-04-01T03:11:42.609 INFO:teuthology.orchestra.run.smithi003.stdout:/usr/bin/ceph: stderr
2024-04-01T03:11:41.826+0000 7f4bfaffd700 1 --2- 172.21.15.3:0/2497476667 >> [v2:172.21.15.3:6800/1109994850,v1:172.21.15.3:6801/1109994850] conn(0x7f4bf0038db0 0x7f4bf003b270 unknown :-1 s=NONE pgs=0 cs=0 l=1 rev1=0 crypto rx=0 tx=0 comp rx=0 tx=0).connect
2024-04-01T03:11:42.609 INFO:teuthology.orchestra.run.smithi003.stdout:/usr/bin/ceph: stderr
2024-04-01T03:11:41.826+0000 7f4c0beca700 1 -- 172.21.15.3:0/2497476667 --> [v2:172.21.15.3:3300/0,v1:172.21.15.3:6789/0] -- mon_command({"prefix": "get_command_descriptions"} v 0) -- 0x7f4c04063870 con 0x7f4c04106860
2024-04-01T03:11:42.609 INFO:teuthology.orchestra.run.smithi003.stdout:/usr/bin/ceph: stderr
2024-04-01T03:11:41.826+0000 7f4bfaffd700 1 -- 172.21.15.3:0/2497476667 <== mon.0 v2:172.21.15.3:3300/0 5 ==== osd_map(2..2 src has 1..2) ==== 940+0+0 (secure 0 0 0) 0x7f4c0004d280 con 0x7f4c04106860
2024-04-01T03:11:42.609 INFO:teuthology.orchestra.run.smithi003.stdout:/usr/bin/ceph: stderr
2024-04-01T03:11:41.826+0000 7f4c09465700 1 --2- 172.21.15.3:0/2497476667 >> [v2:172.21.15.3:6800/1109994850,v1:172.21.15.3:6801/1109994850] conn(0x7f4bf0038db0 0x7f4bf003b270 unknown :-1 s=BANNER_CONNECTING pgs=0 cs=0 l=1 rev1=0 crypto rx=0 tx=0 comp rx=0 tx=0)._handle_peer_banner_payload supported=3 required=0
2024-04-01T03:11:42.609 INFO:teuthology.orchestra.run.smithi003.stdout:/usr/bin/ceph: stderr
2024-04-01T03:11:41.826+0000 7f4c09465700 1 --2- 172.21.15.3:0/2497476667 >> [v2:172.21.15.3:6800/1109994850,v1:172.21.15.3:6801/1109994850] conn(0x7f4bf0038db0 0x7f4bf003b270 secure :-1 s=READY pgs=8 cs=0 l=1 rev1=1 crypto rx=0x7f4bf4006fd0 tx=0x7f4bf4006e40 comp rx=0 tx=0).ready entity=mgr.14118 client_cookie=0 server_cookie=0 in_seq=0 out_seq=0
2024-04-01T03:11:42.609 INFO:teuthology.orchestra.run.smithi003.stdout:/usr/bin/ceph: stderr
2024-04-01T03:11:41.831+0000 7f4bfaffd700 1 -- 172.21.15.3:0/2497476667 <== mon.0 v2:172.21.15.3:3300/0 6 ==== mon_command_ack([{"prefix": "get_command_descriptions"}]=0 v0) ==== 72+0+184932 (secure 0 0 0) 0x7f4c0000b3e0 con 0x7f4c04106860
2024-04-01T03:11:42.609 INFO:teuthology.orchestra.run.smithi003.stdout:/usr/bin/ceph: stderr
2024-04-01T03:11:42.036+0000 7f4c0beca700 1 -- 172.21.15.3:0/2497476667 --> [v2:172.21.15.3:6800/1109994850,v1:172.21.15.3:6801/1109994850] -- mgr_command(tid 0: {"prefix": "cephadm set-user", "user": "root", "target": ["mon-mgr", ""]}) -- 0x7f4c041030d0 con 0x7f4bf0038db0
2024-04-01T03:11:42.609 INFO:teuthology.orchestra.run.smithi003.stdout:/usr/bin/ceph: stderr
2024-04-01T03:11:42.037+0000 7f4bfaffd700 1 -- 172.21.15.3:0/2497476667 <== mgr.14118 v2:172.21.15.3:6800/1109994850 1 ==== mgr_command_reply(tid 0: 0 ) ==== 8+0+16 (secure 0 0 0) 0x7f4c041030d0 con 0x7f4bf0038db0
2024-04-01T03:11:42.609 INFO:teuthology.orchestra.run.smithi003.stdout:/usr/bin/ceph: stderr
2024-04-01T03:11:42.039+0000 7f4c0beca700 1 -- 172.21.15.3:0/2497476667 >> [v2:172.21.15.3:6800/1109994850,v1:172.21.15.3:6801/1109994850] conn(0x7f4bf0038db0 msgr2=0x7f4bf003b270 secure :-1 s=STATE_CONNECTION_ESTABLISHED l=1).mark_down
2024-04-01T03:11:42.610 INFO:teuthology.orchestra.run.smithi003.stdout:/usr/bin/ceph: stderr
2024-04-01T03:11:42.039+0000 7f4c0beca700 1 --2- 172.21.15.3:0/2497476667 >> [v2:172.21.15.3:6800/1109994850,v1:172.21.15.3:6801/1109994850] conn(0x7f4bf0038db0 0x7f4bf003b270 secure :-1 s=READY pgs=8 cs=0 l=1 rev1=1 crypto rx=0x7f4bf4006fd0 tx=0x7f4bf4006e40 comp rx=0 tx=0).stop
2024-04-01T03:11:42.610 INFO:teuthology.orchestra.run.smithi003.stdout:/usr/bin/ceph: stderr
2024-04-01T03:11:42.039+0000 7f4c0beca700 1 -- 172.21.15.3:0/2497476667 >> [v2:172.21.15.3:3300/0,v1:172.21.15.3:6789/0] conn(0x7f4c04106860 msgr2=0x7f4c0419a7c0 secure :-1 s=STATE_CONNECTION_ESTABLISHED l=1).mark_down
2024-04-01T03:11:42.610 INFO:teuthology.orchestra.run.smithi003.stdout:/usr/bin/ceph: stderr
2024-04-01T03:11:42.039+0000 7f4c0beca700 1 --2- 172.21.15.3:0/2497476667 >> [v2:172.21.15.3:3300/0,v1:172.21.15.3:6789/0] conn(0x7f4c04106860 0x7f4c0419a7c0 secure :-1 s=READY pgs=38 cs=0 l=1 rev1=1 crypto rx=0x7f4c00006af0 tx=0x7f4c00011c40 comp rx=0 tx=0).stop
2024-04-01T03:11:42.610 INFO:teuthology.orchestra.run.smithi003.stdout:/usr/bin/ceph: stderr
2024-04-01T03:11:42.039+0000 7f4c0beca700 1 -- 172.21.15.3:0/2497476667 shutdown_connections
2024-04-01T03:11:42.610 INFO:teuthology.orchestra.run.smithi003.stdout:/usr/bin/ceph: stderr
2024-04-01T03:11:42.039+0000 7f4c0beca700 1 --2- 172.21.15.3:0/2497476667 >> [v2:172.21.15.3:6800/1109994850,v1:172.21.15.3:6801/1109994850] conn(0x7f4bf0038db0 0x7f4bf003b270 unknown :-1 s=CLOSED pgs=8 cs=0 l=1 rev1=1 crypto rx=0 tx=0 comp rx=0 tx=0).stop
2024-04-01T03:11:42.610 INFO:teuthology.orchestra.run.smithi003.stdout:/usr/bin/ceph: stderr
2024-04-01T03:11:42.039+0000 7f4c0beca700 1 --2- 172.21.15.3:0/2497476667 >> [v2:172.21.15.3:3300/0,v1:172.21.15.3:6789/0] conn(0x7f4c04106860 0x7f4c0419a7c0 unknown :-1 s=CLOSED pgs=38 cs=0 l=1 rev1=1 crypto rx=0 tx=0 comp rx=0 tx=0).stop
2024-04-01T03:11:42.610 INFO:teuthology.orchestra.run.smithi003.stdout:/usr/bin/ceph: stderr
2024-04-01T03:11:42.039+0000 7f4c0beca700 1 -- 172.21.15.3:0/2497476667 >> 172.21.15.3:0/2497476667 conn(0x7f4c04101ea0 msgr2=0x7f4c041029c0 unknown :-1 s=STATE_NONE l=0).mark_down
2024-04-01T03:11:42.610 INFO:teuthology.orchestra.run.smithi003.stdout:/usr/bin/ceph: stderr
2024-04-01T03:11:42.039+0000 7f4c0beca700 1 -- 172.21.15.3:0/2497476667 shutdown_connections
2024-04-01T03:11:42.610 INFO:teuthology.orchestra.run.smithi003.stdout:/usr/bin/ceph: stderr
2024-04-01T03:11:42.039+0000 7f4c0beca700 1 -- 172.21.15.3:0/2497476667 wait complete.
2024-04-01T03:11:42.610 INFO:teuthology.orchestra.run.smithi003.stdout:Generating ssh key...
2024-04-01T03:11:42.850 INFO:journalctl@ceph.mon.a.smithi003.stdout:Apr 01 03:11:42 smithi003 ceph-mon[31972]: from='client.14130 -' entity='client.admin' cmd=[{"prefix": "orch set backend", "module_name": "cephadm", "target": ["mon-mgr", ""]}]: dispatch
2024-04-01T03:11:43.812 INFO:journalctl@ceph.mon.a.smithi003.stdout:Apr 01 03:11:43 smithi003 ceph-mon[31972]: from='client.14132 -' entity='client.admin' cmd=[{"prefix": "cephadm set-user", "user": "root", "target": ["mon-mgr", ""]}]: dispatch
2024-04-01T03:11:43.812 INFO:journalctl@ceph.mon.a.smithi003.stdout:Apr 01 03:11:43 smithi003 ceph-mon[31972]: from='mgr.14118 172.21.15.3:0/998959034' entity='mgr.x'
2024-04-01T03:11:43.813 INFO:journalctl@ceph.mon.a.smithi003.stdout:Apr 01 03:11:43 smithi003 ceph-mon[31972]: from='mgr.14118 172.21.15.3:0/998959034' entity='mgr.x'
2024-04-01T03:11:43.813 INFO:journalctl@ceph.mgr.x.smithi003.stdout:Apr 01 03:11:43 smithi003 ceph-564cc0a0-efd5-11ee-b647-cb9ed24678a4-mgr-x[32203]: Generating public/private rsa key pair.
2024-04-01T03:11:43.813 INFO:journalctl@ceph.mgr.x.smithi003.stdout:Apr 01 03:11:43 smithi003 ceph-564cc0a0-efd5-11ee-b647-cb9ed24678a4-mgr-x[32203]: Your identification has been saved in /tmp/tmpa5xyuqm4/key.
2024-04-01T03:11:43.813 INFO:journalctl@ceph.mgr.x.smithi003.stdout:Apr 01 03:11:43 smithi003 ceph-564cc0a0-efd5-11ee-b647-cb9ed24678a4-mgr-x[32203]: Your public key has been saved in /tmp/tmpa5xyuqm4/key.pub.
2024-04-01T03:11:43.813 INFO:journalctl@ceph.mgr.x.smithi003.stdout:Apr 01 03:11:43 smithi003 ceph-564cc0a0-efd5-11ee-b647-cb9ed24678a4-mgr-x[32203]: The key fingerprint is:
2024-04-01T03:11:43.813 INFO:journalctl@ceph.mgr.x.smithi003.stdout:Apr 01 03:11:43 smithi003 ceph-564cc0a0-efd5-11ee-b647-cb9ed24678a4-mgr-x[32203]: SHA256:rUWwMRwgSGwqgha6u4Jx5SGeB/DLRyozXhSjacwetEY ceph-564cc0a0-efd5-11ee-b647-cb9ed24678a4
2024-04-01T03:11:43.813 INFO:journalctl@ceph.mgr.x.smithi003.stdout:Apr 01 03:11:43 smithi003 ceph-564cc0a0-efd5-11ee-b647-cb9ed24678a4-mgr-x[32203]: The key's randomart image is:
2024-04-01T03:11:43.813 INFO:journalctl@ceph.mgr.x.smithi003.stdout:Apr 01 03:11:43 smithi003 ceph-564cc0a0-efd5-11ee-b647-cb9ed24678a4-mgr-x[32203]: +---[RSA 3072]----+
2024-04-01T03:11:43.813 INFO:journalctl@ceph.mgr.x.smithi003.stdout:Apr 01 03:11:43 smithi003 ceph-564cc0a0-efd5-11ee-b647-cb9ed24678a4-mgr-x[32203]: | o... .o=. |
2024-04-01T03:11:43.813 INFO:journalctl@ceph.mgr.x.smithi003.stdout:Apr 01 03:11:43 smithi003 ceph-564cc0a0-efd5-11ee-b647-cb9ed24678a4-mgr-x[32203]: |.E+o . .= |
2024-04-01T03:11:43.813 INFO:journalctl@ceph.mgr.x.smithi003.stdout:Apr 01 03:11:43 smithi003 ceph-564cc0a0-efd5-11ee-b647-cb9ed24678a4-mgr-x[32203]: |B== o . . |
2024-04-01T03:11:43.813 INFO:journalctl@ceph.mgr.x.smithi003.stdout:Apr 01 03:11:43 smithi003 ceph-564cc0a0-efd5-11ee-b647-cb9ed24678a4-mgr-x[32203]: |*@+.+ o |
2024-04-01T03:11:43.814 INFO:journalctl@ceph.mgr.x.smithi003.stdout:Apr 01 03:11:43 smithi003 ceph-564cc0a0-efd5-11ee-b647-cb9ed24678a4-mgr-x[32203]: |B+oX . S o |
2024-04-01T03:11:43.814 INFO:journalctl@ceph.mgr.x.smithi003.stdout:Apr 01 03:11:43 smithi003 ceph-564cc0a0-efd5-11ee-b647-cb9ed24678a4-mgr-x[32203]: |*.B.+ o |
2024-04-01T03:11:43.814 INFO:journalctl@ceph.mgr.x.smithi003.stdout:Apr 01 03:11:43 smithi003 ceph-564cc0a0-efd5-11ee-b647-cb9ed24678a4-mgr-x[32203]: |oB.o . |
2024-04-01T03:11:43.814 INFO:journalctl@ceph.mgr.x.smithi003.stdout:Apr 01 03:11:43 smithi003 ceph-564cc0a0-efd5-11ee-b647-cb9ed24678a4-mgr-x[32203]: |+. |
2024-04-01T03:11:43.814 INFO:journalctl@ceph.mgr.x.smithi003.stdout:Apr 01 03:11:43 smithi003 ceph-564cc0a0-efd5-11ee-b647-cb9ed24678a4-mgr-x[32203]: |o. |
2024-04-01T03:11:43.814 INFO:journalctl@ceph.mgr.x.smithi003.stdout:Apr 01 03:11:43 smithi003 ceph-564cc0a0-efd5-11ee-b647-cb9ed24678a4-mgr-x[32203]: +----[SHA256]-----+
2024-04-01T03:11:44.080 INFO:teuthology.orchestra.run.smithi003.stdout:/usr/bin/ceph: stderr
2024-04-01T03:11:43.028+0000 7f967749b700 1 Processor -- start
2024-04-01T03:11:44.080 INFO:teuthology.orchestra.run.smithi003.stdout:/usr/bin/ceph: stderr
2024-04-01T03:11:43.028+0000 7f967749b700 1 -- start start
2024-04-01T03:11:44.080 INFO:teuthology.orchestra.run.smithi003.stdout:/usr/bin/ceph: stderr
2024-04-01T03:11:43.028+0000 7f967749b700 1 --2- >> [v2:172.21.15.3:3300/0,v1:172.21.15.3:6789/0] conn(0x7f9670106200 0x7f9670106620 unknown :-1 s=NONE pgs=0 cs=0 l=0 rev1=0 crypto rx=0 tx=0 comp rx=0 tx=0).connect
2024-04-01T03:11:44.080 INFO:teuthology.orchestra.run.smithi003.stdout:/usr/bin/ceph: stderr
2024-04-01T03:11:43.028+0000 7f967749b700 1 -- --> [v2:172.21.15.3:3300/0,v1:172.21.15.3:6789/0] -- mon_getmap magic: 0 -- 0x7f967007ae40 con 0x7f9670106200
2024-04-01T03:11:44.080 INFO:teuthology.orchestra.run.smithi003.stdout:/usr/bin/ceph: stderr
2024-04-01T03:11:43.029+0000 7f9675237700 1 --2- >> [v2:172.21.15.3:3300/0,v1:172.21.15.3:6789/0] conn(0x7f9670106200 0x7f9670106620 unknown :-1 s=BANNER_CONNECTING pgs=0 cs=0 l=0 rev1=0 crypto rx=0 tx=0 comp rx=0 tx=0)._handle_peer_banner_payload supported=3 required=0
2024-04-01T03:11:44.080 INFO:teuthology.orchestra.run.smithi003.stdout:/usr/bin/ceph: stderr
2024-04-01T03:11:43.029+0000 7f9675237700 1 --2- >> [v2:172.21.15.3:3300/0,v1:172.21.15.3:6789/0] conn(0x7f9670106200 0x7f9670106620 unknown :-1 s=HELLO_CONNECTING pgs=0 cs=0 l=0 rev1=1 crypto rx=0 tx=0 comp rx=0 tx=0).handle_hello peer v2:172.21.15.3:3300/0 says I am v2:172.21.15.3:48354/0 (socket says 172.21.15.3:48354)
2024-04-01T03:11:44.080 INFO:teuthology.orchestra.run.smithi003.stdout:/usr/bin/ceph: stderr
2024-04-01T03:11:43.029+0000 7f9675237700 1 -- 172.21.15.3:0/2899241104 learned_addr learned my addr 172.21.15.3:0/2899241104 (peer_addr_for_me v2:172.21.15.3:0/0)
2024-04-01T03:11:44.080 INFO:teuthology.orchestra.run.smithi003.stdout:/usr/bin/ceph: stderr
2024-04-01T03:11:43.029+0000 7f9675237700 1 -- 172.21.15.3:0/2899241104 --> [v2:172.21.15.3:3300/0,v1:172.21.15.3:6789/0] -- mon_subscribe({config=0+,monmap=0+}) -- 0x7f9670106b60 con 0x7f9670106200
2024-04-01T03:11:44.080 INFO:teuthology.orchestra.run.smithi003.stdout:/usr/bin/ceph: stderr
2024-04-01T03:11:43.029+0000 7f9675237700 1 --2- 172.21.15.3:0/2899241104 >> [v2:172.21.15.3:3300/0,v1:172.21.15.3:6789/0] conn(0x7f9670106200 0x7f9670106620 secure :-1 s=READY pgs=39 cs=0 l=1 rev1=1 crypto rx=0x7f96680098a0 tx=0x7f9668009bb0 comp rx=0 tx=0).ready entity=mon.0 client_cookie=82d8222aebf7f18a server_cookie=0 in_seq=0 out_seq=0
2024-04-01T03:11:44.080 INFO:teuthology.orchestra.run.smithi003.stdout:/usr/bin/ceph: stderr
2024-04-01T03:11:43.029+0000 7f966ffff700 1 -- 172.21.15.3:0/2899241104 <== mon.0 v2:172.21.15.3:3300/0 1 ==== mon_map magic: 0 ==== 205+0+0 (secure 0 0 0) 0x7f9668004160 con 0x7f9670106200
2024-04-01T03:11:44.080 INFO:teuthology.orchestra.run.smithi003.stdout:/usr/bin/ceph: stderr
2024-04-01T03:11:43.029+0000 7f966ffff700 1 -- 172.21.15.3:0/2899241104 <== mon.0 v2:172.21.15.3:3300/0 2 ==== config(26 keys) ==== 1071+0+0 (secure 0 0 0) 0x7f9668004300 con 0x7f9670106200
2024-04-01T03:11:44.081 INFO:teuthology.orchestra.run.smithi003.stdout:/usr/bin/ceph: stderr
2024-04-01T03:11:43.029+0000 7f966ffff700 1 -- 172.21.15.3:0/2899241104 <== mon.0 v2:172.21.15.3:3300/0 3 ==== mon_map magic: 0 ==== 205+0+0 (secure 0 0 0) 0x7f9668011a80 con 0x7f9670106200
2024-04-01T03:11:44.081 INFO:teuthology.orchestra.run.smithi003.stdout:/usr/bin/ceph: stderr
2024-04-01T03:11:43.030+0000 7f967749b700 1 -- 172.21.15.3:0/2899241104 >> [v2:172.21.15.3:3300/0,v1:172.21.15.3:6789/0] conn(0x7f9670106200 msgr2=0x7f9670106620 secure :-1 s=STATE_CONNECTION_ESTABLISHED l=1).mark_down
2024-04-01T03:11:44.081 INFO:teuthology.orchestra.run.smithi003.stdout:/usr/bin/ceph: stderr
2024-04-01T03:11:43.030+0000 7f967749b700 1 --2- 172.21.15.3:0/2899241104 >> [v2:172.21.15.3:3300/0,v1:172.21.15.3:6789/0] conn(0x7f9670106200 0x7f9670106620 secure :-1 s=READY pgs=39 cs=0 l=1 rev1=1 crypto rx=0x7f96680098a0 tx=0x7f9668009bb0 comp rx=0 tx=0).stop
2024-04-01T03:11:44.081 INFO:teuthology.orchestra.run.smithi003.stdout:/usr/bin/ceph: stderr
2024-04-01T03:11:43.030+0000 7f967749b700 1 -- 172.21.15.3:0/2899241104 shutdown_connections
2024-04-01T03:11:44.081 INFO:teuthology.orchestra.run.smithi003.stdout:/usr/bin/ceph: stderr
2024-04-01T03:11:43.030+0000 7f967749b700 1 --2- 172.21.15.3:0/2899241104 >> [v2:172.21.15.3:3300/0,v1:172.21.15.3:6789/0] conn(0x7f9670106200 0x7f9670106620 unknown :-1 s=CLOSED pgs=39 cs=0 l=1 rev1=1 crypto rx=0 tx=0 comp rx=0 tx=0).stop
2024-04-01T03:11:44.081 INFO:teuthology.orchestra.run.smithi003.stdout:/usr/bin/ceph: stderr
2024-04-01T03:11:43.030+0000 7f967749b700 1 -- 172.21.15.3:0/2899241104 >> 172.21.15.3:0/2899241104 conn(0x7f9670101de0 msgr2=0x7f9670104220 unknown :-1 s=STATE_NONE l=0).mark_down
2024-04-01T03:11:44.081 INFO:teuthology.orchestra.run.smithi003.stdout:/usr/bin/ceph: stderr
2024-04-01T03:11:43.030+0000 7f967749b700 1 -- 172.21.15.3:0/2899241104 shutdown_connections
2024-04-01T03:11:44.081 INFO:teuthology.orchestra.run.smithi003.stdout:/usr/bin/ceph: stderr
2024-04-01T03:11:43.030+0000 7f967749b700 1 -- 172.21.15.3:0/2899241104 wait complete.
2024-04-01T03:11:44.081 INFO:teuthology.orchestra.run.smithi003.stdout:/usr/bin/ceph: stderr
2024-04-01T03:11:43.031+0000 7f967749b700 1 Processor -- start
2024-04-01T03:11:44.081 INFO:teuthology.orchestra.run.smithi003.stdout:/usr/bin/ceph: stderr
2024-04-01T03:11:43.031+0000 7f967749b700 1 -- start start
2024-04-01T03:11:44.081 INFO:teuthology.orchestra.run.smithi003.stdout:/usr/bin/ceph: stderr
2024-04-01T03:11:43.031+0000 7f967749b700 1 --2- >> [v2:172.21.15.3:3300/0,v1:172.21.15.3:6789/0] conn(0x7f9670106200 0x7f967019da70 unknown :-1 s=NONE pgs=0 cs=0 l=1 rev1=0 crypto rx=0 tx=0 comp rx=0 tx=0).connect
2024-04-01T03:11:44.081 INFO:teuthology.orchestra.run.smithi003.stdout:/usr/bin/ceph: stderr
2024-04-01T03:11:43.031+0000 7f967749b700 1 -- --> [v2:172.21.15.3:3300/0,v1:172.21.15.3:6789/0] -- mon_getmap magic: 0 -- 0x7f9670107b90 con 0x7f9670106200
2024-04-01T03:11:44.081 INFO:teuthology.orchestra.run.smithi003.stdout:/usr/bin/ceph: stderr
2024-04-01T03:11:43.031+0000 7f9675237700 1 --2- >> [v2:172.21.15.3:3300/0,v1:172.21.15.3:6789/0] conn(0x7f9670106200 0x7f967019da70 unknown :-1 s=BANNER_CONNECTING pgs=0 cs=0 l=1 rev1=0 crypto rx=0 tx=0 comp rx=0 tx=0)._handle_peer_banner_payload supported=3 required=0
2024-04-01T03:11:44.081 INFO:teuthology.orchestra.run.smithi003.stdout:/usr/bin/ceph: stderr
2024-04-01T03:11:43.031+0000 7f9675237700 1 --2- >> [v2:172.21.15.3:3300/0,v1:172.21.15.3:6789/0] conn(0x7f9670106200 0x7f967019da70 unknown :-1 s=HELLO_CONNECTING pgs=0 cs=0 l=1 rev1=1 crypto rx=0 tx=0 comp rx=0 tx=0).handle_hello peer v2:172.21.15.3:3300/0 says I am v2:172.21.15.3:48358/0 (socket says 172.21.15.3:48358)
2024-04-01T03:11:44.081 INFO:teuthology.orchestra.run.smithi003.stdout:/usr/bin/ceph: stderr
2024-04-01T03:11:43.031+0000 7f9675237700 1 -- 172.21.15.3:0/2667578145 learned_addr learned my addr 172.21.15.3:0/2667578145 (peer_addr_for_me v2:172.21.15.3:0/0)
2024-04-01T03:11:44.082 INFO:teuthology.orchestra.run.smithi003.stdout:/usr/bin/ceph: stderr
2024-04-01T03:11:43.031+0000 7f9675237700 1 -- 172.21.15.3:0/2667578145 --> [v2:172.21.15.3:3300/0,v1:172.21.15.3:6789/0] -- mon_subscribe({config=0+,monmap=0+}) -- 0x7f967019dfb0 con 0x7f9670106200
2024-04-01T03:11:44.082 INFO:teuthology.orchestra.run.smithi003.stdout:/usr/bin/ceph: stderr
2024-04-01T03:11:43.031+0000 7f9675237700 1 --2- 172.21.15.3:0/2667578145 >> [v2:172.21.15.3:3300/0,v1:172.21.15.3:6789/0] conn(0x7f9670106200 0x7f967019da70 secure :-1 s=READY pgs=40 cs=0 l=1 rev1=1 crypto rx=0x7f9668011a50 tx=0x7f9668011b30 comp rx=0 tx=0).ready entity=mon.0 client_cookie=0 server_cookie=0 in_seq=0 out_seq=0
2024-04-01T03:11:44.082 INFO:teuthology.orchestra.run.smithi003.stdout:/usr/bin/ceph: stderr
2024-04-01T03:11:43.032+0000 7f966e7fc700 1 -- 172.21.15.3:0/2667578145 <== mon.0 v2:172.21.15.3:3300/0 1 ==== mon_map magic: 0 ==== 205+0+0 (secure 0 0 0) 0x7f9668003a80 con 0x7f9670106200
2024-04-01T03:11:44.082 INFO:teuthology.orchestra.run.smithi003.stdout:/usr/bin/ceph: stderr
2024-04-01T03:11:43.032+0000 7f966e7fc700 1 -- 172.21.15.3:0/2667578145 <== mon.0 v2:172.21.15.3:3300/0 2 ==== config(26 keys) ==== 1071+0+0 (secure 0 0 0) 0x7f9668003c20 con 0x7f9670106200
2024-04-01T03:11:44.082 INFO:teuthology.orchestra.run.smithi003.stdout:/usr/bin/ceph: stderr
2024-04-01T03:11:43.032+0000 7f967749b700 1 -- 172.21.15.3:0/2667578145 --> [v2:172.21.15.3:3300/0,v1:172.21.15.3:6789/0] -- mon_subscribe({mgrmap=0+}) -- 0x7f967019e240 con 0x7f9670106200
2024-04-01T03:11:44.082 INFO:teuthology.orchestra.run.smithi003.stdout:/usr/bin/ceph: stderr
2024-04-01T03:11:43.032+0000 7f966e7fc700 1 -- 172.21.15.3:0/2667578145 <== mon.0 v2:172.21.15.3:3300/0 3 ==== mon_map magic: 0 ==== 205+0+0 (secure 0 0 0) 0x7f966801a650 con 0x7f9670106200
2024-04-01T03:11:44.082 INFO:teuthology.orchestra.run.smithi003.stdout:/usr/bin/ceph: stderr
2024-04-01T03:11:43.032+0000 7f967749b700 1 -- 172.21.15.3:0/2667578145 --> [v2:172.21.15.3:3300/0,v1:172.21.15.3:6789/0] -- mon_subscribe({osdmap=0}) -- 0x7f96701a0f30 con 0x7f9670106200
2024-04-01T03:11:44.082 INFO:teuthology.orchestra.run.smithi003.stdout:/usr/bin/ceph: stderr
2024-04-01T03:11:43.033+0000 7f966e7fc700 1 -- 172.21.15.3:0/2667578145 <== mon.0 v2:172.21.15.3:3300/0 4 ==== mgrmap(e 8) ==== 46116+0+0 (secure 0 0 0) 0x7f966801a950 con 0x7f9670106200
2024-04-01T03:11:44.082 INFO:teuthology.orchestra.run.smithi003.stdout:/usr/bin/ceph: stderr
2024-04-01T03:11:43.033+0000 7f967749b700 1 -- 172.21.15.3:0/2667578145 --> [v2:172.21.15.3:3300/0,v1:172.21.15.3:6789/0] -- mon_command({"prefix": "get_command_descriptions"} v 0) -- 0x7f9670063870 con 0x7f9670106200
2024-04-01T03:11:44.082 INFO:teuthology.orchestra.run.smithi003.stdout:/usr/bin/ceph: stderr
2024-04-01T03:11:43.033+0000 7f966e7fc700 1 --2- 172.21.15.3:0/2667578145 >> [v2:172.21.15.3:6800/1109994850,v1:172.21.15.3:6801/1109994850] conn(0x7f9658038e00 0x7f965803b2c0 unknown :-1 s=NONE pgs=0 cs=0 l=1 rev1=0 crypto rx=0 tx=0 comp rx=0 tx=0).connect
2024-04-01T03:11:44.082 INFO:teuthology.orchestra.run.smithi003.stdout:/usr/bin/ceph: stderr
2024-04-01T03:11:43.033+0000 7f966e7fc700 1 -- 172.21.15.3:0/2667578145 <== mon.0 v2:172.21.15.3:3300/0 5 ==== osd_map(2..2 src has 1..2) ==== 940+0+0 (secure 0 0 0) 0x7f966804d220 con 0x7f9670106200
2024-04-01T03:11:44.082 INFO:teuthology.orchestra.run.smithi003.stdout:/usr/bin/ceph: stderr
2024-04-01T03:11:43.033+0000 7f9674a36700 1 --2- 172.21.15.3:0/2667578145 >> [v2:172.21.15.3:6800/1109994850,v1:172.21.15.3:6801/1109994850] conn(0x7f9658038e00 0x7f965803b2c0 unknown :-1 s=BANNER_CONNECTING pgs=0 cs=0 l=1 rev1=0 crypto rx=0 tx=0 comp rx=0 tx=0)._handle_peer_banner_payload supported=3 required=0
2024-04-01T03:11:44.082 INFO:teuthology.orchestra.run.smithi003.stdout:/usr/bin/ceph: stderr
2024-04-01T03:11:43.033+0000 7f9674a36700 1 --2- 172.21.15.3:0/2667578145 >> [v2:172.21.15.3:6800/1109994850,v1:172.21.15.3:6801/1109994850] conn(0x7f9658038e00 0x7f965803b2c0 secure :-1 s=READY pgs=9 cs=0 l=1 rev1=1 crypto rx=0x7f9664006fd0 tx=0x7f9664006e40 comp rx=0 tx=0).ready entity=mgr.14118 client_cookie=0 server_cookie=0 in_seq=0 out_seq=0
2024-04-01T03:11:44.083 INFO:teuthology.orchestra.run.smithi003.stdout:/usr/bin/ceph: stderr
2024-04-01T03:11:43.038+0000 7f966e7fc700 1 -- 172.21.15.3:0/2667578145 <== mon.0 v2:172.21.15.3:3300/0 6 ==== mon_command_ack([{"prefix": "get_command_descriptions"}]=0 v0) ==== 72+0+184932 (secure 0 0 0) 0x7f966800ba00 con 0x7f9670106200
2024-04-01T03:11:44.083 INFO:teuthology.orchestra.run.smithi003.stdout:/usr/bin/ceph: stderr
2024-04-01T03:11:43.244+0000 7f967749b700 1 -- 172.21.15.3:0/2667578145 --> [v2:172.21.15.3:6800/1109994850,v1:172.21.15.3:6801/1109994850] -- mgr_command(tid 0: {"prefix": "cephadm generate-key", "target": ["mon-mgr", ""]}) -- 0x7f96700008d0 con 0x7f9658038e00
2024-04-01T03:11:44.083 INFO:teuthology.orchestra.run.smithi003.stdout:/usr/bin/ceph: stderr
2024-04-01T03:11:43.517+0000 7f966e7fc700 1 -- 172.21.15.3:0/2667578145 <== mgr.14118 v2:172.21.15.3:6800/1109994850 1 ==== mgr_command_reply(tid 0: 0 ) ==== 8+0+0 (secure 0 0 0) 0x7f96700008d0 con 0x7f9658038e00
2024-04-01T03:11:44.083 INFO:teuthology.orchestra.run.smithi003.stdout:/usr/bin/ceph: stderr
2024-04-01T03:11:43.519+0000 7f967749b700 1 -- 172.21.15.3:0/2667578145 >> [v2:172.21.15.3:6800/1109994850,v1:172.21.15.3:6801/1109994850] conn(0x7f9658038e00 msgr2=0x7f965803b2c0 secure :-1 s=STATE_CONNECTION_ESTABLISHED l=1).mark_down
2024-04-01T03:11:44.083 INFO:teuthology.orchestra.run.smithi003.stdout:/usr/bin/ceph: stderr
2024-04-01T03:11:43.519+0000 7f967749b700 1 --2- 172.21.15.3:0/2667578145 >> [v2:172.21.15.3:6800/1109994850,v1:172.21.15.3:6801/1109994850] conn(0x7f9658038e00 0x7f965803b2c0 secure :-1 s=READY pgs=9 cs=0 l=1 rev1=1 crypto rx=0x7f9664006fd0 tx=0x7f9664006e40 comp rx=0 tx=0).stop
2024-04-01T03:11:44.083 INFO:teuthology.orchestra.run.smithi003.stdout:/usr/bin/ceph: stderr
2024-04-01T03:11:43.519+0000 7f967749b700 1 -- 172.21.15.3:0/2667578145 >> [v2:172.21.15.3:3300/0,v1:172.21.15.3:6789/0] conn(0x7f9670106200 msgr2=0x7f967019da70 secure :-1 s=STATE_CONNECTION_ESTABLISHED l=1).mark_down
2024-04-01T03:11:44.083 INFO:teuthology.orchestra.run.smithi003.stdout:/usr/bin/ceph: stderr
2024-04-01T03:11:43.519+0000 7f967749b700 1 --2- 172.21.15.3:0/2667578145 >> [v2:172.21.15.3:3300/0,v1:172.21.15.3:6789/0] conn(0x7f9670106200 0x7f967019da70 secure :-1 s=READY pgs=40 cs=0 l=1 rev1=1 crypto rx=0x7f9668011a50 tx=0x7f9668011b30 comp rx=0 tx=0).stop
2024-04-01T03:11:44.083 INFO:teuthology.orchestra.run.smithi003.stdout:/usr/bin/ceph: stderr
2024-04-01T03:11:43.519+0000 7f967749b700 1 -- 172.21.15.3:0/2667578145 shutdown_connections
2024-04-01T03:11:44.083 INFO:teuthology.orchestra.run.smithi003.stdout:/usr/bin/ceph: stderr
2024-04-01T03:11:43.519+0000 7f967749b700 1 --2- 172.21.15.3:0/2667578145 >> [v2:172.21.15.3:6800/1109994850,v1:172.21.15.3:6801/1109994850] conn(0x7f9658038e00 0x7f965803b2c0 unknown :-1 s=CLOSED pgs=9 cs=0 l=1 rev1=1 crypto rx=0 tx=0 comp rx=0 tx=0).stop
2024-04-01T03:11:44.083 INFO:teuthology.orchestra.run.smithi003.stdout:/usr/bin/ceph: stderr
2024-04-01T03:11:43.519+0000 7f967749b700 1 --2- 172.21.15.3:0/2667578145 >> [v2:172.21.15.3:3300/0,v1:172.21.15.3:6789/0] conn(0x7f9670106200 0x7f967019da70 unknown :-1 s=CLOSED pgs=40 cs=0 l=1 rev1=1 crypto rx=0 tx=0 comp rx=0 tx=0).stop
2024-04-01T03:11:44.083 INFO:teuthology.orchestra.run.smithi003.stdout:/usr/bin/ceph: stderr
2024-04-01T03:11:43.519+0000 7f967749b700 1 -- 172.21.15.3:0/2667578145 >> 172.21.15.3:0/2667578145 conn(0x7f9670101de0 msgr2=0x7f9670194710 unknown :-1 s=STATE_NONE l=0).mark_down
2024-04-01T03:11:44.083 INFO:teuthology.orchestra.run.smithi003.stdout:/usr/bin/ceph: stderr
2024-04-01T03:11:43.519+0000 7f967749b700 1 -- 172.21.15.3:0/2667578145 shutdown_connections
2024-04-01T03:11:44.083 INFO:teuthology.orchestra.run.smithi003.stdout:/usr/bin/ceph: stderr
2024-04-01T03:11:43.519+0000 7f967749b700 1 -- 172.21.15.3:0/2667578145 wait complete.
2024-04-01T03:11:44.978 INFO:journalctl@ceph.mon.a.smithi003.stdout:Apr 01 03:11:44 smithi003 ceph-mon[31972]: from='client.14134 -' entity='client.admin' cmd=[{"prefix": "cephadm generate-key", "target": ["mon-mgr", ""]}]: dispatch
2024-04-01T03:11:44.978 INFO:journalctl@ceph.mon.a.smithi003.stdout:Apr 01 03:11:44 smithi003 ceph-mon[31972]: Generating ssh key...
2024-04-01T03:11:45.238 INFO:teuthology.orchestra.run.smithi003.stdout:/usr/bin/ceph: stdout ssh-rsa AAAAB3NzaC1yc2EAAAADAQABAAABgQCv21Um35l0JERiHXbG5xOjttnuOB/RWxW8B74dYDrX3JiQQxSoDo2gRUiMuwcvr58zxn5SFMaZAvySe1bV46T7J3nUnjrG4A8HxUA0/s4Xx4UAVMoYnSLM5xugZt2j0LcdSgiohMABnNeA98q+M/Ad28Sa1iJHTUNhzxaczU5VqCDrPLeg9jyGj9QevU024Aoyb7jaLioncK9ramMZTO6G7fN8+CjrItzo5P4ZYIkopTgwEQUgVxWvaL2aOrNRqE3q3VFzTcAkIXpcoTXtWJyrx+dVEP+oOiY3A7WOS+vedbxwG5QFrKNByowIwX/tIITKqEd6V05h0kp1aEWHfHabdE3S3b4jlvorBhuFr42c6WNhYaeZ70xIpXRp45nzin+1LhJcJph8WW1UViPSINK/CFUQBLGGDTAp6r0POZiJJpAU9iy1CwVR0tcaLtgSYkwr2YEOghMwekkKB7FWJlkdRJE+4nAWuhTPNTKWpU2kizFzUTAKsqRIVaj8yq/Ij1c= ceph-564cc0a0-efd5-11ee-b647-cb9ed24678a4
2024-04-01T03:11:45.238 INFO:teuthology.orchestra.run.smithi003.stdout:/usr/bin/ceph: stderr
2024-04-01T03:11:44.469+0000 7fc653588700 1 Processor -- start
2024-04-01T03:11:45.238 INFO:teuthology.orchestra.run.smithi003.stdout:/usr/bin/ceph: stderr
2024-04-01T03:11:44.469+0000 7fc653588700 1 -- start start
2024-04-01T03:11:45.238 INFO:teuthology.orchestra.run.smithi003.stdout:/usr/bin/ceph: stderr
2024-04-01T03:11:44.469+0000 7fc653588700 1 --2- >> [v2:172.21.15.3:3300/0,v1:172.21.15.3:6789/0] conn(0x7fc64c1079d0 0x7fc64c107df0 unknown :-1 s=NONE pgs=0 cs=0 l=0 rev1=0 crypto rx=0 tx=0 comp rx=0 tx=0).connect
2024-04-01T03:11:45.238 INFO:teuthology.orchestra.run.smithi003.stdout:/usr/bin/ceph: stderr
2024-04-01T03:11:44.469+0000 7fc653588700 1 -- --> [v2:172.21.15.3:3300/0,v1:172.21.15.3:6789/0] -- mon_getmap magic: 0 -- 0x7fc64c1083c0 con 0x7fc64c1079d0
2024-04-01T03:11:45.239 INFO:teuthology.orchestra.run.smithi003.stdout:/usr/bin/ceph: stderr
2024-04-01T03:11:44.469+0000 7fc651324700 1 --2- >> [v2:172.21.15.3:3300/0,v1:172.21.15.3:6789/0] conn(0x7fc64c1079d0 0x7fc64c107df0 unknown :-1 s=BANNER_CONNECTING pgs=0 cs=0 l=0 rev1=0 crypto rx=0 tx=0 comp rx=0 tx=0)._handle_peer_banner_payload supported=3 required=0
2024-04-01T03:11:45.239 INFO:teuthology.orchestra.run.smithi003.stdout:/usr/bin/ceph: stderr
2024-04-01T03:11:44.469+0000 7fc651324700 1 --2- >> [v2:172.21.15.3:3300/0,v1:172.21.15.3:6789/0] conn(0x7fc64c1079d0 0x7fc64c107df0 unknown :-1 s=HELLO_CONNECTING pgs=0 cs=0 l=0 rev1=1 crypto rx=0 tx=0 comp rx=0 tx=0).handle_hello peer v2:172.21.15.3:3300/0 says I am v2:172.21.15.3:48362/0 (socket says 172.21.15.3:48362)
2024-04-01T03:11:45.239 INFO:teuthology.orchestra.run.smithi003.stdout:/usr/bin/ceph: stderr
2024-04-01T03:11:44.469+0000 7fc651324700 1 -- 172.21.15.3:0/2724589687 learned_addr learned my addr 172.21.15.3:0/2724589687 (peer_addr_for_me v2:172.21.15.3:0/0)
2024-04-01T03:11:45.239 INFO:teuthology.orchestra.run.smithi003.stdout:/usr/bin/ceph: stderr
2024-04-01T03:11:44.470+0000 7fc651324700 1 -- 172.21.15.3:0/2724589687 --> [v2:172.21.15.3:3300/0,v1:172.21.15.3:6789/0] -- mon_subscribe({config=0+,monmap=0+}) -- 0x7fc64c108b80 con 0x7fc64c1079d0
2024-04-01T03:11:45.239 INFO:teuthology.orchestra.run.smithi003.stdout:/usr/bin/ceph: stderr
2024-04-01T03:11:44.470+0000 7fc651324700 1 --2- 172.21.15.3:0/2724589687 >> [v2:172.21.15.3:3300/0,v1:172.21.15.3:6789/0] conn(0x7fc64c1079d0 0x7fc64c107df0 secure :-1 s=READY pgs=41 cs=0 l=1 rev1=1 crypto rx=0x7fc63c0098a0 tx=0x7fc63c009bb0 comp rx=0 tx=0).ready entity=mon.0 client_cookie=db8598f051e4b8af server_cookie=0 in_seq=0 out_seq=0
2024-04-01T03:11:45.239 INFO:teuthology.orchestra.run.smithi003.stdout:/usr/bin/ceph: stderr
2024-04-01T03:11:44.470+0000 7fc643fff700 1 -- 172.21.15.3:0/2724589687 <== mon.0 v2:172.21.15.3:3300/0 1 ==== mon_map magic: 0 ==== 205+0+0 (secure 0 0 0) 0x7fc63c004160 con 0x7fc64c1079d0
2024-04-01T03:11:45.239 INFO:teuthology.orchestra.run.smithi003.stdout:/usr/bin/ceph: stderr
2024-04-01T03:11:44.470+0000 7fc643fff700 1 -- 172.21.15.3:0/2724589687 <== mon.0 v2:172.21.15.3:3300/0 2 ==== config(26 keys) ==== 1071+0+0 (secure 0 0 0) 0x7fc63c004300 con 0x7fc64c1079d0
2024-04-01T03:11:45.239 INFO:teuthology.orchestra.run.smithi003.stdout:/usr/bin/ceph: stderr
2024-04-01T03:11:44.470+0000 7fc643fff700 1 -- 172.21.15.3:0/2724589687 <== mon.0 v2:172.21.15.3:3300/0 3 ==== mon_map magic: 0 ==== 205+0+0 (secure 0 0 0) 0x7fc63c011a80 con 0x7fc64c1079d0
2024-04-01T03:11:45.239 INFO:teuthology.orchestra.run.smithi003.stdout:/usr/bin/ceph: stderr
2024-04-01T03:11:44.471+0000 7fc653588700 1 -- 172.21.15.3:0/2724589687 >> [v2:172.21.15.3:3300/0,v1:172.21.15.3:6789/0] conn(0x7fc64c1079d0 msgr2=0x7fc64c107df0 secure :-1 s=STATE_CONNECTION_ESTABLISHED l=1).mark_down
2024-04-01T03:11:45.239 INFO:teuthology.orchestra.run.smithi003.stdout:/usr/bin/ceph: stderr
2024-04-01T03:11:44.471+0000 7fc653588700 1 --2- 172.21.15.3:0/2724589687 >> [v2:172.21.15.3:3300/0,v1:172.21.15.3:6789/0] conn(0x7fc64c1079d0 0x7fc64c107df0 secure :-1 s=READY pgs=41 cs=0 l=1 rev1=1 crypto rx=0x7fc63c0098a0 tx=0x7fc63c009bb0 comp rx=0 tx=0).stop
2024-04-01T03:11:45.239 INFO:teuthology.orchestra.run.smithi003.stdout:/usr/bin/ceph: stderr
2024-04-01T03:11:44.471+0000 7fc653588700 1 -- 172.21.15.3:0/2724589687 shutdown_connections
2024-04-01T03:11:45.239 INFO:teuthology.orchestra.run.smithi003.stdout:/usr/bin/ceph: stderr
2024-04-01T03:11:44.471+0000 7fc653588700 1 --2- 172.21.15.3:0/2724589687 >> [v2:172.21.15.3:3300/0,v1:172.21.15.3:6789/0] conn(0x7fc64c1079d0 0x7fc64c107df0 unknown :-1 s=CLOSED pgs=41 cs=0 l=1 rev1=1 crypto rx=0 tx=0 comp rx=0 tx=0).stop
2024-04-01T03:11:45.239 INFO:teuthology.orchestra.run.smithi003.stdout:/usr/bin/ceph: stderr
2024-04-01T03:11:44.471+0000 7fc653588700 1 -- 172.21.15.3:0/2724589687 >> 172.21.15.3:0/2724589687 conn(0x7fc64c102fd0 msgr2=0x7fc64c1053f0 unknown :-1 s=STATE_NONE l=0).mark_down
2024-04-01T03:11:45.239 INFO:teuthology.orchestra.run.smithi003.stdout:/usr/bin/ceph: stderr
2024-04-01T03:11:44.471+0000 7fc653588700 1 -- 172.21.15.3:0/2724589687 shutdown_connections
2024-04-01T03:11:45.240 INFO:teuthology.orchestra.run.smithi003.stdout:/usr/bin/ceph: stderr
2024-04-01T03:11:44.471+0000 7fc653588700 1 -- 172.21.15.3:0/2724589687 wait complete.
2024-04-01T03:11:45.240 INFO:teuthology.orchestra.run.smithi003.stdout:/usr/bin/ceph: stderr
2024-04-01T03:11:44.471+0000 7fc653588700 1 Processor -- start
2024-04-01T03:11:45.240 INFO:teuthology.orchestra.run.smithi003.stdout:/usr/bin/ceph: stderr
2024-04-01T03:11:44.471+0000 7fc653588700 1 -- start start
2024-04-01T03:11:45.240 INFO:teuthology.orchestra.run.smithi003.stdout:/usr/bin/ceph: stderr
2024-04-01T03:11:44.472+0000 7fc653588700 1 --2- >> [v2:172.21.15.3:3300/0,v1:172.21.15.3:6789/0] conn(0x7fc64c1079d0 0x7fc64c07cb60 unknown :-1 s=NONE pgs=0 cs=0 l=1 rev1=0 crypto rx=0 tx=0 comp rx=0 tx=0).connect
2024-04-01T03:11:45.240 INFO:teuthology.orchestra.run.smithi003.stdout:/usr/bin/ceph: stderr
2024-04-01T03:11:44.472+0000 7fc653588700 1 -- --> [v2:172.21.15.3:3300/0,v1:172.21.15.3:6789/0] -- mon_getmap magic: 0 -- 0x7fc64c10bf30 con 0x7fc64c1079d0
2024-04-01T03:11:45.240 INFO:teuthology.orchestra.run.smithi003.stdout:/usr/bin/ceph: stderr
2024-04-01T03:11:44.472+0000 7fc651324700 1 --2- >> [v2:172.21.15.3:3300/0,v1:172.21.15.3:6789/0] conn(0x7fc64c1079d0 0x7fc64c07cb60 unknown :-1 s=BANNER_CONNECTING pgs=0 cs=0 l=1 rev1=0 crypto rx=0 tx=0 comp rx=0 tx=0)._handle_peer_banner_payload supported=3 required=0
2024-04-01T03:11:45.240 INFO:teuthology.orchestra.run.smithi003.stdout:/usr/bin/ceph: stderr
2024-04-01T03:11:44.472+0000 7fc651324700 1 --2- >> [v2:172.21.15.3:3300/0,v1:172.21.15.3:6789/0] conn(0x7fc64c1079d0 0x7fc64c07cb60 unknown :-1 s=HELLO_CONNECTING pgs=0 cs=0 l=1 rev1=1 crypto rx=0 tx=0 comp rx=0 tx=0).handle_hello peer v2:172.21.15.3:3300/0 says I am v2:172.21.15.3:48372/0 (socket says 172.21.15.3:48372)
2024-04-01T03:11:45.240 INFO:teuthology.orchestra.run.smithi003.stdout:/usr/bin/ceph: stderr
2024-04-01T03:11:44.472+0000 7fc651324700 1 -- 172.21.15.3:0/440694954 learned_addr learned my addr 172.21.15.3:0/440694954 (peer_addr_for_me v2:172.21.15.3:0/0)
2024-04-01T03:11:45.240 INFO:teuthology.orchestra.run.smithi003.stdout:/usr/bin/ceph: stderr
2024-04-01T03:11:44.472+0000 7fc651324700 1 -- 172.21.15.3:0/440694954 --> [v2:172.21.15.3:3300/0,v1:172.21.15.3:6789/0] -- mon_subscribe({config=0+,monmap=0+}) -- 0x7fc64c07d0a0 con 0x7fc64c1079d0
2024-04-01T03:11:45.240 INFO:teuthology.orchestra.run.smithi003.stdout:/usr/bin/ceph: stderr
2024-04-01T03:11:44.472+0000 7fc651324700 1 --2- 172.21.15.3:0/440694954 >> [v2:172.21.15.3:3300/0,v1:172.21.15.3:6789/0] conn(0x7fc64c1079d0 0x7fc64c07cb60 secure :-1 s=READY pgs=42 cs=0 l=1 rev1=1 crypto rx=0x7fc63c000c00 tx=0x7fc63c011b00 comp rx=0 tx=0).ready entity=mon.0 client_cookie=0 server_cookie=0 in_seq=0 out_seq=0
2024-04-01T03:11:45.240 INFO:teuthology.orchestra.run.smithi003.stdout:/usr/bin/ceph: stderr
2024-04-01T03:11:44.472+0000 7fc6427fc700 1 -- 172.21.15.3:0/440694954 <== mon.0 v2:172.21.15.3:3300/0 1 ==== mon_map magic: 0 ==== 205+0+0 (secure 0 0 0) 0x7fc63c0039f0 con 0x7fc64c1079d0
2024-04-01T03:11:45.240 INFO:teuthology.orchestra.run.smithi003.stdout:/usr/bin/ceph: stderr
2024-04-01T03:11:44.472+0000 7fc6427fc700 1 -- 172.21.15.3:0/440694954 <== mon.0 v2:172.21.15.3:3300/0 2 ==== config(26 keys) ==== 1071+0+0 (secure 0 0 0) 0x7fc63c003b90 con 0x7fc64c1079d0
2024-04-01T03:11:45.240 INFO:teuthology.orchestra.run.smithi003.stdout:/usr/bin/ceph: stderr
2024-04-01T03:11:44.472+0000 7fc653588700 1 -- 172.21.15.3:0/440694954 --> [v2:172.21.15.3:3300/0,v1:172.21.15.3:6789/0] -- mon_subscribe({mgrmap=0+}) -- 0x7fc64c07b290 con 0x7fc64c1079d0
2024-04-01T03:11:45.240 INFO:teuthology.orchestra.run.smithi003.stdout:/usr/bin/ceph: stderr
2024-04-01T03:11:44.472+0000 7fc6427fc700 1 -- 172.21.15.3:0/440694954 <== mon.0 v2:172.21.15.3:3300/0 3 ==== mon_map magic: 0 ==== 205+0+0 (secure 0 0 0) 0x7fc63c01a740 con 0x7fc64c1079d0
2024-04-01T03:11:45.241 INFO:teuthology.orchestra.run.smithi003.stdout:/usr/bin/ceph: stderr
2024-04-01T03:11:44.472+0000 7fc653588700 1 -- 172.21.15.3:0/440694954 --> [v2:172.21.15.3:3300/0,v1:172.21.15.3:6789/0] -- mon_subscribe({osdmap=0}) -- 0x7fc64c07b7d0 con 0x7fc64c1079d0
2024-04-01T03:11:45.241 INFO:teuthology.orchestra.run.smithi003.stdout:/usr/bin/ceph: stderr
2024-04-01T03:11:44.473+0000 7fc6427fc700 1 -- 172.21.15.3:0/440694954 <== mon.0 v2:172.21.15.3:3300/0 4 ==== mgrmap(e 8) ==== 46116+0+0 (secure 0 0 0) 0x7fc63c01aa40 con 0x7fc64c1079d0
2024-04-01T03:11:45.241 INFO:teuthology.orchestra.run.smithi003.stdout:/usr/bin/ceph: stderr
2024-04-01T03:11:44.474+0000 7fc653588700 1 -- 172.21.15.3:0/440694954 --> [v2:172.21.15.3:3300/0,v1:172.21.15.3:6789/0] -- mon_command({"prefix": "get_command_descriptions"} v 0) -- 0x7fc64c063870 con 0x7fc64c1079d0
2024-04-01T03:11:45.241 INFO:teuthology.orchestra.run.smithi003.stdout:/usr/bin/ceph: stderr
2024-04-01T03:11:44.474+0000 7fc6427fc700 1 --2- 172.21.15.3:0/440694954 >> [v2:172.21.15.3:6800/1109994850,v1:172.21.15.3:6801/1109994850] conn(0x7fc638038e00 0x7fc63803b2c0 unknown :-1 s=NONE pgs=0 cs=0 l=1 rev1=0 crypto rx=0 tx=0 comp rx=0 tx=0).connect
2024-04-01T03:11:45.241 INFO:teuthology.orchestra.run.smithi003.stdout:/usr/bin/ceph: stderr
2024-04-01T03:11:44.474+0000 7fc6427fc700 1 -- 172.21.15.3:0/440694954 <== mon.0 v2:172.21.15.3:3300/0 5 ==== osd_map(2..2 src has 1..2) ==== 940+0+0 (secure 0 0 0) 0x7fc63c04d290 con 0x7fc64c1079d0
2024-04-01T03:11:45.241 INFO:teuthology.orchestra.run.smithi003.stdout:/usr/bin/ceph: stderr
2024-04-01T03:11:44.474+0000 7fc650b23700 1 --2- 172.21.15.3:0/440694954 >> [v2:172.21.15.3:6800/1109994850,v1:172.21.15.3:6801/1109994850] conn(0x7fc638038e00 0x7fc63803b2c0 unknown :-1 s=BANNER_CONNECTING pgs=0 cs=0 l=1 rev1=0 crypto rx=0 tx=0 comp rx=0 tx=0)._handle_peer_banner_payload supported=3 required=0
2024-04-01T03:11:45.241 INFO:teuthology.orchestra.run.smithi003.stdout:/usr/bin/ceph: stderr
2024-04-01T03:11:44.474+0000 7fc650b23700 1 --2- 172.21.15.3:0/440694954 >> [v2:172.21.15.3:6800/1109994850,v1:172.21.15.3:6801/1109994850] conn(0x7fc638038e00 0x7fc63803b2c0 secure :-1 s=READY pgs=10 cs=0 l=1 rev1=1 crypto rx=0x7fc648006fd0 tx=0x7fc648006e40 comp rx=0 tx=0).ready entity=mgr.14118 client_cookie=0 server_cookie=0 in_seq=0 out_seq=0
2024-04-01T03:11:45.241 INFO:teuthology.orchestra.run.smithi003.stdout:/usr/bin/ceph: stderr
2024-04-01T03:11:44.479+0000 7fc6427fc700 1 -- 172.21.15.3:0/440694954 <== mon.0 v2:172.21.15.3:3300/0 6 ==== mon_command_ack([{"prefix": "get_command_descriptions"}]=0 v0) ==== 72+0+184932 (secure 0 0 0) 0x7fc63c004300 con 0x7fc64c1079d0
2024-04-01T03:11:45.241 INFO:teuthology.orchestra.run.smithi003.stdout:/usr/bin/ceph: stderr
2024-04-01T03:11:44.684+0000 7fc653588700 1 -- 172.21.15.3:0/440694954 --> [v2:172.21.15.3:6800/1109994850,v1:172.21.15.3:6801/1109994850] -- mgr_command(tid 0: {"prefix": "cephadm get-pub-key", "target": ["mon-mgr", ""]}) -- 0x7fc64c1041b0 con 0x7fc638038e00
2024-04-01T03:11:45.241 INFO:teuthology.orchestra.run.smithi003.stdout:/usr/bin/ceph: stderr
2024-04-01T03:11:44.684+0000 7fc6427fc700 1 -- 172.21.15.3:0/440694954 <== mgr.14118 v2:172.21.15.3:6800/1109994850 1 ==== mgr_command_reply(tid 0: 0 ) ==== 8+0+595 (secure 0 0 0) 0x7fc64c1041b0 con 0x7fc638038e00
2024-04-01T03:11:45.241 INFO:teuthology.orchestra.run.smithi003.stdout:/usr/bin/ceph: stderr
2024-04-01T03:11:44.686+0000 7fc653588700 1 -- 172.21.15.3:0/440694954 >> [v2:172.21.15.3:6800/1109994850,v1:172.21.15.3:6801/1109994850] conn(0x7fc638038e00 msgr2=0x7fc63803b2c0 secure :-1 s=STATE_CONNECTION_ESTABLISHED l=1).mark_down
2024-04-01T03:11:45.241 INFO:teuthology.orchestra.run.smithi003.stdout:/usr/bin/ceph: stderr
2024-04-01T03:11:44.686+0000 7fc653588700 1 --2- 172.21.15.3:0/440694954 >> [v2:172.21.15.3:6800/1109994850,v1:172.21.15.3:6801/1109994850] conn(0x7fc638038e00 0x7fc63803b2c0 secure :-1 s=READY pgs=10 cs=0 l=1 rev1=1 crypto rx=0x7fc648006fd0 tx=0x7fc648006e40 comp rx=0 tx=0).stop
2024-04-01T03:11:45.241 INFO:teuthology.orchestra.run.smithi003.stdout:/usr/bin/ceph: stderr
2024-04-01T03:11:44.686+0000 7fc653588700 1 -- 172.21.15.3:0/440694954 >> [v2:172.21.15.3:3300/0,v1:172.21.15.3:6789/0] conn(0x7fc64c1079d0 msgr2=0x7fc64c07cb60 secure :-1 s=STATE_CONNECTION_ESTABLISHED l=1).mark_down
2024-04-01T03:11:45.241 INFO:teuthology.orchestra.run.smithi003.stdout:/usr/bin/ceph: stderr
2024-04-01T03:11:44.686+0000 7fc653588700 1 --2- 172.21.15.3:0/440694954 >> [v2:172.21.15.3:3300/0,v1:172.21.15.3:6789/0] conn(0x7fc64c1079d0 0x7fc64c07cb60 secure :-1 s=READY pgs=42 cs=0 l=1 rev1=1 crypto rx=0x7fc63c000c00 tx=0x7fc63c011b00 comp rx=0 tx=0).stop
2024-04-01T03:11:45.242 INFO:teuthology.orchestra.run.smithi003.stdout:/usr/bin/ceph: stderr
2024-04-01T03:11:44.686+0000 7fc653588700 1 -- 172.21.15.3:0/440694954 shutdown_connections
2024-04-01T03:11:45.242 INFO:teuthology.orchestra.run.smithi003.stdout:/usr/bin/ceph: stderr
2024-04-01T03:11:44.686+0000 7fc653588700 1 --2- 172.21.15.3:0/440694954 >> [v2:172.21.15.3:6800/1109994850,v1:172.21.15.3:6801/1109994850] conn(0x7fc638038e00 0x7fc63803b2c0 unknown :-1 s=CLOSED pgs=10 cs=0 l=1 rev1=1 crypto rx=0 tx=0 comp rx=0 tx=0).stop
2024-04-01T03:11:45.242 INFO:teuthology.orchestra.run.smithi003.stdout:/usr/bin/ceph: stderr
2024-04-01T03:11:44.686+0000 7fc653588700 1 --2- 172.21.15.3:0/440694954 >> [v2:172.21.15.3:3300/0,v1:172.21.15.3:6789/0] conn(0x7fc64c1079d0 0x7fc64c07cb60 unknown :-1 s=CLOSED pgs=42 cs=0 l=1 rev1=1 crypto rx=0 tx=0 comp rx=0 tx=0).stop
2024-04-01T03:11:45.242 INFO:teuthology.orchestra.run.smithi003.stdout:/usr/bin/ceph: stderr
2024-04-01T03:11:44.686+0000 7fc653588700 1 -- 172.21.15.3:0/440694954 >> 172.21.15.3:0/440694954 conn(0x7fc64c102fd0 msgr2=0x7fc64c103aa0 unknown :-1 s=STATE_NONE l=0).mark_down
2024-04-01T03:11:45.242 INFO:teuthology.orchestra.run.smithi003.stdout:/usr/bin/ceph: stderr
