2024-04-01T03:11:54.284+0000 7f02cd27d700 1 -- start start
2024-04-01T03:11:55.000 INFO:teuthology.orchestra.run.smithi003.stdout:/usr/bin/ceph: stderr
2024-04-01T03:11:54.284+0000 7f02cd27d700 1 --2- >> [v2:172.21.15.3:3300/0,v1:172.21.15.3:6789/0] conn(0x7f02c81084b0 0x7f02c810a8a0 unknown :-1 s=NONE pgs=0 cs=0 l=0 rev1=0 crypto rx=0 tx=0 comp rx=0 tx=0).connect
2024-04-01T03:11:55.000 INFO:teuthology.orchestra.run.smithi003.stdout:/usr/bin/ceph: stderr
2024-04-01T03:11:54.284+0000 7f02cd27d700 1 -- --> [v2:172.21.15.3:3300/0,v1:172.21.15.3:6789/0] -- mon_getmap magic: 0 -- 0x7f02c807adc0 con 0x7f02c81084b0
2024-04-01T03:11:55.000 INFO:teuthology.orchestra.run.smithi003.stdout:/usr/bin/ceph: stderr
2024-04-01T03:11:54.284+0000 7f02c6ffd700 1 --2- >> [v2:172.21.15.3:3300/0,v1:172.21.15.3:6789/0] conn(0x7f02c81084b0 0x7f02c810a8a0 unknown :-1 s=BANNER_CONNECTING pgs=0 cs=0 l=0 rev1=0 crypto rx=0 tx=0 comp rx=0 tx=0)._handle_peer_banner_payload supported=3 required=0
2024-04-01T03:11:55.001 INFO:teuthology.orchestra.run.smithi003.stdout:/usr/bin/ceph: stderr
2024-04-01T03:11:54.284+0000 7f02c6ffd700 1 --2- >> [v2:172.21.15.3:3300/0,v1:172.21.15.3:6789/0] conn(0x7f02c81084b0 0x7f02c810a8a0 unknown :-1 s=HELLO_CONNECTING pgs=0 cs=0 l=0 rev1=1 crypto rx=0 tx=0 comp rx=0 tx=0).handle_hello peer v2:172.21.15.3:3300/0 says I am v2:172.21.15.3:39058/0 (socket says 172.21.15.3:39058)
2024-04-01T03:11:55.001 INFO:teuthology.orchestra.run.smithi003.stdout:/usr/bin/ceph: stderr
2024-04-01T03:11:54.284+0000 7f02c6ffd700 1 -- 172.21.15.3:0/4260987493 learned_addr learned my addr 172.21.15.3:0/4260987493 (peer_addr_for_me v2:172.21.15.3:0/0)
2024-04-01T03:11:55.001 INFO:teuthology.orchestra.run.smithi003.stdout:/usr/bin/ceph: stderr
2024-04-01T03:11:54.284+0000 7f02c6ffd700 1 -- 172.21.15.3:0/4260987493 --> [v2:172.21.15.3:3300/0,v1:172.21.15.3:6789/0] -- mon_subscribe({config=0+,monmap=0+}) -- 0x7f02c810ade0 con 0x7f02c81084b0
2024-04-01T03:11:55.001 INFO:teuthology.orchestra.run.smithi003.stdout:/usr/bin/ceph: stderr
2024-04-01T03:11:54.284+0000 7f02c6ffd700 1 --2- 172.21.15.3:0/4260987493 >> [v2:172.21.15.3:3300/0,v1:172.21.15.3:6789/0] conn(0x7f02c81084b0 0x7f02c810a8a0 secure :-1 s=READY pgs=49 cs=0 l=1 rev1=1 crypto rx=0x7f02b80098a0 tx=0x7f02b8009bb0 comp rx=0 tx=0).ready entity=mon.0 client_cookie=5e18364596c6e95a server_cookie=0 in_seq=0 out_seq=0
2024-04-01T03:11:55.001 INFO:teuthology.orchestra.run.smithi003.stdout:/usr/bin/ceph: stderr
2024-04-01T03:11:54.285+0000 7f02c5ffb700 1 -- 172.21.15.3:0/4260987493 <== mon.0 v2:172.21.15.3:3300/0 1 ==== mon_map magic: 0 ==== 205+0+0 (secure 0 0 0) 0x7f02b8004160 con 0x7f02c81084b0
2024-04-01T03:11:55.001 INFO:teuthology.orchestra.run.smithi003.stdout:/usr/bin/ceph: stderr
2024-04-01T03:11:54.285+0000 7f02c5ffb700 1 -- 172.21.15.3:0/4260987493 <== mon.0 v2:172.21.15.3:3300/0 2 ==== config(26 keys) ==== 1102+0+0 (secure 0 0 0) 0x7f02b8004300 con 0x7f02c81084b0
2024-04-01T03:11:55.001 INFO:teuthology.orchestra.run.smithi003.stdout:/usr/bin/ceph: stderr
2024-04-01T03:11:54.285+0000 7f02c5ffb700 1 -- 172.21.15.3:0/4260987493 <== mon.0 v2:172.21.15.3:3300/0 3 ==== mon_map magic: 0 ==== 205+0+0 (secure 0 0 0) 0x7f02b8011a50 con 0x7f02c81084b0
2024-04-01T03:11:55.001 INFO:teuthology.orchestra.run.smithi003.stdout:/usr/bin/ceph: stderr
2024-04-01T03:11:54.285+0000 7f02cd27d700 1 -- 172.21.15.3:0/4260987493 >> [v2:172.21.15.3:3300/0,v1:172.21.15.3:6789/0] conn(0x7f02c81084b0 msgr2=0x7f02c810a8a0 secure :-1 s=STATE_CONNECTION_ESTABLISHED l=1).mark_down
2024-04-01T03:11:55.001 INFO:teuthology.orchestra.run.smithi003.stdout:/usr/bin/ceph: stderr
2024-04-01T03:11:54.285+0000 7f02cd27d700 1 --2- 172.21.15.3:0/4260987493 >> [v2:172.21.15.3:3300/0,v1:172.21.15.3:6789/0] conn(0x7f02c81084b0 0x7f02c810a8a0 secure :-1 s=READY pgs=49 cs=0 l=1 rev1=1 crypto rx=0x7f02b80098a0 tx=0x7f02b8009bb0 comp rx=0 tx=0).stop
2024-04-01T03:11:55.001 INFO:teuthology.orchestra.run.smithi003.stdout:/usr/bin/ceph: stderr
2024-04-01T03:11:54.285+0000 7f02cd27d700 1 -- 172.21.15.3:0/4260987493 shutdown_connections
2024-04-01T03:11:55.001 INFO:teuthology.orchestra.run.smithi003.stdout:/usr/bin/ceph: stderr
2024-04-01T03:11:54.285+0000 7f02cd27d700 1 --2- 172.21.15.3:0/4260987493 >> [v2:172.21.15.3:3300/0,v1:172.21.15.3:6789/0] conn(0x7f02c81084b0 0x7f02c810a8a0 unknown :-1 s=CLOSED pgs=49 cs=0 l=1 rev1=1 crypto rx=0 tx=0 comp rx=0 tx=0).stop
2024-04-01T03:11:55.002 INFO:teuthology.orchestra.run.smithi003.stdout:/usr/bin/ceph: stderr
2024-04-01T03:11:54.285+0000 7f02cd27d700 1 -- 172.21.15.3:0/4260987493 >> 172.21.15.3:0/4260987493 conn(0x7f02c8101ea0 msgr2=0x7f02c81042c0 unknown :-1 s=STATE_NONE l=0).mark_down
2024-04-01T03:11:55.002 INFO:teuthology.orchestra.run.smithi003.stdout:/usr/bin/ceph: stderr
2024-04-01T03:11:54.285+0000 7f02cd27d700 1 -- 172.21.15.3:0/4260987493 shutdown_connections
2024-04-01T03:11:55.002 INFO:teuthology.orchestra.run.smithi003.stdout:/usr/bin/ceph: stderr
2024-04-01T03:11:54.286+0000 7f02cd27d700 1 -- 172.21.15.3:0/4260987493 wait complete.
2024-04-01T03:11:55.002 INFO:teuthology.orchestra.run.smithi003.stdout:/usr/bin/ceph: stderr
2024-04-01T03:11:54.286+0000 7f02cd27d700 1 Processor -- start
2024-04-01T03:11:55.002 INFO:teuthology.orchestra.run.smithi003.stdout:/usr/bin/ceph: stderr
2024-04-01T03:11:54.286+0000 7f02cd27d700 1 -- start start
2024-04-01T03:11:55.002 INFO:teuthology.orchestra.run.smithi003.stdout:/usr/bin/ceph: stderr
2024-04-01T03:11:54.286+0000 7f02cd27d700 1 --2- >> [v2:172.21.15.3:3300/0,v1:172.21.15.3:6789/0] conn(0x7f02c81084b0 0x7f02c8107d30 unknown :-1 s=NONE pgs=0 cs=0 l=1 rev1=0 crypto rx=0 tx=0 comp rx=0 tx=0).connect
2024-04-01T03:11:55.002 INFO:teuthology.orchestra.run.smithi003.stdout:/usr/bin/ceph: stderr
2024-04-01T03:11:54.286+0000 7f02cd27d700 1 -- --> [v2:172.21.15.3:3300/0,v1:172.21.15.3:6789/0] -- mon_getmap magic: 0 -- 0x7f02c810bd20 con 0x7f02c81084b0
2024-04-01T03:11:55.002 INFO:teuthology.orchestra.run.smithi003.stdout:/usr/bin/ceph: stderr
2024-04-01T03:11:54.287+0000 7f02c6ffd700 1 --2- >> [v2:172.21.15.3:3300/0,v1:172.21.15.3:6789/0] conn(0x7f02c81084b0 0x7f02c8107d30 unknown :-1 s=BANNER_CONNECTING pgs=0 cs=0 l=1 rev1=0 crypto rx=0 tx=0 comp rx=0 tx=0)._handle_peer_banner_payload supported=3 required=0
2024-04-01T03:11:55.002 INFO:teuthology.orchestra.run.smithi003.stdout:/usr/bin/ceph: stderr
2024-04-01T03:11:54.287+0000 7f02c6ffd700 1 --2- >> [v2:172.21.15.3:3300/0,v1:172.21.15.3:6789/0] conn(0x7f02c81084b0 0x7f02c8107d30 unknown :-1 s=HELLO_CONNECTING pgs=0 cs=0 l=1 rev1=1 crypto rx=0 tx=0 comp rx=0 tx=0).handle_hello peer v2:172.21.15.3:3300/0 says I am v2:172.21.15.3:39066/0 (socket says 172.21.15.3:39066)
2024-04-01T03:11:55.002 INFO:teuthology.orchestra.run.smithi003.stdout:/usr/bin/ceph: stderr
2024-04-01T03:11:54.287+0000 7f02c6ffd700 1 -- 172.21.15.3:0/537849998 learned_addr learned my addr 172.21.15.3:0/537849998 (peer_addr_for_me v2:172.21.15.3:0/0)
2024-04-01T03:11:55.002 INFO:teuthology.orchestra.run.smithi003.stdout:/usr/bin/ceph: stderr
2024-04-01T03:11:54.287+0000 7f02c6ffd700 1 -- 172.21.15.3:0/537849998 --> [v2:172.21.15.3:3300/0,v1:172.21.15.3:6789/0] -- mon_subscribe({config=0+,monmap=0+}) -- 0x7f02c8108270 con 0x7f02c81084b0
2024-04-01T03:11:55.002 INFO:teuthology.orchestra.run.smithi003.stdout:/usr/bin/ceph: stderr
2024-04-01T03:11:54.287+0000 7f02c6ffd700 1 --2- 172.21.15.3:0/537849998 >> [v2:172.21.15.3:3300/0,v1:172.21.15.3:6789/0] conn(0x7f02c81084b0 0x7f02c8107d30 secure :-1 s=READY pgs=50 cs=0 l=1 rev1=1 crypto rx=0x7f02b8006b20 tx=0x7f02b8011ad0 comp rx=0 tx=0).ready entity=mon.0 client_cookie=0 server_cookie=0 in_seq=0 out_seq=0
2024-04-01T03:11:55.003 INFO:teuthology.orchestra.run.smithi003.stdout:/usr/bin/ceph: stderr
2024-04-01T03:11:54.287+0000 7f02affff700 1 -- 172.21.15.3:0/537849998 <== mon.0 v2:172.21.15.3:3300/0 1 ==== mon_map magic: 0 ==== 205+0+0 (secure 0 0 0) 0x7f02b8003b70 con 0x7f02c81084b0
2024-04-01T03:11:55.003 INFO:teuthology.orchestra.run.smithi003.stdout:/usr/bin/ceph: stderr
2024-04-01T03:11:54.287+0000 7f02cd27d700 1 -- 172.21.15.3:0/537849998 --> [v2:172.21.15.3:3300/0,v1:172.21.15.3:6789/0] -- mon_subscribe({mgrmap=0+}) -- 0x7f02c8106460 con 0x7f02c81084b0
2024-04-01T03:11:55.003 INFO:teuthology.orchestra.run.smithi003.stdout:/usr/bin/ceph: stderr
2024-04-01T03:11:54.287+0000 7f02affff700 1 -- 172.21.15.3:0/537849998 <== mon.0 v2:172.21.15.3:3300/0 2 ==== config(26 keys) ==== 1102+0+0 (secure 0 0 0) 0x7f02b801a8e0 con 0x7f02c81084b0
2024-04-01T03:11:55.003 INFO:teuthology.orchestra.run.smithi003.stdout:/usr/bin/ceph: stderr
2024-04-01T03:11:54.287+0000 7f02cd27d700 1 -- 172.21.15.3:0/537849998 --> [v2:172.21.15.3:3300/0,v1:172.21.15.3:6789/0] -- mon_subscribe({osdmap=0}) -- 0x7f02c81069a0 con 0x7f02c81084b0
2024-04-01T03:11:55.003 INFO:teuthology.orchestra.run.smithi003.stdout:/usr/bin/ceph: stderr
2024-04-01T03:11:54.287+0000 7f02affff700 1 -- 172.21.15.3:0/537849998 <== mon.0 v2:172.21.15.3:3300/0 3 ==== mon_map magic: 0 ==== 205+0+0 (secure 0 0 0) 0x7f02b80249b0 con 0x7f02c81084b0
2024-04-01T03:11:55.003 INFO:teuthology.orchestra.run.smithi003.stdout:/usr/bin/ceph: stderr
2024-04-01T03:11:54.288+0000 7f02affff700 1 -- 172.21.15.3:0/537849998 <== mon.0 v2:172.21.15.3:3300/0 4 ==== mgrmap(e 8) ==== 46116+0+0 (secure 0 0 0) 0x7f02b8022020 con 0x7f02c81084b0
2024-04-01T03:11:55.003 INFO:teuthology.orchestra.run.smithi003.stdout:/usr/bin/ceph: stderr
2024-04-01T03:11:54.288+0000 7f02cd27d700 1 -- 172.21.15.3:0/537849998 --> [v2:172.21.15.3:3300/0,v1:172.21.15.3:6789/0] -- mon_command({"prefix": "get_command_descriptions"} v 0) -- 0x7f02c8063870 con 0x7f02c81084b0
2024-04-01T03:11:55.003 INFO:teuthology.orchestra.run.smithi003.stdout:/usr/bin/ceph: stderr
2024-04-01T03:11:54.288+0000 7f02affff700 1 --2- 172.21.15.3:0/537849998 >> [v2:172.21.15.3:6800/1109994850,v1:172.21.15.3:6801/1109994850] conn(0x7f02b0038e00 0x7f02b003b2c0 unknown :-1 s=NONE pgs=0 cs=0 l=1 rev1=0 crypto rx=0 tx=0 comp rx=0 tx=0).connect
2024-04-01T03:11:55.003 INFO:teuthology.orchestra.run.smithi003.stdout:/usr/bin/ceph: stderr
2024-04-01T03:11:54.289+0000 7f02affff700 1 -- 172.21.15.3:0/537849998 <== mon.0 v2:172.21.15.3:3300/0 5 ==== osd_map(2..2 src has 1..2) ==== 940+0+0 (secure 0 0 0) 0x7f02b804d4e0 con 0x7f02c81084b0
2024-04-01T03:11:55.003 INFO:teuthology.orchestra.run.smithi003.stdout:/usr/bin/ceph: stderr
2024-04-01T03:11:54.289+0000 7f02c67fc700 1 --2- 172.21.15.3:0/537849998 >> [v2:172.21.15.3:6800/1109994850,v1:172.21.15.3:6801/1109994850] conn(0x7f02b0038e00 0x7f02b003b2c0 unknown :-1 s=BANNER_CONNECTING pgs=0 cs=0 l=1 rev1=0 crypto rx=0 tx=0 comp rx=0 tx=0)._handle_peer_banner_payload supported=3 required=0
2024-04-01T03:11:55.003 INFO:teuthology.orchestra.run.smithi003.stdout:/usr/bin/ceph: stderr
2024-04-01T03:11:54.289+0000 7f02c67fc700 1 --2- 172.21.15.3:0/537849998 >> [v2:172.21.15.3:6800/1109994850,v1:172.21.15.3:6801/1109994850] conn(0x7f02b0038e00 0x7f02b003b2c0 secure :-1 s=READY pgs=14 cs=0 l=1 rev1=1 crypto rx=0x7f02bc006fd0 tx=0x7f02bc006e40 comp rx=0 tx=0).ready entity=mgr.14118 client_cookie=0 server_cookie=0 in_seq=0 out_seq=0
2024-04-01T03:11:55.003 INFO:teuthology.orchestra.run.smithi003.stdout:/usr/bin/ceph: stderr
2024-04-01T03:11:54.298+0000 7f02affff700 1 -- 172.21.15.3:0/537849998 <== mon.0 v2:172.21.15.3:3300/0 6 ==== mon_command_ack([{"prefix": "get_command_descriptions"}]=0 v0) ==== 72+0+184932 (secure 0 0 0) 0x7f02b802c3a0 con 0x7f02c81084b0
2024-04-01T03:11:55.004 INFO:teuthology.orchestra.run.smithi003.stdout:/usr/bin/ceph: stderr
2024-04-01T03:11:54.509+0000 7f02cd27d700 1 -- 172.21.15.3:0/537849998 --> [v2:172.21.15.3:3300/0,v1:172.21.15.3:6789/0] -- mon_command([{prefix=config set, name=mgr/cephadm/container_init}] v 0) -- 0x7f02c8107240 con 0x7f02c81084b0
2024-04-01T03:11:55.004 INFO:teuthology.orchestra.run.smithi003.stdout:/usr/bin/ceph: stderr
2024-04-01T03:11:54.514+0000 7f02affff700 1 -- 172.21.15.3:0/537849998 <== mon.0 v2:172.21.15.3:3300/0 7 ==== mon_command_ack([{prefix=config set, name=mgr/cephadm/container_init}]=0 v7)=0 v7) ==== 142+0+0 (secure 0 0 0) 0x7f02b80172b0 con 0x7f02c81084b0
2024-04-01T03:11:55.004 INFO:teuthology.orchestra.run.smithi003.stdout:/usr/bin/ceph: stderr
2024-04-01T03:11:54.517+0000 7f02cd27d700 1 -- 172.21.15.3:0/537849998 >> [v2:172.21.15.3:6800/1109994850,v1:172.21.15.3:6801/1109994850] conn(0x7f02b0038e00 msgr2=0x7f02b003b2c0 secure :-1 s=STATE_CONNECTION_ESTABLISHED l=1).mark_down
2024-04-01T03:11:55.004 INFO:teuthology.orchestra.run.smithi003.stdout:/usr/bin/ceph: stderr
2024-04-01T03:11:54.517+0000 7f02cd27d700 1 --2- 172.21.15.3:0/537849998 >> [v2:172.21.15.3:6800/1109994850,v1:172.21.15.3:6801/1109994850] conn(0x7f02b0038e00 0x7f02b003b2c0 secure :-1 s=READY pgs=14 cs=0 l=1 rev1=1 crypto rx=0x7f02bc006fd0 tx=0x7f02bc006e40 comp rx=0 tx=0).stop
2024-04-01T03:11:55.004 INFO:teuthology.orchestra.run.smithi003.stdout:/usr/bin/ceph: stderr
2024-04-01T03:11:54.517+0000 7f02cd27d700 1 -- 172.21.15.3:0/537849998 >> [v2:172.21.15.3:3300/0,v1:172.21.15.3:6789/0] conn(0x7f02c81084b0 msgr2=0x7f02c8107d30 secure :-1 s=STATE_CONNECTION_ESTABLISHED l=1).mark_down
2024-04-01T03:11:55.004 INFO:teuthology.orchestra.run.smithi003.stdout:/usr/bin/ceph: stderr
2024-04-01T03:11:54.517+0000 7f02cd27d700 1 --2- 172.21.15.3:0/537849998 >> [v2:172.21.15.3:3300/0,v1:172.21.15.3:6789/0] conn(0x7f02c81084b0 0x7f02c8107d30 secure :-1 s=READY pgs=50 cs=0 l=1 rev1=1 crypto rx=0x7f02b8006b20 tx=0x7f02b8011ad0 comp rx=0 tx=0).stop
2024-04-01T03:11:55.004 INFO:teuthology.orchestra.run.smithi003.stdout:/usr/bin/ceph: stderr
2024-04-01T03:11:54.517+0000 7f02cd27d700 1 -- 172.21.15.3:0/537849998 shutdown_connections
2024-04-01T03:11:55.004 INFO:teuthology.orchestra.run.smithi003.stdout:/usr/bin/ceph: stderr
2024-04-01T03:11:54.517+0000 7f02cd27d700 1 --2- 172.21.15.3:0/537849998 >> [v2:172.21.15.3:6800/1109994850,v1:172.21.15.3:6801/1109994850] conn(0x7f02b0038e00 0x7f02b003b2c0 unknown :-1 s=CLOSED pgs=14 cs=0 l=1 rev1=1 crypto rx=0 tx=0 comp rx=0 tx=0).stop
2024-04-01T03:11:55.004 INFO:teuthology.orchestra.run.smithi003.stdout:/usr/bin/ceph: stderr
2024-04-01T03:11:54.517+0000 7f02cd27d700 1 --2- 172.21.15.3:0/537849998 >> [v2:172.21.15.3:3300/0,v1:172.21.15.3:6789/0] conn(0x7f02c81084b0 0x7f02c8107d30 unknown :-1 s=CLOSED pgs=50 cs=0 l=1 rev1=1 crypto rx=0 tx=0 comp rx=0 tx=0).stop
2024-04-01T03:11:55.004 INFO:teuthology.orchestra.run.smithi003.stdout:/usr/bin/ceph: stderr
2024-04-01T03:11:54.517+0000 7f02cd27d700 1 -- 172.21.15.3:0/537849998 >> 172.21.15.3:0/537849998 conn(0x7f02c8101ea0 msgr2=0x7f02c8102920 unknown :-1 s=STATE_NONE l=0).mark_down
2024-04-01T03:11:55.004 INFO:teuthology.orchestra.run.smithi003.stdout:/usr/bin/ceph: stderr
2024-04-01T03:11:54.517+0000 7f02cd27d700 1 -- 172.21.15.3:0/537849998 shutdown_connections
2024-04-01T03:11:55.004 INFO:teuthology.orchestra.run.smithi003.stdout:/usr/bin/ceph: stderr
2024-04-01T03:11:54.517+0000 7f02cd27d700 1 -- 172.21.15.3:0/537849998 wait complete.
2024-04-01T03:11:55.650 INFO:journalctl@ceph.mon.a.smithi003.stdout:Apr 01 03:11:55 smithi003 ceph-mon[31972]: from='mgr.14118 172.21.15.3:0/998959034' entity='mgr.x'
2024-04-01T03:11:55.650 INFO:journalctl@ceph.mon.a.smithi003.stdout:Apr 01 03:11:55 smithi003 ceph-mon[31972]: from='client.? 172.21.15.3:0/537849998' entity='client.admin'
2024-04-01T03:11:56.300 INFO:teuthology.orchestra.run.smithi003.stdout:/usr/bin/ceph: stderr
2024-04-01T03:11:55.413+0000 7f89432f9700 1 Processor -- start
2024-04-01T03:11:56.300 INFO:teuthology.orchestra.run.smithi003.stdout:/usr/bin/ceph: stderr
2024-04-01T03:11:55.413+0000 7f89432f9700 1 -- start start
2024-04-01T03:11:56.300 INFO:teuthology.orchestra.run.smithi003.stdout:/usr/bin/ceph: stderr
2024-04-01T03:11:55.414+0000 7f89432f9700 1 --2- >> [v2:172.21.15.3:3300/0,v1:172.21.15.3:6789/0] conn(0x7f893c105c90 0x7f893c1060b0 unknown :-1 s=NONE pgs=0 cs=0 l=0 rev1=0 crypto rx=0 tx=0 comp rx=0 tx=0).connect
2024-04-01T03:11:56.301 INFO:teuthology.orchestra.run.smithi003.stdout:/usr/bin/ceph: stderr
2024-04-01T03:11:55.414+0000 7f89432f9700 1 -- --> [v2:172.21.15.3:3300/0,v1:172.21.15.3:6789/0] -- mon_getmap magic: 0 -- 0x7f893c106680 con 0x7f893c105c90
2024-04-01T03:11:56.301 INFO:teuthology.orchestra.run.smithi003.stdout:/usr/bin/ceph: stderr
2024-04-01T03:11:55.414+0000 7f8941095700 1 --2- >> [v2:172.21.15.3:3300/0,v1:172.21.15.3:6789/0] conn(0x7f893c105c90 0x7f893c1060b0 unknown :-1 s=BANNER_CONNECTING pgs=0 cs=0 l=0 rev1=0 crypto rx=0 tx=0 comp rx=0 tx=0)._handle_peer_banner_payload supported=3 required=0
2024-04-01T03:11:56.301 INFO:teuthology.orchestra.run.smithi003.stdout:/usr/bin/ceph: stderr
2024-04-01T03:11:55.414+0000 7f8941095700 1 --2- >> [v2:172.21.15.3:3300/0,v1:172.21.15.3:6789/0] conn(0x7f893c105c90 0x7f893c1060b0 unknown :-1 s=HELLO_CONNECTING pgs=0 cs=0 l=0 rev1=1 crypto rx=0 tx=0 comp rx=0 tx=0).handle_hello peer v2:172.21.15.3:3300/0 says I am v2:172.21.15.3:39074/0 (socket says 172.21.15.3:39074)
2024-04-01T03:11:56.301 INFO:teuthology.orchestra.run.smithi003.stdout:/usr/bin/ceph: stderr
2024-04-01T03:11:55.414+0000 7f8941095700 1 -- 172.21.15.3:0/405139229 learned_addr learned my addr 172.21.15.3:0/405139229 (peer_addr_for_me v2:172.21.15.3:0/0)
2024-04-01T03:11:56.301 INFO:teuthology.orchestra.run.smithi003.stdout:/usr/bin/ceph: stderr
2024-04-01T03:11:55.414+0000 7f8941095700 1 -- 172.21.15.3:0/405139229 --> [v2:172.21.15.3:3300/0,v1:172.21.15.3:6789/0] -- mon_subscribe({config=0+,monmap=0+}) -- 0x7f893c108c20 con 0x7f893c105c90
2024-04-01T03:11:56.301 INFO:teuthology.orchestra.run.smithi003.stdout:/usr/bin/ceph: stderr
2024-04-01T03:11:55.414+0000 7f8941095700 1 --2- 172.21.15.3:0/405139229 >> [v2:172.21.15.3:3300/0,v1:172.21.15.3:6789/0] conn(0x7f893c105c90 0x7f893c1060b0 secure :-1 s=READY pgs=51 cs=0 l=1 rev1=1 crypto rx=0x7f89380098a0 tx=0x7f8938009bb0 comp rx=0 tx=0).ready entity=mon.0 client_cookie=355610827556962 server_cookie=0 in_seq=0 out_seq=0
2024-04-01T03:11:56.301 INFO:teuthology.orchestra.run.smithi003.stdout:/usr/bin/ceph: stderr
2024-04-01T03:11:55.414+0000 7f8933fff700 1 -- 172.21.15.3:0/405139229 <== mon.0 v2:172.21.15.3:3300/0 1 ==== mon_map magic: 0 ==== 205+0+0 (secure 0 0 0) 0x7f8938004160 con 0x7f893c105c90
2024-04-01T03:11:56.301 INFO:teuthology.orchestra.run.smithi003.stdout:/usr/bin/ceph: stderr
2024-04-01T03:11:55.415+0000 7f8933fff700 1 -- 172.21.15.3:0/405139229 <== mon.0 v2:172.21.15.3:3300/0 2 ==== config(26 keys) ==== 1102+0+0 (secure 0 0 0) 0x7f8938004300 con 0x7f893c105c90
2024-04-01T03:11:56.301 INFO:teuthology.orchestra.run.smithi003.stdout:/usr/bin/ceph: stderr
2024-04-01T03:11:55.415+0000 7f8933fff700 1 -- 172.21.15.3:0/405139229 <== mon.0 v2:172.21.15.3:3300/0 3 ==== mon_map magic: 0 ==== 205+0+0 (secure 0 0 0) 0x7f8938011a50 con 0x7f893c105c90
2024-04-01T03:11:56.301 INFO:teuthology.orchestra.run.smithi003.stdout:/usr/bin/ceph: stderr
2024-04-01T03:11:55.415+0000 7f89432f9700 1 -- 172.21.15.3:0/405139229 >> [v2:172.21.15.3:3300/0,v1:172.21.15.3:6789/0] conn(0x7f893c105c90 msgr2=0x7f893c1060b0 secure :-1 s=STATE_CONNECTION_ESTABLISHED l=1).mark_down
2024-04-01T03:11:56.301 INFO:teuthology.orchestra.run.smithi003.stdout:/usr/bin/ceph: stderr
2024-04-01T03:11:55.415+0000 7f89432f9700 1 --2- 172.21.15.3:0/405139229 >> [v2:172.21.15.3:3300/0,v1:172.21.15.3:6789/0] conn(0x7f893c105c90 0x7f893c1060b0 secure :-1 s=READY pgs=51 cs=0 l=1 rev1=1 crypto rx=0x7f89380098a0 tx=0x7f8938009bb0 comp rx=0 tx=0).stop
2024-04-01T03:11:56.301 INFO:teuthology.orchestra.run.smithi003.stdout:/usr/bin/ceph: stderr
2024-04-01T03:11:55.415+0000 7f89432f9700 1 -- 172.21.15.3:0/405139229 shutdown_connections
2024-04-01T03:11:56.301 INFO:teuthology.orchestra.run.smithi003.stdout:/usr/bin/ceph: stderr
2024-04-01T03:11:55.415+0000 7f89432f9700 1 --2- 172.21.15.3:0/405139229 >> [v2:172.21.15.3:3300/0,v1:172.21.15.3:6789/0] conn(0x7f893c105c90 0x7f893c1060b0 unknown :-1 s=CLOSED pgs=51 cs=0 l=1 rev1=1 crypto rx=0 tx=0 comp rx=0 tx=0).stop
2024-04-01T03:11:56.301 INFO:teuthology.orchestra.run.smithi003.stdout:/usr/bin/ceph: stderr
2024-04-01T03:11:55.415+0000 7f89432f9700 1 -- 172.21.15.3:0/405139229 >> 172.21.15.3:0/405139229 conn(0x7f893c101600 msgr2=0x7f893c103a20 unknown :-1 s=STATE_NONE l=0).mark_down
2024-04-01T03:11:56.301 INFO:teuthology.orchestra.run.smithi003.stdout:/usr/bin/ceph: stderr
2024-04-01T03:11:55.415+0000 7f89432f9700 1 -- 172.21.15.3:0/405139229 shutdown_connections
2024-04-01T03:11:56.302 INFO:teuthology.orchestra.run.smithi003.stdout:/usr/bin/ceph: stderr
2024-04-01T03:11:55.415+0000 7f89432f9700 1 -- 172.21.15.3:0/405139229 wait complete.
2024-04-01T03:11:56.302 INFO:teuthology.orchestra.run.smithi003.stdout:/usr/bin/ceph: stderr
2024-04-01T03:11:55.416+0000 7f89432f9700 1 Processor -- start
2024-04-01T03:11:56.302 INFO:teuthology.orchestra.run.smithi003.stdout:/usr/bin/ceph: stderr
2024-04-01T03:11:55.416+0000 7f89432f9700 1 -- start start
2024-04-01T03:11:56.302 INFO:teuthology.orchestra.run.smithi003.stdout:/usr/bin/ceph: stderr
2024-04-01T03:11:55.416+0000 7f89432f9700 1 --2- >> [v2:172.21.15.3:3300/0,v1:172.21.15.3:6789/0] conn(0x7f893c105c90 0x7f893c19b890 unknown :-1 s=NONE pgs=0 cs=0 l=1 rev1=0 crypto rx=0 tx=0 comp rx=0 tx=0).connect
2024-04-01T03:11:56.302 INFO:teuthology.orchestra.run.smithi003.stdout:/usr/bin/ceph: stderr
2024-04-01T03:11:55.416+0000 7f89432f9700 1 -- --> [v2:172.21.15.3:3300/0,v1:172.21.15.3:6789/0] -- mon_getmap magic: 0 -- 0x7f893c10bfd0 con 0x7f893c105c90
2024-04-01T03:11:56.302 INFO:teuthology.orchestra.run.smithi003.stdout:/usr/bin/ceph: stderr
2024-04-01T03:11:55.416+0000 7f8941095700 1 --2- >> [v2:172.21.15.3:3300/0,v1:172.21.15.3:6789/0] conn(0x7f893c105c90 0x7f893c19b890 unknown :-1 s=BANNER_CONNECTING pgs=0 cs=0 l=1 rev1=0 crypto rx=0 tx=0 comp rx=0 tx=0)._handle_peer_banner_payload supported=3 required=0
2024-04-01T03:11:56.302 INFO:teuthology.orchestra.run.smithi003.stdout:/usr/bin/ceph: stderr
2024-04-01T03:11:55.416+0000 7f8941095700 1 --2- >> [v2:172.21.15.3:3300/0,v1:172.21.15.3:6789/0] conn(0x7f893c105c90 0x7f893c19b890 unknown :-1 s=HELLO_CONNECTING pgs=0 cs=0 l=1 rev1=1 crypto rx=0 tx=0 comp rx=0 tx=0).handle_hello peer v2:172.21.15.3:3300/0 says I am v2:172.21.15.3:39084/0 (socket says 172.21.15.3:39084)
2024-04-01T03:11:56.302 INFO:teuthology.orchestra.run.smithi003.stdout:/usr/bin/ceph: stderr
2024-04-01T03:11:55.416+0000 7f8941095700 1 -- 172.21.15.3:0/295901787 learned_addr learned my addr 172.21.15.3:0/295901787 (peer_addr_for_me v2:172.21.15.3:0/0)
2024-04-01T03:11:56.302 INFO:teuthology.orchestra.run.smithi003.stdout:/usr/bin/ceph: stderr
2024-04-01T03:11:55.416+0000 7f8941095700 1 -- 172.21.15.3:0/295901787 --> [v2:172.21.15.3:3300/0,v1:172.21.15.3:6789/0] -- mon_subscribe({config=0+,monmap=0+}) -- 0x7f893c19bdd0 con 0x7f893c105c90
2024-04-01T03:11:56.302 INFO:teuthology.orchestra.run.smithi003.stdout:/usr/bin/ceph: stderr
2024-04-01T03:11:55.416+0000 7f8941095700 1 --2- 172.21.15.3:0/295901787 >> [v2:172.21.15.3:3300/0,v1:172.21.15.3:6789/0] conn(0x7f893c105c90 0x7f893c19b890 secure :-1 s=READY pgs=52 cs=0 l=1 rev1=1 crypto rx=0x7f8938006b20 tx=0x7f8938011ad0 comp rx=0 tx=0).ready entity=mon.0 client_cookie=0 server_cookie=0 in_seq=0 out_seq=0
2024-04-01T03:11:56.302 INFO:teuthology.orchestra.run.smithi003.stdout:/usr/bin/ceph: stderr
2024-04-01T03:11:55.417+0000 7f89327fc700 1 -- 172.21.15.3:0/295901787 <== mon.0 v2:172.21.15.3:3300/0 1 ==== mon_map magic: 0 ==== 205+0+0 (secure 0 0 0) 0x7f89380039e0 con 0x7f893c105c90
2024-04-01T03:11:56.302 INFO:teuthology.orchestra.run.smithi003.stdout:/usr/bin/ceph: stderr
2024-04-01T03:11:55.417+0000 7f89327fc700 1 -- 172.21.15.3:0/295901787 <== mon.0 v2:172.21.15.3:3300/0 2 ==== config(26 keys) ==== 1102+0+0 (secure 0 0 0) 0x7f893801a8e0 con 0x7f893c105c90
2024-04-01T03:11:56.302 INFO:teuthology.orchestra.run.smithi003.stdout:/usr/bin/ceph: stderr
2024-04-01T03:11:55.417+0000 7f89432f9700 1 -- 172.21.15.3:0/295901787 --> [v2:172.21.15.3:3300/0,v1:172.21.15.3:6789/0] -- mon_subscribe({mgrmap=0+}) -- 0x7f893c19c060 con 0x7f893c105c90
2024-04-01T03:11:56.303 INFO:teuthology.orchestra.run.smithi003.stdout:/usr/bin/ceph: stderr
2024-04-01T03:11:55.417+0000 7f89327fc700 1 -- 172.21.15.3:0/295901787 <== mon.0 v2:172.21.15.3:3300/0 3 ==== mon_map magic: 0 ==== 205+0+0 (secure 0 0 0) 0x7f89380247e0 con 0x7f893c105c90
2024-04-01T03:11:56.303 INFO:teuthology.orchestra.run.smithi003.stdout:/usr/bin/ceph: stderr
2024-04-01T03:11:55.417+0000 7f89432f9700 1 -- 172.21.15.3:0/295901787 --> [v2:172.21.15.3:3300/0,v1:172.21.15.3:6789/0] -- mon_subscribe({osdmap=0}) -- 0x7f893c19ed50 con 0x7f893c105c90
2024-04-01T03:11:56.303 INFO:teuthology.orchestra.run.smithi003.stdout:/usr/bin/ceph: stderr
2024-04-01T03:11:55.417+0000 7f89327fc700 1 -- 172.21.15.3:0/295901787 <== mon.0 v2:172.21.15.3:3300/0 4 ==== mgrmap(e 8) ==== 46116+0+0 (secure 0 0 0) 0x7f8938022020 con 0x7f893c105c90
2024-04-01T03:11:56.303 INFO:teuthology.orchestra.run.smithi003.stdout:/usr/bin/ceph: stderr
2024-04-01T03:11:55.418+0000 7f89327fc700 1 --2- 172.21.15.3:0/295901787 >> [v2:172.21.15.3:6800/1109994850,v1:172.21.15.3:6801/1109994850] conn(0x7f8928038e50 0x7f892803b310 unknown :-1 s=NONE pgs=0 cs=0 l=1 rev1=0 crypto rx=0 tx=0 comp rx=0 tx=0).connect
2024-04-01T03:11:56.303 INFO:teuthology.orchestra.run.smithi003.stdout:/usr/bin/ceph: stderr
2024-04-01T03:11:55.418+0000 7f89327fc700 1 -- 172.21.15.3:0/295901787 <== mon.0 v2:172.21.15.3:3300/0 5 ==== osd_map(2..2 src has 1..2) ==== 940+0+0 (secure 0 0 0) 0x7f893804d120 con 0x7f893c105c90
2024-04-01T03:11:56.303 INFO:teuthology.orchestra.run.smithi003.stdout:/usr/bin/ceph: stderr
2024-04-01T03:11:55.418+0000 7f8940894700 1 --2- 172.21.15.3:0/295901787 >> [v2:172.21.15.3:6800/1109994850,v1:172.21.15.3:6801/1109994850] conn(0x7f8928038e50 0x7f892803b310 unknown :-1 s=BANNER_CONNECTING pgs=0 cs=0 l=1 rev1=0 crypto rx=0 tx=0 comp rx=0 tx=0)._handle_peer_banner_payload supported=3 required=0
2024-04-01T03:11:56.303 INFO:teuthology.orchestra.run.smithi003.stdout:/usr/bin/ceph: stderr
2024-04-01T03:11:55.418+0000 7f89432f9700 1 -- 172.21.15.3:0/295901787 --> [v2:172.21.15.3:3300/0,v1:172.21.15.3:6789/0] -- mon_command({"prefix": "get_command_descriptions"} v 0) -- 0x7f893c063870 con 0x7f893c105c90
2024-04-01T03:11:56.303 INFO:teuthology.orchestra.run.smithi003.stdout:/usr/bin/ceph: stderr
2024-04-01T03:11:55.418+0000 7f8940894700 1 --2- 172.21.15.3:0/295901787 >> [v2:172.21.15.3:6800/1109994850,v1:172.21.15.3:6801/1109994850] conn(0x7f8928038e50 0x7f892803b310 secure :-1 s=READY pgs=15 cs=0 l=1 rev1=1 crypto rx=0x7f892c006fd0 tx=0x7f892c006e40 comp rx=0 tx=0).ready entity=mgr.14118 client_cookie=0 server_cookie=0 in_seq=0 out_seq=0
2024-04-01T03:11:56.303 INFO:teuthology.orchestra.run.smithi003.stdout:/usr/bin/ceph: stderr
2024-04-01T03:11:55.423+0000 7f89327fc700 1 -- 172.21.15.3:0/295901787 <== mon.0 v2:172.21.15.3:3300/0 6 ==== mon_command_ack([{"prefix": "get_command_descriptions"}]=0 v0) ==== 72+0+184932 (secure 0 0 0) 0x7f893800b5a0 con 0x7f893c105c90
2024-04-01T03:11:56.303 INFO:teuthology.orchestra.run.smithi003.stdout:/usr/bin/ceph: stderr
2024-04-01T03:11:55.634+0000 7f89432f9700 1 -- 172.21.15.3:0/295901787 --> [v2:172.21.15.3:3300/0,v1:172.21.15.3:6789/0] -- mon_command([{prefix=config set, name=mgr/dashboard/ssl_server_port}] v 0) -- 0x7f893c19ef20 con 0x7f893c105c90
2024-04-01T03:11:56.303 INFO:teuthology.orchestra.run.smithi003.stdout:/usr/bin/ceph: stderr
2024-04-01T03:11:55.637+0000 7f89327fc700 1 -- 172.21.15.3:0/295901787 <== mon.0 v2:172.21.15.3:3300/0 7 ==== mon_command_ack([{prefix=config set, name=mgr/dashboard/ssl_server_port}]=0 v8)=0 v8) ==== 130+0+0 (secure 0 0 0) 0x7f8938020c10 con 0x7f893c105c90
2024-04-01T03:11:56.303 INFO:teuthology.orchestra.run.smithi003.stdout:/usr/bin/ceph: stderr
2024-04-01T03:11:55.639+0000 7f89432f9700 1 -- 172.21.15.3:0/295901787 >> [v2:172.21.15.3:6800/1109994850,v1:172.21.15.3:6801/1109994850] conn(0x7f8928038e50 msgr2=0x7f892803b310 secure :-1 s=STATE_CONNECTION_ESTABLISHED l=1).mark_down
2024-04-01T03:11:56.303 INFO:teuthology.orchestra.run.smithi003.stdout:/usr/bin/ceph: stderr
2024-04-01T03:11:55.639+0000 7f89432f9700 1 --2- 172.21.15.3:0/295901787 >> [v2:172.21.15.3:6800/1109994850,v1:172.21.15.3:6801/1109994850] conn(0x7f8928038e50 0x7f892803b310 secure :-1 s=READY pgs=15 cs=0 l=1 rev1=1 crypto rx=0x7f892c006fd0 tx=0x7f892c006e40 comp rx=0 tx=0).stop
2024-04-01T03:11:56.304 INFO:teuthology.orchestra.run.smithi003.stdout:/usr/bin/ceph: stderr
2024-04-01T03:11:55.639+0000 7f89432f9700 1 -- 172.21.15.3:0/295901787 >> [v2:172.21.15.3:3300/0,v1:172.21.15.3:6789/0] conn(0x7f893c105c90 msgr2=0x7f893c19b890 secure :-1 s=STATE_CONNECTION_ESTABLISHED l=1).mark_down
2024-04-01T03:11:56.304 INFO:teuthology.orchestra.run.smithi003.stdout:/usr/bin/ceph: stderr
2024-04-01T03:11:55.639+0000 7f89432f9700 1 --2- 172.21.15.3:0/295901787 >> [v2:172.21.15.3:3300/0,v1:172.21.15.3:6789/0] conn(0x7f893c105c90 0x7f893c19b890 secure :-1 s=READY pgs=52 cs=0 l=1 rev1=1 crypto rx=0x7f8938006b20 tx=0x7f8938011ad0 comp rx=0 tx=0).stop
2024-04-01T03:11:56.304 INFO:teuthology.orchestra.run.smithi003.stdout:/usr/bin/ceph: stderr
2024-04-01T03:11:55.639+0000 7f89432f9700 1 -- 172.21.15.3:0/295901787 shutdown_connections
2024-04-01T03:11:56.304 INFO:teuthology.orchestra.run.smithi003.stdout:/usr/bin/ceph: stderr
2024-04-01T03:11:55.639+0000 7f89432f9700 1 --2- 172.21.15.3:0/295901787 >> [v2:172.21.15.3:6800/1109994850,v1:172.21.15.3:6801/1109994850] conn(0x7f8928038e50 0x7f892803b310 unknown :-1 s=CLOSED pgs=15 cs=0 l=1 rev1=1 crypto rx=0 tx=0 comp rx=0 tx=0).stop
2024-04-01T03:11:56.304 INFO:teuthology.orchestra.run.smithi003.stdout:/usr/bin/ceph: stderr
2024-04-01T03:11:55.639+0000 7f89432f9700 1 --2- 172.21.15.3:0/295901787 >> [v2:172.21.15.3:3300/0,v1:172.21.15.3:6789/0] conn(0x7f893c105c90 0x7f893c19b890 unknown :-1 s=CLOSED pgs=52 cs=0 l=1 rev1=1 crypto rx=0 tx=0 comp rx=0 tx=0).stop
2024-04-01T03:11:56.304 INFO:teuthology.orchestra.run.smithi003.stdout:/usr/bin/ceph: stderr
2024-04-01T03:11:55.639+0000 7f89432f9700 1 -- 172.21.15.3:0/295901787 >> 172.21.15.3:0/295901787 conn(0x7f893c101600 msgr2=0x7f893c101fb0 unknown :-1 s=STATE_NONE l=0).mark_down
2024-04-01T03:11:56.304 INFO:teuthology.orchestra.run.smithi003.stdout:/usr/bin/ceph: stderr
2024-04-01T03:11:55.640+0000 7f89432f9700 1 -- 172.21.15.3:0/295901787 shutdown_connections
2024-04-01T03:11:56.304 INFO:teuthology.orchestra.run.smithi003.stdout:/usr/bin/ceph: stderr
2024-04-01T03:11:55.640+0000 7f89432f9700 1 -- 172.21.15.3:0/295901787 wait complete.
2024-04-01T03:11:56.304 INFO:teuthology.orchestra.run.smithi003.stdout:Enabling the dashboard module...
2024-04-01T03:11:56.861 INFO:journalctl@ceph.mon.a.smithi003.stdout:Apr 01 03:11:56 smithi003 ceph-mon[31972]: from='client.? 172.21.15.3:0/295901787' entity='client.admin'
2024-04-01T03:11:58.075 INFO:journalctl@ceph.mon.a.smithi003.stdout:Apr 01 03:11:57 smithi003 ceph-mon[31972]: from='mgr.14118 172.21.15.3:0/998959034' entity='mgr.x'
2024-04-01T03:11:58.075 INFO:journalctl@ceph.mon.a.smithi003.stdout:Apr 01 03:11:57 smithi003 ceph-mon[31972]: from='client.? 172.21.15.3:0/445666504' entity='client.admin' cmd=[{"prefix": "mgr module enable", "module": "dashboard"}]: dispatch
2024-04-01T03:11:58.075 INFO:journalctl@ceph.mgr.x.smithi003.stdout:Apr 01 03:11:57 smithi003 ceph-564cc0a0-efd5-11ee-b647-cb9ed24678a4-mgr-x[32203]: ignoring --setuser ceph since I am not root
2024-04-01T03:11:58.075 INFO:journalctl@ceph.mgr.x.smithi003.stdout:Apr 01 03:11:57 smithi003 ceph-564cc0a0-efd5-11ee-b647-cb9ed24678a4-mgr-x[32203]: ignoring --setgroup ceph since I am not root
2024-04-01T03:11:58.315 INFO:teuthology.orchestra.run.smithi003.stdout:/usr/bin/ceph: stderr
2024-04-01T03:11:57.174+0000 7fd8bc1e8700 1 Processor -- start
2024-04-01T03:11:58.316 INFO:teuthology.orchestra.run.smithi003.stdout:/usr/bin/ceph: stderr
2024-04-01T03:11:57.174+0000 7fd8bc1e8700 1 -- start start
2024-04-01T03:11:58.316 INFO:teuthology.orchestra.run.smithi003.stdout:/usr/bin/ceph: stderr
2024-04-01T03:11:57.174+0000 7fd8bc1e8700 1 --2- >> [v2:172.21.15.3:3300/0,v1:172.21.15.3:6789/0] conn(0x7fd8b4106260 0x7fd8b4106680 unknown :-1 s=NONE pgs=0 cs=0 l=0 rev1=0 crypto rx=0 tx=0 comp rx=0 tx=0).connect
2024-04-01T03:11:58.316 INFO:teuthology.orchestra.run.smithi003.stdout:/usr/bin/ceph: stderr
2024-04-01T03:11:57.174+0000 7fd8bc1e8700 1 -- --> [v2:172.21.15.3:3300/0,v1:172.21.15.3:6789/0] -- mon_getmap magic: 0 -- 0x7fd8b407ae00 con 0x7fd8b4106260
2024-04-01T03:11:58.316 INFO:teuthology.orchestra.run.smithi003.stdout:/usr/bin/ceph: stderr
2024-04-01T03:11:57.175+0000 7fd8b9f84700 1 --2- >> [v2:172.21.15.3:3300/0,v1:172.21.15.3:6789/0] conn(0x7fd8b4106260 0x7fd8b4106680 unknown :-1 s=BANNER_CONNECTING pgs=0 cs=0 l=0 rev1=0 crypto rx=0 tx=0 comp rx=0 tx=0)._handle_peer_banner_payload supported=3 required=0
2024-04-01T03:11:58.316 INFO:teuthology.orchestra.run.smithi003.stdout:/usr/bin/ceph: stderr
2024-04-01T03:11:57.175+0000 7fd8b9f84700 1 --2- >> [v2:172.21.15.3:3300/0,v1:172.21.15.3:6789/0] conn(0x7fd8b4106260 0x7fd8b4106680 unknown :-1 s=HELLO_CONNECTING pgs=0 cs=0 l=0 rev1=1 crypto rx=0 tx=0 comp rx=0 tx=0).handle_hello peer v2:172.21.15.3:3300/0 says I am v2:172.21.15.3:39090/0 (socket says 172.21.15.3:39090)
2024-04-01T03:11:58.316 INFO:teuthology.orchestra.run.smithi003.stdout:/usr/bin/ceph: stderr
2024-04-01T03:11:57.175+0000 7fd8b9f84700 1 -- 172.21.15.3:0/1167234110 learned_addr learned my addr 172.21.15.3:0/1167234110 (peer_addr_for_me v2:172.21.15.3:0/0)
2024-04-01T03:11:58.316 INFO:teuthology.orchestra.run.smithi003.stdout:/usr/bin/ceph: stderr
2024-04-01T03:11:57.175+0000 7fd8b9f84700 1 -- 172.21.15.3:0/1167234110 --> [v2:172.21.15.3:3300/0,v1:172.21.15.3:6789/0] -- mon_subscribe({config=0+,monmap=0+}) -- 0x7fd8b4106bc0 con 0x7fd8b4106260
2024-04-01T03:11:58.316 INFO:teuthology.orchestra.run.smithi003.stdout:/usr/bin/ceph: stderr
2024-04-01T03:11:57.175+0000 7fd8b9f84700 1 --2- 172.21.15.3:0/1167234110 >> [v2:172.21.15.3:3300/0,v1:172.21.15.3:6789/0] conn(0x7fd8b4106260 0x7fd8b4106680 secure :-1 s=READY pgs=53 cs=0 l=1 rev1=1 crypto rx=0x7fd8a40098a0 tx=0x7fd8a4009bb0 comp rx=0 tx=0).ready entity=mon.0 client_cookie=a64f0f8087cbf46d server_cookie=0 in_seq=0 out_seq=0
2024-04-01T03:11:58.316 INFO:teuthology.orchestra.run.smithi003.stdout:/usr/bin/ceph: stderr
2024-04-01T03:11:57.175+0000 7fd8b8f82700 1 -- 172.21.15.3:0/1167234110 <== mon.0 v2:172.21.15.3:3300/0 1 ==== mon_map magic: 0 ==== 205+0+0 (secure 0 0 0) 0x7fd8a4004160 con 0x7fd8b4106260
2024-04-01T03:11:58.316 INFO:teuthology.orchestra.run.smithi003.stdout:/usr/bin/ceph: stderr
2024-04-01T03:11:57.175+0000 7fd8b8f82700 1 -- 172.21.15.3:0/1167234110 <== mon.0 v2:172.21.15.3:3300/0 2 ==== config(26 keys) ==== 1102+0+0 (secure 0 0 0) 0x7fd8a4004300 con 0x7fd8b4106260
2024-04-01T03:11:58.316 INFO:teuthology.orchestra.run.smithi003.stdout:/usr/bin/ceph: stderr
2024-04-01T03:11:57.175+0000 7fd8b8f82700 1 -- 172.21.15.3:0/1167234110 <== mon.0 v2:172.21.15.3:3300/0 3 ==== mon_map magic: 0 ==== 205+0+0 (secure 0 0 0) 0x7fd8a4011a50 con 0x7fd8b4106260
2024-04-01T03:11:58.316 INFO:teuthology.orchestra.run.smithi003.stdout:/usr/bin/ceph: stderr
2024-04-01T03:11:57.176+0000 7fd8bc1e8700 1 -- 172.21.15.3:0/1167234110 >> [v2:172.21.15.3:3300/0,v1:172.21.15.3:6789/0] conn(0x7fd8b4106260 msgr2=0x7fd8b4106680 secure :-1 s=STATE_CONNECTION_ESTABLISHED l=1).mark_down
2024-04-01T03:11:58.316 INFO:teuthology.orchestra.run.smithi003.stdout:/usr/bin/ceph: stderr
2024-04-01T03:11:57.176+0000 7fd8bc1e8700 1 --2- 172.21.15.3:0/1167234110 >> [v2:172.21.15.3:3300/0,v1:172.21.15.3:6789/0] conn(0x7fd8b4106260 0x7fd8b4106680 secure :-1 s=READY pgs=53 cs=0 l=1 rev1=1 crypto rx=0x7fd8a40098a0 tx=0x7fd8a4009bb0 comp rx=0 tx=0).stop
2024-04-01T03:11:58.316 INFO:teuthology.orchestra.run.smithi003.stdout:/usr/bin/ceph: stderr
2024-04-01T03:11:57.176+0000 7fd8bc1e8700 1 -- 172.21.15.3:0/1167234110 shutdown_connections
2024-04-01T03:11:58.317 INFO:teuthology.orchestra.run.smithi003.stdout:/usr/bin/ceph: stderr
2024-04-01T03:11:57.176+0000 7fd8bc1e8700 1 --2- 172.21.15.3:0/1167234110 >> [v2:172.21.15.3:3300/0,v1:172.21.15.3:6789/0] conn(0x7fd8b4106260 0x7fd8b4106680 unknown :-1 s=CLOSED pgs=53 cs=0 l=1 rev1=1 crypto rx=0 tx=0 comp rx=0 tx=0).stop
2024-04-01T03:11:58.317 INFO:teuthology.orchestra.run.smithi003.stdout:/usr/bin/ceph: stderr
2024-04-01T03:11:57.176+0000 7fd8bc1e8700 1 -- 172.21.15.3:0/1167234110 >> 172.21.15.3:0/1167234110 conn(0x7fd8b4101f00 msgr2=0x7fd8b4104320 unknown :-1 s=STATE_NONE l=0).mark_down
2024-04-01T03:11:58.317 INFO:teuthology.orchestra.run.smithi003.stdout:/usr/bin/ceph: stderr
2024-04-01T03:11:57.176+0000 7fd8bc1e8700 1 -- 172.21.15.3:0/1167234110 shutdown_connections
2024-04-01T03:11:58.317 INFO:teuthology.orchestra.run.smithi003.stdout:/usr/bin/ceph: stderr
2024-04-01T03:11:57.176+0000 7fd8bc1e8700 1 -- 172.21.15.3:0/1167234110 wait complete.
2024-04-01T03:11:58.317 INFO:teuthology.orchestra.run.smithi003.stdout:/usr/bin/ceph: stderr
2024-04-01T03:11:57.177+0000 7fd8bc1e8700 1 Processor -- start
2024-04-01T03:11:58.317 INFO:teuthology.orchestra.run.smithi003.stdout:/usr/bin/ceph: stderr
2024-04-01T03:11:57.177+0000 7fd8bc1e8700 1 -- start start
2024-04-01T03:11:58.317 INFO:teuthology.orchestra.run.smithi003.stdout:/usr/bin/ceph: stderr
2024-04-01T03:11:57.177+0000 7fd8bc1e8700 1 --2- >> [v2:172.21.15.3:3300/0,v1:172.21.15.3:6789/0] conn(0x7fd8b4106260 0x7fd8b419da40 unknown :-1 s=NONE pgs=0 cs=0 l=1 rev1=0 crypto rx=0 tx=0 comp rx=0 tx=0).connect
2024-04-01T03:11:58.317 INFO:teuthology.orchestra.run.smithi003.stdout:/usr/bin/ceph: stderr
2024-04-01T03:11:57.177+0000 7fd8bc1e8700 1 -- --> [v2:172.21.15.3:3300/0,v1:172.21.15.3:6789/0] -- mon_getmap magic: 0 -- 0x7fd8b4107c30 con 0x7fd8b4106260
2024-04-01T03:11:58.317 INFO:teuthology.orchestra.run.smithi003.stdout:/usr/bin/ceph: stderr
2024-04-01T03:11:57.177+0000 7fd8b9f84700 1 --2- >> [v2:172.21.15.3:3300/0,v1:172.21.15.3:6789/0] conn(0x7fd8b4106260 0x7fd8b419da40 unknown :-1 s=BANNER_CONNECTING pgs=0 cs=0 l=1 rev1=0 crypto rx=0 tx=0 comp rx=0 tx=0)._handle_peer_banner_payload supported=3 required=0
2024-04-01T03:11:58.317 INFO:teuthology.orchestra.run.smithi003.stdout:/usr/bin/ceph: stderr
2024-04-01T03:11:57.177+0000 7fd8b9f84700 1 --2- >> [v2:172.21.15.3:3300/0,v1:172.21.15.3:6789/0] conn(0x7fd8b4106260 0x7fd8b419da40 unknown :-1 s=HELLO_CONNECTING pgs=0 cs=0 l=1 rev1=1 crypto rx=0 tx=0 comp rx=0 tx=0).handle_hello peer v2:172.21.15.3:3300/0 says I am v2:172.21.15.3:39102/0 (socket says 172.21.15.3:39102)
2024-04-01T03:11:58.317 INFO:teuthology.orchestra.run.smithi003.stdout:/usr/bin/ceph: stderr
2024-04-01T03:11:57.177+0000 7fd8b9f84700 1 -- 172.21.15.3:0/445666504 learned_addr learned my addr 172.21.15.3:0/445666504 (peer_addr_for_me v2:172.21.15.3:0/0)
2024-04-01T03:11:58.317 INFO:teuthology.orchestra.run.smithi003.stdout:/usr/bin/ceph: stderr
2024-04-01T03:11:57.177+0000 7fd8b9f84700 1 -- 172.21.15.3:0/445666504 --> [v2:172.21.15.3:3300/0,v1:172.21.15.3:6789/0] -- mon_subscribe({config=0+,monmap=0+}) -- 0x7fd8b419df80 con 0x7fd8b4106260
2024-04-01T03:11:58.317 INFO:teuthology.orchestra.run.smithi003.stdout:/usr/bin/ceph: stderr
2024-04-01T03:11:57.177+0000 7fd8b9f84700 1 --2- 172.21.15.3:0/445666504 >> [v2:172.21.15.3:3300/0,v1:172.21.15.3:6789/0] conn(0x7fd8b4106260 0x7fd8b419da40 secure :-1 s=READY pgs=54 cs=0 l=1 rev1=1 crypto rx=0x7fd8a4011a20 tx=0x7fd8a4011b00 comp rx=0 tx=0).ready entity=mon.0 client_cookie=0 server_cookie=0 in_seq=0 out_seq=0
2024-04-01T03:11:58.317 INFO:teuthology.orchestra.run.smithi003.stdout:/usr/bin/ceph: stderr
2024-04-01T03:11:57.177+0000 7fd8aaffd700 1 -- 172.21.15.3:0/445666504 <== mon.0 v2:172.21.15.3:3300/0 1 ==== mon_map magic: 0 ==== 205+0+0 (secure 0 0 0) 0x7fd8a4003b70 con 0x7fd8b4106260
2024-04-01T03:11:58.317 INFO:teuthology.orchestra.run.smithi003.stdout:/usr/bin/ceph: stderr
2024-04-01T03:11:57.177+0000 7fd8aaffd700 1 -- 172.21.15.3:0/445666504 <== mon.0 v2:172.21.15.3:3300/0 2 ==== config(26 keys) ==== 1102+0+0 (secure 0 0 0) 0x7fd8a401a8e0 con 0x7fd8b4106260
2024-04-01T03:11:58.318 INFO:teuthology.orchestra.run.smithi003.stdout:/usr/bin/ceph: stderr
2024-04-01T03:11:57.178+0000 7fd8bc1e8700 1 -- 172.21.15.3:0/445666504 --> [v2:172.21.15.3:3300/0,v1:172.21.15.3:6789/0] -- mon_subscribe({mgrmap=0+}) -- 0x7fd8b419e210 con 0x7fd8b4106260
2024-04-01T03:11:58.318 INFO:teuthology.orchestra.run.smithi003.stdout:/usr/bin/ceph: stderr
2024-04-01T03:11:57.178+0000 7fd8aaffd700 1 -- 172.21.15.3:0/445666504 <== mon.0 v2:172.21.15.3:3300/0 3 ==== mon_map magic: 0 ==== 205+0+0 (secure 0 0 0) 0x7fd8a4024990 con 0x7fd8b4106260
2024-04-01T03:11:58.318 INFO:teuthology.orchestra.run.smithi003.stdout:/usr/bin/ceph: stderr
2024-04-01T03:11:57.178+0000 7fd8bc1e8700 1 -- 172.21.15.3:0/445666504 --> [v2:172.21.15.3:3300/0,v1:172.21.15.3:6789/0] -- mon_subscribe({osdmap=0}) -- 0x7fd8b41a0f00 con 0x7fd8b4106260
2024-04-01T03:11:58.318 INFO:teuthology.orchestra.run.smithi003.stdout:/usr/bin/ceph: stderr
2024-04-01T03:11:57.178+0000 7fd8bc1e8700 1 -- 172.21.15.3:0/445666504 --> [v2:172.21.15.3:3300/0,v1:172.21.15.3:6789/0] -- mon_command({"prefix": "get_command_descriptions"} v 0) -- 0x7fd8b4063870 con 0x7fd8b4106260
2024-04-01T03:11:58.318 INFO:teuthology.orchestra.run.smithi003.stdout:/usr/bin/ceph: stderr
2024-04-01T03:11:57.179+0000 7fd8aaffd700 1 -- 172.21.15.3:0/445666504 <== mon.0 v2:172.21.15.3:3300/0 4 ==== mgrmap(e 8) ==== 46116+0+0 (secure 0 0 0) 0x7fd8a4022020 con 0x7fd8b4106260
2024-04-01T03:11:58.318 INFO:teuthology.orchestra.run.smithi003.stdout:/usr/bin/ceph: stderr
2024-04-01T03:11:57.179+0000 7fd8aaffd700 1 --2- 172.21.15.3:0/445666504 >> [v2:172.21.15.3:6800/1109994850,v1:172.21.15.3:6801/1109994850] conn(0x7fd8a0038db0 0x7fd8a003b270 unknown :-1 s=NONE pgs=0 cs=0 l=1 rev1=0 crypto rx=0 tx=0 comp rx=0 tx=0).connect
2024-04-01T03:11:58.318 INFO:teuthology.orchestra.run.smithi003.stdout:/usr/bin/ceph: stderr
2024-04-01T03:11:57.179+0000 7fd8aaffd700 1 -- 172.21.15.3:0/445666504 <== mon.0 v2:172.21.15.3:3300/0 5 ==== osd_map(2..2 src has 1..2) ==== 940+0+0 (secure 0 0 0) 0x7fd8a404d220 con 0x7fd8b4106260
2024-04-01T03:11:58.318 INFO:teuthology.orchestra.run.smithi003.stdout:/usr/bin/ceph: stderr
2024-04-01T03:11:57.179+0000 7fd8b9783700 1 --2- 172.21.15.3:0/445666504 >> [v2:172.21.15.3:6800/1109994850,v1:172.21.15.3:6801/1109994850] conn(0x7fd8a0038db0 0x7fd8a003b270 unknown :-1 s=BANNER_CONNECTING pgs=0 cs=0 l=1 rev1=0 crypto rx=0 tx=0 comp rx=0 tx=0)._handle_peer_banner_payload supported=3 required=0
2024-04-01T03:11:58.318 INFO:teuthology.orchestra.run.smithi003.stdout:/usr/bin/ceph: stderr
2024-04-01T03:11:57.180+0000 7fd8b9783700 1 --2- 172.21.15.3:0/445666504 >> [v2:172.21.15.3:6800/1109994850,v1:172.21.15.3:6801/1109994850] conn(0x7fd8a0038db0 0x7fd8a003b270 secure :-1 s=READY pgs=16 cs=0 l=1 rev1=1 crypto rx=0x7fd8b0006fd0 tx=0x7fd8b0006e40 comp rx=0 tx=0).ready entity=mgr.14118 client_cookie=0 server_cookie=0 in_seq=0 out_seq=0
2024-04-01T03:11:58.318 INFO:teuthology.orchestra.run.smithi003.stdout:/usr/bin/ceph: stderr
2024-04-01T03:11:57.184+0000 7fd8aaffd700 1 -- 172.21.15.3:0/445666504 <== mon.0 v2:172.21.15.3:3300/0 6 ==== mon_command_ack([{"prefix": "get_command_descriptions"}]=0 v0) ==== 72+0+184932 (secure 0 0 0) 0x7fd8a4024d40 con 0x7fd8b4106260
2024-04-01T03:11:58.318 INFO:teuthology.orchestra.run.smithi003.stdout:/usr/bin/ceph: stderr
2024-04-01T03:11:57.456+0000 7fd8bc1e8700 1 -- 172.21.15.3:0/445666504 --> [v2:172.21.15.3:3300/0,v1:172.21.15.3:6789/0] -- mon_command({"prefix": "mgr module enable", "module": "dashboard"} v 0) -- 0x7fd8b402dd80 con 0x7fd8b4106260
2024-04-01T03:11:58.318 INFO:teuthology.orchestra.run.smithi003.stdout:/usr/bin/ceph: stderr
2024-04-01T03:11:57.781+0000 7fd8aaffd700 1 -- 172.21.15.3:0/445666504 <== mon.0 v2:172.21.15.3:3300/0 7 ==== mon_command_ack([{"prefix": "mgr module enable", "module": "dashboard"}]=0 v9) ==== 88+0+0 (secure 0 0 0) 0x7fd8a402d3f0 con 0x7fd8b4106260
2024-04-01T03:11:58.318 INFO:teuthology.orchestra.run.smithi003.stdout:/usr/bin/ceph: stderr
2024-04-01T03:11:57.783+0000 7fd8aaffd700 1 -- 172.21.15.3:0/445666504 <== mon.0 v2:172.21.15.3:3300/0 8 ==== mgrmap(e 9) ==== 46129+0+0 (secure 0 0 0) 0x7fd8a402cc00 con 0x7fd8b4106260
2024-04-01T03:11:58.318 INFO:teuthology.orchestra.run.smithi003.stdout:/usr/bin/ceph: stderr
2024-04-01T03:11:57.784+0000 7fd8bc1e8700 1 -- 172.21.15.3:0/445666504 >> [v2:172.21.15.3:6800/1109994850,v1:172.21.15.3:6801/1109994850] conn(0x7fd8a0038db0 msgr2=0x7fd8a003b270 secure :-1 s=STATE_CONNECTION_ESTABLISHED l=1).mark_down
2024-04-01T03:11:58.319 INFO:teuthology.orchestra.run.smithi003.stdout:/usr/bin/ceph: stderr
2024-04-01T03:11:57.784+0000 7fd8bc1e8700 1 --2- 172.21.15.3:0/445666504 >> [v2:172.21.15.3:6800/1109994850,v1:172.21.15.3:6801/1109994850] conn(0x7fd8a0038db0 0x7fd8a003b270 secure :-1 s=READY pgs=16 cs=0 l=1 rev1=1 crypto rx=0x7fd8b0006fd0 tx=0x7fd8b0006e40 comp rx=0 tx=0).stop
2024-04-01T03:11:58.319 INFO:teuthology.orchestra.run.smithi003.stdout:/usr/bin/ceph: stderr
2024-04-01T03:11:57.784+0000 7fd8bc1e8700 1 -- 172.21.15.3:0/445666504 >> [v2:172.21.15.3:3300/0,v1:172.21.15.3:6789/0] conn(0x7fd8b4106260 msgr2=0x7fd8b419da40 secure :-1 s=STATE_CONNECTION_ESTABLISHED l=1).mark_down
2024-04-01T03:11:58.319 INFO:teuthology.orchestra.run.smithi003.stdout:/usr/bin/ceph: stderr
2024-04-01T03:11:57.784+0000 7fd8bc1e8700 1 --2- 172.21.15.3:0/445666504 >> [v2:172.21.15.3:3300/0,v1:172.21.15.3:6789/0] conn(0x7fd8b4106260 0x7fd8b419da40 secure :-1 s=READY pgs=54 cs=0 l=1 rev1=1 crypto rx=0x7fd8a4011a20 tx=0x7fd8a4011b00 comp rx=0 tx=0).stop
2024-04-01T03:11:58.319 INFO:teuthology.orchestra.run.smithi003.stdout:/usr/bin/ceph: stderr
2024-04-01T03:11:57.784+0000 7fd8bc1e8700 1 -- 172.21.15.3:0/445666504 shutdown_connections
2024-04-01T03:11:58.319 INFO:teuthology.orchestra.run.smithi003.stdout:/usr/bin/ceph: stderr
2024-04-01T03:11:57.784+0000 7fd8bc1e8700 1 --2- 172.21.15.3:0/445666504 >> [v2:172.21.15.3:6800/1109994850,v1:172.21.15.3:6801/1109994850] conn(0x7fd8a0038db0 0x7fd8a003b270 unknown :-1 s=CLOSED pgs=16 cs=0 l=1 rev1=1 crypto rx=0 tx=0 comp rx=0 tx=0).stop
2024-04-01T03:11:58.319 INFO:teuthology.orchestra.run.smithi003.stdout:/usr/bin/ceph: stderr
2024-04-01T03:11:57.784+0000 7fd8bc1e8700 1 --2- 172.21.15.3:0/445666504 >> [v2:172.21.15.3:3300/0,v1:172.21.15.3:6789/0] conn(0x7fd8b4106260 0x7fd8b419da40 unknown :-1 s=CLOSED pgs=54 cs=0 l=1 rev1=1 crypto rx=0 tx=0 comp rx=0 tx=0).stop
2024-04-01T03:11:58.319 INFO:teuthology.orchestra.run.smithi003.stdout:/usr/bin/ceph: stderr
2024-04-01T03:11:57.784+0000 7fd8bc1e8700 1 -- 172.21.15.3:0/445666504 >> 172.21.15.3:0/445666504 conn(0x7fd8b4101f00 msgr2=0x7fd8b4194680 unknown :-1 s=STATE_NONE l=0).mark_down
2024-04-01T03:11:58.319 INFO:teuthology.orchestra.run.smithi003.stdout:/usr/bin/ceph: stderr
2024-04-01T03:11:57.785+0000 7fd8bc1e8700 1 -- 172.21.15.3:0/445666504 shutdown_connections
2024-04-01T03:11:58.319 INFO:teuthology.orchestra.run.smithi003.stdout:/usr/bin/ceph: stderr
2024-04-01T03:11:57.785+0000 7fd8bc1e8700 1 -- 172.21.15.3:0/445666504 wait complete.
2024-04-01T03:11:58.644 INFO:journalctl@ceph.mgr.x.smithi003.stdout:Apr 01 03:11:58 smithi003 ceph-564cc0a0-efd5-11ee-b647-cb9ed24678a4-mgr-x[32203]:
2024-04-01T03:11:58.370+0000 7f775e311200 -1 mgr[py] Module osd_perf_query has missing NOTIFY_TYPES member
2024-04-01T03:11:58.644 INFO:journalctl@ceph.mgr.x.smithi003.stdout:Apr 01 03:11:58 smithi003 ceph-564cc0a0-efd5-11ee-b647-cb9ed24678a4-mgr-x[32203]:
2024-04-01T03:11:58.467+0000 7f775e311200 -1 mgr[py] Module snap_schedule has missing NOTIFY_TYPES member
2024-04-01T03:11:58.952 INFO:journalctl@ceph.mon.a.smithi003.stdout:Apr 01 03:11:58 smithi003 ceph-mon[31972]: from='client.? 172.21.15.3:0/445666504' entity='client.admin' cmd='[{"prefix": "mgr module enable", "module": "dashboard"}]': finished
2024-04-01T03:11:58.952 INFO:journalctl@ceph.mon.a.smithi003.stdout:Apr 01 03:11:58 smithi003 ceph-mon[31972]: mgrmap e9: x(active, since 19s)
2024-04-01T03:11:59.237 INFO:journalctl@ceph.mgr.x.smithi003.stdout:Apr 01 03:11:59 smithi003 ceph-564cc0a0-efd5-11ee-b647-cb9ed24678a4-mgr-x[32203]:
2024-04-01T03:11:59.140+0000 7f775e311200 -1 mgr[py] Module zabbix has missing NOTIFY_TYPES member
2024-04-01T03:11:59.237 INFO:journalctl@ceph.mgr.x.smithi003.stdout:Apr 01 03:11:59 smithi003 ceph-564cc0a0-efd5-11ee-b647-cb9ed24678a4-mgr-x[32203]:
2024-04-01T03:11:59.237+0000 7f775e311200 -1 mgr[py] Module balancer has missing NOTIFY_TYPES member
2024-04-01T03:11:59.488 INFO:journalctl@ceph.mgr.x.smithi003.stdout:Apr 01 03:11:59 smithi003 ceph-564cc0a0-efd5-11ee-b647-cb9ed24678a4-mgr-x[32203]:
2024-04-01T03:11:59.385+0000 7f775e311200 -1 mgr[py] Module influx has missing NOTIFY_TYPES member
2024-04-01T03:11:59.488 INFO:journalctl@ceph.mgr.x.smithi003.stdout:Apr 01 03:11:59 smithi003 ceph-564cc0a0-efd5-11ee-b647-cb9ed24678a4-mgr-x[32203]:
2024-04-01T03:11:59.488+0000 7f775e311200 -1 mgr[py] Module alerts has missing NOTIFY_TYPES member
2024-04-01T03:11:59.610 INFO:teuthology.orchestra.run.smithi003.stdout:/usr/bin/ceph: stdout {
2024-04-01T03:11:59.616 INFO:teuthology.orchestra.run.smithi003.stdout:/usr/bin/ceph: stdout "epoch": 9,
2024-04-01T03:11:59.616 INFO:teuthology.orchestra.run.smithi003.stdout:/usr/bin/ceph: stdout "available": true,
2024-04-01T03:11:59.616 INFO:teuthology.orchestra.run.smithi003.stdout:/usr/bin/ceph: stdout "active_name": "x",
2024-04-01T03:11:59.617 INFO:teuthology.orchestra.run.smithi003.stdout:/usr/bin/ceph: stdout "num_standby": 0
2024-04-01T03:11:59.617 INFO:teuthology.orchestra.run.smithi003.stdout:/usr/bin/ceph: stdout }
2024-04-01T03:11:59.617 INFO:teuthology.orchestra.run.smithi003.stdout:/usr/bin/ceph: stderr
2024-04-01T03:11:58.746+0000 7fd08f80a700 1 Processor -- start
