2024-04-01T03:11:32.874+0000 7fc4b9738700 1 --2- 172.21.15.3:0/982186410 >> [v2:172.21.15.3:6800/4154111772,v1:172.21.15.3:6801/4154111772] conn(0x7fc49c038db0 0x7fc49c03b270 unknown :-1 s=CLOSED pgs=0 cs=0 l=1 rev1=0 crypto rx=0 tx=0 comp rx=0 tx=0).stop
2024-04-01T03:11:33.485 INFO:teuthology.orchestra.run.smithi003.stdout:/usr/bin/ceph: stderr
2024-04-01T03:11:32.874+0000 7fc4b9738700 1 --2- 172.21.15.3:0/982186410 >> [v2:172.21.15.3:3300/0,v1:172.21.15.3:6789/0] conn(0x7fc4b41083f0 0x7fc4b4107c70 unknown :-1 s=CLOSED pgs=25 cs=0 l=1 rev1=1 crypto rx=0 tx=0 comp rx=0 tx=0).stop
2024-04-01T03:11:33.485 INFO:teuthology.orchestra.run.smithi003.stdout:/usr/bin/ceph: stderr
2024-04-01T03:11:32.874+0000 7fc4b9738700 1 -- 172.21.15.3:0/982186410 >> 172.21.15.3:0/982186410 conn(0x7fc4b4101de0 msgr2=0x7fc4b41029a0 unknown :-1 s=STATE_NONE l=0).mark_down
2024-04-01T03:11:33.485 INFO:teuthology.orchestra.run.smithi003.stdout:/usr/bin/ceph: stderr
2024-04-01T03:11:32.874+0000 7fc4b9738700 1 -- 172.21.15.3:0/982186410 shutdown_connections
2024-04-01T03:11:33.485 INFO:teuthology.orchestra.run.smithi003.stdout:/usr/bin/ceph: stderr
2024-04-01T03:11:32.875+0000 7fc4b9738700 1 -- 172.21.15.3:0/982186410 wait complete.
2024-04-01T03:11:33.485 INFO:teuthology.orchestra.run.smithi003.stdout:Waiting for the mgr to restart...
2024-04-01T03:11:33.485 INFO:teuthology.orchestra.run.smithi003.stdout:Waiting for mgr epoch 5...
2024-04-01T03:11:33.697 INFO:journalctl@ceph.mon.a.smithi003.stdout:Apr 01 03:11:33 smithi003 ceph-mon[31972]: from='client.? 172.21.15.3:0/982186410' entity='client.admin' cmd=[{"prefix": "mgr stat"}]: dispatch
2024-04-01T03:11:34.025 INFO:journalctl@ceph.mgr.x.smithi003.stdout:Apr 01 03:11:33 smithi003 ceph-564cc0a0-efd5-11ee-b647-cb9ed24678a4-mgr-x[32203]:
2024-04-01T03:11:33.721+0000 7fe48cb76200 -1 mgr[py] Module rgw has missing NOTIFY_TYPES member
2024-04-01T03:11:34.025 INFO:journalctl@ceph.mgr.x.smithi003.stdout:Apr 01 03:11:33 smithi003 ceph-564cc0a0-efd5-11ee-b647-cb9ed24678a4-mgr-x[32203]:
2024-04-01T03:11:33.834+0000 7fe48cb76200 -1 mgr[py] Module rbd_support has missing NOTIFY_TYPES member
2024-04-01T03:11:34.025 INFO:journalctl@ceph.mgr.x.smithi003.stdout:Apr 01 03:11:33 smithi003 ceph-564cc0a0-efd5-11ee-b647-cb9ed24678a4-mgr-x[32203]:
2024-04-01T03:11:33.926+0000 7fe48cb76200 -1 mgr[py] Module progress has missing NOTIFY_TYPES member
2024-04-01T03:11:34.361 INFO:journalctl@ceph.mgr.x.smithi003.stdout:Apr 01 03:11:34 smithi003 ceph-564cc0a0-efd5-11ee-b647-cb9ed24678a4-mgr-x[32203]:
2024-04-01T03:11:34.024+0000 7fe48cb76200 -1 mgr[py] Module pg_autoscaler has missing NOTIFY_TYPES member
2024-04-01T03:11:34.361 INFO:journalctl@ceph.mgr.x.smithi003.stdout:Apr 01 03:11:34 smithi003 ceph-564cc0a0-efd5-11ee-b647-cb9ed24678a4-mgr-x[32203]:
2024-04-01T03:11:34.201+0000 7fe48cb76200 -1 mgr[py] Module devicehealth has missing NOTIFY_TYPES member
2024-04-01T03:11:35.611 INFO:journalctl@ceph.mgr.x.smithi003.stdout:Apr 01 03:11:35 smithi003 ceph-564cc0a0-efd5-11ee-b647-cb9ed24678a4-mgr-x[32203]:
2024-04-01T03:11:35.187+0000 7fe48cb76200 -1 mgr[py] Module rook has missing NOTIFY_TYPES member
2024-04-01T03:11:35.611 INFO:journalctl@ceph.mgr.x.smithi003.stdout:Apr 01 03:11:35 smithi003 ceph-564cc0a0-efd5-11ee-b647-cb9ed24678a4-mgr-x[32203]:
2024-04-01T03:11:35.321+0000 7fe48cb76200 -1 mgr[py] Module diskprediction_local has missing NOTIFY_TYPES member
2024-04-01T03:11:35.951 INFO:journalctl@ceph.mgr.x.smithi003.stdout:Apr 01 03:11:35 smithi003 ceph-564cc0a0-efd5-11ee-b647-cb9ed24678a4-mgr-x[32203]:
2024-04-01T03:11:35.659+0000 7fe48cb76200 -1 mgr[py] Module selftest has missing NOTIFY_TYPES member
2024-04-01T03:11:35.951 INFO:journalctl@ceph.mgr.x.smithi003.stdout:Apr 01 03:11:35 smithi003 ceph-564cc0a0-efd5-11ee-b647-cb9ed24678a4-mgr-x[32203]:
2024-04-01T03:11:35.750+0000 7fe48cb76200 -1 mgr[py] Module telegraf has missing NOTIFY_TYPES member
2024-04-01T03:11:35.951 INFO:journalctl@ceph.mgr.x.smithi003.stdout:Apr 01 03:11:35 smithi003 ceph-564cc0a0-efd5-11ee-b647-cb9ed24678a4-mgr-x[32203]:
2024-04-01T03:11:35.950+0000 7fe48cb76200 -1 mgr[py] Module test_orchestrator has missing NOTIFY_TYPES member
2024-04-01T03:11:36.361 INFO:journalctl@ceph.mgr.x.smithi003.stdout:Apr 01 03:11:36 smithi003 ceph-564cc0a0-efd5-11ee-b647-cb9ed24678a4-mgr-x[32203]:
2024-04-01T03:11:36.139+0000 7fe48cb76200 -1 mgr[py] Module crash has missing NOTIFY_TYPES member
2024-04-01T03:11:36.690 INFO:journalctl@ceph.mgr.x.smithi003.stdout:Apr 01 03:11:36 smithi003 ceph-564cc0a0-efd5-11ee-b647-cb9ed24678a4-mgr-x[32203]:
2024-04-01T03:11:36.429+0000 7fe48cb76200 -1 mgr[py] Module orchestrator has missing NOTIFY_TYPES member
2024-04-01T03:11:36.690 INFO:journalctl@ceph.mgr.x.smithi003.stdout:Apr 01 03:11:36 smithi003 ceph-564cc0a0-efd5-11ee-b647-cb9ed24678a4-mgr-x[32203]:
2024-04-01T03:11:36.689+0000 7fe48cb76200 -1 mgr[py] Module osd_support has missing NOTIFY_TYPES member
2024-04-01T03:11:37.111 INFO:journalctl@ceph.mgr.x.smithi003.stdout:Apr 01 03:11:36 smithi003 ceph-564cc0a0-efd5-11ee-b647-cb9ed24678a4-mgr-x[32203]:
2024-04-01T03:11:36.932+0000 7fe48cb76200 -1 mgr[py] Module volumes has missing NOTIFY_TYPES member
2024-04-01T03:11:38.111 INFO:journalctl@ceph.mgr.x.smithi003.stdout:Apr 01 03:11:37 smithi003 ceph-564cc0a0-efd5-11ee-b647-cb9ed24678a4-mgr-x[32203]:
2024-04-01T03:11:37.755+0000 7fe48cb76200 -1 mgr[py] Module telemetry has missing NOTIFY_TYPES member
2024-04-01T03:11:38.611 INFO:journalctl@ceph.mgr.x.smithi003.stdout:Apr 01 03:11:38 smithi003 ceph-564cc0a0-efd5-11ee-b647-cb9ed24678a4-mgr-x[32203]:
2024-04-01T03:11:38.335+0000 7fe48cb76200 -1 mgr[py] Module prometheus has missing NOTIFY_TYPES member
2024-04-01T03:11:38.611 INFO:journalctl@ceph.mgr.x.smithi003.stdout:Apr 01 03:11:38 smithi003 ceph-564cc0a0-efd5-11ee-b647-cb9ed24678a4-mgr-x[32203]:
2024-04-01T03:11:38.435+0000 7fe48cb76200 -1 mgr[py] Module status has missing NOTIFY_TYPES member
2024-04-01T03:11:39.111 INFO:journalctl@ceph.mgr.x.smithi003.stdout:Apr 01 03:11:38 smithi003 ceph-564cc0a0-efd5-11ee-b647-cb9ed24678a4-mgr-x[32203]:
2024-04-01T03:11:38.655+0000 7fe48cb76200 -1 mgr[py] Module nfs has missing NOTIFY_TYPES member
2024-04-01T03:11:39.112 INFO:journalctl@ceph.mon.a.smithi003.stdout:Apr 01 03:11:38 smithi003 ceph-mon[31972]: Active manager daemon x restarted
2024-04-01T03:11:39.112 INFO:journalctl@ceph.mon.a.smithi003.stdout:Apr 01 03:11:38 smithi003 ceph-mon[31972]: Activating manager daemon x
2024-04-01T03:11:39.112 INFO:journalctl@ceph.mon.a.smithi003.stdout:Apr 01 03:11:38 smithi003 ceph-mon[31972]: osdmap e2: 0 total, 0 up, 0 in
2024-04-01T03:11:39.112 INFO:journalctl@ceph.mon.a.smithi003.stdout:Apr 01 03:11:38 smithi003 ceph-mon[31972]: mgrmap e6: x(active, starting, since 0.00339642s)
2024-04-01T03:11:39.112 INFO:journalctl@ceph.mon.a.smithi003.stdout:Apr 01 03:11:38 smithi003 ceph-mon[31972]: from='mgr.14118 172.21.15.3:0/998959034' entity='mgr.x' cmd=[{"prefix": "mon metadata", "id": "a"}]: dispatch
2024-04-01T03:11:39.112 INFO:journalctl@ceph.mon.a.smithi003.stdout:Apr 01 03:11:38 smithi003 ceph-mon[31972]: from='mgr.14118 172.21.15.3:0/998959034' entity='mgr.x' cmd=[{"prefix": "mgr metadata", "who": "x", "id": "x"}]: dispatch
2024-04-01T03:11:39.112 INFO:journalctl@ceph.mon.a.smithi003.stdout:Apr 01 03:11:38 smithi003 ceph-mon[31972]: from='mgr.14118 172.21.15.3:0/998959034' entity='mgr.x' cmd=[{"prefix": "mds metadata"}]: dispatch
2024-04-01T03:11:39.112 INFO:journalctl@ceph.mon.a.smithi003.stdout:Apr 01 03:11:38 smithi003 ceph-mon[31972]: from='mgr.14118 172.21.15.3:0/998959034' entity='mgr.x' cmd=[{"prefix": "osd metadata"}]: dispatch
2024-04-01T03:11:39.112 INFO:journalctl@ceph.mon.a.smithi003.stdout:Apr 01 03:11:38 smithi003 ceph-mon[31972]: from='mgr.14118 172.21.15.3:0/998959034' entity='mgr.x' cmd=[{"prefix": "mon metadata"}]: dispatch
2024-04-01T03:11:39.112 INFO:journalctl@ceph.mon.a.smithi003.stdout:Apr 01 03:11:38 smithi003 ceph-mon[31972]: Manager daemon x is now available
2024-04-01T03:11:39.113 INFO:journalctl@ceph.mon.a.smithi003.stdout:Apr 01 03:11:38 smithi003 ceph-mon[31972]: from='mgr.14118 172.21.15.3:0/998959034' entity='mgr.x'
2024-04-01T03:11:39.113 INFO:journalctl@ceph.mon.a.smithi003.stdout:Apr 01 03:11:38 smithi003 ceph-mon[31972]: from='mgr.14118 172.21.15.3:0/998959034' entity='mgr.x'
2024-04-01T03:11:39.113 INFO:journalctl@ceph.mon.a.smithi003.stdout:Apr 01 03:11:38 smithi003 ceph-mon[31972]: from='mgr.14118 172.21.15.3:0/998959034' entity='mgr.x' cmd=[{"prefix": "config dump", "format": "json"}]: dispatch
2024-04-01T03:11:39.113 INFO:journalctl@ceph.mon.a.smithi003.stdout:Apr 01 03:11:38 smithi003 ceph-mon[31972]: from='mgr.14118 172.21.15.3:0/998959034' entity='mgr.x' cmd=[{"prefix": "config dump", "format": "json"}]: dispatch
2024-04-01T03:11:39.113 INFO:journalctl@ceph.mon.a.smithi003.stdout:Apr 01 03:11:38 smithi003 ceph-mon[31972]: from='mgr.14118 172.21.15.3:0/998959034' entity='mgr.x' cmd=[{"prefix":"config rm","who":"mgr","name":"mgr/rbd_support/x/mirror_snapshot_schedule"}]: dispatch
2024-04-01T03:11:39.113 INFO:journalctl@ceph.mon.a.smithi003.stdout:Apr 01 03:11:38 smithi003 ceph-mon[31972]: from='mgr.14118 172.21.15.3:0/998959034' entity='mgr.x' cmd=[{"prefix":"config rm","who":"mgr","name":"mgr/rbd_support/x/trash_purge_schedule"}]: dispatch
2024-04-01T03:11:39.861 INFO:journalctl@ceph.mon.a.smithi003.stdout:Apr 01 03:11:39 smithi003 ceph-mon[31972]: Found migration_current of "None". Setting to last migration.
2024-04-01T03:11:39.861 INFO:journalctl@ceph.mon.a.smithi003.stdout:Apr 01 03:11:39 smithi003 ceph-mon[31972]: from='mgr.14118 172.21.15.3:0/998959034' entity='mgr.x'
2024-04-01T03:11:39.861 INFO:journalctl@ceph.mon.a.smithi003.stdout:Apr 01 03:11:39 smithi003 ceph-mon[31972]: from='mgr.14118 172.21.15.3:0/998959034' entity='mgr.x'
2024-04-01T03:11:39.861 INFO:journalctl@ceph.mon.a.smithi003.stdout:Apr 01 03:11:39 smithi003 ceph-mon[31972]: mgrmap e7: x(active, since 1.00808s)
2024-04-01T03:11:40.220 INFO:teuthology.orchestra.run.smithi003.stdout:/usr/bin/ceph: stdout {
2024-04-01T03:11:40.220 INFO:teuthology.orchestra.run.smithi003.stdout:/usr/bin/ceph: stdout "mgrmap_epoch": 7,
2024-04-01T03:11:40.220 INFO:teuthology.orchestra.run.smithi003.stdout:/usr/bin/ceph: stdout "initialized": true
2024-04-01T03:11:40.221 INFO:teuthology.orchestra.run.smithi003.stdout:/usr/bin/ceph: stdout }
2024-04-01T03:11:40.221 INFO:teuthology.orchestra.run.smithi003.stdout:/usr/bin/ceph: stderr
2024-04-01T03:11:33.898+0000 7f57de202700 1 Processor -- start
2024-04-01T03:11:40.221 INFO:teuthology.orchestra.run.smithi003.stdout:/usr/bin/ceph: stderr
2024-04-01T03:11:33.898+0000 7f57de202700 1 -- start start
2024-04-01T03:11:40.221 INFO:teuthology.orchestra.run.smithi003.stdout:/usr/bin/ceph: stderr
2024-04-01T03:11:33.898+0000 7f57de202700 1 --2- >> [v2:172.21.15.3:3300/0,v1:172.21.15.3:6789/0] conn(0x7f57d8108410 0x7f57d810a800 unknown :-1 s=NONE pgs=0 cs=0 l=0 rev1=0 crypto rx=0 tx=0 comp rx=0 tx=0).connect
2024-04-01T03:11:40.221 INFO:teuthology.orchestra.run.smithi003.stdout:/usr/bin/ceph: stderr
2024-04-01T03:11:33.898+0000 7f57de202700 1 -- --> [v2:172.21.15.3:3300/0,v1:172.21.15.3:6789/0] -- mon_getmap magic: 0 -- 0x7f57d807ae60 con 0x7f57d8108410
2024-04-01T03:11:40.221 INFO:teuthology.orchestra.run.smithi003.stdout:/usr/bin/ceph: stderr
2024-04-01T03:11:33.898+0000 7f57d77fe700 1 --2- >> [v2:172.21.15.3:3300/0,v1:172.21.15.3:6789/0] conn(0x7f57d8108410 0x7f57d810a800 unknown :-1 s=BANNER_CONNECTING pgs=0 cs=0 l=0 rev1=0 crypto rx=0 tx=0 comp rx=0 tx=0)._handle_peer_banner_payload supported=3 required=0
2024-04-01T03:11:40.221 INFO:teuthology.orchestra.run.smithi003.stdout:/usr/bin/ceph: stderr
2024-04-01T03:11:33.898+0000 7f57d77fe700 1 --2- >> [v2:172.21.15.3:3300/0,v1:172.21.15.3:6789/0] conn(0x7f57d8108410 0x7f57d810a800 unknown :-1 s=HELLO_CONNECTING pgs=0 cs=0 l=0 rev1=1 crypto rx=0 tx=0 comp rx=0 tx=0).handle_hello peer v2:172.21.15.3:3300/0 says I am v2:172.21.15.3:46350/0 (socket says 172.21.15.3:46350)
2024-04-01T03:11:40.221 INFO:teuthology.orchestra.run.smithi003.stdout:/usr/bin/ceph: stderr
2024-04-01T03:11:33.898+0000 7f57d77fe700 1 -- 172.21.15.3:0/975871363 learned_addr learned my addr 172.21.15.3:0/975871363 (peer_addr_for_me v2:172.21.15.3:0/0)
2024-04-01T03:11:40.221 INFO:teuthology.orchestra.run.smithi003.stdout:/usr/bin/ceph: stderr
2024-04-01T03:11:33.898+0000 7f57d77fe700 1 -- 172.21.15.3:0/975871363 --> [v2:172.21.15.3:3300/0,v1:172.21.15.3:6789/0] -- mon_subscribe({config=0+,monmap=0+}) -- 0x7f57d810ad40 con 0x7f57d8108410
2024-04-01T03:11:40.221 INFO:teuthology.orchestra.run.smithi003.stdout:/usr/bin/ceph: stderr
2024-04-01T03:11:33.898+0000 7f57d77fe700 1 --2- 172.21.15.3:0/975871363 >> [v2:172.21.15.3:3300/0,v1:172.21.15.3:6789/0] conn(0x7f57d8108410 0x7f57d810a800 secure :-1 s=READY pgs=26 cs=0 l=1 rev1=1 crypto rx=0x7f57c80098a0 tx=0x7f57c8009bb0 comp rx=0 tx=0).ready entity=mon.0 client_cookie=a4c922b28ee8da5 server_cookie=0 in_seq=0 out_seq=0
2024-04-01T03:11:40.222 INFO:teuthology.orchestra.run.smithi003.stdout:/usr/bin/ceph: stderr
2024-04-01T03:11:33.899+0000 7f57d6ffd700 1 -- 172.21.15.3:0/975871363 <== mon.0 v2:172.21.15.3:3300/0 1 ==== mon_map magic: 0 ==== 205+0+0 (secure 0 0 0) 0x7f57c8004160 con 0x7f57d8108410
2024-04-01T03:11:40.222 INFO:teuthology.orchestra.run.smithi003.stdout:/usr/bin/ceph: stderr
2024-04-01T03:11:33.899+0000 7f57d6ffd700 1 -- 172.21.15.3:0/975871363 <== mon.0 v2:172.21.15.3:3300/0 2 ==== config(26 keys) ==== 1071+0+0 (secure 0 0 0) 0x7f57c8004300 con 0x7f57d8108410
2024-04-01T03:11:40.222 INFO:teuthology.orchestra.run.smithi003.stdout:/usr/bin/ceph: stderr
2024-04-01T03:11:33.899+0000 7f57d6ffd700 1 -- 172.21.15.3:0/975871363 <== mon.0 v2:172.21.15.3:3300/0 3 ==== mon_map magic: 0 ==== 205+0+0 (secure 0 0 0) 0x7f57c8011a80 con 0x7f57d8108410
2024-04-01T03:11:40.222 INFO:teuthology.orchestra.run.smithi003.stdout:/usr/bin/ceph: stderr
2024-04-01T03:11:33.899+0000 7f57de202700 1 -- 172.21.15.3:0/975871363 >> [v2:172.21.15.3:3300/0,v1:172.21.15.3:6789/0] conn(0x7f57d8108410 msgr2=0x7f57d810a800 secure :-1 s=STATE_CONNECTION_ESTABLISHED l=1).mark_down
2024-04-01T03:11:40.222 INFO:teuthology.orchestra.run.smithi003.stdout:/usr/bin/ceph: stderr
2024-04-01T03:11:33.899+0000 7f57de202700 1 --2- 172.21.15.3:0/975871363 >> [v2:172.21.15.3:3300/0,v1:172.21.15.3:6789/0] conn(0x7f57d8108410 0x7f57d810a800 secure :-1 s=READY pgs=26 cs=0 l=1 rev1=1 crypto rx=0x7f57c80098a0 tx=0x7f57c8009bb0 comp rx=0 tx=0).stop
2024-04-01T03:11:40.222 INFO:teuthology.orchestra.run.smithi003.stdout:/usr/bin/ceph: stderr
2024-04-01T03:11:33.899+0000 7f57de202700 1 -- 172.21.15.3:0/975871363 shutdown_connections
2024-04-01T03:11:40.222 INFO:teuthology.orchestra.run.smithi003.stdout:/usr/bin/ceph: stderr
2024-04-01T03:11:33.899+0000 7f57de202700 1 --2- 172.21.15.3:0/975871363 >> [v2:172.21.15.3:3300/0,v1:172.21.15.3:6789/0] conn(0x7f57d8108410 0x7f57d810a800 unknown :-1 s=CLOSED pgs=26 cs=0 l=1 rev1=1 crypto rx=0 tx=0 comp rx=0 tx=0).stop
2024-04-01T03:11:40.222 INFO:teuthology.orchestra.run.smithi003.stdout:/usr/bin/ceph: stderr
2024-04-01T03:11:33.899+0000 7f57de202700 1 -- 172.21.15.3:0/975871363 >> 172.21.15.3:0/975871363 conn(0x7f57d8101e80 msgr2=0x7f57d81042a0 unknown :-1 s=STATE_NONE l=0).mark_down
2024-04-01T03:11:40.222 INFO:teuthology.orchestra.run.smithi003.stdout:/usr/bin/ceph: stderr
2024-04-01T03:11:33.900+0000 7f57de202700 1 -- 172.21.15.3:0/975871363 shutdown_connections
2024-04-01T03:11:40.222 INFO:teuthology.orchestra.run.smithi003.stdout:/usr/bin/ceph: stderr
2024-04-01T03:11:33.900+0000 7f57de202700 1 -- 172.21.15.3:0/975871363 wait complete.
2024-04-01T03:11:40.222 INFO:teuthology.orchestra.run.smithi003.stdout:/usr/bin/ceph: stderr
2024-04-01T03:11:33.900+0000 7f57de202700 1 Processor -- start
2024-04-01T03:11:40.223 INFO:teuthology.orchestra.run.smithi003.stdout:/usr/bin/ceph: stderr
2024-04-01T03:11:33.900+0000 7f57de202700 1 -- start start
2024-04-01T03:11:40.223 INFO:teuthology.orchestra.run.smithi003.stdout:/usr/bin/ceph: stderr
2024-04-01T03:11:33.900+0000 7f57de202700 1 --2- >> [v2:172.21.15.3:3300/0,v1:172.21.15.3:6789/0] conn(0x7f57d8108410 0x7f57d8107c90 unknown :-1 s=NONE pgs=0 cs=0 l=1 rev1=0 crypto rx=0 tx=0 comp rx=0 tx=0).connect
2024-04-01T03:11:40.223 INFO:teuthology.orchestra.run.smithi003.stdout:/usr/bin/ceph: stderr
2024-04-01T03:11:33.900+0000 7f57de202700 1 -- --> [v2:172.21.15.3:3300/0,v1:172.21.15.3:6789/0] -- mon_getmap magic: 0 -- 0x7f57d810bd00 con 0x7f57d8108410
2024-04-01T03:11:40.223 INFO:teuthology.orchestra.run.smithi003.stdout:/usr/bin/ceph: stderr
2024-04-01T03:11:33.901+0000 7f57d77fe700 1 --2- >> [v2:172.21.15.3:3300/0,v1:172.21.15.3:6789/0] conn(0x7f57d8108410 0x7f57d8107c90 unknown :-1 s=BANNER_CONNECTING pgs=0 cs=0 l=1 rev1=0 crypto rx=0 tx=0 comp rx=0 tx=0)._handle_peer_banner_payload supported=3 required=0
2024-04-01T03:11:40.223 INFO:teuthology.orchestra.run.smithi003.stdout:/usr/bin/ceph: stderr
2024-04-01T03:11:33.901+0000 7f57d77fe700 1 --2- >> [v2:172.21.15.3:3300/0,v1:172.21.15.3:6789/0] conn(0x7f57d8108410 0x7f57d8107c90 unknown :-1 s=HELLO_CONNECTING pgs=0 cs=0 l=1 rev1=1 crypto rx=0 tx=0 comp rx=0 tx=0).handle_hello peer v2:172.21.15.3:3300/0 says I am v2:172.21.15.3:46366/0 (socket says 172.21.15.3:46366)
2024-04-01T03:11:40.223 INFO:teuthology.orchestra.run.smithi003.stdout:/usr/bin/ceph: stderr
2024-04-01T03:11:33.901+0000 7f57d77fe700 1 -- 172.21.15.3:0/224343342 learned_addr learned my addr 172.21.15.3:0/224343342 (peer_addr_for_me v2:172.21.15.3:0/0)
2024-04-01T03:11:40.223 INFO:teuthology.orchestra.run.smithi003.stdout:/usr/bin/ceph: stderr
2024-04-01T03:11:33.901+0000 7f57d77fe700 1 -- 172.21.15.3:0/224343342 --> [v2:172.21.15.3:3300/0,v1:172.21.15.3:6789/0] -- mon_subscribe({config=0+,monmap=0+}) -- 0x7f57d81081d0 con 0x7f57d8108410
2024-04-01T03:11:40.223 INFO:teuthology.orchestra.run.smithi003.stdout:/usr/bin/ceph: stderr
2024-04-01T03:11:33.901+0000 7f57d77fe700 1 --2- 172.21.15.3:0/224343342 >> [v2:172.21.15.3:3300/0,v1:172.21.15.3:6789/0] conn(0x7f57d8108410 0x7f57d8107c90 secure :-1 s=READY pgs=27 cs=0 l=1 rev1=1 crypto rx=0x7f57c8011a50 tx=0x7f57c8004290 comp rx=0 tx=0).ready entity=mon.0 client_cookie=0 server_cookie=0 in_seq=0 out_seq=0
2024-04-01T03:11:40.223 INFO:teuthology.orchestra.run.smithi003.stdout:/usr/bin/ceph: stderr
2024-04-01T03:11:33.901+0000 7f57d57fa700 1 -- 172.21.15.3:0/224343342 <== mon.0 v2:172.21.15.3:3300/0 1 ==== mon_map magic: 0 ==== 205+0+0 (secure 0 0 0) 0x7f57c80039f0 con 0x7f57d8108410
2024-04-01T03:11:40.223 INFO:teuthology.orchestra.run.smithi003.stdout:/usr/bin/ceph: stderr
2024-04-01T03:11:33.901+0000 7f57d57fa700 1 -- 172.21.15.3:0/224343342 <== mon.0 v2:172.21.15.3:3300/0 2 ==== config(26 keys) ==== 1071+0+0 (secure 0 0 0) 0x7f57c8003b90 con 0x7f57d8108410
2024-04-01T03:11:40.223 INFO:teuthology.orchestra.run.smithi003.stdout:/usr/bin/ceph: stderr
2024-04-01T03:11:33.901+0000 7f57de202700 1 -- 172.21.15.3:0/224343342 --> [v2:172.21.15.3:3300/0,v1:172.21.15.3:6789/0] -- mon_subscribe({mgrmap=0+}) -- 0x7f57d81063c0 con 0x7f57d8108410
2024-04-01T03:11:40.224 INFO:teuthology.orchestra.run.smithi003.stdout:/usr/bin/ceph: stderr
2024-04-01T03:11:33.901+0000 7f57de202700 1 -- 172.21.15.3:0/224343342 --> [v2:172.21.15.3:3300/0,v1:172.21.15.3:6789/0] -- mon_subscribe({osdmap=0}) -- 0x7f57d8106900 con 0x7f57d8108410
2024-04-01T03:11:40.224 INFO:teuthology.orchestra.run.smithi003.stdout:/usr/bin/ceph: stderr
2024-04-01T03:11:33.901+0000 7f57d57fa700 1 -- 172.21.15.3:0/224343342 <== mon.0 v2:172.21.15.3:3300/0 3 ==== mon_map magic: 0 ==== 205+0+0 (secure 0 0 0) 0x7f57c801a600 con 0x7f57d8108410
2024-04-01T03:11:40.224 INFO:teuthology.orchestra.run.smithi003.stdout:/usr/bin/ceph: stderr
2024-04-01T03:11:33.902+0000 7f57d57fa700 1 -- 172.21.15.3:0/224343342 <== mon.0 v2:172.21.15.3:3300/0 4 ==== mgrmap(e 5) ==== 46116+0+0 (secure 0 0 0) 0x7f57c801a960 con 0x7f57d8108410
2024-04-01T03:11:40.224 INFO:teuthology.orchestra.run.smithi003.stdout:/usr/bin/ceph: stderr
2024-04-01T03:11:33.902+0000 7f57d57fa700 1 --2- 172.21.15.3:0/224343342 >> [v2:172.21.15.3:6800/4154111772,v1:172.21.15.3:6801/4154111772] conn(0x7f57c4038e00 0x7f57c403b2c0 unknown :-1 s=NONE pgs=0 cs=0 l=1 rev1=0 crypto rx=0 tx=0 comp rx=0 tx=0).connect
2024-04-01T03:11:40.224 INFO:teuthology.orchestra.run.smithi003.stdout:/usr/bin/ceph: stderr
2024-04-01T03:11:33.902+0000 7f57d57fa700 1 -- 172.21.15.3:0/224343342 --> [v2:172.21.15.3:6800/4154111772,v1:172.21.15.3:6801/4154111772] -- command(tid 0: {"prefix": "get_command_descriptions"}) -- 0x7f57c403b9d0 con 0x7f57c4038e00
2024-04-01T03:11:40.224 INFO:teuthology.orchestra.run.smithi003.stdout:/usr/bin/ceph: stderr
2024-04-01T03:11:33.902+0000 7f57ceffd700 1 -- 172.21.15.3:0/224343342 >> [v2:172.21.15.3:6800/4154111772,v1:172.21.15.3:6801/4154111772] conn(0x7f57c4038e00 msgr2=0x7f57c403b2c0 unknown :-1 s=STATE_CONNECTING_RE l=1).process reconnect failed to v2:172.21.15.3:6800/4154111772
2024-04-01T03:11:40.224 INFO:teuthology.orchestra.run.smithi003.stdout:/usr/bin/ceph: stderr
2024-04-01T03:11:33.902+0000 7f57d57fa700 1 -- 172.21.15.3:0/224343342 <== mon.0 v2:172.21.15.3:3300/0 5 ==== osd_map(1..1 src has 1..1) ==== 725+0+0 (secure 0 0 0) 0x7f57c804dfe0 con 0x7f57d8108410
2024-04-01T03:11:40.224 INFO:teuthology.orchestra.run.smithi003.stdout:/usr/bin/ceph: stderr
2024-04-01T03:11:33.902+0000 7f57ceffd700 1 --2- 172.21.15.3:0/224343342 >> [v2:172.21.15.3:6800/4154111772,v1:172.21.15.3:6801/4154111772] conn(0x7f57c4038e00 0x7f57c403b2c0 unknown :-1 s=START_CONNECT pgs=0 cs=0 l=1 rev1=0 crypto rx=0 tx=0 comp rx=0 tx=0)._fault waiting 0.200000
2024-04-01T03:11:40.224 INFO:teuthology.orchestra.run.smithi003.stdout:/usr/bin/ceph: stderr
2024-04-01T03:11:34.103+0000 7f57ceffd700 1 -- 172.21.15.3:0/224343342 >> [v2:172.21.15.3:6800/4154111772,v1:172.21.15.3:6801/4154111772] conn(0x7f57c4038e00 msgr2=0x7f57c403b2c0 unknown :-1 s=STATE_CONNECTING_RE l=1).process reconnect failed to v2:172.21.15.3:6800/4154111772
2024-04-01T03:11:40.224 INFO:teuthology.orchestra.run.smithi003.stdout:/usr/bin/ceph: stderr
2024-04-01T03:11:34.103+0000 7f57ceffd700 1 --2- 172.21.15.3:0/224343342 >> [v2:172.21.15.3:6800/4154111772,v1:172.21.15.3:6801/4154111772] conn(0x7f57c4038e00 0x7f57c403b2c0 unknown :-1 s=START_CONNECT pgs=0 cs=0 l=1 rev1=0 crypto rx=0 tx=0 comp rx=0 tx=0)._fault waiting 0.400000
2024-04-01T03:11:40.224 INFO:teuthology.orchestra.run.smithi003.stdout:/usr/bin/ceph: stderr
2024-04-01T03:11:34.504+0000 7f57ceffd700 1 -- 172.21.15.3:0/224343342 >> [v2:172.21.15.3:6800/4154111772,v1:172.21.15.3:6801/4154111772] conn(0x7f57c4038e00 msgr2=0x7f57c403b2c0 unknown :-1 s=STATE_CONNECTING_RE l=1).process reconnect failed to v2:172.21.15.3:6800/4154111772
2024-04-01T03:11:40.224 INFO:teuthology.orchestra.run.smithi003.stdout:/usr/bin/ceph: stderr
2024-04-01T03:11:34.504+0000 7f57ceffd700 1 --2- 172.21.15.3:0/224343342 >> [v2:172.21.15.3:6800/4154111772,v1:172.21.15.3:6801/4154111772] conn(0x7f57c4038e00 0x7f57c403b2c0 unknown :-1 s=START_CONNECT pgs=0 cs=0 l=1 rev1=0 crypto rx=0 tx=0 comp rx=0 tx=0)._fault waiting 0.800000
2024-04-01T03:11:40.225 INFO:teuthology.orchestra.run.smithi003.stdout:/usr/bin/ceph: stderr
2024-04-01T03:11:35.305+0000 7f57ceffd700 1 -- 172.21.15.3:0/224343342 >> [v2:172.21.15.3:6800/4154111772,v1:172.21.15.3:6801/4154111772] conn(0x7f57c4038e00 msgr2=0x7f57c403b2c0 unknown :-1 s=STATE_CONNECTING_RE l=1).process reconnect failed to v2:172.21.15.3:6800/4154111772
2024-04-01T03:11:40.225 INFO:teuthology.orchestra.run.smithi003.stdout:/usr/bin/ceph: stderr
2024-04-01T03:11:35.305+0000 7f57ceffd700 1 --2- 172.21.15.3:0/224343342 >> [v2:172.21.15.3:6800/4154111772,v1:172.21.15.3:6801/4154111772] conn(0x7f57c4038e00 0x7f57c403b2c0 unknown :-1 s=START_CONNECT pgs=0 cs=0 l=1 rev1=0 crypto rx=0 tx=0 comp rx=0 tx=0)._fault waiting 1.600000
2024-04-01T03:11:40.225 INFO:teuthology.orchestra.run.smithi003.stdout:/usr/bin/ceph: stderr
2024-04-01T03:11:36.906+0000 7f57ceffd700 1 -- 172.21.15.3:0/224343342 >> [v2:172.21.15.3:6800/4154111772,v1:172.21.15.3:6801/4154111772] conn(0x7f57c4038e00 msgr2=0x7f57c403b2c0 unknown :-1 s=STATE_CONNECTING_RE l=1).process reconnect failed to v2:172.21.15.3:6800/4154111772
2024-04-01T03:11:40.225 INFO:teuthology.orchestra.run.smithi003.stdout:/usr/bin/ceph: stderr
2024-04-01T03:11:36.906+0000 7f57ceffd700 1 --2- 172.21.15.3:0/224343342 >> [v2:172.21.15.3:6800/4154111772,v1:172.21.15.3:6801/4154111772] conn(0x7f57c4038e00 0x7f57c403b2c0 unknown :-1 s=START_CONNECT pgs=0 cs=0 l=1 rev1=0 crypto rx=0 tx=0 comp rx=0 tx=0)._fault waiting 3.200000
2024-04-01T03:11:40.225 INFO:teuthology.orchestra.run.smithi003.stdout:/usr/bin/ceph: stderr
2024-04-01T03:11:38.658+0000 7f57d57fa700 1 -- 172.21.15.3:0/224343342 <== mon.0 v2:172.21.15.3:3300/0 6 ==== mgrmap(e 6) ==== 45883+0+0 (secure 0 0 0) 0x7f57c8024a40 con 0x7f57d8108410
2024-04-01T03:11:40.225 INFO:teuthology.orchestra.run.smithi003.stdout:/usr/bin/ceph: stderr
2024-04-01T03:11:38.658+0000 7f57d57fa700 1 -- 172.21.15.3:0/224343342 >> [v2:172.21.15.3:6800/4154111772,v1:172.21.15.3:6801/4154111772] conn(0x7f57c4038e00 msgr2=0x7f57c403b2c0 unknown :-1 s=STATE_CONNECTING l=1).mark_down
2024-04-01T03:11:40.225 INFO:teuthology.orchestra.run.smithi003.stdout:/usr/bin/ceph: stderr
2024-04-01T03:11:38.658+0000 7f57d57fa700 1 --2- 172.21.15.3:0/224343342 >> [v2:172.21.15.3:6800/4154111772,v1:172.21.15.3:6801/4154111772] conn(0x7f57c4038e00 0x7f57c403b2c0 unknown :-1 s=START_CONNECT pgs=0 cs=0 l=1 rev1=0 crypto rx=0 tx=0 comp rx=0 tx=0).stop
2024-04-01T03:11:40.225 INFO:teuthology.orchestra.run.smithi003.stdout:/usr/bin/ceph: stderr
2024-04-01T03:11:39.662+0000 7f57d57fa700 1 -- 172.21.15.3:0/224343342 <== mon.0 v2:172.21.15.3:3300/0 7 ==== mgrmap(e 7) ==== 46010+0+0 (secure 0 0 0) 0x7f57c801ac50 con 0x7f57d8108410
2024-04-01T03:11:40.225 INFO:teuthology.orchestra.run.smithi003.stdout:/usr/bin/ceph: stderr
2024-04-01T03:11:39.662+0000 7f57d57fa700 1 --2- 172.21.15.3:0/224343342 >> [v2:172.21.15.3:6800/1109994850,v1:172.21.15.3:6801/1109994850] conn(0x7f57c403c730 0x7f57c403eb20 unknown :-1 s=NONE pgs=0 cs=0 l=1 rev1=0 crypto rx=0 tx=0 comp rx=0 tx=0).connect
2024-04-01T03:11:40.225 INFO:teuthology.orchestra.run.smithi003.stdout:/usr/bin/ceph: stderr
2024-04-01T03:11:39.662+0000 7f57d57fa700 1 -- 172.21.15.3:0/224343342 --> [v2:172.21.15.3:6800/1109994850,v1:172.21.15.3:6801/1109994850] -- command(tid 0: {"prefix": "get_command_descriptions"}) -- 0x7f57c8022e80 con 0x7f57c403c730
2024-04-01T03:11:40.225 INFO:teuthology.orchestra.run.smithi003.stdout:/usr/bin/ceph: stderr
2024-04-01T03:11:39.662+0000 7f57ceffd700 1 --2- 172.21.15.3:0/224343342 >> [v2:172.21.15.3:6800/1109994850,v1:172.21.15.3:6801/1109994850] conn(0x7f57c403c730 0x7f57c403eb20 unknown :-1 s=BANNER_CONNECTING pgs=0 cs=0 l=1 rev1=0 crypto rx=0 tx=0 comp rx=0 tx=0)._handle_peer_banner_payload supported=3 required=0
2024-04-01T03:11:40.226 INFO:teuthology.orchestra.run.smithi003.stdout:/usr/bin/ceph: stderr
2024-04-01T03:11:39.663+0000 7f57ceffd700 1 --2- 172.21.15.3:0/224343342 >> [v2:172.21.15.3:6800/1109994850,v1:172.21.15.3:6801/1109994850] conn(0x7f57c403c730 0x7f57c403eb20 secure :-1 s=READY pgs=1 cs=0 l=1 rev1=1 crypto rx=0x7f57c0003a10 tx=0x7f57c0009290 comp rx=0 tx=0).ready entity=mgr.14118 client_cookie=0 server_cookie=0 in_seq=0 out_seq=0
2024-04-01T03:11:40.226 INFO:teuthology.orchestra.run.smithi003.stdout:/usr/bin/ceph: stderr
2024-04-01T03:11:39.664+0000 7f57d57fa700 1 -- 172.21.15.3:0/224343342 <== mgr.14118 v2:172.21.15.3:6800/1109994850 1 ==== command_reply(tid 0: 0 ) ==== 8+0+7774 (secure 0 0 0) 0x7f57c8022e80 con 0x7f57c403c730
2024-04-01T03:11:40.226 INFO:teuthology.orchestra.run.smithi003.stdout:/usr/bin/ceph: stderr
2024-04-01T03:11:39.670+0000 7f57de202700 1 -- 172.21.15.3:0/224343342 --> [v2:172.21.15.3:6800/1109994850,v1:172.21.15.3:6801/1109994850] -- command(tid 1: {"prefix": "mgr_status"}) -- 0x7f57d8063870 con 0x7f57c403c730
2024-04-01T03:11:40.226 INFO:teuthology.orchestra.run.smithi003.stdout:/usr/bin/ceph: stderr
2024-04-01T03:11:39.671+0000 7f57d57fa700 1 -- 172.21.15.3:0/224343342 <== mgr.14118 v2:172.21.15.3:6800/1109994850 2 ==== command_reply(tid 1: 0 ) ==== 8+0+51 (secure 0 0 0) 0x7f57d8063870 con 0x7f57c403c730
2024-04-01T03:11:40.226 INFO:teuthology.orchestra.run.smithi003.stdout:/usr/bin/ceph: stderr
2024-04-01T03:11:39.671+0000 7f57de202700 1 -- 172.21.15.3:0/224343342 >> [v2:172.21.15.3:6800/1109994850,v1:172.21.15.3:6801/1109994850] conn(0x7f57c403c730 msgr2=0x7f57c403eb20 secure :-1 s=STATE_CONNECTION_ESTABLISHED l=1).mark_down
2024-04-01T03:11:40.226 INFO:teuthology.orchestra.run.smithi003.stdout:/usr/bin/ceph: stderr
2024-04-01T03:11:39.671+0000 7f57de202700 1 --2- 172.21.15.3:0/224343342 >> [v2:172.21.15.3:6800/1109994850,v1:172.21.15.3:6801/1109994850] conn(0x7f57c403c730 0x7f57c403eb20 secure :-1 s=READY pgs=1 cs=0 l=1 rev1=1 crypto rx=0x7f57c0003a10 tx=0x7f57c0009290 comp rx=0 tx=0).stop
2024-04-01T03:11:40.226 INFO:teuthology.orchestra.run.smithi003.stdout:/usr/bin/ceph: stderr
2024-04-01T03:11:39.671+0000 7f57de202700 1 -- 172.21.15.3:0/224343342 >> [v2:172.21.15.3:3300/0,v1:172.21.15.3:6789/0] conn(0x7f57d8108410 msgr2=0x7f57d8107c90 secure :-1 s=STATE_CONNECTION_ESTABLISHED l=1).mark_down
2024-04-01T03:11:40.226 INFO:teuthology.orchestra.run.smithi003.stdout:/usr/bin/ceph: stderr
2024-04-01T03:11:39.671+0000 7f57de202700 1 --2- 172.21.15.3:0/224343342 >> [v2:172.21.15.3:3300/0,v1:172.21.15.3:6789/0] conn(0x7f57d8108410 0x7f57d8107c90 secure :-1 s=READY pgs=27 cs=0 l=1 rev1=1 crypto rx=0x7f57c8011a50 tx=0x7f57c8004290 comp rx=0 tx=0).stop
2024-04-01T03:11:40.226 INFO:teuthology.orchestra.run.smithi003.stdout:/usr/bin/ceph: stderr
2024-04-01T03:11:39.671+0000 7f57de202700 1 -- 172.21.15.3:0/224343342 shutdown_connections
2024-04-01T03:11:40.226 INFO:teuthology.orchestra.run.smithi003.stdout:/usr/bin/ceph: stderr
2024-04-01T03:11:39.671+0000 7f57de202700 1 --2- 172.21.15.3:0/224343342 >> [v2:172.21.15.3:6800/1109994850,v1:172.21.15.3:6801/1109994850] conn(0x7f57c403c730 0x7f57c403eb20 unknown :-1 s=CLOSED pgs=1 cs=0 l=1 rev1=1 crypto rx=0 tx=0 comp rx=0 tx=0).stop
2024-04-01T03:11:40.226 INFO:teuthology.orchestra.run.smithi003.stdout:/usr/bin/ceph: stderr
2024-04-01T03:11:39.671+0000 7f57de202700 1 --2- 172.21.15.3:0/224343342 >> [v2:172.21.15.3:3300/0,v1:172.21.15.3:6789/0] conn(0x7f57d8108410 0x7f57d8107c90 unknown :-1 s=CLOSED pgs=27 cs=0 l=1 rev1=1 crypto rx=0 tx=0 comp rx=0 tx=0).stop
2024-04-01T03:11:40.226 INFO:teuthology.orchestra.run.smithi003.stdout:/usr/bin/ceph: stderr
2024-04-01T03:11:39.671+0000 7f57de202700 1 --2- 172.21.15.3:0/224343342 >> [v2:172.21.15.3:6800/4154111772,v1:172.21.15.3:6801/4154111772] conn(0x7f57c4038e00 0x7f57c403b2c0 unknown :-1 s=CLOSED pgs=0 cs=0 l=1 rev1=0 crypto rx=0 tx=0 comp rx=0 tx=0).stop
2024-04-01T03:11:40.227 INFO:teuthology.orchestra.run.smithi003.stdout:/usr/bin/ceph: stderr
2024-04-01T03:11:39.671+0000 7f57de202700 1 -- 172.21.15.3:0/224343342 >> 172.21.15.3:0/224343342 conn(0x7f57d8101e80 msgr2=0x7f57d8102970 unknown :-1 s=STATE_NONE l=0).mark_down
2024-04-01T03:11:40.227 INFO:teuthology.orchestra.run.smithi003.stdout:/usr/bin/ceph: stderr
2024-04-01T03:11:39.671+0000 7f57de202700 1 -- 172.21.15.3:0/224343342 shutdown_connections
2024-04-01T03:11:40.227 INFO:teuthology.orchestra.run.smithi003.stdout:/usr/bin/ceph: stderr
2024-04-01T03:11:39.671+0000 7f57de202700 1 -- 172.21.15.3:0/224343342 wait complete.
2024-04-01T03:11:40.227 INFO:teuthology.orchestra.run.smithi003.stdout:mgr epoch 5 is available
2024-04-01T03:11:40.227 INFO:teuthology.orchestra.run.smithi003.stdout:Setting orchestrator backend to cephadm...
2024-04-01T03:11:40.859 INFO:journalctl@ceph.mon.a.smithi003.stdout:Apr 01 03:11:40 smithi003 ceph-mon[31972]: from='client.14122 -' entity='client.admin' cmd=[{"prefix": "get_command_descriptions"}]: dispatch
2024-04-01T03:11:40.859 INFO:journalctl@ceph.mon.a.smithi003.stdout:Apr 01 03:11:40 smithi003 ceph-mon[31972]: from='client.14122 -' entity='client.admin' cmd=[{"prefix": "mgr_status"}]: dispatch
2024-04-01T03:11:40.859 INFO:journalctl@ceph.mon.a.smithi003.stdout:Apr 01 03:11:40 smithi003 ceph-mon[31972]: [01/Apr/2024:03:11:39] ENGINE Bus STARTING
2024-04-01T03:11:40.859 INFO:journalctl@ceph.mon.a.smithi003.stdout:Apr 01 03:11:40 smithi003 ceph-mon[31972]: from='mgr.14118 172.21.15.3:0/998959034' entity='mgr.x' cmd=[{"prefix": "config dump", "format": "json"}]: dispatch
2024-04-01T03:11:41.433 INFO:teuthology.orchestra.run.smithi003.stdout:/usr/bin/ceph: stderr
2024-04-01T03:11:40.625+0000 7fb933c3c700 1 Processor -- start
2024-04-01T03:11:41.433 INFO:teuthology.orchestra.run.smithi003.stdout:/usr/bin/ceph: stderr
2024-04-01T03:11:40.625+0000 7fb933c3c700 1 -- start start
2024-04-01T03:11:41.433 INFO:teuthology.orchestra.run.smithi003.stdout:/usr/bin/ceph: stderr
2024-04-01T03:11:40.625+0000 7fb933c3c700 1 --2- >> [v2:172.21.15.3:3300/0,v1:172.21.15.3:6789/0] conn(0x7fb92c108430 0x7fb92c10a820 unknown :-1 s=NONE pgs=0 cs=0 l=0 rev1=0 crypto rx=0 tx=0 comp rx=0 tx=0).connect
2024-04-01T03:11:41.433 INFO:teuthology.orchestra.run.smithi003.stdout:/usr/bin/ceph: stderr
2024-04-01T03:11:40.625+0000 7fb933c3c700 1 -- --> [v2:172.21.15.3:3300/0,v1:172.21.15.3:6789/0] -- mon_getmap magic: 0 -- 0x7fb92c07ae40 con 0x7fb92c108430
2024-04-01T03:11:41.433 INFO:teuthology.orchestra.run.smithi003.stdout:/usr/bin/ceph: stderr
2024-04-01T03:11:40.625+0000 7fb9319d8700 1 --2- >> [v2:172.21.15.3:3300/0,v1:172.21.15.3:6789/0] conn(0x7fb92c108430 0x7fb92c10a820 unknown :-1 s=BANNER_CONNECTING pgs=0 cs=0 l=0 rev1=0 crypto rx=0 tx=0 comp rx=0 tx=0)._handle_peer_banner_payload supported=3 required=0
2024-04-01T03:11:41.433 INFO:teuthology.orchestra.run.smithi003.stdout:/usr/bin/ceph: stderr
2024-04-01T03:11:40.625+0000 7fb9319d8700 1 --2- >> [v2:172.21.15.3:3300/0,v1:172.21.15.3:6789/0] conn(0x7fb92c108430 0x7fb92c10a820 unknown :-1 s=HELLO_CONNECTING pgs=0 cs=0 l=0 rev1=1 crypto rx=0 tx=0 comp rx=0 tx=0).handle_hello peer v2:172.21.15.3:3300/0 says I am v2:172.21.15.3:48298/0 (socket says 172.21.15.3:48298)
2024-04-01T03:11:41.434 INFO:teuthology.orchestra.run.smithi003.stdout:/usr/bin/ceph: stderr
2024-04-01T03:11:40.625+0000 7fb9319d8700 1 -- 172.21.15.3:0/3565509968 learned_addr learned my addr 172.21.15.3:0/3565509968 (peer_addr_for_me v2:172.21.15.3:0/0)
2024-04-01T03:11:41.434 INFO:teuthology.orchestra.run.smithi003.stdout:/usr/bin/ceph: stderr
2024-04-01T03:11:40.626+0000 7fb9319d8700 1 -- 172.21.15.3:0/3565509968 --> [v2:172.21.15.3:3300/0,v1:172.21.15.3:6789/0] -- mon_subscribe({config=0+,monmap=0+}) -- 0x7fb92c10ad60 con 0x7fb92c108430
2024-04-01T03:11:41.434 INFO:teuthology.orchestra.run.smithi003.stdout:/usr/bin/ceph: stderr
2024-04-01T03:11:40.626+0000 7fb9319d8700 1 --2- 172.21.15.3:0/3565509968 >> [v2:172.21.15.3:3300/0,v1:172.21.15.3:6789/0] conn(0x7fb92c108430 0x7fb92c10a820 secure :-1 s=READY pgs=35 cs=0 l=1 rev1=1 crypto rx=0x7fb9280098a0 tx=0x7fb928009bb0 comp rx=0 tx=0).ready entity=mon.0 client_cookie=f83823c1fa8a6cd3 server_cookie=0 in_seq=0 out_seq=0
2024-04-01T03:11:41.434 INFO:teuthology.orchestra.run.smithi003.stdout:/usr/bin/ceph: stderr
2024-04-01T03:11:40.626+0000 7fb9309d6700 1 -- 172.21.15.3:0/3565509968 <== mon.0 v2:172.21.15.3:3300/0 1 ==== mon_map magic: 0 ==== 205+0+0 (secure 0 0 0) 0x7fb928004160 con 0x7fb92c108430
2024-04-01T03:11:41.434 INFO:teuthology.orchestra.run.smithi003.stdout:/usr/bin/ceph: stderr
2024-04-01T03:11:40.626+0000 7fb9309d6700 1 -- 172.21.15.3:0/3565509968 <== mon.0 v2:172.21.15.3:3300/0 2 ==== config(26 keys) ==== 1071+0+0 (secure 0 0 0) 0x7fb928004300 con 0x7fb92c108430
2024-04-01T03:11:41.434 INFO:teuthology.orchestra.run.smithi003.stdout:/usr/bin/ceph: stderr
2024-04-01T03:11:40.626+0000 7fb9309d6700 1 -- 172.21.15.3:0/3565509968 <== mon.0 v2:172.21.15.3:3300/0 3 ==== mon_map magic: 0 ==== 205+0+0 (secure 0 0 0) 0x7fb928011a80 con 0x7fb92c108430
2024-04-01T03:11:41.434 INFO:teuthology.orchestra.run.smithi003.stdout:/usr/bin/ceph: stderr
2024-04-01T03:11:40.626+0000 7fb933c3c700 1 -- 172.21.15.3:0/3565509968 >> [v2:172.21.15.3:3300/0,v1:172.21.15.3:6789/0] conn(0x7fb92c108430 msgr2=0x7fb92c10a820 secure :-1 s=STATE_CONNECTION_ESTABLISHED l=1).mark_down
2024-04-01T03:11:41.434 INFO:teuthology.orchestra.run.smithi003.stdout:/usr/bin/ceph: stderr
2024-04-01T03:11:40.627+0000 7fb933c3c700 1 --2- 172.21.15.3:0/3565509968 >> [v2:172.21.15.3:3300/0,v1:172.21.15.3:6789/0] conn(0x7fb92c108430 0x7fb92c10a820 secure :-1 s=READY pgs=35 cs=0 l=1 rev1=1 crypto rx=0x7fb9280098a0 tx=0x7fb928009bb0 comp rx=0 tx=0).stop
2024-04-01T03:11:41.434 INFO:teuthology.orchestra.run.smithi003.stdout:/usr/bin/ceph: stderr
2024-04-01T03:11:40.627+0000 7fb933c3c700 1 -- 172.21.15.3:0/3565509968 shutdown_connections
2024-04-01T03:11:41.434 INFO:teuthology.orchestra.run.smithi003.stdout:/usr/bin/ceph: stderr
2024-04-01T03:11:40.627+0000 7fb933c3c700 1 --2- 172.21.15.3:0/3565509968 >> [v2:172.21.15.3:3300/0,v1:172.21.15.3:6789/0] conn(0x7fb92c108430 0x7fb92c10a820 unknown :-1 s=CLOSED pgs=35 cs=0 l=1 rev1=1 crypto rx=0 tx=0 comp rx=0 tx=0).stop
2024-04-01T03:11:41.434 INFO:teuthology.orchestra.run.smithi003.stdout:/usr/bin/ceph: stderr
2024-04-01T03:11:40.627+0000 7fb933c3c700 1 -- 172.21.15.3:0/3565509968 >> 172.21.15.3:0/3565509968 conn(0x7fb92c101f00 msgr2=0x7fb92c104320 unknown :-1 s=STATE_NONE l=0).mark_down
2024-04-01T03:11:41.434 INFO:teuthology.orchestra.run.smithi003.stdout:/usr/bin/ceph: stderr
2024-04-01T03:11:40.627+0000 7fb933c3c700 1 -- 172.21.15.3:0/3565509968 shutdown_connections
2024-04-01T03:11:41.435 INFO:teuthology.orchestra.run.smithi003.stdout:/usr/bin/ceph: stderr
2024-04-01T03:11:40.627+0000 7fb933c3c700 1 -- 172.21.15.3:0/3565509968 wait complete.
2024-04-01T03:11:41.435 INFO:teuthology.orchestra.run.smithi003.stdout:/usr/bin/ceph: stderr
2024-04-01T03:11:40.627+0000 7fb933c3c700 1 Processor -- start
2024-04-01T03:11:41.435 INFO:teuthology.orchestra.run.smithi003.stdout:/usr/bin/ceph: stderr
2024-04-01T03:11:40.627+0000 7fb933c3c700 1 -- start start
2024-04-01T03:11:41.435 INFO:teuthology.orchestra.run.smithi003.stdout:/usr/bin/ceph: stderr
2024-04-01T03:11:40.627+0000 7fb933c3c700 1 --2- >> [v2:172.21.15.3:3300/0,v1:172.21.15.3:6789/0] conn(0x7fb92c108430 0x7fb92c107cb0 unknown :-1 s=NONE pgs=0 cs=0 l=1 rev1=0 crypto rx=0 tx=0 comp rx=0 tx=0).connect
2024-04-01T03:11:41.435 INFO:teuthology.orchestra.run.smithi003.stdout:/usr/bin/ceph: stderr
2024-04-01T03:11:40.628+0000 7fb933c3c700 1 -- --> [v2:172.21.15.3:3300/0,v1:172.21.15.3:6789/0] -- mon_getmap magic: 0 -- 0x7fb92c10bcd0 con 0x7fb92c108430
2024-04-01T03:11:41.435 INFO:teuthology.orchestra.run.smithi003.stdout:/usr/bin/ceph: stderr
2024-04-01T03:11:40.628+0000 7fb9319d8700 1 --2- >> [v2:172.21.15.3:3300/0,v1:172.21.15.3:6789/0] conn(0x7fb92c108430 0x7fb92c107cb0 unknown :-1 s=BANNER_CONNECTING pgs=0 cs=0 l=1 rev1=0 crypto rx=0 tx=0 comp rx=0 tx=0)._handle_peer_banner_payload supported=3 required=0
2024-04-01T03:11:41.435 INFO:teuthology.orchestra.run.smithi003.stdout:/usr/bin/ceph: stderr
2024-04-01T03:11:40.628+0000 7fb9319d8700 1 --2- >> [v2:172.21.15.3:3300/0,v1:172.21.15.3:6789/0] conn(0x7fb92c108430 0x7fb92c107cb0 unknown :-1 s=HELLO_CONNECTING pgs=0 cs=0 l=1 rev1=1 crypto rx=0 tx=0 comp rx=0 tx=0).handle_hello peer v2:172.21.15.3:3300/0 says I am v2:172.21.15.3:48314/0 (socket says 172.21.15.3:48314)
2024-04-01T03:11:41.435 INFO:teuthology.orchestra.run.smithi003.stdout:/usr/bin/ceph: stderr
2024-04-01T03:11:40.628+0000 7fb9319d8700 1 -- 172.21.15.3:0/1870469766 learned_addr learned my addr 172.21.15.3:0/1870469766 (peer_addr_for_me v2:172.21.15.3:0/0)
2024-04-01T03:11:41.435 INFO:teuthology.orchestra.run.smithi003.stdout:/usr/bin/ceph: stderr
2024-04-01T03:11:40.628+0000 7fb9319d8700 1 -- 172.21.15.3:0/1870469766 --> [v2:172.21.15.3:3300/0,v1:172.21.15.3:6789/0] -- mon_subscribe({config=0+,monmap=0+}) -- 0x7fb92c1081f0 con 0x7fb92c108430
2024-04-01T03:11:41.435 INFO:teuthology.orchestra.run.smithi003.stdout:/usr/bin/ceph: stderr
2024-04-01T03:11:40.628+0000 7fb9319d8700 1 --2- 172.21.15.3:0/1870469766 >> [v2:172.21.15.3:3300/0,v1:172.21.15.3:6789/0] conn(0x7fb92c108430 0x7fb92c107cb0 secure :-1 s=READY pgs=36 cs=0 l=1 rev1=1 crypto rx=0x7fb928006af0 tx=0x7fb928011c40 comp rx=0 tx=0).ready entity=mon.0 client_cookie=0 server_cookie=0 in_seq=0 out_seq=0
2024-04-01T03:11:41.435 INFO:teuthology.orchestra.run.smithi003.stdout:/usr/bin/ceph: stderr
2024-04-01T03:11:40.628+0000 7fb922ffd700 1 -- 172.21.15.3:0/1870469766 <== mon.0 v2:172.21.15.3:3300/0 1 ==== mon_map magic: 0 ==== 205+0+0 (secure 0 0 0) 0x7fb9280039e0 con 0x7fb92c108430
2024-04-01T03:11:41.435 INFO:teuthology.orchestra.run.smithi003.stdout:/usr/bin/ceph: stderr
2024-04-01T03:11:40.628+0000 7fb922ffd700 1 -- 172.21.15.3:0/1870469766 <== mon.0 v2:172.21.15.3:3300/0 2 ==== config(26 keys) ==== 1071+0+0 (secure 0 0 0) 0x7fb928003b80 con 0x7fb92c108430
2024-04-01T03:11:41.436 INFO:teuthology.orchestra.run.smithi003.stdout:/usr/bin/ceph: stderr
2024-04-01T03:11:40.628+0000 7fb933c3c700 1 -- 172.21.15.3:0/1870469766 --> [v2:172.21.15.3:3300/0,v1:172.21.15.3:6789/0] -- mon_subscribe({mgrmap=0+}) -- 0x7fb92c1063e0 con 0x7fb92c108430
2024-04-01T03:11:41.436 INFO:teuthology.orchestra.run.smithi003.stdout:/usr/bin/ceph: stderr
2024-04-01T03:11:40.628+0000 7fb922ffd700 1 -- 172.21.15.3:0/1870469766 <== mon.0 v2:172.21.15.3:3300/0 3 ==== mon_map magic: 0 ==== 205+0+0 (secure 0 0 0) 0x7fb9280196a0 con 0x7fb92c108430
2024-04-01T03:11:41.436 INFO:teuthology.orchestra.run.smithi003.stdout:/usr/bin/ceph: stderr
2024-04-01T03:11:40.628+0000 7fb933c3c700 1 -- 172.21.15.3:0/1870469766 --> [v2:172.21.15.3:3300/0,v1:172.21.15.3:6789/0] -- mon_subscribe({osdmap=0}) -- 0x7fb92c106920 con 0x7fb92c108430
2024-04-01T03:11:41.436 INFO:teuthology.orchestra.run.smithi003.stdout:/usr/bin/ceph: stderr
2024-04-01T03:11:40.629+0000 7fb922ffd700 1 -- 172.21.15.3:0/1870469766 <== mon.0 v2:172.21.15.3:3300/0 4 ==== mgrmap(e 7) ==== 46010+0+0 (secure 0 0 0) 0x7fb92801ab50 con 0x7fb92c108430
2024-04-01T03:11:41.436 INFO:teuthology.orchestra.run.smithi003.stdout:/usr/bin/ceph: stderr
2024-04-01T03:11:40.629+0000 7fb933c3c700 1 -- 172.21.15.3:0/1870469766 --> [v2:172.21.15.3:3300/0,v1:172.21.15.3:6789/0] -- mon_command({"prefix": "get_command_descriptions"} v 0) -- 0x7fb92c063870 con 0x7fb92c108430
2024-04-01T03:11:41.436 INFO:teuthology.orchestra.run.smithi003.stdout:/usr/bin/ceph: stderr
2024-04-01T03:11:40.629+0000 7fb922ffd700 1 --2- 172.21.15.3:0/1870469766 >> [v2:172.21.15.3:6800/1109994850,v1:172.21.15.3:6801/1109994850] conn(0x7fb918038c80 0x7fb91803b140 unknown :-1 s=NONE pgs=0 cs=0 l=1 rev1=0 crypto rx=0 tx=0 comp rx=0 tx=0).connect
2024-04-01T03:11:41.436 INFO:teuthology.orchestra.run.smithi003.stdout:/usr/bin/ceph: stderr
2024-04-01T03:11:40.629+0000 7fb922ffd700 1 -- 172.21.15.3:0/1870469766 <== mon.0 v2:172.21.15.3:3300/0 5 ==== osd_map(2..2 src has 1..2) ==== 940+0+0 (secure 0 0 0) 0x7fb92804d110 con 0x7fb92c108430
2024-04-01T03:11:41.436 INFO:teuthology.orchestra.run.smithi003.stdout:/usr/bin/ceph: stderr
2024-04-01T03:11:40.629+0000 7fb9311d7700 1 --2- 172.21.15.3:0/1870469766 >> [v2:172.21.15.3:6800/1109994850,v1:172.21.15.3:6801/1109994850] conn(0x7fb918038c80 0x7fb91803b140 unknown :-1 s=BANNER_CONNECTING pgs=0 cs=0 l=1 rev1=0 crypto rx=0 tx=0 comp rx=0 tx=0)._handle_peer_banner_payload supported=3 required=0
2024-04-01T03:11:41.436 INFO:teuthology.orchestra.run.smithi003.stdout:/usr/bin/ceph: stderr
2024-04-01T03:11:40.630+0000 7fb9311d7700 1 --2- 172.21.15.3:0/1870469766 >> [v2:172.21.15.3:6800/1109994850,v1:172.21.15.3:6801/1109994850] conn(0x7fb918038c80 0x7fb91803b140 secure :-1 s=READY pgs=7 cs=0 l=1 rev1=1 crypto rx=0x7fb91c006fd0 tx=0x7fb91c006e40 comp rx=0 tx=0).ready entity=mgr.14118 client_cookie=0 server_cookie=0 in_seq=0 out_seq=0
2024-04-01T03:11:41.436 INFO:teuthology.orchestra.run.smithi003.stdout:/usr/bin/ceph: stderr
2024-04-01T03:11:40.635+0000 7fb922ffd700 1 -- 172.21.15.3:0/1870469766 <== mon.0 v2:172.21.15.3:3300/0 6 ==== mon_command_ack([{"prefix": "get_command_descriptions"}]=0 v0) ==== 72+0+184932 (secure 0 0 0) 0x7fb92800b3e0 con 0x7fb92c108430
2024-04-01T03:11:41.437 INFO:teuthology.orchestra.run.smithi003.stdout:/usr/bin/ceph: stderr
2024-04-01T03:11:40.714+0000 7fb922ffd700 1 -- 172.21.15.3:0/1870469766 <== mon.0 v2:172.21.15.3:3300/0 7 ==== mgrmap(e 8) ==== 46116+0+0 (secure 0 0 0) 0x7fb92801a7b0 con 0x7fb92c108430
2024-04-01T03:11:41.437 INFO:teuthology.orchestra.run.smithi003.stdout:/usr/bin/ceph: stderr
2024-04-01T03:11:40.859+0000 7fb933c3c700 1 -- 172.21.15.3:0/1870469766 --> [v2:172.21.15.3:6800/1109994850,v1:172.21.15.3:6801/1109994850] -- mgr_command(tid 0: {"prefix": "orch set backend", "module_name": "cephadm", "target": ["mon-mgr", ""]}) -- 0x7fb92c1030d0 con 0x7fb918038c80
2024-04-01T03:11:41.437 INFO:teuthology.orchestra.run.smithi003.stdout:/usr/bin/ceph: stderr
2024-04-01T03:11:40.865+0000 7fb922ffd700 1 -- 172.21.15.3:0/1870469766 <== mgr.14118 v2:172.21.15.3:6800/1109994850 1 ==== mgr_command_reply(tid 0: 0 ) ==== 8+0+0 (secure 0 0 0) 0x7fb92c1030d0 con 0x7fb918038c80
2024-04-01T03:11:41.437 INFO:teuthology.orchestra.run.smithi003.stdout:/usr/bin/ceph: stderr
2024-04-01T03:11:40.868+0000 7fb933c3c700 1 -- 172.21.15.3:0/1870469766 >> [v2:172.21.15.3:6800/1109994850,v1:172.21.15.3:6801/1109994850] conn(0x7fb918038c80 msgr2=0x7fb91803b140 secure :-1 s=STATE_CONNECTION_ESTABLISHED l=1).mark_down
2024-04-01T03:11:41.437 INFO:teuthology.orchestra.run.smithi003.stdout:/usr/bin/ceph: stderr
2024-04-01T03:11:40.868+0000 7fb933c3c700 1 --2- 172.21.15.3:0/1870469766 >> [v2:172.21.15.3:6800/1109994850,v1:172.21.15.3:6801/1109994850] conn(0x7fb918038c80 0x7fb91803b140 secure :-1 s=READY pgs=7 cs=0 l=1 rev1=1 crypto rx=0x7fb91c006fd0 tx=0x7fb91c006e40 comp rx=0 tx=0).stop
2024-04-01T03:11:41.437 INFO:teuthology.orchestra.run.smithi003.stdout:/usr/bin/ceph: stderr
2024-04-01T03:11:40.868+0000 7fb933c3c700 1 -- 172.21.15.3:0/1870469766 >> [v2:172.21.15.3:3300/0,v1:172.21.15.3:6789/0] conn(0x7fb92c108430 msgr2=0x7fb92c107cb0 secure :-1 s=STATE_CONNECTION_ESTABLISHED l=1).mark_down
2024-04-01T03:11:41.437 INFO:teuthology.orchestra.run.smithi003.stdout:/usr/bin/ceph: stderr
2024-04-01T03:11:40.868+0000 7fb933c3c700 1 --2- 172.21.15.3:0/1870469766 >> [v2:172.21.15.3:3300/0,v1:172.21.15.3:6789/0] conn(0x7fb92c108430 0x7fb92c107cb0 secure :-1 s=READY pgs=36 cs=0 l=1 rev1=1 crypto rx=0x7fb928006af0 tx=0x7fb928011c40 comp rx=0 tx=0).stop
2024-04-01T03:11:41.437 INFO:teuthology.orchestra.run.smithi003.stdout:/usr/bin/ceph: stderr
2024-04-01T03:11:40.868+0000 7fb933c3c700 1 -- 172.21.15.3:0/1870469766 shutdown_connections
2024-04-01T03:11:41.437 INFO:teuthology.orchestra.run.smithi003.stdout:/usr/bin/ceph: stderr
2024-04-01T03:11:40.868+0000 7fb933c3c700 1 --2- 172.21.15.3:0/1870469766 >> [v2:172.21.15.3:6800/1109994850,v1:172.21.15.3:6801/1109994850] conn(0x7fb918038c80 0x7fb91803b140 unknown :-1 s=CLOSED pgs=7 cs=0 l=1 rev1=1 crypto rx=0 tx=0 comp rx=0 tx=0).stop
2024-04-01T03:11:41.437 INFO:teuthology.orchestra.run.smithi003.stdout:/usr/bin/ceph: stderr
2024-04-01T03:11:40.868+0000 7fb933c3c700 1 --2- 172.21.15.3:0/1870469766 >> [v2:172.21.15.3:3300/0,v1:172.21.15.3:6789/0] conn(0x7fb92c108430 0x7fb92c107cb0 unknown :-1 s=CLOSED pgs=36 cs=0 l=1 rev1=1 crypto rx=0 tx=0 comp rx=0 tx=0).stop
2024-04-01T03:11:41.437 INFO:teuthology.orchestra.run.smithi003.stdout:/usr/bin/ceph: stderr
2024-04-01T03:11:40.868+0000 7fb933c3c700 1 -- 172.21.15.3:0/1870469766 >> 172.21.15.3:0/1870469766 conn(0x7fb92c101f00 msgr2=0x7fb92c1029c0 unknown :-1 s=STATE_NONE l=0).mark_down
2024-04-01T03:11:41.437 INFO:teuthology.orchestra.run.smithi003.stdout:/usr/bin/ceph: stderr
2024-04-01T03:11:40.868+0000 7fb933c3c700 1 -- 172.21.15.3:0/1870469766 shutdown_connections
2024-04-01T03:11:41.437 INFO:teuthology.orchestra.run.smithi003.stdout:/usr/bin/ceph: stderr
2024-04-01T03:11:40.868+0000 7fb933c3c700 1 -- 172.21.15.3:0/1870469766 wait complete.
2024-04-01T03:11:41.811 INFO:journalctl@ceph.mon.a.smithi003.stdout:Apr 01 03:11:41 smithi003 ceph-mon[31972]: [01/Apr/2024:03:11:39] ENGINE Serving on http://172.21.15.3:8765
2024-04-01T03:11:41.811 INFO:journalctl@ceph.mon.a.smithi003.stdout:Apr 01 03:11:41 smithi003 ceph-mon[31972]: [01/Apr/2024:03:11:39] ENGINE Serving on https://172.21.15.3:7150
2024-04-01T03:11:41.811 INFO:journalctl@ceph.mon.a.smithi003.stdout:Apr 01 03:11:41 smithi003 ceph-mon[31972]: [01/Apr/2024:03:11:39] ENGINE Bus STARTED
2024-04-01T03:11:41.811 INFO:journalctl@ceph.mon.a.smithi003.stdout:Apr 01 03:11:41 smithi003 ceph-mon[31972]: mgrmap e8: x(active, since 2s)
2024-04-01T03:11:41.812 INFO:journalctl@ceph.mon.a.smithi003.stdout:Apr 01 03:11:41 smithi003 ceph-mon[31972]: from='mgr.14118 172.21.15.3:0/998959034' entity='mgr.x'
2024-04-01T03:11:41.812 INFO:journalctl@ceph.mon.a.smithi003.stdout:Apr 01 03:11:41 smithi003 ceph-mon[31972]: from='mgr.14118 172.21.15.3:0/998959034' entity='mgr.x' cmd=[{"prefix": "config dump", "format": "json"}]: dispatch
2024-04-01T03:11:42.606 INFO:teuthology.orchestra.run.smithi003.stdout:/usr/bin/ceph: stdout value unchanged
2024-04-01T03:11:42.606 INFO:teuthology.orchestra.run.smithi003.stdout:/usr/bin/ceph: stderr
2024-04-01T03:11:41.821+0000 7f4c0beca700 1 Processor -- start
2024-04-01T03:11:42.606 INFO:teuthology.orchestra.run.smithi003.stdout:/usr/bin/ceph: stderr
2024-04-01T03:11:41.821+0000 7f4c0beca700 1 -- start start
2024-04-01T03:11:42.606 INFO:teuthology.orchestra.run.smithi003.stdout:/usr/bin/ceph: stderr
2024-04-01T03:11:41.821+0000 7f4c0beca700 1 --2- >> [v2:172.21.15.3:3300/0,v1:172.21.15.3:6789/0] conn(0x7f4c04106860 0x7f4c04106c80 unknown :-1 s=NONE pgs=0 cs=0 l=0 rev1=0 crypto rx=0 tx=0 comp rx=0 tx=0).connect
