2024-04-01T03:11:30.901 INFO:teuthology.orchestra.run.smithi003.stdout:/usr/bin/ceph: stdout [mgr]
2024-04-01T03:11:30.902 INFO:teuthology.orchestra.run.smithi003.stdout:/usr/bin/ceph: stdout mgr/telemetry/nag = false
2024-04-01T03:11:30.902 INFO:teuthology.orchestra.run.smithi003.stdout:/usr/bin/ceph: stdout
2024-04-01T03:11:30.902 INFO:teuthology.orchestra.run.smithi003.stdout:/usr/bin/ceph: stdout [osd]
2024-04-01T03:11:30.902 INFO:teuthology.orchestra.run.smithi003.stdout:/usr/bin/ceph: stdout mon_osd_backfillfull_ratio = 0.85
2024-04-01T03:11:30.902 INFO:teuthology.orchestra.run.smithi003.stdout:/usr/bin/ceph: stdout mon_osd_full_ratio = 0.9
2024-04-01T03:11:30.902 INFO:teuthology.orchestra.run.smithi003.stdout:/usr/bin/ceph: stdout mon_osd_nearfull_ratio = 0.8
2024-04-01T03:11:30.902 INFO:teuthology.orchestra.run.smithi003.stdout:/usr/bin/ceph: stdout osd_map_max_advance = 10
2024-04-01T03:11:30.902 INFO:teuthology.orchestra.run.smithi003.stdout:/usr/bin/ceph: stdout osd_sloppy_crc = true
2024-04-01T03:11:30.902 INFO:teuthology.orchestra.run.smithi003.stdout:/usr/bin/ceph: stderr
2024-04-01T03:11:25.437+0000 7f1f0b251700 1 Processor -- start
2024-04-01T03:11:30.902 INFO:teuthology.orchestra.run.smithi003.stdout:/usr/bin/ceph: stderr
2024-04-01T03:11:25.437+0000 7f1f0b251700 1 -- start start
2024-04-01T03:11:30.902 INFO:teuthology.orchestra.run.smithi003.stdout:/usr/bin/ceph: stderr
2024-04-01T03:11:25.437+0000 7f1f0b251700 1 --2- >> [v2:172.21.15.3:3300/0,v1:172.21.15.3:6789/0] conn(0x7f1f0407ce40 0x7f1f0407b2f0 unknown :-1 s=NONE pgs=0 cs=0 l=0 rev1=0 crypto rx=0 tx=0 comp rx=0 tx=0).connect
2024-04-01T03:11:30.902 INFO:teuthology.orchestra.run.smithi003.stdout:/usr/bin/ceph: stderr
2024-04-01T03:11:25.437+0000 7f1f0b251700 1 -- --> [v2:172.21.15.3:3300/0,v1:172.21.15.3:6789/0] -- mon_getmap magic: 0 -- 0x7f1f0407b8c0 con 0x7f1f0407ce40
2024-04-01T03:11:30.902 INFO:teuthology.orchestra.run.smithi003.stdout:/usr/bin/ceph: stderr
2024-04-01T03:11:25.438+0000 7f1f08fed700 1 --2- >> [v2:172.21.15.3:3300/0,v1:172.21.15.3:6789/0] conn(0x7f1f0407ce40 0x7f1f0407b2f0 unknown :-1 s=BANNER_CONNECTING pgs=0 cs=0 l=0 rev1=0 crypto rx=0 tx=0 comp rx=0 tx=0)._handle_peer_banner_payload supported=3 required=0
2024-04-01T03:11:30.903 INFO:teuthology.orchestra.run.smithi003.stdout:/usr/bin/ceph: stderr
2024-04-01T03:11:25.438+0000 7f1f08fed700 1 --2- >> [v2:172.21.15.3:3300/0,v1:172.21.15.3:6789/0] conn(0x7f1f0407ce40 0x7f1f0407b2f0 unknown :-1 s=HELLO_CONNECTING pgs=0 cs=0 l=0 rev1=1 crypto rx=0 tx=0 comp rx=0 tx=0).handle_hello peer v2:172.21.15.3:3300/0 says I am v2:172.21.15.3:59092/0 (socket says 172.21.15.3:59092)
2024-04-01T03:11:30.903 INFO:teuthology.orchestra.run.smithi003.stdout:/usr/bin/ceph: stderr
2024-04-01T03:11:25.438+0000 7f1f08fed700 1 -- 172.21.15.3:0/1969713779 learned_addr learned my addr 172.21.15.3:0/1969713779 (peer_addr_for_me v2:172.21.15.3:0/0)
2024-04-01T03:11:30.903 INFO:teuthology.orchestra.run.smithi003.stdout:/usr/bin/ceph: stderr
2024-04-01T03:11:25.438+0000 7f1f08fed700 1 -- 172.21.15.3:0/1969713779 --> [v2:172.21.15.3:3300/0,v1:172.21.15.3:6789/0] -- mon_subscribe({config=0+,monmap=0+}) -- 0x7f1f0407ba40 con 0x7f1f0407ce40
2024-04-01T03:11:30.903 INFO:teuthology.orchestra.run.smithi003.stdout:/usr/bin/ceph: stderr
2024-04-01T03:11:25.438+0000 7f1f08fed700 1 --2- 172.21.15.3:0/1969713779 >> [v2:172.21.15.3:3300/0,v1:172.21.15.3:6789/0] conn(0x7f1f0407ce40 0x7f1f0407b2f0 secure :-1 s=READY pgs=18 cs=0 l=1 rev1=1 crypto rx=0x7f1efc009e80 tx=0x7f1efc00b330 comp rx=0 tx=0).ready entity=mon.0 client_cookie=a6cadaf884b32d9c server_cookie=0 in_seq=0 out_seq=0
2024-04-01T03:11:30.903 INFO:teuthology.orchestra.run.smithi003.stdout:/usr/bin/ceph: stderr
2024-04-01T03:11:25.438+0000 7f1f037fe700 1 -- 172.21.15.3:0/1969713779 <== mon.0 v2:172.21.15.3:3300/0 1 ==== mon_map magic: 0 ==== 205+0+0 (secure 0 0 0) 0x7f1efc017070 con 0x7f1f0407ce40
2024-04-01T03:11:30.903 INFO:teuthology.orchestra.run.smithi003.stdout:/usr/bin/ceph: stderr
2024-04-01T03:11:25.438+0000 7f1f037fe700 1 -- 172.21.15.3:0/1969713779 <== mon.0 v2:172.21.15.3:3300/0 2 ==== config(26 keys) ==== 1071+0+0 (secure 0 0 0) 0x7f1efc00b8c0 con 0x7f1f0407ce40
2024-04-01T03:11:30.903 INFO:teuthology.orchestra.run.smithi003.stdout:/usr/bin/ceph: stderr
2024-04-01T03:11:25.438+0000 7f1f037fe700 1 -- 172.21.15.3:0/1969713779 <== mon.0 v2:172.21.15.3:3300/0 3 ==== mon_map magic: 0 ==== 205+0+0 (secure 0 0 0) 0x7f1efc004520 con 0x7f1f0407ce40
2024-04-01T03:11:30.903 INFO:teuthology.orchestra.run.smithi003.stdout:/usr/bin/ceph: stderr
2024-04-01T03:11:25.439+0000 7f1f0b251700 1 -- 172.21.15.3:0/1969713779 >> [v2:172.21.15.3:3300/0,v1:172.21.15.3:6789/0] conn(0x7f1f0407ce40 msgr2=0x7f1f0407b2f0 secure :-1 s=STATE_CONNECTION_ESTABLISHED l=1).mark_down
2024-04-01T03:11:30.903 INFO:teuthology.orchestra.run.smithi003.stdout:/usr/bin/ceph: stderr
2024-04-01T03:11:25.439+0000 7f1f0b251700 1 --2- 172.21.15.3:0/1969713779 >> [v2:172.21.15.3:3300/0,v1:172.21.15.3:6789/0] conn(0x7f1f0407ce40 0x7f1f0407b2f0 secure :-1 s=READY pgs=18 cs=0 l=1 rev1=1 crypto rx=0x7f1efc009e80 tx=0x7f1efc00b330 comp rx=0 tx=0).stop
2024-04-01T03:11:30.903 INFO:teuthology.orchestra.run.smithi003.stdout:/usr/bin/ceph: stderr
2024-04-01T03:11:25.439+0000 7f1f0b251700 1 -- 172.21.15.3:0/1969713779 shutdown_connections
2024-04-01T03:11:30.903 INFO:teuthology.orchestra.run.smithi003.stdout:/usr/bin/ceph: stderr
2024-04-01T03:11:25.439+0000 7f1f0b251700 1 --2- 172.21.15.3:0/1969713779 >> [v2:172.21.15.3:3300/0,v1:172.21.15.3:6789/0] conn(0x7f1f0407ce40 0x7f1f0407b2f0 unknown :-1 s=CLOSED pgs=18 cs=0 l=1 rev1=1 crypto rx=0 tx=0 comp rx=0 tx=0).stop
2024-04-01T03:11:30.903 INFO:teuthology.orchestra.run.smithi003.stdout:/usr/bin/ceph: stderr
2024-04-01T03:11:25.439+0000 7f1f0b251700 1 -- 172.21.15.3:0/1969713779 >> 172.21.15.3:0/1969713779 conn(0x7f1f04102fd0 msgr2=0x7f1f041053f0 unknown :-1 s=STATE_NONE l=0).mark_down
2024-04-01T03:11:30.903 INFO:teuthology.orchestra.run.smithi003.stdout:/usr/bin/ceph: stderr
2024-04-01T03:11:25.439+0000 7f1f0b251700 1 -- 172.21.15.3:0/1969713779 shutdown_connections
2024-04-01T03:11:30.903 INFO:teuthology.orchestra.run.smithi003.stdout:/usr/bin/ceph: stderr
2024-04-01T03:11:25.439+0000 7f1f0b251700 1 -- 172.21.15.3:0/1969713779 wait complete.
2024-04-01T03:11:30.903 INFO:teuthology.orchestra.run.smithi003.stdout:/usr/bin/ceph: stderr
2024-04-01T03:11:25.439+0000 7f1f0b251700 1 Processor -- start
2024-04-01T03:11:30.904 INFO:teuthology.orchestra.run.smithi003.stdout:/usr/bin/ceph: stderr
2024-04-01T03:11:25.440+0000 7f1f0b251700 1 -- start start
2024-04-01T03:11:30.904 INFO:teuthology.orchestra.run.smithi003.stdout:/usr/bin/ceph: stderr
2024-04-01T03:11:25.440+0000 7f1f0b251700 1 --2- >> [v2:172.21.15.3:3300/0,v1:172.21.15.3:6789/0] conn(0x7f1f0407ce40 0x7f1f0419da20 unknown :-1 s=NONE pgs=0 cs=0 l=1 rev1=0 crypto rx=0 tx=0 comp rx=0 tx=0).connect
2024-04-01T03:11:30.904 INFO:teuthology.orchestra.run.smithi003.stdout:/usr/bin/ceph: stderr
2024-04-01T03:11:25.440+0000 7f1f0b251700 1 -- --> [v2:172.21.15.3:3300/0,v1:172.21.15.3:6789/0] -- mon_getmap magic: 0 -- 0x7f1f0410df20 con 0x7f1f0407ce40
2024-04-01T03:11:30.904 INFO:teuthology.orchestra.run.smithi003.stdout:/usr/bin/ceph: stderr
2024-04-01T03:11:25.440+0000 7f1f08fed700 1 --2- >> [v2:172.21.15.3:3300/0,v1:172.21.15.3:6789/0] conn(0x7f1f0407ce40 0x7f1f0419da20 unknown :-1 s=BANNER_CONNECTING pgs=0 cs=0 l=1 rev1=0 crypto rx=0 tx=0 comp rx=0 tx=0)._handle_peer_banner_payload supported=3 required=0
2024-04-01T03:11:30.904 INFO:teuthology.orchestra.run.smithi003.stdout:/usr/bin/ceph: stderr
2024-04-01T03:11:25.440+0000 7f1f08fed700 1 --2- >> [v2:172.21.15.3:3300/0,v1:172.21.15.3:6789/0] conn(0x7f1f0407ce40 0x7f1f0419da20 unknown :-1 s=HELLO_CONNECTING pgs=0 cs=0 l=1 rev1=1 crypto rx=0 tx=0 comp rx=0 tx=0).handle_hello peer v2:172.21.15.3:3300/0 says I am v2:172.21.15.3:59094/0 (socket says 172.21.15.3:59094)
2024-04-01T03:11:30.904 INFO:teuthology.orchestra.run.smithi003.stdout:/usr/bin/ceph: stderr
2024-04-01T03:11:25.440+0000 7f1f08fed700 1 -- 172.21.15.3:0/2747086093 learned_addr learned my addr 172.21.15.3:0/2747086093 (peer_addr_for_me v2:172.21.15.3:0/0)
2024-04-01T03:11:30.904 INFO:teuthology.orchestra.run.smithi003.stdout:/usr/bin/ceph: stderr
2024-04-01T03:11:25.440+0000 7f1f08fed700 1 -- 172.21.15.3:0/2747086093 --> [v2:172.21.15.3:3300/0,v1:172.21.15.3:6789/0] -- mon_subscribe({config=0+,monmap=0+}) -- 0x7f1f0419df60 con 0x7f1f0407ce40
2024-04-01T03:11:30.904 INFO:teuthology.orchestra.run.smithi003.stdout:/usr/bin/ceph: stderr
2024-04-01T03:11:25.440+0000 7f1f08fed700 1 --2- 172.21.15.3:0/2747086093 >> [v2:172.21.15.3:3300/0,v1:172.21.15.3:6789/0] conn(0x7f1f0407ce40 0x7f1f0419da20 secure :-1 s=READY pgs=19 cs=0 l=1 rev1=1 crypto rx=0x7f1efc00b7b0 tx=0x7f1efc004670 comp rx=0 tx=0).ready entity=mon.0 client_cookie=0 server_cookie=0 in_seq=0 out_seq=0
2024-04-01T03:11:30.904 INFO:teuthology.orchestra.run.smithi003.stdout:/usr/bin/ceph: stderr
2024-04-01T03:11:25.440+0000 7f1f01ffb700 1 -- 172.21.15.3:0/2747086093 <== mon.0 v2:172.21.15.3:3300/0 1 ==== mon_map magic: 0 ==== 205+0+0 (secure 0 0 0) 0x7f1efc020020 con 0x7f1f0407ce40
2024-04-01T03:11:30.904 INFO:teuthology.orchestra.run.smithi003.stdout:/usr/bin/ceph: stderr
2024-04-01T03:11:25.440+0000 7f1f01ffb700 1 -- 172.21.15.3:0/2747086093 <== mon.0 v2:172.21.15.3:3300/0 2 ==== config(26 keys) ==== 1071+0+0 (secure 0 0 0) 0x7f1efc00bcb0 con 0x7f1f0407ce40
2024-04-01T03:11:30.904 INFO:teuthology.orchestra.run.smithi003.stdout:/usr/bin/ceph: stderr
2024-04-01T03:11:25.440+0000 7f1f0b251700 1 -- 172.21.15.3:0/2747086093 --> [v2:172.21.15.3:3300/0,v1:172.21.15.3:6789/0] -- mon_subscribe({mgrmap=0+}) -- 0x7f1f0419e1f0 con 0x7f1f0407ce40
2024-04-01T03:11:30.904 INFO:teuthology.orchestra.run.smithi003.stdout:/usr/bin/ceph: stderr
2024-04-01T03:11:25.440+0000 7f1f01ffb700 1 -- 172.21.15.3:0/2747086093 <== mon.0 v2:172.21.15.3:3300/0 3 ==== mon_map magic: 0 ==== 205+0+0 (secure 0 0 0) 0x7f1efc017040 con 0x7f1f0407ce40
2024-04-01T03:11:30.904 INFO:teuthology.orchestra.run.smithi003.stdout:/usr/bin/ceph: stderr
2024-04-01T03:11:25.440+0000 7f1f0b251700 1 -- 172.21.15.3:0/2747086093 --> [v2:172.21.15.3:3300/0,v1:172.21.15.3:6789/0] -- mon_subscribe({osdmap=0}) -- 0x7f1f041a0ee0 con 0x7f1f0407ce40
2024-04-01T03:11:30.904 INFO:teuthology.orchestra.run.smithi003.stdout:/usr/bin/ceph: stderr
2024-04-01T03:11:25.441+0000 7f1f01ffb700 1 -- 172.21.15.3:0/2747086093 <== mon.0 v2:172.21.15.3:3300/0 4 ==== mgrmap(e 4) ==== 46105+0+0 (secure 0 0 0) 0x7f1efc023020 con 0x7f1f0407ce40
2024-04-01T03:11:30.905 INFO:teuthology.orchestra.run.smithi003.stdout:/usr/bin/ceph: stderr
2024-04-01T03:11:25.441+0000 7f1f0b251700 1 -- 172.21.15.3:0/2747086093 --> [v2:172.21.15.3:3300/0,v1:172.21.15.3:6789/0] -- mon_command({"prefix": "get_command_descriptions"} v 0) -- 0x7f1f04063870 con 0x7f1f0407ce40
2024-04-01T03:11:30.905 INFO:teuthology.orchestra.run.smithi003.stdout:/usr/bin/ceph: stderr
2024-04-01T03:11:25.441+0000 7f1f01ffb700 1 --2- 172.21.15.3:0/2747086093 >> [v2:172.21.15.3:6800/4154111772,v1:172.21.15.3:6801/4154111772] conn(0x7f1eec038e00 0x7f1eec03b2c0 unknown :-1 s=NONE pgs=0 cs=0 l=1 rev1=0 crypto rx=0 tx=0 comp rx=0 tx=0).connect
2024-04-01T03:11:30.905 INFO:teuthology.orchestra.run.smithi003.stdout:/usr/bin/ceph: stderr
2024-04-01T03:11:25.441+0000 7f1f01ffb700 1 -- 172.21.15.3:0/2747086093 <== mon.0 v2:172.21.15.3:3300/0 5 ==== osd_map(1..1 src has 1..1) ==== 725+0+0 (secure 0 0 0) 0x7f1efc00f050 con 0x7f1f0407ce40
2024-04-01T03:11:30.905 INFO:teuthology.orchestra.run.smithi003.stdout:/usr/bin/ceph: stderr
2024-04-01T03:11:25.442+0000 7f1f03fff700 1 --2- 172.21.15.3:0/2747086093 >> [v2:172.21.15.3:6800/4154111772,v1:172.21.15.3:6801/4154111772] conn(0x7f1eec038e00 0x7f1eec03b2c0 unknown :-1 s=BANNER_CONNECTING pgs=0 cs=0 l=1 rev1=0 crypto rx=0 tx=0 comp rx=0 tx=0)._handle_peer_banner_payload supported=3 required=0
2024-04-01T03:11:30.905 INFO:teuthology.orchestra.run.smithi003.stdout:/usr/bin/ceph: stderr
2024-04-01T03:11:25.442+0000 7f1f03fff700 1 --2- 172.21.15.3:0/2747086093 >> [v2:172.21.15.3:6800/4154111772,v1:172.21.15.3:6801/4154111772] conn(0x7f1eec038e00 0x7f1eec03b2c0 secure :-1 s=READY pgs=7 cs=0 l=1 rev1=1 crypto rx=0x7f1ef8006fd0 tx=0x7f1ef8006e40 comp rx=0 tx=0).ready entity=mgr.14100 client_cookie=0 server_cookie=0 in_seq=0 out_seq=0
2024-04-01T03:11:30.905 INFO:teuthology.orchestra.run.smithi003.stdout:/usr/bin/ceph: stderr
2024-04-01T03:11:25.446+0000 7f1f01ffb700 1 -- 172.21.15.3:0/2747086093 <== mon.0 v2:172.21.15.3:3300/0 6 ==== mon_command_ack([{"prefix": "get_command_descriptions"}]=0 v0) ==== 72+0+184932 (secure 0 0 0) 0x7f1efc02a020 con 0x7f1f0407ce40
2024-04-01T03:11:30.905 INFO:teuthology.orchestra.run.smithi003.stdout:/usr/bin/ceph: stderr
2024-04-01T03:11:25.649+0000 7f1f0b251700 1 -- 172.21.15.3:0/2747086093 --> [v2:172.21.15.3:3300/0,v1:172.21.15.3:6789/0] -- mon_command({"prefix": "config assimilate-conf"} v 0) -- 0x7f1f041a2750 con 0x7f1f0407ce40
2024-04-01T03:11:30.905 INFO:teuthology.orchestra.run.smithi003.stdout:/usr/bin/ceph: stderr
2024-04-01T03:11:25.649+0000 7f1f01ffb700 1 -- 172.21.15.3:0/2747086093 <== mon.0 v2:172.21.15.3:3300/0 7 ==== mon_command_ack([{"prefix": "config assimilate-conf"}]=0 v3) ==== 70+0+373 (secure 0 0 0) 0x7f1efc007310 con 0x7f1f0407ce40
2024-04-01T03:11:30.905 INFO:teuthology.orchestra.run.smithi003.stdout:/usr/bin/ceph: stderr
2024-04-01T03:11:25.651+0000 7f1f0b251700 1 -- 172.21.15.3:0/2747086093 >> [v2:172.21.15.3:6800/4154111772,v1:172.21.15.3:6801/4154111772] conn(0x7f1eec038e00 msgr2=0x7f1eec03b2c0 secure :-1 s=STATE_CONNECTION_ESTABLISHED l=1).mark_down
2024-04-01T03:11:30.905 INFO:teuthology.orchestra.run.smithi003.stdout:/usr/bin/ceph: stderr
2024-04-01T03:11:25.651+0000 7f1f0b251700 1 --2- 172.21.15.3:0/2747086093 >> [v2:172.21.15.3:6800/4154111772,v1:172.21.15.3:6801/4154111772] conn(0x7f1eec038e00 0x7f1eec03b2c0 secure :-1 s=READY pgs=7 cs=0 l=1 rev1=1 crypto rx=0x7f1ef8006fd0 tx=0x7f1ef8006e40 comp rx=0 tx=0).stop
2024-04-01T03:11:30.905 INFO:teuthology.orchestra.run.smithi003.stdout:/usr/bin/ceph: stderr
2024-04-01T03:11:25.651+0000 7f1f0b251700 1 -- 172.21.15.3:0/2747086093 >> [v2:172.21.15.3:3300/0,v1:172.21.15.3:6789/0] conn(0x7f1f0407ce40 msgr2=0x7f1f0419da20 secure :-1 s=STATE_CONNECTION_ESTABLISHED l=1).mark_down
2024-04-01T03:11:30.905 INFO:teuthology.orchestra.run.smithi003.stdout:/usr/bin/ceph: stderr
2024-04-01T03:11:25.651+0000 7f1f0b251700 1 --2- 172.21.15.3:0/2747086093 >> [v2:172.21.15.3:3300/0,v1:172.21.15.3:6789/0] conn(0x7f1f0407ce40 0x7f1f0419da20 secure :-1 s=READY pgs=19 cs=0 l=1 rev1=1 crypto rx=0x7f1efc00b7b0 tx=0x7f1efc004670 comp rx=0 tx=0).stop
2024-04-01T03:11:30.906 INFO:teuthology.orchestra.run.smithi003.stdout:/usr/bin/ceph: stderr
2024-04-01T03:11:25.652+0000 7f1f0b251700 1 -- 172.21.15.3:0/2747086093 shutdown_connections
2024-04-01T03:11:30.906 INFO:teuthology.orchestra.run.smithi003.stdout:/usr/bin/ceph: stderr
2024-04-01T03:11:25.652+0000 7f1f0b251700 1 --2- 172.21.15.3:0/2747086093 >> [v2:172.21.15.3:6800/4154111772,v1:172.21.15.3:6801/4154111772] conn(0x7f1eec038e00 0x7f1eec03b2c0 unknown :-1 s=CLOSED pgs=7 cs=0 l=1 rev1=1 crypto rx=0 tx=0 comp rx=0 tx=0).stop
2024-04-01T03:11:30.906 INFO:teuthology.orchestra.run.smithi003.stdout:/usr/bin/ceph: stderr
2024-04-01T03:11:25.652+0000 7f1f0b251700 1 --2- 172.21.15.3:0/2747086093 >> [v2:172.21.15.3:3300/0,v1:172.21.15.3:6789/0] conn(0x7f1f0407ce40 0x7f1f0419da20 unknown :-1 s=CLOSED pgs=19 cs=0 l=1 rev1=1 crypto rx=0 tx=0 comp rx=0 tx=0).stop
2024-04-01T03:11:30.906 INFO:teuthology.orchestra.run.smithi003.stdout:/usr/bin/ceph: stderr
2024-04-01T03:11:25.652+0000 7f1f0b251700 1 -- 172.21.15.3:0/2747086093 >> 172.21.15.3:0/2747086093 conn(0x7f1f04102fd0 msgr2=0x7f1f04103a50 unknown :-1 s=STATE_NONE l=0).mark_down
2024-04-01T03:11:30.906 INFO:teuthology.orchestra.run.smithi003.stdout:/usr/bin/ceph: stderr
2024-04-01T03:11:25.652+0000 7f1f0b251700 1 -- 172.21.15.3:0/2747086093 shutdown_connections
2024-04-01T03:11:30.906 INFO:teuthology.orchestra.run.smithi003.stdout:/usr/bin/ceph: stderr
2024-04-01T03:11:25.652+0000 7f1f0b251700 1 -- 172.21.15.3:0/2747086093 wait complete.
2024-04-01T03:11:30.906 INFO:teuthology.orchestra.run.smithi003.stdout:Enabling cephadm module...
2024-04-01T03:11:31.862 INFO:journalctl@ceph.mon.a.smithi003.stdout:Apr 01 03:11:31 smithi003 ceph-mon[31972]: from='client.? 172.21.15.3:0/2248547776' entity='client.admin' cmd=[{"prefix": "mgr module enable", "module": "cephadm"}]: dispatch
2024-04-01T03:11:31.862 INFO:journalctl@ceph.mgr.x.smithi003.stdout:Apr 01 03:11:31 smithi003 ceph-564cc0a0-efd5-11ee-b647-cb9ed24678a4-mgr-x[32203]: ignoring --setuser ceph since I am not root
2024-04-01T03:11:31.862 INFO:journalctl@ceph.mgr.x.smithi003.stdout:Apr 01 03:11:31 smithi003 ceph-564cc0a0-efd5-11ee-b647-cb9ed24678a4-mgr-x[32203]: ignoring --setgroup ceph since I am not root
2024-04-01T03:11:32.147 INFO:teuthology.orchestra.run.smithi003.stdout:/usr/bin/ceph: stderr
2024-04-01T03:11:31.333+0000 7f477fabd700 1 Processor -- start
2024-04-01T03:11:32.147 INFO:teuthology.orchestra.run.smithi003.stdout:/usr/bin/ceph: stderr
2024-04-01T03:11:31.333+0000 7f477fabd700 1 -- start start
2024-04-01T03:11:32.147 INFO:teuthology.orchestra.run.smithi003.stdout:/usr/bin/ceph: stderr
2024-04-01T03:11:31.333+0000 7f477fabd700 1 --2- >> [v2:172.21.15.3:3300/0,v1:172.21.15.3:6789/0] conn(0x7f4778106210 0x7f4778106630 unknown :-1 s=NONE pgs=0 cs=0 l=0 rev1=0 crypto rx=0 tx=0 comp rx=0 tx=0).connect
2024-04-01T03:11:32.147 INFO:teuthology.orchestra.run.smithi003.stdout:/usr/bin/ceph: stderr
2024-04-01T03:11:31.334+0000 7f477fabd700 1 -- --> [v2:172.21.15.3:3300/0,v1:172.21.15.3:6789/0] -- mon_getmap magic: 0 -- 0x7f477807ae20 con 0x7f4778106210
2024-04-01T03:11:32.147 INFO:teuthology.orchestra.run.smithi003.stdout:/usr/bin/ceph: stderr
2024-04-01T03:11:31.334+0000 7f477d859700 1 --2- >> [v2:172.21.15.3:3300/0,v1:172.21.15.3:6789/0] conn(0x7f4778106210 0x7f4778106630 unknown :-1 s=BANNER_CONNECTING pgs=0 cs=0 l=0 rev1=0 crypto rx=0 tx=0 comp rx=0 tx=0)._handle_peer_banner_payload supported=3 required=0
2024-04-01T03:11:32.147 INFO:teuthology.orchestra.run.smithi003.stdout:/usr/bin/ceph: stderr
2024-04-01T03:11:31.334+0000 7f477d859700 1 --2- >> [v2:172.21.15.3:3300/0,v1:172.21.15.3:6789/0] conn(0x7f4778106210 0x7f4778106630 unknown :-1 s=HELLO_CONNECTING pgs=0 cs=0 l=0 rev1=1 crypto rx=0 tx=0 comp rx=0 tx=0).handle_hello peer v2:172.21.15.3:3300/0 says I am v2:172.21.15.3:46300/0 (socket says 172.21.15.3:46300)
2024-04-01T03:11:32.147 INFO:teuthology.orchestra.run.smithi003.stdout:/usr/bin/ceph: stderr
2024-04-01T03:11:31.334+0000 7f477d859700 1 -- 172.21.15.3:0/2145240793 learned_addr learned my addr 172.21.15.3:0/2145240793 (peer_addr_for_me v2:172.21.15.3:0/0)
2024-04-01T03:11:32.147 INFO:teuthology.orchestra.run.smithi003.stdout:/usr/bin/ceph: stderr
2024-04-01T03:11:31.334+0000 7f477d859700 1 -- 172.21.15.3:0/2145240793 --> [v2:172.21.15.3:3300/0,v1:172.21.15.3:6789/0] -- mon_subscribe({config=0+,monmap=0+}) -- 0x7f4778106b70 con 0x7f4778106210
2024-04-01T03:11:32.147 INFO:teuthology.orchestra.run.smithi003.stdout:/usr/bin/ceph: stderr
2024-04-01T03:11:31.334+0000 7f477d859700 1 --2- 172.21.15.3:0/2145240793 >> [v2:172.21.15.3:3300/0,v1:172.21.15.3:6789/0] conn(0x7f4778106210 0x7f4778106630 secure :-1 s=READY pgs=20 cs=0 l=1 rev1=1 crypto rx=0x7f47740098a0 tx=0x7f4774009bb0 comp rx=0 tx=0).ready entity=mon.0 client_cookie=62735e8bfebca5b3 server_cookie=0 in_seq=0 out_seq=0
2024-04-01T03:11:32.147 INFO:teuthology.orchestra.run.smithi003.stdout:/usr/bin/ceph: stderr
2024-04-01T03:11:31.334+0000 7f477c857700 1 -- 172.21.15.3:0/2145240793 <== mon.0 v2:172.21.15.3:3300/0 1 ==== mon_map magic: 0 ==== 205+0+0 (secure 0 0 0) 0x7f4774004160 con 0x7f4778106210
2024-04-01T03:11:32.148 INFO:teuthology.orchestra.run.smithi003.stdout:/usr/bin/ceph: stderr
2024-04-01T03:11:31.334+0000 7f477c857700 1 -- 172.21.15.3:0/2145240793 <== mon.0 v2:172.21.15.3:3300/0 2 ==== config(26 keys) ==== 1071+0+0 (secure 0 0 0) 0x7f4774004300 con 0x7f4778106210
2024-04-01T03:11:32.148 INFO:teuthology.orchestra.run.smithi003.stdout:/usr/bin/ceph: stderr
2024-04-01T03:11:31.334+0000 7f477c857700 1 -- 172.21.15.3:0/2145240793 <== mon.0 v2:172.21.15.3:3300/0 3 ==== mon_map magic: 0 ==== 205+0+0 (secure 0 0 0) 0x7f4774011a80 con 0x7f4778106210
2024-04-01T03:11:32.148 INFO:teuthology.orchestra.run.smithi003.stdout:/usr/bin/ceph: stderr
2024-04-01T03:11:31.335+0000 7f477fabd700 1 -- 172.21.15.3:0/2145240793 >> [v2:172.21.15.3:3300/0,v1:172.21.15.3:6789/0] conn(0x7f4778106210 msgr2=0x7f4778106630 secure :-1 s=STATE_CONNECTION_ESTABLISHED l=1).mark_down
2024-04-01T03:11:32.148 INFO:teuthology.orchestra.run.smithi003.stdout:/usr/bin/ceph: stderr
2024-04-01T03:11:31.335+0000 7f477fabd700 1 --2- 172.21.15.3:0/2145240793 >> [v2:172.21.15.3:3300/0,v1:172.21.15.3:6789/0] conn(0x7f4778106210 0x7f4778106630 secure :-1 s=READY pgs=20 cs=0 l=1 rev1=1 crypto rx=0x7f47740098a0 tx=0x7f4774009bb0 comp rx=0 tx=0).stop
2024-04-01T03:11:32.148 INFO:teuthology.orchestra.run.smithi003.stdout:/usr/bin/ceph: stderr
2024-04-01T03:11:31.335+0000 7f477fabd700 1 -- 172.21.15.3:0/2145240793 shutdown_connections
2024-04-01T03:11:32.148 INFO:teuthology.orchestra.run.smithi003.stdout:/usr/bin/ceph: stderr
2024-04-01T03:11:31.335+0000 7f477fabd700 1 --2- 172.21.15.3:0/2145240793 >> [v2:172.21.15.3:3300/0,v1:172.21.15.3:6789/0] conn(0x7f4778106210 0x7f4778106630 unknown :-1 s=CLOSED pgs=20 cs=0 l=1 rev1=1 crypto rx=0 tx=0 comp rx=0 tx=0).stop
2024-04-01T03:11:32.148 INFO:teuthology.orchestra.run.smithi003.stdout:/usr/bin/ceph: stderr
2024-04-01T03:11:31.335+0000 7f477fabd700 1 -- 172.21.15.3:0/2145240793 >> 172.21.15.3:0/2145240793 conn(0x7f4778101e10 msgr2=0x7f4778104230 unknown :-1 s=STATE_NONE l=0).mark_down
2024-04-01T03:11:32.148 INFO:teuthology.orchestra.run.smithi003.stdout:/usr/bin/ceph: stderr
2024-04-01T03:11:31.335+0000 7f477fabd700 1 -- 172.21.15.3:0/2145240793 shutdown_connections
2024-04-01T03:11:32.148 INFO:teuthology.orchestra.run.smithi003.stdout:/usr/bin/ceph: stderr
2024-04-01T03:11:31.335+0000 7f477fabd700 1 -- 172.21.15.3:0/2145240793 wait complete.
2024-04-01T03:11:32.148 INFO:teuthology.orchestra.run.smithi003.stdout:/usr/bin/ceph: stderr
2024-04-01T03:11:31.336+0000 7f477fabd700 1 Processor -- start
2024-04-01T03:11:32.148 INFO:teuthology.orchestra.run.smithi003.stdout:/usr/bin/ceph: stderr
2024-04-01T03:11:31.336+0000 7f477fabd700 1 -- start start
2024-04-01T03:11:32.148 INFO:teuthology.orchestra.run.smithi003.stdout:/usr/bin/ceph: stderr
2024-04-01T03:11:31.336+0000 7f477fabd700 1 --2- >> [v2:172.21.15.3:3300/0,v1:172.21.15.3:6789/0] conn(0x7f4778106210 0x7f477819da60 unknown :-1 s=NONE pgs=0 cs=0 l=1 rev1=0 crypto rx=0 tx=0 comp rx=0 tx=0).connect
2024-04-01T03:11:32.148 INFO:teuthology.orchestra.run.smithi003.stdout:/usr/bin/ceph: stderr
2024-04-01T03:11:31.336+0000 7f477fabd700 1 -- --> [v2:172.21.15.3:3300/0,v1:172.21.15.3:6789/0] -- mon_getmap magic: 0 -- 0x7f4778107ba0 con 0x7f4778106210
2024-04-01T03:11:32.149 INFO:teuthology.orchestra.run.smithi003.stdout:/usr/bin/ceph: stderr
2024-04-01T03:11:31.336+0000 7f477d859700 1 --2- >> [v2:172.21.15.3:3300/0,v1:172.21.15.3:6789/0] conn(0x7f4778106210 0x7f477819da60 unknown :-1 s=BANNER_CONNECTING pgs=0 cs=0 l=1 rev1=0 crypto rx=0 tx=0 comp rx=0 tx=0)._handle_peer_banner_payload supported=3 required=0
2024-04-01T03:11:32.149 INFO:teuthology.orchestra.run.smithi003.stdout:/usr/bin/ceph: stderr
2024-04-01T03:11:31.336+0000 7f477d859700 1 --2- >> [v2:172.21.15.3:3300/0,v1:172.21.15.3:6789/0] conn(0x7f4778106210 0x7f477819da60 unknown :-1 s=HELLO_CONNECTING pgs=0 cs=0 l=1 rev1=1 crypto rx=0 tx=0 comp rx=0 tx=0).handle_hello peer v2:172.21.15.3:3300/0 says I am v2:172.21.15.3:46308/0 (socket says 172.21.15.3:46308)
2024-04-01T03:11:32.149 INFO:teuthology.orchestra.run.smithi003.stdout:/usr/bin/ceph: stderr
2024-04-01T03:11:31.336+0000 7f477d859700 1 -- 172.21.15.3:0/2248547776 learned_addr learned my addr 172.21.15.3:0/2248547776 (peer_addr_for_me v2:172.21.15.3:0/0)
2024-04-01T03:11:32.149 INFO:teuthology.orchestra.run.smithi003.stdout:/usr/bin/ceph: stderr
2024-04-01T03:11:31.336+0000 7f477d859700 1 -- 172.21.15.3:0/2248547776 --> [v2:172.21.15.3:3300/0,v1:172.21.15.3:6789/0] -- mon_subscribe({config=0+,monmap=0+}) -- 0x7f477819dfa0 con 0x7f4778106210
2024-04-01T03:11:32.149 INFO:teuthology.orchestra.run.smithi003.stdout:/usr/bin/ceph: stderr
2024-04-01T03:11:31.336+0000 7f477d859700 1 --2- 172.21.15.3:0/2248547776 >> [v2:172.21.15.3:3300/0,v1:172.21.15.3:6789/0] conn(0x7f4778106210 0x7f477819da60 secure :-1 s=READY pgs=21 cs=0 l=1 rev1=1 crypto rx=0x7f4774011a50 tx=0x7f4774011b30 comp rx=0 tx=0).ready entity=mon.0 client_cookie=0 server_cookie=0 in_seq=0 out_seq=0
2024-04-01T03:11:32.149 INFO:teuthology.orchestra.run.smithi003.stdout:/usr/bin/ceph: stderr
2024-04-01T03:11:31.336+0000 7f476effd700 1 -- 172.21.15.3:0/2248547776 <== mon.0 v2:172.21.15.3:3300/0 1 ==== mon_map magic: 0 ==== 205+0+0 (secure 0 0 0) 0x7f4774003a80 con 0x7f4778106210
2024-04-01T03:11:32.149 INFO:teuthology.orchestra.run.smithi003.stdout:/usr/bin/ceph: stderr
2024-04-01T03:11:31.336+0000 7f476effd700 1 -- 172.21.15.3:0/2248547776 <== mon.0 v2:172.21.15.3:3300/0 2 ==== config(26 keys) ==== 1071+0+0 (secure 0 0 0) 0x7f4774003c20 con 0x7f4778106210
2024-04-01T03:11:32.149 INFO:teuthology.orchestra.run.smithi003.stdout:/usr/bin/ceph: stderr
2024-04-01T03:11:31.336+0000 7f477fabd700 1 -- 172.21.15.3:0/2248547776 --> [v2:172.21.15.3:3300/0,v1:172.21.15.3:6789/0] -- mon_subscribe({mgrmap=0+}) -- 0x7f477819e230 con 0x7f4778106210
2024-04-01T03:11:32.149 INFO:teuthology.orchestra.run.smithi003.stdout:/usr/bin/ceph: stderr
2024-04-01T03:11:31.336+0000 7f476effd700 1 -- 172.21.15.3:0/2248547776 <== mon.0 v2:172.21.15.3:3300/0 3 ==== mon_map magic: 0 ==== 205+0+0 (secure 0 0 0) 0x7f477401a650 con 0x7f4778106210
2024-04-01T03:11:32.149 INFO:teuthology.orchestra.run.smithi003.stdout:/usr/bin/ceph: stderr
2024-04-01T03:11:31.337+0000 7f477fabd700 1 -- 172.21.15.3:0/2248547776 --> [v2:172.21.15.3:3300/0,v1:172.21.15.3:6789/0] -- mon_subscribe({osdmap=0}) -- 0x7f47781a0f20 con 0x7f4778106210
2024-04-01T03:11:32.149 INFO:teuthology.orchestra.run.smithi003.stdout:/usr/bin/ceph: stderr
2024-04-01T03:11:31.337+0000 7f476effd700 1 -- 172.21.15.3:0/2248547776 <== mon.0 v2:172.21.15.3:3300/0 4 ==== mgrmap(e 4) ==== 46105+0+0 (secure 0 0 0) 0x7f477401a950 con 0x7f4778106210
2024-04-01T03:11:32.149 INFO:teuthology.orchestra.run.smithi003.stdout:/usr/bin/ceph: stderr
2024-04-01T03:11:31.337+0000 7f477fabd700 1 -- 172.21.15.3:0/2248547776 --> [v2:172.21.15.3:3300/0,v1:172.21.15.3:6789/0] -- mon_command({"prefix": "get_command_descriptions"} v 0) -- 0x7f4778063870 con 0x7f4778106210
2024-04-01T03:11:32.150 INFO:teuthology.orchestra.run.smithi003.stdout:/usr/bin/ceph: stderr
2024-04-01T03:11:31.338+0000 7f476effd700 1 --2- 172.21.15.3:0/2248547776 >> [v2:172.21.15.3:6800/4154111772,v1:172.21.15.3:6801/4154111772] conn(0x7f4764038db0 0x7f476403b270 unknown :-1 s=NONE pgs=0 cs=0 l=1 rev1=0 crypto rx=0 tx=0 comp rx=0 tx=0).connect
2024-04-01T03:11:32.150 INFO:teuthology.orchestra.run.smithi003.stdout:/usr/bin/ceph: stderr
2024-04-01T03:11:31.338+0000 7f476effd700 1 -- 172.21.15.3:0/2248547776 <== mon.0 v2:172.21.15.3:3300/0 5 ==== osd_map(1..1 src has 1..1) ==== 725+0+0 (secure 0 0 0) 0x7f477404d100 con 0x7f4778106210
2024-04-01T03:11:32.150 INFO:teuthology.orchestra.run.smithi003.stdout:/usr/bin/ceph: stderr
2024-04-01T03:11:31.338+0000 7f477d058700 1 --2- 172.21.15.3:0/2248547776 >> [v2:172.21.15.3:6800/4154111772,v1:172.21.15.3:6801/4154111772] conn(0x7f4764038db0 0x7f476403b270 unknown :-1 s=BANNER_CONNECTING pgs=0 cs=0 l=1 rev1=0 crypto rx=0 tx=0 comp rx=0 tx=0)._handle_peer_banner_payload supported=3 required=0
2024-04-01T03:11:32.150 INFO:teuthology.orchestra.run.smithi003.stdout:/usr/bin/ceph: stderr
2024-04-01T03:11:31.338+0000 7f477d058700 1 --2- 172.21.15.3:0/2248547776 >> [v2:172.21.15.3:6800/4154111772,v1:172.21.15.3:6801/4154111772] conn(0x7f4764038db0 0x7f476403b270 secure :-1 s=READY pgs=8 cs=0 l=1 rev1=1 crypto rx=0x7f4768006fd0 tx=0x7f4768006e40 comp rx=0 tx=0).ready entity=mgr.14100 client_cookie=0 server_cookie=0 in_seq=0 out_seq=0
2024-04-01T03:11:32.150 INFO:teuthology.orchestra.run.smithi003.stdout:/usr/bin/ceph: stderr
2024-04-01T03:11:31.342+0000 7f476effd700 1 -- 172.21.15.3:0/2248547776 <== mon.0 v2:172.21.15.3:3300/0 6 ==== mon_command_ack([{"prefix": "get_command_descriptions"}]=0 v0) ==== 72+0+184932 (secure 0 0 0) 0x7f4774024b80 con 0x7f4778106210
2024-04-01T03:11:32.150 INFO:teuthology.orchestra.run.smithi003.stdout:/usr/bin/ceph: stderr
2024-04-01T03:11:31.606+0000 7f477fabd700 1 -- 172.21.15.3:0/2248547776 --> [v2:172.21.15.3:3300/0,v1:172.21.15.3:6789/0] -- mon_command({"prefix": "mgr module enable", "module": "cephadm"} v 0) -- 0x7f47780008d0 con 0x7f4778106210
2024-04-01T03:11:32.150 INFO:teuthology.orchestra.run.smithi003.stdout:/usr/bin/ceph: stderr
2024-04-01T03:11:31.657+0000 7f476effd700 1 -- 172.21.15.3:0/2248547776 <== mon.0 v2:172.21.15.3:3300/0 7 ==== mon_command_ack([{"prefix": "mgr module enable", "module": "cephadm"}]=0 v5) ==== 86+0+0 (secure 0 0 0) 0x7f477400b7e0 con 0x7f4778106210
2024-04-01T03:11:32.150 INFO:teuthology.orchestra.run.smithi003.stdout:/usr/bin/ceph: stderr
2024-04-01T03:11:31.659+0000 7f476effd700 1 -- 172.21.15.3:0/2248547776 <== mon.0 v2:172.21.15.3:3300/0 8 ==== mgrmap(e 5) ==== 46116+0+0 (secure 0 0 0) 0x7f477402d3f0 con 0x7f4778106210
2024-04-01T03:11:32.150 INFO:teuthology.orchestra.run.smithi003.stdout:/usr/bin/ceph: stderr
2024-04-01T03:11:31.660+0000 7f477fabd700 1 -- 172.21.15.3:0/2248547776 >> [v2:172.21.15.3:6800/4154111772,v1:172.21.15.3:6801/4154111772] conn(0x7f4764038db0 msgr2=0x7f476403b270 secure :-1 s=STATE_CONNECTION_ESTABLISHED l=1).mark_down
2024-04-01T03:11:32.150 INFO:teuthology.orchestra.run.smithi003.stdout:/usr/bin/ceph: stderr
2024-04-01T03:11:31.660+0000 7f477fabd700 1 --2- 172.21.15.3:0/2248547776 >> [v2:172.21.15.3:6800/4154111772,v1:172.21.15.3:6801/4154111772] conn(0x7f4764038db0 0x7f476403b270 secure :-1 s=READY pgs=8 cs=0 l=1 rev1=1 crypto rx=0x7f4768006fd0 tx=0x7f4768006e40 comp rx=0 tx=0).stop
2024-04-01T03:11:32.150 INFO:teuthology.orchestra.run.smithi003.stdout:/usr/bin/ceph: stderr
2024-04-01T03:11:31.660+0000 7f477fabd700 1 -- 172.21.15.3:0/2248547776 >> [v2:172.21.15.3:3300/0,v1:172.21.15.3:6789/0] conn(0x7f4778106210 msgr2=0x7f477819da60 secure :-1 s=STATE_CONNECTION_ESTABLISHED l=1).mark_down
2024-04-01T03:11:32.150 INFO:teuthology.orchestra.run.smithi003.stdout:/usr/bin/ceph: stderr
2024-04-01T03:11:31.660+0000 7f477fabd700 1 --2- 172.21.15.3:0/2248547776 >> [v2:172.21.15.3:3300/0,v1:172.21.15.3:6789/0] conn(0x7f4778106210 0x7f477819da60 secure :-1 s=READY pgs=21 cs=0 l=1 rev1=1 crypto rx=0x7f4774011a50 tx=0x7f4774011b30 comp rx=0 tx=0).stop
2024-04-01T03:11:32.151 INFO:teuthology.orchestra.run.smithi003.stdout:/usr/bin/ceph: stderr
2024-04-01T03:11:31.660+0000 7f477fabd700 1 -- 172.21.15.3:0/2248547776 shutdown_connections
2024-04-01T03:11:32.151 INFO:teuthology.orchestra.run.smithi003.stdout:/usr/bin/ceph: stderr
2024-04-01T03:11:31.661+0000 7f477fabd700 1 --2- 172.21.15.3:0/2248547776 >> [v2:172.21.15.3:6800/4154111772,v1:172.21.15.3:6801/4154111772] conn(0x7f4764038db0 0x7f476403b270 unknown :-1 s=CLOSED pgs=8 cs=0 l=1 rev1=1 crypto rx=0 tx=0 comp rx=0 tx=0).stop
2024-04-01T03:11:32.151 INFO:teuthology.orchestra.run.smithi003.stdout:/usr/bin/ceph: stderr
2024-04-01T03:11:31.661+0000 7f477fabd700 1 --2- 172.21.15.3:0/2248547776 >> [v2:172.21.15.3:3300/0,v1:172.21.15.3:6789/0] conn(0x7f4778106210 0x7f477819da60 unknown :-1 s=CLOSED pgs=21 cs=0 l=1 rev1=1 crypto rx=0 tx=0 comp rx=0 tx=0).stop
2024-04-01T03:11:32.151 INFO:teuthology.orchestra.run.smithi003.stdout:/usr/bin/ceph: stderr
2024-04-01T03:11:31.661+0000 7f477fabd700 1 -- 172.21.15.3:0/2248547776 >> 172.21.15.3:0/2248547776 conn(0x7f4778101e10 msgr2=0x7f47781946d0 unknown :-1 s=STATE_NONE l=0).mark_down
2024-04-01T03:11:32.151 INFO:teuthology.orchestra.run.smithi003.stdout:/usr/bin/ceph: stderr
2024-04-01T03:11:31.661+0000 7f477fabd700 1 -- 172.21.15.3:0/2248547776 shutdown_connections
2024-04-01T03:11:32.151 INFO:teuthology.orchestra.run.smithi003.stdout:/usr/bin/ceph: stderr
2024-04-01T03:11:31.661+0000 7f477fabd700 1 -- 172.21.15.3:0/2248547776 wait complete.
2024-04-01T03:11:32.338 INFO:journalctl@ceph.mgr.x.smithi003.stdout:Apr 01 03:11:32 smithi003 ceph-564cc0a0-efd5-11ee-b647-cb9ed24678a4-mgr-x[32203]:
2024-04-01T03:11:32.240+0000 7fe48cb76200 -1 mgr[py] Module osd_perf_query has missing NOTIFY_TYPES member
2024-04-01T03:11:32.338 INFO:journalctl@ceph.mgr.x.smithi003.stdout:Apr 01 03:11:32 smithi003 ceph-564cc0a0-efd5-11ee-b647-cb9ed24678a4-mgr-x[32203]:
2024-04-01T03:11:32.337+0000 7fe48cb76200 -1 mgr[py] Module snap_schedule has missing NOTIFY_TYPES member
2024-04-01T03:11:32.861 INFO:journalctl@ceph.mon.a.smithi003.stdout:Apr 01 03:11:32 smithi003 ceph-mon[31972]: from='client.? 172.21.15.3:0/2248547776' entity='client.admin' cmd='[{"prefix": "mgr module enable", "module": "cephadm"}]': finished
2024-04-01T03:11:32.861 INFO:journalctl@ceph.mon.a.smithi003.stdout:Apr 01 03:11:32 smithi003 ceph-mon[31972]: mgrmap e5: x(active, since 11s)
2024-04-01T03:11:33.169 INFO:journalctl@ceph.mgr.x.smithi003.stdout:Apr 01 03:11:33 smithi003 ceph-564cc0a0-efd5-11ee-b647-cb9ed24678a4-mgr-x[32203]:
2024-04-01T03:11:33.022+0000 7fe48cb76200 -1 mgr[py] Module zabbix has missing NOTIFY_TYPES member
2024-04-01T03:11:33.170 INFO:journalctl@ceph.mgr.x.smithi003.stdout:Apr 01 03:11:33 smithi003 ceph-564cc0a0-efd5-11ee-b647-cb9ed24678a4-mgr-x[32203]:
2024-04-01T03:11:33.118+0000 7fe48cb76200 -1 mgr[py] Module balancer has missing NOTIFY_TYPES member
2024-04-01T03:11:33.447 INFO:journalctl@ceph.mgr.x.smithi003.stdout:Apr 01 03:11:33 smithi003 ceph-564cc0a0-efd5-11ee-b647-cb9ed24678a4-mgr-x[32203]:
2024-04-01T03:11:33.261+0000 7fe48cb76200 -1 mgr[py] Module influx has missing NOTIFY_TYPES member
2024-04-01T03:11:33.447 INFO:journalctl@ceph.mgr.x.smithi003.stdout:Apr 01 03:11:33 smithi003 ceph-564cc0a0-efd5-11ee-b647-cb9ed24678a4-mgr-x[32203]:
2024-04-01T03:11:33.360+0000 7fe48cb76200 -1 mgr[py] Module alerts has missing NOTIFY_TYPES member
2024-04-01T03:11:33.447 INFO:journalctl@ceph.mgr.x.smithi003.stdout:Apr 01 03:11:33 smithi003 ceph-564cc0a0-efd5-11ee-b647-cb9ed24678a4-mgr-x[32203]:
2024-04-01T03:11:33.446+0000 7fe48cb76200 -1 mgr[py] Module iostat has missing NOTIFY_TYPES member
2024-04-01T03:11:33.481 INFO:teuthology.orchestra.run.smithi003.stdout:/usr/bin/ceph: stdout {
2024-04-01T03:11:33.481 INFO:teuthology.orchestra.run.smithi003.stdout:/usr/bin/ceph: stdout "epoch": 5,
2024-04-01T03:11:33.481 INFO:teuthology.orchestra.run.smithi003.stdout:/usr/bin/ceph: stdout "available": true,
2024-04-01T03:11:33.481 INFO:teuthology.orchestra.run.smithi003.stdout:/usr/bin/ceph: stdout "active_name": "x",
2024-04-01T03:11:33.481 INFO:teuthology.orchestra.run.smithi003.stdout:/usr/bin/ceph: stdout "num_standby": 0
2024-04-01T03:11:33.481 INFO:teuthology.orchestra.run.smithi003.stdout:/usr/bin/ceph: stdout }
2024-04-01T03:11:33.481 INFO:teuthology.orchestra.run.smithi003.stdout:/usr/bin/ceph: stderr
2024-04-01T03:11:32.581+0000 7fc4b9738700 1 Processor -- start
2024-04-01T03:11:33.481 INFO:teuthology.orchestra.run.smithi003.stdout:/usr/bin/ceph: stderr
2024-04-01T03:11:32.581+0000 7fc4b9738700 1 -- start start
2024-04-01T03:11:33.481 INFO:teuthology.orchestra.run.smithi003.stdout:/usr/bin/ceph: stderr
2024-04-01T03:11:32.581+0000 7fc4b9738700 1 --2- >> [v2:172.21.15.3:3300/0,v1:172.21.15.3:6789/0] conn(0x7fc4b41083f0 0x7fc4b410a7e0 unknown :-1 s=NONE pgs=0 cs=0 l=0 rev1=0 crypto rx=0 tx=0 comp rx=0 tx=0).connect
2024-04-01T03:11:33.482 INFO:teuthology.orchestra.run.smithi003.stdout:/usr/bin/ceph: stderr
2024-04-01T03:11:32.581+0000 7fc4b9738700 1 -- --> [v2:172.21.15.3:3300/0,v1:172.21.15.3:6789/0] -- mon_getmap magic: 0 -- 0x7fc4b407ae60 con 0x7fc4b41083f0
2024-04-01T03:11:33.482 INFO:teuthology.orchestra.run.smithi003.stdout:/usr/bin/ceph: stderr
2024-04-01T03:11:32.582+0000 7fc4b2ffd700 1 --2- >> [v2:172.21.15.3:3300/0,v1:172.21.15.3:6789/0] conn(0x7fc4b41083f0 0x7fc4b410a7e0 unknown :-1 s=BANNER_CONNECTING pgs=0 cs=0 l=0 rev1=0 crypto rx=0 tx=0 comp rx=0 tx=0)._handle_peer_banner_payload supported=3 required=0
2024-04-01T03:11:33.482 INFO:teuthology.orchestra.run.smithi003.stdout:/usr/bin/ceph: stderr
2024-04-01T03:11:32.582+0000 7fc4b2ffd700 1 --2- >> [v2:172.21.15.3:3300/0,v1:172.21.15.3:6789/0] conn(0x7fc4b41083f0 0x7fc4b410a7e0 unknown :-1 s=HELLO_CONNECTING pgs=0 cs=0 l=0 rev1=1 crypto rx=0 tx=0 comp rx=0 tx=0).handle_hello peer v2:172.21.15.3:3300/0 says I am v2:172.21.15.3:46330/0 (socket says 172.21.15.3:46330)
2024-04-01T03:11:33.482 INFO:teuthology.orchestra.run.smithi003.stdout:/usr/bin/ceph: stderr
2024-04-01T03:11:32.582+0000 7fc4b2ffd700 1 -- 172.21.15.3:0/256188398 learned_addr learned my addr 172.21.15.3:0/256188398 (peer_addr_for_me v2:172.21.15.3:0/0)
2024-04-01T03:11:33.482 INFO:teuthology.orchestra.run.smithi003.stdout:/usr/bin/ceph: stderr
2024-04-01T03:11:32.582+0000 7fc4b2ffd700 1 -- 172.21.15.3:0/256188398 --> [v2:172.21.15.3:3300/0,v1:172.21.15.3:6789/0] -- mon_subscribe({config=0+,monmap=0+}) -- 0x7fc4b410ad20 con 0x7fc4b41083f0
2024-04-01T03:11:33.482 INFO:teuthology.orchestra.run.smithi003.stdout:/usr/bin/ceph: stderr
2024-04-01T03:11:32.582+0000 7fc4b2ffd700 1 --2- 172.21.15.3:0/256188398 >> [v2:172.21.15.3:3300/0,v1:172.21.15.3:6789/0] conn(0x7fc4b41083f0 0x7fc4b410a7e0 secure :-1 s=READY pgs=24 cs=0 l=1 rev1=1 crypto rx=0x7fc4a40098a0 tx=0x7fc4a4009bb0 comp rx=0 tx=0).ready entity=mon.0 client_cookie=a371cdc0fb31f1a2 server_cookie=0 in_seq=0 out_seq=0
2024-04-01T03:11:33.482 INFO:teuthology.orchestra.run.smithi003.stdout:/usr/bin/ceph: stderr
2024-04-01T03:11:32.582+0000 7fc4b1ffb700 1 -- 172.21.15.3:0/256188398 <== mon.0 v2:172.21.15.3:3300/0 1 ==== mon_map magic: 0 ==== 205+0+0 (secure 0 0 0) 0x7fc4a4004160 con 0x7fc4b41083f0
2024-04-01T03:11:33.482 INFO:teuthology.orchestra.run.smithi003.stdout:/usr/bin/ceph: stderr
2024-04-01T03:11:32.582+0000 7fc4b1ffb700 1 -- 172.21.15.3:0/256188398 <== mon.0 v2:172.21.15.3:3300/0 2 ==== config(26 keys) ==== 1071+0+0 (secure 0 0 0) 0x7fc4a4004300 con 0x7fc4b41083f0
2024-04-01T03:11:33.482 INFO:teuthology.orchestra.run.smithi003.stdout:/usr/bin/ceph: stderr
2024-04-01T03:11:32.582+0000 7fc4b1ffb700 1 -- 172.21.15.3:0/256188398 <== mon.0 v2:172.21.15.3:3300/0 3 ==== mon_map magic: 0 ==== 205+0+0 (secure 0 0 0) 0x7fc4a4011a80 con 0x7fc4b41083f0
2024-04-01T03:11:33.482 INFO:teuthology.orchestra.run.smithi003.stdout:/usr/bin/ceph: stderr
2024-04-01T03:11:32.583+0000 7fc4b9738700 1 -- 172.21.15.3:0/256188398 >> [v2:172.21.15.3:3300/0,v1:172.21.15.3:6789/0] conn(0x7fc4b41083f0 msgr2=0x7fc4b410a7e0 secure :-1 s=STATE_CONNECTION_ESTABLISHED l=1).mark_down
2024-04-01T03:11:33.482 INFO:teuthology.orchestra.run.smithi003.stdout:/usr/bin/ceph: stderr
2024-04-01T03:11:32.583+0000 7fc4b9738700 1 --2- 172.21.15.3:0/256188398 >> [v2:172.21.15.3:3300/0,v1:172.21.15.3:6789/0] conn(0x7fc4b41083f0 0x7fc4b410a7e0 secure :-1 s=READY pgs=24 cs=0 l=1 rev1=1 crypto rx=0x7fc4a40098a0 tx=0x7fc4a4009bb0 comp rx=0 tx=0).stop
2024-04-01T03:11:33.482 INFO:teuthology.orchestra.run.smithi003.stdout:/usr/bin/ceph: stderr
2024-04-01T03:11:32.583+0000 7fc4b9738700 1 -- 172.21.15.3:0/256188398 shutdown_connections
2024-04-01T03:11:33.483 INFO:teuthology.orchestra.run.smithi003.stdout:/usr/bin/ceph: stderr
2024-04-01T03:11:32.583+0000 7fc4b9738700 1 --2- 172.21.15.3:0/256188398 >> [v2:172.21.15.3:3300/0,v1:172.21.15.3:6789/0] conn(0x7fc4b41083f0 0x7fc4b410a7e0 unknown :-1 s=CLOSED pgs=24 cs=0 l=1 rev1=1 crypto rx=0 tx=0 comp rx=0 tx=0).stop
2024-04-01T03:11:33.483 INFO:teuthology.orchestra.run.smithi003.stdout:/usr/bin/ceph: stderr
2024-04-01T03:11:32.583+0000 7fc4b9738700 1 -- 172.21.15.3:0/256188398 >> 172.21.15.3:0/256188398 conn(0x7fc4b4101de0 msgr2=0x7fc4b4104220 unknown :-1 s=STATE_NONE l=0).mark_down
2024-04-01T03:11:33.483 INFO:teuthology.orchestra.run.smithi003.stdout:/usr/bin/ceph: stderr
2024-04-01T03:11:32.583+0000 7fc4b9738700 1 -- 172.21.15.3:0/256188398 shutdown_connections
2024-04-01T03:11:33.483 INFO:teuthology.orchestra.run.smithi003.stdout:/usr/bin/ceph: stderr
2024-04-01T03:11:32.583+0000 7fc4b9738700 1 -- 172.21.15.3:0/256188398 wait complete.
2024-04-01T03:11:33.483 INFO:teuthology.orchestra.run.smithi003.stdout:/usr/bin/ceph: stderr
2024-04-01T03:11:32.584+0000 7fc4b9738700 1 Processor -- start
2024-04-01T03:11:33.483 INFO:teuthology.orchestra.run.smithi003.stdout:/usr/bin/ceph: stderr
2024-04-01T03:11:32.584+0000 7fc4b9738700 1 -- start start
2024-04-01T03:11:33.483 INFO:teuthology.orchestra.run.smithi003.stdout:/usr/bin/ceph: stderr
2024-04-01T03:11:32.584+0000 7fc4b9738700 1 --2- >> [v2:172.21.15.3:3300/0,v1:172.21.15.3:6789/0] conn(0x7fc4b41083f0 0x7fc4b4107c70 unknown :-1 s=NONE pgs=0 cs=0 l=1 rev1=0 crypto rx=0 tx=0 comp rx=0 tx=0).connect
2024-04-01T03:11:33.483 INFO:teuthology.orchestra.run.smithi003.stdout:/usr/bin/ceph: stderr
2024-04-01T03:11:32.584+0000 7fc4b9738700 1 -- --> [v2:172.21.15.3:3300/0,v1:172.21.15.3:6789/0] -- mon_getmap magic: 0 -- 0x7fc4b410bce0 con 0x7fc4b41083f0
2024-04-01T03:11:33.483 INFO:teuthology.orchestra.run.smithi003.stdout:/usr/bin/ceph: stderr
2024-04-01T03:11:32.584+0000 7fc4b2ffd700 1 --2- >> [v2:172.21.15.3:3300/0,v1:172.21.15.3:6789/0] conn(0x7fc4b41083f0 0x7fc4b4107c70 unknown :-1 s=BANNER_CONNECTING pgs=0 cs=0 l=1 rev1=0 crypto rx=0 tx=0 comp rx=0 tx=0)._handle_peer_banner_payload supported=3 required=0
2024-04-01T03:11:33.483 INFO:teuthology.orchestra.run.smithi003.stdout:/usr/bin/ceph: stderr
2024-04-01T03:11:32.584+0000 7fc4b2ffd700 1 --2- >> [v2:172.21.15.3:3300/0,v1:172.21.15.3:6789/0] conn(0x7fc4b41083f0 0x7fc4b4107c70 unknown :-1 s=HELLO_CONNECTING pgs=0 cs=0 l=1 rev1=1 crypto rx=0 tx=0 comp rx=0 tx=0).handle_hello peer v2:172.21.15.3:3300/0 says I am v2:172.21.15.3:46338/0 (socket says 172.21.15.3:46338)
2024-04-01T03:11:33.483 INFO:teuthology.orchestra.run.smithi003.stdout:/usr/bin/ceph: stderr
2024-04-01T03:11:32.584+0000 7fc4b2ffd700 1 -- 172.21.15.3:0/982186410 learned_addr learned my addr 172.21.15.3:0/982186410 (peer_addr_for_me v2:172.21.15.3:0/0)
2024-04-01T03:11:33.483 INFO:teuthology.orchestra.run.smithi003.stdout:/usr/bin/ceph: stderr
2024-04-01T03:11:32.584+0000 7fc4b2ffd700 1 -- 172.21.15.3:0/982186410 --> [v2:172.21.15.3:3300/0,v1:172.21.15.3:6789/0] -- mon_subscribe({config=0+,monmap=0+}) -- 0x7fc4b41081b0 con 0x7fc4b41083f0
2024-04-01T03:11:33.483 INFO:teuthology.orchestra.run.smithi003.stdout:/usr/bin/ceph: stderr
2024-04-01T03:11:32.585+0000 7fc4b2ffd700 1 --2- 172.21.15.3:0/982186410 >> [v2:172.21.15.3:3300/0,v1:172.21.15.3:6789/0] conn(0x7fc4b41083f0 0x7fc4b4107c70 secure :-1 s=READY pgs=25 cs=0 l=1 rev1=1 crypto rx=0x7fc4a4006af0 tx=0x7fc4a4011c40 comp rx=0 tx=0).ready entity=mon.0 client_cookie=0 server_cookie=0 in_seq=0 out_seq=0
2024-04-01T03:11:33.483 INFO:teuthology.orchestra.run.smithi003.stdout:/usr/bin/ceph: stderr
2024-04-01T03:11:32.585+0000 7fc49bfff700 1 -- 172.21.15.3:0/982186410 <== mon.0 v2:172.21.15.3:3300/0 1 ==== mon_map magic: 0 ==== 205+0+0 (secure 0 0 0) 0x7fc4a40039e0 con 0x7fc4b41083f0
2024-04-01T03:11:33.483 INFO:teuthology.orchestra.run.smithi003.stdout:/usr/bin/ceph: stderr
2024-04-01T03:11:32.585+0000 7fc49bfff700 1 -- 172.21.15.3:0/982186410 <== mon.0 v2:172.21.15.3:3300/0 2 ==== config(26 keys) ==== 1071+0+0 (secure 0 0 0) 0x7fc4a4003b80 con 0x7fc4b41083f0
2024-04-01T03:11:33.484 INFO:teuthology.orchestra.run.smithi003.stdout:/usr/bin/ceph: stderr
2024-04-01T03:11:32.585+0000 7fc4b9738700 1 -- 172.21.15.3:0/982186410 --> [v2:172.21.15.3:3300/0,v1:172.21.15.3:6789/0] -- mon_subscribe({mgrmap=0+}) -- 0x7fc4b41063a0 con 0x7fc4b41083f0
2024-04-01T03:11:33.484 INFO:teuthology.orchestra.run.smithi003.stdout:/usr/bin/ceph: stderr
2024-04-01T03:11:32.585+0000 7fc49bfff700 1 -- 172.21.15.3:0/982186410 <== mon.0 v2:172.21.15.3:3300/0 3 ==== mon_map magic: 0 ==== 205+0+0 (secure 0 0 0) 0x7fc4a40196a0 con 0x7fc4b41083f0
2024-04-01T03:11:33.484 INFO:teuthology.orchestra.run.smithi003.stdout:/usr/bin/ceph: stderr
2024-04-01T03:11:32.585+0000 7fc4b9738700 1 -- 172.21.15.3:0/982186410 --> [v2:172.21.15.3:3300/0,v1:172.21.15.3:6789/0] -- mon_subscribe({osdmap=0}) -- 0x7fc4b41068e0 con 0x7fc4b41083f0
2024-04-01T03:11:33.484 INFO:teuthology.orchestra.run.smithi003.stdout:/usr/bin/ceph: stderr
2024-04-01T03:11:32.586+0000 7fc49bfff700 1 -- 172.21.15.3:0/982186410 <== mon.0 v2:172.21.15.3:3300/0 4 ==== mgrmap(e 5) ==== 46116+0+0 (secure 0 0 0) 0x7fc4a40199a0 con 0x7fc4b41083f0
2024-04-01T03:11:33.484 INFO:teuthology.orchestra.run.smithi003.stdout:/usr/bin/ceph: stderr
2024-04-01T03:11:32.586+0000 7fc49bfff700 1 --2- 172.21.15.3:0/982186410 >> [v2:172.21.15.3:6800/4154111772,v1:172.21.15.3:6801/4154111772] conn(0x7fc49c038db0 0x7fc49c03b270 unknown :-1 s=NONE pgs=0 cs=0 l=1 rev1=0 crypto rx=0 tx=0 comp rx=0 tx=0).connect
2024-04-01T03:11:33.484 INFO:teuthology.orchestra.run.smithi003.stdout:/usr/bin/ceph: stderr
2024-04-01T03:11:32.586+0000 7fc49bfff700 1 -- 172.21.15.3:0/982186410 <== mon.0 v2:172.21.15.3:3300/0 5 ==== osd_map(1..1 src has 1..1) ==== 725+0+0 (secure 0 0 0) 0x7fc4a404d220 con 0x7fc4b41083f0
2024-04-01T03:11:33.484 INFO:teuthology.orchestra.run.smithi003.stdout:/usr/bin/ceph: stderr
2024-04-01T03:11:32.586+0000 7fc4b27fc700 1 -- 172.21.15.3:0/982186410 >> [v2:172.21.15.3:6800/4154111772,v1:172.21.15.3:6801/4154111772] conn(0x7fc49c038db0 msgr2=0x7fc49c03b270 unknown :-1 s=STATE_CONNECTING_RE l=1).process reconnect failed to v2:172.21.15.3:6800/4154111772
2024-04-01T03:11:33.484 INFO:teuthology.orchestra.run.smithi003.stdout:/usr/bin/ceph: stderr
2024-04-01T03:11:32.586+0000 7fc4b27fc700 1 --2- 172.21.15.3:0/982186410 >> [v2:172.21.15.3:6800/4154111772,v1:172.21.15.3:6801/4154111772] conn(0x7fc49c038db0 0x7fc49c03b270 unknown :-1 s=START_CONNECT pgs=0 cs=0 l=1 rev1=0 crypto rx=0 tx=0 comp rx=0 tx=0)._fault waiting 0.200000
2024-04-01T03:11:33.484 INFO:teuthology.orchestra.run.smithi003.stdout:/usr/bin/ceph: stderr
2024-04-01T03:11:32.586+0000 7fc4b9738700 1 -- 172.21.15.3:0/982186410 --> [v2:172.21.15.3:3300/0,v1:172.21.15.3:6789/0] -- mon_command({"prefix": "get_command_descriptions"} v 0) -- 0x7fc4b4063870 con 0x7fc4b41083f0
2024-04-01T03:11:33.484 INFO:teuthology.orchestra.run.smithi003.stdout:/usr/bin/ceph: stderr
2024-04-01T03:11:32.591+0000 7fc49bfff700 1 -- 172.21.15.3:0/982186410 <== mon.0 v2:172.21.15.3:3300/0 6 ==== mon_command_ack([{"prefix": "get_command_descriptions"}]=0 v0) ==== 72+0+184932 (secure 0 0 0) 0x7fc4a4020240 con 0x7fc4b41083f0
2024-04-01T03:11:33.484 INFO:teuthology.orchestra.run.smithi003.stdout:/usr/bin/ceph: stderr
2024-04-01T03:11:32.787+0000 7fc4b27fc700 1 -- 172.21.15.3:0/982186410 >> [v2:172.21.15.3:6800/4154111772,v1:172.21.15.3:6801/4154111772] conn(0x7fc49c038db0 msgr2=0x7fc49c03b270 unknown :-1 s=STATE_CONNECTING_RE l=1).process reconnect failed to v2:172.21.15.3:6800/4154111772
2024-04-01T03:11:33.484 INFO:teuthology.orchestra.run.smithi003.stdout:/usr/bin/ceph: stderr
2024-04-01T03:11:32.787+0000 7fc4b27fc700 1 --2- 172.21.15.3:0/982186410 >> [v2:172.21.15.3:6800/4154111772,v1:172.21.15.3:6801/4154111772] conn(0x7fc49c038db0 0x7fc49c03b270 unknown :-1 s=START_CONNECT pgs=0 cs=0 l=1 rev1=0 crypto rx=0 tx=0 comp rx=0 tx=0)._fault waiting 0.400000
2024-04-01T03:11:33.484 INFO:teuthology.orchestra.run.smithi003.stdout:/usr/bin/ceph: stderr
2024-04-01T03:11:32.872+0000 7fc4b9738700 1 -- 172.21.15.3:0/982186410 --> [v2:172.21.15.3:3300/0,v1:172.21.15.3:6789/0] -- mon_command({"prefix": "mgr stat"} v 0) -- 0x7fc4b4106f90 con 0x7fc4b41083f0
2024-04-01T03:11:33.485 INFO:teuthology.orchestra.run.smithi003.stdout:/usr/bin/ceph: stderr
2024-04-01T03:11:32.872+0000 7fc49bfff700 1 -- 172.21.15.3:0/982186410 <== mon.0 v2:172.21.15.3:3300/0 7 ==== mon_command_ack([{"prefix": "mgr stat"}]=0 v5) ==== 56+0+88 (secure 0 0 0) 0x7fc4a4029d50 con 0x7fc4b41083f0
2024-04-01T03:11:33.485 INFO:teuthology.orchestra.run.smithi003.stdout:/usr/bin/ceph: stderr
2024-04-01T03:11:32.874+0000 7fc4b9738700 1 -- 172.21.15.3:0/982186410 >> [v2:172.21.15.3:6800/4154111772,v1:172.21.15.3:6801/4154111772] conn(0x7fc49c038db0 msgr2=0x7fc49c03b270 unknown :-1 s=STATE_CONNECTING l=1).mark_down
2024-04-01T03:11:33.485 INFO:teuthology.orchestra.run.smithi003.stdout:/usr/bin/ceph: stderr
2024-04-01T03:11:32.874+0000 7fc4b9738700 1 --2- 172.21.15.3:0/982186410 >> [v2:172.21.15.3:6800/4154111772,v1:172.21.15.3:6801/4154111772] conn(0x7fc49c038db0 0x7fc49c03b270 unknown :-1 s=START_CONNECT pgs=0 cs=0 l=1 rev1=0 crypto rx=0 tx=0 comp rx=0 tx=0).stop
2024-04-01T03:11:33.485 INFO:teuthology.orchestra.run.smithi003.stdout:/usr/bin/ceph: stderr
2024-04-01T03:11:32.874+0000 7fc4b9738700 1 -- 172.21.15.3:0/982186410 >> [v2:172.21.15.3:3300/0,v1:172.21.15.3:6789/0] conn(0x7fc4b41083f0 msgr2=0x7fc4b4107c70 secure :-1 s=STATE_CONNECTION_ESTABLISHED l=1).mark_down
2024-04-01T03:11:33.485 INFO:teuthology.orchestra.run.smithi003.stdout:/usr/bin/ceph: stderr
2024-04-01T03:11:32.874+0000 7fc4b9738700 1 --2- 172.21.15.3:0/982186410 >> [v2:172.21.15.3:3300/0,v1:172.21.15.3:6789/0] conn(0x7fc4b41083f0 0x7fc4b4107c70 secure :-1 s=READY pgs=25 cs=0 l=1 rev1=1 crypto rx=0x7fc4a4006af0 tx=0x7fc4a4011c40 comp rx=0 tx=0).stop
2024-04-01T03:11:33.485 INFO:teuthology.orchestra.run.smithi003.stdout:/usr/bin/ceph: stderr
2024-04-01T03:11:32.874+0000 7fc4b9738700 1 -- 172.21.15.3:0/982186410 shutdown_connections
2024-04-01T03:11:33.485 INFO:teuthology.orchestra.run.smithi003.stdout:/usr/bin/ceph: stderr
