2024-04-01T03:14:44.909+0000 7f8d906c4700 1 -- --> [v2:172.21.15.98:3300/0,v1:172.21.15.98:6789/0] -- mon_getmap magic: 0 -- 0x7f8d8810c3a0 con 0x7f8d88107f30
2024-04-01T03:14:49.893 INFO:teuthology.orchestra.run.smithi098.stdout:/usr/bin/ceph: stderr
2024-04-01T03:14:44.909+0000 7f8d8e460700 1 --2- >> [v2:172.21.15.98:3300/0,v1:172.21.15.98:6789/0] conn(0x7f8d88107f30 0x7f8d8807db80 unknown :-1 s=BANNER_CONNECTING pgs=0 cs=0 l=1 rev1=0 crypto rx=0 tx=0 comp rx=0 tx=0)._handle_peer_banner_payload supported=3 required=0
2024-04-01T03:14:49.893 INFO:teuthology.orchestra.run.smithi098.stdout:/usr/bin/ceph: stderr
2024-04-01T03:14:44.909+0000 7f8d8e460700 1 --2- >> [v2:172.21.15.98:3300/0,v1:172.21.15.98:6789/0] conn(0x7f8d88107f30 0x7f8d8807db80 unknown :-1 s=HELLO_CONNECTING pgs=0 cs=0 l=1 rev1=1 crypto rx=0 tx=0 comp rx=0 tx=0).handle_hello peer v2:172.21.15.98:3300/0 says I am v2:172.21.15.98:46968/0 (socket says 172.21.15.98:46968)
2024-04-01T03:14:49.893 INFO:teuthology.orchestra.run.smithi098.stdout:/usr/bin/ceph: stderr
2024-04-01T03:14:44.909+0000 7f8d8e460700 1 -- 172.21.15.98:0/2457036025 learned_addr learned my addr 172.21.15.98:0/2457036025 (peer_addr_for_me v2:172.21.15.98:0/0)
2024-04-01T03:14:49.893 INFO:teuthology.orchestra.run.smithi098.stdout:/usr/bin/ceph: stderr
2024-04-01T03:14:44.909+0000 7f8d8e460700 1 -- 172.21.15.98:0/2457036025 --> [v2:172.21.15.98:3300/0,v1:172.21.15.98:6789/0] -- mon_subscribe({config=0+,monmap=0+}) -- 0x7f8d8807e0c0 con 0x7f8d88107f30
2024-04-01T03:14:49.893 INFO:teuthology.orchestra.run.smithi098.stdout:/usr/bin/ceph: stderr
2024-04-01T03:14:44.909+0000 7f8d8e460700 1 --2- 172.21.15.98:0/2457036025 >> [v2:172.21.15.98:3300/0,v1:172.21.15.98:6789/0] conn(0x7f8d88107f30 0x7f8d8807db80 secure :-1 s=READY pgs=46 cs=0 l=1 rev1=1 crypto rx=0x7f8d78000c00 tx=0x7f8d78003980 comp rx=0 tx=0).ready entity=mon.0 client_cookie=0 server_cookie=0 in_seq=0 out_seq=0
2024-04-01T03:14:49.894 INFO:teuthology.orchestra.run.smithi098.stdout:/usr/bin/ceph: stderr
2024-04-01T03:14:44.909+0000 7f8d7f7fe700 1 -- 172.21.15.98:0/2457036025 <== mon.0 v2:172.21.15.98:3300/0 1 ==== mon_map magic: 0 ==== 205+0+0 (secure 0 0 0) 0x7f8d78003de0 con 0x7f8d88107f30
2024-04-01T03:14:49.894 INFO:teuthology.orchestra.run.smithi098.stdout:/usr/bin/ceph: stderr
2024-04-01T03:14:44.909+0000 7f8d7f7fe700 1 -- 172.21.15.98:0/2457036025 <== mon.0 v2:172.21.15.98:3300/0 2 ==== config(29 keys) ==== 1178+0+0 (secure 0 0 0) 0x7f8d78003f80 con 0x7f8d88107f30
2024-04-01T03:14:49.894 INFO:teuthology.orchestra.run.smithi098.stdout:/usr/bin/ceph: stderr
2024-04-01T03:14:44.909+0000 7f8d906c4700 1 -- 172.21.15.98:0/2457036025 --> [v2:172.21.15.98:3300/0,v1:172.21.15.98:6789/0] -- mon_subscribe({mgrmap=0+}) -- 0x7f8d8807c2b0 con 0x7f8d88107f30
2024-04-01T03:14:49.894 INFO:teuthology.orchestra.run.smithi098.stdout:/usr/bin/ceph: stderr
2024-04-01T03:14:44.909+0000 7f8d7f7fe700 1 -- 172.21.15.98:0/2457036025 <== mon.0 v2:172.21.15.98:3300/0 3 ==== mon_map magic: 0 ==== 205+0+0 (secure 0 0 0) 0x7f8d78024830 con 0x7f8d88107f30
2024-04-01T03:14:49.894 INFO:teuthology.orchestra.run.smithi098.stdout:/usr/bin/ceph: stderr
2024-04-01T03:14:44.910+0000 7f8d906c4700 1 -- 172.21.15.98:0/2457036025 --> [v2:172.21.15.98:3300/0,v1:172.21.15.98:6789/0] -- mon_subscribe({osdmap=0}) -- 0x7f8d8807c7f0 con 0x7f8d88107f30
2024-04-01T03:14:49.894 INFO:teuthology.orchestra.run.smithi098.stdout:/usr/bin/ceph: stderr
2024-04-01T03:14:44.910+0000 7f8d7f7fe700 1 -- 172.21.15.98:0/2457036025 <== mon.0 v2:172.21.15.98:3300/0 4 ==== mgrmap(e 8) ==== 46116+0+0 (secure 0 0 0) 0x7f8d78022020 con 0x7f8d88107f30
2024-04-01T03:14:49.894 INFO:teuthology.orchestra.run.smithi098.stdout:/usr/bin/ceph: stderr
2024-04-01T03:14:44.911+0000 7f8d906c4700 1 -- 172.21.15.98:0/2457036025 --> [v2:172.21.15.98:3300/0,v1:172.21.15.98:6789/0] -- mon_command({"prefix": "get_command_descriptions"} v 0) -- 0x7f8d88063870 con 0x7f8d88107f30
2024-04-01T03:14:49.894 INFO:teuthology.orchestra.run.smithi098.stdout:/usr/bin/ceph: stderr
2024-04-01T03:14:44.911+0000 7f8d7f7fe700 1 --2- 172.21.15.98:0/2457036025 >> [v2:172.21.15.98:6800/3344678342,v1:172.21.15.98:6801/3344678342] conn(0x7f8d74038e00 0x7f8d7403b2c0 unknown :-1 s=NONE pgs=0 cs=0 l=1 rev1=0 crypto rx=0 tx=0 comp rx=0 tx=0).connect
2024-04-01T03:14:49.894 INFO:teuthology.orchestra.run.smithi098.stdout:/usr/bin/ceph: stderr
2024-04-01T03:14:44.911+0000 7f8d7f7fe700 1 -- 172.21.15.98:0/2457036025 <== mon.0 v2:172.21.15.98:3300/0 5 ==== osd_map(2..2 src has 1..2) ==== 940+0+0 (secure 0 0 0) 0x7f8d7804ce30 con 0x7f8d88107f30
2024-04-01T03:14:49.894 INFO:teuthology.orchestra.run.smithi098.stdout:/usr/bin/ceph: stderr
2024-04-01T03:14:44.911+0000 7f8d8dc5f700 1 --2- 172.21.15.98:0/2457036025 >> [v2:172.21.15.98:6800/3344678342,v1:172.21.15.98:6801/3344678342] conn(0x7f8d74038e00 0x7f8d7403b2c0 unknown :-1 s=BANNER_CONNECTING pgs=0 cs=0 l=1 rev1=0 crypto rx=0 tx=0 comp rx=0 tx=0)._handle_peer_banner_payload supported=3 required=0
2024-04-01T03:14:49.894 INFO:teuthology.orchestra.run.smithi098.stdout:/usr/bin/ceph: stderr
2024-04-01T03:14:44.911+0000 7f8d8dc5f700 1 --2- 172.21.15.98:0/2457036025 >> [v2:172.21.15.98:6800/3344678342,v1:172.21.15.98:6801/3344678342] conn(0x7f8d74038e00 0x7f8d7403b2c0 secure :-1 s=READY pgs=11 cs=0 l=1 rev1=1 crypto rx=0x7f8d84006fd0 tx=0x7f8d84006e40 comp rx=0 tx=0).ready entity=mgr.14120 client_cookie=0 server_cookie=0 in_seq=0 out_seq=0
2024-04-01T03:14:49.894 INFO:teuthology.orchestra.run.smithi098.stdout:/usr/bin/ceph: stderr
2024-04-01T03:14:44.916+0000 7f8d7f7fe700 1 -- 172.21.15.98:0/2457036025 <== mon.0 v2:172.21.15.98:3300/0 6 ==== mon_command_ack([{"prefix": "get_command_descriptions"}]=0 v0) ==== 72+0+184932 (secure 0 0 0) 0x7f8d780172b0 con 0x7f8d88107f30
2024-04-01T03:14:49.894 INFO:teuthology.orchestra.run.smithi098.stdout:/usr/bin/ceph: stderr
2024-04-01T03:14:45.122+0000 7f8d906c4700 1 -- 172.21.15.98:0/2457036025 --> [v2:172.21.15.98:6800/3344678342,v1:172.21.15.98:6801/3344678342] -- mgr_command(tid 0: {"prefix": "orch host add", "hostname": "smithi098", "addr": "172.21.15.98", "target": ["mon-mgr", ""]}) -- 0x7f8d88104790 con 0x7f8d74038e00
2024-04-01T03:14:49.895 INFO:teuthology.orchestra.run.smithi098.stdout:/usr/bin/ceph: stderr
2024-04-01T03:14:49.295+0000 7f8d7f7fe700 1 -- 172.21.15.98:0/2457036025 <== mgr.14120 v2:172.21.15.98:6800/3344678342 1 ==== mgr_command_reply(tid 0: 0 ) ==== 8+0+48 (secure 0 0 0) 0x7f8d88104790 con 0x7f8d74038e00
2024-04-01T03:14:49.895 INFO:teuthology.orchestra.run.smithi098.stdout:/usr/bin/ceph: stderr
2024-04-01T03:14:49.297+0000 7f8d906c4700 1 -- 172.21.15.98:0/2457036025 >> [v2:172.21.15.98:6800/3344678342,v1:172.21.15.98:6801/3344678342] conn(0x7f8d74038e00 msgr2=0x7f8d7403b2c0 secure :-1 s=STATE_CONNECTION_ESTABLISHED l=1).mark_down
2024-04-01T03:14:49.895 INFO:teuthology.orchestra.run.smithi098.stdout:/usr/bin/ceph: stderr
2024-04-01T03:14:49.297+0000 7f8d906c4700 1 --2- 172.21.15.98:0/2457036025 >> [v2:172.21.15.98:6800/3344678342,v1:172.21.15.98:6801/3344678342] conn(0x7f8d74038e00 0x7f8d7403b2c0 secure :-1 s=READY pgs=11 cs=0 l=1 rev1=1 crypto rx=0x7f8d84006fd0 tx=0x7f8d84006e40 comp rx=0 tx=0).stop
2024-04-01T03:14:49.895 INFO:teuthology.orchestra.run.smithi098.stdout:/usr/bin/ceph: stderr
2024-04-01T03:14:49.297+0000 7f8d906c4700 1 -- 172.21.15.98:0/2457036025 >> [v2:172.21.15.98:3300/0,v1:172.21.15.98:6789/0] conn(0x7f8d88107f30 msgr2=0x7f8d8807db80 secure :-1 s=STATE_CONNECTION_ESTABLISHED l=1).mark_down
2024-04-01T03:14:49.895 INFO:teuthology.orchestra.run.smithi098.stdout:/usr/bin/ceph: stderr
2024-04-01T03:14:49.297+0000 7f8d906c4700 1 --2- 172.21.15.98:0/2457036025 >> [v2:172.21.15.98:3300/0,v1:172.21.15.98:6789/0] conn(0x7f8d88107f30 0x7f8d8807db80 secure :-1 s=READY pgs=46 cs=0 l=1 rev1=1 crypto rx=0x7f8d78000c00 tx=0x7f8d78003980 comp rx=0 tx=0).stop
2024-04-01T03:14:49.895 INFO:teuthology.orchestra.run.smithi098.stdout:/usr/bin/ceph: stderr
2024-04-01T03:14:49.298+0000 7f8d906c4700 1 -- 172.21.15.98:0/2457036025 shutdown_connections
2024-04-01T03:14:49.895 INFO:teuthology.orchestra.run.smithi098.stdout:/usr/bin/ceph: stderr
2024-04-01T03:14:49.298+0000 7f8d906c4700 1 --2- 172.21.15.98:0/2457036025 >> [v2:172.21.15.98:6800/3344678342,v1:172.21.15.98:6801/3344678342] conn(0x7f8d74038e00 0x7f8d7403b2c0 unknown :-1 s=CLOSED pgs=11 cs=0 l=1 rev1=1 crypto rx=0 tx=0 comp rx=0 tx=0).stop
2024-04-01T03:14:49.895 INFO:teuthology.orchestra.run.smithi098.stdout:/usr/bin/ceph: stderr
2024-04-01T03:14:49.298+0000 7f8d906c4700 1 --2- 172.21.15.98:0/2457036025 >> [v2:172.21.15.98:3300/0,v1:172.21.15.98:6789/0] conn(0x7f8d88107f30 0x7f8d8807db80 unknown :-1 s=CLOSED pgs=46 cs=0 l=1 rev1=1 crypto rx=0 tx=0 comp rx=0 tx=0).stop
2024-04-01T03:14:49.895 INFO:teuthology.orchestra.run.smithi098.stdout:/usr/bin/ceph: stderr
2024-04-01T03:14:49.298+0000 7f8d906c4700 1 -- 172.21.15.98:0/2457036025 >> 172.21.15.98:0/2457036025 conn(0x7f8d88103570 msgr2=0x7f8d88104080 unknown :-1 s=STATE_NONE l=0).mark_down
2024-04-01T03:14:49.895 INFO:teuthology.orchestra.run.smithi098.stdout:/usr/bin/ceph: stderr
2024-04-01T03:14:49.298+0000 7f8d906c4700 1 -- 172.21.15.98:0/2457036025 shutdown_connections
2024-04-01T03:14:49.895 INFO:teuthology.orchestra.run.smithi098.stdout:/usr/bin/ceph: stderr
2024-04-01T03:14:49.298+0000 7f8d906c4700 1 -- 172.21.15.98:0/2457036025 wait complete.
2024-04-01T03:14:49.895 INFO:teuthology.orchestra.run.smithi098.stdout:Deploying unmanaged mon service...
2024-04-01T03:14:50.457 INFO:journalctl@ceph.mon.a.smithi098.stdout:Apr 01 03:14:50 smithi098 ceph-mon[31941]: from='mgr.14120 172.21.15.98:0/3891442506' entity='mgr.x'
2024-04-01T03:14:50.457 INFO:journalctl@ceph.mon.a.smithi098.stdout:Apr 01 03:14:50 smithi098 ceph-mon[31941]: Added host smithi098
2024-04-01T03:14:50.457 INFO:journalctl@ceph.mon.a.smithi098.stdout:Apr 01 03:14:50 smithi098 ceph-mon[31941]: from='mgr.14120 172.21.15.98:0/3891442506' entity='mgr.x' cmd=[{"prefix": "config dump", "format": "json"}]: dispatch
2024-04-01T03:14:51.892 INFO:journalctl@ceph.mon.a.smithi098.stdout:Apr 01 03:14:51 smithi098 ceph-mon[31941]: from='client.14142 -' entity='client.admin' cmd=[{"prefix": "orch apply", "service_type": "mon", "unmanaged": true, "target": ["mon-mgr", ""]}]: dispatch
2024-04-01T03:14:51.893 INFO:journalctl@ceph.mon.a.smithi098.stdout:Apr 01 03:14:51 smithi098 ceph-mon[31941]: Saving service mon spec with placement count:5
2024-04-01T03:14:51.893 INFO:journalctl@ceph.mon.a.smithi098.stdout:Apr 01 03:14:51 smithi098 ceph-mon[31941]: from='mgr.14120 172.21.15.98:0/3891442506' entity='mgr.x'
2024-04-01T03:14:52.292 INFO:teuthology.orchestra.run.smithi098.stdout:/usr/bin/ceph: stdout Scheduled mon update...
2024-04-01T03:14:52.292 INFO:teuthology.orchestra.run.smithi098.stdout:/usr/bin/ceph: stderr
2024-04-01T03:14:50.399+0000 7fa618e6b700 1 Processor -- start
2024-04-01T03:14:52.292 INFO:teuthology.orchestra.run.smithi098.stdout:/usr/bin/ceph: stderr
2024-04-01T03:14:50.399+0000 7fa618e6b700 1 -- start start
2024-04-01T03:14:52.292 INFO:teuthology.orchestra.run.smithi098.stdout:/usr/bin/ceph: stderr
2024-04-01T03:14:50.399+0000 7fa618e6b700 1 --2- >> [v2:172.21.15.98:3300/0,v1:172.21.15.98:6789/0] conn(0x7fa614106200 0x7fa614106620 unknown :-1 s=NONE pgs=0 cs=0 l=0 rev1=0 crypto rx=0 tx=0 comp rx=0 tx=0).connect
2024-04-01T03:14:52.292 INFO:teuthology.orchestra.run.smithi098.stdout:/usr/bin/ceph: stderr
2024-04-01T03:14:50.399+0000 7fa618e6b700 1 -- --> [v2:172.21.15.98:3300/0,v1:172.21.15.98:6789/0] -- mon_getmap magic: 0 -- 0x7fa614106bf0 con 0x7fa614106200
2024-04-01T03:14:52.292 INFO:teuthology.orchestra.run.smithi098.stdout:/usr/bin/ceph: stderr
2024-04-01T03:14:50.399+0000 7fa61259c700 1 --2- >> [v2:172.21.15.98:3300/0,v1:172.21.15.98:6789/0] conn(0x7fa614106200 0x7fa614106620 unknown :-1 s=BANNER_CONNECTING pgs=0 cs=0 l=0 rev1=0 crypto rx=0 tx=0 comp rx=0 tx=0)._handle_peer_banner_payload supported=3 required=0
2024-04-01T03:14:52.292 INFO:teuthology.orchestra.run.smithi098.stdout:/usr/bin/ceph: stderr
2024-04-01T03:14:50.399+0000 7fa61259c700 1 --2- >> [v2:172.21.15.98:3300/0,v1:172.21.15.98:6789/0] conn(0x7fa614106200 0x7fa614106620 unknown :-1 s=HELLO_CONNECTING pgs=0 cs=0 l=0 rev1=1 crypto rx=0 tx=0 comp rx=0 tx=0).handle_hello peer v2:172.21.15.98:3300/0 says I am v2:172.21.15.98:52574/0 (socket says 172.21.15.98:52574)
2024-04-01T03:14:52.293 INFO:teuthology.orchestra.run.smithi098.stdout:/usr/bin/ceph: stderr
2024-04-01T03:14:50.399+0000 7fa61259c700 1 -- 172.21.15.98:0/872865210 learned_addr learned my addr 172.21.15.98:0/872865210 (peer_addr_for_me v2:172.21.15.98:0/0)
2024-04-01T03:14:52.293 INFO:teuthology.orchestra.run.smithi098.stdout:/usr/bin/ceph: stderr
2024-04-01T03:14:50.399+0000 7fa61259c700 1 -- 172.21.15.98:0/872865210 --> [v2:172.21.15.98:3300/0,v1:172.21.15.98:6789/0] -- mon_subscribe({config=0+,monmap=0+}) -- 0x7fa614109230 con 0x7fa614106200
2024-04-01T03:14:52.293 INFO:teuthology.orchestra.run.smithi098.stdout:/usr/bin/ceph: stderr
2024-04-01T03:14:50.400+0000 7fa61259c700 1 --2- 172.21.15.98:0/872865210 >> [v2:172.21.15.98:3300/0,v1:172.21.15.98:6789/0] conn(0x7fa614106200 0x7fa614106620 secure :-1 s=READY pgs=47 cs=0 l=1 rev1=1 crypto rx=0x7fa6040098a0 tx=0x7fa604009bb0 comp rx=0 tx=0).ready entity=mon.0 client_cookie=928c19da0dbc68e1 server_cookie=0 in_seq=0 out_seq=0
2024-04-01T03:14:52.293 INFO:teuthology.orchestra.run.smithi098.stdout:/usr/bin/ceph: stderr
2024-04-01T03:14:50.400+0000 7fa61159a700 1 -- 172.21.15.98:0/872865210 <== mon.0 v2:172.21.15.98:3300/0 1 ==== mon_map magic: 0 ==== 205+0+0 (secure 0 0 0) 0x7fa604004160 con 0x7fa614106200
2024-04-01T03:14:52.293 INFO:teuthology.orchestra.run.smithi098.stdout:/usr/bin/ceph: stderr
2024-04-01T03:14:50.400+0000 7fa61159a700 1 -- 172.21.15.98:0/872865210 <== mon.0 v2:172.21.15.98:3300/0 2 ==== config(29 keys) ==== 1178+0+0 (secure 0 0 0) 0x7fa604004300 con 0x7fa614106200
2024-04-01T03:14:52.293 INFO:teuthology.orchestra.run.smithi098.stdout:/usr/bin/ceph: stderr
2024-04-01T03:14:50.400+0000 7fa61159a700 1 -- 172.21.15.98:0/872865210 <== mon.0 v2:172.21.15.98:3300/0 3 ==== mon_map magic: 0 ==== 205+0+0 (secure 0 0 0) 0x7fa604011cc0 con 0x7fa614106200
2024-04-01T03:14:52.293 INFO:teuthology.orchestra.run.smithi098.stdout:/usr/bin/ceph: stderr
2024-04-01T03:14:50.400+0000 7fa618e6b700 1 -- 172.21.15.98:0/872865210 >> [v2:172.21.15.98:3300/0,v1:172.21.15.98:6789/0] conn(0x7fa614106200 msgr2=0x7fa614106620 secure :-1 s=STATE_CONNECTION_ESTABLISHED l=1).mark_down
2024-04-01T03:14:52.293 INFO:teuthology.orchestra.run.smithi098.stdout:/usr/bin/ceph: stderr
2024-04-01T03:14:50.400+0000 7fa618e6b700 1 --2- 172.21.15.98:0/872865210 >> [v2:172.21.15.98:3300/0,v1:172.21.15.98:6789/0] conn(0x7fa614106200 0x7fa614106620 secure :-1 s=READY pgs=47 cs=0 l=1 rev1=1 crypto rx=0x7fa6040098a0 tx=0x7fa604009bb0 comp rx=0 tx=0).stop
2024-04-01T03:14:52.293 INFO:teuthology.orchestra.run.smithi098.stdout:/usr/bin/ceph: stderr
2024-04-01T03:14:50.400+0000 7fa618e6b700 1 -- 172.21.15.98:0/872865210 shutdown_connections
2024-04-01T03:14:52.293 INFO:teuthology.orchestra.run.smithi098.stdout:/usr/bin/ceph: stderr
2024-04-01T03:14:50.400+0000 7fa618e6b700 1 --2- 172.21.15.98:0/872865210 >> [v2:172.21.15.98:3300/0,v1:172.21.15.98:6789/0] conn(0x7fa614106200 0x7fa614106620 unknown :-1 s=CLOSED pgs=47 cs=0 l=1 rev1=1 crypto rx=0 tx=0 comp rx=0 tx=0).stop
2024-04-01T03:14:52.293 INFO:teuthology.orchestra.run.smithi098.stdout:/usr/bin/ceph: stderr
2024-04-01T03:14:50.400+0000 7fa618e6b700 1 -- 172.21.15.98:0/872865210 >> 172.21.15.98:0/872865210 conn(0x7fa614101bd0 msgr2=0x7fa614103ff0 unknown :-1 s=STATE_NONE l=0).mark_down
2024-04-01T03:14:52.293 INFO:teuthology.orchestra.run.smithi098.stdout:/usr/bin/ceph: stderr
2024-04-01T03:14:50.400+0000 7fa618e6b700 1 -- 172.21.15.98:0/872865210 shutdown_connections
2024-04-01T03:14:52.293 INFO:teuthology.orchestra.run.smithi098.stdout:/usr/bin/ceph: stderr
2024-04-01T03:14:50.400+0000 7fa618e6b700 1 -- 172.21.15.98:0/872865210 wait complete.
2024-04-01T03:14:52.294 INFO:teuthology.orchestra.run.smithi098.stdout:/usr/bin/ceph: stderr
2024-04-01T03:14:50.401+0000 7fa618e6b700 1 Processor -- start
2024-04-01T03:14:52.294 INFO:teuthology.orchestra.run.smithi098.stdout:/usr/bin/ceph: stderr
2024-04-01T03:14:50.401+0000 7fa618e6b700 1 -- start start
2024-04-01T03:14:52.294 INFO:teuthology.orchestra.run.smithi098.stdout:/usr/bin/ceph: stderr
2024-04-01T03:14:50.401+0000 7fa618e6b700 1 --2- >> [v2:172.21.15.98:3300/0,v1:172.21.15.98:6789/0] conn(0x7fa614106200 0x7fa614108ab0 unknown :-1 s=NONE pgs=0 cs=0 l=1 rev1=0 crypto rx=0 tx=0 comp rx=0 tx=0).connect
2024-04-01T03:14:52.294 INFO:teuthology.orchestra.run.smithi098.stdout:/usr/bin/ceph: stderr
2024-04-01T03:14:50.401+0000 7fa618e6b700 1 -- --> [v2:172.21.15.98:3300/0,v1:172.21.15.98:6789/0] -- mon_getmap magic: 0 -- 0x7fa61410c460 con 0x7fa614106200
2024-04-01T03:14:52.294 INFO:teuthology.orchestra.run.smithi098.stdout:/usr/bin/ceph: stderr
2024-04-01T03:14:50.401+0000 7fa61259c700 1 --2- >> [v2:172.21.15.98:3300/0,v1:172.21.15.98:6789/0] conn(0x7fa614106200 0x7fa614108ab0 unknown :-1 s=BANNER_CONNECTING pgs=0 cs=0 l=1 rev1=0 crypto rx=0 tx=0 comp rx=0 tx=0)._handle_peer_banner_payload supported=3 required=0
2024-04-01T03:14:52.294 INFO:teuthology.orchestra.run.smithi098.stdout:/usr/bin/ceph: stderr
2024-04-01T03:14:50.401+0000 7fa61259c700 1 --2- >> [v2:172.21.15.98:3300/0,v1:172.21.15.98:6789/0] conn(0x7fa614106200 0x7fa614108ab0 unknown :-1 s=HELLO_CONNECTING pgs=0 cs=0 l=1 rev1=1 crypto rx=0 tx=0 comp rx=0 tx=0).handle_hello peer v2:172.21.15.98:3300/0 says I am v2:172.21.15.98:52584/0 (socket says 172.21.15.98:52584)
2024-04-01T03:14:52.294 INFO:teuthology.orchestra.run.smithi098.stdout:/usr/bin/ceph: stderr
2024-04-01T03:14:50.401+0000 7fa61259c700 1 -- 172.21.15.98:0/1409631526 learned_addr learned my addr 172.21.15.98:0/1409631526 (peer_addr_for_me v2:172.21.15.98:0/0)
2024-04-01T03:14:52.294 INFO:teuthology.orchestra.run.smithi098.stdout:/usr/bin/ceph: stderr
2024-04-01T03:14:50.402+0000 7fa61259c700 1 -- 172.21.15.98:0/1409631526 --> [v2:172.21.15.98:3300/0,v1:172.21.15.98:6789/0] -- mon_subscribe({config=0+,monmap=0+}) -- 0x7fa614108ff0 con 0x7fa614106200
2024-04-01T03:14:52.294 INFO:teuthology.orchestra.run.smithi098.stdout:/usr/bin/ceph: stderr
2024-04-01T03:14:50.402+0000 7fa61259c700 1 --2- 172.21.15.98:0/1409631526 >> [v2:172.21.15.98:3300/0,v1:172.21.15.98:6789/0] conn(0x7fa614106200 0x7fa614108ab0 secure :-1 s=READY pgs=48 cs=0 l=1 rev1=1 crypto rx=0x7fa604009fb0 tx=0x7fa604003980 comp rx=0 tx=0).ready entity=mon.0 client_cookie=0 server_cookie=0 in_seq=0 out_seq=0
2024-04-01T03:14:52.294 INFO:teuthology.orchestra.run.smithi098.stdout:/usr/bin/ceph: stderr
2024-04-01T03:14:50.402+0000 7fa6037fe700 1 -- 172.21.15.98:0/1409631526 <== mon.0 v2:172.21.15.98:3300/0 1 ==== mon_map magic: 0 ==== 205+0+0 (secure 0 0 0) 0x7fa604011dd0 con 0x7fa614106200
2024-04-01T03:14:52.294 INFO:teuthology.orchestra.run.smithi098.stdout:/usr/bin/ceph: stderr
2024-04-01T03:14:50.402+0000 7fa618e6b700 1 -- 172.21.15.98:0/1409631526 --> [v2:172.21.15.98:3300/0,v1:172.21.15.98:6789/0] -- mon_subscribe({mgrmap=0+}) -- 0x7fa6141071e0 con 0x7fa614106200
2024-04-01T03:14:52.294 INFO:teuthology.orchestra.run.smithi098.stdout:/usr/bin/ceph: stderr
2024-04-01T03:14:50.402+0000 7fa6037fe700 1 -- 172.21.15.98:0/1409631526 <== mon.0 v2:172.21.15.98:3300/0 2 ==== config(29 keys) ==== 1178+0+0 (secure 0 0 0) 0x7fa60401a430 con 0x7fa614106200
2024-04-01T03:14:52.294 INFO:teuthology.orchestra.run.smithi098.stdout:/usr/bin/ceph: stderr
2024-04-01T03:14:50.402+0000 7fa6037fe700 1 -- 172.21.15.98:0/1409631526 <== mon.0 v2:172.21.15.98:3300/0 3 ==== mon_map magic: 0 ==== 205+0+0 (secure 0 0 0) 0x7fa604019610 con 0x7fa614106200
2024-04-01T03:14:52.295 INFO:teuthology.orchestra.run.smithi098.stdout:/usr/bin/ceph: stderr
2024-04-01T03:14:50.402+0000 7fa618e6b700 1 -- 172.21.15.98:0/1409631526 --> [v2:172.21.15.98:3300/0,v1:172.21.15.98:6789/0] -- mon_subscribe({osdmap=0}) -- 0x7fa614107720 con 0x7fa614106200
2024-04-01T03:14:52.295 INFO:teuthology.orchestra.run.smithi098.stdout:/usr/bin/ceph: stderr
2024-04-01T03:14:50.403+0000 7fa6037fe700 1 -- 172.21.15.98:0/1409631526 <== mon.0 v2:172.21.15.98:3300/0 4 ==== mgrmap(e 8) ==== 46116+0+0 (secure 0 0 0) 0x7fa604019910 con 0x7fa614106200
2024-04-01T03:14:52.295 INFO:teuthology.orchestra.run.smithi098.stdout:/usr/bin/ceph: stderr
2024-04-01T03:14:50.403+0000 7fa618e6b700 1 -- 172.21.15.98:0/1409631526 --> [v2:172.21.15.98:3300/0,v1:172.21.15.98:6789/0] -- mon_command({"prefix": "get_command_descriptions"} v 0) -- 0x7fa614063870 con 0x7fa614106200
2024-04-01T03:14:52.295 INFO:teuthology.orchestra.run.smithi098.stdout:/usr/bin/ceph: stderr
2024-04-01T03:14:50.403+0000 7fa6037fe700 1 --2- 172.21.15.98:0/1409631526 >> [v2:172.21.15.98:6800/3344678342,v1:172.21.15.98:6801/3344678342] conn(0x7fa5fc038db0 0x7fa5fc03b270 unknown :-1 s=NONE pgs=0 cs=0 l=1 rev1=0 crypto rx=0 tx=0 comp rx=0 tx=0).connect
2024-04-01T03:14:52.295 INFO:teuthology.orchestra.run.smithi098.stdout:/usr/bin/ceph: stderr
2024-04-01T03:14:50.403+0000 7fa6037fe700 1 -- 172.21.15.98:0/1409631526 <== mon.0 v2:172.21.15.98:3300/0 5 ==== osd_map(2..2 src has 1..2) ==== 940+0+0 (secure 0 0 0) 0x7fa60404d0d0 con 0x7fa614106200
2024-04-01T03:14:52.295 INFO:teuthology.orchestra.run.smithi098.stdout:/usr/bin/ceph: stderr
2024-04-01T03:14:50.403+0000 7fa611d9b700 1 --2- 172.21.15.98:0/1409631526 >> [v2:172.21.15.98:6800/3344678342,v1:172.21.15.98:6801/3344678342] conn(0x7fa5fc038db0 0x7fa5fc03b270 unknown :-1 s=BANNER_CONNECTING pgs=0 cs=0 l=1 rev1=0 crypto rx=0 tx=0 comp rx=0 tx=0)._handle_peer_banner_payload supported=3 required=0
2024-04-01T03:14:52.295 INFO:teuthology.orchestra.run.smithi098.stdout:/usr/bin/ceph: stderr
2024-04-01T03:14:50.403+0000 7fa611d9b700 1 --2- 172.21.15.98:0/1409631526 >> [v2:172.21.15.98:6800/3344678342,v1:172.21.15.98:6801/3344678342] conn(0x7fa5fc038db0 0x7fa5fc03b270 secure :-1 s=READY pgs=12 cs=0 l=1 rev1=1 crypto rx=0x7fa608006fd0 tx=0x7fa608006e40 comp rx=0 tx=0).ready entity=mgr.14120 client_cookie=0 server_cookie=0 in_seq=0 out_seq=0
2024-04-01T03:14:52.295 INFO:teuthology.orchestra.run.smithi098.stdout:/usr/bin/ceph: stderr
2024-04-01T03:14:50.408+0000 7fa6037fe700 1 -- 172.21.15.98:0/1409631526 <== mon.0 v2:172.21.15.98:3300/0 6 ==== mon_command_ack([{"prefix": "get_command_descriptions"}]=0 v0) ==== 72+0+184932 (secure 0 0 0) 0x7fa60401a650 con 0x7fa614106200
2024-04-01T03:14:52.295 INFO:teuthology.orchestra.run.smithi098.stdout:/usr/bin/ceph: stderr
2024-04-01T03:14:50.626+0000 7fa618e6b700 1 -- 172.21.15.98:0/1409631526 --> [v2:172.21.15.98:6800/3344678342,v1:172.21.15.98:6801/3344678342] -- mgr_command(tid 0: {"prefix": "orch apply", "service_type": "mon", "unmanaged": true, "target": ["mon-mgr", ""]}) -- 0x7fa614102e40 con 0x7fa5fc038db0
2024-04-01T03:14:52.295 INFO:teuthology.orchestra.run.smithi098.stdout:/usr/bin/ceph: stderr
2024-04-01T03:14:50.631+0000 7fa6037fe700 1 -- 172.21.15.98:0/1409631526 <== mgr.14120 v2:172.21.15.98:6800/3344678342 1 ==== mgr_command_reply(tid 0: 0 ) ==== 8+0+24 (secure 0 0 0) 0x7fa614102e40 con 0x7fa5fc038db0
2024-04-01T03:14:52.295 INFO:teuthology.orchestra.run.smithi098.stdout:/usr/bin/ceph: stderr
2024-04-01T03:14:50.633+0000 7fa618e6b700 1 -- 172.21.15.98:0/1409631526 >> [v2:172.21.15.98:6800/3344678342,v1:172.21.15.98:6801/3344678342] conn(0x7fa5fc038db0 msgr2=0x7fa5fc03b270 secure :-1 s=STATE_CONNECTION_ESTABLISHED l=1).mark_down
2024-04-01T03:14:52.295 INFO:teuthology.orchestra.run.smithi098.stdout:/usr/bin/ceph: stderr
2024-04-01T03:14:50.633+0000 7fa618e6b700 1 --2- 172.21.15.98:0/1409631526 >> [v2:172.21.15.98:6800/3344678342,v1:172.21.15.98:6801/3344678342] conn(0x7fa5fc038db0 0x7fa5fc03b270 secure :-1 s=READY pgs=12 cs=0 l=1 rev1=1 crypto rx=0x7fa608006fd0 tx=0x7fa608006e40 comp rx=0 tx=0).stop
2024-04-01T03:14:52.295 INFO:teuthology.orchestra.run.smithi098.stdout:/usr/bin/ceph: stderr
2024-04-01T03:14:50.633+0000 7fa618e6b700 1 -- 172.21.15.98:0/1409631526 >> [v2:172.21.15.98:3300/0,v1:172.21.15.98:6789/0] conn(0x7fa614106200 msgr2=0x7fa614108ab0 secure :-1 s=STATE_CONNECTION_ESTABLISHED l=1).mark_down
2024-04-01T03:14:52.296 INFO:teuthology.orchestra.run.smithi098.stdout:/usr/bin/ceph: stderr
2024-04-01T03:14:50.633+0000 7fa618e6b700 1 --2- 172.21.15.98:0/1409631526 >> [v2:172.21.15.98:3300/0,v1:172.21.15.98:6789/0] conn(0x7fa614106200 0x7fa614108ab0 secure :-1 s=READY pgs=48 cs=0 l=1 rev1=1 crypto rx=0x7fa604009fb0 tx=0x7fa604003980 comp rx=0 tx=0).stop
2024-04-01T03:14:52.296 INFO:teuthology.orchestra.run.smithi098.stdout:/usr/bin/ceph: stderr
2024-04-01T03:14:50.633+0000 7fa618e6b700 1 -- 172.21.15.98:0/1409631526 shutdown_connections
2024-04-01T03:14:52.296 INFO:teuthology.orchestra.run.smithi098.stdout:/usr/bin/ceph: stderr
2024-04-01T03:14:50.633+0000 7fa618e6b700 1 --2- 172.21.15.98:0/1409631526 >> [v2:172.21.15.98:6800/3344678342,v1:172.21.15.98:6801/3344678342] conn(0x7fa5fc038db0 0x7fa5fc03b270 unknown :-1 s=CLOSED pgs=12 cs=0 l=1 rev1=1 crypto rx=0 tx=0 comp rx=0 tx=0).stop
2024-04-01T03:14:52.296 INFO:teuthology.orchestra.run.smithi098.stdout:/usr/bin/ceph: stderr
2024-04-01T03:14:50.633+0000 7fa618e6b700 1 --2- 172.21.15.98:0/1409631526 >> [v2:172.21.15.98:3300/0,v1:172.21.15.98:6789/0] conn(0x7fa614106200 0x7fa614108ab0 unknown :-1 s=CLOSED pgs=48 cs=0 l=1 rev1=1 crypto rx=0 tx=0 comp rx=0 tx=0).stop
2024-04-01T03:14:52.296 INFO:teuthology.orchestra.run.smithi098.stdout:/usr/bin/ceph: stderr
2024-04-01T03:14:50.633+0000 7fa618e6b700 1 -- 172.21.15.98:0/1409631526 >> 172.21.15.98:0/1409631526 conn(0x7fa614101bd0 msgr2=0x7fa614102730 unknown :-1 s=STATE_NONE l=0).mark_down
2024-04-01T03:14:52.296 INFO:teuthology.orchestra.run.smithi098.stdout:/usr/bin/ceph: stderr
2024-04-01T03:14:50.633+0000 7fa618e6b700 1 -- 172.21.15.98:0/1409631526 shutdown_connections
2024-04-01T03:14:52.296 INFO:teuthology.orchestra.run.smithi098.stdout:/usr/bin/ceph: stderr
2024-04-01T03:14:50.633+0000 7fa618e6b700 1 -- 172.21.15.98:0/1409631526 wait complete.
2024-04-01T03:14:52.296 INFO:teuthology.orchestra.run.smithi098.stdout:Deploying unmanaged mgr service...
2024-04-01T03:14:53.249 INFO:journalctl@ceph.mon.a.smithi098.stdout:Apr 01 03:14:52 smithi098 ceph-mon[31941]: from='mgr.14120 172.21.15.98:0/3891442506' entity='mgr.x'
2024-04-01T03:14:53.249 INFO:journalctl@ceph.mon.a.smithi098.stdout:Apr 01 03:14:52 smithi098 ceph-mon[31941]: from='mgr.14120 172.21.15.98:0/3891442506' entity='mgr.x'
2024-04-01T03:14:53.534 INFO:teuthology.orchestra.run.smithi098.stdout:/usr/bin/ceph: stdout Scheduled mgr update...
2024-04-01T03:14:53.535 INFO:teuthology.orchestra.run.smithi098.stdout:/usr/bin/ceph: stderr
2024-04-01T03:14:52.722+0000 7f47c5343700 1 Processor -- start
2024-04-01T03:14:53.535 INFO:teuthology.orchestra.run.smithi098.stdout:/usr/bin/ceph: stderr
2024-04-01T03:14:52.722+0000 7f47c5343700 1 -- start start
2024-04-01T03:14:53.535 INFO:teuthology.orchestra.run.smithi098.stdout:/usr/bin/ceph: stderr
2024-04-01T03:14:52.723+0000 7f47c5343700 1 --2- >> [v2:172.21.15.98:3300/0,v1:172.21.15.98:6789/0] conn(0x7f47c01089d0 0x7f47c010adc0 unknown :-1 s=NONE pgs=0 cs=0 l=0 rev1=0 crypto rx=0 tx=0 comp rx=0 tx=0).connect
2024-04-01T03:14:53.535 INFO:teuthology.orchestra.run.smithi098.stdout:/usr/bin/ceph: stderr
2024-04-01T03:14:52.723+0000 7f47c5343700 1 -- --> [v2:172.21.15.98:3300/0,v1:172.21.15.98:6789/0] -- mon_getmap magic: 0 -- 0x7f47c007be80 con 0x7f47c01089d0
2024-04-01T03:14:53.535 INFO:teuthology.orchestra.run.smithi098.stdout:/usr/bin/ceph: stderr
2024-04-01T03:14:52.723+0000 7f47beffd700 1 --2- >> [v2:172.21.15.98:3300/0,v1:172.21.15.98:6789/0] conn(0x7f47c01089d0 0x7f47c010adc0 unknown :-1 s=BANNER_CONNECTING pgs=0 cs=0 l=0 rev1=0 crypto rx=0 tx=0 comp rx=0 tx=0)._handle_peer_banner_payload supported=3 required=0
2024-04-01T03:14:53.535 INFO:teuthology.orchestra.run.smithi098.stdout:/usr/bin/ceph: stderr
2024-04-01T03:14:52.723+0000 7f47beffd700 1 --2- >> [v2:172.21.15.98:3300/0,v1:172.21.15.98:6789/0] conn(0x7f47c01089d0 0x7f47c010adc0 unknown :-1 s=HELLO_CONNECTING pgs=0 cs=0 l=0 rev1=1 crypto rx=0 tx=0 comp rx=0 tx=0).handle_hello peer v2:172.21.15.98:3300/0 says I am v2:172.21.15.98:52590/0 (socket says 172.21.15.98:52590)
2024-04-01T03:14:53.535 INFO:teuthology.orchestra.run.smithi098.stdout:/usr/bin/ceph: stderr
2024-04-01T03:14:52.723+0000 7f47beffd700 1 -- 172.21.15.98:0/2993462851 learned_addr learned my addr 172.21.15.98:0/2993462851 (peer_addr_for_me v2:172.21.15.98:0/0)
2024-04-01T03:14:53.535 INFO:teuthology.orchestra.run.smithi098.stdout:/usr/bin/ceph: stderr
2024-04-01T03:14:52.723+0000 7f47beffd700 1 -- 172.21.15.98:0/2993462851 --> [v2:172.21.15.98:3300/0,v1:172.21.15.98:6789/0] -- mon_subscribe({config=0+,monmap=0+}) -- 0x7f47c010b300 con 0x7f47c01089d0
2024-04-01T03:14:53.535 INFO:teuthology.orchestra.run.smithi098.stdout:/usr/bin/ceph: stderr
2024-04-01T03:14:52.723+0000 7f47beffd700 1 --2- 172.21.15.98:0/2993462851 >> [v2:172.21.15.98:3300/0,v1:172.21.15.98:6789/0] conn(0x7f47c01089d0 0x7f47c010adc0 secure :-1 s=READY pgs=49 cs=0 l=1 rev1=1 crypto rx=0x7f47b00098a0 tx=0x7f47b0009bb0 comp rx=0 tx=0).ready entity=mon.0 client_cookie=19ff9dc551a007e9 server_cookie=0 in_seq=0 out_seq=0
2024-04-01T03:14:53.536 INFO:teuthology.orchestra.run.smithi098.stdout:/usr/bin/ceph: stderr
2024-04-01T03:14:52.723+0000 7f47bdffb700 1 -- 172.21.15.98:0/2993462851 <== mon.0 v2:172.21.15.98:3300/0 1 ==== mon_map magic: 0 ==== 205+0+0 (secure 0 0 0) 0x7f47b0004160 con 0x7f47c01089d0
2024-04-01T03:14:53.536 INFO:teuthology.orchestra.run.smithi098.stdout:/usr/bin/ceph: stderr
2024-04-01T03:14:52.723+0000 7f47bdffb700 1 -- 172.21.15.98:0/2993462851 <== mon.0 v2:172.21.15.98:3300/0 2 ==== config(29 keys) ==== 1209+0+0 (secure 0 0 0) 0x7f47b0004300 con 0x7f47c01089d0
2024-04-01T03:14:53.536 INFO:teuthology.orchestra.run.smithi098.stdout:/usr/bin/ceph: stderr
2024-04-01T03:14:52.723+0000 7f47bdffb700 1 -- 172.21.15.98:0/2993462851 <== mon.0 v2:172.21.15.98:3300/0 3 ==== mon_map magic: 0 ==== 205+0+0 (secure 0 0 0) 0x7f47b0011c70 con 0x7f47c01089d0
2024-04-01T03:14:53.536 INFO:teuthology.orchestra.run.smithi098.stdout:/usr/bin/ceph: stderr
2024-04-01T03:14:52.724+0000 7f47c5343700 1 -- 172.21.15.98:0/2993462851 >> [v2:172.21.15.98:3300/0,v1:172.21.15.98:6789/0] conn(0x7f47c01089d0 msgr2=0x7f47c010adc0 secure :-1 s=STATE_CONNECTION_ESTABLISHED l=1).mark_down
2024-04-01T03:14:53.536 INFO:teuthology.orchestra.run.smithi098.stdout:/usr/bin/ceph: stderr
2024-04-01T03:14:52.724+0000 7f47c5343700 1 --2- 172.21.15.98:0/2993462851 >> [v2:172.21.15.98:3300/0,v1:172.21.15.98:6789/0] conn(0x7f47c01089d0 0x7f47c010adc0 secure :-1 s=READY pgs=49 cs=0 l=1 rev1=1 crypto rx=0x7f47b00098a0 tx=0x7f47b0009bb0 comp rx=0 tx=0).stop
2024-04-01T03:14:53.536 INFO:teuthology.orchestra.run.smithi098.stdout:/usr/bin/ceph: stderr
2024-04-01T03:14:52.724+0000 7f47c5343700 1 -- 172.21.15.98:0/2993462851 shutdown_connections
2024-04-01T03:14:53.536 INFO:teuthology.orchestra.run.smithi098.stdout:/usr/bin/ceph: stderr
2024-04-01T03:14:52.724+0000 7f47c5343700 1 --2- 172.21.15.98:0/2993462851 >> [v2:172.21.15.98:3300/0,v1:172.21.15.98:6789/0] conn(0x7f47c01089d0 0x7f47c010adc0 unknown :-1 s=CLOSED pgs=49 cs=0 l=1 rev1=1 crypto rx=0 tx=0 comp rx=0 tx=0).stop
2024-04-01T03:14:53.536 INFO:teuthology.orchestra.run.smithi098.stdout:/usr/bin/ceph: stderr
2024-04-01T03:14:52.724+0000 7f47c5343700 1 -- 172.21.15.98:0/2993462851 >> 172.21.15.98:0/2993462851 conn(0x7f47c01023c0 msgr2=0x7f47c0104800 unknown :-1 s=STATE_NONE l=0).mark_down
2024-04-01T03:14:53.536 INFO:teuthology.orchestra.run.smithi098.stdout:/usr/bin/ceph: stderr
2024-04-01T03:14:52.724+0000 7f47c5343700 1 -- 172.21.15.98:0/2993462851 shutdown_connections
2024-04-01T03:14:53.536 INFO:teuthology.orchestra.run.smithi098.stdout:/usr/bin/ceph: stderr
2024-04-01T03:14:52.724+0000 7f47c5343700 1 -- 172.21.15.98:0/2993462851 wait complete.
2024-04-01T03:14:53.536 INFO:teuthology.orchestra.run.smithi098.stdout:/usr/bin/ceph: stderr
2024-04-01T03:14:52.725+0000 7f47c5343700 1 Processor -- start
2024-04-01T03:14:53.537 INFO:teuthology.orchestra.run.smithi098.stdout:/usr/bin/ceph: stderr
2024-04-01T03:14:52.725+0000 7f47c5343700 1 -- start start
2024-04-01T03:14:53.537 INFO:teuthology.orchestra.run.smithi098.stdout:/usr/bin/ceph: stderr
2024-04-01T03:14:52.725+0000 7f47c5343700 1 --2- >> [v2:172.21.15.98:3300/0,v1:172.21.15.98:6789/0] conn(0x7f47c01089d0 0x7f47c019bf90 unknown :-1 s=NONE pgs=0 cs=0 l=1 rev1=0 crypto rx=0 tx=0 comp rx=0 tx=0).connect
2024-04-01T03:14:53.537 INFO:teuthology.orchestra.run.smithi098.stdout:/usr/bin/ceph: stderr
2024-04-01T03:14:52.725+0000 7f47c5343700 1 -- --> [v2:172.21.15.98:3300/0,v1:172.21.15.98:6789/0] -- mon_getmap magic: 0 -- 0x7f47c010c420 con 0x7f47c01089d0
2024-04-01T03:14:53.537 INFO:teuthology.orchestra.run.smithi098.stdout:/usr/bin/ceph: stderr
2024-04-01T03:14:52.725+0000 7f47beffd700 1 --2- >> [v2:172.21.15.98:3300/0,v1:172.21.15.98:6789/0] conn(0x7f47c01089d0 0x7f47c019bf90 unknown :-1 s=BANNER_CONNECTING pgs=0 cs=0 l=1 rev1=0 crypto rx=0 tx=0 comp rx=0 tx=0)._handle_peer_banner_payload supported=3 required=0
2024-04-01T03:14:53.537 INFO:teuthology.orchestra.run.smithi098.stdout:/usr/bin/ceph: stderr
2024-04-01T03:14:52.725+0000 7f47beffd700 1 --2- >> [v2:172.21.15.98:3300/0,v1:172.21.15.98:6789/0] conn(0x7f47c01089d0 0x7f47c019bf90 unknown :-1 s=HELLO_CONNECTING pgs=0 cs=0 l=1 rev1=1 crypto rx=0 tx=0 comp rx=0 tx=0).handle_hello peer v2:172.21.15.98:3300/0 says I am v2:172.21.15.98:52602/0 (socket says 172.21.15.98:52602)
2024-04-01T03:14:53.537 INFO:teuthology.orchestra.run.smithi098.stdout:/usr/bin/ceph: stderr
2024-04-01T03:14:52.725+0000 7f47beffd700 1 -- 172.21.15.98:0/2915620224 learned_addr learned my addr 172.21.15.98:0/2915620224 (peer_addr_for_me v2:172.21.15.98:0/0)
2024-04-01T03:14:53.537 INFO:teuthology.orchestra.run.smithi098.stdout:/usr/bin/ceph: stderr
2024-04-01T03:14:52.725+0000 7f47beffd700 1 -- 172.21.15.98:0/2915620224 --> [v2:172.21.15.98:3300/0,v1:172.21.15.98:6789/0] -- mon_subscribe({config=0+,monmap=0+}) -- 0x7f47c019c4d0 con 0x7f47c01089d0
2024-04-01T03:14:53.537 INFO:teuthology.orchestra.run.smithi098.stdout:/usr/bin/ceph: stderr
2024-04-01T03:14:52.726+0000 7f47beffd700 1 --2- 172.21.15.98:0/2915620224 >> [v2:172.21.15.98:3300/0,v1:172.21.15.98:6789/0] conn(0x7f47c01089d0 0x7f47c019bf90 secure :-1 s=READY pgs=50 cs=0 l=1 rev1=1 crypto rx=0x7f47b00117f0 tx=0x7f47b0011cf0 comp rx=0 tx=0).ready entity=mon.0 client_cookie=0 server_cookie=0 in_seq=0 out_seq=0
2024-04-01T03:14:53.537 INFO:teuthology.orchestra.run.smithi098.stdout:/usr/bin/ceph: stderr
2024-04-01T03:14:52.726+0000 7f47a7fff700 1 -- 172.21.15.98:0/2915620224 <== mon.0 v2:172.21.15.98:3300/0 1 ==== mon_map magic: 0 ==== 205+0+0 (secure 0 0 0) 0x7f47b00038b0 con 0x7f47c01089d0
2024-04-01T03:14:53.537 INFO:teuthology.orchestra.run.smithi098.stdout:/usr/bin/ceph: stderr
2024-04-01T03:14:52.726+0000 7f47c5343700 1 -- 172.21.15.98:0/2915620224 --> [v2:172.21.15.98:3300/0,v1:172.21.15.98:6789/0] -- mon_subscribe({mgrmap=0+}) -- 0x7f47c019c760 con 0x7f47c01089d0
2024-04-01T03:14:53.537 INFO:teuthology.orchestra.run.smithi098.stdout:/usr/bin/ceph: stderr
2024-04-01T03:14:52.726+0000 7f47a7fff700 1 -- 172.21.15.98:0/2915620224 <== mon.0 v2:172.21.15.98:3300/0 2 ==== config(29 keys) ==== 1209+0+0 (secure 0 0 0) 0x7f47b0024430 con 0x7f47c01089d0
2024-04-01T03:14:53.538 INFO:teuthology.orchestra.run.smithi098.stdout:/usr/bin/ceph: stderr
2024-04-01T03:14:52.726+0000 7f47a7fff700 1 -- 172.21.15.98:0/2915620224 <== mon.0 v2:172.21.15.98:3300/0 3 ==== mon_map magic: 0 ==== 205+0+0 (secure 0 0 0) 0x7f47b001a5c0 con 0x7f47c01089d0
2024-04-01T03:14:53.538 INFO:teuthology.orchestra.run.smithi098.stdout:/usr/bin/ceph: stderr
2024-04-01T03:14:52.726+0000 7f47c5343700 1 -- 172.21.15.98:0/2915620224 --> [v2:172.21.15.98:3300/0,v1:172.21.15.98:6789/0] -- mon_subscribe({osdmap=0}) -- 0x7f47c019f450 con 0x7f47c01089d0
2024-04-01T03:14:53.538 INFO:teuthology.orchestra.run.smithi098.stdout:/usr/bin/ceph: stderr
2024-04-01T03:14:52.727+0000 7f47a7fff700 1 -- 172.21.15.98:0/2915620224 <== mon.0 v2:172.21.15.98:3300/0 4 ==== mgrmap(e 8) ==== 46116+0+0 (secure 0 0 0) 0x7f47b001a870 con 0x7f47c01089d0
2024-04-01T03:14:53.538 INFO:teuthology.orchestra.run.smithi098.stdout:/usr/bin/ceph: stderr
2024-04-01T03:14:52.727+0000 7f47c5343700 1 -- 172.21.15.98:0/2915620224 --> [v2:172.21.15.98:3300/0,v1:172.21.15.98:6789/0] -- mon_command({"prefix": "get_command_descriptions"} v 0) -- 0x7f47c0063870 con 0x7f47c01089d0
2024-04-01T03:14:53.538 INFO:teuthology.orchestra.run.smithi098.stdout:/usr/bin/ceph: stderr
2024-04-01T03:14:52.727+0000 7f47a7fff700 1 --2- 172.21.15.98:0/2915620224 >> [v2:172.21.15.98:6800/3344678342,v1:172.21.15.98:6801/3344678342] conn(0x7f47a8038db0 0x7f47a803b270 unknown :-1 s=NONE pgs=0 cs=0 l=1 rev1=0 crypto rx=0 tx=0 comp rx=0 tx=0).connect
2024-04-01T03:14:53.538 INFO:teuthology.orchestra.run.smithi098.stdout:/usr/bin/ceph: stderr
2024-04-01T03:14:52.727+0000 7f47a7fff700 1 -- 172.21.15.98:0/2915620224 <== mon.0 v2:172.21.15.98:3300/0 5 ==== osd_map(2..2 src has 1..2) ==== 940+0+0 (secure 0 0 0) 0x7f47b004d120 con 0x7f47c01089d0
2024-04-01T03:14:53.538 INFO:teuthology.orchestra.run.smithi098.stdout:/usr/bin/ceph: stderr
2024-04-01T03:14:52.727+0000 7f47be7fc700 1 --2- 172.21.15.98:0/2915620224 >> [v2:172.21.15.98:6800/3344678342,v1:172.21.15.98:6801/3344678342] conn(0x7f47a8038db0 0x7f47a803b270 unknown :-1 s=BANNER_CONNECTING pgs=0 cs=0 l=1 rev1=0 crypto rx=0 tx=0 comp rx=0 tx=0)._handle_peer_banner_payload supported=3 required=0
2024-04-01T03:14:53.538 INFO:teuthology.orchestra.run.smithi098.stdout:/usr/bin/ceph: stderr
2024-04-01T03:14:52.728+0000 7f47be7fc700 1 --2- 172.21.15.98:0/2915620224 >> [v2:172.21.15.98:6800/3344678342,v1:172.21.15.98:6801/3344678342] conn(0x7f47a8038db0 0x7f47a803b270 secure :-1 s=READY pgs=13 cs=0 l=1 rev1=1 crypto rx=0x7f47b4006fd0 tx=0x7f47b4006e40 comp rx=0 tx=0).ready entity=mgr.14120 client_cookie=0 server_cookie=0 in_seq=0 out_seq=0
2024-04-01T03:14:53.538 INFO:teuthology.orchestra.run.smithi098.stdout:/usr/bin/ceph: stderr
2024-04-01T03:14:52.732+0000 7f47a7fff700 1 -- 172.21.15.98:0/2915620224 <== mon.0 v2:172.21.15.98:3300/0 6 ==== mon_command_ack([{"prefix": "get_command_descriptions"}]=0 v0) ==== 72+0+184932 (secure 0 0 0) 0x7f47b0019c70 con 0x7f47c01089d0
2024-04-01T03:14:53.538 INFO:teuthology.orchestra.run.smithi098.stdout:/usr/bin/ceph: stderr
2024-04-01T03:14:52.946+0000 7f47c5343700 1 -- 172.21.15.98:0/2915620224 --> [v2:172.21.15.98:6800/3344678342,v1:172.21.15.98:6801/3344678342] -- mgr_command(tid 0: {"prefix": "orch apply", "service_type": "mgr", "unmanaged": true, "target": ["mon-mgr", ""]}) -- 0x7f47c01035f0 con 0x7f47a8038db0
2024-04-01T03:14:53.539 INFO:teuthology.orchestra.run.smithi098.stdout:/usr/bin/ceph: stderr
2024-04-01T03:14:52.954+0000 7f47a7fff700 1 -- 172.21.15.98:0/2915620224 <== mgr.14120 v2:172.21.15.98:6800/3344678342 1 ==== mgr_command_reply(tid 0: 0 ) ==== 8+0+24 (secure 0 0 0) 0x7f47c01035f0 con 0x7f47a8038db0
2024-04-01T03:14:53.539 INFO:teuthology.orchestra.run.smithi098.stdout:/usr/bin/ceph: stderr
2024-04-01T03:14:52.956+0000 7f47c5343700 1 -- 172.21.15.98:0/2915620224 >> [v2:172.21.15.98:6800/3344678342,v1:172.21.15.98:6801/3344678342] conn(0x7f47a8038db0 msgr2=0x7f47a803b270 secure :-1 s=STATE_CONNECTION_ESTABLISHED l=1).mark_down
2024-04-01T03:14:53.539 INFO:teuthology.orchestra.run.smithi098.stdout:/usr/bin/ceph: stderr
2024-04-01T03:14:52.956+0000 7f47c5343700 1 --2- 172.21.15.98:0/2915620224 >> [v2:172.21.15.98:6800/3344678342,v1:172.21.15.98:6801/3344678342] conn(0x7f47a8038db0 0x7f47a803b270 secure :-1 s=READY pgs=13 cs=0 l=1 rev1=1 crypto rx=0x7f47b4006fd0 tx=0x7f47b4006e40 comp rx=0 tx=0).stop
2024-04-01T03:14:53.539 INFO:teuthology.orchestra.run.smithi098.stdout:/usr/bin/ceph: stderr
2024-04-01T03:14:52.956+0000 7f47c5343700 1 -- 172.21.15.98:0/2915620224 >> [v2:172.21.15.98:3300/0,v1:172.21.15.98:6789/0] conn(0x7f47c01089d0 msgr2=0x7f47c019bf90 secure :-1 s=STATE_CONNECTION_ESTABLISHED l=1).mark_down
2024-04-01T03:14:53.539 INFO:teuthology.orchestra.run.smithi098.stdout:/usr/bin/ceph: stderr
2024-04-01T03:14:52.956+0000 7f47c5343700 1 --2- 172.21.15.98:0/2915620224 >> [v2:172.21.15.98:3300/0,v1:172.21.15.98:6789/0] conn(0x7f47c01089d0 0x7f47c019bf90 secure :-1 s=READY pgs=50 cs=0 l=1 rev1=1 crypto rx=0x7f47b00117f0 tx=0x7f47b0011cf0 comp rx=0 tx=0).stop
2024-04-01T03:14:53.539 INFO:teuthology.orchestra.run.smithi098.stdout:/usr/bin/ceph: stderr
2024-04-01T03:14:52.956+0000 7f47c5343700 1 -- 172.21.15.98:0/2915620224 shutdown_connections
2024-04-01T03:14:53.539 INFO:teuthology.orchestra.run.smithi098.stdout:/usr/bin/ceph: stderr
2024-04-01T03:14:52.956+0000 7f47c5343700 1 --2- 172.21.15.98:0/2915620224 >> [v2:172.21.15.98:6800/3344678342,v1:172.21.15.98:6801/3344678342] conn(0x7f47a8038db0 0x7f47a803b270 unknown :-1 s=CLOSED pgs=13 cs=0 l=1 rev1=1 crypto rx=0 tx=0 comp rx=0 tx=0).stop
2024-04-01T03:14:53.539 INFO:teuthology.orchestra.run.smithi098.stdout:/usr/bin/ceph: stderr
2024-04-01T03:14:52.956+0000 7f47c5343700 1 --2- 172.21.15.98:0/2915620224 >> [v2:172.21.15.98:3300/0,v1:172.21.15.98:6789/0] conn(0x7f47c01089d0 0x7f47c019bf90 unknown :-1 s=CLOSED pgs=50 cs=0 l=1 rev1=1 crypto rx=0 tx=0 comp rx=0 tx=0).stop
2024-04-01T03:14:53.539 INFO:teuthology.orchestra.run.smithi098.stdout:/usr/bin/ceph: stderr
2024-04-01T03:14:52.956+0000 7f47c5343700 1 -- 172.21.15.98:0/2915620224 >> 172.21.15.98:0/2915620224 conn(0x7f47c01023c0 msgr2=0x7f47c0102ee0 unknown :-1 s=STATE_NONE l=0).mark_down
2024-04-01T03:14:53.539 INFO:teuthology.orchestra.run.smithi098.stdout:/usr/bin/ceph: stderr
2024-04-01T03:14:52.956+0000 7f47c5343700 1 -- 172.21.15.98:0/2915620224 shutdown_connections
2024-04-01T03:14:53.540 INFO:teuthology.orchestra.run.smithi098.stdout:/usr/bin/ceph: stderr
2024-04-01T03:14:52.956+0000 7f47c5343700 1 -- 172.21.15.98:0/2915620224 wait complete.
2024-04-01T03:14:54.145 INFO:journalctl@ceph.mon.a.smithi098.stdout:Apr 01 03:14:53 smithi098 ceph-mon[31941]: from='client.14144 -' entity='client.admin' cmd=[{"prefix": "orch apply", "service_type": "mgr", "unmanaged": true, "target": ["mon-mgr", ""]}]: dispatch
2024-04-01T03:14:54.145 INFO:journalctl@ceph.mon.a.smithi098.stdout:Apr 01 03:14:53 smithi098 ceph-mon[31941]: Saving service mgr spec with placement count:2
2024-04-01T03:14:54.146 INFO:journalctl@ceph.mon.a.smithi098.stdout:Apr 01 03:14:53 smithi098 ceph-mon[31941]: from='mgr.14120 172.21.15.98:0/3891442506' entity='mgr.x'
2024-04-01T03:14:54.923 INFO:teuthology.orchestra.run.smithi098.stdout:/usr/bin/ceph: stderr
2024-04-01T03:14:53.937+0000 7fd20f7ee700 1 Processor -- start
2024-04-01T03:14:54.923 INFO:teuthology.orchestra.run.smithi098.stdout:/usr/bin/ceph: stderr
2024-04-01T03:14:53.937+0000 7fd20f7ee700 1 -- start start
2024-04-01T03:14:54.923 INFO:teuthology.orchestra.run.smithi098.stdout:/usr/bin/ceph: stderr
2024-04-01T03:14:53.938+0000 7fd20f7ee700 1 --2- >> [v2:172.21.15.98:3300/0,v1:172.21.15.98:6789/0] conn(0x7fd20807dda0 0x7fd20807c310 unknown :-1 s=NONE pgs=0 cs=0 l=0 rev1=0 crypto rx=0 tx=0 comp rx=0 tx=0).connect
2024-04-01T03:14:54.924 INFO:teuthology.orchestra.run.smithi098.stdout:/usr/bin/ceph: stderr
2024-04-01T03:14:53.938+0000 7fd20f7ee700 1 -- --> [v2:172.21.15.98:3300/0,v1:172.21.15.98:6789/0] -- mon_getmap magic: 0 -- 0x7fd20807c850 con 0x7fd20807dda0
2024-04-01T03:14:54.924 INFO:teuthology.orchestra.run.smithi098.stdout:/usr/bin/ceph: stderr
2024-04-01T03:14:53.938+0000 7fd20d58a700 1 --2- >> [v2:172.21.15.98:3300/0,v1:172.21.15.98:6789/0] conn(0x7fd20807dda0 0x7fd20807c310 unknown :-1 s=BANNER_CONNECTING pgs=0 cs=0 l=0 rev1=0 crypto rx=0 tx=0 comp rx=0 tx=0)._handle_peer_banner_payload supported=3 required=0
2024-04-01T03:14:54.924 INFO:teuthology.orchestra.run.smithi098.stdout:/usr/bin/ceph: stderr
2024-04-01T03:14:53.938+0000 7fd20d58a700 1 --2- >> [v2:172.21.15.98:3300/0,v1:172.21.15.98:6789/0] conn(0x7fd20807dda0 0x7fd20807c310 unknown :-1 s=HELLO_CONNECTING pgs=0 cs=0 l=0 rev1=1 crypto rx=0 tx=0 comp rx=0 tx=0).handle_hello peer v2:172.21.15.98:3300/0 says I am v2:172.21.15.98:52608/0 (socket says 172.21.15.98:52608)
2024-04-01T03:14:54.924 INFO:teuthology.orchestra.run.smithi098.stdout:/usr/bin/ceph: stderr
2024-04-01T03:14:53.938+0000 7fd20d58a700 1 -- 172.21.15.98:0/2000508365 learned_addr learned my addr 172.21.15.98:0/2000508365 (peer_addr_for_me v2:172.21.15.98:0/0)
2024-04-01T03:14:54.924 INFO:teuthology.orchestra.run.smithi098.stdout:/usr/bin/ceph: stderr
2024-04-01T03:14:53.938+0000 7fd20d58a700 1 -- 172.21.15.98:0/2000508365 --> [v2:172.21.15.98:3300/0,v1:172.21.15.98:6789/0] -- mon_subscribe({config=0+,monmap=0+}) -- 0x7fd20807c9d0 con 0x7fd20807dda0
2024-04-01T03:14:54.924 INFO:teuthology.orchestra.run.smithi098.stdout:/usr/bin/ceph: stderr
2024-04-01T03:14:53.938+0000 7fd20d58a700 1 --2- 172.21.15.98:0/2000508365 >> [v2:172.21.15.98:3300/0,v1:172.21.15.98:6789/0] conn(0x7fd20807dda0 0x7fd20807c310 secure :-1 s=READY pgs=51 cs=0 l=1 rev1=1 crypto rx=0x7fd1f80098a0 tx=0x7fd1f8009bb0 comp rx=0 tx=0).ready entity=mon.0 client_cookie=8080422fc6f3bf95 server_cookie=0 in_seq=0 out_seq=0
2024-04-01T03:14:54.924 INFO:teuthology.orchestra.run.smithi098.stdout:/usr/bin/ceph: stderr
2024-04-01T03:14:53.938+0000 7fd1fffff700 1 -- 172.21.15.98:0/2000508365 <== mon.0 v2:172.21.15.98:3300/0 1 ==== mon_map magic: 0 ==== 205+0+0 (secure 0 0 0) 0x7fd1f8004160 con 0x7fd20807dda0
2024-04-01T03:14:54.924 INFO:teuthology.orchestra.run.smithi098.stdout:/usr/bin/ceph: stderr
2024-04-01T03:14:53.938+0000 7fd1fffff700 1 -- 172.21.15.98:0/2000508365 <== mon.0 v2:172.21.15.98:3300/0 2 ==== config(29 keys) ==== 1209+0+0 (secure 0 0 0) 0x7fd1f8004300 con 0x7fd20807dda0
2024-04-01T03:14:54.924 INFO:teuthology.orchestra.run.smithi098.stdout:/usr/bin/ceph: stderr
2024-04-01T03:14:53.938+0000 7fd1fffff700 1 -- 172.21.15.98:0/2000508365 <== mon.0 v2:172.21.15.98:3300/0 3 ==== mon_map magic: 0 ==== 205+0+0 (secure 0 0 0) 0x7fd1f8011c70 con 0x7fd20807dda0
2024-04-01T03:14:54.924 INFO:teuthology.orchestra.run.smithi098.stdout:/usr/bin/ceph: stderr
2024-04-01T03:14:53.939+0000 7fd20f7ee700 1 -- 172.21.15.98:0/2000508365 >> [v2:172.21.15.98:3300/0,v1:172.21.15.98:6789/0] conn(0x7fd20807dda0 msgr2=0x7fd20807c310 secure :-1 s=STATE_CONNECTION_ESTABLISHED l=1).mark_down
2024-04-01T03:14:54.924 INFO:teuthology.orchestra.run.smithi098.stdout:/usr/bin/ceph: stderr
2024-04-01T03:14:53.939+0000 7fd20f7ee700 1 --2- 172.21.15.98:0/2000508365 >> [v2:172.21.15.98:3300/0,v1:172.21.15.98:6789/0] conn(0x7fd20807dda0 0x7fd20807c310 secure :-1 s=READY pgs=51 cs=0 l=1 rev1=1 crypto rx=0x7fd1f80098a0 tx=0x7fd1f8009bb0 comp rx=0 tx=0).stop
2024-04-01T03:14:54.924 INFO:teuthology.orchestra.run.smithi098.stdout:/usr/bin/ceph: stderr
2024-04-01T03:14:53.939+0000 7fd20f7ee700 1 -- 172.21.15.98:0/2000508365 shutdown_connections
2024-04-01T03:14:54.924 INFO:teuthology.orchestra.run.smithi098.stdout:/usr/bin/ceph: stderr
2024-04-01T03:14:53.939+0000 7fd20f7ee700 1 --2- 172.21.15.98:0/2000508365 >> [v2:172.21.15.98:3300/0,v1:172.21.15.98:6789/0] conn(0x7fd20807dda0 0x7fd20807c310 unknown :-1 s=CLOSED pgs=51 cs=0 l=1 rev1=1 crypto rx=0 tx=0 comp rx=0 tx=0).stop
2024-04-01T03:14:54.925 INFO:teuthology.orchestra.run.smithi098.stdout:/usr/bin/ceph: stderr
2024-04-01T03:14:53.939+0000 7fd20f7ee700 1 -- 172.21.15.98:0/2000508365 >> 172.21.15.98:0/2000508365 conn(0x7fd2081035b0 msgr2=0x7fd2081059d0 unknown :-1 s=STATE_NONE l=0).mark_down
2024-04-01T03:14:54.925 INFO:teuthology.orchestra.run.smithi098.stdout:/usr/bin/ceph: stderr
2024-04-01T03:14:53.939+0000 7fd20f7ee700 1 -- 172.21.15.98:0/2000508365 shutdown_connections
2024-04-01T03:14:54.925 INFO:teuthology.orchestra.run.smithi098.stdout:/usr/bin/ceph: stderr
2024-04-01T03:14:53.939+0000 7fd20f7ee700 1 -- 172.21.15.98:0/2000508365 wait complete.
2024-04-01T03:14:54.925 INFO:teuthology.orchestra.run.smithi098.stdout:/usr/bin/ceph: stderr
2024-04-01T03:14:53.940+0000 7fd20f7ee700 1 Processor -- start
2024-04-01T03:14:54.925 INFO:teuthology.orchestra.run.smithi098.stdout:/usr/bin/ceph: stderr
2024-04-01T03:14:53.940+0000 7fd20f7ee700 1 -- start start
2024-04-01T03:14:54.925 INFO:teuthology.orchestra.run.smithi098.stdout:/usr/bin/ceph: stderr
2024-04-01T03:14:53.940+0000 7fd20f7ee700 1 --2- >> [v2:172.21.15.98:3300/0,v1:172.21.15.98:6789/0] conn(0x7fd20807dda0 0x7fd20819e1b0 unknown :-1 s=NONE pgs=0 cs=0 l=1 rev1=0 crypto rx=0 tx=0 comp rx=0 tx=0).connect
2024-04-01T03:14:54.925 INFO:teuthology.orchestra.run.smithi098.stdout:/usr/bin/ceph: stderr
2024-04-01T03:14:53.940+0000 7fd20f7ee700 1 -- --> [v2:172.21.15.98:3300/0,v1:172.21.15.98:6789/0] -- mon_getmap magic: 0 -- 0x7fd20810e520 con 0x7fd20807dda0
2024-04-01T03:14:54.925 INFO:teuthology.orchestra.run.smithi098.stdout:/usr/bin/ceph: stderr
2024-04-01T03:14:53.940+0000 7fd20d58a700 1 --2- >> [v2:172.21.15.98:3300/0,v1:172.21.15.98:6789/0] conn(0x7fd20807dda0 0x7fd20819e1b0 unknown :-1 s=BANNER_CONNECTING pgs=0 cs=0 l=1 rev1=0 crypto rx=0 tx=0 comp rx=0 tx=0)._handle_peer_banner_payload supported=3 required=0
2024-04-01T03:14:54.925 INFO:teuthology.orchestra.run.smithi098.stdout:/usr/bin/ceph: stderr
2024-04-01T03:14:53.940+0000 7fd20d58a700 1 --2- >> [v2:172.21.15.98:3300/0,v1:172.21.15.98:6789/0] conn(0x7fd20807dda0 0x7fd20819e1b0 unknown :-1 s=HELLO_CONNECTING pgs=0 cs=0 l=1 rev1=1 crypto rx=0 tx=0 comp rx=0 tx=0).handle_hello peer v2:172.21.15.98:3300/0 says I am v2:172.21.15.98:52622/0 (socket says 172.21.15.98:52622)
2024-04-01T03:14:54.925 INFO:teuthology.orchestra.run.smithi098.stdout:/usr/bin/ceph: stderr
