2024-04-01T03:14:25.552 INFO:teuthology.orchestra.run.smithi098.stdout:/usr/bin/ceph: stdout "osd_in_since": 0,
2024-04-01T03:14:25.552 INFO:teuthology.orchestra.run.smithi098.stdout:/usr/bin/ceph: stdout "num_remapped_pgs": 0
2024-04-01T03:14:25.552 INFO:teuthology.orchestra.run.smithi098.stdout:/usr/bin/ceph: stdout },
2024-04-01T03:14:25.552 INFO:teuthology.orchestra.run.smithi098.stdout:/usr/bin/ceph: stdout "pgmap": {
2024-04-01T03:14:25.552 INFO:teuthology.orchestra.run.smithi098.stdout:/usr/bin/ceph: stdout "pgs_by_state": [],
2024-04-01T03:14:25.552 INFO:teuthology.orchestra.run.smithi098.stdout:/usr/bin/ceph: stdout "num_pgs": 0,
2024-04-01T03:14:25.552 INFO:teuthology.orchestra.run.smithi098.stdout:/usr/bin/ceph: stdout "num_pools": 0,
2024-04-01T03:14:25.552 INFO:teuthology.orchestra.run.smithi098.stdout:/usr/bin/ceph: stdout "num_objects": 0,
2024-04-01T03:14:25.552 INFO:teuthology.orchestra.run.smithi098.stdout:/usr/bin/ceph: stdout "data_bytes": 0,
2024-04-01T03:14:25.552 INFO:teuthology.orchestra.run.smithi098.stdout:/usr/bin/ceph: stdout "bytes_used": 0,
2024-04-01T03:14:25.552 INFO:teuthology.orchestra.run.smithi098.stdout:/usr/bin/ceph: stdout "bytes_avail": 0,
2024-04-01T03:14:25.552 INFO:teuthology.orchestra.run.smithi098.stdout:/usr/bin/ceph: stdout "bytes_total": 0
2024-04-01T03:14:25.553 INFO:teuthology.orchestra.run.smithi098.stdout:/usr/bin/ceph: stdout },
2024-04-01T03:14:25.553 INFO:teuthology.orchestra.run.smithi098.stdout:/usr/bin/ceph: stdout "fsmap": {
2024-04-01T03:14:25.553 INFO:teuthology.orchestra.run.smithi098.stdout:/usr/bin/ceph: stdout "epoch": 1,
2024-04-01T03:14:25.553 INFO:teuthology.orchestra.run.smithi098.stdout:/usr/bin/ceph: stdout "by_rank": [],
2024-04-01T03:14:25.553 INFO:teuthology.orchestra.run.smithi098.stdout:/usr/bin/ceph: stdout "up:standby": 0
2024-04-01T03:14:25.553 INFO:teuthology.orchestra.run.smithi098.stdout:/usr/bin/ceph: stdout },
2024-04-01T03:14:25.553 INFO:teuthology.orchestra.run.smithi098.stdout:/usr/bin/ceph: stdout "mgrmap": {
2024-04-01T03:14:25.553 INFO:teuthology.orchestra.run.smithi098.stdout:/usr/bin/ceph: stdout "available": false,
2024-04-01T03:14:25.553 INFO:teuthology.orchestra.run.smithi098.stdout:/usr/bin/ceph: stdout "num_standbys": 0,
2024-04-01T03:14:25.553 INFO:teuthology.orchestra.run.smithi098.stdout:/usr/bin/ceph: stdout "modules": [
2024-04-01T03:14:25.553 INFO:teuthology.orchestra.run.smithi098.stdout:/usr/bin/ceph: stdout "iostat",
2024-04-01T03:14:25.553 INFO:teuthology.orchestra.run.smithi098.stdout:/usr/bin/ceph: stdout "nfs",
2024-04-01T03:14:25.553 INFO:teuthology.orchestra.run.smithi098.stdout:/usr/bin/ceph: stdout "restful"
2024-04-01T03:14:25.554 INFO:teuthology.orchestra.run.smithi098.stdout:/usr/bin/ceph: stdout ],
2024-04-01T03:14:25.554 INFO:teuthology.orchestra.run.smithi098.stdout:/usr/bin/ceph: stdout "services": {}
2024-04-01T03:14:25.554 INFO:teuthology.orchestra.run.smithi098.stdout:/usr/bin/ceph: stdout },
2024-04-01T03:14:25.554 INFO:teuthology.orchestra.run.smithi098.stdout:/usr/bin/ceph: stdout "servicemap": {
2024-04-01T03:14:25.554 INFO:teuthology.orchestra.run.smithi098.stdout:/usr/bin/ceph: stdout "epoch": 1,
2024-04-01T03:14:25.554 INFO:teuthology.orchestra.run.smithi098.stdout:/usr/bin/ceph: stdout "modified": "2024-04-01T03:14:11.072984+0000",
2024-04-01T03:14:25.554 INFO:teuthology.orchestra.run.smithi098.stdout:/usr/bin/ceph: stdout "services": {}
2024-04-01T03:14:25.554 INFO:teuthology.orchestra.run.smithi098.stdout:/usr/bin/ceph: stdout },
2024-04-01T03:14:25.554 INFO:teuthology.orchestra.run.smithi098.stdout:/usr/bin/ceph: stdout "progress_events": {}
2024-04-01T03:14:25.554 INFO:teuthology.orchestra.run.smithi098.stdout:/usr/bin/ceph: stdout }
2024-04-01T03:14:25.555 INFO:teuthology.orchestra.run.smithi098.stdout:/usr/bin/ceph: stderr
2024-04-01T03:14:24.920+0000 7f32b331b700 1 Processor -- start
2024-04-01T03:14:25.555 INFO:teuthology.orchestra.run.smithi098.stdout:/usr/bin/ceph: stderr
2024-04-01T03:14:24.921+0000 7f32b331b700 1 -- start start
2024-04-01T03:14:25.555 INFO:teuthology.orchestra.run.smithi098.stdout:/usr/bin/ceph: stderr
2024-04-01T03:14:24.921+0000 7f32b331b700 1 --2- >> [v2:172.21.15.98:3300/0,v1:172.21.15.98:6789/0] conn(0x7f32ac1061d0 0x7f32ac1065f0 unknown :-1 s=NONE pgs=0 cs=0 l=0 rev1=0 crypto rx=0 tx=0 comp rx=0 tx=0).connect
2024-04-01T03:14:25.555 INFO:teuthology.orchestra.run.smithi098.stdout:/usr/bin/ceph: stderr
2024-04-01T03:14:24.921+0000 7f32b331b700 1 -- --> [v2:172.21.15.98:3300/0,v1:172.21.15.98:6789/0] -- mon_getmap magic: 0 -- 0x7f32ac106bc0 con 0x7f32ac1061d0
2024-04-01T03:14:25.555 INFO:teuthology.orchestra.run.smithi098.stdout:/usr/bin/ceph: stderr
2024-04-01T03:14:24.921+0000 7f32b10b7700 1 --2- >> [v2:172.21.15.98:3300/0,v1:172.21.15.98:6789/0] conn(0x7f32ac1061d0 0x7f32ac1065f0 unknown :-1 s=BANNER_CONNECTING pgs=0 cs=0 l=0 rev1=0 crypto rx=0 tx=0 comp rx=0 tx=0)._handle_peer_banner_payload supported=3 required=0
2024-04-01T03:14:25.555 INFO:teuthology.orchestra.run.smithi098.stdout:/usr/bin/ceph: stderr
2024-04-01T03:14:24.921+0000 7f32b10b7700 1 --2- >> [v2:172.21.15.98:3300/0,v1:172.21.15.98:6789/0] conn(0x7f32ac1061d0 0x7f32ac1065f0 unknown :-1 s=HELLO_CONNECTING pgs=0 cs=0 l=0 rev1=1 crypto rx=0 tx=0 comp rx=0 tx=0).handle_hello peer v2:172.21.15.98:3300/0 says I am v2:172.21.15.98:53330/0 (socket says 172.21.15.98:53330)
2024-04-01T03:14:25.555 INFO:teuthology.orchestra.run.smithi098.stdout:/usr/bin/ceph: stderr
2024-04-01T03:14:24.921+0000 7f32b10b7700 1 -- 172.21.15.98:0/1625051622 learned_addr learned my addr 172.21.15.98:0/1625051622 (peer_addr_for_me v2:172.21.15.98:0/0)
2024-04-01T03:14:25.555 INFO:teuthology.orchestra.run.smithi098.stdout:/usr/bin/ceph: stderr
2024-04-01T03:14:24.921+0000 7f32b10b7700 1 -- 172.21.15.98:0/1625051622 --> [v2:172.21.15.98:3300/0,v1:172.21.15.98:6789/0] -- mon_subscribe({config=0+,monmap=0+}) -- 0x7f32ac106d40 con 0x7f32ac1061d0
2024-04-01T03:14:25.555 INFO:teuthology.orchestra.run.smithi098.stdout:/usr/bin/ceph: stderr
2024-04-01T03:14:24.922+0000 7f32b10b7700 1 --2- 172.21.15.98:0/1625051622 >> [v2:172.21.15.98:3300/0,v1:172.21.15.98:6789/0] conn(0x7f32ac1061d0 0x7f32ac1065f0 secure :-1 s=READY pgs=12 cs=0 l=1 rev1=1 crypto rx=0x7f32a80098a0 tx=0x7f32a8009bb0 comp rx=0 tx=0).ready entity=mon.0 client_cookie=70da64046050f2ce server_cookie=0 in_seq=0 out_seq=0
2024-04-01T03:14:25.555 INFO:teuthology.orchestra.run.smithi098.stdout:/usr/bin/ceph: stderr
2024-04-01T03:14:24.922+0000 7f32a3fff700 1 -- 172.21.15.98:0/1625051622 <== mon.0 v2:172.21.15.98:3300/0 1 ==== mon_map magic: 0 ==== 205+0+0 (secure 0 0 0) 0x7f32a8004160 con 0x7f32ac1061d0
2024-04-01T03:14:25.555 INFO:teuthology.orchestra.run.smithi098.stdout:/usr/bin/ceph: stderr
2024-04-01T03:14:24.922+0000 7f32a3fff700 1 -- 172.21.15.98:0/1625051622 <== mon.0 v2:172.21.15.98:3300/0 2 ==== config(29 keys) ==== 1178+0+0 (secure 0 0 0) 0x7f32a8004300 con 0x7f32ac1061d0
2024-04-01T03:14:25.555 INFO:teuthology.orchestra.run.smithi098.stdout:/usr/bin/ceph: stderr
2024-04-01T03:14:24.922+0000 7f32a3fff700 1 -- 172.21.15.98:0/1625051622 <== mon.0 v2:172.21.15.98:3300/0 3 ==== mon_map magic: 0 ==== 205+0+0 (secure 0 0 0) 0x7f32a8011cc0 con 0x7f32ac1061d0
2024-04-01T03:14:25.555 INFO:teuthology.orchestra.run.smithi098.stdout:/usr/bin/ceph: stderr
2024-04-01T03:14:24.922+0000 7f32b331b700 1 -- 172.21.15.98:0/1625051622 >> [v2:172.21.15.98:3300/0,v1:172.21.15.98:6789/0] conn(0x7f32ac1061d0 msgr2=0x7f32ac1065f0 secure :-1 s=STATE_CONNECTION_ESTABLISHED l=1).mark_down
2024-04-01T03:14:25.556 INFO:teuthology.orchestra.run.smithi098.stdout:/usr/bin/ceph: stderr
2024-04-01T03:14:24.922+0000 7f32b331b700 1 --2- 172.21.15.98:0/1625051622 >> [v2:172.21.15.98:3300/0,v1:172.21.15.98:6789/0] conn(0x7f32ac1061d0 0x7f32ac1065f0 secure :-1 s=READY pgs=12 cs=0 l=1 rev1=1 crypto rx=0x7f32a80098a0 tx=0x7f32a8009bb0 comp rx=0 tx=0).stop
2024-04-01T03:14:25.556 INFO:teuthology.orchestra.run.smithi098.stdout:/usr/bin/ceph: stderr
2024-04-01T03:14:24.922+0000 7f32b331b700 1 -- 172.21.15.98:0/1625051622 shutdown_connections
2024-04-01T03:14:25.556 INFO:teuthology.orchestra.run.smithi098.stdout:/usr/bin/ceph: stderr
2024-04-01T03:14:24.922+0000 7f32b331b700 1 --2- 172.21.15.98:0/1625051622 >> [v2:172.21.15.98:3300/0,v1:172.21.15.98:6789/0] conn(0x7f32ac1061d0 0x7f32ac1065f0 unknown :-1 s=CLOSED pgs=12 cs=0 l=1 rev1=1 crypto rx=0 tx=0 comp rx=0 tx=0).stop
2024-04-01T03:14:25.556 INFO:teuthology.orchestra.run.smithi098.stdout:/usr/bin/ceph: stderr
2024-04-01T03:14:24.922+0000 7f32b331b700 1 -- 172.21.15.98:0/1625051622 >> 172.21.15.98:0/1625051622 conn(0x7f32ac101bd0 msgr2=0x7f32ac103ff0 unknown :-1 s=STATE_NONE l=0).mark_down
2024-04-01T03:14:25.556 INFO:teuthology.orchestra.run.smithi098.stdout:/usr/bin/ceph: stderr
2024-04-01T03:14:24.923+0000 7f32b331b700 1 -- 172.21.15.98:0/1625051622 shutdown_connections
2024-04-01T03:14:25.556 INFO:teuthology.orchestra.run.smithi098.stdout:/usr/bin/ceph: stderr
2024-04-01T03:14:24.923+0000 7f32b331b700 1 -- 172.21.15.98:0/1625051622 wait complete.
2024-04-01T03:14:25.556 INFO:teuthology.orchestra.run.smithi098.stdout:/usr/bin/ceph: stderr
2024-04-01T03:14:24.923+0000 7f32b331b700 1 Processor -- start
2024-04-01T03:14:25.556 INFO:teuthology.orchestra.run.smithi098.stdout:/usr/bin/ceph: stderr
2024-04-01T03:14:24.923+0000 7f32b331b700 1 -- start start
2024-04-01T03:14:25.556 INFO:teuthology.orchestra.run.smithi098.stdout:/usr/bin/ceph: stderr
2024-04-01T03:14:24.923+0000 7f32b331b700 1 --2- >> [v2:172.21.15.98:3300/0,v1:172.21.15.98:6789/0] conn(0x7f32ac1061d0 0x7f32ac108ad0 unknown :-1 s=NONE pgs=0 cs=0 l=1 rev1=0 crypto rx=0 tx=0 comp rx=0 tx=0).connect
2024-04-01T03:14:25.556 INFO:teuthology.orchestra.run.smithi098.stdout:/usr/bin/ceph: stderr
2024-04-01T03:14:24.923+0000 7f32b331b700 1 -- --> [v2:172.21.15.98:3300/0,v1:172.21.15.98:6789/0] -- mon_getmap magic: 0 -- 0x7f32ac10c480 con 0x7f32ac1061d0
2024-04-01T03:14:25.556 INFO:teuthology.orchestra.run.smithi098.stdout:/usr/bin/ceph: stderr
2024-04-01T03:14:24.924+0000 7f32b10b7700 1 --2- >> [v2:172.21.15.98:3300/0,v1:172.21.15.98:6789/0] conn(0x7f32ac1061d0 0x7f32ac108ad0 unknown :-1 s=BANNER_CONNECTING pgs=0 cs=0 l=1 rev1=0 crypto rx=0 tx=0 comp rx=0 tx=0)._handle_peer_banner_payload supported=3 required=0
2024-04-01T03:14:25.557 INFO:teuthology.orchestra.run.smithi098.stdout:/usr/bin/ceph: stderr
2024-04-01T03:14:24.924+0000 7f32b10b7700 1 --2- >> [v2:172.21.15.98:3300/0,v1:172.21.15.98:6789/0] conn(0x7f32ac1061d0 0x7f32ac108ad0 unknown :-1 s=HELLO_CONNECTING pgs=0 cs=0 l=1 rev1=1 crypto rx=0 tx=0 comp rx=0 tx=0).handle_hello peer v2:172.21.15.98:3300/0 says I am v2:172.21.15.98:53346/0 (socket says 172.21.15.98:53346)
2024-04-01T03:14:25.557 INFO:teuthology.orchestra.run.smithi098.stdout:/usr/bin/ceph: stderr
2024-04-01T03:14:24.924+0000 7f32b10b7700 1 -- 172.21.15.98:0/487679695 learned_addr learned my addr 172.21.15.98:0/487679695 (peer_addr_for_me v2:172.21.15.98:0/0)
2024-04-01T03:14:25.557 INFO:teuthology.orchestra.run.smithi098.stdout:/usr/bin/ceph: stderr
2024-04-01T03:14:24.924+0000 7f32b10b7700 1 -- 172.21.15.98:0/487679695 --> [v2:172.21.15.98:3300/0,v1:172.21.15.98:6789/0] -- mon_subscribe({config=0+,monmap=0+}) -- 0x7f32ac109010 con 0x7f32ac1061d0
2024-04-01T03:14:25.557 INFO:teuthology.orchestra.run.smithi098.stdout:/usr/bin/ceph: stderr
2024-04-01T03:14:24.924+0000 7f32b10b7700 1 --2- 172.21.15.98:0/487679695 >> [v2:172.21.15.98:3300/0,v1:172.21.15.98:6789/0] conn(0x7f32ac1061d0 0x7f32ac108ad0 secure :-1 s=READY pgs=13 cs=0 l=1 rev1=1 crypto rx=0x7f32a8009fb0 tx=0x7f32a8003980 comp rx=0 tx=0).ready entity=mon.0 client_cookie=0 server_cookie=0 in_seq=0 out_seq=0
2024-04-01T03:14:25.557 INFO:teuthology.orchestra.run.smithi098.stdout:/usr/bin/ceph: stderr
2024-04-01T03:14:24.924+0000 7f32a27fc700 1 -- 172.21.15.98:0/487679695 <== mon.0 v2:172.21.15.98:3300/0 1 ==== mon_map magic: 0 ==== 205+0+0 (secure 0 0 0) 0x7f32a8011dd0 con 0x7f32ac1061d0
2024-04-01T03:14:25.557 INFO:teuthology.orchestra.run.smithi098.stdout:/usr/bin/ceph: stderr
2024-04-01T03:14:24.924+0000 7f32b331b700 1 -- 172.21.15.98:0/487679695 --> [v2:172.21.15.98:3300/0,v1:172.21.15.98:6789/0] -- mon_subscribe({mgrmap=0+}) -- 0x7f32ac107200 con 0x7f32ac1061d0
2024-04-01T03:14:25.557 INFO:teuthology.orchestra.run.smithi098.stdout:/usr/bin/ceph: stderr
2024-04-01T03:14:24.924+0000 7f32a27fc700 1 -- 172.21.15.98:0/487679695 <== mon.0 v2:172.21.15.98:3300/0 2 ==== config(29 keys) ==== 1178+0+0 (secure 0 0 0) 0x7f32a801a430 con 0x7f32ac1061d0
2024-04-01T03:14:25.557 INFO:teuthology.orchestra.run.smithi098.stdout:/usr/bin/ceph: stderr
2024-04-01T03:14:24.924+0000 7f32a27fc700 1 -- 172.21.15.98:0/487679695 <== mon.0 v2:172.21.15.98:3300/0 3 ==== mon_map magic: 0 ==== 205+0+0 (secure 0 0 0) 0x7f32a8019610 con 0x7f32ac1061d0
2024-04-01T03:14:25.557 INFO:teuthology.orchestra.run.smithi098.stdout:/usr/bin/ceph: stderr
2024-04-01T03:14:24.924+0000 7f32b331b700 1 -- 172.21.15.98:0/487679695 --> [v2:172.21.15.98:3300/0,v1:172.21.15.98:6789/0] -- mon_subscribe({osdmap=0}) -- 0x7f32ac107740 con 0x7f32ac1061d0
2024-04-01T03:14:25.557 INFO:teuthology.orchestra.run.smithi098.stdout:/usr/bin/ceph: stderr
2024-04-01T03:14:24.925+0000 7f32b331b700 1 -- 172.21.15.98:0/487679695 --> [v2:172.21.15.98:3300/0,v1:172.21.15.98:6789/0] -- mon_command({"prefix": "get_command_descriptions"} v 0) -- 0x7f32ac063870 con 0x7f32ac1061d0
2024-04-01T03:14:25.557 INFO:teuthology.orchestra.run.smithi098.stdout:/usr/bin/ceph: stderr
2024-04-01T03:14:24.925+0000 7f32a27fc700 1 -- 172.21.15.98:0/487679695 <== mon.0 v2:172.21.15.98:3300/0 4 ==== mgrmap(e 2) ==== 45872+0+0 (secure 0 0 0) 0x7f32a801aac0 con 0x7f32ac1061d0
2024-04-01T03:14:25.557 INFO:teuthology.orchestra.run.smithi098.stdout:/usr/bin/ceph: stderr
2024-04-01T03:14:24.926+0000 7f32a27fc700 1 -- 172.21.15.98:0/487679695 <== mon.0 v2:172.21.15.98:3300/0 5 ==== osd_map(1..1 src has 1..1) ==== 725+0+0 (secure 0 0 0) 0x7f32a804ca90 con 0x7f32ac1061d0
2024-04-01T03:14:25.557 INFO:teuthology.orchestra.run.smithi098.stdout:/usr/bin/ceph: stderr
2024-04-01T03:14:24.928+0000 7f32a27fc700 1 -- 172.21.15.98:0/487679695 <== mon.0 v2:172.21.15.98:3300/0 6 ==== mon_command_ack([{"prefix": "get_command_descriptions"}]=0 v0) ==== 72+0+73141 (secure 0 0 0) 0x7f32a8029260 con 0x7f32ac1061d0
2024-04-01T03:14:25.558 INFO:teuthology.orchestra.run.smithi098.stdout:/usr/bin/ceph: stderr
2024-04-01T03:14:25.004+0000 7f32b331b700 1 -- 172.21.15.98:0/487679695 --> [v2:172.21.15.98:3300/0,v1:172.21.15.98:6789/0] -- mon_command({"prefix": "status", "format": "json-pretty"} v 0) -- 0x7f32ac1079c0 con 0x7f32ac1061d0
2024-04-01T03:14:25.558 INFO:teuthology.orchestra.run.smithi098.stdout:/usr/bin/ceph: stderr
2024-04-01T03:14:25.004+0000 7f32a27fc700 1 -- 172.21.15.98:0/487679695 <== mon.0 v2:172.21.15.98:3300/0 7 ==== mon_command_ack([{"prefix": "status", "format": "json-pretty"}]=0 v0) ==== 79+0+1239 (secure 0 0 0) 0x7f32a8003d30 con 0x7f32ac1061d0
2024-04-01T03:14:25.558 INFO:teuthology.orchestra.run.smithi098.stdout:/usr/bin/ceph: stderr
2024-04-01T03:14:25.005+0000 7f32b331b700 1 -- 172.21.15.98:0/487679695 >> [v2:172.21.15.98:3300/0,v1:172.21.15.98:6789/0] conn(0x7f32ac1061d0 msgr2=0x7f32ac108ad0 secure :-1 s=STATE_CONNECTION_ESTABLISHED l=1).mark_down
2024-04-01T03:14:25.558 INFO:teuthology.orchestra.run.smithi098.stdout:/usr/bin/ceph: stderr
2024-04-01T03:14:25.005+0000 7f32b331b700 1 --2- 172.21.15.98:0/487679695 >> [v2:172.21.15.98:3300/0,v1:172.21.15.98:6789/0] conn(0x7f32ac1061d0 0x7f32ac108ad0 secure :-1 s=READY pgs=13 cs=0 l=1 rev1=1 crypto rx=0x7f32a8009fb0 tx=0x7f32a8003980 comp rx=0 tx=0).stop
2024-04-01T03:14:25.558 INFO:teuthology.orchestra.run.smithi098.stdout:/usr/bin/ceph: stderr
2024-04-01T03:14:25.005+0000 7f32b331b700 1 -- 172.21.15.98:0/487679695 shutdown_connections
2024-04-01T03:14:25.558 INFO:teuthology.orchestra.run.smithi098.stdout:/usr/bin/ceph: stderr
2024-04-01T03:14:25.005+0000 7f32b331b700 1 --2- 172.21.15.98:0/487679695 >> [v2:172.21.15.98:3300/0,v1:172.21.15.98:6789/0] conn(0x7f32ac1061d0 0x7f32ac108ad0 unknown :-1 s=CLOSED pgs=13 cs=0 l=1 rev1=1 crypto rx=0 tx=0 comp rx=0 tx=0).stop
2024-04-01T03:14:25.558 INFO:teuthology.orchestra.run.smithi098.stdout:/usr/bin/ceph: stderr
2024-04-01T03:14:25.005+0000 7f32b331b700 1 -- 172.21.15.98:0/487679695 >> 172.21.15.98:0/487679695 conn(0x7f32ac101bd0 msgr2=0x7f32ac102780 unknown :-1 s=STATE_NONE l=0).mark_down
2024-04-01T03:14:25.558 INFO:teuthology.orchestra.run.smithi098.stdout:/usr/bin/ceph: stderr
2024-04-01T03:14:25.005+0000 7f32b331b700 1 -- 172.21.15.98:0/487679695 shutdown_connections
2024-04-01T03:14:25.558 INFO:teuthology.orchestra.run.smithi098.stdout:/usr/bin/ceph: stderr
2024-04-01T03:14:25.005+0000 7f32b331b700 1 -- 172.21.15.98:0/487679695 wait complete.
2024-04-01T03:14:25.558 INFO:teuthology.orchestra.run.smithi098.stdout:mgr not available, waiting (3/15)...
2024-04-01T03:14:26.392 INFO:journalctl@ceph.mon.a.smithi098.stdout:Apr 01 03:14:25 smithi098 ceph-mon[31941]: from='client.? 172.21.15.98:0/487679695' entity='client.admin' cmd=[{"prefix": "status", "format": "json-pretty"}]: dispatch
2024-04-01T03:14:26.393 INFO:journalctl@ceph.mon.a.smithi098.stdout:Apr 01 03:14:25 smithi098 ceph-mon[31941]: mgrmap e3: x(active, since 1.00737s)
2024-04-01T03:14:28.240 INFO:journalctl@ceph.mon.a.smithi098.stdout:Apr 01 03:14:27 smithi098 ceph-mon[31941]: mgrmap e4: x(active, since 2s)
2024-04-01T03:14:28.769 INFO:teuthology.orchestra.run.smithi098.stdout:/usr/bin/ceph: stdout
2024-04-01T03:14:28.769 INFO:teuthology.orchestra.run.smithi098.stdout:/usr/bin/ceph: stdout {
2024-04-01T03:14:28.769 INFO:teuthology.orchestra.run.smithi098.stdout:/usr/bin/ceph: stdout "fsid": "c69189fe-efd5-11ee-b647-cb9ed24678a4",
2024-04-01T03:14:28.769 INFO:teuthology.orchestra.run.smithi098.stdout:/usr/bin/ceph: stdout "health": {
2024-04-01T03:14:28.769 INFO:teuthology.orchestra.run.smithi098.stdout:/usr/bin/ceph: stdout "status": "HEALTH_OK",
2024-04-01T03:14:28.769 INFO:teuthology.orchestra.run.smithi098.stdout:/usr/bin/ceph: stdout "checks": {},
2024-04-01T03:14:28.769 INFO:teuthology.orchestra.run.smithi098.stdout:/usr/bin/ceph: stdout "mutes": []
2024-04-01T03:14:28.769 INFO:teuthology.orchestra.run.smithi098.stdout:/usr/bin/ceph: stdout },
2024-04-01T03:14:28.769 INFO:teuthology.orchestra.run.smithi098.stdout:/usr/bin/ceph: stdout "election_epoch": 5,
2024-04-01T03:14:28.769 INFO:teuthology.orchestra.run.smithi098.stdout:/usr/bin/ceph: stdout "quorum": [
2024-04-01T03:14:28.770 INFO:teuthology.orchestra.run.smithi098.stdout:/usr/bin/ceph: stdout 0
2024-04-01T03:14:28.770 INFO:teuthology.orchestra.run.smithi098.stdout:/usr/bin/ceph: stdout ],
2024-04-01T03:14:28.770 INFO:teuthology.orchestra.run.smithi098.stdout:/usr/bin/ceph: stdout "quorum_names": [
2024-04-01T03:14:28.770 INFO:teuthology.orchestra.run.smithi098.stdout:/usr/bin/ceph: stdout "a"
2024-04-01T03:14:28.770 INFO:teuthology.orchestra.run.smithi098.stdout:/usr/bin/ceph: stdout ],
2024-04-01T03:14:28.770 INFO:teuthology.orchestra.run.smithi098.stdout:/usr/bin/ceph: stdout "quorum_age": 12,
2024-04-01T03:14:28.770 INFO:teuthology.orchestra.run.smithi098.stdout:/usr/bin/ceph: stdout "monmap": {
2024-04-01T03:14:28.770 INFO:teuthology.orchestra.run.smithi098.stdout:/usr/bin/ceph: stdout "epoch": 1,
2024-04-01T03:14:28.770 INFO:teuthology.orchestra.run.smithi098.stdout:/usr/bin/ceph: stdout "min_mon_release_name": "squid",
2024-04-01T03:14:28.770 INFO:teuthology.orchestra.run.smithi098.stdout:/usr/bin/ceph: stdout "num_mons": 1
2024-04-01T03:14:28.770 INFO:teuthology.orchestra.run.smithi098.stdout:/usr/bin/ceph: stdout },
2024-04-01T03:14:28.770 INFO:teuthology.orchestra.run.smithi098.stdout:/usr/bin/ceph: stdout "osdmap": {
2024-04-01T03:14:28.771 INFO:teuthology.orchestra.run.smithi098.stdout:/usr/bin/ceph: stdout "epoch": 1,
2024-04-01T03:14:28.771 INFO:teuthology.orchestra.run.smithi098.stdout:/usr/bin/ceph: stdout "num_osds": 0,
2024-04-01T03:14:28.771 INFO:teuthology.orchestra.run.smithi098.stdout:/usr/bin/ceph: stdout "num_up_osds": 0,
2024-04-01T03:14:28.771 INFO:teuthology.orchestra.run.smithi098.stdout:/usr/bin/ceph: stdout "osd_up_since": 0,
2024-04-01T03:14:28.771 INFO:teuthology.orchestra.run.smithi098.stdout:/usr/bin/ceph: stdout "num_in_osds": 0,
2024-04-01T03:14:28.771 INFO:teuthology.orchestra.run.smithi098.stdout:/usr/bin/ceph: stdout "osd_in_since": 0,
2024-04-01T03:14:28.771 INFO:teuthology.orchestra.run.smithi098.stdout:/usr/bin/ceph: stdout "num_remapped_pgs": 0
2024-04-01T03:14:28.771 INFO:teuthology.orchestra.run.smithi098.stdout:/usr/bin/ceph: stdout },
2024-04-01T03:14:28.771 INFO:teuthology.orchestra.run.smithi098.stdout:/usr/bin/ceph: stdout "pgmap": {
2024-04-01T03:14:28.771 INFO:teuthology.orchestra.run.smithi098.stdout:/usr/bin/ceph: stdout "pgs_by_state": [],
2024-04-01T03:14:28.771 INFO:teuthology.orchestra.run.smithi098.stdout:/usr/bin/ceph: stdout "num_pgs": 0,
2024-04-01T03:14:28.771 INFO:teuthology.orchestra.run.smithi098.stdout:/usr/bin/ceph: stdout "num_pools": 0,
2024-04-01T03:14:28.771 INFO:teuthology.orchestra.run.smithi098.stdout:/usr/bin/ceph: stdout "num_objects": 0,
2024-04-01T03:14:28.771 INFO:teuthology.orchestra.run.smithi098.stdout:/usr/bin/ceph: stdout "data_bytes": 0,
2024-04-01T03:14:28.772 INFO:teuthology.orchestra.run.smithi098.stdout:/usr/bin/ceph: stdout "bytes_used": 0,
2024-04-01T03:14:28.772 INFO:teuthology.orchestra.run.smithi098.stdout:/usr/bin/ceph: stdout "bytes_avail": 0,
2024-04-01T03:14:28.772 INFO:teuthology.orchestra.run.smithi098.stdout:/usr/bin/ceph: stdout "bytes_total": 0
2024-04-01T03:14:28.772 INFO:teuthology.orchestra.run.smithi098.stdout:/usr/bin/ceph: stdout },
2024-04-01T03:14:28.772 INFO:teuthology.orchestra.run.smithi098.stdout:/usr/bin/ceph: stdout "fsmap": {
2024-04-01T03:14:28.772 INFO:teuthology.orchestra.run.smithi098.stdout:/usr/bin/ceph: stdout "epoch": 1,
2024-04-01T03:14:28.772 INFO:teuthology.orchestra.run.smithi098.stdout:/usr/bin/ceph: stdout "by_rank": [],
2024-04-01T03:14:28.772 INFO:teuthology.orchestra.run.smithi098.stdout:/usr/bin/ceph: stdout "up:standby": 0
2024-04-01T03:14:28.772 INFO:teuthology.orchestra.run.smithi098.stdout:/usr/bin/ceph: stdout },
2024-04-01T03:14:28.772 INFO:teuthology.orchestra.run.smithi098.stdout:/usr/bin/ceph: stdout "mgrmap": {
2024-04-01T03:14:28.772 INFO:teuthology.orchestra.run.smithi098.stdout:/usr/bin/ceph: stdout "available": true,
2024-04-01T03:14:28.772 INFO:teuthology.orchestra.run.smithi098.stdout:/usr/bin/ceph: stdout "num_standbys": 0,
2024-04-01T03:14:28.772 INFO:teuthology.orchestra.run.smithi098.stdout:/usr/bin/ceph: stdout "modules": [
2024-04-01T03:14:28.773 INFO:teuthology.orchestra.run.smithi098.stdout:/usr/bin/ceph: stdout "iostat",
2024-04-01T03:14:28.773 INFO:teuthology.orchestra.run.smithi098.stdout:/usr/bin/ceph: stdout "nfs",
2024-04-01T03:14:28.773 INFO:teuthology.orchestra.run.smithi098.stdout:/usr/bin/ceph: stdout "restful"
2024-04-01T03:14:28.773 INFO:teuthology.orchestra.run.smithi098.stdout:/usr/bin/ceph: stdout ],
2024-04-01T03:14:28.773 INFO:teuthology.orchestra.run.smithi098.stdout:/usr/bin/ceph: stdout "services": {}
2024-04-01T03:14:28.773 INFO:teuthology.orchestra.run.smithi098.stdout:/usr/bin/ceph: stdout },
2024-04-01T03:14:28.773 INFO:teuthology.orchestra.run.smithi098.stdout:/usr/bin/ceph: stdout "servicemap": {
2024-04-01T03:14:28.773 INFO:teuthology.orchestra.run.smithi098.stdout:/usr/bin/ceph: stdout "epoch": 1,
2024-04-01T03:14:28.773 INFO:teuthology.orchestra.run.smithi098.stdout:/usr/bin/ceph: stdout "modified": "2024-04-01T03:14:11.072984+0000",
2024-04-01T03:14:28.773 INFO:teuthology.orchestra.run.smithi098.stdout:/usr/bin/ceph: stdout "services": {}
2024-04-01T03:14:28.773 INFO:teuthology.orchestra.run.smithi098.stdout:/usr/bin/ceph: stdout },
2024-04-01T03:14:28.773 INFO:teuthology.orchestra.run.smithi098.stdout:/usr/bin/ceph: stdout "progress_events": {}
2024-04-01T03:14:28.773 INFO:teuthology.orchestra.run.smithi098.stdout:/usr/bin/ceph: stdout }
2024-04-01T03:14:28.773 INFO:teuthology.orchestra.run.smithi098.stdout:/usr/bin/ceph: stderr
2024-04-01T03:14:27.960+0000 7f1220bd3700 1 Processor -- start
2024-04-01T03:14:28.774 INFO:teuthology.orchestra.run.smithi098.stdout:/usr/bin/ceph: stderr
2024-04-01T03:14:27.960+0000 7f1220bd3700 1 -- start start
2024-04-01T03:14:28.774 INFO:teuthology.orchestra.run.smithi098.stdout:/usr/bin/ceph: stderr
2024-04-01T03:14:27.961+0000 7f1220bd3700 1 --2- >> [v2:172.21.15.98:3300/0,v1:172.21.15.98:6789/0] conn(0x7f121c1067b0 0x7f121c106bd0 unknown :-1 s=NONE pgs=0 cs=0 l=0 rev1=0 crypto rx=0 tx=0 comp rx=0 tx=0).connect
2024-04-01T03:14:28.774 INFO:teuthology.orchestra.run.smithi098.stdout:/usr/bin/ceph: stderr
2024-04-01T03:14:27.961+0000 7f1220bd3700 1 -- --> [v2:172.21.15.98:3300/0,v1:172.21.15.98:6789/0] -- mon_getmap magic: 0 -- 0x7f121c07be80 con 0x7f121c1067b0
2024-04-01T03:14:28.774 INFO:teuthology.orchestra.run.smithi098.stdout:/usr/bin/ceph: stderr
2024-04-01T03:14:27.961+0000 7f121a59c700 1 --2- >> [v2:172.21.15.98:3300/0,v1:172.21.15.98:6789/0] conn(0x7f121c1067b0 0x7f121c106bd0 unknown :-1 s=BANNER_CONNECTING pgs=0 cs=0 l=0 rev1=0 crypto rx=0 tx=0 comp rx=0 tx=0)._handle_peer_banner_payload supported=3 required=0
2024-04-01T03:14:28.774 INFO:teuthology.orchestra.run.smithi098.stdout:/usr/bin/ceph: stderr
2024-04-01T03:14:27.961+0000 7f121a59c700 1 --2- >> [v2:172.21.15.98:3300/0,v1:172.21.15.98:6789/0] conn(0x7f121c1067b0 0x7f121c106bd0 unknown :-1 s=HELLO_CONNECTING pgs=0 cs=0 l=0 rev1=1 crypto rx=0 tx=0 comp rx=0 tx=0).handle_hello peer v2:172.21.15.98:3300/0 says I am v2:172.21.15.98:53372/0 (socket says 172.21.15.98:53372)
2024-04-01T03:14:28.774 INFO:teuthology.orchestra.run.smithi098.stdout:/usr/bin/ceph: stderr
2024-04-01T03:14:27.961+0000 7f121a59c700 1 -- 172.21.15.98:0/2624098011 learned_addr learned my addr 172.21.15.98:0/2624098011 (peer_addr_for_me v2:172.21.15.98:0/0)
2024-04-01T03:14:28.774 INFO:teuthology.orchestra.run.smithi098.stdout:/usr/bin/ceph: stderr
2024-04-01T03:14:27.961+0000 7f121a59c700 1 -- 172.21.15.98:0/2624098011 --> [v2:172.21.15.98:3300/0,v1:172.21.15.98:6789/0] -- mon_subscribe({config=0+,monmap=0+}) -- 0x7f121c107110 con 0x7f121c1067b0
2024-04-01T03:14:28.774 INFO:teuthology.orchestra.run.smithi098.stdout:/usr/bin/ceph: stderr
2024-04-01T03:14:27.961+0000 7f121a59c700 1 --2- 172.21.15.98:0/2624098011 >> [v2:172.21.15.98:3300/0,v1:172.21.15.98:6789/0] conn(0x7f121c1067b0 0x7f121c106bd0 secure :-1 s=READY pgs=18 cs=0 l=1 rev1=1 crypto rx=0x7f120c0098a0 tx=0x7f120c009bb0 comp rx=0 tx=0).ready entity=mon.0 client_cookie=7028f9cf63af1fc6 server_cookie=0 in_seq=0 out_seq=0
2024-04-01T03:14:28.774 INFO:teuthology.orchestra.run.smithi098.stdout:/usr/bin/ceph: stderr
2024-04-01T03:14:27.962+0000 7f121959a700 1 -- 172.21.15.98:0/2624098011 <== mon.0 v2:172.21.15.98:3300/0 1 ==== mon_map magic: 0 ==== 205+0+0 (secure 0 0 0) 0x7f120c004160 con 0x7f121c1067b0
2024-04-01T03:14:28.774 INFO:teuthology.orchestra.run.smithi098.stdout:/usr/bin/ceph: stderr
2024-04-01T03:14:27.962+0000 7f121959a700 1 -- 172.21.15.98:0/2624098011 <== mon.0 v2:172.21.15.98:3300/0 2 ==== config(29 keys) ==== 1178+0+0 (secure 0 0 0) 0x7f120c004300 con 0x7f121c1067b0
2024-04-01T03:14:28.774 INFO:teuthology.orchestra.run.smithi098.stdout:/usr/bin/ceph: stderr
2024-04-01T03:14:27.962+0000 7f121959a700 1 -- 172.21.15.98:0/2624098011 <== mon.0 v2:172.21.15.98:3300/0 3 ==== mon_map magic: 0 ==== 205+0+0 (secure 0 0 0) 0x7f120c011cc0 con 0x7f121c1067b0
2024-04-01T03:14:28.775 INFO:teuthology.orchestra.run.smithi098.stdout:/usr/bin/ceph: stderr
2024-04-01T03:14:27.963+0000 7f1220bd3700 1 -- 172.21.15.98:0/2624098011 >> [v2:172.21.15.98:3300/0,v1:172.21.15.98:6789/0] conn(0x7f121c1067b0 msgr2=0x7f121c106bd0 secure :-1 s=STATE_CONNECTION_ESTABLISHED l=1).mark_down
2024-04-01T03:14:28.775 INFO:teuthology.orchestra.run.smithi098.stdout:/usr/bin/ceph: stderr
2024-04-01T03:14:27.963+0000 7f1220bd3700 1 --2- 172.21.15.98:0/2624098011 >> [v2:172.21.15.98:3300/0,v1:172.21.15.98:6789/0] conn(0x7f121c1067b0 0x7f121c106bd0 secure :-1 s=READY pgs=18 cs=0 l=1 rev1=1 crypto rx=0x7f120c0098a0 tx=0x7f120c009bb0 comp rx=0 tx=0).stop
2024-04-01T03:14:28.775 INFO:teuthology.orchestra.run.smithi098.stdout:/usr/bin/ceph: stderr
2024-04-01T03:14:27.963+0000 7f1220bd3700 1 -- 172.21.15.98:0/2624098011 shutdown_connections
2024-04-01T03:14:28.775 INFO:teuthology.orchestra.run.smithi098.stdout:/usr/bin/ceph: stderr
2024-04-01T03:14:27.963+0000 7f1220bd3700 1 --2- 172.21.15.98:0/2624098011 >> [v2:172.21.15.98:3300/0,v1:172.21.15.98:6789/0] conn(0x7f121c1067b0 0x7f121c106bd0 unknown :-1 s=CLOSED pgs=18 cs=0 l=1 rev1=1 crypto rx=0 tx=0 comp rx=0 tx=0).stop
2024-04-01T03:14:28.775 INFO:teuthology.orchestra.run.smithi098.stdout:/usr/bin/ceph: stderr
2024-04-01T03:14:27.963+0000 7f1220bd3700 1 -- 172.21.15.98:0/2624098011 >> 172.21.15.98:0/2624098011 conn(0x7f121c102390 msgr2=0x7f121c1047f0 unknown :-1 s=STATE_NONE l=0).mark_down
2024-04-01T03:14:28.775 INFO:teuthology.orchestra.run.smithi098.stdout:/usr/bin/ceph: stderr
2024-04-01T03:14:27.963+0000 7f1220bd3700 1 -- 172.21.15.98:0/2624098011 shutdown_connections
2024-04-01T03:14:28.775 INFO:teuthology.orchestra.run.smithi098.stdout:/usr/bin/ceph: stderr
2024-04-01T03:14:27.963+0000 7f1220bd3700 1 -- 172.21.15.98:0/2624098011 wait complete.
2024-04-01T03:14:28.775 INFO:teuthology.orchestra.run.smithi098.stdout:/usr/bin/ceph: stderr
2024-04-01T03:14:27.964+0000 7f1220bd3700 1 Processor -- start
2024-04-01T03:14:28.775 INFO:teuthology.orchestra.run.smithi098.stdout:/usr/bin/ceph: stderr
2024-04-01T03:14:27.964+0000 7f1220bd3700 1 -- start start
2024-04-01T03:14:28.775 INFO:teuthology.orchestra.run.smithi098.stdout:/usr/bin/ceph: stderr
2024-04-01T03:14:27.964+0000 7f1220bd3700 1 --2- >> [v2:172.21.15.98:3300/0,v1:172.21.15.98:6789/0] conn(0x7f121c1067b0 0x7f121c19e120 unknown :-1 s=NONE pgs=0 cs=0 l=1 rev1=0 crypto rx=0 tx=0 comp rx=0 tx=0).connect
2024-04-01T03:14:28.776 INFO:teuthology.orchestra.run.smithi098.stdout:/usr/bin/ceph: stderr
2024-04-01T03:14:27.964+0000 7f1220bd3700 1 -- --> [v2:172.21.15.98:3300/0,v1:172.21.15.98:6789/0] -- mon_getmap magic: 0 -- 0x7f121c108260 con 0x7f121c1067b0
2024-04-01T03:14:28.776 INFO:teuthology.orchestra.run.smithi098.stdout:/usr/bin/ceph: stderr
2024-04-01T03:14:27.964+0000 7f121a59c700 1 --2- >> [v2:172.21.15.98:3300/0,v1:172.21.15.98:6789/0] conn(0x7f121c1067b0 0x7f121c19e120 unknown :-1 s=BANNER_CONNECTING pgs=0 cs=0 l=1 rev1=0 crypto rx=0 tx=0 comp rx=0 tx=0)._handle_peer_banner_payload supported=3 required=0
2024-04-01T03:14:28.776 INFO:teuthology.orchestra.run.smithi098.stdout:/usr/bin/ceph: stderr
2024-04-01T03:14:27.964+0000 7f121a59c700 1 --2- >> [v2:172.21.15.98:3300/0,v1:172.21.15.98:6789/0] conn(0x7f121c1067b0 0x7f121c19e120 unknown :-1 s=HELLO_CONNECTING pgs=0 cs=0 l=1 rev1=1 crypto rx=0 tx=0 comp rx=0 tx=0).handle_hello peer v2:172.21.15.98:3300/0 says I am v2:172.21.15.98:53376/0 (socket says 172.21.15.98:53376)
2024-04-01T03:14:28.776 INFO:teuthology.orchestra.run.smithi098.stdout:/usr/bin/ceph: stderr
2024-04-01T03:14:27.964+0000 7f121a59c700 1 -- 172.21.15.98:0/2769969105 learned_addr learned my addr 172.21.15.98:0/2769969105 (peer_addr_for_me v2:172.21.15.98:0/0)
2024-04-01T03:14:28.776 INFO:teuthology.orchestra.run.smithi098.stdout:/usr/bin/ceph: stderr
2024-04-01T03:14:27.964+0000 7f121a59c700 1 -- 172.21.15.98:0/2769969105 --> [v2:172.21.15.98:3300/0,v1:172.21.15.98:6789/0] -- mon_subscribe({config=0+,monmap=0+}) -- 0x7f121c19e660 con 0x7f121c1067b0
2024-04-01T03:14:28.776 INFO:teuthology.orchestra.run.smithi098.stdout:/usr/bin/ceph: stderr
2024-04-01T03:14:27.964+0000 7f121a59c700 1 --2- 172.21.15.98:0/2769969105 >> [v2:172.21.15.98:3300/0,v1:172.21.15.98:6789/0] conn(0x7f121c1067b0 0x7f121c19e120 secure :-1 s=READY pgs=19 cs=0 l=1 rev1=1 crypto rx=0x7f120c0038d0 tx=0x7f120c0039b0 comp rx=0 tx=0).ready entity=mon.0 client_cookie=0 server_cookie=0 in_seq=0 out_seq=0
2024-04-01T03:14:28.776 INFO:teuthology.orchestra.run.smithi098.stdout:/usr/bin/ceph: stderr
2024-04-01T03:14:27.965+0000 7f120b7fe700 1 -- 172.21.15.98:0/2769969105 <== mon.0 v2:172.21.15.98:3300/0 1 ==== mon_map magic: 0 ==== 205+0+0 (secure 0 0 0) 0x7f120c003e10 con 0x7f121c1067b0
2024-04-01T03:14:28.776 INFO:teuthology.orchestra.run.smithi098.stdout:/usr/bin/ceph: stderr
2024-04-01T03:14:27.965+0000 7f120b7fe700 1 -- 172.21.15.98:0/2769969105 <== mon.0 v2:172.21.15.98:3300/0 2 ==== config(29 keys) ==== 1178+0+0 (secure 0 0 0) 0x7f120c003fb0 con 0x7f121c1067b0
2024-04-01T03:14:28.777 INFO:teuthology.orchestra.run.smithi098.stdout:/usr/bin/ceph: stderr
2024-04-01T03:14:27.965+0000 7f1220bd3700 1 -- 172.21.15.98:0/2769969105 --> [v2:172.21.15.98:3300/0,v1:172.21.15.98:6789/0] -- mon_subscribe({mgrmap=0+}) -- 0x7f121c19e8f0 con 0x7f121c1067b0
2024-04-01T03:14:28.777 INFO:teuthology.orchestra.run.smithi098.stdout:/usr/bin/ceph: stderr
2024-04-01T03:14:27.965+0000 7f120b7fe700 1 -- 172.21.15.98:0/2769969105 <== mon.0 v2:172.21.15.98:3300/0 3 ==== mon_map magic: 0 ==== 205+0+0 (secure 0 0 0) 0x7f120c024840 con 0x7f121c1067b0
2024-04-01T03:14:28.777 INFO:teuthology.orchestra.run.smithi098.stdout:/usr/bin/ceph: stderr
2024-04-01T03:14:27.965+0000 7f1220bd3700 1 -- 172.21.15.98:0/2769969105 --> [v2:172.21.15.98:3300/0,v1:172.21.15.98:6789/0] -- mon_subscribe({osdmap=0}) -- 0x7f121c1a15e0 con 0x7f121c1067b0
2024-04-01T03:14:28.777 INFO:teuthology.orchestra.run.smithi098.stdout:/usr/bin/ceph: stderr
2024-04-01T03:14:27.965+0000 7f120b7fe700 1 -- 172.21.15.98:0/2769969105 <== mon.0 v2:172.21.15.98:3300/0 4 ==== mgrmap(e 4) ==== 46105+0+0 (secure 0 0 0) 0x7f120c022020 con 0x7f121c1067b0
2024-04-01T03:14:28.777 INFO:teuthology.orchestra.run.smithi098.stdout:/usr/bin/ceph: stderr
2024-04-01T03:14:27.966+0000 7f120b7fe700 1 --2- 172.21.15.98:0/2769969105 >> [v2:172.21.15.98:6800/3642638629,v1:172.21.15.98:6801/3642638629] conn(0x7f1204038e00 0x7f120403b2c0 unknown :-1 s=NONE pgs=0 cs=0 l=1 rev1=0 crypto rx=0 tx=0 comp rx=0 tx=0).connect
2024-04-01T03:14:28.777 INFO:teuthology.orchestra.run.smithi098.stdout:/usr/bin/ceph: stderr
2024-04-01T03:14:27.966+0000 7f120b7fe700 1 -- 172.21.15.98:0/2769969105 <== mon.0 v2:172.21.15.98:3300/0 5 ==== osd_map(1..1 src has 1..1) ==== 725+0+0 (secure 0 0 0) 0x7f120c04db90 con 0x7f121c1067b0
2024-04-01T03:14:28.777 INFO:teuthology.orchestra.run.smithi098.stdout:/usr/bin/ceph: stderr
2024-04-01T03:14:27.966+0000 7f1219d9b700 1 --2- 172.21.15.98:0/2769969105 >> [v2:172.21.15.98:6800/3642638629,v1:172.21.15.98:6801/3642638629] conn(0x7f1204038e00 0x7f120403b2c0 unknown :-1 s=BANNER_CONNECTING pgs=0 cs=0 l=1 rev1=0 crypto rx=0 tx=0 comp rx=0 tx=0)._handle_peer_banner_payload supported=3 required=0
2024-04-01T03:14:28.777 INFO:teuthology.orchestra.run.smithi098.stdout:/usr/bin/ceph: stderr
2024-04-01T03:14:27.966+0000 7f1220bd3700 1 -- 172.21.15.98:0/2769969105 --> [v2:172.21.15.98:3300/0,v1:172.21.15.98:6789/0] -- mon_command({"prefix": "get_command_descriptions"} v 0) -- 0x7f121c063870 con 0x7f121c1067b0
2024-04-01T03:14:28.777 INFO:teuthology.orchestra.run.smithi098.stdout:/usr/bin/ceph: stderr
2024-04-01T03:14:27.966+0000 7f1219d9b700 1 --2- 172.21.15.98:0/2769969105 >> [v2:172.21.15.98:6800/3642638629,v1:172.21.15.98:6801/3642638629] conn(0x7f1204038e00 0x7f120403b2c0 secure :-1 s=READY pgs=6 cs=0 l=1 rev1=1 crypto rx=0x7f1210006fd0 tx=0x7f1210006e40 comp rx=0 tx=0).ready entity=mgr.14100 client_cookie=0 server_cookie=0 in_seq=0 out_seq=0
2024-04-01T03:14:28.777 INFO:teuthology.orchestra.run.smithi098.stdout:/usr/bin/ceph: stderr
2024-04-01T03:14:27.971+0000 7f120b7fe700 1 -- 172.21.15.98:0/2769969105 <== mon.0 v2:172.21.15.98:3300/0 6 ==== mon_command_ack([{"prefix": "get_command_descriptions"}]=0 v0) ==== 72+0+184932 (secure 0 0 0) 0x7f120c016df0 con 0x7f121c1067b0
2024-04-01T03:14:28.777 INFO:teuthology.orchestra.run.smithi098.stdout:/usr/bin/ceph: stderr
2024-04-01T03:14:28.240+0000 7f1220bd3700 1 -- 172.21.15.98:0/2769969105 --> [v2:172.21.15.98:3300/0,v1:172.21.15.98:6789/0] -- mon_command({"prefix": "status", "format": "json-pretty"} v 0) -- 0x7f121c02dd20 con 0x7f121c1067b0
2024-04-01T03:14:28.778 INFO:teuthology.orchestra.run.smithi098.stdout:/usr/bin/ceph: stderr
2024-04-01T03:14:28.241+0000 7f120b7fe700 1 -- 172.21.15.98:0/2769969105 <== mon.0 v2:172.21.15.98:3300/0 7 ==== mon_command_ack([{"prefix": "status", "format": "json-pretty"}]=0 v0) ==== 79+0+1239 (secure 0 0 0) 0x7f120c00bc70 con 0x7f121c1067b0
2024-04-01T03:14:28.778 INFO:teuthology.orchestra.run.smithi098.stdout:/usr/bin/ceph: stderr
2024-04-01T03:14:28.243+0000 7f1220bd3700 1 -- 172.21.15.98:0/2769969105 >> [v2:172.21.15.98:6800/3642638629,v1:172.21.15.98:6801/3642638629] conn(0x7f1204038e00 msgr2=0x7f120403b2c0 secure :-1 s=STATE_CONNECTION_ESTABLISHED l=1).mark_down
2024-04-01T03:14:28.778 INFO:teuthology.orchestra.run.smithi098.stdout:/usr/bin/ceph: stderr
2024-04-01T03:14:28.243+0000 7f1220bd3700 1 --2- 172.21.15.98:0/2769969105 >> [v2:172.21.15.98:6800/3642638629,v1:172.21.15.98:6801/3642638629] conn(0x7f1204038e00 0x7f120403b2c0 secure :-1 s=READY pgs=6 cs=0 l=1 rev1=1 crypto rx=0x7f1210006fd0 tx=0x7f1210006e40 comp rx=0 tx=0).stop
2024-04-01T03:14:28.778 INFO:teuthology.orchestra.run.smithi098.stdout:/usr/bin/ceph: stderr
2024-04-01T03:14:28.243+0000 7f1220bd3700 1 -- 172.21.15.98:0/2769969105 >> [v2:172.21.15.98:3300/0,v1:172.21.15.98:6789/0] conn(0x7f121c1067b0 msgr2=0x7f121c19e120 secure :-1 s=STATE_CONNECTION_ESTABLISHED l=1).mark_down
2024-04-01T03:14:28.778 INFO:teuthology.orchestra.run.smithi098.stdout:/usr/bin/ceph: stderr
2024-04-01T03:14:28.243+0000 7f1220bd3700 1 --2- 172.21.15.98:0/2769969105 >> [v2:172.21.15.98:3300/0,v1:172.21.15.98:6789/0] conn(0x7f121c1067b0 0x7f121c19e120 secure :-1 s=READY pgs=19 cs=0 l=1 rev1=1 crypto rx=0x7f120c0038d0 tx=0x7f120c0039b0 comp rx=0 tx=0).stop
2024-04-01T03:14:28.778 INFO:teuthology.orchestra.run.smithi098.stdout:/usr/bin/ceph: stderr
2024-04-01T03:14:28.243+0000 7f1220bd3700 1 -- 172.21.15.98:0/2769969105 shutdown_connections
2024-04-01T03:14:28.778 INFO:teuthology.orchestra.run.smithi098.stdout:/usr/bin/ceph: stderr
2024-04-01T03:14:28.243+0000 7f1220bd3700 1 --2- 172.21.15.98:0/2769969105 >> [v2:172.21.15.98:6800/3642638629,v1:172.21.15.98:6801/3642638629] conn(0x7f1204038e00 0x7f120403b2c0 unknown :-1 s=CLOSED pgs=6 cs=0 l=1 rev1=1 crypto rx=0 tx=0 comp rx=0 tx=0).stop
2024-04-01T03:14:28.778 INFO:teuthology.orchestra.run.smithi098.stdout:/usr/bin/ceph: stderr
2024-04-01T03:14:28.243+0000 7f1220bd3700 1 --2- 172.21.15.98:0/2769969105 >> [v2:172.21.15.98:3300/0,v1:172.21.15.98:6789/0] conn(0x7f121c1067b0 0x7f121c19e120 unknown :-1 s=CLOSED pgs=19 cs=0 l=1 rev1=1 crypto rx=0 tx=0 comp rx=0 tx=0).stop
2024-04-01T03:14:28.778 INFO:teuthology.orchestra.run.smithi098.stdout:/usr/bin/ceph: stderr
2024-04-01T03:14:28.243+0000 7f1220bd3700 1 -- 172.21.15.98:0/2769969105 >> 172.21.15.98:0/2769969105 conn(0x7f121c102390 msgr2=0x7f121c194d60 unknown :-1 s=STATE_NONE l=0).mark_down
2024-04-01T03:14:28.778 INFO:teuthology.orchestra.run.smithi098.stdout:/usr/bin/ceph: stderr
2024-04-01T03:14:28.243+0000 7f1220bd3700 1 -- 172.21.15.98:0/2769969105 shutdown_connections
2024-04-01T03:14:28.778 INFO:teuthology.orchestra.run.smithi098.stdout:/usr/bin/ceph: stderr
2024-04-01T03:14:28.243+0000 7f1220bd3700 1 -- 172.21.15.98:0/2769969105 wait complete.
2024-04-01T03:14:28.778 INFO:teuthology.orchestra.run.smithi098.stdout:mgr is available
2024-04-01T03:14:29.367 INFO:journalctl@ceph.mon.a.smithi098.stdout:Apr 01 03:14:28 smithi098 ceph-mon[31941]: from='client.? 172.21.15.98:0/2769969105' entity='client.admin' cmd=[{"prefix": "status", "format": "json-pretty"}]: dispatch
2024-04-01T03:14:29.944 INFO:teuthology.orchestra.run.smithi098.stdout:/usr/bin/ceph: stdout
2024-04-01T03:14:29.944 INFO:teuthology.orchestra.run.smithi098.stdout:/usr/bin/ceph: stdout [global]
2024-04-01T03:14:29.944 INFO:teuthology.orchestra.run.smithi098.stdout:/usr/bin/ceph: stdout fsid = c69189fe-efd5-11ee-b647-cb9ed24678a4
2024-04-01T03:14:29.944 INFO:teuthology.orchestra.run.smithi098.stdout:/usr/bin/ceph: stdout mon_osd_allow_pg_remap = true
2024-04-01T03:14:29.944 INFO:teuthology.orchestra.run.smithi098.stdout:/usr/bin/ceph: stdout mon_osd_allow_primary_affinity = true
2024-04-01T03:14:29.944 INFO:teuthology.orchestra.run.smithi098.stdout:/usr/bin/ceph: stdout mon_warn_on_no_sortbitwise = false
2024-04-01T03:14:29.944 INFO:teuthology.orchestra.run.smithi098.stdout:/usr/bin/ceph: stdout osd_crush_chooseleaf_type = 0
2024-04-01T03:14:29.944 INFO:teuthology.orchestra.run.smithi098.stdout:/usr/bin/ceph: stdout
2024-04-01T03:14:29.944 INFO:teuthology.orchestra.run.smithi098.stdout:/usr/bin/ceph: stdout [mgr]
2024-04-01T03:14:29.944 INFO:teuthology.orchestra.run.smithi098.stdout:/usr/bin/ceph: stdout mgr/telemetry/nag = false
2024-04-01T03:14:29.945 INFO:teuthology.orchestra.run.smithi098.stdout:/usr/bin/ceph: stdout
2024-04-01T03:14:29.945 INFO:teuthology.orchestra.run.smithi098.stdout:/usr/bin/ceph: stdout [osd]
2024-04-01T03:14:29.945 INFO:teuthology.orchestra.run.smithi098.stdout:/usr/bin/ceph: stdout mon_osd_backfillfull_ratio = 0.85
2024-04-01T03:14:29.945 INFO:teuthology.orchestra.run.smithi098.stdout:/usr/bin/ceph: stdout mon_osd_full_ratio = 0.9
2024-04-01T03:14:29.945 INFO:teuthology.orchestra.run.smithi098.stdout:/usr/bin/ceph: stdout mon_osd_nearfull_ratio = 0.8
2024-04-01T03:14:29.945 INFO:teuthology.orchestra.run.smithi098.stdout:/usr/bin/ceph: stdout osd_map_max_advance = 10
2024-04-01T03:14:29.945 INFO:teuthology.orchestra.run.smithi098.stdout:/usr/bin/ceph: stdout osd_sloppy_crc = true
2024-04-01T03:14:29.945 INFO:teuthology.orchestra.run.smithi098.stdout:/usr/bin/ceph: stderr
2024-04-01T03:14:29.168+0000 7ff94289d700 1 Processor -- start
2024-04-01T03:14:29.945 INFO:teuthology.orchestra.run.smithi098.stdout:/usr/bin/ceph: stderr
2024-04-01T03:14:29.168+0000 7ff94289d700 1 -- start start
2024-04-01T03:14:29.945 INFO:teuthology.orchestra.run.smithi098.stdout:/usr/bin/ceph: stderr
2024-04-01T03:14:29.168+0000 7ff94289d700 1 --2- >> [v2:172.21.15.98:3300/0,v1:172.21.15.98:6789/0] conn(0x7ff93c108a60 0x7ff93c10ae50 unknown :-1 s=NONE pgs=0 cs=0 l=0 rev1=0 crypto rx=0 tx=0 comp rx=0 tx=0).connect
2024-04-01T03:14:29.945 INFO:teuthology.orchestra.run.smithi098.stdout:/usr/bin/ceph: stderr
2024-04-01T03:14:29.168+0000 7ff94289d700 1 -- --> [v2:172.21.15.98:3300/0,v1:172.21.15.98:6789/0] -- mon_getmap magic: 0 -- 0x7ff93c07bde0 con 0x7ff93c108a60
2024-04-01T03:14:29.946 INFO:teuthology.orchestra.run.smithi098.stdout:/usr/bin/ceph: stderr
2024-04-01T03:14:29.169+0000 7ff93bfff700 1 --2- >> [v2:172.21.15.98:3300/0,v1:172.21.15.98:6789/0] conn(0x7ff93c108a60 0x7ff93c10ae50 unknown :-1 s=BANNER_CONNECTING pgs=0 cs=0 l=0 rev1=0 crypto rx=0 tx=0 comp rx=0 tx=0)._handle_peer_banner_payload supported=3 required=0
2024-04-01T03:14:29.946 INFO:teuthology.orchestra.run.smithi098.stdout:/usr/bin/ceph: stderr
2024-04-01T03:14:29.169+0000 7ff93bfff700 1 --2- >> [v2:172.21.15.98:3300/0,v1:172.21.15.98:6789/0] conn(0x7ff93c108a60 0x7ff93c10ae50 unknown :-1 s=HELLO_CONNECTING pgs=0 cs=0 l=0 rev1=1 crypto rx=0 tx=0 comp rx=0 tx=0).handle_hello peer v2:172.21.15.98:3300/0 says I am v2:172.21.15.98:45042/0 (socket says 172.21.15.98:45042)
2024-04-01T03:14:29.946 INFO:teuthology.orchestra.run.smithi098.stdout:/usr/bin/ceph: stderr
2024-04-01T03:14:29.169+0000 7ff93bfff700 1 -- 172.21.15.98:0/1213591332 learned_addr learned my addr 172.21.15.98:0/1213591332 (peer_addr_for_me v2:172.21.15.98:0/0)
2024-04-01T03:14:29.946 INFO:teuthology.orchestra.run.smithi098.stdout:/usr/bin/ceph: stderr
2024-04-01T03:14:29.169+0000 7ff93bfff700 1 -- 172.21.15.98:0/1213591332 --> [v2:172.21.15.98:3300/0,v1:172.21.15.98:6789/0] -- mon_subscribe({config=0+,monmap=0+}) -- 0x7ff93c10b390 con 0x7ff93c108a60
2024-04-01T03:14:29.946 INFO:teuthology.orchestra.run.smithi098.stdout:/usr/bin/ceph: stderr
2024-04-01T03:14:29.169+0000 7ff93bfff700 1 --2- 172.21.15.98:0/1213591332 >> [v2:172.21.15.98:3300/0,v1:172.21.15.98:6789/0] conn(0x7ff93c108a60 0x7ff93c10ae50 secure :-1 s=READY pgs=20 cs=0 l=1 rev1=1 crypto rx=0x7ff92c0098a0 tx=0x7ff92c009bb0 comp rx=0 tx=0).ready entity=mon.0 client_cookie=fd279ac171a7963e server_cookie=0 in_seq=0 out_seq=0
2024-04-01T03:14:29.946 INFO:teuthology.orchestra.run.smithi098.stdout:/usr/bin/ceph: stderr
2024-04-01T03:14:29.169+0000 7ff93affd700 1 -- 172.21.15.98:0/1213591332 <== mon.0 v2:172.21.15.98:3300/0 1 ==== mon_map magic: 0 ==== 205+0+0 (secure 0 0 0) 0x7ff92c004160 con 0x7ff93c108a60
2024-04-01T03:14:29.946 INFO:teuthology.orchestra.run.smithi098.stdout:/usr/bin/ceph: stderr
2024-04-01T03:14:29.169+0000 7ff93affd700 1 -- 172.21.15.98:0/1213591332 <== mon.0 v2:172.21.15.98:3300/0 2 ==== config(29 keys) ==== 1178+0+0 (secure 0 0 0) 0x7ff92c004300 con 0x7ff93c108a60
2024-04-01T03:14:29.946 INFO:teuthology.orchestra.run.smithi098.stdout:/usr/bin/ceph: stderr
2024-04-01T03:14:29.169+0000 7ff93affd700 1 -- 172.21.15.98:0/1213591332 <== mon.0 v2:172.21.15.98:3300/0 3 ==== mon_map magic: 0 ==== 205+0+0 (secure 0 0 0) 0x7ff92c011cc0 con 0x7ff93c108a60
2024-04-01T03:14:29.946 INFO:teuthology.orchestra.run.smithi098.stdout:/usr/bin/ceph: stderr
2024-04-01T03:14:29.170+0000 7ff94289d700 1 -- 172.21.15.98:0/1213591332 >> [v2:172.21.15.98:3300/0,v1:172.21.15.98:6789/0] conn(0x7ff93c108a60 msgr2=0x7ff93c10ae50 secure :-1 s=STATE_CONNECTION_ESTABLISHED l=1).mark_down
2024-04-01T03:14:29.946 INFO:teuthology.orchestra.run.smithi098.stdout:/usr/bin/ceph: stderr
2024-04-01T03:14:29.170+0000 7ff94289d700 1 --2- 172.21.15.98:0/1213591332 >> [v2:172.21.15.98:3300/0,v1:172.21.15.98:6789/0] conn(0x7ff93c108a60 0x7ff93c10ae50 secure :-1 s=READY pgs=20 cs=0 l=1 rev1=1 crypto rx=0x7ff92c0098a0 tx=0x7ff92c009bb0 comp rx=0 tx=0).stop
2024-04-01T03:14:29.947 INFO:teuthology.orchestra.run.smithi098.stdout:/usr/bin/ceph: stderr
2024-04-01T03:14:29.170+0000 7ff94289d700 1 -- 172.21.15.98:0/1213591332 shutdown_connections
2024-04-01T03:14:29.947 INFO:teuthology.orchestra.run.smithi098.stdout:/usr/bin/ceph: stderr
2024-04-01T03:14:29.170+0000 7ff94289d700 1 --2- 172.21.15.98:0/1213591332 >> [v2:172.21.15.98:3300/0,v1:172.21.15.98:6789/0] conn(0x7ff93c108a60 0x7ff93c10ae50 unknown :-1 s=CLOSED pgs=20 cs=0 l=1 rev1=1 crypto rx=0 tx=0 comp rx=0 tx=0).stop
2024-04-01T03:14:29.947 INFO:teuthology.orchestra.run.smithi098.stdout:/usr/bin/ceph: stderr
2024-04-01T03:14:29.170+0000 7ff94289d700 1 -- 172.21.15.98:0/1213591332 >> 172.21.15.98:0/1213591332 conn(0x7ff93c1023f0 msgr2=0x7ff93c104810 unknown :-1 s=STATE_NONE l=0).mark_down
2024-04-01T03:14:29.947 INFO:teuthology.orchestra.run.smithi098.stdout:/usr/bin/ceph: stderr
2024-04-01T03:14:29.170+0000 7ff94289d700 1 -- 172.21.15.98:0/1213591332 shutdown_connections
2024-04-01T03:14:29.947 INFO:teuthology.orchestra.run.smithi098.stdout:/usr/bin/ceph: stderr
2024-04-01T03:14:29.170+0000 7ff94289d700 1 -- 172.21.15.98:0/1213591332 wait complete.
2024-04-01T03:14:29.947 INFO:teuthology.orchestra.run.smithi098.stdout:/usr/bin/ceph: stderr
2024-04-01T03:14:29.170+0000 7ff94289d700 1 Processor -- start
2024-04-01T03:14:29.947 INFO:teuthology.orchestra.run.smithi098.stdout:/usr/bin/ceph: stderr
2024-04-01T03:14:29.170+0000 7ff94289d700 1 -- start start
2024-04-01T03:14:29.947 INFO:teuthology.orchestra.run.smithi098.stdout:/usr/bin/ceph: stderr
2024-04-01T03:14:29.171+0000 7ff94289d700 1 --2- >> [v2:172.21.15.98:3300/0,v1:172.21.15.98:6789/0] conn(0x7ff93c108a60 0x7ff93c19bf70 unknown :-1 s=NONE pgs=0 cs=0 l=1 rev1=0 crypto rx=0 tx=0 comp rx=0 tx=0).connect
2024-04-01T03:14:29.947 INFO:teuthology.orchestra.run.smithi098.stdout:/usr/bin/ceph: stderr
2024-04-01T03:14:29.171+0000 7ff94289d700 1 -- --> [v2:172.21.15.98:3300/0,v1:172.21.15.98:6789/0] -- mon_getmap magic: 0 -- 0x7ff93c10c3b0 con 0x7ff93c108a60
2024-04-01T03:14:29.948 INFO:teuthology.orchestra.run.smithi098.stdout:/usr/bin/ceph: stderr
2024-04-01T03:14:29.171+0000 7ff93bfff700 1 --2- >> [v2:172.21.15.98:3300/0,v1:172.21.15.98:6789/0] conn(0x7ff93c108a60 0x7ff93c19bf70 unknown :-1 s=BANNER_CONNECTING pgs=0 cs=0 l=1 rev1=0 crypto rx=0 tx=0 comp rx=0 tx=0)._handle_peer_banner_payload supported=3 required=0
2024-04-01T03:14:29.948 INFO:teuthology.orchestra.run.smithi098.stdout:/usr/bin/ceph: stderr
2024-04-01T03:14:29.171+0000 7ff93bfff700 1 --2- >> [v2:172.21.15.98:3300/0,v1:172.21.15.98:6789/0] conn(0x7ff93c108a60 0x7ff93c19bf70 unknown :-1 s=HELLO_CONNECTING pgs=0 cs=0 l=1 rev1=1 crypto rx=0 tx=0 comp rx=0 tx=0).handle_hello peer v2:172.21.15.98:3300/0 says I am v2:172.21.15.98:45046/0 (socket says 172.21.15.98:45046)
2024-04-01T03:14:29.948 INFO:teuthology.orchestra.run.smithi098.stdout:/usr/bin/ceph: stderr
2024-04-01T03:14:29.171+0000 7ff93bfff700 1 -- 172.21.15.98:0/3947619028 learned_addr learned my addr 172.21.15.98:0/3947619028 (peer_addr_for_me v2:172.21.15.98:0/0)
2024-04-01T03:14:29.948 INFO:teuthology.orchestra.run.smithi098.stdout:/usr/bin/ceph: stderr
2024-04-01T03:14:29.171+0000 7ff93bfff700 1 -- 172.21.15.98:0/3947619028 --> [v2:172.21.15.98:3300/0,v1:172.21.15.98:6789/0] -- mon_subscribe({config=0+,monmap=0+}) -- 0x7ff93c19c4b0 con 0x7ff93c108a60
2024-04-01T03:14:29.948 INFO:teuthology.orchestra.run.smithi098.stdout:/usr/bin/ceph: stderr
2024-04-01T03:14:29.171+0000 7ff93bfff700 1 --2- 172.21.15.98:0/3947619028 >> [v2:172.21.15.98:3300/0,v1:172.21.15.98:6789/0] conn(0x7ff93c108a60 0x7ff93c19bf70 secure :-1 s=READY pgs=21 cs=0 l=1 rev1=1 crypto rx=0x7ff92c0117a0 tx=0x7ff92c003980 comp rx=0 tx=0).ready entity=mon.0 client_cookie=0 server_cookie=0 in_seq=0 out_seq=0
2024-04-01T03:14:29.948 INFO:teuthology.orchestra.run.smithi098.stdout:/usr/bin/ceph: stderr
