2024-04-01T03:14:29.171+0000 7ff9397fa700 1 -- 172.21.15.98:0/3947619028 <== mon.0 v2:172.21.15.98:3300/0 1 ==== mon_map magic: 0 ==== 205+0+0 (secure 0 0 0) 0x7ff92c011dd0 con 0x7ff93c108a60
2024-04-01T03:14:29.948 INFO:teuthology.orchestra.run.smithi098.stdout:/usr/bin/ceph: stderr
2024-04-01T03:14:29.171+0000 7ff9397fa700 1 -- 172.21.15.98:0/3947619028 <== mon.0 v2:172.21.15.98:3300/0 2 ==== config(29 keys) ==== 1178+0+0 (secure 0 0 0) 0x7ff92c024430 con 0x7ff93c108a60
2024-04-01T03:14:29.948 INFO:teuthology.orchestra.run.smithi098.stdout:/usr/bin/ceph: stderr
2024-04-01T03:14:29.171+0000 7ff94289d700 1 -- 172.21.15.98:0/3947619028 --> [v2:172.21.15.98:3300/0,v1:172.21.15.98:6789/0] -- mon_subscribe({mgrmap=0+}) -- 0x7ff93c19c740 con 0x7ff93c108a60
2024-04-01T03:14:29.948 INFO:teuthology.orchestra.run.smithi098.stdout:/usr/bin/ceph: stderr
2024-04-01T03:14:29.171+0000 7ff9397fa700 1 -- 172.21.15.98:0/3947619028 <== mon.0 v2:172.21.15.98:3300/0 3 ==== mon_map magic: 0 ==== 205+0+0 (secure 0 0 0) 0x7ff92c01a6d0 con 0x7ff93c108a60
2024-04-01T03:14:29.948 INFO:teuthology.orchestra.run.smithi098.stdout:/usr/bin/ceph: stderr
2024-04-01T03:14:29.171+0000 7ff94289d700 1 -- 172.21.15.98:0/3947619028 --> [v2:172.21.15.98:3300/0,v1:172.21.15.98:6789/0] -- mon_subscribe({osdmap=0}) -- 0x7ff93c19f430 con 0x7ff93c108a60
2024-04-01T03:14:29.949 INFO:teuthology.orchestra.run.smithi098.stdout:/usr/bin/ceph: stderr
2024-04-01T03:14:29.172+0000 7ff9397fa700 1 -- 172.21.15.98:0/3947619028 <== mon.0 v2:172.21.15.98:3300/0 4 ==== mgrmap(e 4) ==== 46105+0+0 (secure 0 0 0) 0x7ff92c01a9a0 con 0x7ff93c108a60
2024-04-01T03:14:29.949 INFO:teuthology.orchestra.run.smithi098.stdout:/usr/bin/ceph: stderr
2024-04-01T03:14:29.172+0000 7ff94289d700 1 -- 172.21.15.98:0/3947619028 --> [v2:172.21.15.98:3300/0,v1:172.21.15.98:6789/0] -- mon_command({"prefix": "get_command_descriptions"} v 0) -- 0x7ff93c063870 con 0x7ff93c108a60
2024-04-01T03:14:29.949 INFO:teuthology.orchestra.run.smithi098.stdout:/usr/bin/ceph: stderr
2024-04-01T03:14:29.172+0000 7ff9397fa700 1 --2- 172.21.15.98:0/3947619028 >> [v2:172.21.15.98:6800/3642638629,v1:172.21.15.98:6801/3642638629] conn(0x7ff924038d60 0x7ff92403b220 unknown :-1 s=NONE pgs=0 cs=0 l=1 rev1=0 crypto rx=0 tx=0 comp rx=0 tx=0).connect
2024-04-01T03:14:29.949 INFO:teuthology.orchestra.run.smithi098.stdout:/usr/bin/ceph: stderr
2024-04-01T03:14:29.172+0000 7ff9397fa700 1 -- 172.21.15.98:0/3947619028 <== mon.0 v2:172.21.15.98:3300/0 5 ==== osd_map(1..1 src has 1..1) ==== 725+0+0 (secure 0 0 0) 0x7ff92c04cfd0 con 0x7ff93c108a60
2024-04-01T03:14:29.949 INFO:teuthology.orchestra.run.smithi098.stdout:/usr/bin/ceph: stderr
2024-04-01T03:14:29.173+0000 7ff93b7fe700 1 --2- 172.21.15.98:0/3947619028 >> [v2:172.21.15.98:6800/3642638629,v1:172.21.15.98:6801/3642638629] conn(0x7ff924038d60 0x7ff92403b220 unknown :-1 s=BANNER_CONNECTING pgs=0 cs=0 l=1 rev1=0 crypto rx=0 tx=0 comp rx=0 tx=0)._handle_peer_banner_payload supported=3 required=0
2024-04-01T03:14:29.949 INFO:teuthology.orchestra.run.smithi098.stdout:/usr/bin/ceph: stderr
2024-04-01T03:14:29.173+0000 7ff93b7fe700 1 --2- 172.21.15.98:0/3947619028 >> [v2:172.21.15.98:6800/3642638629,v1:172.21.15.98:6801/3642638629] conn(0x7ff924038d60 0x7ff92403b220 secure :-1 s=READY pgs=7 cs=0 l=1 rev1=1 crypto rx=0x7ff930006fd0 tx=0x7ff930006e40 comp rx=0 tx=0).ready entity=mgr.14100 client_cookie=0 server_cookie=0 in_seq=0 out_seq=0
2024-04-01T03:14:29.949 INFO:teuthology.orchestra.run.smithi098.stdout:/usr/bin/ceph: stderr
2024-04-01T03:14:29.177+0000 7ff9397fa700 1 -- 172.21.15.98:0/3947619028 <== mon.0 v2:172.21.15.98:3300/0 6 ==== mon_command_ack([{"prefix": "get_command_descriptions"}]=0 v0) ==== 72+0+184932 (secure 0 0 0) 0x7ff92c016df0 con 0x7ff93c108a60
2024-04-01T03:14:29.949 INFO:teuthology.orchestra.run.smithi098.stdout:/usr/bin/ceph: stderr
2024-04-01T03:14:29.367+0000 7ff94289d700 1 -- 172.21.15.98:0/3947619028 --> [v2:172.21.15.98:3300/0,v1:172.21.15.98:6789/0] -- mon_command({"prefix": "config assimilate-conf"} v 0) -- 0x7ff93c19f600 con 0x7ff93c108a60
2024-04-01T03:14:29.950 INFO:teuthology.orchestra.run.smithi098.stdout:/usr/bin/ceph: stderr
2024-04-01T03:14:29.368+0000 7ff9397fa700 1 -- 172.21.15.98:0/3947619028 <== mon.0 v2:172.21.15.98:3300/0 7 ==== mon_command_ack([{"prefix": "config assimilate-conf"}]=0 v3) ==== 70+0+373 (secure 0 0 0) 0x7ff93c19f600 con 0x7ff93c108a60
2024-04-01T03:14:29.950 INFO:teuthology.orchestra.run.smithi098.stdout:/usr/bin/ceph: stderr
2024-04-01T03:14:29.371+0000 7ff94289d700 1 -- 172.21.15.98:0/3947619028 >> [v2:172.21.15.98:6800/3642638629,v1:172.21.15.98:6801/3642638629] conn(0x7ff924038d60 msgr2=0x7ff92403b220 secure :-1 s=STATE_CONNECTION_ESTABLISHED l=1).mark_down
2024-04-01T03:14:29.950 INFO:teuthology.orchestra.run.smithi098.stdout:/usr/bin/ceph: stderr
2024-04-01T03:14:29.371+0000 7ff94289d700 1 --2- 172.21.15.98:0/3947619028 >> [v2:172.21.15.98:6800/3642638629,v1:172.21.15.98:6801/3642638629] conn(0x7ff924038d60 0x7ff92403b220 secure :-1 s=READY pgs=7 cs=0 l=1 rev1=1 crypto rx=0x7ff930006fd0 tx=0x7ff930006e40 comp rx=0 tx=0).stop
2024-04-01T03:14:29.950 INFO:teuthology.orchestra.run.smithi098.stdout:/usr/bin/ceph: stderr
2024-04-01T03:14:29.371+0000 7ff94289d700 1 -- 172.21.15.98:0/3947619028 >> [v2:172.21.15.98:3300/0,v1:172.21.15.98:6789/0] conn(0x7ff93c108a60 msgr2=0x7ff93c19bf70 secure :-1 s=STATE_CONNECTION_ESTABLISHED l=1).mark_down
2024-04-01T03:14:29.950 INFO:teuthology.orchestra.run.smithi098.stdout:/usr/bin/ceph: stderr
2024-04-01T03:14:29.371+0000 7ff94289d700 1 --2- 172.21.15.98:0/3947619028 >> [v2:172.21.15.98:3300/0,v1:172.21.15.98:6789/0] conn(0x7ff93c108a60 0x7ff93c19bf70 secure :-1 s=READY pgs=21 cs=0 l=1 rev1=1 crypto rx=0x7ff92c0117a0 tx=0x7ff92c003980 comp rx=0 tx=0).stop
2024-04-01T03:14:29.950 INFO:teuthology.orchestra.run.smithi098.stdout:/usr/bin/ceph: stderr
2024-04-01T03:14:29.371+0000 7ff94289d700 1 -- 172.21.15.98:0/3947619028 shutdown_connections
2024-04-01T03:14:29.950 INFO:teuthology.orchestra.run.smithi098.stdout:/usr/bin/ceph: stderr
2024-04-01T03:14:29.371+0000 7ff94289d700 1 --2- 172.21.15.98:0/3947619028 >> [v2:172.21.15.98:6800/3642638629,v1:172.21.15.98:6801/3642638629] conn(0x7ff924038d60 0x7ff92403b220 unknown :-1 s=CLOSED pgs=7 cs=0 l=1 rev1=1 crypto rx=0 tx=0 comp rx=0 tx=0).stop
2024-04-01T03:14:29.950 INFO:teuthology.orchestra.run.smithi098.stdout:/usr/bin/ceph: stderr
2024-04-01T03:14:29.371+0000 7ff94289d700 1 --2- 172.21.15.98:0/3947619028 >> [v2:172.21.15.98:3300/0,v1:172.21.15.98:6789/0] conn(0x7ff93c108a60 0x7ff93c19bf70 unknown :-1 s=CLOSED pgs=21 cs=0 l=1 rev1=1 crypto rx=0 tx=0 comp rx=0 tx=0).stop
2024-04-01T03:14:29.950 INFO:teuthology.orchestra.run.smithi098.stdout:/usr/bin/ceph: stderr
2024-04-01T03:14:29.371+0000 7ff94289d700 1 -- 172.21.15.98:0/3947619028 >> 172.21.15.98:0/3947619028 conn(0x7ff93c1023f0 msgr2=0x7ff93c102e90 unknown :-1 s=STATE_NONE l=0).mark_down
2024-04-01T03:14:29.950 INFO:teuthology.orchestra.run.smithi098.stdout:/usr/bin/ceph: stderr
2024-04-01T03:14:29.371+0000 7ff94289d700 1 -- 172.21.15.98:0/3947619028 shutdown_connections
2024-04-01T03:14:29.951 INFO:teuthology.orchestra.run.smithi098.stdout:/usr/bin/ceph: stderr
2024-04-01T03:14:29.371+0000 7ff94289d700 1 -- 172.21.15.98:0/3947619028 wait complete.
2024-04-01T03:14:29.951 INFO:teuthology.orchestra.run.smithi098.stdout:Enabling cephadm module...
2024-04-01T03:14:30.238 INFO:journalctl@ceph.mon.a.smithi098.stdout:Apr 01 03:14:29 smithi098 ceph-mon[31941]: from='client.? 172.21.15.98:0/3947619028' entity='client.admin' cmd=[{"prefix": "config assimilate-conf"}]: dispatch
2024-04-01T03:14:31.265 INFO:journalctl@ceph.mon.a.smithi098.stdout:Apr 01 03:14:30 smithi098 ceph-mon[31941]: from='client.? 172.21.15.98:0/4044610770' entity='client.admin' cmd=[{"prefix": "mgr module enable", "module": "cephadm"}]: dispatch
2024-04-01T03:14:31.265 INFO:journalctl@ceph.mgr.x.smithi098.stdout:Apr 01 03:14:31 smithi098 ceph-c69189fe-efd5-11ee-b647-cb9ed24678a4-mgr-x[32178]: ignoring --setuser ceph since I am not root
2024-04-01T03:14:31.265 INFO:journalctl@ceph.mgr.x.smithi098.stdout:Apr 01 03:14:31 smithi098 ceph-c69189fe-efd5-11ee-b647-cb9ed24678a4-mgr-x[32178]: ignoring --setgroup ceph since I am not root
2024-04-01T03:14:31.573 INFO:teuthology.orchestra.run.smithi098.stdout:/usr/bin/ceph: stderr
2024-04-01T03:14:30.336+0000 7f970adc8700 1 Processor -- start
2024-04-01T03:14:31.573 INFO:teuthology.orchestra.run.smithi098.stdout:/usr/bin/ceph: stderr
2024-04-01T03:14:30.336+0000 7f970adc8700 1 -- start start
2024-04-01T03:14:31.573 INFO:teuthology.orchestra.run.smithi098.stdout:/usr/bin/ceph: stderr
2024-04-01T03:14:30.336+0000 7f970adc8700 1 --2- >> [v2:172.21.15.98:3300/0,v1:172.21.15.98:6789/0] conn(0x7f97041089c0 0x7f970410adb0 unknown :-1 s=NONE pgs=0 cs=0 l=0 rev1=0 crypto rx=0 tx=0 comp rx=0 tx=0).connect
2024-04-01T03:14:31.573 INFO:teuthology.orchestra.run.smithi098.stdout:/usr/bin/ceph: stderr
2024-04-01T03:14:30.336+0000 7f970adc8700 1 -- --> [v2:172.21.15.98:3300/0,v1:172.21.15.98:6789/0] -- mon_getmap magic: 0 -- 0x7f970407be80 con 0x7f97041089c0
2024-04-01T03:14:31.573 INFO:teuthology.orchestra.run.smithi098.stdout:/usr/bin/ceph: stderr
2024-04-01T03:14:30.337+0000 7f9708b64700 1 --2- >> [v2:172.21.15.98:3300/0,v1:172.21.15.98:6789/0] conn(0x7f97041089c0 0x7f970410adb0 unknown :-1 s=BANNER_CONNECTING pgs=0 cs=0 l=0 rev1=0 crypto rx=0 tx=0 comp rx=0 tx=0)._handle_peer_banner_payload supported=3 required=0
2024-04-01T03:14:31.573 INFO:teuthology.orchestra.run.smithi098.stdout:/usr/bin/ceph: stderr
2024-04-01T03:14:30.337+0000 7f9708b64700 1 --2- >> [v2:172.21.15.98:3300/0,v1:172.21.15.98:6789/0] conn(0x7f97041089c0 0x7f970410adb0 unknown :-1 s=HELLO_CONNECTING pgs=0 cs=0 l=0 rev1=1 crypto rx=0 tx=0 comp rx=0 tx=0).handle_hello peer v2:172.21.15.98:3300/0 says I am v2:172.21.15.98:45054/0 (socket says 172.21.15.98:45054)
2024-04-01T03:14:31.573 INFO:teuthology.orchestra.run.smithi098.stdout:/usr/bin/ceph: stderr
2024-04-01T03:14:30.337+0000 7f9708b64700 1 -- 172.21.15.98:0/2972318553 learned_addr learned my addr 172.21.15.98:0/2972318553 (peer_addr_for_me v2:172.21.15.98:0/0)
2024-04-01T03:14:31.573 INFO:teuthology.orchestra.run.smithi098.stdout:/usr/bin/ceph: stderr
2024-04-01T03:14:30.337+0000 7f9708b64700 1 -- 172.21.15.98:0/2972318553 --> [v2:172.21.15.98:3300/0,v1:172.21.15.98:6789/0] -- mon_subscribe({config=0+,monmap=0+}) -- 0x7f970410b2f0 con 0x7f97041089c0
2024-04-01T03:14:31.573 INFO:teuthology.orchestra.run.smithi098.stdout:/usr/bin/ceph: stderr
2024-04-01T03:14:30.337+0000 7f9708b64700 1 --2- 172.21.15.98:0/2972318553 >> [v2:172.21.15.98:3300/0,v1:172.21.15.98:6789/0] conn(0x7f97041089c0 0x7f970410adb0 secure :-1 s=READY pgs=22 cs=0 l=1 rev1=1 crypto rx=0x7f96f8009e80 tx=0x7f96f800b330 comp rx=0 tx=0).ready entity=mon.0 client_cookie=bfb4d398f290d10 server_cookie=0 in_seq=0 out_seq=0
2024-04-01T03:14:31.573 INFO:teuthology.orchestra.run.smithi098.stdout:/usr/bin/ceph: stderr
2024-04-01T03:14:30.337+0000 7f97037fe700 1 -- 172.21.15.98:0/2972318553 <== mon.0 v2:172.21.15.98:3300/0 1 ==== mon_map magic: 0 ==== 205+0+0 (secure 0 0 0) 0x7f96f8017070 con 0x7f97041089c0
2024-04-01T03:14:31.574 INFO:teuthology.orchestra.run.smithi098.stdout:/usr/bin/ceph: stderr
2024-04-01T03:14:30.337+0000 7f97037fe700 1 -- 172.21.15.98:0/2972318553 <== mon.0 v2:172.21.15.98:3300/0 2 ==== config(29 keys) ==== 1178+0+0 (secure 0 0 0) 0x7f96f800b8c0 con 0x7f97041089c0
2024-04-01T03:14:31.574 INFO:teuthology.orchestra.run.smithi098.stdout:/usr/bin/ceph: stderr
2024-04-01T03:14:30.337+0000 7f97037fe700 1 -- 172.21.15.98:0/2972318553 <== mon.0 v2:172.21.15.98:3300/0 3 ==== mon_map magic: 0 ==== 205+0+0 (secure 0 0 0) 0x7f96f80046f0 con 0x7f97041089c0
2024-04-01T03:14:31.574 INFO:teuthology.orchestra.run.smithi098.stdout:/usr/bin/ceph: stderr
2024-04-01T03:14:30.338+0000 7f970adc8700 1 -- 172.21.15.98:0/2972318553 >> [v2:172.21.15.98:3300/0,v1:172.21.15.98:6789/0] conn(0x7f97041089c0 msgr2=0x7f970410adb0 secure :-1 s=STATE_CONNECTION_ESTABLISHED l=1).mark_down
2024-04-01T03:14:31.574 INFO:teuthology.orchestra.run.smithi098.stdout:/usr/bin/ceph: stderr
2024-04-01T03:14:30.338+0000 7f970adc8700 1 --2- 172.21.15.98:0/2972318553 >> [v2:172.21.15.98:3300/0,v1:172.21.15.98:6789/0] conn(0x7f97041089c0 0x7f970410adb0 secure :-1 s=READY pgs=22 cs=0 l=1 rev1=1 crypto rx=0x7f96f8009e80 tx=0x7f96f800b330 comp rx=0 tx=0).stop
2024-04-01T03:14:31.574 INFO:teuthology.orchestra.run.smithi098.stdout:/usr/bin/ceph: stderr
2024-04-01T03:14:30.338+0000 7f970adc8700 1 -- 172.21.15.98:0/2972318553 shutdown_connections
2024-04-01T03:14:31.574 INFO:teuthology.orchestra.run.smithi098.stdout:/usr/bin/ceph: stderr
2024-04-01T03:14:30.338+0000 7f970adc8700 1 --2- 172.21.15.98:0/2972318553 >> [v2:172.21.15.98:3300/0,v1:172.21.15.98:6789/0] conn(0x7f97041089c0 0x7f970410adb0 unknown :-1 s=CLOSED pgs=22 cs=0 l=1 rev1=1 crypto rx=0 tx=0 comp rx=0 tx=0).stop
2024-04-01T03:14:31.574 INFO:teuthology.orchestra.run.smithi098.stdout:/usr/bin/ceph: stderr
2024-04-01T03:14:30.338+0000 7f970adc8700 1 -- 172.21.15.98:0/2972318553 >> 172.21.15.98:0/2972318553 conn(0x7f97041023f0 msgr2=0x7f9704104810 unknown :-1 s=STATE_NONE l=0).mark_down
2024-04-01T03:14:31.574 INFO:teuthology.orchestra.run.smithi098.stdout:/usr/bin/ceph: stderr
2024-04-01T03:14:30.338+0000 7f970adc8700 1 -- 172.21.15.98:0/2972318553 shutdown_connections
2024-04-01T03:14:31.574 INFO:teuthology.orchestra.run.smithi098.stdout:/usr/bin/ceph: stderr
2024-04-01T03:14:30.338+0000 7f970adc8700 1 -- 172.21.15.98:0/2972318553 wait complete.
2024-04-01T03:14:31.574 INFO:teuthology.orchestra.run.smithi098.stdout:/usr/bin/ceph: stderr
2024-04-01T03:14:30.338+0000 7f970adc8700 1 Processor -- start
2024-04-01T03:14:31.575 INFO:teuthology.orchestra.run.smithi098.stdout:/usr/bin/ceph: stderr
2024-04-01T03:14:30.338+0000 7f970adc8700 1 -- start start
2024-04-01T03:14:31.575 INFO:teuthology.orchestra.run.smithi098.stdout:/usr/bin/ceph: stderr
2024-04-01T03:14:30.338+0000 7f970adc8700 1 --2- >> [v2:172.21.15.98:3300/0,v1:172.21.15.98:6789/0] conn(0x7f97041089c0 0x7f970419bee0 unknown :-1 s=NONE pgs=0 cs=0 l=1 rev1=0 crypto rx=0 tx=0 comp rx=0 tx=0).connect
2024-04-01T03:14:31.575 INFO:teuthology.orchestra.run.smithi098.stdout:/usr/bin/ceph: stderr
2024-04-01T03:14:30.338+0000 7f970adc8700 1 -- --> [v2:172.21.15.98:3300/0,v1:172.21.15.98:6789/0] -- mon_getmap magic: 0 -- 0x7f970410c3d0 con 0x7f97041089c0
2024-04-01T03:14:31.575 INFO:teuthology.orchestra.run.smithi098.stdout:/usr/bin/ceph: stderr
2024-04-01T03:14:30.339+0000 7f9708b64700 1 --2- >> [v2:172.21.15.98:3300/0,v1:172.21.15.98:6789/0] conn(0x7f97041089c0 0x7f970419bee0 unknown :-1 s=BANNER_CONNECTING pgs=0 cs=0 l=1 rev1=0 crypto rx=0 tx=0 comp rx=0 tx=0)._handle_peer_banner_payload supported=3 required=0
2024-04-01T03:14:31.575 INFO:teuthology.orchestra.run.smithi098.stdout:/usr/bin/ceph: stderr
2024-04-01T03:14:30.339+0000 7f9708b64700 1 --2- >> [v2:172.21.15.98:3300/0,v1:172.21.15.98:6789/0] conn(0x7f97041089c0 0x7f970419bee0 unknown :-1 s=HELLO_CONNECTING pgs=0 cs=0 l=1 rev1=1 crypto rx=0 tx=0 comp rx=0 tx=0).handle_hello peer v2:172.21.15.98:3300/0 says I am v2:172.21.15.98:45062/0 (socket says 172.21.15.98:45062)
2024-04-01T03:14:31.575 INFO:teuthology.orchestra.run.smithi098.stdout:/usr/bin/ceph: stderr
2024-04-01T03:14:30.339+0000 7f9708b64700 1 -- 172.21.15.98:0/4044610770 learned_addr learned my addr 172.21.15.98:0/4044610770 (peer_addr_for_me v2:172.21.15.98:0/0)
2024-04-01T03:14:31.575 INFO:teuthology.orchestra.run.smithi098.stdout:/usr/bin/ceph: stderr
2024-04-01T03:14:30.339+0000 7f9708b64700 1 -- 172.21.15.98:0/4044610770 --> [v2:172.21.15.98:3300/0,v1:172.21.15.98:6789/0] -- mon_subscribe({config=0+,monmap=0+}) -- 0x7f970419c420 con 0x7f97041089c0
2024-04-01T03:14:31.575 INFO:teuthology.orchestra.run.smithi098.stdout:/usr/bin/ceph: stderr
2024-04-01T03:14:30.339+0000 7f9708b64700 1 --2- 172.21.15.98:0/4044610770 >> [v2:172.21.15.98:3300/0,v1:172.21.15.98:6789/0] conn(0x7f97041089c0 0x7f970419bee0 secure :-1 s=READY pgs=23 cs=0 l=1 rev1=1 crypto rx=0x7f96f8004440 tx=0x7f96f8003d00 comp rx=0 tx=0).ready entity=mon.0 client_cookie=0 server_cookie=0 in_seq=0 out_seq=0
2024-04-01T03:14:31.575 INFO:teuthology.orchestra.run.smithi098.stdout:/usr/bin/ceph: stderr
2024-04-01T03:14:30.339+0000 7f9701ffb700 1 -- 172.21.15.98:0/4044610770 <== mon.0 v2:172.21.15.98:3300/0 1 ==== mon_map magic: 0 ==== 205+0+0 (secure 0 0 0) 0x7f96f8021020 con 0x7f97041089c0
2024-04-01T03:14:31.575 INFO:teuthology.orchestra.run.smithi098.stdout:/usr/bin/ceph: stderr
2024-04-01T03:14:30.339+0000 7f9701ffb700 1 -- 172.21.15.98:0/4044610770 <== mon.0 v2:172.21.15.98:3300/0 2 ==== config(29 keys) ==== 1178+0+0 (secure 0 0 0) 0x7f96f8003f20 con 0x7f97041089c0
2024-04-01T03:14:31.575 INFO:teuthology.orchestra.run.smithi098.stdout:/usr/bin/ceph: stderr
2024-04-01T03:14:30.339+0000 7f970adc8700 1 -- 172.21.15.98:0/4044610770 --> [v2:172.21.15.98:3300/0,v1:172.21.15.98:6789/0] -- mon_subscribe({mgrmap=0+}) -- 0x7f970419c6b0 con 0x7f97041089c0
2024-04-01T03:14:31.575 INFO:teuthology.orchestra.run.smithi098.stdout:/usr/bin/ceph: stderr
2024-04-01T03:14:30.339+0000 7f9701ffb700 1 -- 172.21.15.98:0/4044610770 <== mon.0 v2:172.21.15.98:3300/0 3 ==== mon_map magic: 0 ==== 205+0+0 (secure 0 0 0) 0x7f96f8017040 con 0x7f97041089c0
2024-04-01T03:14:31.575 INFO:teuthology.orchestra.run.smithi098.stdout:/usr/bin/ceph: stderr
2024-04-01T03:14:30.339+0000 7f970adc8700 1 -- 172.21.15.98:0/4044610770 --> [v2:172.21.15.98:3300/0,v1:172.21.15.98:6789/0] -- mon_subscribe({osdmap=0}) -- 0x7f970419f3a0 con 0x7f97041089c0
2024-04-01T03:14:31.576 INFO:teuthology.orchestra.run.smithi098.stdout:/usr/bin/ceph: stderr
2024-04-01T03:14:30.340+0000 7f9701ffb700 1 -- 172.21.15.98:0/4044610770 <== mon.0 v2:172.21.15.98:3300/0 4 ==== mgrmap(e 4) ==== 46105+0+0 (secure 0 0 0) 0x7f96f8024020 con 0x7f97041089c0
2024-04-01T03:14:31.576 INFO:teuthology.orchestra.run.smithi098.stdout:/usr/bin/ceph: stderr
2024-04-01T03:14:30.340+0000 7f970adc8700 1 -- 172.21.15.98:0/4044610770 --> [v2:172.21.15.98:3300/0,v1:172.21.15.98:6789/0] -- mon_command({"prefix": "get_command_descriptions"} v 0) -- 0x7f9704063870 con 0x7f97041089c0
2024-04-01T03:14:31.576 INFO:teuthology.orchestra.run.smithi098.stdout:/usr/bin/ceph: stderr
2024-04-01T03:14:30.340+0000 7f9701ffb700 1 --2- 172.21.15.98:0/4044610770 >> [v2:172.21.15.98:6800/3642638629,v1:172.21.15.98:6801/3642638629] conn(0x7f96f4038d60 0x7f96f403b220 unknown :-1 s=NONE pgs=0 cs=0 l=1 rev1=0 crypto rx=0 tx=0 comp rx=0 tx=0).connect
2024-04-01T03:14:31.576 INFO:teuthology.orchestra.run.smithi098.stdout:/usr/bin/ceph: stderr
2024-04-01T03:14:30.340+0000 7f9701ffb700 1 -- 172.21.15.98:0/4044610770 <== mon.0 v2:172.21.15.98:3300/0 5 ==== osd_map(1..1 src has 1..1) ==== 725+0+0 (secure 0 0 0) 0x7f96f800f050 con 0x7f97041089c0
2024-04-01T03:14:31.576 INFO:teuthology.orchestra.run.smithi098.stdout:/usr/bin/ceph: stderr
2024-04-01T03:14:30.340+0000 7f9703fff700 1 --2- 172.21.15.98:0/4044610770 >> [v2:172.21.15.98:6800/3642638629,v1:172.21.15.98:6801/3642638629] conn(0x7f96f4038d60 0x7f96f403b220 unknown :-1 s=BANNER_CONNECTING pgs=0 cs=0 l=1 rev1=0 crypto rx=0 tx=0 comp rx=0 tx=0)._handle_peer_banner_payload supported=3 required=0
2024-04-01T03:14:31.576 INFO:teuthology.orchestra.run.smithi098.stdout:/usr/bin/ceph: stderr
2024-04-01T03:14:30.341+0000 7f9703fff700 1 --2- 172.21.15.98:0/4044610770 >> [v2:172.21.15.98:6800/3642638629,v1:172.21.15.98:6801/3642638629] conn(0x7f96f4038d60 0x7f96f403b220 secure :-1 s=READY pgs=8 cs=0 l=1 rev1=1 crypto rx=0x7f96f0006fd0 tx=0x7f96f0006e40 comp rx=0 tx=0).ready entity=mgr.14100 client_cookie=0 server_cookie=0 in_seq=0 out_seq=0
2024-04-01T03:14:31.576 INFO:teuthology.orchestra.run.smithi098.stdout:/usr/bin/ceph: stderr
2024-04-01T03:14:30.345+0000 7f9701ffb700 1 -- 172.21.15.98:0/4044610770 <== mon.0 v2:172.21.15.98:3300/0 6 ==== mon_command_ack([{"prefix": "get_command_descriptions"}]=0 v0) ==== 72+0+184932 (secure 0 0 0) 0x7f96f802b020 con 0x7f97041089c0
2024-04-01T03:14:31.576 INFO:teuthology.orchestra.run.smithi098.stdout:/usr/bin/ceph: stderr
2024-04-01T03:14:30.591+0000 7f970adc8700 1 -- 172.21.15.98:0/4044610770 --> [v2:172.21.15.98:3300/0,v1:172.21.15.98:6789/0] -- mon_command({"prefix": "mgr module enable", "module": "cephadm"} v 0) -- 0x7f970419fa90 con 0x7f97041089c0
2024-04-01T03:14:31.576 INFO:teuthology.orchestra.run.smithi098.stdout:/usr/bin/ceph: stderr
2024-04-01T03:14:30.965+0000 7f9701ffb700 1 -- 172.21.15.98:0/4044610770 <== mon.0 v2:172.21.15.98:3300/0 7 ==== mon_command_ack([{"prefix": "mgr module enable", "module": "cephadm"}]=0 v5) ==== 86+0+0 (secure 0 0 0) 0x7f96f80253b0 con 0x7f97041089c0
2024-04-01T03:14:31.576 INFO:teuthology.orchestra.run.smithi098.stdout:/usr/bin/ceph: stderr
2024-04-01T03:14:30.966+0000 7f9701ffb700 1 -- 172.21.15.98:0/4044610770 <== mon.0 v2:172.21.15.98:3300/0 8 ==== mgrmap(e 5) ==== 46116+0+0 (secure 0 0 0) 0x7f96f801d7b0 con 0x7f97041089c0
2024-04-01T03:14:31.576 INFO:teuthology.orchestra.run.smithi098.stdout:/usr/bin/ceph: stderr
2024-04-01T03:14:30.968+0000 7f970adc8700 1 -- 172.21.15.98:0/4044610770 >> [v2:172.21.15.98:6800/3642638629,v1:172.21.15.98:6801/3642638629] conn(0x7f96f4038d60 msgr2=0x7f96f403b220 secure :-1 s=STATE_CONNECTION_ESTABLISHED l=1).mark_down
2024-04-01T03:14:31.576 INFO:teuthology.orchestra.run.smithi098.stdout:/usr/bin/ceph: stderr
2024-04-01T03:14:30.968+0000 7f970adc8700 1 --2- 172.21.15.98:0/4044610770 >> [v2:172.21.15.98:6800/3642638629,v1:172.21.15.98:6801/3642638629] conn(0x7f96f4038d60 0x7f96f403b220 secure :-1 s=READY pgs=8 cs=0 l=1 rev1=1 crypto rx=0x7f96f0006fd0 tx=0x7f96f0006e40 comp rx=0 tx=0).stop
2024-04-01T03:14:31.576 INFO:teuthology.orchestra.run.smithi098.stdout:/usr/bin/ceph: stderr
2024-04-01T03:14:30.968+0000 7f970adc8700 1 -- 172.21.15.98:0/4044610770 >> [v2:172.21.15.98:3300/0,v1:172.21.15.98:6789/0] conn(0x7f97041089c0 msgr2=0x7f970419bee0 secure :-1 s=STATE_CONNECTION_ESTABLISHED l=1).mark_down
2024-04-01T03:14:31.577 INFO:teuthology.orchestra.run.smithi098.stdout:/usr/bin/ceph: stderr
2024-04-01T03:14:30.968+0000 7f970adc8700 1 --2- 172.21.15.98:0/4044610770 >> [v2:172.21.15.98:3300/0,v1:172.21.15.98:6789/0] conn(0x7f97041089c0 0x7f970419bee0 secure :-1 s=READY pgs=23 cs=0 l=1 rev1=1 crypto rx=0x7f96f8004440 tx=0x7f96f8003d00 comp rx=0 tx=0).stop
2024-04-01T03:14:31.577 INFO:teuthology.orchestra.run.smithi098.stdout:/usr/bin/ceph: stderr
2024-04-01T03:14:30.968+0000 7f970adc8700 1 -- 172.21.15.98:0/4044610770 shutdown_connections
2024-04-01T03:14:31.577 INFO:teuthology.orchestra.run.smithi098.stdout:/usr/bin/ceph: stderr
2024-04-01T03:14:30.968+0000 7f970adc8700 1 --2- 172.21.15.98:0/4044610770 >> [v2:172.21.15.98:6800/3642638629,v1:172.21.15.98:6801/3642638629] conn(0x7f96f4038d60 0x7f96f403b220 unknown :-1 s=CLOSED pgs=8 cs=0 l=1 rev1=1 crypto rx=0 tx=0 comp rx=0 tx=0).stop
2024-04-01T03:14:31.577 INFO:teuthology.orchestra.run.smithi098.stdout:/usr/bin/ceph: stderr
2024-04-01T03:14:30.968+0000 7f970adc8700 1 --2- 172.21.15.98:0/4044610770 >> [v2:172.21.15.98:3300/0,v1:172.21.15.98:6789/0] conn(0x7f97041089c0 0x7f970419bee0 unknown :-1 s=CLOSED pgs=23 cs=0 l=1 rev1=1 crypto rx=0 tx=0 comp rx=0 tx=0).stop
2024-04-01T03:14:31.577 INFO:teuthology.orchestra.run.smithi098.stdout:/usr/bin/ceph: stderr
2024-04-01T03:14:30.968+0000 7f970adc8700 1 -- 172.21.15.98:0/4044610770 >> 172.21.15.98:0/4044610770 conn(0x7f97041023f0 msgr2=0x7f9704102e20 unknown :-1 s=STATE_NONE l=0).mark_down
2024-04-01T03:14:31.577 INFO:teuthology.orchestra.run.smithi098.stdout:/usr/bin/ceph: stderr
2024-04-01T03:14:30.968+0000 7f970adc8700 1 -- 172.21.15.98:0/4044610770 shutdown_connections
2024-04-01T03:14:31.577 INFO:teuthology.orchestra.run.smithi098.stdout:/usr/bin/ceph: stderr
2024-04-01T03:14:30.968+0000 7f970adc8700 1 -- 172.21.15.98:0/4044610770 wait complete.
2024-04-01T03:14:31.811 INFO:journalctl@ceph.mgr.x.smithi098.stdout:Apr 01 03:14:31 smithi098 ceph-c69189fe-efd5-11ee-b647-cb9ed24678a4-mgr-x[32178]:
2024-04-01T03:14:31.523+0000 7f15837a9200 -1 mgr[py] Module osd_perf_query has missing NOTIFY_TYPES member
2024-04-01T03:14:31.811 INFO:journalctl@ceph.mgr.x.smithi098.stdout:Apr 01 03:14:31 smithi098 ceph-c69189fe-efd5-11ee-b647-cb9ed24678a4-mgr-x[32178]:
2024-04-01T03:14:31.620+0000 7f15837a9200 -1 mgr[py] Module snap_schedule has missing NOTIFY_TYPES member
2024-04-01T03:14:32.142 INFO:journalctl@ceph.mon.a.smithi098.stdout:Apr 01 03:14:31 smithi098 ceph-mon[31941]: from='client.? 172.21.15.98:0/4044610770' entity='client.admin' cmd='[{"prefix": "mgr module enable", "module": "cephadm"}]': finished
2024-04-01T03:14:32.143 INFO:journalctl@ceph.mon.a.smithi098.stdout:Apr 01 03:14:31 smithi098 ceph-mon[31941]: mgrmap e5: x(active, since 6s)
2024-04-01T03:14:32.520 INFO:journalctl@ceph.mgr.x.smithi098.stdout:Apr 01 03:14:32 smithi098 ceph-c69189fe-efd5-11ee-b647-cb9ed24678a4-mgr-x[32178]:
2024-04-01T03:14:32.280+0000 7f15837a9200 -1 mgr[py] Module zabbix has missing NOTIFY_TYPES member
2024-04-01T03:14:32.520 INFO:journalctl@ceph.mgr.x.smithi098.stdout:Apr 01 03:14:32 smithi098 ceph-c69189fe-efd5-11ee-b647-cb9ed24678a4-mgr-x[32178]:
2024-04-01T03:14:32.376+0000 7f15837a9200 -1 mgr[py] Module balancer has missing NOTIFY_TYPES member
2024-04-01T03:14:32.520 INFO:journalctl@ceph.mgr.x.smithi098.stdout:Apr 01 03:14:32 smithi098 ceph-c69189fe-efd5-11ee-b647-cb9ed24678a4-mgr-x[32178]:
2024-04-01T03:14:32.520+0000 7f15837a9200 -1 mgr[py] Module influx has missing NOTIFY_TYPES member
2024-04-01T03:14:32.892 INFO:journalctl@ceph.mgr.x.smithi098.stdout:Apr 01 03:14:32 smithi098 ceph-c69189fe-efd5-11ee-b647-cb9ed24678a4-mgr-x[32178]:
2024-04-01T03:14:32.617+0000 7f15837a9200 -1 mgr[py] Module alerts has missing NOTIFY_TYPES member
2024-04-01T03:14:32.893 INFO:journalctl@ceph.mgr.x.smithi098.stdout:Apr 01 03:14:32 smithi098 ceph-c69189fe-efd5-11ee-b647-cb9ed24678a4-mgr-x[32178]:
2024-04-01T03:14:32.700+0000 7f15837a9200 -1 mgr[py] Module iostat has missing NOTIFY_TYPES member
2024-04-01T03:14:32.915 INFO:teuthology.orchestra.run.smithi098.stdout:/usr/bin/ceph: stdout {
2024-04-01T03:14:32.915 INFO:teuthology.orchestra.run.smithi098.stdout:/usr/bin/ceph: stdout "epoch": 5,
2024-04-01T03:14:32.915 INFO:teuthology.orchestra.run.smithi098.stdout:/usr/bin/ceph: stdout "available": true,
2024-04-01T03:14:32.915 INFO:teuthology.orchestra.run.smithi098.stdout:/usr/bin/ceph: stdout "active_name": "x",
2024-04-01T03:14:32.915 INFO:teuthology.orchestra.run.smithi098.stdout:/usr/bin/ceph: stdout "num_standby": 0
2024-04-01T03:14:32.915 INFO:teuthology.orchestra.run.smithi098.stdout:/usr/bin/ceph: stdout }
2024-04-01T03:14:32.915 INFO:teuthology.orchestra.run.smithi098.stdout:/usr/bin/ceph: stderr
2024-04-01T03:14:31.985+0000 7feac7228700 1 Processor -- start
2024-04-01T03:14:32.915 INFO:teuthology.orchestra.run.smithi098.stdout:/usr/bin/ceph: stderr
2024-04-01T03:14:31.985+0000 7feac7228700 1 -- start start
2024-04-01T03:14:32.915 INFO:teuthology.orchestra.run.smithi098.stdout:/usr/bin/ceph: stderr
2024-04-01T03:14:31.985+0000 7feac7228700 1 --2- >> [v2:172.21.15.98:3300/0,v1:172.21.15.98:6789/0] conn(0x7feac0108a70 0x7feac010ae60 unknown :-1 s=NONE pgs=0 cs=0 l=0 rev1=0 crypto rx=0 tx=0 comp rx=0 tx=0).connect
2024-04-01T03:14:32.915 INFO:teuthology.orchestra.run.smithi098.stdout:/usr/bin/ceph: stderr
2024-04-01T03:14:31.985+0000 7feac7228700 1 -- --> [v2:172.21.15.98:3300/0,v1:172.21.15.98:6789/0] -- mon_getmap magic: 0 -- 0x7feac007bde0 con 0x7feac0108a70
2024-04-01T03:14:32.915 INFO:teuthology.orchestra.run.smithi098.stdout:/usr/bin/ceph: stderr
2024-04-01T03:14:31.985+0000 7feac4fc4700 1 --2- >> [v2:172.21.15.98:3300/0,v1:172.21.15.98:6789/0] conn(0x7feac0108a70 0x7feac010ae60 unknown :-1 s=BANNER_CONNECTING pgs=0 cs=0 l=0 rev1=0 crypto rx=0 tx=0 comp rx=0 tx=0)._handle_peer_banner_payload supported=3 required=0
2024-04-01T03:14:32.915 INFO:teuthology.orchestra.run.smithi098.stdout:/usr/bin/ceph: stderr
2024-04-01T03:14:31.985+0000 7feac4fc4700 1 --2- >> [v2:172.21.15.98:3300/0,v1:172.21.15.98:6789/0] conn(0x7feac0108a70 0x7feac010ae60 unknown :-1 s=HELLO_CONNECTING pgs=0 cs=0 l=0 rev1=1 crypto rx=0 tx=0 comp rx=0 tx=0).handle_hello peer v2:172.21.15.98:3300/0 says I am v2:172.21.15.98:45106/0 (socket says 172.21.15.98:45106)
2024-04-01T03:14:32.916 INFO:teuthology.orchestra.run.smithi098.stdout:/usr/bin/ceph: stderr
2024-04-01T03:14:31.985+0000 7feac4fc4700 1 -- 172.21.15.98:0/1657272171 learned_addr learned my addr 172.21.15.98:0/1657272171 (peer_addr_for_me v2:172.21.15.98:0/0)
2024-04-01T03:14:32.916 INFO:teuthology.orchestra.run.smithi098.stdout:/usr/bin/ceph: stderr
2024-04-01T03:14:31.986+0000 7feac4fc4700 1 -- 172.21.15.98:0/1657272171 --> [v2:172.21.15.98:3300/0,v1:172.21.15.98:6789/0] -- mon_subscribe({config=0+,monmap=0+}) -- 0x7feac010b3a0 con 0x7feac0108a70
2024-04-01T03:14:32.916 INFO:teuthology.orchestra.run.smithi098.stdout:/usr/bin/ceph: stderr
2024-04-01T03:14:31.986+0000 7feac4fc4700 1 --2- 172.21.15.98:0/1657272171 >> [v2:172.21.15.98:3300/0,v1:172.21.15.98:6789/0] conn(0x7feac0108a70 0x7feac010ae60 secure :-1 s=READY pgs=26 cs=0 l=1 rev1=1 crypto rx=0x7feab40098a0 tx=0x7feab4009bb0 comp rx=0 tx=0).ready entity=mon.0 client_cookie=9397b9fd4e0adeb7 server_cookie=0 in_seq=0 out_seq=0
2024-04-01T03:14:32.916 INFO:teuthology.orchestra.run.smithi098.stdout:/usr/bin/ceph: stderr
2024-04-01T03:14:31.986+0000 7feabf7fe700 1 -- 172.21.15.98:0/1657272171 <== mon.0 v2:172.21.15.98:3300/0 1 ==== mon_map magic: 0 ==== 205+0+0 (secure 0 0 0) 0x7feab4004160 con 0x7feac0108a70
2024-04-01T03:14:32.916 INFO:teuthology.orchestra.run.smithi098.stdout:/usr/bin/ceph: stderr
2024-04-01T03:14:31.986+0000 7feabf7fe700 1 -- 172.21.15.98:0/1657272171 <== mon.0 v2:172.21.15.98:3300/0 2 ==== config(29 keys) ==== 1178+0+0 (secure 0 0 0) 0x7feab4004300 con 0x7feac0108a70
2024-04-01T03:14:32.916 INFO:teuthology.orchestra.run.smithi098.stdout:/usr/bin/ceph: stderr
2024-04-01T03:14:31.986+0000 7feabf7fe700 1 -- 172.21.15.98:0/1657272171 <== mon.0 v2:172.21.15.98:3300/0 3 ==== mon_map magic: 0 ==== 205+0+0 (secure 0 0 0) 0x7feab4011cc0 con 0x7feac0108a70
2024-04-01T03:14:32.916 INFO:teuthology.orchestra.run.smithi098.stdout:/usr/bin/ceph: stderr
2024-04-01T03:14:31.987+0000 7feac7228700 1 -- 172.21.15.98:0/1657272171 >> [v2:172.21.15.98:3300/0,v1:172.21.15.98:6789/0] conn(0x7feac0108a70 msgr2=0x7feac010ae60 secure :-1 s=STATE_CONNECTION_ESTABLISHED l=1).mark_down
2024-04-01T03:14:32.916 INFO:teuthology.orchestra.run.smithi098.stdout:/usr/bin/ceph: stderr
2024-04-01T03:14:31.987+0000 7feac7228700 1 --2- 172.21.15.98:0/1657272171 >> [v2:172.21.15.98:3300/0,v1:172.21.15.98:6789/0] conn(0x7feac0108a70 0x7feac010ae60 secure :-1 s=READY pgs=26 cs=0 l=1 rev1=1 crypto rx=0x7feab40098a0 tx=0x7feab4009bb0 comp rx=0 tx=0).stop
2024-04-01T03:14:32.916 INFO:teuthology.orchestra.run.smithi098.stdout:/usr/bin/ceph: stderr
2024-04-01T03:14:31.987+0000 7feac7228700 1 -- 172.21.15.98:0/1657272171 shutdown_connections
2024-04-01T03:14:32.916 INFO:teuthology.orchestra.run.smithi098.stdout:/usr/bin/ceph: stderr
2024-04-01T03:14:31.987+0000 7feac7228700 1 --2- 172.21.15.98:0/1657272171 >> [v2:172.21.15.98:3300/0,v1:172.21.15.98:6789/0] conn(0x7feac0108a70 0x7feac010ae60 unknown :-1 s=CLOSED pgs=26 cs=0 l=1 rev1=1 crypto rx=0 tx=0 comp rx=0 tx=0).stop
2024-04-01T03:14:32.916 INFO:teuthology.orchestra.run.smithi098.stdout:/usr/bin/ceph: stderr
2024-04-01T03:14:31.987+0000 7feac7228700 1 -- 172.21.15.98:0/1657272171 >> 172.21.15.98:0/1657272171 conn(0x7feac01023c0 msgr2=0x7feac0104800 unknown :-1 s=STATE_NONE l=0).mark_down
2024-04-01T03:14:32.916 INFO:teuthology.orchestra.run.smithi098.stdout:/usr/bin/ceph: stderr
2024-04-01T03:14:31.987+0000 7feac7228700 1 -- 172.21.15.98:0/1657272171 shutdown_connections
2024-04-01T03:14:32.916 INFO:teuthology.orchestra.run.smithi098.stdout:/usr/bin/ceph: stderr
2024-04-01T03:14:31.987+0000 7feac7228700 1 -- 172.21.15.98:0/1657272171 wait complete.
2024-04-01T03:14:32.917 INFO:teuthology.orchestra.run.smithi098.stdout:/usr/bin/ceph: stderr
2024-04-01T03:14:31.988+0000 7feac7228700 1 Processor -- start
2024-04-01T03:14:32.917 INFO:teuthology.orchestra.run.smithi098.stdout:/usr/bin/ceph: stderr
2024-04-01T03:14:31.988+0000 7feac7228700 1 -- start start
2024-04-01T03:14:32.917 INFO:teuthology.orchestra.run.smithi098.stdout:/usr/bin/ceph: stderr
2024-04-01T03:14:31.988+0000 7feac7228700 1 --2- >> [v2:172.21.15.98:3300/0,v1:172.21.15.98:6789/0] conn(0x7feac0108a70 0x7feac019e1a0 unknown :-1 s=NONE pgs=0 cs=0 l=1 rev1=0 crypto rx=0 tx=0 comp rx=0 tx=0).connect
2024-04-01T03:14:32.917 INFO:teuthology.orchestra.run.smithi098.stdout:/usr/bin/ceph: stderr
2024-04-01T03:14:31.988+0000 7feac7228700 1 -- --> [v2:172.21.15.98:3300/0,v1:172.21.15.98:6789/0] -- mon_getmap magic: 0 -- 0x7feac010c3c0 con 0x7feac0108a70
2024-04-01T03:14:32.917 INFO:teuthology.orchestra.run.smithi098.stdout:/usr/bin/ceph: stderr
2024-04-01T03:14:31.988+0000 7feac4fc4700 1 --2- >> [v2:172.21.15.98:3300/0,v1:172.21.15.98:6789/0] conn(0x7feac0108a70 0x7feac019e1a0 unknown :-1 s=BANNER_CONNECTING pgs=0 cs=0 l=1 rev1=0 crypto rx=0 tx=0 comp rx=0 tx=0)._handle_peer_banner_payload supported=3 required=0
2024-04-01T03:14:32.917 INFO:teuthology.orchestra.run.smithi098.stdout:/usr/bin/ceph: stderr
2024-04-01T03:14:31.988+0000 7feac4fc4700 1 --2- >> [v2:172.21.15.98:3300/0,v1:172.21.15.98:6789/0] conn(0x7feac0108a70 0x7feac019e1a0 unknown :-1 s=HELLO_CONNECTING pgs=0 cs=0 l=1 rev1=1 crypto rx=0 tx=0 comp rx=0 tx=0).handle_hello peer v2:172.21.15.98:3300/0 says I am v2:172.21.15.98:45110/0 (socket says 172.21.15.98:45110)
2024-04-01T03:14:32.917 INFO:teuthology.orchestra.run.smithi098.stdout:/usr/bin/ceph: stderr
2024-04-01T03:14:31.988+0000 7feac4fc4700 1 -- 172.21.15.98:0/332522148 learned_addr learned my addr 172.21.15.98:0/332522148 (peer_addr_for_me v2:172.21.15.98:0/0)
2024-04-01T03:14:32.917 INFO:teuthology.orchestra.run.smithi098.stdout:/usr/bin/ceph: stderr
2024-04-01T03:14:31.988+0000 7feac4fc4700 1 -- 172.21.15.98:0/332522148 --> [v2:172.21.15.98:3300/0,v1:172.21.15.98:6789/0] -- mon_subscribe({config=0+,monmap=0+}) -- 0x7feac019e6e0 con 0x7feac0108a70
2024-04-01T03:14:32.917 INFO:teuthology.orchestra.run.smithi098.stdout:/usr/bin/ceph: stderr
2024-04-01T03:14:31.988+0000 7feac4fc4700 1 --2- 172.21.15.98:0/332522148 >> [v2:172.21.15.98:3300/0,v1:172.21.15.98:6789/0] conn(0x7feac0108a70 0x7feac019e1a0 secure :-1 s=READY pgs=27 cs=0 l=1 rev1=1 crypto rx=0x7feab40038d0 tx=0x7feab40039b0 comp rx=0 tx=0).ready entity=mon.0 client_cookie=0 server_cookie=0 in_seq=0 out_seq=0
2024-04-01T03:14:32.917 INFO:teuthology.orchestra.run.smithi098.stdout:/usr/bin/ceph: stderr
2024-04-01T03:14:31.988+0000 7feabdffb700 1 -- 172.21.15.98:0/332522148 <== mon.0 v2:172.21.15.98:3300/0 1 ==== mon_map magic: 0 ==== 205+0+0 (secure 0 0 0) 0x7feab4003dd0 con 0x7feac0108a70
2024-04-01T03:14:32.917 INFO:teuthology.orchestra.run.smithi098.stdout:/usr/bin/ceph: stderr
2024-04-01T03:14:31.988+0000 7feac7228700 1 -- 172.21.15.98:0/332522148 --> [v2:172.21.15.98:3300/0,v1:172.21.15.98:6789/0] -- mon_subscribe({mgrmap=0+}) -- 0x7feac019e970 con 0x7feac0108a70
2024-04-01T03:14:32.917 INFO:teuthology.orchestra.run.smithi098.stdout:/usr/bin/ceph: stderr
2024-04-01T03:14:31.988+0000 7feabdffb700 1 -- 172.21.15.98:0/332522148 <== mon.0 v2:172.21.15.98:3300/0 2 ==== config(29 keys) ==== 1178+0+0 (secure 0 0 0) 0x7feab4003f70 con 0x7feac0108a70
2024-04-01T03:14:32.917 INFO:teuthology.orchestra.run.smithi098.stdout:/usr/bin/ceph: stderr
2024-04-01T03:14:31.988+0000 7feabdffb700 1 -- 172.21.15.98:0/332522148 <== mon.0 v2:172.21.15.98:3300/0 3 ==== mon_map magic: 0 ==== 205+0+0 (secure 0 0 0) 0x7feab4024610 con 0x7feac0108a70
2024-04-01T03:14:32.918 INFO:teuthology.orchestra.run.smithi098.stdout:/usr/bin/ceph: stderr
2024-04-01T03:14:31.989+0000 7feac7228700 1 -- 172.21.15.98:0/332522148 --> [v2:172.21.15.98:3300/0,v1:172.21.15.98:6789/0] -- mon_subscribe({osdmap=0}) -- 0x7feac01a1660 con 0x7feac0108a70
2024-04-01T03:14:32.918 INFO:teuthology.orchestra.run.smithi098.stdout:/usr/bin/ceph: stderr
2024-04-01T03:14:31.990+0000 7feac7228700 1 -- 172.21.15.98:0/332522148 --> [v2:172.21.15.98:3300/0,v1:172.21.15.98:6789/0] -- mon_command({"prefix": "get_command_descriptions"} v 0) -- 0x7feac0063870 con 0x7feac0108a70
2024-04-01T03:14:32.918 INFO:teuthology.orchestra.run.smithi098.stdout:/usr/bin/ceph: stderr
2024-04-01T03:14:31.990+0000 7feabdffb700 1 -- 172.21.15.98:0/332522148 <== mon.0 v2:172.21.15.98:3300/0 4 ==== mgrmap(e 5) ==== 46116+0+0 (secure 0 0 0) 0x7feab401aa50 con 0x7feac0108a70
2024-04-01T03:14:32.918 INFO:teuthology.orchestra.run.smithi098.stdout:/usr/bin/ceph: stderr
2024-04-01T03:14:31.990+0000 7feabdffb700 1 --2- 172.21.15.98:0/332522148 >> [v2:172.21.15.98:6800/3642638629,v1:172.21.15.98:6801/3642638629] conn(0x7feab0038e00 0x7feab003b2c0 unknown :-1 s=NONE pgs=0 cs=0 l=1 rev1=0 crypto rx=0 tx=0 comp rx=0 tx=0).connect
2024-04-01T03:14:32.918 INFO:teuthology.orchestra.run.smithi098.stdout:/usr/bin/ceph: stderr
2024-04-01T03:14:31.990+0000 7feabdffb700 1 -- 172.21.15.98:0/332522148 <== mon.0 v2:172.21.15.98:3300/0 5 ==== osd_map(1..1 src has 1..1) ==== 725+0+0 (secure 0 0 0) 0x7feab404ce50 con 0x7feac0108a70
2024-04-01T03:14:32.918 INFO:teuthology.orchestra.run.smithi098.stdout:/usr/bin/ceph: stderr
2024-04-01T03:14:31.990+0000 7feabffff700 1 -- 172.21.15.98:0/332522148 >> [v2:172.21.15.98:6800/3642638629,v1:172.21.15.98:6801/3642638629] conn(0x7feab0038e00 msgr2=0x7feab003b2c0 unknown :-1 s=STATE_CONNECTING_RE l=1).process reconnect failed to v2:172.21.15.98:6800/3642638629
2024-04-01T03:14:32.918 INFO:teuthology.orchestra.run.smithi098.stdout:/usr/bin/ceph: stderr
2024-04-01T03:14:31.990+0000 7feabffff700 1 --2- 172.21.15.98:0/332522148 >> [v2:172.21.15.98:6800/3642638629,v1:172.21.15.98:6801/3642638629] conn(0x7feab0038e00 0x7feab003b2c0 unknown :-1 s=START_CONNECT pgs=0 cs=0 l=1 rev1=0 crypto rx=0 tx=0 comp rx=0 tx=0)._fault waiting 0.200000
2024-04-01T03:14:32.918 INFO:teuthology.orchestra.run.smithi098.stdout:/usr/bin/ceph: stderr
2024-04-01T03:14:31.995+0000 7feabdffb700 1 -- 172.21.15.98:0/332522148 <== mon.0 v2:172.21.15.98:3300/0 6 ==== mon_command_ack([{"prefix": "get_command_descriptions"}]=0 v0) ==== 72+0+184932 (secure 0 0 0) 0x7feab400f2e0 con 0x7feac0108a70
2024-04-01T03:14:32.918 INFO:teuthology.orchestra.run.smithi098.stdout:/usr/bin/ceph: stderr
2024-04-01T03:14:32.191+0000 7feabffff700 1 -- 172.21.15.98:0/332522148 >> [v2:172.21.15.98:6800/3642638629,v1:172.21.15.98:6801/3642638629] conn(0x7feab0038e00 msgr2=0x7feab003b2c0 unknown :-1 s=STATE_CONNECTING_RE l=1).process reconnect failed to v2:172.21.15.98:6800/3642638629
2024-04-01T03:14:32.918 INFO:teuthology.orchestra.run.smithi098.stdout:/usr/bin/ceph: stderr
2024-04-01T03:14:32.191+0000 7feabffff700 1 --2- 172.21.15.98:0/332522148 >> [v2:172.21.15.98:6800/3642638629,v1:172.21.15.98:6801/3642638629] conn(0x7feab0038e00 0x7feab003b2c0 unknown :-1 s=START_CONNECT pgs=0 cs=0 l=1 rev1=0 crypto rx=0 tx=0 comp rx=0 tx=0)._fault waiting 0.400000
2024-04-01T03:14:32.918 INFO:teuthology.orchestra.run.smithi098.stdout:/usr/bin/ceph: stderr
2024-04-01T03:14:32.252+0000 7feac7228700 1 -- 172.21.15.98:0/332522148 --> [v2:172.21.15.98:3300/0,v1:172.21.15.98:6789/0] -- mon_command({"prefix": "mgr stat"} v 0) -- 0x7feac01a1830 con 0x7feac0108a70
2024-04-01T03:14:32.918 INFO:teuthology.orchestra.run.smithi098.stdout:/usr/bin/ceph: stderr
2024-04-01T03:14:32.252+0000 7feabdffb700 1 -- 172.21.15.98:0/332522148 <== mon.0 v2:172.21.15.98:3300/0 7 ==== mon_command_ack([{"prefix": "mgr stat"}]=0 v5) ==== 56+0+88 (secure 0 0 0) 0x7feac01a1830 con 0x7feac0108a70
2024-04-01T03:14:32.918 INFO:teuthology.orchestra.run.smithi098.stdout:/usr/bin/ceph: stderr
2024-04-01T03:14:32.254+0000 7feac7228700 1 -- 172.21.15.98:0/332522148 >> [v2:172.21.15.98:6800/3642638629,v1:172.21.15.98:6801/3642638629] conn(0x7feab0038e00 msgr2=0x7feab003b2c0 unknown :-1 s=STATE_CONNECTING l=1).mark_down
2024-04-01T03:14:32.919 INFO:teuthology.orchestra.run.smithi098.stdout:/usr/bin/ceph: stderr
2024-04-01T03:14:32.254+0000 7feac7228700 1 --2- 172.21.15.98:0/332522148 >> [v2:172.21.15.98:6800/3642638629,v1:172.21.15.98:6801/3642638629] conn(0x7feab0038e00 0x7feab003b2c0 unknown :-1 s=START_CONNECT pgs=0 cs=0 l=1 rev1=0 crypto rx=0 tx=0 comp rx=0 tx=0).stop
2024-04-01T03:14:32.919 INFO:teuthology.orchestra.run.smithi098.stdout:/usr/bin/ceph: stderr
2024-04-01T03:14:32.254+0000 7feac7228700 1 -- 172.21.15.98:0/332522148 >> [v2:172.21.15.98:3300/0,v1:172.21.15.98:6789/0] conn(0x7feac0108a70 msgr2=0x7feac019e1a0 secure :-1 s=STATE_CONNECTION_ESTABLISHED l=1).mark_down
2024-04-01T03:14:32.919 INFO:teuthology.orchestra.run.smithi098.stdout:/usr/bin/ceph: stderr
2024-04-01T03:14:32.254+0000 7feac7228700 1 --2- 172.21.15.98:0/332522148 >> [v2:172.21.15.98:3300/0,v1:172.21.15.98:6789/0] conn(0x7feac0108a70 0x7feac019e1a0 secure :-1 s=READY pgs=27 cs=0 l=1 rev1=1 crypto rx=0x7feab40038d0 tx=0x7feab40039b0 comp rx=0 tx=0).stop
2024-04-01T03:14:32.919 INFO:teuthology.orchestra.run.smithi098.stdout:/usr/bin/ceph: stderr
2024-04-01T03:14:32.254+0000 7feac7228700 1 -- 172.21.15.98:0/332522148 shutdown_connections
2024-04-01T03:14:32.919 INFO:teuthology.orchestra.run.smithi098.stdout:/usr/bin/ceph: stderr
2024-04-01T03:14:32.254+0000 7feac7228700 1 --2- 172.21.15.98:0/332522148 >> [v2:172.21.15.98:6800/3642638629,v1:172.21.15.98:6801/3642638629] conn(0x7feab0038e00 0x7feab003b2c0 unknown :-1 s=CLOSED pgs=0 cs=0 l=1 rev1=0 crypto rx=0 tx=0 comp rx=0 tx=0).stop
2024-04-01T03:14:32.919 INFO:teuthology.orchestra.run.smithi098.stdout:/usr/bin/ceph: stderr
2024-04-01T03:14:32.254+0000 7feac7228700 1 --2- 172.21.15.98:0/332522148 >> [v2:172.21.15.98:3300/0,v1:172.21.15.98:6789/0] conn(0x7feac0108a70 0x7feac019e1a0 unknown :-1 s=CLOSED pgs=27 cs=0 l=1 rev1=1 crypto rx=0 tx=0 comp rx=0 tx=0).stop
2024-04-01T03:14:32.919 INFO:teuthology.orchestra.run.smithi098.stdout:/usr/bin/ceph: stderr
2024-04-01T03:14:32.254+0000 7feac7228700 1 -- 172.21.15.98:0/332522148 >> 172.21.15.98:0/332522148 conn(0x7feac01023c0 msgr2=0x7feac0102e90 unknown :-1 s=STATE_NONE l=0).mark_down
2024-04-01T03:14:32.919 INFO:teuthology.orchestra.run.smithi098.stdout:/usr/bin/ceph: stderr
2024-04-01T03:14:32.255+0000 7feac7228700 1 -- 172.21.15.98:0/332522148 shutdown_connections
2024-04-01T03:14:32.919 INFO:teuthology.orchestra.run.smithi098.stdout:/usr/bin/ceph: stderr
2024-04-01T03:14:32.255+0000 7feac7228700 1 -- 172.21.15.98:0/332522148 wait complete.
2024-04-01T03:14:32.919 INFO:teuthology.orchestra.run.smithi098.stdout:Waiting for the mgr to restart...
2024-04-01T03:14:32.919 INFO:teuthology.orchestra.run.smithi098.stdout:Waiting for mgr epoch 5...
2024-04-01T03:14:33.170 INFO:journalctl@ceph.mon.a.smithi098.stdout:Apr 01 03:14:32 smithi098 ceph-mon[31941]: from='client.? 172.21.15.98:0/332522148' entity='client.admin' cmd=[{"prefix": "mgr stat"}]: dispatch
2024-04-01T03:14:33.170 INFO:journalctl@ceph.mgr.x.smithi098.stdout:Apr 01 03:14:32 smithi098 ceph-c69189fe-efd5-11ee-b647-cb9ed24678a4-mgr-x[32178]:
2024-04-01T03:14:32.970+0000 7f15837a9200 -1 mgr[py] Module rgw has missing NOTIFY_TYPES member
2024-04-01T03:14:33.170 INFO:journalctl@ceph.mgr.x.smithi098.stdout:Apr 01 03:14:33 smithi098 ceph-c69189fe-efd5-11ee-b647-cb9ed24678a4-mgr-x[32178]:
2024-04-01T03:14:33.081+0000 7f15837a9200 -1 mgr[py] Module rbd_support has missing NOTIFY_TYPES member
2024-04-01T03:14:33.170 INFO:journalctl@ceph.mgr.x.smithi098.stdout:Apr 01 03:14:33 smithi098 ceph-c69189fe-efd5-11ee-b647-cb9ed24678a4-mgr-x[32178]:
2024-04-01T03:14:33.170+0000 7f15837a9200 -1 mgr[py] Module progress has missing NOTIFY_TYPES member
2024-04-01T03:14:33.447 INFO:journalctl@ceph.mgr.x.smithi098.stdout:Apr 01 03:14:33 smithi098 ceph-c69189fe-efd5-11ee-b647-cb9ed24678a4-mgr-x[32178]:
2024-04-01T03:14:33.266+0000 7f15837a9200 -1 mgr[py] Module pg_autoscaler has missing NOTIFY_TYPES member
2024-04-01T03:14:33.892 INFO:journalctl@ceph.mgr.x.smithi098.stdout:Apr 01 03:14:33 smithi098 ceph-c69189fe-efd5-11ee-b647-cb9ed24678a4-mgr-x[32178]:
2024-04-01T03:14:33.447+0000 7f15837a9200 -1 mgr[py] Module devicehealth has missing NOTIFY_TYPES member
2024-04-01T03:14:34.769 INFO:journalctl@ceph.mgr.x.smithi098.stdout:Apr 01 03:14:34 smithi098 ceph-c69189fe-efd5-11ee-b647-cb9ed24678a4-mgr-x[32178]:
2024-04-01T03:14:34.404+0000 7f15837a9200 -1 mgr[py] Module rook has missing NOTIFY_TYPES member
2024-04-01T03:14:34.769 INFO:journalctl@ceph.mgr.x.smithi098.stdout:Apr 01 03:14:34 smithi098 ceph-c69189fe-efd5-11ee-b647-cb9ed24678a4-mgr-x[32178]:
2024-04-01T03:14:34.535+0000 7f15837a9200 -1 mgr[py] Module diskprediction_local has missing NOTIFY_TYPES member
2024-04-01T03:14:35.142 INFO:journalctl@ceph.mgr.x.smithi098.stdout:Apr 01 03:14:34 smithi098 ceph-c69189fe-efd5-11ee-b647-cb9ed24678a4-mgr-x[32178]:
2024-04-01T03:14:34.871+0000 7f15837a9200 -1 mgr[py] Module selftest has missing NOTIFY_TYPES member
2024-04-01T03:14:35.143 INFO:journalctl@ceph.mgr.x.smithi098.stdout:Apr 01 03:14:34 smithi098 ceph-c69189fe-efd5-11ee-b647-cb9ed24678a4-mgr-x[32178]:
2024-04-01T03:14:34.960+0000 7f15837a9200 -1 mgr[py] Module telegraf has missing NOTIFY_TYPES member
2024-04-01T03:14:35.626 INFO:journalctl@ceph.mgr.x.smithi098.stdout:Apr 01 03:14:35 smithi098 ceph-c69189fe-efd5-11ee-b647-cb9ed24678a4-mgr-x[32178]:
2024-04-01T03:14:35.155+0000 7f15837a9200 -1 mgr[py] Module test_orchestrator has missing NOTIFY_TYPES member
2024-04-01T03:14:35.626 INFO:journalctl@ceph.mgr.x.smithi098.stdout:Apr 01 03:14:35 smithi098 ceph-c69189fe-efd5-11ee-b647-cb9ed24678a4-mgr-x[32178]:
2024-04-01T03:14:35.341+0000 7f15837a9200 -1 mgr[py] Module crash has missing NOTIFY_TYPES member
2024-04-01T03:14:35.883 INFO:journalctl@ceph.mgr.x.smithi098.stdout:Apr 01 03:14:35 smithi098 ceph-c69189fe-efd5-11ee-b647-cb9ed24678a4-mgr-x[32178]:
2024-04-01T03:14:35.626+0000 7f15837a9200 -1 mgr[py] Module orchestrator has missing NOTIFY_TYPES member
2024-04-01T03:14:36.142 INFO:journalctl@ceph.mgr.x.smithi098.stdout:Apr 01 03:14:35 smithi098 ceph-c69189fe-efd5-11ee-b647-cb9ed24678a4-mgr-x[32178]:
2024-04-01T03:14:35.883+0000 7f15837a9200 -1 mgr[py] Module osd_support has missing NOTIFY_TYPES member
2024-04-01T03:14:36.143 INFO:journalctl@ceph.mgr.x.smithi098.stdout:Apr 01 03:14:36 smithi098 ceph-c69189fe-efd5-11ee-b647-cb9ed24678a4-mgr-x[32178]:
2024-04-01T03:14:36.121+0000 7f15837a9200 -1 mgr[py] Module volumes has missing NOTIFY_TYPES member
2024-04-01T03:14:37.392 INFO:journalctl@ceph.mgr.x.smithi098.stdout:Apr 01 03:14:36 smithi098 ceph-c69189fe-efd5-11ee-b647-cb9ed24678a4-mgr-x[32178]:
2024-04-01T03:14:36.924+0000 7f15837a9200 -1 mgr[py] Module telemetry has missing NOTIFY_TYPES member
2024-04-01T03:14:37.802 INFO:journalctl@ceph.mgr.x.smithi098.stdout:Apr 01 03:14:37 smithi098 ceph-c69189fe-efd5-11ee-b647-cb9ed24678a4-mgr-x[32178]:
2024-04-01T03:14:37.487+0000 7f15837a9200 -1 mgr[py] Module prometheus has missing NOTIFY_TYPES member
2024-04-01T03:14:37.802 INFO:journalctl@ceph.mgr.x.smithi098.stdout:Apr 01 03:14:37 smithi098 ceph-c69189fe-efd5-11ee-b647-cb9ed24678a4-mgr-x[32178]:
2024-04-01T03:14:37.586+0000 7f15837a9200 -1 mgr[py] Module status has missing NOTIFY_TYPES member
2024-04-01T03:14:37.802 INFO:journalctl@ceph.mgr.x.smithi098.stdout:Apr 01 03:14:37 smithi098 ceph-c69189fe-efd5-11ee-b647-cb9ed24678a4-mgr-x[32178]:
2024-04-01T03:14:37.802+0000 7f15837a9200 -1 mgr[py] Module nfs has missing NOTIFY_TYPES member
2024-04-01T03:14:38.143 INFO:journalctl@ceph.mon.a.smithi098.stdout:Apr 01 03:14:37 smithi098 ceph-mon[31941]: Active manager daemon x restarted
2024-04-01T03:14:38.143 INFO:journalctl@ceph.mon.a.smithi098.stdout:Apr 01 03:14:37 smithi098 ceph-mon[31941]: Activating manager daemon x
2024-04-01T03:14:38.143 INFO:journalctl@ceph.mon.a.smithi098.stdout:Apr 01 03:14:37 smithi098 ceph-mon[31941]: osdmap e2: 0 total, 0 up, 0 in
2024-04-01T03:14:38.143 INFO:journalctl@ceph.mon.a.smithi098.stdout:Apr 01 03:14:37 smithi098 ceph-mon[31941]: mgrmap e6: x(active, starting, since 0.00375803s)
2024-04-01T03:14:38.143 INFO:journalctl@ceph.mon.a.smithi098.stdout:Apr 01 03:14:37 smithi098 ceph-mon[31941]: from='mgr.14120 172.21.15.98:0/3891442506' entity='mgr.x' cmd=[{"prefix": "mon metadata", "id": "a"}]: dispatch
2024-04-01T03:14:38.143 INFO:journalctl@ceph.mon.a.smithi098.stdout:Apr 01 03:14:37 smithi098 ceph-mon[31941]: from='mgr.14120 172.21.15.98:0/3891442506' entity='mgr.x' cmd=[{"prefix": "mgr metadata", "who": "x", "id": "x"}]: dispatch
2024-04-01T03:14:38.143 INFO:journalctl@ceph.mon.a.smithi098.stdout:Apr 01 03:14:37 smithi098 ceph-mon[31941]: from='mgr.14120 172.21.15.98:0/3891442506' entity='mgr.x' cmd=[{"prefix": "mds metadata"}]: dispatch
2024-04-01T03:14:38.143 INFO:journalctl@ceph.mon.a.smithi098.stdout:Apr 01 03:14:37 smithi098 ceph-mon[31941]: from='mgr.14120 172.21.15.98:0/3891442506' entity='mgr.x' cmd=[{"prefix": "osd metadata"}]: dispatch
2024-04-01T03:14:38.143 INFO:journalctl@ceph.mon.a.smithi098.stdout:Apr 01 03:14:37 smithi098 ceph-mon[31941]: from='mgr.14120 172.21.15.98:0/3891442506' entity='mgr.x' cmd=[{"prefix": "mon metadata"}]: dispatch
2024-04-01T03:14:38.143 INFO:journalctl@ceph.mon.a.smithi098.stdout:Apr 01 03:14:37 smithi098 ceph-mon[31941]: Manager daemon x is now available
2024-04-01T03:14:38.143 INFO:journalctl@ceph.mon.a.smithi098.stdout:Apr 01 03:14:37 smithi098 ceph-mon[31941]: from='mgr.14120 172.21.15.98:0/3891442506' entity='mgr.x'
2024-04-01T03:14:38.144 INFO:journalctl@ceph.mon.a.smithi098.stdout:Apr 01 03:14:37 smithi098 ceph-mon[31941]: from='mgr.14120 172.21.15.98:0/3891442506' entity='mgr.x'
