2024-04-01T03:14:53.940+0000 7fd20d58a700 1 -- 172.21.15.98:0/2434453852 learned_addr learned my addr 172.21.15.98:0/2434453852 (peer_addr_for_me v2:172.21.15.98:0/0)
2024-04-01T03:14:54.925 INFO:teuthology.orchestra.run.smithi098.stdout:/usr/bin/ceph: stderr
2024-04-01T03:14:53.940+0000 7fd20d58a700 1 -- 172.21.15.98:0/2434453852 --> [v2:172.21.15.98:3300/0,v1:172.21.15.98:6789/0] -- mon_subscribe({config=0+,monmap=0+}) -- 0x7fd20819e6f0 con 0x7fd20807dda0
2024-04-01T03:14:54.925 INFO:teuthology.orchestra.run.smithi098.stdout:/usr/bin/ceph: stderr
2024-04-01T03:14:53.940+0000 7fd20d58a700 1 --2- 172.21.15.98:0/2434453852 >> [v2:172.21.15.98:3300/0,v1:172.21.15.98:6789/0] conn(0x7fd20807dda0 0x7fd20819e1b0 secure :-1 s=READY pgs=52 cs=0 l=1 rev1=1 crypto rx=0x7fd1f8011930 tx=0x7fd1f8011cf0 comp rx=0 tx=0).ready entity=mon.0 client_cookie=0 server_cookie=0 in_seq=0 out_seq=0
2024-04-01T03:14:54.925 INFO:teuthology.orchestra.run.smithi098.stdout:/usr/bin/ceph: stderr
2024-04-01T03:14:53.940+0000 7fd1fe7fc700 1 -- 172.21.15.98:0/2434453852 <== mon.0 v2:172.21.15.98:3300/0 1 ==== mon_map magic: 0 ==== 205+0+0 (secure 0 0 0) 0x7fd1f80039e0 con 0x7fd20807dda0
2024-04-01T03:14:54.926 INFO:teuthology.orchestra.run.smithi098.stdout:/usr/bin/ceph: stderr
2024-04-01T03:14:53.940+0000 7fd1fe7fc700 1 -- 172.21.15.98:0/2434453852 <== mon.0 v2:172.21.15.98:3300/0 2 ==== config(29 keys) ==== 1209+0+0 (secure 0 0 0) 0x7fd1f8003b80 con 0x7fd20807dda0
2024-04-01T03:14:54.926 INFO:teuthology.orchestra.run.smithi098.stdout:/usr/bin/ceph: stderr
2024-04-01T03:14:53.941+0000 7fd20f7ee700 1 -- 172.21.15.98:0/2434453852 --> [v2:172.21.15.98:3300/0,v1:172.21.15.98:6789/0] -- mon_subscribe({mgrmap=0+}) -- 0x7fd20819e980 con 0x7fd20807dda0
2024-04-01T03:14:54.926 INFO:teuthology.orchestra.run.smithi098.stdout:/usr/bin/ceph: stderr
2024-04-01T03:14:53.941+0000 7fd1fe7fc700 1 -- 172.21.15.98:0/2434453852 <== mon.0 v2:172.21.15.98:3300/0 3 ==== mon_map magic: 0 ==== 205+0+0 (secure 0 0 0) 0x7fd1f8024760 con 0x7fd20807dda0
2024-04-01T03:14:54.926 INFO:teuthology.orchestra.run.smithi098.stdout:/usr/bin/ceph: stderr
2024-04-01T03:14:53.941+0000 7fd20f7ee700 1 -- 172.21.15.98:0/2434453852 --> [v2:172.21.15.98:3300/0,v1:172.21.15.98:6789/0] -- mon_subscribe({osdmap=0}) -- 0x7fd2081a1670 con 0x7fd20807dda0
2024-04-01T03:14:54.926 INFO:teuthology.orchestra.run.smithi098.stdout:/usr/bin/ceph: stderr
2024-04-01T03:14:53.941+0000 7fd1fe7fc700 1 -- 172.21.15.98:0/2434453852 <== mon.0 v2:172.21.15.98:3300/0 4 ==== mgrmap(e 8) ==== 46116+0+0 (secure 0 0 0) 0x7fd1f8022020 con 0x7fd20807dda0
2024-04-01T03:14:54.926 INFO:teuthology.orchestra.run.smithi098.stdout:/usr/bin/ceph: stderr
2024-04-01T03:14:53.941+0000 7fd20f7ee700 1 -- 172.21.15.98:0/2434453852 --> [v2:172.21.15.98:3300/0,v1:172.21.15.98:6789/0] -- mon_command({"prefix": "get_command_descriptions"} v 0) -- 0x7fd208063870 con 0x7fd20807dda0
2024-04-01T03:14:54.926 INFO:teuthology.orchestra.run.smithi098.stdout:/usr/bin/ceph: stderr
2024-04-01T03:14:53.942+0000 7fd1fe7fc700 1 --2- 172.21.15.98:0/2434453852 >> [v2:172.21.15.98:6800/3344678342,v1:172.21.15.98:6801/3344678342] conn(0x7fd1f4038e00 0x7fd1f403b2c0 unknown :-1 s=NONE pgs=0 cs=0 l=1 rev1=0 crypto rx=0 tx=0 comp rx=0 tx=0).connect
2024-04-01T03:14:54.926 INFO:teuthology.orchestra.run.smithi098.stdout:/usr/bin/ceph: stderr
2024-04-01T03:14:53.942+0000 7fd1fe7fc700 1 -- 172.21.15.98:0/2434453852 <== mon.0 v2:172.21.15.98:3300/0 5 ==== osd_map(2..2 src has 1..2) ==== 940+0+0 (secure 0 0 0) 0x7fd1f804cd50 con 0x7fd20807dda0
2024-04-01T03:14:54.926 INFO:teuthology.orchestra.run.smithi098.stdout:/usr/bin/ceph: stderr
2024-04-01T03:14:53.942+0000 7fd20cd89700 1 --2- 172.21.15.98:0/2434453852 >> [v2:172.21.15.98:6800/3344678342,v1:172.21.15.98:6801/3344678342] conn(0x7fd1f4038e00 0x7fd1f403b2c0 unknown :-1 s=BANNER_CONNECTING pgs=0 cs=0 l=1 rev1=0 crypto rx=0 tx=0 comp rx=0 tx=0)._handle_peer_banner_payload supported=3 required=0
2024-04-01T03:14:54.926 INFO:teuthology.orchestra.run.smithi098.stdout:/usr/bin/ceph: stderr
2024-04-01T03:14:53.942+0000 7fd20cd89700 1 --2- 172.21.15.98:0/2434453852 >> [v2:172.21.15.98:6800/3344678342,v1:172.21.15.98:6801/3344678342] conn(0x7fd1f4038e00 0x7fd1f403b2c0 secure :-1 s=READY pgs=14 cs=0 l=1 rev1=1 crypto rx=0x7fd204006fd0 tx=0x7fd204006e40 comp rx=0 tx=0).ready entity=mgr.14120 client_cookie=0 server_cookie=0 in_seq=0 out_seq=0
2024-04-01T03:14:54.926 INFO:teuthology.orchestra.run.smithi098.stdout:/usr/bin/ceph: stderr
2024-04-01T03:14:53.946+0000 7fd1fe7fc700 1 -- 172.21.15.98:0/2434453852 <== mon.0 v2:172.21.15.98:3300/0 6 ==== mon_command_ack([{"prefix": "get_command_descriptions"}]=0 v0) ==== 72+0+184932 (secure 0 0 0) 0x7fd1f8003d30 con 0x7fd20807dda0
2024-04-01T03:14:54.926 INFO:teuthology.orchestra.run.smithi098.stdout:/usr/bin/ceph: stderr
2024-04-01T03:14:54.155+0000 7fd20f7ee700 1 -- 172.21.15.98:0/2434453852 --> [v2:172.21.15.98:3300/0,v1:172.21.15.98:6789/0] -- mon_command([{prefix=config set, name=mgr/cephadm/container_init}] v 0) -- 0x7fd2081a1c20 con 0x7fd20807dda0
2024-04-01T03:14:54.926 INFO:teuthology.orchestra.run.smithi098.stdout:/usr/bin/ceph: stderr
2024-04-01T03:14:54.158+0000 7fd1fe7fc700 1 -- 172.21.15.98:0/2434453852 <== mon.0 v2:172.21.15.98:3300/0 7 ==== mon_command_ack([{prefix=config set, name=mgr/cephadm/container_init}]=0 v7)=0 v7) ==== 142+0+0 (secure 0 0 0) 0x7fd1f801aae0 con 0x7fd20807dda0
2024-04-01T03:14:54.926 INFO:teuthology.orchestra.run.smithi098.stdout:/usr/bin/ceph: stderr
2024-04-01T03:14:54.160+0000 7fd20f7ee700 1 -- 172.21.15.98:0/2434453852 >> [v2:172.21.15.98:6800/3344678342,v1:172.21.15.98:6801/3344678342] conn(0x7fd1f4038e00 msgr2=0x7fd1f403b2c0 secure :-1 s=STATE_CONNECTION_ESTABLISHED l=1).mark_down
2024-04-01T03:14:54.927 INFO:teuthology.orchestra.run.smithi098.stdout:/usr/bin/ceph: stderr
2024-04-01T03:14:54.160+0000 7fd20f7ee700 1 --2- 172.21.15.98:0/2434453852 >> [v2:172.21.15.98:6800/3344678342,v1:172.21.15.98:6801/3344678342] conn(0x7fd1f4038e00 0x7fd1f403b2c0 secure :-1 s=READY pgs=14 cs=0 l=1 rev1=1 crypto rx=0x7fd204006fd0 tx=0x7fd204006e40 comp rx=0 tx=0).stop
2024-04-01T03:14:54.927 INFO:teuthology.orchestra.run.smithi098.stdout:/usr/bin/ceph: stderr
2024-04-01T03:14:54.160+0000 7fd20f7ee700 1 -- 172.21.15.98:0/2434453852 >> [v2:172.21.15.98:3300/0,v1:172.21.15.98:6789/0] conn(0x7fd20807dda0 msgr2=0x7fd20819e1b0 secure :-1 s=STATE_CONNECTION_ESTABLISHED l=1).mark_down
2024-04-01T03:14:54.927 INFO:teuthology.orchestra.run.smithi098.stdout:/usr/bin/ceph: stderr
2024-04-01T03:14:54.160+0000 7fd20f7ee700 1 --2- 172.21.15.98:0/2434453852 >> [v2:172.21.15.98:3300/0,v1:172.21.15.98:6789/0] conn(0x7fd20807dda0 0x7fd20819e1b0 secure :-1 s=READY pgs=52 cs=0 l=1 rev1=1 crypto rx=0x7fd1f8011930 tx=0x7fd1f8011cf0 comp rx=0 tx=0).stop
2024-04-01T03:14:54.927 INFO:teuthology.orchestra.run.smithi098.stdout:/usr/bin/ceph: stderr
2024-04-01T03:14:54.160+0000 7fd20f7ee700 1 -- 172.21.15.98:0/2434453852 shutdown_connections
2024-04-01T03:14:54.927 INFO:teuthology.orchestra.run.smithi098.stdout:/usr/bin/ceph: stderr
2024-04-01T03:14:54.160+0000 7fd20f7ee700 1 --2- 172.21.15.98:0/2434453852 >> [v2:172.21.15.98:6800/3344678342,v1:172.21.15.98:6801/3344678342] conn(0x7fd1f4038e00 0x7fd1f403b2c0 unknown :-1 s=CLOSED pgs=14 cs=0 l=1 rev1=1 crypto rx=0 tx=0 comp rx=0 tx=0).stop
2024-04-01T03:14:54.927 INFO:teuthology.orchestra.run.smithi098.stdout:/usr/bin/ceph: stderr
2024-04-01T03:14:54.160+0000 7fd20f7ee700 1 --2- 172.21.15.98:0/2434453852 >> [v2:172.21.15.98:3300/0,v1:172.21.15.98:6789/0] conn(0x7fd20807dda0 0x7fd20819e1b0 unknown :-1 s=CLOSED pgs=52 cs=0 l=1 rev1=1 crypto rx=0 tx=0 comp rx=0 tx=0).stop
2024-04-01T03:14:54.927 INFO:teuthology.orchestra.run.smithi098.stdout:/usr/bin/ceph: stderr
2024-04-01T03:14:54.160+0000 7fd20f7ee700 1 -- 172.21.15.98:0/2434453852 >> 172.21.15.98:0/2434453852 conn(0x7fd2081035b0 msgr2=0x7fd2081040c0 unknown :-1 s=STATE_NONE l=0).mark_down
2024-04-01T03:14:54.927 INFO:teuthology.orchestra.run.smithi098.stdout:/usr/bin/ceph: stderr
2024-04-01T03:14:54.160+0000 7fd20f7ee700 1 -- 172.21.15.98:0/2434453852 shutdown_connections
2024-04-01T03:14:54.927 INFO:teuthology.orchestra.run.smithi098.stdout:/usr/bin/ceph: stderr
2024-04-01T03:14:54.160+0000 7fd20f7ee700 1 -- 172.21.15.98:0/2434453852 wait complete.
2024-04-01T03:14:55.392 INFO:journalctl@ceph.mon.a.smithi098.stdout:Apr 01 03:14:55 smithi098 ceph-mon[31941]: from='client.? 172.21.15.98:0/2434453852' entity='client.admin'
2024-04-01T03:14:56.533 INFO:journalctl@ceph.mon.a.smithi098.stdout:Apr 01 03:14:56 smithi098 ceph-mon[31941]: from='mgr.14120 172.21.15.98:0/3891442506' entity='mgr.x'
2024-04-01T03:14:56.534 INFO:journalctl@ceph.mon.a.smithi098.stdout:Apr 01 03:14:56 smithi098 ceph-mon[31941]: from='client.? 172.21.15.98:0/233579482' entity='client.admin'
2024-04-01T03:14:56.542 INFO:teuthology.orchestra.run.smithi098.stdout:/usr/bin/ceph: stderr
2024-04-01T03:14:55.700+0000 7f88d6528700 1 Processor -- start
2024-04-01T03:14:56.542 INFO:teuthology.orchestra.run.smithi098.stdout:/usr/bin/ceph: stderr
2024-04-01T03:14:55.700+0000 7f88d6528700 1 -- start start
2024-04-01T03:14:56.542 INFO:teuthology.orchestra.run.smithi098.stdout:/usr/bin/ceph: stderr
2024-04-01T03:14:55.700+0000 7f88d6528700 1 --2- >> [v2:172.21.15.98:3300/0,v1:172.21.15.98:6789/0] conn(0x7f88d0107f30 0x7f88d0108350 unknown :-1 s=NONE pgs=0 cs=0 l=0 rev1=0 crypto rx=0 tx=0 comp rx=0 tx=0).connect
2024-04-01T03:14:56.542 INFO:teuthology.orchestra.run.smithi098.stdout:/usr/bin/ceph: stderr
2024-04-01T03:14:55.700+0000 7f88d6528700 1 -- --> [v2:172.21.15.98:3300/0,v1:172.21.15.98:6789/0] -- mon_getmap magic: 0 -- 0x7f88d0108890 con 0x7f88d0107f30
2024-04-01T03:14:56.542 INFO:teuthology.orchestra.run.smithi098.stdout:/usr/bin/ceph: stderr
2024-04-01T03:14:55.701+0000 7f88cffff700 1 --2- >> [v2:172.21.15.98:3300/0,v1:172.21.15.98:6789/0] conn(0x7f88d0107f30 0x7f88d0108350 unknown :-1 s=BANNER_CONNECTING pgs=0 cs=0 l=0 rev1=0 crypto rx=0 tx=0 comp rx=0 tx=0)._handle_peer_banner_payload supported=3 required=0
2024-04-01T03:14:56.542 INFO:teuthology.orchestra.run.smithi098.stdout:/usr/bin/ceph: stderr
2024-04-01T03:14:55.701+0000 7f88cffff700 1 --2- >> [v2:172.21.15.98:3300/0,v1:172.21.15.98:6789/0] conn(0x7f88d0107f30 0x7f88d0108350 unknown :-1 s=HELLO_CONNECTING pgs=0 cs=0 l=0 rev1=1 crypto rx=0 tx=0 comp rx=0 tx=0).handle_hello peer v2:172.21.15.98:3300/0 says I am v2:172.21.15.98:52634/0 (socket says 172.21.15.98:52634)
2024-04-01T03:14:56.542 INFO:teuthology.orchestra.run.smithi098.stdout:/usr/bin/ceph: stderr
2024-04-01T03:14:55.701+0000 7f88cffff700 1 -- 172.21.15.98:0/3296963591 learned_addr learned my addr 172.21.15.98:0/3296963591 (peer_addr_for_me v2:172.21.15.98:0/0)
2024-04-01T03:14:56.542 INFO:teuthology.orchestra.run.smithi098.stdout:/usr/bin/ceph: stderr
2024-04-01T03:14:55.701+0000 7f88cffff700 1 -- 172.21.15.98:0/3296963591 --> [v2:172.21.15.98:3300/0,v1:172.21.15.98:6789/0] -- mon_subscribe({config=0+,monmap=0+}) -- 0x7f88d0108a10 con 0x7f88d0107f30
2024-04-01T03:14:56.543 INFO:teuthology.orchestra.run.smithi098.stdout:/usr/bin/ceph: stderr
2024-04-01T03:14:55.701+0000 7f88cffff700 1 --2- 172.21.15.98:0/3296963591 >> [v2:172.21.15.98:3300/0,v1:172.21.15.98:6789/0] conn(0x7f88d0107f30 0x7f88d0108350 secure :-1 s=READY pgs=53 cs=0 l=1 rev1=1 crypto rx=0x7f88c40098a0 tx=0x7f88c4009bb0 comp rx=0 tx=0).ready entity=mon.0 client_cookie=bf37533095947a7 server_cookie=0 in_seq=0 out_seq=0
2024-04-01T03:14:56.543 INFO:teuthology.orchestra.run.smithi098.stdout:/usr/bin/ceph: stderr
2024-04-01T03:14:55.701+0000 7f88ceffd700 1 -- 172.21.15.98:0/3296963591 <== mon.0 v2:172.21.15.98:3300/0 1 ==== mon_map magic: 0 ==== 205+0+0 (secure 0 0 0) 0x7f88c4004160 con 0x7f88d0107f30
2024-04-01T03:14:56.543 INFO:teuthology.orchestra.run.smithi098.stdout:/usr/bin/ceph: stderr
2024-04-01T03:14:55.701+0000 7f88ceffd700 1 -- 172.21.15.98:0/3296963591 <== mon.0 v2:172.21.15.98:3300/0 2 ==== config(29 keys) ==== 1209+0+0 (secure 0 0 0) 0x7f88c4004300 con 0x7f88d0107f30
2024-04-01T03:14:56.543 INFO:teuthology.orchestra.run.smithi098.stdout:/usr/bin/ceph: stderr
2024-04-01T03:14:55.701+0000 7f88ceffd700 1 -- 172.21.15.98:0/3296963591 <== mon.0 v2:172.21.15.98:3300/0 3 ==== mon_map magic: 0 ==== 205+0+0 (secure 0 0 0) 0x7f88c4011c70 con 0x7f88d0107f30
2024-04-01T03:14:56.543 INFO:teuthology.orchestra.run.smithi098.stdout:/usr/bin/ceph: stderr
2024-04-01T03:14:55.702+0000 7f88d6528700 1 -- 172.21.15.98:0/3296963591 >> [v2:172.21.15.98:3300/0,v1:172.21.15.98:6789/0] conn(0x7f88d0107f30 msgr2=0x7f88d0108350 secure :-1 s=STATE_CONNECTION_ESTABLISHED l=1).mark_down
2024-04-01T03:14:56.543 INFO:teuthology.orchestra.run.smithi098.stdout:/usr/bin/ceph: stderr
2024-04-01T03:14:55.702+0000 7f88d6528700 1 --2- 172.21.15.98:0/3296963591 >> [v2:172.21.15.98:3300/0,v1:172.21.15.98:6789/0] conn(0x7f88d0107f30 0x7f88d0108350 secure :-1 s=READY pgs=53 cs=0 l=1 rev1=1 crypto rx=0x7f88c40098a0 tx=0x7f88c4009bb0 comp rx=0 tx=0).stop
2024-04-01T03:14:56.543 INFO:teuthology.orchestra.run.smithi098.stdout:/usr/bin/ceph: stderr
2024-04-01T03:14:55.702+0000 7f88d6528700 1 -- 172.21.15.98:0/3296963591 shutdown_connections
2024-04-01T03:14:56.543 INFO:teuthology.orchestra.run.smithi098.stdout:/usr/bin/ceph: stderr
2024-04-01T03:14:55.702+0000 7f88d6528700 1 --2- 172.21.15.98:0/3296963591 >> [v2:172.21.15.98:3300/0,v1:172.21.15.98:6789/0] conn(0x7f88d0107f30 0x7f88d0108350 unknown :-1 s=CLOSED pgs=53 cs=0 l=1 rev1=1 crypto rx=0 tx=0 comp rx=0 tx=0).stop
2024-04-01T03:14:56.543 INFO:teuthology.orchestra.run.smithi098.stdout:/usr/bin/ceph: stderr
2024-04-01T03:14:55.702+0000 7f88d6528700 1 -- 172.21.15.98:0/3296963591 >> 172.21.15.98:0/3296963591 conn(0x7f88d0103570 msgr2=0x7f88d01059b0 unknown :-1 s=STATE_NONE l=0).mark_down
2024-04-01T03:14:56.543 INFO:teuthology.orchestra.run.smithi098.stdout:/usr/bin/ceph: stderr
2024-04-01T03:14:55.702+0000 7f88d6528700 1 -- 172.21.15.98:0/3296963591 shutdown_connections
2024-04-01T03:14:56.543 INFO:teuthology.orchestra.run.smithi098.stdout:/usr/bin/ceph: stderr
2024-04-01T03:14:55.702+0000 7f88d6528700 1 -- 172.21.15.98:0/3296963591 wait complete.
2024-04-01T03:14:56.543 INFO:teuthology.orchestra.run.smithi098.stdout:/usr/bin/ceph: stderr
2024-04-01T03:14:55.703+0000 7f88d6528700 1 Processor -- start
2024-04-01T03:14:56.543 INFO:teuthology.orchestra.run.smithi098.stdout:/usr/bin/ceph: stderr
2024-04-01T03:14:55.703+0000 7f88d6528700 1 -- start start
2024-04-01T03:14:56.544 INFO:teuthology.orchestra.run.smithi098.stdout:/usr/bin/ceph: stderr
2024-04-01T03:14:55.703+0000 7f88d6528700 1 --2- >> [v2:172.21.15.98:3300/0,v1:172.21.15.98:6789/0] conn(0x7f88d0107f30 0x7f88d007db80 unknown :-1 s=NONE pgs=0 cs=0 l=1 rev1=0 crypto rx=0 tx=0 comp rx=0 tx=0).connect
2024-04-01T03:14:56.544 INFO:teuthology.orchestra.run.smithi098.stdout:/usr/bin/ceph: stderr
2024-04-01T03:14:55.703+0000 7f88d6528700 1 -- --> [v2:172.21.15.98:3300/0,v1:172.21.15.98:6789/0] -- mon_getmap magic: 0 -- 0x7f88d010c3a0 con 0x7f88d0107f30
2024-04-01T03:14:56.544 INFO:teuthology.orchestra.run.smithi098.stdout:/usr/bin/ceph: stderr
2024-04-01T03:14:55.703+0000 7f88cffff700 1 --2- >> [v2:172.21.15.98:3300/0,v1:172.21.15.98:6789/0] conn(0x7f88d0107f30 0x7f88d007db80 unknown :-1 s=BANNER_CONNECTING pgs=0 cs=0 l=1 rev1=0 crypto rx=0 tx=0 comp rx=0 tx=0)._handle_peer_banner_payload supported=3 required=0
2024-04-01T03:14:56.544 INFO:teuthology.orchestra.run.smithi098.stdout:/usr/bin/ceph: stderr
2024-04-01T03:14:55.703+0000 7f88cffff700 1 --2- >> [v2:172.21.15.98:3300/0,v1:172.21.15.98:6789/0] conn(0x7f88d0107f30 0x7f88d007db80 unknown :-1 s=HELLO_CONNECTING pgs=0 cs=0 l=1 rev1=1 crypto rx=0 tx=0 comp rx=0 tx=0).handle_hello peer v2:172.21.15.98:3300/0 says I am v2:172.21.15.98:52640/0 (socket says 172.21.15.98:52640)
2024-04-01T03:14:56.544 INFO:teuthology.orchestra.run.smithi098.stdout:/usr/bin/ceph: stderr
2024-04-01T03:14:55.703+0000 7f88cffff700 1 -- 172.21.15.98:0/233579482 learned_addr learned my addr 172.21.15.98:0/233579482 (peer_addr_for_me v2:172.21.15.98:0/0)
2024-04-01T03:14:56.544 INFO:teuthology.orchestra.run.smithi098.stdout:/usr/bin/ceph: stderr
2024-04-01T03:14:55.703+0000 7f88cffff700 1 -- 172.21.15.98:0/233579482 --> [v2:172.21.15.98:3300/0,v1:172.21.15.98:6789/0] -- mon_subscribe({config=0+,monmap=0+}) -- 0x7f88d007e0c0 con 0x7f88d0107f30
2024-04-01T03:14:56.544 INFO:teuthology.orchestra.run.smithi098.stdout:/usr/bin/ceph: stderr
2024-04-01T03:14:55.703+0000 7f88cffff700 1 --2- 172.21.15.98:0/233579482 >> [v2:172.21.15.98:3300/0,v1:172.21.15.98:6789/0] conn(0x7f88d0107f30 0x7f88d007db80 secure :-1 s=READY pgs=54 cs=0 l=1 rev1=1 crypto rx=0x7f88c4011930 tx=0x7f88c4011cf0 comp rx=0 tx=0).ready entity=mon.0 client_cookie=0 server_cookie=0 in_seq=0 out_seq=0
2024-04-01T03:14:56.544 INFO:teuthology.orchestra.run.smithi098.stdout:/usr/bin/ceph: stderr
2024-04-01T03:14:55.704+0000 7f88cd7fa700 1 -- 172.21.15.98:0/233579482 <== mon.0 v2:172.21.15.98:3300/0 1 ==== mon_map magic: 0 ==== 205+0+0 (secure 0 0 0) 0x7f88c40039e0 con 0x7f88d0107f30
2024-04-01T03:14:56.544 INFO:teuthology.orchestra.run.smithi098.stdout:/usr/bin/ceph: stderr
2024-04-01T03:14:55.704+0000 7f88cd7fa700 1 -- 172.21.15.98:0/233579482 <== mon.0 v2:172.21.15.98:3300/0 2 ==== config(29 keys) ==== 1209+0+0 (secure 0 0 0) 0x7f88c4003b80 con 0x7f88d0107f30
2024-04-01T03:14:56.544 INFO:teuthology.orchestra.run.smithi098.stdout:/usr/bin/ceph: stderr
2024-04-01T03:14:55.704+0000 7f88d6528700 1 -- 172.21.15.98:0/233579482 --> [v2:172.21.15.98:3300/0,v1:172.21.15.98:6789/0] -- mon_subscribe({mgrmap=0+}) -- 0x7f88d007c2b0 con 0x7f88d0107f30
2024-04-01T03:14:56.544 INFO:teuthology.orchestra.run.smithi098.stdout:/usr/bin/ceph: stderr
2024-04-01T03:14:55.704+0000 7f88cd7fa700 1 -- 172.21.15.98:0/233579482 <== mon.0 v2:172.21.15.98:3300/0 3 ==== mon_map magic: 0 ==== 205+0+0 (secure 0 0 0) 0x7f88c4024730 con 0x7f88d0107f30
2024-04-01T03:14:56.544 INFO:teuthology.orchestra.run.smithi098.stdout:/usr/bin/ceph: stderr
2024-04-01T03:14:55.704+0000 7f88d6528700 1 -- 172.21.15.98:0/233579482 --> [v2:172.21.15.98:3300/0,v1:172.21.15.98:6789/0] -- mon_subscribe({osdmap=0}) -- 0x7f88d007c790 con 0x7f88d0107f30
2024-04-01T03:14:56.544 INFO:teuthology.orchestra.run.smithi098.stdout:/usr/bin/ceph: stderr
2024-04-01T03:14:55.705+0000 7f88cd7fa700 1 -- 172.21.15.98:0/233579482 <== mon.0 v2:172.21.15.98:3300/0 4 ==== mgrmap(e 8) ==== 46116+0+0 (secure 0 0 0) 0x7f88c4022020 con 0x7f88d0107f30
2024-04-01T03:14:56.544 INFO:teuthology.orchestra.run.smithi098.stdout:/usr/bin/ceph: stderr
2024-04-01T03:14:55.705+0000 7f88cd7fa700 1 --2- 172.21.15.98:0/233579482 >> [v2:172.21.15.98:6800/3344678342,v1:172.21.15.98:6801/3344678342] conn(0x7f88b8038db0 0x7f88b803b270 unknown :-1 s=NONE pgs=0 cs=0 l=1 rev1=0 crypto rx=0 tx=0 comp rx=0 tx=0).connect
2024-04-01T03:14:56.545 INFO:teuthology.orchestra.run.smithi098.stdout:/usr/bin/ceph: stderr
2024-04-01T03:14:55.705+0000 7f88cd7fa700 1 -- 172.21.15.98:0/233579482 <== mon.0 v2:172.21.15.98:3300/0 5 ==== osd_map(2..2 src has 1..2) ==== 940+0+0 (secure 0 0 0) 0x7f88c404de30 con 0x7f88d0107f30
2024-04-01T03:14:56.545 INFO:teuthology.orchestra.run.smithi098.stdout:/usr/bin/ceph: stderr
2024-04-01T03:14:55.705+0000 7f88cf7fe700 1 --2- 172.21.15.98:0/233579482 >> [v2:172.21.15.98:6800/3344678342,v1:172.21.15.98:6801/3344678342] conn(0x7f88b8038db0 0x7f88b803b270 unknown :-1 s=BANNER_CONNECTING pgs=0 cs=0 l=1 rev1=0 crypto rx=0 tx=0 comp rx=0 tx=0)._handle_peer_banner_payload supported=3 required=0
2024-04-01T03:14:56.545 INFO:teuthology.orchestra.run.smithi098.stdout:/usr/bin/ceph: stderr
2024-04-01T03:14:55.705+0000 7f88d6528700 1 -- 172.21.15.98:0/233579482 --> [v2:172.21.15.98:3300/0,v1:172.21.15.98:6789/0] -- mon_command({"prefix": "get_command_descriptions"} v 0) -- 0x7f88d010c520 con 0x7f88d0107f30
2024-04-01T03:14:56.545 INFO:teuthology.orchestra.run.smithi098.stdout:/usr/bin/ceph: stderr
2024-04-01T03:14:55.705+0000 7f88cf7fe700 1 --2- 172.21.15.98:0/233579482 >> [v2:172.21.15.98:6800/3344678342,v1:172.21.15.98:6801/3344678342] conn(0x7f88b8038db0 0x7f88b803b270 secure :-1 s=READY pgs=15 cs=0 l=1 rev1=1 crypto rx=0x7f88c0006fd0 tx=0x7f88c0006e40 comp rx=0 tx=0).ready entity=mgr.14120 client_cookie=0 server_cookie=0 in_seq=0 out_seq=0
2024-04-01T03:14:56.545 INFO:teuthology.orchestra.run.smithi098.stdout:/usr/bin/ceph: stderr
2024-04-01T03:14:55.710+0000 7f88cd7fa700 1 -- 172.21.15.98:0/233579482 <== mon.0 v2:172.21.15.98:3300/0 6 ==== mon_command_ack([{"prefix": "get_command_descriptions"}]=0 v0) ==== 72+0+184932 (secure 0 0 0) 0x7f88c400ba20 con 0x7f88d0107f30
2024-04-01T03:14:56.545 INFO:teuthology.orchestra.run.smithi098.stdout:/usr/bin/ceph: stderr
2024-04-01T03:14:55.915+0000 7f88d6528700 1 -- 172.21.15.98:0/233579482 --> [v2:172.21.15.98:3300/0,v1:172.21.15.98:6789/0] -- mon_command([{prefix=config set, name=mgr/dashboard/ssl_server_port}] v 0) -- 0x7f88d0063870 con 0x7f88d0107f30
2024-04-01T03:14:56.545 INFO:teuthology.orchestra.run.smithi098.stdout:/usr/bin/ceph: stderr
2024-04-01T03:14:55.918+0000 7f88cd7fa700 1 -- 172.21.15.98:0/233579482 <== mon.0 v2:172.21.15.98:3300/0 7 ==== mon_command_ack([{prefix=config set, name=mgr/dashboard/ssl_server_port}]=0 v8)=0 v8) ==== 130+0+0 (secure 0 0 0) 0x7f88c4032020 con 0x7f88d0107f30
2024-04-01T03:14:56.545 INFO:teuthology.orchestra.run.smithi098.stdout:/usr/bin/ceph: stderr
2024-04-01T03:14:55.922+0000 7f88d6528700 1 -- 172.21.15.98:0/233579482 >> [v2:172.21.15.98:6800/3344678342,v1:172.21.15.98:6801/3344678342] conn(0x7f88b8038db0 msgr2=0x7f88b803b270 secure :-1 s=STATE_CONNECTION_ESTABLISHED l=1).mark_down
2024-04-01T03:14:56.545 INFO:teuthology.orchestra.run.smithi098.stdout:/usr/bin/ceph: stderr
2024-04-01T03:14:55.922+0000 7f88d6528700 1 --2- 172.21.15.98:0/233579482 >> [v2:172.21.15.98:6800/3344678342,v1:172.21.15.98:6801/3344678342] conn(0x7f88b8038db0 0x7f88b803b270 secure :-1 s=READY pgs=15 cs=0 l=1 rev1=1 crypto rx=0x7f88c0006fd0 tx=0x7f88c0006e40 comp rx=0 tx=0).stop
2024-04-01T03:14:56.545 INFO:teuthology.orchestra.run.smithi098.stdout:/usr/bin/ceph: stderr
2024-04-01T03:14:55.922+0000 7f88d6528700 1 -- 172.21.15.98:0/233579482 >> [v2:172.21.15.98:3300/0,v1:172.21.15.98:6789/0] conn(0x7f88d0107f30 msgr2=0x7f88d007db80 secure :-1 s=STATE_CONNECTION_ESTABLISHED l=1).mark_down
2024-04-01T03:14:56.545 INFO:teuthology.orchestra.run.smithi098.stdout:/usr/bin/ceph: stderr
2024-04-01T03:14:55.922+0000 7f88d6528700 1 --2- 172.21.15.98:0/233579482 >> [v2:172.21.15.98:3300/0,v1:172.21.15.98:6789/0] conn(0x7f88d0107f30 0x7f88d007db80 secure :-1 s=READY pgs=54 cs=0 l=1 rev1=1 crypto rx=0x7f88c4011930 tx=0x7f88c4011cf0 comp rx=0 tx=0).stop
2024-04-01T03:14:56.545 INFO:teuthology.orchestra.run.smithi098.stdout:/usr/bin/ceph: stderr
2024-04-01T03:14:55.922+0000 7f88d6528700 1 -- 172.21.15.98:0/233579482 shutdown_connections
2024-04-01T03:14:56.545 INFO:teuthology.orchestra.run.smithi098.stdout:/usr/bin/ceph: stderr
2024-04-01T03:14:55.922+0000 7f88d6528700 1 --2- 172.21.15.98:0/233579482 >> [v2:172.21.15.98:6800/3344678342,v1:172.21.15.98:6801/3344678342] conn(0x7f88b8038db0 0x7f88b803b270 unknown :-1 s=CLOSED pgs=15 cs=0 l=1 rev1=1 crypto rx=0 tx=0 comp rx=0 tx=0).stop
2024-04-01T03:14:56.546 INFO:teuthology.orchestra.run.smithi098.stdout:/usr/bin/ceph: stderr
2024-04-01T03:14:55.922+0000 7f88d6528700 1 --2- 172.21.15.98:0/233579482 >> [v2:172.21.15.98:3300/0,v1:172.21.15.98:6789/0] conn(0x7f88d0107f30 0x7f88d007db80 unknown :-1 s=CLOSED pgs=54 cs=0 l=1 rev1=1 crypto rx=0 tx=0 comp rx=0 tx=0).stop
2024-04-01T03:14:56.546 INFO:teuthology.orchestra.run.smithi098.stdout:/usr/bin/ceph: stderr
2024-04-01T03:14:55.922+0000 7f88d6528700 1 -- 172.21.15.98:0/233579482 >> 172.21.15.98:0/233579482 conn(0x7f88d0103570 msgr2=0x7f88d0104090 unknown :-1 s=STATE_NONE l=0).mark_down
2024-04-01T03:14:56.546 INFO:teuthology.orchestra.run.smithi098.stdout:/usr/bin/ceph: stderr
2024-04-01T03:14:55.922+0000 7f88d6528700 1 -- 172.21.15.98:0/233579482 shutdown_connections
2024-04-01T03:14:56.546 INFO:teuthology.orchestra.run.smithi098.stdout:/usr/bin/ceph: stderr
2024-04-01T03:14:55.922+0000 7f88d6528700 1 -- 172.21.15.98:0/233579482 wait complete.
2024-04-01T03:14:56.546 INFO:teuthology.orchestra.run.smithi098.stdout:Enabling the dashboard module...
2024-04-01T03:14:58.392 INFO:journalctl@ceph.mon.a.smithi098.stdout:Apr 01 03:14:58 smithi098 ceph-mon[31941]: from='mgr.14120 172.21.15.98:0/3891442506' entity='mgr.x'
2024-04-01T03:14:58.393 INFO:journalctl@ceph.mon.a.smithi098.stdout:Apr 01 03:14:58 smithi098 ceph-mon[31941]: from='client.? 172.21.15.98:0/4219935005' entity='client.admin' cmd=[{"prefix": "mgr module enable", "module": "dashboard"}]: dispatch
2024-04-01T03:14:58.393 INFO:journalctl@ceph.mon.a.smithi098.stdout:Apr 01 03:14:58 smithi098 ceph-mon[31941]: pgmap v3: 0 pgs: ; 0 B data, 0 B used, 0 B / 0 B avail
2024-04-01T03:14:58.393 INFO:journalctl@ceph.mgr.x.smithi098.stdout:Apr 01 03:14:58 smithi098 ceph-c69189fe-efd5-11ee-b647-cb9ed24678a4-mgr-x[32178]: ignoring --setuser ceph since I am not root
2024-04-01T03:14:58.393 INFO:journalctl@ceph.mgr.x.smithi098.stdout:Apr 01 03:14:58 smithi098 ceph-c69189fe-efd5-11ee-b647-cb9ed24678a4-mgr-x[32178]: ignoring --setgroup ceph since I am not root
2024-04-01T03:14:58.765 INFO:journalctl@ceph.mgr.x.smithi098.stdout:Apr 01 03:14:58 smithi098 ceph-c69189fe-efd5-11ee-b647-cb9ed24678a4-mgr-x[32178]:
2024-04-01T03:14:58.671+0000 7f962c8fb200 -1 mgr[py] Module osd_perf_query has missing NOTIFY_TYPES member
2024-04-01T03:14:58.765 INFO:journalctl@ceph.mgr.x.smithi098.stdout:Apr 01 03:14:58 smithi098 ceph-c69189fe-efd5-11ee-b647-cb9ed24678a4-mgr-x[32178]:
2024-04-01T03:14:58.765+0000 7f962c8fb200 -1 mgr[py] Module snap_schedule has missing NOTIFY_TYPES member
2024-04-01T03:14:58.816 INFO:teuthology.orchestra.run.smithi098.stdout:/usr/bin/ceph: stderr
2024-04-01T03:14:56.963+0000 7f0052f61700 1 Processor -- start
2024-04-01T03:14:58.816 INFO:teuthology.orchestra.run.smithi098.stdout:/usr/bin/ceph: stderr
2024-04-01T03:14:56.963+0000 7f0052f61700 1 -- start start
2024-04-01T03:14:58.816 INFO:teuthology.orchestra.run.smithi098.stdout:/usr/bin/ceph: stderr
2024-04-01T03:14:56.963+0000 7f0052f61700 1 --2- >> [v2:172.21.15.98:3300/0,v1:172.21.15.98:6789/0] conn(0x7f004c106e10 0x7f004c107230 unknown :-1 s=NONE pgs=0 cs=0 l=0 rev1=0 crypto rx=0 tx=0 comp rx=0 tx=0).connect
2024-04-01T03:14:58.816 INFO:teuthology.orchestra.run.smithi098.stdout:/usr/bin/ceph: stderr
2024-04-01T03:14:56.963+0000 7f0052f61700 1 -- --> [v2:172.21.15.98:3300/0,v1:172.21.15.98:6789/0] -- mon_getmap magic: 0 -- 0x7f004c107770 con 0x7f004c106e10
2024-04-01T03:14:58.816 INFO:teuthology.orchestra.run.smithi098.stdout:/usr/bin/ceph: stderr
2024-04-01T03:14:56.963+0000 7f0050cfd700 1 --2- >> [v2:172.21.15.98:3300/0,v1:172.21.15.98:6789/0] conn(0x7f004c106e10 0x7f004c107230 unknown :-1 s=BANNER_CONNECTING pgs=0 cs=0 l=0 rev1=0 crypto rx=0 tx=0 comp rx=0 tx=0)._handle_peer_banner_payload supported=3 required=0
2024-04-01T03:14:58.816 INFO:teuthology.orchestra.run.smithi098.stdout:/usr/bin/ceph: stderr
2024-04-01T03:14:56.963+0000 7f0050cfd700 1 --2- >> [v2:172.21.15.98:3300/0,v1:172.21.15.98:6789/0] conn(0x7f004c106e10 0x7f004c107230 unknown :-1 s=HELLO_CONNECTING pgs=0 cs=0 l=0 rev1=1 crypto rx=0 tx=0 comp rx=0 tx=0).handle_hello peer v2:172.21.15.98:3300/0 says I am v2:172.21.15.98:52654/0 (socket says 172.21.15.98:52654)
2024-04-01T03:14:58.816 INFO:teuthology.orchestra.run.smithi098.stdout:/usr/bin/ceph: stderr
2024-04-01T03:14:56.963+0000 7f0050cfd700 1 -- 172.21.15.98:0/2507834127 learned_addr learned my addr 172.21.15.98:0/2507834127 (peer_addr_for_me v2:172.21.15.98:0/0)
2024-04-01T03:14:58.816 INFO:teuthology.orchestra.run.smithi098.stdout:/usr/bin/ceph: stderr
2024-04-01T03:14:56.964+0000 7f0050cfd700 1 -- 172.21.15.98:0/2507834127 --> [v2:172.21.15.98:3300/0,v1:172.21.15.98:6789/0] -- mon_subscribe({config=0+,monmap=0+}) -- 0x7f004c107f70 con 0x7f004c106e10
2024-04-01T03:14:58.816 INFO:teuthology.orchestra.run.smithi098.stdout:/usr/bin/ceph: stderr
2024-04-01T03:14:56.964+0000 7f0050cfd700 1 --2- 172.21.15.98:0/2507834127 >> [v2:172.21.15.98:3300/0,v1:172.21.15.98:6789/0] conn(0x7f004c106e10 0x7f004c107230 secure :-1 s=READY pgs=55 cs=0 l=1 rev1=1 crypto rx=0x7f0048009e80 tx=0x7f004800b330 comp rx=0 tx=0).ready entity=mon.0 client_cookie=b85bdfa04e009031 server_cookie=0 in_seq=0 out_seq=0
2024-04-01T03:14:58.816 INFO:teuthology.orchestra.run.smithi098.stdout:/usr/bin/ceph: stderr
2024-04-01T03:14:56.964+0000 7f00437fe700 1 -- 172.21.15.98:0/2507834127 <== mon.0 v2:172.21.15.98:3300/0 1 ==== mon_map magic: 0 ==== 205+0+0 (secure 0 0 0) 0x7f0048017070 con 0x7f004c106e10
2024-04-01T03:14:58.817 INFO:teuthology.orchestra.run.smithi098.stdout:/usr/bin/ceph: stderr
2024-04-01T03:14:56.964+0000 7f00437fe700 1 -- 172.21.15.98:0/2507834127 <== mon.0 v2:172.21.15.98:3300/0 2 ==== config(29 keys) ==== 1209+0+0 (secure 0 0 0) 0x7f004800b8c0 con 0x7f004c106e10
2024-04-01T03:14:58.817 INFO:teuthology.orchestra.run.smithi098.stdout:/usr/bin/ceph: stderr
2024-04-01T03:14:56.964+0000 7f00437fe700 1 -- 172.21.15.98:0/2507834127 <== mon.0 v2:172.21.15.98:3300/0 3 ==== mon_map magic: 0 ==== 205+0+0 (secure 0 0 0) 0x7f00480046f0 con 0x7f004c106e10
2024-04-01T03:14:58.817 INFO:teuthology.orchestra.run.smithi098.stdout:/usr/bin/ceph: stderr
2024-04-01T03:14:56.965+0000 7f0052f61700 1 -- 172.21.15.98:0/2507834127 >> [v2:172.21.15.98:3300/0,v1:172.21.15.98:6789/0] conn(0x7f004c106e10 msgr2=0x7f004c107230 secure :-1 s=STATE_CONNECTION_ESTABLISHED l=1).mark_down
2024-04-01T03:14:58.817 INFO:teuthology.orchestra.run.smithi098.stdout:/usr/bin/ceph: stderr
2024-04-01T03:14:56.965+0000 7f0052f61700 1 --2- 172.21.15.98:0/2507834127 >> [v2:172.21.15.98:3300/0,v1:172.21.15.98:6789/0] conn(0x7f004c106e10 0x7f004c107230 secure :-1 s=READY pgs=55 cs=0 l=1 rev1=1 crypto rx=0x7f0048009e80 tx=0x7f004800b330 comp rx=0 tx=0).stop
2024-04-01T03:14:58.817 INFO:teuthology.orchestra.run.smithi098.stdout:/usr/bin/ceph: stderr
2024-04-01T03:14:56.965+0000 7f0052f61700 1 -- 172.21.15.98:0/2507834127 shutdown_connections
2024-04-01T03:14:58.817 INFO:teuthology.orchestra.run.smithi098.stdout:/usr/bin/ceph: stderr
2024-04-01T03:14:56.965+0000 7f0052f61700 1 --2- 172.21.15.98:0/2507834127 >> [v2:172.21.15.98:3300/0,v1:172.21.15.98:6789/0] conn(0x7f004c106e10 0x7f004c107230 unknown :-1 s=CLOSED pgs=55 cs=0 l=1 rev1=1 crypto rx=0 tx=0 comp rx=0 tx=0).stop
2024-04-01T03:14:58.817 INFO:teuthology.orchestra.run.smithi098.stdout:/usr/bin/ceph: stderr
2024-04-01T03:14:56.965+0000 7f0052f61700 1 -- 172.21.15.98:0/2507834127 >> 172.21.15.98:0/2507834127 conn(0x7f004c102390 msgr2=0x7f004c1047f0 unknown :-1 s=STATE_NONE l=0).mark_down
2024-04-01T03:14:58.817 INFO:teuthology.orchestra.run.smithi098.stdout:/usr/bin/ceph: stderr
2024-04-01T03:14:56.965+0000 7f0052f61700 1 -- 172.21.15.98:0/2507834127 shutdown_connections
2024-04-01T03:14:58.817 INFO:teuthology.orchestra.run.smithi098.stdout:/usr/bin/ceph: stderr
2024-04-01T03:14:56.965+0000 7f0052f61700 1 -- 172.21.15.98:0/2507834127 wait complete.
2024-04-01T03:14:58.817 INFO:teuthology.orchestra.run.smithi098.stdout:/usr/bin/ceph: stderr
2024-04-01T03:14:56.965+0000 7f0052f61700 1 Processor -- start
2024-04-01T03:14:58.817 INFO:teuthology.orchestra.run.smithi098.stdout:/usr/bin/ceph: stderr
2024-04-01T03:14:56.965+0000 7f0052f61700 1 -- start start
2024-04-01T03:14:58.817 INFO:teuthology.orchestra.run.smithi098.stdout:/usr/bin/ceph: stderr
2024-04-01T03:14:56.965+0000 7f0052f61700 1 --2- >> [v2:172.21.15.98:3300/0,v1:172.21.15.98:6789/0] conn(0x7f004c106e10 0x7f004c19bf50 unknown :-1 s=NONE pgs=0 cs=0 l=1 rev1=0 crypto rx=0 tx=0 comp rx=0 tx=0).connect
2024-04-01T03:14:58.817 INFO:teuthology.orchestra.run.smithi098.stdout:/usr/bin/ceph: stderr
2024-04-01T03:14:56.965+0000 7f0052f61700 1 -- --> [v2:172.21.15.98:3300/0,v1:172.21.15.98:6789/0] -- mon_getmap magic: 0 -- 0x7f004c10b3b0 con 0x7f004c106e10
2024-04-01T03:14:58.818 INFO:teuthology.orchestra.run.smithi098.stdout:/usr/bin/ceph: stderr
2024-04-01T03:14:56.966+0000 7f0050cfd700 1 --2- >> [v2:172.21.15.98:3300/0,v1:172.21.15.98:6789/0] conn(0x7f004c106e10 0x7f004c19bf50 unknown :-1 s=BANNER_CONNECTING pgs=0 cs=0 l=1 rev1=0 crypto rx=0 tx=0 comp rx=0 tx=0)._handle_peer_banner_payload supported=3 required=0
2024-04-01T03:14:58.818 INFO:teuthology.orchestra.run.smithi098.stdout:/usr/bin/ceph: stderr
2024-04-01T03:14:56.966+0000 7f0050cfd700 1 --2- >> [v2:172.21.15.98:3300/0,v1:172.21.15.98:6789/0] conn(0x7f004c106e10 0x7f004c19bf50 unknown :-1 s=HELLO_CONNECTING pgs=0 cs=0 l=1 rev1=1 crypto rx=0 tx=0 comp rx=0 tx=0).handle_hello peer v2:172.21.15.98:3300/0 says I am v2:172.21.15.98:52664/0 (socket says 172.21.15.98:52664)
2024-04-01T03:14:58.818 INFO:teuthology.orchestra.run.smithi098.stdout:/usr/bin/ceph: stderr
2024-04-01T03:14:56.966+0000 7f0050cfd700 1 -- 172.21.15.98:0/4219935005 learned_addr learned my addr 172.21.15.98:0/4219935005 (peer_addr_for_me v2:172.21.15.98:0/0)
2024-04-01T03:14:58.818 INFO:teuthology.orchestra.run.smithi098.stdout:/usr/bin/ceph: stderr
2024-04-01T03:14:56.966+0000 7f0050cfd700 1 -- 172.21.15.98:0/4219935005 --> [v2:172.21.15.98:3300/0,v1:172.21.15.98:6789/0] -- mon_subscribe({config=0+,monmap=0+}) -- 0x7f004c19c490 con 0x7f004c106e10
2024-04-01T03:14:58.818 INFO:teuthology.orchestra.run.smithi098.stdout:/usr/bin/ceph: stderr
2024-04-01T03:14:56.966+0000 7f0050cfd700 1 --2- 172.21.15.98:0/4219935005 >> [v2:172.21.15.98:3300/0,v1:172.21.15.98:6789/0] conn(0x7f004c106e10 0x7f004c19bf50 secure :-1 s=READY pgs=56 cs=0 l=1 rev1=1 crypto rx=0x7f004800d010 tx=0x7f0048003d00 comp rx=0 tx=0).ready entity=mon.0 client_cookie=0 server_cookie=0 in_seq=0 out_seq=0
2024-04-01T03:14:58.818 INFO:teuthology.orchestra.run.smithi098.stdout:/usr/bin/ceph: stderr
2024-04-01T03:14:56.966+0000 7f0041ffb700 1 -- 172.21.15.98:0/4219935005 <== mon.0 v2:172.21.15.98:3300/0 1 ==== mon_map magic: 0 ==== 205+0+0 (secure 0 0 0) 0x7f0048021020 con 0x7f004c106e10
2024-04-01T03:14:58.818 INFO:teuthology.orchestra.run.smithi098.stdout:/usr/bin/ceph: stderr
2024-04-01T03:14:56.966+0000 7f0052f61700 1 -- 172.21.15.98:0/4219935005 --> [v2:172.21.15.98:3300/0,v1:172.21.15.98:6789/0] -- mon_subscribe({mgrmap=0+}) -- 0x7f004c19c720 con 0x7f004c106e10
2024-04-01T03:14:58.818 INFO:teuthology.orchestra.run.smithi098.stdout:/usr/bin/ceph: stderr
2024-04-01T03:14:56.966+0000 7f0041ffb700 1 -- 172.21.15.98:0/4219935005 <== mon.0 v2:172.21.15.98:3300/0 2 ==== config(29 keys) ==== 1209+0+0 (secure 0 0 0) 0x7f00480094d0 con 0x7f004c106e10
2024-04-01T03:14:58.818 INFO:teuthology.orchestra.run.smithi098.stdout:/usr/bin/ceph: stderr
2024-04-01T03:14:56.966+0000 7f0041ffb700 1 -- 172.21.15.98:0/4219935005 <== mon.0 v2:172.21.15.98:3300/0 3 ==== mon_map magic: 0 ==== 205+0+0 (secure 0 0 0) 0x7f0048017040 con 0x7f004c106e10
2024-04-01T03:14:58.818 INFO:teuthology.orchestra.run.smithi098.stdout:/usr/bin/ceph: stderr
2024-04-01T03:14:56.966+0000 7f0052f61700 1 -- 172.21.15.98:0/4219935005 --> [v2:172.21.15.98:3300/0,v1:172.21.15.98:6789/0] -- mon_subscribe({osdmap=0}) -- 0x7f004c19f410 con 0x7f004c106e10
2024-04-01T03:14:58.818 INFO:teuthology.orchestra.run.smithi098.stdout:/usr/bin/ceph: stderr
2024-04-01T03:14:56.967+0000 7f0041ffb700 1 -- 172.21.15.98:0/4219935005 <== mon.0 v2:172.21.15.98:3300/0 4 ==== mgrmap(e 8) ==== 46116+0+0 (secure 0 0 0) 0x7f0048024020 con 0x7f004c106e10
2024-04-01T03:14:58.818 INFO:teuthology.orchestra.run.smithi098.stdout:/usr/bin/ceph: stderr
2024-04-01T03:14:56.967+0000 7f0052f61700 1 -- 172.21.15.98:0/4219935005 --> [v2:172.21.15.98:3300/0,v1:172.21.15.98:6789/0] -- mon_command({"prefix": "get_command_descriptions"} v 0) -- 0x7f004c063870 con 0x7f004c106e10
2024-04-01T03:14:58.818 INFO:teuthology.orchestra.run.smithi098.stdout:/usr/bin/ceph: stderr
2024-04-01T03:14:56.967+0000 7f0041ffb700 1 --2- 172.21.15.98:0/4219935005 >> [v2:172.21.15.98:6800/3344678342,v1:172.21.15.98:6801/3344678342] conn(0x7f0034038db0 0x7f003403b270 unknown :-1 s=NONE pgs=0 cs=0 l=1 rev1=0 crypto rx=0 tx=0 comp rx=0 tx=0).connect
2024-04-01T03:14:58.819 INFO:teuthology.orchestra.run.smithi098.stdout:/usr/bin/ceph: stderr
2024-04-01T03:14:56.967+0000 7f0041ffb700 1 -- 172.21.15.98:0/4219935005 <== mon.0 v2:172.21.15.98:3300/0 5 ==== osd_map(2..2 src has 1..2) ==== 940+0+0 (secure 0 0 0) 0x7f004800f050 con 0x7f004c106e10
2024-04-01T03:14:58.819 INFO:teuthology.orchestra.run.smithi098.stdout:/usr/bin/ceph: stderr
2024-04-01T03:14:56.967+0000 7f0043fff700 1 --2- 172.21.15.98:0/4219935005 >> [v2:172.21.15.98:6800/3344678342,v1:172.21.15.98:6801/3344678342] conn(0x7f0034038db0 0x7f003403b270 unknown :-1 s=BANNER_CONNECTING pgs=0 cs=0 l=1 rev1=0 crypto rx=0 tx=0 comp rx=0 tx=0)._handle_peer_banner_payload supported=3 required=0
2024-04-01T03:14:58.819 INFO:teuthology.orchestra.run.smithi098.stdout:/usr/bin/ceph: stderr
2024-04-01T03:14:56.968+0000 7f0043fff700 1 --2- 172.21.15.98:0/4219935005 >> [v2:172.21.15.98:6800/3344678342,v1:172.21.15.98:6801/3344678342] conn(0x7f0034038db0 0x7f003403b270 secure :-1 s=READY pgs=16 cs=0 l=1 rev1=1 crypto rx=0x7f003c006fd0 tx=0x7f003c006e40 comp rx=0 tx=0).ready entity=mgr.14120 client_cookie=0 server_cookie=0 in_seq=0 out_seq=0
2024-04-01T03:14:58.819 INFO:teuthology.orchestra.run.smithi098.stdout:/usr/bin/ceph: stderr
2024-04-01T03:14:56.972+0000 7f0041ffb700 1 -- 172.21.15.98:0/4219935005 <== mon.0 v2:172.21.15.98:3300/0 6 ==== mon_command_ack([{"prefix": "get_command_descriptions"}]=0 v0) ==== 72+0+184932 (secure 0 0 0) 0x7f004802b020 con 0x7f004c106e10
2024-04-01T03:14:58.819 INFO:teuthology.orchestra.run.smithi098.stdout:/usr/bin/ceph: stderr
2024-04-01T03:14:57.249+0000 7f0052f61700 1 -- 172.21.15.98:0/4219935005 --> [v2:172.21.15.98:3300/0,v1:172.21.15.98:6789/0] -- mon_command({"prefix": "mgr module enable", "module": "dashboard"} v 0) -- 0x7f004c02dd80 con 0x7f004c106e10
2024-04-01T03:14:58.819 INFO:teuthology.orchestra.run.smithi098.stdout:/usr/bin/ceph: stderr
2024-04-01T03:14:58.097+0000 7f0041ffb700 1 -- 172.21.15.98:0/4219935005 <== mon.0 v2:172.21.15.98:3300/0 7 ==== mon_command_ack([{"prefix": "mgr module enable", "module": "dashboard"}]=0 v9) ==== 88+0+0 (secure 0 0 0) 0x7f0048018280 con 0x7f004c106e10
2024-04-01T03:14:58.819 INFO:teuthology.orchestra.run.smithi098.stdout:/usr/bin/ceph: stderr
2024-04-01T03:14:58.099+0000 7f0041ffb700 1 -- 172.21.15.98:0/4219935005 <== mon.0 v2:172.21.15.98:3300/0 8 ==== mgrmap(e 9) ==== 46129+0+0 (secure 0 0 0) 0x7f0048012880 con 0x7f004c106e10
2024-04-01T03:14:58.819 INFO:teuthology.orchestra.run.smithi098.stdout:/usr/bin/ceph: stderr
2024-04-01T03:14:58.100+0000 7f0052f61700 1 -- 172.21.15.98:0/4219935005 >> [v2:172.21.15.98:6800/3344678342,v1:172.21.15.98:6801/3344678342] conn(0x7f0034038db0 msgr2=0x7f003403b270 secure :-1 s=STATE_CONNECTION_ESTABLISHED l=1).mark_down
2024-04-01T03:14:58.819 INFO:teuthology.orchestra.run.smithi098.stdout:/usr/bin/ceph: stderr
2024-04-01T03:14:58.100+0000 7f0052f61700 1 --2- 172.21.15.98:0/4219935005 >> [v2:172.21.15.98:6800/3344678342,v1:172.21.15.98:6801/3344678342] conn(0x7f0034038db0 0x7f003403b270 secure :-1 s=READY pgs=16 cs=0 l=1 rev1=1 crypto rx=0x7f003c006fd0 tx=0x7f003c006e40 comp rx=0 tx=0).stop
2024-04-01T03:14:58.819 INFO:teuthology.orchestra.run.smithi098.stdout:/usr/bin/ceph: stderr
2024-04-01T03:14:58.100+0000 7f0052f61700 1 -- 172.21.15.98:0/4219935005 >> [v2:172.21.15.98:3300/0,v1:172.21.15.98:6789/0] conn(0x7f004c106e10 msgr2=0x7f004c19bf50 secure :-1 s=STATE_CONNECTION_ESTABLISHED l=1).mark_down
2024-04-01T03:14:58.819 INFO:teuthology.orchestra.run.smithi098.stdout:/usr/bin/ceph: stderr
2024-04-01T03:14:58.100+0000 7f0052f61700 1 --2- 172.21.15.98:0/4219935005 >> [v2:172.21.15.98:3300/0,v1:172.21.15.98:6789/0] conn(0x7f004c106e10 0x7f004c19bf50 secure :-1 s=READY pgs=56 cs=0 l=1 rev1=1 crypto rx=0x7f004800d010 tx=0x7f0048003d00 comp rx=0 tx=0).stop
2024-04-01T03:14:58.819 INFO:teuthology.orchestra.run.smithi098.stdout:/usr/bin/ceph: stderr
2024-04-01T03:14:58.100+0000 7f0052f61700 1 -- 172.21.15.98:0/4219935005 shutdown_connections
2024-04-01T03:14:58.820 INFO:teuthology.orchestra.run.smithi098.stdout:/usr/bin/ceph: stderr
2024-04-01T03:14:58.100+0000 7f0052f61700 1 --2- 172.21.15.98:0/4219935005 >> [v2:172.21.15.98:6800/3344678342,v1:172.21.15.98:6801/3344678342] conn(0x7f0034038db0 0x7f003403b270 unknown :-1 s=CLOSED pgs=16 cs=0 l=1 rev1=1 crypto rx=0 tx=0 comp rx=0 tx=0).stop
2024-04-01T03:14:58.820 INFO:teuthology.orchestra.run.smithi098.stdout:/usr/bin/ceph: stderr
2024-04-01T03:14:58.100+0000 7f0052f61700 1 --2- 172.21.15.98:0/4219935005 >> [v2:172.21.15.98:3300/0,v1:172.21.15.98:6789/0] conn(0x7f004c106e10 0x7f004c19bf50 unknown :-1 s=CLOSED pgs=56 cs=0 l=1 rev1=1 crypto rx=0 tx=0 comp rx=0 tx=0).stop
2024-04-01T03:14:58.820 INFO:teuthology.orchestra.run.smithi098.stdout:/usr/bin/ceph: stderr
2024-04-01T03:14:58.100+0000 7f0052f61700 1 -- 172.21.15.98:0/4219935005 >> 172.21.15.98:0/4219935005 conn(0x7f004c102390 msgr2=0x7f004c103190 unknown :-1 s=STATE_NONE l=0).mark_down
2024-04-01T03:14:58.820 INFO:teuthology.orchestra.run.smithi098.stdout:/usr/bin/ceph: stderr
2024-04-01T03:14:58.100+0000 7f0052f61700 1 -- 172.21.15.98:0/4219935005 shutdown_connections
2024-04-01T03:14:58.820 INFO:teuthology.orchestra.run.smithi098.stdout:/usr/bin/ceph: stderr
2024-04-01T03:14:58.101+0000 7f0052f61700 1 -- 172.21.15.98:0/4219935005 wait complete.
2024-04-01T03:14:59.392 INFO:journalctl@ceph.mon.a.smithi098.stdout:Apr 01 03:14:59 smithi098 ceph-mon[31941]: from='client.? 172.21.15.98:0/4219935005' entity='client.admin' cmd='[{"prefix": "mgr module enable", "module": "dashboard"}]': finished
2024-04-01T03:14:59.392 INFO:journalctl@ceph.mon.a.smithi098.stdout:Apr 01 03:14:59 smithi098 ceph-mon[31941]: mgrmap e9: x(active, since 20s)
2024-04-01T03:14:59.762 INFO:journalctl@ceph.mgr.x.smithi098.stdout:Apr 01 03:14:59 smithi098 ceph-c69189fe-efd5-11ee-b647-cb9ed24678a4-mgr-x[32178]:
2024-04-01T03:14:59.427+0000 7f962c8fb200 -1 mgr[py] Module zabbix has missing NOTIFY_TYPES member
2024-04-01T03:14:59.762 INFO:journalctl@ceph.mgr.x.smithi098.stdout:Apr 01 03:14:59 smithi098 ceph-c69189fe-efd5-11ee-b647-cb9ed24678a4-mgr-x[32178]:
2024-04-01T03:14:59.524+0000 7f962c8fb200 -1 mgr[py] Module balancer has missing NOTIFY_TYPES member
2024-04-01T03:14:59.762 INFO:journalctl@ceph.mgr.x.smithi098.stdout:Apr 01 03:14:59 smithi098 ceph-c69189fe-efd5-11ee-b647-cb9ed24678a4-mgr-x[32178]:
2024-04-01T03:14:59.667+0000 7f962c8fb200 -1 mgr[py] Module influx has missing NOTIFY_TYPES member
2024-04-01T03:15:00.099 INFO:journalctl@ceph.mgr.x.smithi098.stdout:Apr 01 03:14:59 smithi098 ceph-c69189fe-efd5-11ee-b647-cb9ed24678a4-mgr-x[32178]:
2024-04-01T03:14:59.764+0000 7f962c8fb200 -1 mgr[py] Module alerts has missing NOTIFY_TYPES member
2024-04-01T03:15:00.099 INFO:journalctl@ceph.mgr.x.smithi098.stdout:Apr 01 03:14:59 smithi098 ceph-c69189fe-efd5-11ee-b647-cb9ed24678a4-mgr-x[32178]:
2024-04-01T03:14:59.849+0000 7f962c8fb200 -1 mgr[py] Module iostat has missing NOTIFY_TYPES member
2024-04-01T03:15:00.392 INFO:journalctl@ceph.mon.a.smithi098.stdout:Apr 01 03:15:00 smithi098 ceph-mon[31941]: from='client.? 172.21.15.98:0/3607716905' entity='client.admin' cmd=[{"prefix": "mgr stat"}]: dispatch
2024-04-01T03:15:00.393 INFO:journalctl@ceph.mgr.x.smithi098.stdout:Apr 01 03:15:00 smithi098 ceph-c69189fe-efd5-11ee-b647-cb9ed24678a4-mgr-x[32178]:
2024-04-01T03:15:00.114+0000 7f962c8fb200 -1 mgr[py] Module rgw has missing NOTIFY_TYPES member
2024-04-01T03:15:00.393 INFO:journalctl@ceph.mgr.x.smithi098.stdout:Apr 01 03:15:00 smithi098 ceph-c69189fe-efd5-11ee-b647-cb9ed24678a4-mgr-x[32178]:
2024-04-01T03:15:00.225+0000 7f962c8fb200 -1 mgr[py] Module rbd_support has missing NOTIFY_TYPES member
2024-04-01T03:15:00.393 INFO:journalctl@ceph.mgr.x.smithi098.stdout:Apr 01 03:15:00 smithi098 ceph-c69189fe-efd5-11ee-b647-cb9ed24678a4-mgr-x[32178]:
2024-04-01T03:15:00.312+0000 7f962c8fb200 -1 mgr[py] Module progress has missing NOTIFY_TYPES member
2024-04-01T03:15:00.457 INFO:teuthology.orchestra.run.smithi098.stdout:/usr/bin/ceph: stdout {
2024-04-01T03:15:00.457 INFO:teuthology.orchestra.run.smithi098.stdout:/usr/bin/ceph: stdout "epoch": 9,
2024-04-01T03:15:00.457 INFO:teuthology.orchestra.run.smithi098.stdout:/usr/bin/ceph: stdout "available": true,
2024-04-01T03:15:00.458 INFO:teuthology.orchestra.run.smithi098.stdout:/usr/bin/ceph: stdout "active_name": "x",
2024-04-01T03:15:00.458 INFO:teuthology.orchestra.run.smithi098.stdout:/usr/bin/ceph: stdout "num_standby": 0
2024-04-01T03:15:00.458 INFO:teuthology.orchestra.run.smithi098.stdout:/usr/bin/ceph: stdout }
2024-04-01T03:15:00.458 INFO:teuthology.orchestra.run.smithi098.stdout:/usr/bin/ceph: stderr
2024-04-01T03:14:59.218+0000 7fa8baeca700 1 Processor -- start
2024-04-01T03:15:00.458 INFO:teuthology.orchestra.run.smithi098.stdout:/usr/bin/ceph: stderr
2024-04-01T03:14:59.218+0000 7fa8baeca700 1 -- start start
2024-04-01T03:15:00.458 INFO:teuthology.orchestra.run.smithi098.stdout:/usr/bin/ceph: stderr
2024-04-01T03:14:59.218+0000 7fa8baeca700 1 --2- >> [v2:172.21.15.98:3300/0,v1:172.21.15.98:6789/0] conn(0x7fa8b41083a0 0x7fa8b41087c0 unknown :-1 s=NONE pgs=0 cs=0 l=0 rev1=0 crypto rx=0 tx=0 comp rx=0 tx=0).connect
2024-04-01T03:15:00.458 INFO:teuthology.orchestra.run.smithi098.stdout:/usr/bin/ceph: stderr
2024-04-01T03:14:59.218+0000 7fa8baeca700 1 -- --> [v2:172.21.15.98:3300/0,v1:172.21.15.98:6789/0] -- mon_getmap magic: 0 -- 0x7fa8b4108d90 con 0x7fa8b41083a0
2024-04-01T03:15:00.458 INFO:teuthology.orchestra.run.smithi098.stdout:/usr/bin/ceph: stderr
2024-04-01T03:14:59.219+0000 7fa8b8c66700 1 --2- >> [v2:172.21.15.98:3300/0,v1:172.21.15.98:6789/0] conn(0x7fa8b41083a0 0x7fa8b41087c0 unknown :-1 s=BANNER_CONNECTING pgs=0 cs=0 l=0 rev1=0 crypto rx=0 tx=0 comp rx=0 tx=0)._handle_peer_banner_payload supported=3 required=0
2024-04-01T03:15:00.458 INFO:teuthology.orchestra.run.smithi098.stdout:/usr/bin/ceph: stderr
2024-04-01T03:14:59.219+0000 7fa8b8c66700 1 --2- >> [v2:172.21.15.98:3300/0,v1:172.21.15.98:6789/0] conn(0x7fa8b41083a0 0x7fa8b41087c0 unknown :-1 s=HELLO_CONNECTING pgs=0 cs=0 l=0 rev1=1 crypto rx=0 tx=0 comp rx=0 tx=0).handle_hello peer v2:172.21.15.98:3300/0 says I am v2:172.21.15.98:51946/0 (socket says 172.21.15.98:51946)
2024-04-01T03:15:00.458 INFO:teuthology.orchestra.run.smithi098.stdout:/usr/bin/ceph: stderr
2024-04-01T03:14:59.219+0000 7fa8b8c66700 1 -- 172.21.15.98:0/2381456819 learned_addr learned my addr 172.21.15.98:0/2381456819 (peer_addr_for_me v2:172.21.15.98:0/0)
2024-04-01T03:15:00.458 INFO:teuthology.orchestra.run.smithi098.stdout:/usr/bin/ceph: stderr
2024-04-01T03:14:59.219+0000 7fa8b8c66700 1 -- 172.21.15.98:0/2381456819 --> [v2:172.21.15.98:3300/0,v1:172.21.15.98:6789/0] -- mon_subscribe({config=0+,monmap=0+}) -- 0x7fa8b4108f10 con 0x7fa8b41083a0
2024-04-01T03:15:00.459 INFO:teuthology.orchestra.run.smithi098.stdout:/usr/bin/ceph: stderr
2024-04-01T03:14:59.219+0000 7fa8b8c66700 1 --2- 172.21.15.98:0/2381456819 >> [v2:172.21.15.98:3300/0,v1:172.21.15.98:6789/0] conn(0x7fa8b41083a0 0x7fa8b41087c0 secure :-1 s=READY pgs=59 cs=0 l=1 rev1=1 crypto rx=0x7fa8a80098a0 tx=0x7fa8a8009bb0 comp rx=0 tx=0).ready entity=mon.0 client_cookie=ab30930a574b9d53 server_cookie=0 in_seq=0 out_seq=0
2024-04-01T03:15:00.459 INFO:teuthology.orchestra.run.smithi098.stdout:/usr/bin/ceph: stderr
2024-04-01T03:14:59.219+0000 7fa8b37fe700 1 -- 172.21.15.98:0/2381456819 <== mon.0 v2:172.21.15.98:3300/0 1 ==== mon_map magic: 0 ==== 205+0+0 (secure 0 0 0) 0x7fa8a8004160 con 0x7fa8b41083a0
2024-04-01T03:15:00.459 INFO:teuthology.orchestra.run.smithi098.stdout:/usr/bin/ceph: stderr
2024-04-01T03:14:59.219+0000 7fa8b37fe700 1 -- 172.21.15.98:0/2381456819 <== mon.0 v2:172.21.15.98:3300/0 2 ==== config(29 keys) ==== 1209+0+0 (secure 0 0 0) 0x7fa8a8004300 con 0x7fa8b41083a0
2024-04-01T03:15:00.459 INFO:teuthology.orchestra.run.smithi098.stdout:/usr/bin/ceph: stderr
2024-04-01T03:14:59.219+0000 7fa8b37fe700 1 -- 172.21.15.98:0/2381456819 <== mon.0 v2:172.21.15.98:3300/0 3 ==== mon_map magic: 0 ==== 205+0+0 (secure 0 0 0) 0x7fa8a8011c70 con 0x7fa8b41083a0
2024-04-01T03:15:00.459 INFO:teuthology.orchestra.run.smithi098.stdout:/usr/bin/ceph: stderr
2024-04-01T03:14:59.220+0000 7fa8baeca700 1 -- 172.21.15.98:0/2381456819 >> [v2:172.21.15.98:3300/0,v1:172.21.15.98:6789/0] conn(0x7fa8b41083a0 msgr2=0x7fa8b41087c0 secure :-1 s=STATE_CONNECTION_ESTABLISHED l=1).mark_down
2024-04-01T03:15:00.459 INFO:teuthology.orchestra.run.smithi098.stdout:/usr/bin/ceph: stderr
2024-04-01T03:14:59.220+0000 7fa8baeca700 1 --2- 172.21.15.98:0/2381456819 >> [v2:172.21.15.98:3300/0,v1:172.21.15.98:6789/0] conn(0x7fa8b41083a0 0x7fa8b41087c0 secure :-1 s=READY pgs=59 cs=0 l=1 rev1=1 crypto rx=0x7fa8a80098a0 tx=0x7fa8a8009bb0 comp rx=0 tx=0).stop
2024-04-01T03:15:00.459 INFO:teuthology.orchestra.run.smithi098.stdout:/usr/bin/ceph: stderr
2024-04-01T03:14:59.220+0000 7fa8baeca700 1 -- 172.21.15.98:0/2381456819 shutdown_connections
2024-04-01T03:15:00.459 INFO:teuthology.orchestra.run.smithi098.stdout:/usr/bin/ceph: stderr
2024-04-01T03:14:59.220+0000 7fa8baeca700 1 --2- 172.21.15.98:0/2381456819 >> [v2:172.21.15.98:3300/0,v1:172.21.15.98:6789/0] conn(0x7fa8b41083a0 0x7fa8b41087c0 unknown :-1 s=CLOSED pgs=59 cs=0 l=1 rev1=1 crypto rx=0 tx=0 comp rx=0 tx=0).stop
2024-04-01T03:15:00.459 INFO:teuthology.orchestra.run.smithi098.stdout:/usr/bin/ceph: stderr
2024-04-01T03:14:59.220+0000 7fa8baeca700 1 -- 172.21.15.98:0/2381456819 >> 172.21.15.98:0/2381456819 conn(0x7fa8b4101bd0 msgr2=0x7fa8b4103ff0 unknown :-1 s=STATE_NONE l=0).mark_down
2024-04-01T03:15:00.459 INFO:teuthology.orchestra.run.smithi098.stdout:/usr/bin/ceph: stderr
2024-04-01T03:14:59.220+0000 7fa8baeca700 1 -- 172.21.15.98:0/2381456819 shutdown_connections
