2024-04-01T03:19:09.056+0000 7f83292e5700 1 -- 172.21.15.90:0/1142515072 --> [v2:172.21.15.90:6800/3283864001,v1:172.21.15.90:6801/3283864001] -- mgr_command(tid 0: {"prefix": "orch set backend", "module_name": "cephadm", "target": ["mon-mgr", ""]}) -- 0x7f83241042a0 con 0x7f830c038c80
2024-04-01T03:19:09.621 INFO:teuthology.orchestra.run.smithi090.stdout:/usr/bin/ceph: stderr
2024-04-01T03:19:09.062+0000 7f830bfff700 1 -- 172.21.15.90:0/1142515072 <== mgr.14118 v2:172.21.15.90:6800/3283864001 1 ==== mgr_command_reply(tid 0: 0 ) ==== 8+0+0 (secure 0 0 0) 0x7f83241042a0 con 0x7f830c038c80
2024-04-01T03:19:09.621 INFO:teuthology.orchestra.run.smithi090.stdout:/usr/bin/ceph: stderr
2024-04-01T03:19:09.064+0000 7f83292e5700 1 -- 172.21.15.90:0/1142515072 >> [v2:172.21.15.90:6800/3283864001,v1:172.21.15.90:6801/3283864001] conn(0x7f830c038c80 msgr2=0x7f830c03b140 secure :-1 s=STATE_CONNECTION_ESTABLISHED l=1).mark_down
2024-04-01T03:19:09.621 INFO:teuthology.orchestra.run.smithi090.stdout:/usr/bin/ceph: stderr
2024-04-01T03:19:09.064+0000 7f83292e5700 1 --2- 172.21.15.90:0/1142515072 >> [v2:172.21.15.90:6800/3283864001,v1:172.21.15.90:6801/3283864001] conn(0x7f830c038c80 0x7f830c03b140 secure :-1 s=READY pgs=7 cs=0 l=1 rev1=1 crypto rx=0x7f8318006fd0 tx=0x7f8318006e40 comp rx=0 tx=0).stop
2024-04-01T03:19:09.621 INFO:teuthology.orchestra.run.smithi090.stdout:/usr/bin/ceph: stderr
2024-04-01T03:19:09.064+0000 7f83292e5700 1 -- 172.21.15.90:0/1142515072 >> [v2:172.21.15.90:3300/0,v1:172.21.15.90:6789/0] conn(0x7f8324107aa0 msgr2=0x7f832419ba50 secure :-1 s=STATE_CONNECTION_ESTABLISHED l=1).mark_down
2024-04-01T03:19:09.621 INFO:teuthology.orchestra.run.smithi090.stdout:/usr/bin/ceph: stderr
2024-04-01T03:19:09.064+0000 7f83292e5700 1 --2- 172.21.15.90:0/1142515072 >> [v2:172.21.15.90:3300/0,v1:172.21.15.90:6789/0] conn(0x7f8324107aa0 0x7f832419ba50 secure :-1 s=READY pgs=36 cs=0 l=1 rev1=1 crypto rx=0x7f8314006af0 tx=0x7f8314011c40 comp rx=0 tx=0).stop
2024-04-01T03:19:09.621 INFO:teuthology.orchestra.run.smithi090.stdout:/usr/bin/ceph: stderr
2024-04-01T03:19:09.064+0000 7f83292e5700 1 -- 172.21.15.90:0/1142515072 shutdown_connections
2024-04-01T03:19:09.621 INFO:teuthology.orchestra.run.smithi090.stdout:/usr/bin/ceph: stderr
2024-04-01T03:19:09.064+0000 7f83292e5700 1 --2- 172.21.15.90:0/1142515072 >> [v2:172.21.15.90:6800/3283864001,v1:172.21.15.90:6801/3283864001] conn(0x7f830c038c80 0x7f830c03b140 unknown :-1 s=CLOSED pgs=7 cs=0 l=1 rev1=1 crypto rx=0 tx=0 comp rx=0 tx=0).stop
2024-04-01T03:19:09.621 INFO:teuthology.orchestra.run.smithi090.stdout:/usr/bin/ceph: stderr
2024-04-01T03:19:09.064+0000 7f83292e5700 1 --2- 172.21.15.90:0/1142515072 >> [v2:172.21.15.90:3300/0,v1:172.21.15.90:6789/0] conn(0x7f8324107aa0 0x7f832419ba50 unknown :-1 s=CLOSED pgs=36 cs=0 l=1 rev1=1 crypto rx=0 tx=0 comp rx=0 tx=0).stop
2024-04-01T03:19:09.621 INFO:teuthology.orchestra.run.smithi090.stdout:/usr/bin/ceph: stderr
2024-04-01T03:19:09.064+0000 7f83292e5700 1 -- 172.21.15.90:0/1142515072 >> 172.21.15.90:0/1142515072 conn(0x7f8324103060 msgr2=0x7f8324103b90 unknown :-1 s=STATE_NONE l=0).mark_down
2024-04-01T03:19:09.622 INFO:teuthology.orchestra.run.smithi090.stdout:/usr/bin/ceph: stderr
2024-04-01T03:19:09.065+0000 7f83292e5700 1 -- 172.21.15.90:0/1142515072 shutdown_connections
2024-04-01T03:19:09.622 INFO:teuthology.orchestra.run.smithi090.stdout:/usr/bin/ceph: stderr
2024-04-01T03:19:09.065+0000 7f83292e5700 1 -- 172.21.15.90:0/1142515072 wait complete.
2024-04-01T03:19:10.006 INFO:journalctl@ceph.mon.a.smithi090.stdout:Apr 01 03:19:09 smithi090 ceph-mon[32018]: mgrmap e8: x(active, since 2s)
2024-04-01T03:19:10.006 INFO:journalctl@ceph.mon.a.smithi090.stdout:Apr 01 03:19:09 smithi090 ceph-mon[32018]: from='mgr.14118 172.21.15.90:0/4001733534' entity='mgr.x'
2024-04-01T03:19:10.006 INFO:journalctl@ceph.mon.a.smithi090.stdout:Apr 01 03:19:09 smithi090 ceph-mon[32018]: from='mgr.14118 172.21.15.90:0/4001733534' entity='mgr.x' cmd=[{"prefix": "config dump", "format": "json"}]: dispatch
2024-04-01T03:19:10.836 INFO:teuthology.orchestra.run.smithi090.stdout:/usr/bin/ceph: stdout value unchanged
2024-04-01T03:19:10.836 INFO:teuthology.orchestra.run.smithi090.stdout:/usr/bin/ceph: stderr
2024-04-01T03:19:10.029+0000 7f6c5cf0f700 1 Processor -- start
2024-04-01T03:19:10.836 INFO:teuthology.orchestra.run.smithi090.stdout:/usr/bin/ceph: stderr
2024-04-01T03:19:10.029+0000 7f6c5cf0f700 1 -- start start
2024-04-01T03:19:10.836 INFO:teuthology.orchestra.run.smithi090.stdout:/usr/bin/ceph: stderr
2024-04-01T03:19:10.030+0000 7f6c5cf0f700 1 --2- >> [v2:172.21.15.90:3300/0,v1:172.21.15.90:6789/0] conn(0x7f6c58107b60 0x7f6c58107f80 unknown :-1 s=NONE pgs=0 cs=0 l=0 rev1=0 crypto rx=0 tx=0 comp rx=0 tx=0).connect
2024-04-01T03:19:10.836 INFO:teuthology.orchestra.run.smithi090.stdout:/usr/bin/ceph: stderr
2024-04-01T03:19:10.030+0000 7f6c5cf0f700 1 -- --> [v2:172.21.15.90:3300/0,v1:172.21.15.90:6789/0] -- mon_getmap magic: 0 -- 0x7f6c58108550 con 0x7f6c58107b60
2024-04-01T03:19:10.837 INFO:teuthology.orchestra.run.smithi090.stdout:/usr/bin/ceph: stderr
2024-04-01T03:19:10.030+0000 7f6c5659c700 1 --2- >> [v2:172.21.15.90:3300/0,v1:172.21.15.90:6789/0] conn(0x7f6c58107b60 0x7f6c58107f80 unknown :-1 s=BANNER_CONNECTING pgs=0 cs=0 l=0 rev1=0 crypto rx=0 tx=0 comp rx=0 tx=0)._handle_peer_banner_payload supported=3 required=0
2024-04-01T03:19:10.837 INFO:teuthology.orchestra.run.smithi090.stdout:/usr/bin/ceph: stderr
2024-04-01T03:19:10.030+0000 7f6c5659c700 1 --2- >> [v2:172.21.15.90:3300/0,v1:172.21.15.90:6789/0] conn(0x7f6c58107b60 0x7f6c58107f80 unknown :-1 s=HELLO_CONNECTING pgs=0 cs=0 l=0 rev1=1 crypto rx=0 tx=0 comp rx=0 tx=0).handle_hello peer v2:172.21.15.90:3300/0 says I am v2:172.21.15.90:34912/0 (socket says 172.21.15.90:34912)
2024-04-01T03:19:10.837 INFO:teuthology.orchestra.run.smithi090.stdout:/usr/bin/ceph: stderr
2024-04-01T03:19:10.030+0000 7f6c5659c700 1 -- 172.21.15.90:0/2650175674 learned_addr learned my addr 172.21.15.90:0/2650175674 (peer_addr_for_me v2:172.21.15.90:0/0)
2024-04-01T03:19:10.837 INFO:teuthology.orchestra.run.smithi090.stdout:/usr/bin/ceph: stderr
2024-04-01T03:19:10.030+0000 7f6c5659c700 1 -- 172.21.15.90:0/2650175674 --> [v2:172.21.15.90:3300/0,v1:172.21.15.90:6789/0] -- mon_subscribe({config=0+,monmap=0+}) -- 0x7f6c58108d10 con 0x7f6c58107b60
2024-04-01T03:19:10.837 INFO:teuthology.orchestra.run.smithi090.stdout:/usr/bin/ceph: stderr
2024-04-01T03:19:10.030+0000 7f6c5659c700 1 --2- 172.21.15.90:0/2650175674 >> [v2:172.21.15.90:3300/0,v1:172.21.15.90:6789/0] conn(0x7f6c58107b60 0x7f6c58107f80 secure :-1 s=READY pgs=37 cs=0 l=1 rev1=1 crypto rx=0x7f6c480098a0 tx=0x7f6c48009bb0 comp rx=0 tx=0).ready entity=mon.0 client_cookie=d5d9b1db36f427cc server_cookie=0 in_seq=0 out_seq=0
2024-04-01T03:19:10.837 INFO:teuthology.orchestra.run.smithi090.stdout:/usr/bin/ceph: stderr
2024-04-01T03:19:10.030+0000 7f6c5559a700 1 -- 172.21.15.90:0/2650175674 <== mon.0 v2:172.21.15.90:3300/0 1 ==== mon_map magic: 0 ==== 205+0+0 (secure 0 0 0) 0x7f6c48004160 con 0x7f6c58107b60
2024-04-01T03:19:10.837 INFO:teuthology.orchestra.run.smithi090.stdout:/usr/bin/ceph: stderr
2024-04-01T03:19:10.030+0000 7f6c5559a700 1 -- 172.21.15.90:0/2650175674 <== mon.0 v2:172.21.15.90:3300/0 2 ==== config(26 keys) ==== 1071+0+0 (secure 0 0 0) 0x7f6c48004300 con 0x7f6c58107b60
2024-04-01T03:19:10.837 INFO:teuthology.orchestra.run.smithi090.stdout:/usr/bin/ceph: stderr
2024-04-01T03:19:10.030+0000 7f6c5559a700 1 -- 172.21.15.90:0/2650175674 <== mon.0 v2:172.21.15.90:3300/0 3 ==== mon_map magic: 0 ==== 205+0+0 (secure 0 0 0) 0x7f6c48011a80 con 0x7f6c58107b60
2024-04-01T03:19:10.837 INFO:teuthology.orchestra.run.smithi090.stdout:/usr/bin/ceph: stderr
2024-04-01T03:19:10.031+0000 7f6c5cf0f700 1 -- 172.21.15.90:0/2650175674 >> [v2:172.21.15.90:3300/0,v1:172.21.15.90:6789/0] conn(0x7f6c58107b60 msgr2=0x7f6c58107f80 secure :-1 s=STATE_CONNECTION_ESTABLISHED l=1).mark_down
2024-04-01T03:19:10.837 INFO:teuthology.orchestra.run.smithi090.stdout:/usr/bin/ceph: stderr
2024-04-01T03:19:10.031+0000 7f6c5cf0f700 1 --2- 172.21.15.90:0/2650175674 >> [v2:172.21.15.90:3300/0,v1:172.21.15.90:6789/0] conn(0x7f6c58107b60 0x7f6c58107f80 secure :-1 s=READY pgs=37 cs=0 l=1 rev1=1 crypto rx=0x7f6c480098a0 tx=0x7f6c48009bb0 comp rx=0 tx=0).stop
2024-04-01T03:19:10.837 INFO:teuthology.orchestra.run.smithi090.stdout:/usr/bin/ceph: stderr
2024-04-01T03:19:10.031+0000 7f6c5cf0f700 1 -- 172.21.15.90:0/2650175674 shutdown_connections
2024-04-01T03:19:10.837 INFO:teuthology.orchestra.run.smithi090.stdout:/usr/bin/ceph: stderr
2024-04-01T03:19:10.031+0000 7f6c5cf0f700 1 --2- 172.21.15.90:0/2650175674 >> [v2:172.21.15.90:3300/0,v1:172.21.15.90:6789/0] conn(0x7f6c58107b60 0x7f6c58107f80 unknown :-1 s=CLOSED pgs=37 cs=0 l=1 rev1=1 crypto rx=0 tx=0 comp rx=0 tx=0).stop
2024-04-01T03:19:10.837 INFO:teuthology.orchestra.run.smithi090.stdout:/usr/bin/ceph: stderr
2024-04-01T03:19:10.031+0000 7f6c5cf0f700 1 -- 172.21.15.90:0/2650175674 >> 172.21.15.90:0/2650175674 conn(0x7f6c58103100 msgr2=0x7f6c58105540 unknown :-1 s=STATE_NONE l=0).mark_down
2024-04-01T03:19:10.837 INFO:teuthology.orchestra.run.smithi090.stdout:/usr/bin/ceph: stderr
2024-04-01T03:19:10.031+0000 7f6c5cf0f700 1 -- 172.21.15.90:0/2650175674 shutdown_connections
2024-04-01T03:19:10.838 INFO:teuthology.orchestra.run.smithi090.stdout:/usr/bin/ceph: stderr
2024-04-01T03:19:10.031+0000 7f6c5cf0f700 1 -- 172.21.15.90:0/2650175674 wait complete.
2024-04-01T03:19:10.838 INFO:teuthology.orchestra.run.smithi090.stdout:/usr/bin/ceph: stderr
2024-04-01T03:19:10.032+0000 7f6c5cf0f700 1 Processor -- start
2024-04-01T03:19:10.838 INFO:teuthology.orchestra.run.smithi090.stdout:/usr/bin/ceph: stderr
2024-04-01T03:19:10.032+0000 7f6c5cf0f700 1 -- start start
2024-04-01T03:19:10.838 INFO:teuthology.orchestra.run.smithi090.stdout:/usr/bin/ceph: stderr
2024-04-01T03:19:10.032+0000 7f6c5cf0f700 1 --2- >> [v2:172.21.15.90:3300/0,v1:172.21.15.90:6789/0] conn(0x7f6c58107b60 0x7f6c5807db00 unknown :-1 s=NONE pgs=0 cs=0 l=1 rev1=0 crypto rx=0 tx=0 comp rx=0 tx=0).connect
2024-04-01T03:19:10.838 INFO:teuthology.orchestra.run.smithi090.stdout:/usr/bin/ceph: stderr
2024-04-01T03:19:10.032+0000 7f6c5cf0f700 1 -- --> [v2:172.21.15.90:3300/0,v1:172.21.15.90:6789/0] -- mon_getmap magic: 0 -- 0x7f6c5810bf40 con 0x7f6c58107b60
2024-04-01T03:19:10.838 INFO:teuthology.orchestra.run.smithi090.stdout:/usr/bin/ceph: stderr
2024-04-01T03:19:10.032+0000 7f6c5659c700 1 --2- >> [v2:172.21.15.90:3300/0,v1:172.21.15.90:6789/0] conn(0x7f6c58107b60 0x7f6c5807db00 unknown :-1 s=BANNER_CONNECTING pgs=0 cs=0 l=1 rev1=0 crypto rx=0 tx=0 comp rx=0 tx=0)._handle_peer_banner_payload supported=3 required=0
2024-04-01T03:19:10.838 INFO:teuthology.orchestra.run.smithi090.stdout:/usr/bin/ceph: stderr
2024-04-01T03:19:10.032+0000 7f6c5659c700 1 --2- >> [v2:172.21.15.90:3300/0,v1:172.21.15.90:6789/0] conn(0x7f6c58107b60 0x7f6c5807db00 unknown :-1 s=HELLO_CONNECTING pgs=0 cs=0 l=1 rev1=1 crypto rx=0 tx=0 comp rx=0 tx=0).handle_hello peer v2:172.21.15.90:3300/0 says I am v2:172.21.15.90:34924/0 (socket says 172.21.15.90:34924)
2024-04-01T03:19:10.838 INFO:teuthology.orchestra.run.smithi090.stdout:/usr/bin/ceph: stderr
2024-04-01T03:19:10.032+0000 7f6c5659c700 1 -- 172.21.15.90:0/2581338482 learned_addr learned my addr 172.21.15.90:0/2581338482 (peer_addr_for_me v2:172.21.15.90:0/0)
2024-04-01T03:19:10.838 INFO:teuthology.orchestra.run.smithi090.stdout:/usr/bin/ceph: stderr
2024-04-01T03:19:10.032+0000 7f6c5659c700 1 -- 172.21.15.90:0/2581338482 --> [v2:172.21.15.90:3300/0,v1:172.21.15.90:6789/0] -- mon_subscribe({config=0+,monmap=0+}) -- 0x7f6c5807e040 con 0x7f6c58107b60
2024-04-01T03:19:10.838 INFO:teuthology.orchestra.run.smithi090.stdout:/usr/bin/ceph: stderr
2024-04-01T03:19:10.033+0000 7f6c5659c700 1 --2- 172.21.15.90:0/2581338482 >> [v2:172.21.15.90:3300/0,v1:172.21.15.90:6789/0] conn(0x7f6c58107b60 0x7f6c5807db00 secure :-1 s=READY pgs=38 cs=0 l=1 rev1=1 crypto rx=0x7f6c48000c00 tx=0x7f6c48004290 comp rx=0 tx=0).ready entity=mon.0 client_cookie=0 server_cookie=0 in_seq=0 out_seq=0
2024-04-01T03:19:10.838 INFO:teuthology.orchestra.run.smithi090.stdout:/usr/bin/ceph: stderr
2024-04-01T03:19:10.033+0000 7f6c477fe700 1 -- 172.21.15.90:0/2581338482 <== mon.0 v2:172.21.15.90:3300/0 1 ==== mon_map magic: 0 ==== 205+0+0 (secure 0 0 0) 0x7f6c480039c0 con 0x7f6c58107b60
2024-04-01T03:19:10.838 INFO:teuthology.orchestra.run.smithi090.stdout:/usr/bin/ceph: stderr
2024-04-01T03:19:10.033+0000 7f6c477fe700 1 -- 172.21.15.90:0/2581338482 <== mon.0 v2:172.21.15.90:3300/0 2 ==== config(26 keys) ==== 1071+0+0 (secure 0 0 0) 0x7f6c48003b60 con 0x7f6c58107b60
2024-04-01T03:19:10.838 INFO:teuthology.orchestra.run.smithi090.stdout:/usr/bin/ceph: stderr
2024-04-01T03:19:10.033+0000 7f6c5cf0f700 1 -- 172.21.15.90:0/2581338482 --> [v2:172.21.15.90:3300/0,v1:172.21.15.90:6789/0] -- mon_subscribe({mgrmap=0+}) -- 0x7f6c5807c230 con 0x7f6c58107b60
2024-04-01T03:19:10.838 INFO:teuthology.orchestra.run.smithi090.stdout:/usr/bin/ceph: stderr
2024-04-01T03:19:10.033+0000 7f6c477fe700 1 -- 172.21.15.90:0/2581338482 <== mon.0 v2:172.21.15.90:3300/0 3 ==== mon_map magic: 0 ==== 205+0+0 (secure 0 0 0) 0x7f6c4801a6f0 con 0x7f6c58107b60
2024-04-01T03:19:10.839 INFO:teuthology.orchestra.run.smithi090.stdout:/usr/bin/ceph: stderr
2024-04-01T03:19:10.033+0000 7f6c5cf0f700 1 -- 172.21.15.90:0/2581338482 --> [v2:172.21.15.90:3300/0,v1:172.21.15.90:6789/0] -- mon_subscribe({osdmap=0}) -- 0x7f6c5807c770 con 0x7f6c58107b60
2024-04-01T03:19:10.839 INFO:teuthology.orchestra.run.smithi090.stdout:/usr/bin/ceph: stderr
2024-04-01T03:19:10.034+0000 7f6c477fe700 1 -- 172.21.15.90:0/2581338482 <== mon.0 v2:172.21.15.90:3300/0 4 ==== mgrmap(e 8) ==== 46116+0+0 (secure 0 0 0) 0x7f6c4801a890 con 0x7f6c58107b60
2024-04-01T03:19:10.839 INFO:teuthology.orchestra.run.smithi090.stdout:/usr/bin/ceph: stderr
2024-04-01T03:19:10.034+0000 7f6c477fe700 1 --2- 172.21.15.90:0/2581338482 >> [v2:172.21.15.90:6800/3283864001,v1:172.21.15.90:6801/3283864001] conn(0x7f6c40038e50 0x7f6c4003b310 unknown :-1 s=NONE pgs=0 cs=0 l=1 rev1=0 crypto rx=0 tx=0 comp rx=0 tx=0).connect
2024-04-01T03:19:10.839 INFO:teuthology.orchestra.run.smithi090.stdout:/usr/bin/ceph: stderr
2024-04-01T03:19:10.034+0000 7f6c5cf0f700 1 -- 172.21.15.90:0/2581338482 --> [v2:172.21.15.90:3300/0,v1:172.21.15.90:6789/0] -- mon_command({"prefix": "get_command_descriptions"} v 0) -- 0x7f6c58063870 con 0x7f6c58107b60
2024-04-01T03:19:10.839 INFO:teuthology.orchestra.run.smithi090.stdout:/usr/bin/ceph: stderr
2024-04-01T03:19:10.034+0000 7f6c477fe700 1 -- 172.21.15.90:0/2581338482 <== mon.0 v2:172.21.15.90:3300/0 5 ==== osd_map(2..2 src has 1..2) ==== 940+0+0 (secure 0 0 0) 0x7f6c4804d050 con 0x7f6c58107b60
2024-04-01T03:19:10.839 INFO:teuthology.orchestra.run.smithi090.stdout:/usr/bin/ceph: stderr
2024-04-01T03:19:10.034+0000 7f6c55d9b700 1 --2- 172.21.15.90:0/2581338482 >> [v2:172.21.15.90:6800/3283864001,v1:172.21.15.90:6801/3283864001] conn(0x7f6c40038e50 0x7f6c4003b310 unknown :-1 s=BANNER_CONNECTING pgs=0 cs=0 l=1 rev1=0 crypto rx=0 tx=0 comp rx=0 tx=0)._handle_peer_banner_payload supported=3 required=0
2024-04-01T03:19:10.839 INFO:teuthology.orchestra.run.smithi090.stdout:/usr/bin/ceph: stderr
2024-04-01T03:19:10.034+0000 7f6c55d9b700 1 --2- 172.21.15.90:0/2581338482 >> [v2:172.21.15.90:6800/3283864001,v1:172.21.15.90:6801/3283864001] conn(0x7f6c40038e50 0x7f6c4003b310 secure :-1 s=READY pgs=8 cs=0 l=1 rev1=1 crypto rx=0x7f6c4c006fd0 tx=0x7f6c4c006e40 comp rx=0 tx=0).ready entity=mgr.14118 client_cookie=0 server_cookie=0 in_seq=0 out_seq=0
2024-04-01T03:19:10.839 INFO:teuthology.orchestra.run.smithi090.stdout:/usr/bin/ceph: stderr
2024-04-01T03:19:10.039+0000 7f6c477fe700 1 -- 172.21.15.90:0/2581338482 <== mon.0 v2:172.21.15.90:3300/0 6 ==== mon_command_ack([{"prefix": "get_command_descriptions"}]=0 v0) ==== 72+0+184932 (secure 0 0 0) 0x7f6c48016dc0 con 0x7f6c58107b60
2024-04-01T03:19:10.839 INFO:teuthology.orchestra.run.smithi090.stdout:/usr/bin/ceph: stderr
2024-04-01T03:19:10.235+0000 7f6c5cf0f700 1 -- 172.21.15.90:0/2581338482 --> [v2:172.21.15.90:6800/3283864001,v1:172.21.15.90:6801/3283864001] -- mgr_command(tid 0: {"prefix": "cephadm set-user", "user": "root", "target": ["mon-mgr", ""]}) -- 0x7f6c58104330 con 0x7f6c40038e50
2024-04-01T03:19:10.839 INFO:teuthology.orchestra.run.smithi090.stdout:/usr/bin/ceph: stderr
2024-04-01T03:19:10.236+0000 7f6c477fe700 1 -- 172.21.15.90:0/2581338482 <== mgr.14118 v2:172.21.15.90:6800/3283864001 1 ==== mgr_command_reply(tid 0: 0 ) ==== 8+0+16 (secure 0 0 0) 0x7f6c58104330 con 0x7f6c40038e50
2024-04-01T03:19:10.839 INFO:teuthology.orchestra.run.smithi090.stdout:/usr/bin/ceph: stderr
2024-04-01T03:19:10.237+0000 7f6c5cf0f700 1 -- 172.21.15.90:0/2581338482 >> [v2:172.21.15.90:6800/3283864001,v1:172.21.15.90:6801/3283864001] conn(0x7f6c40038e50 msgr2=0x7f6c4003b310 secure :-1 s=STATE_CONNECTION_ESTABLISHED l=1).mark_down
2024-04-01T03:19:10.839 INFO:teuthology.orchestra.run.smithi090.stdout:/usr/bin/ceph: stderr
2024-04-01T03:19:10.237+0000 7f6c5cf0f700 1 --2- 172.21.15.90:0/2581338482 >> [v2:172.21.15.90:6800/3283864001,v1:172.21.15.90:6801/3283864001] conn(0x7f6c40038e50 0x7f6c4003b310 secure :-1 s=READY pgs=8 cs=0 l=1 rev1=1 crypto rx=0x7f6c4c006fd0 tx=0x7f6c4c006e40 comp rx=0 tx=0).stop
2024-04-01T03:19:10.839 INFO:teuthology.orchestra.run.smithi090.stdout:/usr/bin/ceph: stderr
2024-04-01T03:19:10.237+0000 7f6c5cf0f700 1 -- 172.21.15.90:0/2581338482 >> [v2:172.21.15.90:3300/0,v1:172.21.15.90:6789/0] conn(0x7f6c58107b60 msgr2=0x7f6c5807db00 secure :-1 s=STATE_CONNECTION_ESTABLISHED l=1).mark_down
2024-04-01T03:19:10.839 INFO:teuthology.orchestra.run.smithi090.stdout:/usr/bin/ceph: stderr
2024-04-01T03:19:10.237+0000 7f6c5cf0f700 1 --2- 172.21.15.90:0/2581338482 >> [v2:172.21.15.90:3300/0,v1:172.21.15.90:6789/0] conn(0x7f6c58107b60 0x7f6c5807db00 secure :-1 s=READY pgs=38 cs=0 l=1 rev1=1 crypto rx=0x7f6c48000c00 tx=0x7f6c48004290 comp rx=0 tx=0).stop
2024-04-01T03:19:10.840 INFO:teuthology.orchestra.run.smithi090.stdout:/usr/bin/ceph: stderr
2024-04-01T03:19:10.237+0000 7f6c5cf0f700 1 -- 172.21.15.90:0/2581338482 shutdown_connections
2024-04-01T03:19:10.840 INFO:teuthology.orchestra.run.smithi090.stdout:/usr/bin/ceph: stderr
2024-04-01T03:19:10.237+0000 7f6c5cf0f700 1 --2- 172.21.15.90:0/2581338482 >> [v2:172.21.15.90:6800/3283864001,v1:172.21.15.90:6801/3283864001] conn(0x7f6c40038e50 0x7f6c4003b310 unknown :-1 s=CLOSED pgs=8 cs=0 l=1 rev1=1 crypto rx=0 tx=0 comp rx=0 tx=0).stop
2024-04-01T03:19:10.840 INFO:teuthology.orchestra.run.smithi090.stdout:/usr/bin/ceph: stderr
2024-04-01T03:19:10.237+0000 7f6c5cf0f700 1 --2- 172.21.15.90:0/2581338482 >> [v2:172.21.15.90:3300/0,v1:172.21.15.90:6789/0] conn(0x7f6c58107b60 0x7f6c5807db00 unknown :-1 s=CLOSED pgs=38 cs=0 l=1 rev1=1 crypto rx=0 tx=0 comp rx=0 tx=0).stop
2024-04-01T03:19:10.840 INFO:teuthology.orchestra.run.smithi090.stdout:/usr/bin/ceph: stderr
2024-04-01T03:19:10.237+0000 7f6c5cf0f700 1 -- 172.21.15.90:0/2581338482 >> 172.21.15.90:0/2581338482 conn(0x7f6c58103100 msgr2=0x7f6c58103c20 unknown :-1 s=STATE_NONE l=0).mark_down
2024-04-01T03:19:10.840 INFO:teuthology.orchestra.run.smithi090.stdout:/usr/bin/ceph: stderr
2024-04-01T03:19:10.238+0000 7f6c5cf0f700 1 -- 172.21.15.90:0/2581338482 shutdown_connections
2024-04-01T03:19:10.840 INFO:teuthology.orchestra.run.smithi090.stdout:/usr/bin/ceph: stderr
2024-04-01T03:19:10.238+0000 7f6c5cf0f700 1 -- 172.21.15.90:0/2581338482 wait complete.
2024-04-01T03:19:10.840 INFO:teuthology.orchestra.run.smithi090.stdout:Generating ssh key...
2024-04-01T03:19:11.173 INFO:journalctl@ceph.mon.a.smithi090.stdout:Apr 01 03:19:10 smithi090 ceph-mon[32018]: from='client.14130 -' entity='client.admin' cmd=[{"prefix": "orch set backend", "module_name": "cephadm", "target": ["mon-mgr", ""]}]: dispatch
2024-04-01T03:19:12.202 INFO:journalctl@ceph.mon.a.smithi090.stdout:Apr 01 03:19:11 smithi090 ceph-mon[32018]: from='client.14132 -' entity='client.admin' cmd=[{"prefix": "cephadm set-user", "user": "root", "target": ["mon-mgr", ""]}]: dispatch
2024-04-01T03:19:12.202 INFO:journalctl@ceph.mgr.x.smithi090.stdout:Apr 01 03:19:11 smithi090 ceph-62f3abba-efd6-11ee-b647-cb9ed24678a4-mgr-x[32246]: Generating public/private rsa key pair.
2024-04-01T03:19:12.203 INFO:journalctl@ceph.mgr.x.smithi090.stdout:Apr 01 03:19:11 smithi090 ceph-62f3abba-efd6-11ee-b647-cb9ed24678a4-mgr-x[32246]: Your identification has been saved in /tmp/tmp8zlt7ajr/key.
2024-04-01T03:19:12.203 INFO:journalctl@ceph.mgr.x.smithi090.stdout:Apr 01 03:19:11 smithi090 ceph-62f3abba-efd6-11ee-b647-cb9ed24678a4-mgr-x[32246]: Your public key has been saved in /tmp/tmp8zlt7ajr/key.pub.
2024-04-01T03:19:12.203 INFO:journalctl@ceph.mgr.x.smithi090.stdout:Apr 01 03:19:11 smithi090 ceph-62f3abba-efd6-11ee-b647-cb9ed24678a4-mgr-x[32246]: The key fingerprint is:
2024-04-01T03:19:12.203 INFO:journalctl@ceph.mgr.x.smithi090.stdout:Apr 01 03:19:11 smithi090 ceph-62f3abba-efd6-11ee-b647-cb9ed24678a4-mgr-x[32246]: SHA256:1T84GTUjOQRQzOCW02KKV2eUoHfjeC1gzMnshNgzSNo ceph-62f3abba-efd6-11ee-b647-cb9ed24678a4
2024-04-01T03:19:12.203 INFO:journalctl@ceph.mgr.x.smithi090.stdout:Apr 01 03:19:11 smithi090 ceph-62f3abba-efd6-11ee-b647-cb9ed24678a4-mgr-x[32246]: The key's randomart image is:
2024-04-01T03:19:12.203 INFO:journalctl@ceph.mgr.x.smithi090.stdout:Apr 01 03:19:11 smithi090 ceph-62f3abba-efd6-11ee-b647-cb9ed24678a4-mgr-x[32246]: +---[RSA 3072]----+
2024-04-01T03:19:12.203 INFO:journalctl@ceph.mgr.x.smithi090.stdout:Apr 01 03:19:11 smithi090 ceph-62f3abba-efd6-11ee-b647-cb9ed24678a4-mgr-x[32246]: | . +B++o.+ |
2024-04-01T03:19:12.203 INFO:journalctl@ceph.mgr.x.smithi090.stdout:Apr 01 03:19:11 smithi090 ceph-62f3abba-efd6-11ee-b647-cb9ed24678a4-mgr-x[32246]: | + + O =+.oo o |
2024-04-01T03:19:12.203 INFO:journalctl@ceph.mgr.x.smithi090.stdout:Apr 01 03:19:11 smithi090 ceph-62f3abba-efd6-11ee-b647-cb9ed24678a4-mgr-x[32246]: | . E * ^ B o. |
2024-04-01T03:19:12.203 INFO:journalctl@ceph.mgr.x.smithi090.stdout:Apr 01 03:19:11 smithi090 ceph-62f3abba-efd6-11ee-b647-cb9ed24678a4-mgr-x[32246]: | . % @ o = |
2024-04-01T03:19:12.203 INFO:journalctl@ceph.mgr.x.smithi090.stdout:Apr 01 03:19:11 smithi090 ceph-62f3abba-efd6-11ee-b647-cb9ed24678a4-mgr-x[32246]: | . o S + = o |
2024-04-01T03:19:12.203 INFO:journalctl@ceph.mgr.x.smithi090.stdout:Apr 01 03:19:11 smithi090 ceph-62f3abba-efd6-11ee-b647-cb9ed24678a4-mgr-x[32246]: | . . . . . |
2024-04-01T03:19:12.203 INFO:journalctl@ceph.mgr.x.smithi090.stdout:Apr 01 03:19:11 smithi090 ceph-62f3abba-efd6-11ee-b647-cb9ed24678a4-mgr-x[32246]: | |
2024-04-01T03:19:12.203 INFO:journalctl@ceph.mgr.x.smithi090.stdout:Apr 01 03:19:11 smithi090 ceph-62f3abba-efd6-11ee-b647-cb9ed24678a4-mgr-x[32246]: | |
2024-04-01T03:19:12.203 INFO:journalctl@ceph.mgr.x.smithi090.stdout:Apr 01 03:19:11 smithi090 ceph-62f3abba-efd6-11ee-b647-cb9ed24678a4-mgr-x[32246]: | |
2024-04-01T03:19:12.204 INFO:journalctl@ceph.mgr.x.smithi090.stdout:Apr 01 03:19:11 smithi090 ceph-62f3abba-efd6-11ee-b647-cb9ed24678a4-mgr-x[32246]: +----[SHA256]-----+
2024-04-01T03:19:12.511 INFO:teuthology.orchestra.run.smithi090.stdout:/usr/bin/ceph: stderr
2024-04-01T03:19:11.271+0000 7f2845e60700 1 Processor -- start
2024-04-01T03:19:12.512 INFO:teuthology.orchestra.run.smithi090.stdout:/usr/bin/ceph: stderr
2024-04-01T03:19:11.271+0000 7f2845e60700 1 -- start start
2024-04-01T03:19:12.512 INFO:teuthology.orchestra.run.smithi090.stdout:/usr/bin/ceph: stderr
2024-04-01T03:19:11.271+0000 7f2845e60700 1 --2- >> [v2:172.21.15.90:3300/0,v1:172.21.15.90:6789/0] conn(0x7f2840107ab0 0x7f2840107ed0 unknown :-1 s=NONE pgs=0 cs=0 l=0 rev1=0 crypto rx=0 tx=0 comp rx=0 tx=0).connect
2024-04-01T03:19:12.512 INFO:teuthology.orchestra.run.smithi090.stdout:/usr/bin/ceph: stderr
2024-04-01T03:19:11.271+0000 7f2845e60700 1 -- --> [v2:172.21.15.90:3300/0,v1:172.21.15.90:6789/0] -- mon_getmap magic: 0 -- 0x7f28401084a0 con 0x7f2840107ab0
2024-04-01T03:19:12.512 INFO:teuthology.orchestra.run.smithi090.stdout:/usr/bin/ceph: stderr
2024-04-01T03:19:11.271+0000 7f283f7fe700 1 --2- >> [v2:172.21.15.90:3300/0,v1:172.21.15.90:6789/0] conn(0x7f2840107ab0 0x7f2840107ed0 unknown :-1 s=BANNER_CONNECTING pgs=0 cs=0 l=0 rev1=0 crypto rx=0 tx=0 comp rx=0 tx=0)._handle_peer_banner_payload supported=3 required=0
2024-04-01T03:19:12.512 INFO:teuthology.orchestra.run.smithi090.stdout:/usr/bin/ceph: stderr
2024-04-01T03:19:11.271+0000 7f283f7fe700 1 --2- >> [v2:172.21.15.90:3300/0,v1:172.21.15.90:6789/0] conn(0x7f2840107ab0 0x7f2840107ed0 unknown :-1 s=HELLO_CONNECTING pgs=0 cs=0 l=0 rev1=1 crypto rx=0 tx=0 comp rx=0 tx=0).handle_hello peer v2:172.21.15.90:3300/0 says I am v2:172.21.15.90:44160/0 (socket says 172.21.15.90:44160)
2024-04-01T03:19:12.512 INFO:teuthology.orchestra.run.smithi090.stdout:/usr/bin/ceph: stderr
2024-04-01T03:19:11.271+0000 7f283f7fe700 1 -- 172.21.15.90:0/3159966638 learned_addr learned my addr 172.21.15.90:0/3159966638 (peer_addr_for_me v2:172.21.15.90:0/0)
2024-04-01T03:19:12.512 INFO:teuthology.orchestra.run.smithi090.stdout:/usr/bin/ceph: stderr
2024-04-01T03:19:11.271+0000 7f283f7fe700 1 -- 172.21.15.90:0/3159966638 --> [v2:172.21.15.90:3300/0,v1:172.21.15.90:6789/0] -- mon_subscribe({config=0+,monmap=0+}) -- 0x7f2840108cb0 con 0x7f2840107ab0
2024-04-01T03:19:12.512 INFO:teuthology.orchestra.run.smithi090.stdout:/usr/bin/ceph: stderr
2024-04-01T03:19:11.272+0000 7f283f7fe700 1 --2- 172.21.15.90:0/3159966638 >> [v2:172.21.15.90:3300/0,v1:172.21.15.90:6789/0] conn(0x7f2840107ab0 0x7f2840107ed0 secure :-1 s=READY pgs=39 cs=0 l=1 rev1=1 crypto rx=0x7f28300098a0 tx=0x7f2830009bb0 comp rx=0 tx=0).ready entity=mon.0 client_cookie=b34616c7afed713f server_cookie=0 in_seq=0 out_seq=0
2024-04-01T03:19:12.512 INFO:teuthology.orchestra.run.smithi090.stdout:/usr/bin/ceph: stderr
2024-04-01T03:19:11.272+0000 7f283e7fc700 1 -- 172.21.15.90:0/3159966638 <== mon.0 v2:172.21.15.90:3300/0 1 ==== mon_map magic: 0 ==== 205+0+0 (secure 0 0 0) 0x7f2830004160 con 0x7f2840107ab0
2024-04-01T03:19:12.512 INFO:teuthology.orchestra.run.smithi090.stdout:/usr/bin/ceph: stderr
2024-04-01T03:19:11.272+0000 7f283e7fc700 1 -- 172.21.15.90:0/3159966638 <== mon.0 v2:172.21.15.90:3300/0 2 ==== config(26 keys) ==== 1071+0+0 (secure 0 0 0) 0x7f2830004300 con 0x7f2840107ab0
2024-04-01T03:19:12.513 INFO:teuthology.orchestra.run.smithi090.stdout:/usr/bin/ceph: stderr
2024-04-01T03:19:11.272+0000 7f283e7fc700 1 -- 172.21.15.90:0/3159966638 <== mon.0 v2:172.21.15.90:3300/0 3 ==== mon_map magic: 0 ==== 205+0+0 (secure 0 0 0) 0x7f2830011a80 con 0x7f2840107ab0
2024-04-01T03:19:12.513 INFO:teuthology.orchestra.run.smithi090.stdout:/usr/bin/ceph: stderr
2024-04-01T03:19:11.272+0000 7f2845e60700 1 -- 172.21.15.90:0/3159966638 >> [v2:172.21.15.90:3300/0,v1:172.21.15.90:6789/0] conn(0x7f2840107ab0 msgr2=0x7f2840107ed0 secure :-1 s=STATE_CONNECTION_ESTABLISHED l=1).mark_down
2024-04-01T03:19:12.513 INFO:teuthology.orchestra.run.smithi090.stdout:/usr/bin/ceph: stderr
2024-04-01T03:19:11.272+0000 7f2845e60700 1 --2- 172.21.15.90:0/3159966638 >> [v2:172.21.15.90:3300/0,v1:172.21.15.90:6789/0] conn(0x7f2840107ab0 0x7f2840107ed0 secure :-1 s=READY pgs=39 cs=0 l=1 rev1=1 crypto rx=0x7f28300098a0 tx=0x7f2830009bb0 comp rx=0 tx=0).stop
2024-04-01T03:19:12.513 INFO:teuthology.orchestra.run.smithi090.stdout:/usr/bin/ceph: stderr
2024-04-01T03:19:11.272+0000 7f2845e60700 1 -- 172.21.15.90:0/3159966638 shutdown_connections
2024-04-01T03:19:12.513 INFO:teuthology.orchestra.run.smithi090.stdout:/usr/bin/ceph: stderr
2024-04-01T03:19:11.272+0000 7f2845e60700 1 --2- 172.21.15.90:0/3159966638 >> [v2:172.21.15.90:3300/0,v1:172.21.15.90:6789/0] conn(0x7f2840107ab0 0x7f2840107ed0 unknown :-1 s=CLOSED pgs=39 cs=0 l=1 rev1=1 crypto rx=0 tx=0 comp rx=0 tx=0).stop
2024-04-01T03:19:12.513 INFO:teuthology.orchestra.run.smithi090.stdout:/usr/bin/ceph: stderr
2024-04-01T03:19:11.272+0000 7f2845e60700 1 -- 172.21.15.90:0/3159966638 >> 172.21.15.90:0/3159966638 conn(0x7f2840103070 msgr2=0x7f2840105490 unknown :-1 s=STATE_NONE l=0).mark_down
2024-04-01T03:19:12.513 INFO:teuthology.orchestra.run.smithi090.stdout:/usr/bin/ceph: stderr
2024-04-01T03:19:11.273+0000 7f2845e60700 1 -- 172.21.15.90:0/3159966638 shutdown_connections
2024-04-01T03:19:12.513 INFO:teuthology.orchestra.run.smithi090.stdout:/usr/bin/ceph: stderr
2024-04-01T03:19:11.273+0000 7f2845e60700 1 -- 172.21.15.90:0/3159966638 wait complete.
2024-04-01T03:19:12.513 INFO:teuthology.orchestra.run.smithi090.stdout:/usr/bin/ceph: stderr
2024-04-01T03:19:11.273+0000 7f2845e60700 1 Processor -- start
2024-04-01T03:19:12.513 INFO:teuthology.orchestra.run.smithi090.stdout:/usr/bin/ceph: stderr
2024-04-01T03:19:11.273+0000 7f2845e60700 1 -- start start
2024-04-01T03:19:12.513 INFO:teuthology.orchestra.run.smithi090.stdout:/usr/bin/ceph: stderr
2024-04-01T03:19:11.273+0000 7f2845e60700 1 --2- >> [v2:172.21.15.90:3300/0,v1:172.21.15.90:6789/0] conn(0x7f2840107ab0 0x7f284019ba40 unknown :-1 s=NONE pgs=0 cs=0 l=1 rev1=0 crypto rx=0 tx=0 comp rx=0 tx=0).connect
2024-04-01T03:19:12.513 INFO:teuthology.orchestra.run.smithi090.stdout:/usr/bin/ceph: stderr
2024-04-01T03:19:11.273+0000 7f2845e60700 1 -- --> [v2:172.21.15.90:3300/0,v1:172.21.15.90:6789/0] -- mon_getmap magic: 0 -- 0x7f284010c060 con 0x7f2840107ab0
2024-04-01T03:19:12.513 INFO:teuthology.orchestra.run.smithi090.stdout:/usr/bin/ceph: stderr
2024-04-01T03:19:11.274+0000 7f283f7fe700 1 --2- >> [v2:172.21.15.90:3300/0,v1:172.21.15.90:6789/0] conn(0x7f2840107ab0 0x7f284019ba40 unknown :-1 s=BANNER_CONNECTING pgs=0 cs=0 l=1 rev1=0 crypto rx=0 tx=0 comp rx=0 tx=0)._handle_peer_banner_payload supported=3 required=0
2024-04-01T03:19:12.513 INFO:teuthology.orchestra.run.smithi090.stdout:/usr/bin/ceph: stderr
2024-04-01T03:19:11.274+0000 7f283f7fe700 1 --2- >> [v2:172.21.15.90:3300/0,v1:172.21.15.90:6789/0] conn(0x7f2840107ab0 0x7f284019ba40 unknown :-1 s=HELLO_CONNECTING pgs=0 cs=0 l=1 rev1=1 crypto rx=0 tx=0 comp rx=0 tx=0).handle_hello peer v2:172.21.15.90:3300/0 says I am v2:172.21.15.90:44166/0 (socket says 172.21.15.90:44166)
2024-04-01T03:19:12.514 INFO:teuthology.orchestra.run.smithi090.stdout:/usr/bin/ceph: stderr
2024-04-01T03:19:11.274+0000 7f283f7fe700 1 -- 172.21.15.90:0/3407419506 learned_addr learned my addr 172.21.15.90:0/3407419506 (peer_addr_for_me v2:172.21.15.90:0/0)
2024-04-01T03:19:12.514 INFO:teuthology.orchestra.run.smithi090.stdout:/usr/bin/ceph: stderr
2024-04-01T03:19:11.274+0000 7f283f7fe700 1 -- 172.21.15.90:0/3407419506 --> [v2:172.21.15.90:3300/0,v1:172.21.15.90:6789/0] -- mon_subscribe({config=0+,monmap=0+}) -- 0x7f284019bf80 con 0x7f2840107ab0
2024-04-01T03:19:12.514 INFO:teuthology.orchestra.run.smithi090.stdout:/usr/bin/ceph: stderr
2024-04-01T03:19:11.274+0000 7f283f7fe700 1 --2- 172.21.15.90:0/3407419506 >> [v2:172.21.15.90:3300/0,v1:172.21.15.90:6789/0] conn(0x7f2840107ab0 0x7f284019ba40 secure :-1 s=READY pgs=40 cs=0 l=1 rev1=1 crypto rx=0x7f2830006af0 tx=0x7f2830011b70 comp rx=0 tx=0).ready entity=mon.0 client_cookie=0 server_cookie=0 in_seq=0 out_seq=0
2024-04-01T03:19:12.514 INFO:teuthology.orchestra.run.smithi090.stdout:/usr/bin/ceph: stderr
2024-04-01T03:19:11.274+0000 7f283cff9700 1 -- 172.21.15.90:0/3407419506 <== mon.0 v2:172.21.15.90:3300/0 1 ==== mon_map magic: 0 ==== 205+0+0 (secure 0 0 0) 0x7f2830003930 con 0x7f2840107ab0
2024-04-01T03:19:12.514 INFO:teuthology.orchestra.run.smithi090.stdout:/usr/bin/ceph: stderr
2024-04-01T03:19:11.274+0000 7f2845e60700 1 -- 172.21.15.90:0/3407419506 --> [v2:172.21.15.90:3300/0,v1:172.21.15.90:6789/0] -- mon_subscribe({mgrmap=0+}) -- 0x7f284019c210 con 0x7f2840107ab0
2024-04-01T03:19:12.514 INFO:teuthology.orchestra.run.smithi090.stdout:/usr/bin/ceph: stderr
2024-04-01T03:19:11.274+0000 7f283cff9700 1 -- 172.21.15.90:0/3407419506 <== mon.0 v2:172.21.15.90:3300/0 2 ==== config(26 keys) ==== 1071+0+0 (secure 0 0 0) 0x7f2830003ad0 con 0x7f2840107ab0
2024-04-01T03:19:12.514 INFO:teuthology.orchestra.run.smithi090.stdout:/usr/bin/ceph: stderr
2024-04-01T03:19:11.274+0000 7f283cff9700 1 -- 172.21.15.90:0/3407419506 <== mon.0 v2:172.21.15.90:3300/0 3 ==== mon_map magic: 0 ==== 205+0+0 (secure 0 0 0) 0x7f28300195e0 con 0x7f2840107ab0
2024-04-01T03:19:12.514 INFO:teuthology.orchestra.run.smithi090.stdout:/usr/bin/ceph: stderr
2024-04-01T03:19:11.274+0000 7f2845e60700 1 -- 172.21.15.90:0/3407419506 --> [v2:172.21.15.90:3300/0,v1:172.21.15.90:6789/0] -- mon_subscribe({osdmap=0}) -- 0x7f284019ef00 con 0x7f2840107ab0
2024-04-01T03:19:12.514 INFO:teuthology.orchestra.run.smithi090.stdout:/usr/bin/ceph: stderr
2024-04-01T03:19:11.275+0000 7f283cff9700 1 -- 172.21.15.90:0/3407419506 <== mon.0 v2:172.21.15.90:3300/0 4 ==== mgrmap(e 8) ==== 46116+0+0 (secure 0 0 0) 0x7f28300198e0 con 0x7f2840107ab0
2024-04-01T03:19:12.515 INFO:teuthology.orchestra.run.smithi090.stdout:/usr/bin/ceph: stderr
2024-04-01T03:19:11.275+0000 7f2845e60700 1 -- 172.21.15.90:0/3407419506 --> [v2:172.21.15.90:3300/0,v1:172.21.15.90:6789/0] -- mon_command({"prefix": "get_command_descriptions"} v 0) -- 0x7f2840063870 con 0x7f2840107ab0
2024-04-01T03:19:12.515 INFO:teuthology.orchestra.run.smithi090.stdout:/usr/bin/ceph: stderr
2024-04-01T03:19:11.275+0000 7f283cff9700 1 --2- 172.21.15.90:0/3407419506 >> [v2:172.21.15.90:6800/3283864001,v1:172.21.15.90:6801/3283864001] conn(0x7f2828038db0 0x7f282803b270 unknown :-1 s=NONE pgs=0 cs=0 l=1 rev1=0 crypto rx=0 tx=0 comp rx=0 tx=0).connect
2024-04-01T03:19:12.515 INFO:teuthology.orchestra.run.smithi090.stdout:/usr/bin/ceph: stderr
2024-04-01T03:19:11.275+0000 7f283cff9700 1 -- 172.21.15.90:0/3407419506 <== mon.0 v2:172.21.15.90:3300/0 5 ==== osd_map(2..2 src has 1..2) ==== 940+0+0 (secure 0 0 0) 0x7f283004d240 con 0x7f2840107ab0
2024-04-01T03:19:12.515 INFO:teuthology.orchestra.run.smithi090.stdout:/usr/bin/ceph: stderr
2024-04-01T03:19:11.275+0000 7f283effd700 1 --2- 172.21.15.90:0/3407419506 >> [v2:172.21.15.90:6800/3283864001,v1:172.21.15.90:6801/3283864001] conn(0x7f2828038db0 0x7f282803b270 unknown :-1 s=BANNER_CONNECTING pgs=0 cs=0 l=1 rev1=0 crypto rx=0 tx=0 comp rx=0 tx=0)._handle_peer_banner_payload supported=3 required=0
2024-04-01T03:19:12.515 INFO:teuthology.orchestra.run.smithi090.stdout:/usr/bin/ceph: stderr
2024-04-01T03:19:11.276+0000 7f283effd700 1 --2- 172.21.15.90:0/3407419506 >> [v2:172.21.15.90:6800/3283864001,v1:172.21.15.90:6801/3283864001] conn(0x7f2828038db0 0x7f282803b270 secure :-1 s=READY pgs=9 cs=0 l=1 rev1=1 crypto rx=0x7f2834006fd0 tx=0x7f2834006e40 comp rx=0 tx=0).ready entity=mgr.14118 client_cookie=0 server_cookie=0 in_seq=0 out_seq=0
2024-04-01T03:19:12.515 INFO:teuthology.orchestra.run.smithi090.stdout:/usr/bin/ceph: stderr
2024-04-01T03:19:11.280+0000 7f283cff9700 1 -- 172.21.15.90:0/3407419506 <== mon.0 v2:172.21.15.90:3300/0 6 ==== mon_command_ack([{"prefix": "get_command_descriptions"}]=0 v0) ==== 72+0+184932 (secure 0 0 0) 0x7f2830020240 con 0x7f2840107ab0
2024-04-01T03:19:12.515 INFO:teuthology.orchestra.run.smithi090.stdout:/usr/bin/ceph: stderr
2024-04-01T03:19:11.476+0000 7f2845e60700 1 -- 172.21.15.90:0/3407419506 --> [v2:172.21.15.90:6800/3283864001,v1:172.21.15.90:6801/3283864001] -- mgr_command(tid 0: {"prefix": "cephadm generate-key", "target": ["mon-mgr", ""]}) -- 0x7f28401042e0 con 0x7f2828038db0
2024-04-01T03:19:12.515 INFO:teuthology.orchestra.run.smithi090.stdout:/usr/bin/ceph: stderr
2024-04-01T03:19:11.908+0000 7f283cff9700 1 -- 172.21.15.90:0/3407419506 <== mgr.14118 v2:172.21.15.90:6800/3283864001 1 ==== mgr_command_reply(tid 0: 0 ) ==== 8+0+0 (secure 0 0 0) 0x7f28401042e0 con 0x7f2828038db0
2024-04-01T03:19:12.515 INFO:teuthology.orchestra.run.smithi090.stdout:/usr/bin/ceph: stderr
2024-04-01T03:19:11.910+0000 7f2845e60700 1 -- 172.21.15.90:0/3407419506 >> [v2:172.21.15.90:6800/3283864001,v1:172.21.15.90:6801/3283864001] conn(0x7f2828038db0 msgr2=0x7f282803b270 secure :-1 s=STATE_CONNECTION_ESTABLISHED l=1).mark_down
2024-04-01T03:19:12.515 INFO:teuthology.orchestra.run.smithi090.stdout:/usr/bin/ceph: stderr
2024-04-01T03:19:11.910+0000 7f2845e60700 1 --2- 172.21.15.90:0/3407419506 >> [v2:172.21.15.90:6800/3283864001,v1:172.21.15.90:6801/3283864001] conn(0x7f2828038db0 0x7f282803b270 secure :-1 s=READY pgs=9 cs=0 l=1 rev1=1 crypto rx=0x7f2834006fd0 tx=0x7f2834006e40 comp rx=0 tx=0).stop
2024-04-01T03:19:12.515 INFO:teuthology.orchestra.run.smithi090.stdout:/usr/bin/ceph: stderr
2024-04-01T03:19:11.910+0000 7f2845e60700 1 -- 172.21.15.90:0/3407419506 >> [v2:172.21.15.90:3300/0,v1:172.21.15.90:6789/0] conn(0x7f2840107ab0 msgr2=0x7f284019ba40 secure :-1 s=STATE_CONNECTION_ESTABLISHED l=1).mark_down
2024-04-01T03:19:12.515 INFO:teuthology.orchestra.run.smithi090.stdout:/usr/bin/ceph: stderr
2024-04-01T03:19:11.910+0000 7f2845e60700 1 --2- 172.21.15.90:0/3407419506 >> [v2:172.21.15.90:3300/0,v1:172.21.15.90:6789/0] conn(0x7f2840107ab0 0x7f284019ba40 secure :-1 s=READY pgs=40 cs=0 l=1 rev1=1 crypto rx=0x7f2830006af0 tx=0x7f2830011b70 comp rx=0 tx=0).stop
2024-04-01T03:19:12.515 INFO:teuthology.orchestra.run.smithi090.stdout:/usr/bin/ceph: stderr
2024-04-01T03:19:11.910+0000 7f2845e60700 1 -- 172.21.15.90:0/3407419506 shutdown_connections
2024-04-01T03:19:12.515 INFO:teuthology.orchestra.run.smithi090.stdout:/usr/bin/ceph: stderr
2024-04-01T03:19:11.910+0000 7f2845e60700 1 --2- 172.21.15.90:0/3407419506 >> [v2:172.21.15.90:6800/3283864001,v1:172.21.15.90:6801/3283864001] conn(0x7f2828038db0 0x7f282803b270 unknown :-1 s=CLOSED pgs=9 cs=0 l=1 rev1=1 crypto rx=0 tx=0 comp rx=0 tx=0).stop
2024-04-01T03:19:12.516 INFO:teuthology.orchestra.run.smithi090.stdout:/usr/bin/ceph: stderr
2024-04-01T03:19:11.910+0000 7f2845e60700 1 --2- 172.21.15.90:0/3407419506 >> [v2:172.21.15.90:3300/0,v1:172.21.15.90:6789/0] conn(0x7f2840107ab0 0x7f284019ba40 unknown :-1 s=CLOSED pgs=40 cs=0 l=1 rev1=1 crypto rx=0 tx=0 comp rx=0 tx=0).stop
2024-04-01T03:19:12.516 INFO:teuthology.orchestra.run.smithi090.stdout:/usr/bin/ceph: stderr
2024-04-01T03:19:11.910+0000 7f2845e60700 1 -- 172.21.15.90:0/3407419506 >> 172.21.15.90:0/3407419506 conn(0x7f2840103070 msgr2=0x7f2840103bd0 unknown :-1 s=STATE_NONE l=0).mark_down
2024-04-01T03:19:12.516 INFO:teuthology.orchestra.run.smithi090.stdout:/usr/bin/ceph: stderr
2024-04-01T03:19:11.910+0000 7f2845e60700 1 -- 172.21.15.90:0/3407419506 shutdown_connections
2024-04-01T03:19:12.516 INFO:teuthology.orchestra.run.smithi090.stdout:/usr/bin/ceph: stderr
2024-04-01T03:19:11.910+0000 7f2845e60700 1 -- 172.21.15.90:0/3407419506 wait complete.
2024-04-01T03:19:13.138 INFO:journalctl@ceph.mon.a.smithi090.stdout:Apr 01 03:19:12 smithi090 ceph-mon[32018]: from='client.14134 -' entity='client.admin' cmd=[{"prefix": "cephadm generate-key", "target": ["mon-mgr", ""]}]: dispatch
2024-04-01T03:19:13.138 INFO:journalctl@ceph.mon.a.smithi090.stdout:Apr 01 03:19:12 smithi090 ceph-mon[32018]: Generating ssh key...
2024-04-01T03:19:13.139 INFO:journalctl@ceph.mon.a.smithi090.stdout:Apr 01 03:19:12 smithi090 ceph-mon[32018]: from='mgr.14118 172.21.15.90:0/4001733534' entity='mgr.x'
2024-04-01T03:19:13.139 INFO:journalctl@ceph.mon.a.smithi090.stdout:Apr 01 03:19:12 smithi090 ceph-mon[32018]: from='mgr.14118 172.21.15.90:0/4001733534' entity='mgr.x'
2024-04-01T03:19:13.672 INFO:teuthology.orchestra.run.smithi090.stdout:/usr/bin/ceph: stdout ssh-rsa AAAAB3NzaC1yc2EAAAADAQABAAABgQCsIG9VHY5SrvVbaFgQAVAJst8yrmvy55NW0vI+4154L2c/12N1vN7e1l6ndDrd3Q+T8l494rCtRfxFay90FZnCcL097mRpwsLNI79GbystQoU4lk6OrQYlez+oIWOT8c/wmwwZIjZV0iReuOknJ32mi5crqHzAuC4IOSPJ/ZmeF1L8BMWTPbfMiIKv5KZBjbDzDPgcHJs8j8xPkZS6WFL/InvME2DuKDCy87TK8VNJ5Ge/M0RD5qHlocepeC1DEVqNRqoMyhNG990wgFjYt18tWoBK7wmXglK9UqoAc6ZOV6fDOaFs+uQejOP90b9NAQBaSXO/Y64zagzlDuvIvGLDdIk2yGkD/cExGA8mMjtDbSATHl2aonxxddGuj64vcJ4P1wk8O6jpJjqCjyY+gT2jYOnKPyq5ztlTDMD2ta4emG/QXzQGxEUcYeuHtMxEqrxIUqEtmdQcZifpyWvthrBlOTBHsgiJV3ouKbmAjBeX6EQx/caeUfZg3xdBeuPDq/U= ceph-62f3abba-efd6-11ee-b647-cb9ed24678a4
2024-04-01T03:19:13.672 INFO:teuthology.orchestra.run.smithi090.stdout:/usr/bin/ceph: stderr
2024-04-01T03:19:12.935+0000 7f9a02d63700 1 Processor -- start
2024-04-01T03:19:13.672 INFO:teuthology.orchestra.run.smithi090.stdout:/usr/bin/ceph: stderr
2024-04-01T03:19:12.935+0000 7f9a02d63700 1 -- start start
2024-04-01T03:19:13.672 INFO:teuthology.orchestra.run.smithi090.stdout:/usr/bin/ceph: stderr
2024-04-01T03:19:12.935+0000 7f9a02d63700 1 --2- >> [v2:172.21.15.90:3300/0,v1:172.21.15.90:6789/0] conn(0x7f99fc108560 0x7f99fc10a950 unknown :-1 s=NONE pgs=0 cs=0 l=0 rev1=0 crypto rx=0 tx=0 comp rx=0 tx=0).connect
2024-04-01T03:19:13.672 INFO:teuthology.orchestra.run.smithi090.stdout:/usr/bin/ceph: stderr
2024-04-01T03:19:12.935+0000 7f9a02d63700 1 -- --> [v2:172.21.15.90:3300/0,v1:172.21.15.90:6789/0] -- mon_getmap magic: 0 -- 0x7f99fc07be20 con 0x7f99fc108560
2024-04-01T03:19:13.672 INFO:teuthology.orchestra.run.smithi090.stdout:/usr/bin/ceph: stderr
2024-04-01T03:19:12.935+0000 7f9a00aff700 1 --2- >> [v2:172.21.15.90:3300/0,v1:172.21.15.90:6789/0] conn(0x7f99fc108560 0x7f99fc10a950 unknown :-1 s=BANNER_CONNECTING pgs=0 cs=0 l=0 rev1=0 crypto rx=0 tx=0 comp rx=0 tx=0)._handle_peer_banner_payload supported=3 required=0
2024-04-01T03:19:13.673 INFO:teuthology.orchestra.run.smithi090.stdout:/usr/bin/ceph: stderr
2024-04-01T03:19:12.935+0000 7f9a00aff700 1 --2- >> [v2:172.21.15.90:3300/0,v1:172.21.15.90:6789/0] conn(0x7f99fc108560 0x7f99fc10a950 unknown :-1 s=HELLO_CONNECTING pgs=0 cs=0 l=0 rev1=1 crypto rx=0 tx=0 comp rx=0 tx=0).handle_hello peer v2:172.21.15.90:3300/0 says I am v2:172.21.15.90:44170/0 (socket says 172.21.15.90:44170)
2024-04-01T03:19:13.673 INFO:teuthology.orchestra.run.smithi090.stdout:/usr/bin/ceph: stderr
2024-04-01T03:19:12.935+0000 7f9a00aff700 1 -- 172.21.15.90:0/133754003 learned_addr learned my addr 172.21.15.90:0/133754003 (peer_addr_for_me v2:172.21.15.90:0/0)
2024-04-01T03:19:13.673 INFO:teuthology.orchestra.run.smithi090.stdout:/usr/bin/ceph: stderr
2024-04-01T03:19:12.935+0000 7f9a00aff700 1 -- 172.21.15.90:0/133754003 --> [v2:172.21.15.90:3300/0,v1:172.21.15.90:6789/0] -- mon_subscribe({config=0+,monmap=0+}) -- 0x7f99fc10ae90 con 0x7f99fc108560
2024-04-01T03:19:13.673 INFO:teuthology.orchestra.run.smithi090.stdout:/usr/bin/ceph: stderr
2024-04-01T03:19:12.936+0000 7f9a00aff700 1 --2- 172.21.15.90:0/133754003 >> [v2:172.21.15.90:3300/0,v1:172.21.15.90:6789/0] conn(0x7f99fc108560 0x7f99fc10a950 secure :-1 s=READY pgs=41 cs=0 l=1 rev1=1 crypto rx=0x7f99f00098a0 tx=0x7f99f0009bb0 comp rx=0 tx=0).ready entity=mon.0 client_cookie=9df4a5c1d98c9da5 server_cookie=0 in_seq=0 out_seq=0
2024-04-01T03:19:13.673 INFO:teuthology.orchestra.run.smithi090.stdout:/usr/bin/ceph: stderr
2024-04-01T03:19:12.936+0000 7f99fb7fe700 1 -- 172.21.15.90:0/133754003 <== mon.0 v2:172.21.15.90:3300/0 1 ==== mon_map magic: 0 ==== 205+0+0 (secure 0 0 0) 0x7f99f0004160 con 0x7f99fc108560
2024-04-01T03:19:13.673 INFO:teuthology.orchestra.run.smithi090.stdout:/usr/bin/ceph: stderr
2024-04-01T03:19:12.936+0000 7f99fb7fe700 1 -- 172.21.15.90:0/133754003 <== mon.0 v2:172.21.15.90:3300/0 2 ==== config(26 keys) ==== 1071+0+0 (secure 0 0 0) 0x7f99f0004300 con 0x7f99fc108560
2024-04-01T03:19:13.673 INFO:teuthology.orchestra.run.smithi090.stdout:/usr/bin/ceph: stderr
2024-04-01T03:19:12.936+0000 7f99fb7fe700 1 -- 172.21.15.90:0/133754003 <== mon.0 v2:172.21.15.90:3300/0 3 ==== mon_map magic: 0 ==== 205+0+0 (secure 0 0 0) 0x7f99f0011a80 con 0x7f99fc108560
2024-04-01T03:19:13.673 INFO:teuthology.orchestra.run.smithi090.stdout:/usr/bin/ceph: stderr
2024-04-01T03:19:12.936+0000 7f9a02d63700 1 -- 172.21.15.90:0/133754003 >> [v2:172.21.15.90:3300/0,v1:172.21.15.90:6789/0] conn(0x7f99fc108560 msgr2=0x7f99fc10a950 secure :-1 s=STATE_CONNECTION_ESTABLISHED l=1).mark_down
2024-04-01T03:19:13.673 INFO:teuthology.orchestra.run.smithi090.stdout:/usr/bin/ceph: stderr
2024-04-01T03:19:12.936+0000 7f9a02d63700 1 --2- 172.21.15.90:0/133754003 >> [v2:172.21.15.90:3300/0,v1:172.21.15.90:6789/0] conn(0x7f99fc108560 0x7f99fc10a950 secure :-1 s=READY pgs=41 cs=0 l=1 rev1=1 crypto rx=0x7f99f00098a0 tx=0x7f99f0009bb0 comp rx=0 tx=0).stop
2024-04-01T03:19:13.673 INFO:teuthology.orchestra.run.smithi090.stdout:/usr/bin/ceph: stderr
2024-04-01T03:19:12.936+0000 7f9a02d63700 1 -- 172.21.15.90:0/133754003 shutdown_connections
2024-04-01T03:19:13.673 INFO:teuthology.orchestra.run.smithi090.stdout:/usr/bin/ceph: stderr
2024-04-01T03:19:12.936+0000 7f9a02d63700 1 --2- 172.21.15.90:0/133754003 >> [v2:172.21.15.90:3300/0,v1:172.21.15.90:6789/0] conn(0x7f99fc108560 0x7f99fc10a950 unknown :-1 s=CLOSED pgs=41 cs=0 l=1 rev1=1 crypto rx=0 tx=0 comp rx=0 tx=0).stop
2024-04-01T03:19:13.673 INFO:teuthology.orchestra.run.smithi090.stdout:/usr/bin/ceph: stderr
2024-04-01T03:19:12.936+0000 7f9a02d63700 1 -- 172.21.15.90:0/133754003 >> 172.21.15.90:0/133754003 conn(0x7f99fc101f50 msgr2=0x7f99fc1043b0 unknown :-1 s=STATE_NONE l=0).mark_down
2024-04-01T03:19:13.673 INFO:teuthology.orchestra.run.smithi090.stdout:/usr/bin/ceph: stderr
2024-04-01T03:19:12.937+0000 7f9a02d63700 1 -- 172.21.15.90:0/133754003 shutdown_connections
2024-04-01T03:19:13.673 INFO:teuthology.orchestra.run.smithi090.stdout:/usr/bin/ceph: stderr
2024-04-01T03:19:12.937+0000 7f9a02d63700 1 -- 172.21.15.90:0/133754003 wait complete.
2024-04-01T03:19:13.673 INFO:teuthology.orchestra.run.smithi090.stdout:/usr/bin/ceph: stderr
2024-04-01T03:19:12.937+0000 7f9a02d63700 1 Processor -- start
2024-04-01T03:19:13.674 INFO:teuthology.orchestra.run.smithi090.stdout:/usr/bin/ceph: stderr
2024-04-01T03:19:12.937+0000 7f9a02d63700 1 -- start start
2024-04-01T03:19:13.674 INFO:teuthology.orchestra.run.smithi090.stdout:/usr/bin/ceph: stderr
2024-04-01T03:19:12.937+0000 7f9a02d63700 1 --2- >> [v2:172.21.15.90:3300/0,v1:172.21.15.90:6789/0] conn(0x7f99fc108560 0x7f99fc107de0 unknown :-1 s=NONE pgs=0 cs=0 l=1 rev1=0 crypto rx=0 tx=0 comp rx=0 tx=0).connect
2024-04-01T03:19:13.674 INFO:teuthology.orchestra.run.smithi090.stdout:/usr/bin/ceph: stderr
2024-04-01T03:19:12.937+0000 7f9a02d63700 1 -- --> [v2:172.21.15.90:3300/0,v1:172.21.15.90:6789/0] -- mon_getmap magic: 0 -- 0x7f99fc10bde0 con 0x7f99fc108560
2024-04-01T03:19:13.674 INFO:teuthology.orchestra.run.smithi090.stdout:/usr/bin/ceph: stderr
2024-04-01T03:19:12.937+0000 7f9a00aff700 1 --2- >> [v2:172.21.15.90:3300/0,v1:172.21.15.90:6789/0] conn(0x7f99fc108560 0x7f99fc107de0 unknown :-1 s=BANNER_CONNECTING pgs=0 cs=0 l=1 rev1=0 crypto rx=0 tx=0 comp rx=0 tx=0)._handle_peer_banner_payload supported=3 required=0
2024-04-01T03:19:13.674 INFO:teuthology.orchestra.run.smithi090.stdout:/usr/bin/ceph: stderr
2024-04-01T03:19:12.937+0000 7f9a00aff700 1 --2- >> [v2:172.21.15.90:3300/0,v1:172.21.15.90:6789/0] conn(0x7f99fc108560 0x7f99fc107de0 unknown :-1 s=HELLO_CONNECTING pgs=0 cs=0 l=1 rev1=1 crypto rx=0 tx=0 comp rx=0 tx=0).handle_hello peer v2:172.21.15.90:3300/0 says I am v2:172.21.15.90:44172/0 (socket says 172.21.15.90:44172)
2024-04-01T03:19:13.674 INFO:teuthology.orchestra.run.smithi090.stdout:/usr/bin/ceph: stderr
2024-04-01T03:19:12.937+0000 7f9a00aff700 1 -- 172.21.15.90:0/4242648623 learned_addr learned my addr 172.21.15.90:0/4242648623 (peer_addr_for_me v2:172.21.15.90:0/0)
2024-04-01T03:19:13.674 INFO:teuthology.orchestra.run.smithi090.stdout:/usr/bin/ceph: stderr
2024-04-01T03:19:12.938+0000 7f9a00aff700 1 -- 172.21.15.90:0/4242648623 --> [v2:172.21.15.90:3300/0,v1:172.21.15.90:6789/0] -- mon_subscribe({config=0+,monmap=0+}) -- 0x7f99fc108320 con 0x7f99fc108560
2024-04-01T03:19:13.674 INFO:teuthology.orchestra.run.smithi090.stdout:/usr/bin/ceph: stderr
2024-04-01T03:19:12.938+0000 7f9a00aff700 1 --2- 172.21.15.90:0/4242648623 >> [v2:172.21.15.90:3300/0,v1:172.21.15.90:6789/0] conn(0x7f99fc108560 0x7f99fc107de0 secure :-1 s=READY pgs=42 cs=0 l=1 rev1=1 crypto rx=0x7f99f0006af0 tx=0x7f99f0011b70 comp rx=0 tx=0).ready entity=mon.0 client_cookie=0 server_cookie=0 in_seq=0 out_seq=0
2024-04-01T03:19:13.674 INFO:teuthology.orchestra.run.smithi090.stdout:/usr/bin/ceph: stderr
2024-04-01T03:19:12.938+0000 7f99f9ffb700 1 -- 172.21.15.90:0/4242648623 <== mon.0 v2:172.21.15.90:3300/0 1 ==== mon_map magic: 0 ==== 205+0+0 (secure 0 0 0) 0x7f99f0003930 con 0x7f99fc108560
2024-04-01T03:19:13.674 INFO:teuthology.orchestra.run.smithi090.stdout:/usr/bin/ceph: stderr
2024-04-01T03:19:12.938+0000 7f9a02d63700 1 -- 172.21.15.90:0/4242648623 --> [v2:172.21.15.90:3300/0,v1:172.21.15.90:6789/0] -- mon_subscribe({mgrmap=0+}) -- 0x7f99fc106510 con 0x7f99fc108560
2024-04-01T03:19:13.674 INFO:teuthology.orchestra.run.smithi090.stdout:/usr/bin/ceph: stderr
2024-04-01T03:19:12.938+0000 7f99f9ffb700 1 -- 172.21.15.90:0/4242648623 <== mon.0 v2:172.21.15.90:3300/0 2 ==== config(26 keys) ==== 1071+0+0 (secure 0 0 0) 0x7f99f0003ad0 con 0x7f99fc108560
2024-04-01T03:19:13.674 INFO:teuthology.orchestra.run.smithi090.stdout:/usr/bin/ceph: stderr
2024-04-01T03:19:12.938+0000 7f99f9ffb700 1 -- 172.21.15.90:0/4242648623 <== mon.0 v2:172.21.15.90:3300/0 3 ==== mon_map magic: 0 ==== 205+0+0 (secure 0 0 0) 0x7f99f00195e0 con 0x7f99fc108560
2024-04-01T03:19:13.675 INFO:teuthology.orchestra.run.smithi090.stdout:/usr/bin/ceph: stderr
2024-04-01T03:19:12.938+0000 7f9a02d63700 1 -- 172.21.15.90:0/4242648623 --> [v2:172.21.15.90:3300/0,v1:172.21.15.90:6789/0] -- mon_subscribe({osdmap=0}) -- 0x7f99fc106a50 con 0x7f99fc108560
2024-04-01T03:19:13.675 INFO:teuthology.orchestra.run.smithi090.stdout:/usr/bin/ceph: stderr
2024-04-01T03:19:12.939+0000 7f99f9ffb700 1 -- 172.21.15.90:0/4242648623 <== mon.0 v2:172.21.15.90:3300/0 4 ==== mgrmap(e 8) ==== 46116+0+0 (secure 0 0 0) 0x7f99f00198e0 con 0x7f99fc108560
2024-04-01T03:19:13.675 INFO:teuthology.orchestra.run.smithi090.stdout:/usr/bin/ceph: stderr
2024-04-01T03:19:12.939+0000 7f9a02d63700 1 -- 172.21.15.90:0/4242648623 --> [v2:172.21.15.90:3300/0,v1:172.21.15.90:6789/0] -- mon_command({"prefix": "get_command_descriptions"} v 0) -- 0x7f99fc063870 con 0x7f99fc108560
