2024-04-01T03:18:57.420+0000 7f4178843700 1 -- 172.21.15.90:0/718148340 >> [v2:172.21.15.90:6800/2880531879,v1:172.21.15.90:6801/2880531879] conn(0x7f415c038d60 msgr2=0x7f415c03b220 secure :-1 s=STATE_CONNECTION_ESTABLISHED l=1).mark_down
2024-04-01T03:18:57.965 INFO:teuthology.orchestra.run.smithi090.stdout:/usr/bin/ceph: stderr
2024-04-01T03:18:57.420+0000 7f4178843700 1 --2- 172.21.15.90:0/718148340 >> [v2:172.21.15.90:6800/2880531879,v1:172.21.15.90:6801/2880531879] conn(0x7f415c038d60 0x7f415c03b220 secure :-1 s=READY pgs=6 cs=0 l=1 rev1=1 crypto rx=0x7f4168006fd0 tx=0x7f4168006e40 comp rx=0 tx=0).stop
2024-04-01T03:18:57.966 INFO:teuthology.orchestra.run.smithi090.stdout:/usr/bin/ceph: stderr
2024-04-01T03:18:57.420+0000 7f4178843700 1 -- 172.21.15.90:0/718148340 >> [v2:172.21.15.90:3300/0,v1:172.21.15.90:6789/0] conn(0x7f4174105d60 msgr2=0x7f417419ba80 secure :-1 s=STATE_CONNECTION_ESTABLISHED l=1).mark_down
2024-04-01T03:18:57.966 INFO:teuthology.orchestra.run.smithi090.stdout:/usr/bin/ceph: stderr
2024-04-01T03:18:57.420+0000 7f4178843700 1 --2- 172.21.15.90:0/718148340 >> [v2:172.21.15.90:3300/0,v1:172.21.15.90:6789/0] conn(0x7f4174105d60 0x7f417419ba80 secure :-1 s=READY pgs=17 cs=0 l=1 rev1=1 crypto rx=0x7f4164006af0 tx=0x7f4164011b70 comp rx=0 tx=0).stop
2024-04-01T03:18:57.966 INFO:teuthology.orchestra.run.smithi090.stdout:/usr/bin/ceph: stderr
2024-04-01T03:18:57.420+0000 7f4178843700 1 -- 172.21.15.90:0/718148340 shutdown_connections
2024-04-01T03:18:57.966 INFO:teuthology.orchestra.run.smithi090.stdout:/usr/bin/ceph: stderr
2024-04-01T03:18:57.420+0000 7f4178843700 1 --2- 172.21.15.90:0/718148340 >> [v2:172.21.15.90:6800/2880531879,v1:172.21.15.90:6801/2880531879] conn(0x7f415c038d60 0x7f415c03b220 unknown :-1 s=CLOSED pgs=6 cs=0 l=1 rev1=1 crypto rx=0 tx=0 comp rx=0 tx=0).stop
2024-04-01T03:18:57.966 INFO:teuthology.orchestra.run.smithi090.stdout:/usr/bin/ceph: stderr
2024-04-01T03:18:57.420+0000 7f4178843700 1 --2- 172.21.15.90:0/718148340 >> [v2:172.21.15.90:3300/0,v1:172.21.15.90:6789/0] conn(0x7f4174105d60 0x7f417419ba80 unknown :-1 s=CLOSED pgs=17 cs=0 l=1 rev1=1 crypto rx=0 tx=0 comp rx=0 tx=0).stop
2024-04-01T03:18:57.966 INFO:teuthology.orchestra.run.smithi090.stdout:/usr/bin/ceph: stderr
2024-04-01T03:18:57.420+0000 7f4178843700 1 -- 172.21.15.90:0/718148340 >> 172.21.15.90:0/718148340 conn(0x7f41741016f0 msgr2=0x7f4174102250 unknown :-1 s=STATE_NONE l=0).mark_down
2024-04-01T03:18:57.966 INFO:teuthology.orchestra.run.smithi090.stdout:/usr/bin/ceph: stderr
2024-04-01T03:18:57.420+0000 7f4178843700 1 -- 172.21.15.90:0/718148340 shutdown_connections
2024-04-01T03:18:57.966 INFO:teuthology.orchestra.run.smithi090.stdout:/usr/bin/ceph: stderr
2024-04-01T03:18:57.420+0000 7f4178843700 1 -- 172.21.15.90:0/718148340 wait complete.
2024-04-01T03:18:57.966 INFO:teuthology.orchestra.run.smithi090.stdout:mgr is available
2024-04-01T03:18:58.862 INFO:journalctl@ceph.mon.a.smithi090.stdout:Apr 01 03:18:58 smithi090 ceph-mon[32018]: from='client.? 172.21.15.90:0/2512488764' entity='client.admin' cmd=[{"prefix": "config assimilate-conf"}]: dispatch
2024-04-01T03:18:59.127 INFO:teuthology.orchestra.run.smithi090.stdout:/usr/bin/ceph: stdout
2024-04-01T03:18:59.127 INFO:teuthology.orchestra.run.smithi090.stdout:/usr/bin/ceph: stdout [global]
2024-04-01T03:18:59.127 INFO:teuthology.orchestra.run.smithi090.stdout:/usr/bin/ceph: stdout fsid = 62f3abba-efd6-11ee-b647-cb9ed24678a4
2024-04-01T03:18:59.127 INFO:teuthology.orchestra.run.smithi090.stdout:/usr/bin/ceph: stdout mon_osd_allow_pg_remap = true
2024-04-01T03:18:59.127 INFO:teuthology.orchestra.run.smithi090.stdout:/usr/bin/ceph: stdout mon_osd_allow_primary_affinity = true
2024-04-01T03:18:59.127 INFO:teuthology.orchestra.run.smithi090.stdout:/usr/bin/ceph: stdout mon_warn_on_no_sortbitwise = false
2024-04-01T03:18:59.127 INFO:teuthology.orchestra.run.smithi090.stdout:/usr/bin/ceph: stdout osd_crush_chooseleaf_type = 0
2024-04-01T03:18:59.127 INFO:teuthology.orchestra.run.smithi090.stdout:/usr/bin/ceph: stdout
2024-04-01T03:18:59.127 INFO:teuthology.orchestra.run.smithi090.stdout:/usr/bin/ceph: stdout [mgr]
2024-04-01T03:18:59.127 INFO:teuthology.orchestra.run.smithi090.stdout:/usr/bin/ceph: stdout mgr/telemetry/nag = false
2024-04-01T03:18:59.127 INFO:teuthology.orchestra.run.smithi090.stdout:/usr/bin/ceph: stdout
2024-04-01T03:18:59.127 INFO:teuthology.orchestra.run.smithi090.stdout:/usr/bin/ceph: stdout [osd]
2024-04-01T03:18:59.128 INFO:teuthology.orchestra.run.smithi090.stdout:/usr/bin/ceph: stdout mon_osd_backfillfull_ratio = 0.85
2024-04-01T03:18:59.128 INFO:teuthology.orchestra.run.smithi090.stdout:/usr/bin/ceph: stdout mon_osd_full_ratio = 0.9
2024-04-01T03:18:59.128 INFO:teuthology.orchestra.run.smithi090.stdout:/usr/bin/ceph: stdout mon_osd_nearfull_ratio = 0.8
2024-04-01T03:18:59.128 INFO:teuthology.orchestra.run.smithi090.stdout:/usr/bin/ceph: stdout osd_map_max_advance = 10
2024-04-01T03:18:59.128 INFO:teuthology.orchestra.run.smithi090.stdout:/usr/bin/ceph: stdout osd_sloppy_crc = true
2024-04-01T03:18:59.128 INFO:teuthology.orchestra.run.smithi090.stdout:/usr/bin/ceph: stderr
2024-04-01T03:18:58.343+0000 7f34b7ee3700 1 Processor -- start
2024-04-01T03:18:59.128 INFO:teuthology.orchestra.run.smithi090.stdout:/usr/bin/ceph: stderr
2024-04-01T03:18:58.343+0000 7f34b7ee3700 1 -- start start
2024-04-01T03:18:59.128 INFO:teuthology.orchestra.run.smithi090.stdout:/usr/bin/ceph: stderr
2024-04-01T03:18:58.343+0000 7f34b7ee3700 1 --2- >> [v2:172.21.15.90:3300/0,v1:172.21.15.90:6789/0] conn(0x7f34b0107b60 0x7f34b0107f80 unknown :-1 s=NONE pgs=0 cs=0 l=0 rev1=0 crypto rx=0 tx=0 comp rx=0 tx=0).connect
2024-04-01T03:18:59.128 INFO:teuthology.orchestra.run.smithi090.stdout:/usr/bin/ceph: stderr
2024-04-01T03:18:58.343+0000 7f34b7ee3700 1 -- --> [v2:172.21.15.90:3300/0,v1:172.21.15.90:6789/0] -- mon_getmap magic: 0 -- 0x7f34b0108550 con 0x7f34b0107b60
2024-04-01T03:18:59.128 INFO:teuthology.orchestra.run.smithi090.stdout:/usr/bin/ceph: stderr
2024-04-01T03:18:58.343+0000 7f34b5c7f700 1 --2- >> [v2:172.21.15.90:3300/0,v1:172.21.15.90:6789/0] conn(0x7f34b0107b60 0x7f34b0107f80 unknown :-1 s=BANNER_CONNECTING pgs=0 cs=0 l=0 rev1=0 crypto rx=0 tx=0 comp rx=0 tx=0)._handle_peer_banner_payload supported=3 required=0
2024-04-01T03:18:59.128 INFO:teuthology.orchestra.run.smithi090.stdout:/usr/bin/ceph: stderr
2024-04-01T03:18:58.343+0000 7f34b5c7f700 1 --2- >> [v2:172.21.15.90:3300/0,v1:172.21.15.90:6789/0] conn(0x7f34b0107b60 0x7f34b0107f80 unknown :-1 s=HELLO_CONNECTING pgs=0 cs=0 l=0 rev1=1 crypto rx=0 tx=0 comp rx=0 tx=0).handle_hello peer v2:172.21.15.90:3300/0 says I am v2:172.21.15.90:52584/0 (socket says 172.21.15.90:52584)
2024-04-01T03:18:59.128 INFO:teuthology.orchestra.run.smithi090.stdout:/usr/bin/ceph: stderr
2024-04-01T03:18:58.343+0000 7f34b5c7f700 1 -- 172.21.15.90:0/1968866744 learned_addr learned my addr 172.21.15.90:0/1968866744 (peer_addr_for_me v2:172.21.15.90:0/0)
2024-04-01T03:18:59.128 INFO:teuthology.orchestra.run.smithi090.stdout:/usr/bin/ceph: stderr
2024-04-01T03:18:58.344+0000 7f34b5c7f700 1 -- 172.21.15.90:0/1968866744 --> [v2:172.21.15.90:3300/0,v1:172.21.15.90:6789/0] -- mon_subscribe({config=0+,monmap=0+}) -- 0x7f34b0108d10 con 0x7f34b0107b60
2024-04-01T03:18:59.129 INFO:teuthology.orchestra.run.smithi090.stdout:/usr/bin/ceph: stderr
2024-04-01T03:18:58.344+0000 7f34b5c7f700 1 --2- 172.21.15.90:0/1968866744 >> [v2:172.21.15.90:3300/0,v1:172.21.15.90:6789/0] conn(0x7f34b0107b60 0x7f34b0107f80 secure :-1 s=READY pgs=18 cs=0 l=1 rev1=1 crypto rx=0x7f34ac0098a0 tx=0x7f34ac009bb0 comp rx=0 tx=0).ready entity=mon.0 client_cookie=2a38ce4445f91a43 server_cookie=0 in_seq=0 out_seq=0
2024-04-01T03:18:59.129 INFO:teuthology.orchestra.run.smithi090.stdout:/usr/bin/ceph: stderr
2024-04-01T03:18:58.344+0000 7f34b4c7d700 1 -- 172.21.15.90:0/1968866744 <== mon.0 v2:172.21.15.90:3300/0 1 ==== mon_map magic: 0 ==== 205+0+0 (secure 0 0 0) 0x7f34ac004160 con 0x7f34b0107b60
2024-04-01T03:18:59.129 INFO:teuthology.orchestra.run.smithi090.stdout:/usr/bin/ceph: stderr
2024-04-01T03:18:58.344+0000 7f34b4c7d700 1 -- 172.21.15.90:0/1968866744 <== mon.0 v2:172.21.15.90:3300/0 2 ==== config(26 keys) ==== 1071+0+0 (secure 0 0 0) 0x7f34ac004300 con 0x7f34b0107b60
2024-04-01T03:18:59.129 INFO:teuthology.orchestra.run.smithi090.stdout:/usr/bin/ceph: stderr
2024-04-01T03:18:58.344+0000 7f34b4c7d700 1 -- 172.21.15.90:0/1968866744 <== mon.0 v2:172.21.15.90:3300/0 3 ==== mon_map magic: 0 ==== 205+0+0 (secure 0 0 0) 0x7f34ac011a80 con 0x7f34b0107b60
2024-04-01T03:18:59.129 INFO:teuthology.orchestra.run.smithi090.stdout:/usr/bin/ceph: stderr
2024-04-01T03:18:58.344+0000 7f34b7ee3700 1 -- 172.21.15.90:0/1968866744 >> [v2:172.21.15.90:3300/0,v1:172.21.15.90:6789/0] conn(0x7f34b0107b60 msgr2=0x7f34b0107f80 secure :-1 s=STATE_CONNECTION_ESTABLISHED l=1).mark_down
2024-04-01T03:18:59.129 INFO:teuthology.orchestra.run.smithi090.stdout:/usr/bin/ceph: stderr
2024-04-01T03:18:58.344+0000 7f34b7ee3700 1 --2- 172.21.15.90:0/1968866744 >> [v2:172.21.15.90:3300/0,v1:172.21.15.90:6789/0] conn(0x7f34b0107b60 0x7f34b0107f80 secure :-1 s=READY pgs=18 cs=0 l=1 rev1=1 crypto rx=0x7f34ac0098a0 tx=0x7f34ac009bb0 comp rx=0 tx=0).stop
2024-04-01T03:18:59.129 INFO:teuthology.orchestra.run.smithi090.stdout:/usr/bin/ceph: stderr
2024-04-01T03:18:58.345+0000 7f34b7ee3700 1 -- 172.21.15.90:0/1968866744 shutdown_connections
2024-04-01T03:18:59.129 INFO:teuthology.orchestra.run.smithi090.stdout:/usr/bin/ceph: stderr
2024-04-01T03:18:58.345+0000 7f34b7ee3700 1 --2- 172.21.15.90:0/1968866744 >> [v2:172.21.15.90:3300/0,v1:172.21.15.90:6789/0] conn(0x7f34b0107b60 0x7f34b0107f80 unknown :-1 s=CLOSED pgs=18 cs=0 l=1 rev1=1 crypto rx=0 tx=0 comp rx=0 tx=0).stop
2024-04-01T03:18:59.129 INFO:teuthology.orchestra.run.smithi090.stdout:/usr/bin/ceph: stderr
2024-04-01T03:18:58.345+0000 7f34b7ee3700 1 -- 172.21.15.90:0/1968866744 >> 172.21.15.90:0/1968866744 conn(0x7f34b0103100 msgr2=0x7f34b0105540 unknown :-1 s=STATE_NONE l=0).mark_down
2024-04-01T03:18:59.129 INFO:teuthology.orchestra.run.smithi090.stdout:/usr/bin/ceph: stderr
2024-04-01T03:18:58.345+0000 7f34b7ee3700 1 -- 172.21.15.90:0/1968866744 shutdown_connections
2024-04-01T03:18:59.129 INFO:teuthology.orchestra.run.smithi090.stdout:/usr/bin/ceph: stderr
2024-04-01T03:18:58.345+0000 7f34b7ee3700 1 -- 172.21.15.90:0/1968866744 wait complete.
2024-04-01T03:18:59.129 INFO:teuthology.orchestra.run.smithi090.stdout:/usr/bin/ceph: stderr
2024-04-01T03:18:58.345+0000 7f34b7ee3700 1 Processor -- start
2024-04-01T03:18:59.129 INFO:teuthology.orchestra.run.smithi090.stdout:/usr/bin/ceph: stderr
2024-04-01T03:18:58.345+0000 7f34b7ee3700 1 -- start start
2024-04-01T03:18:59.129 INFO:teuthology.orchestra.run.smithi090.stdout:/usr/bin/ceph: stderr
2024-04-01T03:18:58.345+0000 7f34b7ee3700 1 --2- >> [v2:172.21.15.90:3300/0,v1:172.21.15.90:6789/0] conn(0x7f34b0107b60 0x7f34b019ba90 unknown :-1 s=NONE pgs=0 cs=0 l=1 rev1=0 crypto rx=0 tx=0 comp rx=0 tx=0).connect
2024-04-01T03:18:59.130 INFO:teuthology.orchestra.run.smithi090.stdout:/usr/bin/ceph: stderr
2024-04-01T03:18:58.345+0000 7f34b7ee3700 1 -- --> [v2:172.21.15.90:3300/0,v1:172.21.15.90:6789/0] -- mon_getmap magic: 0 -- 0x7f34b010bf40 con 0x7f34b0107b60
2024-04-01T03:18:59.130 INFO:teuthology.orchestra.run.smithi090.stdout:/usr/bin/ceph: stderr
2024-04-01T03:18:58.346+0000 7f34b5c7f700 1 --2- >> [v2:172.21.15.90:3300/0,v1:172.21.15.90:6789/0] conn(0x7f34b0107b60 0x7f34b019ba90 unknown :-1 s=BANNER_CONNECTING pgs=0 cs=0 l=1 rev1=0 crypto rx=0 tx=0 comp rx=0 tx=0)._handle_peer_banner_payload supported=3 required=0
2024-04-01T03:18:59.130 INFO:teuthology.orchestra.run.smithi090.stdout:/usr/bin/ceph: stderr
2024-04-01T03:18:58.346+0000 7f34b5c7f700 1 --2- >> [v2:172.21.15.90:3300/0,v1:172.21.15.90:6789/0] conn(0x7f34b0107b60 0x7f34b019ba90 unknown :-1 s=HELLO_CONNECTING pgs=0 cs=0 l=1 rev1=1 crypto rx=0 tx=0 comp rx=0 tx=0).handle_hello peer v2:172.21.15.90:3300/0 says I am v2:172.21.15.90:52594/0 (socket says 172.21.15.90:52594)
2024-04-01T03:18:59.130 INFO:teuthology.orchestra.run.smithi090.stdout:/usr/bin/ceph: stderr
2024-04-01T03:18:58.346+0000 7f34b5c7f700 1 -- 172.21.15.90:0/2512488764 learned_addr learned my addr 172.21.15.90:0/2512488764 (peer_addr_for_me v2:172.21.15.90:0/0)
2024-04-01T03:18:59.130 INFO:teuthology.orchestra.run.smithi090.stdout:/usr/bin/ceph: stderr
2024-04-01T03:18:58.346+0000 7f34b5c7f700 1 -- 172.21.15.90:0/2512488764 --> [v2:172.21.15.90:3300/0,v1:172.21.15.90:6789/0] -- mon_subscribe({config=0+,monmap=0+}) -- 0x7f34b019bfd0 con 0x7f34b0107b60
2024-04-01T03:18:59.130 INFO:teuthology.orchestra.run.smithi090.stdout:/usr/bin/ceph: stderr
2024-04-01T03:18:58.346+0000 7f34b5c7f700 1 --2- 172.21.15.90:0/2512488764 >> [v2:172.21.15.90:3300/0,v1:172.21.15.90:6789/0] conn(0x7f34b0107b60 0x7f34b019ba90 secure :-1 s=READY pgs=19 cs=0 l=1 rev1=1 crypto rx=0x7f34ac000c00 tx=0x7f34ac004290 comp rx=0 tx=0).ready entity=mon.0 client_cookie=0 server_cookie=0 in_seq=0 out_seq=0
2024-04-01T03:18:59.130 INFO:teuthology.orchestra.run.smithi090.stdout:/usr/bin/ceph: stderr
2024-04-01T03:18:58.346+0000 7f34a6ffd700 1 -- 172.21.15.90:0/2512488764 <== mon.0 v2:172.21.15.90:3300/0 1 ==== mon_map magic: 0 ==== 205+0+0 (secure 0 0 0) 0x7f34ac0039c0 con 0x7f34b0107b60
2024-04-01T03:18:59.130 INFO:teuthology.orchestra.run.smithi090.stdout:/usr/bin/ceph: stderr
2024-04-01T03:18:58.346+0000 7f34a6ffd700 1 -- 172.21.15.90:0/2512488764 <== mon.0 v2:172.21.15.90:3300/0 2 ==== config(26 keys) ==== 1071+0+0 (secure 0 0 0) 0x7f34ac003b60 con 0x7f34b0107b60
2024-04-01T03:18:59.130 INFO:teuthology.orchestra.run.smithi090.stdout:/usr/bin/ceph: stderr
2024-04-01T03:18:58.346+0000 7f34b7ee3700 1 -- 172.21.15.90:0/2512488764 --> [v2:172.21.15.90:3300/0,v1:172.21.15.90:6789/0] -- mon_subscribe({mgrmap=0+}) -- 0x7f34b019c260 con 0x7f34b0107b60
2024-04-01T03:18:59.130 INFO:teuthology.orchestra.run.smithi090.stdout:/usr/bin/ceph: stderr
2024-04-01T03:18:58.346+0000 7f34a6ffd700 1 -- 172.21.15.90:0/2512488764 <== mon.0 v2:172.21.15.90:3300/0 3 ==== mon_map magic: 0 ==== 205+0+0 (secure 0 0 0) 0x7f34ac01a6f0 con 0x7f34b0107b60
2024-04-01T03:18:59.130 INFO:teuthology.orchestra.run.smithi090.stdout:/usr/bin/ceph: stderr
2024-04-01T03:18:58.346+0000 7f34b7ee3700 1 -- 172.21.15.90:0/2512488764 --> [v2:172.21.15.90:3300/0,v1:172.21.15.90:6789/0] -- mon_subscribe({osdmap=0}) -- 0x7f34b019ef50 con 0x7f34b0107b60
2024-04-01T03:18:59.130 INFO:teuthology.orchestra.run.smithi090.stdout:/usr/bin/ceph: stderr
2024-04-01T03:18:58.347+0000 7f34a6ffd700 1 -- 172.21.15.90:0/2512488764 <== mon.0 v2:172.21.15.90:3300/0 4 ==== mgrmap(e 4) ==== 46105+0+0 (secure 0 0 0) 0x7f34ac01a890 con 0x7f34b0107b60
2024-04-01T03:18:59.130 INFO:teuthology.orchestra.run.smithi090.stdout:/usr/bin/ceph: stderr
2024-04-01T03:18:58.347+0000 7f34b7ee3700 1 -- 172.21.15.90:0/2512488764 --> [v2:172.21.15.90:3300/0,v1:172.21.15.90:6789/0] -- mon_command({"prefix": "get_command_descriptions"} v 0) -- 0x7f34b010c0c0 con 0x7f34b0107b60
2024-04-01T03:18:59.131 INFO:teuthology.orchestra.run.smithi090.stdout:/usr/bin/ceph: stderr
2024-04-01T03:18:58.347+0000 7f34a6ffd700 1 --2- 172.21.15.90:0/2512488764 >> [v2:172.21.15.90:6800/2880531879,v1:172.21.15.90:6801/2880531879] conn(0x7f349c038e00 0x7f349c03b2c0 unknown :-1 s=NONE pgs=0 cs=0 l=1 rev1=0 crypto rx=0 tx=0 comp rx=0 tx=0).connect
2024-04-01T03:18:59.131 INFO:teuthology.orchestra.run.smithi090.stdout:/usr/bin/ceph: stderr
2024-04-01T03:18:58.347+0000 7f34a6ffd700 1 -- 172.21.15.90:0/2512488764 <== mon.0 v2:172.21.15.90:3300/0 5 ==== osd_map(1..1 src has 1..1) ==== 725+0+0 (secure 0 0 0) 0x7f34ac04d060 con 0x7f34b0107b60
2024-04-01T03:18:59.131 INFO:teuthology.orchestra.run.smithi090.stdout:/usr/bin/ceph: stderr
2024-04-01T03:18:58.347+0000 7f34b547e700 1 --2- 172.21.15.90:0/2512488764 >> [v2:172.21.15.90:6800/2880531879,v1:172.21.15.90:6801/2880531879] conn(0x7f349c038e00 0x7f349c03b2c0 unknown :-1 s=BANNER_CONNECTING pgs=0 cs=0 l=1 rev1=0 crypto rx=0 tx=0 comp rx=0 tx=0)._handle_peer_banner_payload supported=3 required=0
2024-04-01T03:18:59.131 INFO:teuthology.orchestra.run.smithi090.stdout:/usr/bin/ceph: stderr
2024-04-01T03:18:58.348+0000 7f34b547e700 1 --2- 172.21.15.90:0/2512488764 >> [v2:172.21.15.90:6800/2880531879,v1:172.21.15.90:6801/2880531879] conn(0x7f349c038e00 0x7f349c03b2c0 secure :-1 s=READY pgs=7 cs=0 l=1 rev1=1 crypto rx=0x7f34a0006fd0 tx=0x7f34a0006e40 comp rx=0 tx=0).ready entity=mgr.14100 client_cookie=0 server_cookie=0 in_seq=0 out_seq=0
2024-04-01T03:18:59.131 INFO:teuthology.orchestra.run.smithi090.stdout:/usr/bin/ceph: stderr
2024-04-01T03:18:58.352+0000 7f34a6ffd700 1 -- 172.21.15.90:0/2512488764 <== mon.0 v2:172.21.15.90:3300/0 6 ==== mon_command_ack([{"prefix": "get_command_descriptions"}]=0 v0) ==== 72+0+184932 (secure 0 0 0) 0x7f34ac00bc10 con 0x7f34b0107b60
2024-04-01T03:18:59.131 INFO:teuthology.orchestra.run.smithi090.stdout:/usr/bin/ceph: stderr
2024-04-01T03:18:58.542+0000 7f34b7ee3700 1 -- 172.21.15.90:0/2512488764 --> [v2:172.21.15.90:3300/0,v1:172.21.15.90:6789/0] -- mon_command({"prefix": "config assimilate-conf"} v 0) -- 0x7f34b019f120 con 0x7f34b0107b60
2024-04-01T03:18:59.131 INFO:teuthology.orchestra.run.smithi090.stdout:/usr/bin/ceph: stderr
2024-04-01T03:18:58.543+0000 7f34a6ffd700 1 -- 172.21.15.90:0/2512488764 <== mon.0 v2:172.21.15.90:3300/0 7 ==== mon_command_ack([{"prefix": "config assimilate-conf"}]=0 v3) ==== 70+0+373 (secure 0 0 0) 0x7f34ac02d910 con 0x7f34b0107b60
2024-04-01T03:18:59.131 INFO:teuthology.orchestra.run.smithi090.stdout:/usr/bin/ceph: stderr
2024-04-01T03:18:58.545+0000 7f34b7ee3700 1 -- 172.21.15.90:0/2512488764 >> [v2:172.21.15.90:6800/2880531879,v1:172.21.15.90:6801/2880531879] conn(0x7f349c038e00 msgr2=0x7f349c03b2c0 secure :-1 s=STATE_CONNECTION_ESTABLISHED l=1).mark_down
2024-04-01T03:18:59.131 INFO:teuthology.orchestra.run.smithi090.stdout:/usr/bin/ceph: stderr
2024-04-01T03:18:58.545+0000 7f34b7ee3700 1 --2- 172.21.15.90:0/2512488764 >> [v2:172.21.15.90:6800/2880531879,v1:172.21.15.90:6801/2880531879] conn(0x7f349c038e00 0x7f349c03b2c0 secure :-1 s=READY pgs=7 cs=0 l=1 rev1=1 crypto rx=0x7f34a0006fd0 tx=0x7f34a0006e40 comp rx=0 tx=0).stop
2024-04-01T03:18:59.131 INFO:teuthology.orchestra.run.smithi090.stdout:/usr/bin/ceph: stderr
2024-04-01T03:18:58.545+0000 7f34b7ee3700 1 -- 172.21.15.90:0/2512488764 >> [v2:172.21.15.90:3300/0,v1:172.21.15.90:6789/0] conn(0x7f34b0107b60 msgr2=0x7f34b019ba90 secure :-1 s=STATE_CONNECTION_ESTABLISHED l=1).mark_down
2024-04-01T03:18:59.131 INFO:teuthology.orchestra.run.smithi090.stdout:/usr/bin/ceph: stderr
2024-04-01T03:18:58.545+0000 7f34b7ee3700 1 --2- 172.21.15.90:0/2512488764 >> [v2:172.21.15.90:3300/0,v1:172.21.15.90:6789/0] conn(0x7f34b0107b60 0x7f34b019ba90 secure :-1 s=READY pgs=19 cs=0 l=1 rev1=1 crypto rx=0x7f34ac000c00 tx=0x7f34ac004290 comp rx=0 tx=0).stop
2024-04-01T03:18:59.131 INFO:teuthology.orchestra.run.smithi090.stdout:/usr/bin/ceph: stderr
2024-04-01T03:18:58.545+0000 7f34b7ee3700 1 -- 172.21.15.90:0/2512488764 shutdown_connections
2024-04-01T03:18:59.131 INFO:teuthology.orchestra.run.smithi090.stdout:/usr/bin/ceph: stderr
2024-04-01T03:18:58.545+0000 7f34b7ee3700 1 --2- 172.21.15.90:0/2512488764 >> [v2:172.21.15.90:6800/2880531879,v1:172.21.15.90:6801/2880531879] conn(0x7f349c038e00 0x7f349c03b2c0 unknown :-1 s=CLOSED pgs=7 cs=0 l=1 rev1=1 crypto rx=0 tx=0 comp rx=0 tx=0).stop
2024-04-01T03:18:59.131 INFO:teuthology.orchestra.run.smithi090.stdout:/usr/bin/ceph: stderr
2024-04-01T03:18:58.545+0000 7f34b7ee3700 1 --2- 172.21.15.90:0/2512488764 >> [v2:172.21.15.90:3300/0,v1:172.21.15.90:6789/0] conn(0x7f34b0107b60 0x7f34b019ba90 unknown :-1 s=CLOSED pgs=19 cs=0 l=1 rev1=1 crypto rx=0 tx=0 comp rx=0 tx=0).stop
2024-04-01T03:18:59.131 INFO:teuthology.orchestra.run.smithi090.stdout:/usr/bin/ceph: stderr
2024-04-01T03:18:58.545+0000 7f34b7ee3700 1 -- 172.21.15.90:0/2512488764 >> 172.21.15.90:0/2512488764 conn(0x7f34b0103100 msgr2=0x7f34b0103c20 unknown :-1 s=STATE_NONE l=0).mark_down
2024-04-01T03:18:59.132 INFO:teuthology.orchestra.run.smithi090.stdout:/usr/bin/ceph: stderr
2024-04-01T03:18:58.546+0000 7f34b7ee3700 1 -- 172.21.15.90:0/2512488764 shutdown_connections
2024-04-01T03:18:59.132 INFO:teuthology.orchestra.run.smithi090.stdout:/usr/bin/ceph: stderr
2024-04-01T03:18:58.546+0000 7f34b7ee3700 1 -- 172.21.15.90:0/2512488764 wait complete.
2024-04-01T03:18:59.132 INFO:teuthology.orchestra.run.smithi090.stdout:Enabling cephadm module...
2024-04-01T03:19:00.039 INFO:journalctl@ceph.mon.a.smithi090.stdout:Apr 01 03:18:59 smithi090 ceph-mon[32018]: from='client.? 172.21.15.90:0/1113912673' entity='client.admin' cmd=[{"prefix": "mgr module enable", "module": "cephadm"}]: dispatch
2024-04-01T03:19:00.040 INFO:journalctl@ceph.mgr.x.smithi090.stdout:Apr 01 03:18:59 smithi090 ceph-62f3abba-efd6-11ee-b647-cb9ed24678a4-mgr-x[32246]: ignoring --setuser ceph since I am not root
2024-04-01T03:19:00.040 INFO:journalctl@ceph.mgr.x.smithi090.stdout:Apr 01 03:18:59 smithi090 ceph-62f3abba-efd6-11ee-b647-cb9ed24678a4-mgr-x[32246]: ignoring --setgroup ceph since I am not root
2024-04-01T03:19:00.465 INFO:journalctl@ceph.mgr.x.smithi090.stdout:Apr 01 03:19:00 smithi090 ceph-62f3abba-efd6-11ee-b647-cb9ed24678a4-mgr-x[32246]:
2024-04-01T03:19:00.373+0000 7f5d38ab8200 -1 mgr[py] Module osd_perf_query has missing NOTIFY_TYPES member
2024-04-01T03:19:00.465 INFO:journalctl@ceph.mgr.x.smithi090.stdout:Apr 01 03:19:00 smithi090 ceph-62f3abba-efd6-11ee-b647-cb9ed24678a4-mgr-x[32246]:
2024-04-01T03:19:00.465+0000 7f5d38ab8200 -1 mgr[py] Module snap_schedule has missing NOTIFY_TYPES member
2024-04-01T03:19:01.102 INFO:journalctl@ceph.mon.a.smithi090.stdout:Apr 01 03:19:00 smithi090 ceph-mon[32018]: from='client.? 172.21.15.90:0/1113912673' entity='client.admin' cmd='[{"prefix": "mgr module enable", "module": "cephadm"}]': finished
2024-04-01T03:19:01.103 INFO:journalctl@ceph.mon.a.smithi090.stdout:Apr 01 03:19:00 smithi090 ceph-mon[32018]: mgrmap e5: x(active, since 14s)
2024-04-01T03:19:01.434 INFO:journalctl@ceph.mgr.x.smithi090.stdout:Apr 01 03:19:01 smithi090 ceph-62f3abba-efd6-11ee-b647-cb9ed24678a4-mgr-x[32246]:
2024-04-01T03:19:01.102+0000 7f5d38ab8200 -1 mgr[py] Module zabbix has missing NOTIFY_TYPES member
2024-04-01T03:19:01.434 INFO:journalctl@ceph.mgr.x.smithi090.stdout:Apr 01 03:19:01 smithi090 ceph-62f3abba-efd6-11ee-b647-cb9ed24678a4-mgr-x[32246]:
2024-04-01T03:19:01.195+0000 7f5d38ab8200 -1 mgr[py] Module balancer has missing NOTIFY_TYPES member
2024-04-01T03:19:01.434 INFO:journalctl@ceph.mgr.x.smithi090.stdout:Apr 01 03:19:01 smithi090 ceph-62f3abba-efd6-11ee-b647-cb9ed24678a4-mgr-x[32246]:
2024-04-01T03:19:01.336+0000 7f5d38ab8200 -1 mgr[py] Module influx has missing NOTIFY_TYPES member
2024-04-01T03:19:01.434 INFO:journalctl@ceph.mgr.x.smithi090.stdout:Apr 01 03:19:01 smithi090 ceph-62f3abba-efd6-11ee-b647-cb9ed24678a4-mgr-x[32246]:
2024-04-01T03:19:01.434+0000 7f5d38ab8200 -1 mgr[py] Module alerts has missing NOTIFY_TYPES member
2024-04-01T03:19:01.639 INFO:teuthology.orchestra.run.smithi090.stdout:/usr/bin/ceph: stderr
2024-04-01T03:18:59.505+0000 7fd7aca0a700 1 Processor -- start
2024-04-01T03:19:01.639 INFO:teuthology.orchestra.run.smithi090.stdout:/usr/bin/ceph: stderr
2024-04-01T03:18:59.505+0000 7fd7aca0a700 1 -- start start
2024-04-01T03:19:01.639 INFO:teuthology.orchestra.run.smithi090.stdout:/usr/bin/ceph: stderr
2024-04-01T03:18:59.506+0000 7fd7aca0a700 1 --2- >> [v2:172.21.15.90:3300/0,v1:172.21.15.90:6789/0] conn(0x7fd7a8106350 0x7fd7a8106770 unknown :-1 s=NONE pgs=0 cs=0 l=0 rev1=0 crypto rx=0 tx=0 comp rx=0 tx=0).connect
2024-04-01T03:19:01.639 INFO:teuthology.orchestra.run.smithi090.stdout:/usr/bin/ceph: stderr
2024-04-01T03:18:59.506+0000 7fd7aca0a700 1 -- --> [v2:172.21.15.90:3300/0,v1:172.21.15.90:6789/0] -- mon_getmap magic: 0 -- 0x7fd7a8075720 con 0x7fd7a8106350
2024-04-01T03:19:01.640 INFO:teuthology.orchestra.run.smithi090.stdout:/usr/bin/ceph: stderr
2024-04-01T03:18:59.506+0000 7fd7a659c700 1 --2- >> [v2:172.21.15.90:3300/0,v1:172.21.15.90:6789/0] conn(0x7fd7a8106350 0x7fd7a8106770 unknown :-1 s=BANNER_CONNECTING pgs=0 cs=0 l=0 rev1=0 crypto rx=0 tx=0 comp rx=0 tx=0)._handle_peer_banner_payload supported=3 required=0
2024-04-01T03:19:01.640 INFO:teuthology.orchestra.run.smithi090.stdout:/usr/bin/ceph: stderr
2024-04-01T03:18:59.506+0000 7fd7a659c700 1 --2- >> [v2:172.21.15.90:3300/0,v1:172.21.15.90:6789/0] conn(0x7fd7a8106350 0x7fd7a8106770 unknown :-1 s=HELLO_CONNECTING pgs=0 cs=0 l=0 rev1=1 crypto rx=0 tx=0 comp rx=0 tx=0).handle_hello peer v2:172.21.15.90:3300/0 says I am v2:172.21.15.90:52596/0 (socket says 172.21.15.90:52596)
2024-04-01T03:19:01.640 INFO:teuthology.orchestra.run.smithi090.stdout:/usr/bin/ceph: stderr
2024-04-01T03:18:59.506+0000 7fd7a659c700 1 -- 172.21.15.90:0/3349401416 learned_addr learned my addr 172.21.15.90:0/3349401416 (peer_addr_for_me v2:172.21.15.90:0/0)
2024-04-01T03:19:01.640 INFO:teuthology.orchestra.run.smithi090.stdout:/usr/bin/ceph: stderr
2024-04-01T03:18:59.506+0000 7fd7a659c700 1 -- 172.21.15.90:0/3349401416 --> [v2:172.21.15.90:3300/0,v1:172.21.15.90:6789/0] -- mon_subscribe({config=0+,monmap=0+}) -- 0x7fd7a8106cb0 con 0x7fd7a8106350
2024-04-01T03:19:01.640 INFO:teuthology.orchestra.run.smithi090.stdout:/usr/bin/ceph: stderr
2024-04-01T03:18:59.506+0000 7fd7a659c700 1 --2- 172.21.15.90:0/3349401416 >> [v2:172.21.15.90:3300/0,v1:172.21.15.90:6789/0] conn(0x7fd7a8106350 0x7fd7a8106770 secure :-1 s=READY pgs=20 cs=0 l=1 rev1=1 crypto rx=0x7fd7900098a0 tx=0x7fd790009bb0 comp rx=0 tx=0).ready entity=mon.0 client_cookie=fe2522157730b18a server_cookie=0 in_seq=0 out_seq=0
2024-04-01T03:19:01.640 INFO:teuthology.orchestra.run.smithi090.stdout:/usr/bin/ceph: stderr
2024-04-01T03:18:59.506+0000 7fd7a559a700 1 -- 172.21.15.90:0/3349401416 <== mon.0 v2:172.21.15.90:3300/0 1 ==== mon_map magic: 0 ==== 205+0+0 (secure 0 0 0) 0x7fd790004160 con 0x7fd7a8106350
2024-04-01T03:19:01.640 INFO:teuthology.orchestra.run.smithi090.stdout:/usr/bin/ceph: stderr
2024-04-01T03:18:59.506+0000 7fd7a559a700 1 -- 172.21.15.90:0/3349401416 <== mon.0 v2:172.21.15.90:3300/0 2 ==== config(26 keys) ==== 1071+0+0 (secure 0 0 0) 0x7fd790004300 con 0x7fd7a8106350
2024-04-01T03:19:01.640 INFO:teuthology.orchestra.run.smithi090.stdout:/usr/bin/ceph: stderr
2024-04-01T03:18:59.506+0000 7fd7a559a700 1 -- 172.21.15.90:0/3349401416 <== mon.0 v2:172.21.15.90:3300/0 3 ==== mon_map magic: 0 ==== 205+0+0 (secure 0 0 0) 0x7fd790011a80 con 0x7fd7a8106350
2024-04-01T03:19:01.640 INFO:teuthology.orchestra.run.smithi090.stdout:/usr/bin/ceph: stderr
2024-04-01T03:18:59.507+0000 7fd7aca0a700 1 -- 172.21.15.90:0/3349401416 >> [v2:172.21.15.90:3300/0,v1:172.21.15.90:6789/0] conn(0x7fd7a8106350 msgr2=0x7fd7a8106770 secure :-1 s=STATE_CONNECTION_ESTABLISHED l=1).mark_down
2024-04-01T03:19:01.640 INFO:teuthology.orchestra.run.smithi090.stdout:/usr/bin/ceph: stderr
2024-04-01T03:18:59.507+0000 7fd7aca0a700 1 --2- 172.21.15.90:0/3349401416 >> [v2:172.21.15.90:3300/0,v1:172.21.15.90:6789/0] conn(0x7fd7a8106350 0x7fd7a8106770 secure :-1 s=READY pgs=20 cs=0 l=1 rev1=1 crypto rx=0x7fd7900098a0 tx=0x7fd790009bb0 comp rx=0 tx=0).stop
2024-04-01T03:19:01.640 INFO:teuthology.orchestra.run.smithi090.stdout:/usr/bin/ceph: stderr
2024-04-01T03:18:59.507+0000 7fd7aca0a700 1 -- 172.21.15.90:0/3349401416 shutdown_connections
2024-04-01T03:19:01.640 INFO:teuthology.orchestra.run.smithi090.stdout:/usr/bin/ceph: stderr
2024-04-01T03:18:59.507+0000 7fd7aca0a700 1 --2- 172.21.15.90:0/3349401416 >> [v2:172.21.15.90:3300/0,v1:172.21.15.90:6789/0] conn(0x7fd7a8106350 0x7fd7a8106770 unknown :-1 s=CLOSED pgs=20 cs=0 l=1 rev1=1 crypto rx=0 tx=0 comp rx=0 tx=0).stop
2024-04-01T03:19:01.640 INFO:teuthology.orchestra.run.smithi090.stdout:/usr/bin/ceph: stderr
2024-04-01T03:18:59.507+0000 7fd7aca0a700 1 -- 172.21.15.90:0/3349401416 >> 172.21.15.90:0/3349401416 conn(0x7fd7a8101f50 msgr2=0x7fd7a8104370 unknown :-1 s=STATE_NONE l=0).mark_down
2024-04-01T03:19:01.640 INFO:teuthology.orchestra.run.smithi090.stdout:/usr/bin/ceph: stderr
2024-04-01T03:18:59.507+0000 7fd7aca0a700 1 -- 172.21.15.90:0/3349401416 shutdown_connections
2024-04-01T03:19:01.641 INFO:teuthology.orchestra.run.smithi090.stdout:/usr/bin/ceph: stderr
2024-04-01T03:18:59.507+0000 7fd7aca0a700 1 -- 172.21.15.90:0/3349401416 wait complete.
2024-04-01T03:19:01.641 INFO:teuthology.orchestra.run.smithi090.stdout:/usr/bin/ceph: stderr
2024-04-01T03:18:59.508+0000 7fd7aca0a700 1 Processor -- start
2024-04-01T03:19:01.641 INFO:teuthology.orchestra.run.smithi090.stdout:/usr/bin/ceph: stderr
2024-04-01T03:18:59.508+0000 7fd7aca0a700 1 -- start start
2024-04-01T03:19:01.641 INFO:teuthology.orchestra.run.smithi090.stdout:/usr/bin/ceph: stderr
2024-04-01T03:18:59.508+0000 7fd7aca0a700 1 --2- >> [v2:172.21.15.90:3300/0,v1:172.21.15.90:6789/0] conn(0x7fd7a8106350 0x7fd7a819dc30 unknown :-1 s=NONE pgs=0 cs=0 l=1 rev1=0 crypto rx=0 tx=0 comp rx=0 tx=0).connect
2024-04-01T03:19:01.641 INFO:teuthology.orchestra.run.smithi090.stdout:/usr/bin/ceph: stderr
2024-04-01T03:18:59.508+0000 7fd7aca0a700 1 -- --> [v2:172.21.15.90:3300/0,v1:172.21.15.90:6789/0] -- mon_getmap magic: 0 -- 0x7fd7a8107ce0 con 0x7fd7a8106350
2024-04-01T03:19:01.641 INFO:teuthology.orchestra.run.smithi090.stdout:/usr/bin/ceph: stderr
2024-04-01T03:18:59.508+0000 7fd7a659c700 1 --2- >> [v2:172.21.15.90:3300/0,v1:172.21.15.90:6789/0] conn(0x7fd7a8106350 0x7fd7a819dc30 unknown :-1 s=BANNER_CONNECTING pgs=0 cs=0 l=1 rev1=0 crypto rx=0 tx=0 comp rx=0 tx=0)._handle_peer_banner_payload supported=3 required=0
2024-04-01T03:19:01.641 INFO:teuthology.orchestra.run.smithi090.stdout:/usr/bin/ceph: stderr
2024-04-01T03:18:59.508+0000 7fd7a659c700 1 --2- >> [v2:172.21.15.90:3300/0,v1:172.21.15.90:6789/0] conn(0x7fd7a8106350 0x7fd7a819dc30 unknown :-1 s=HELLO_CONNECTING pgs=0 cs=0 l=1 rev1=1 crypto rx=0 tx=0 comp rx=0 tx=0).handle_hello peer v2:172.21.15.90:3300/0 says I am v2:172.21.15.90:52606/0 (socket says 172.21.15.90:52606)
2024-04-01T03:19:01.641 INFO:teuthology.orchestra.run.smithi090.stdout:/usr/bin/ceph: stderr
2024-04-01T03:18:59.508+0000 7fd7a659c700 1 -- 172.21.15.90:0/1113912673 learned_addr learned my addr 172.21.15.90:0/1113912673 (peer_addr_for_me v2:172.21.15.90:0/0)
2024-04-01T03:19:01.641 INFO:teuthology.orchestra.run.smithi090.stdout:/usr/bin/ceph: stderr
2024-04-01T03:18:59.508+0000 7fd7a659c700 1 -- 172.21.15.90:0/1113912673 --> [v2:172.21.15.90:3300/0,v1:172.21.15.90:6789/0] -- mon_subscribe({config=0+,monmap=0+}) -- 0x7fd7a819e170 con 0x7fd7a8106350
2024-04-01T03:19:01.641 INFO:teuthology.orchestra.run.smithi090.stdout:/usr/bin/ceph: stderr
2024-04-01T03:18:59.509+0000 7fd7a659c700 1 --2- 172.21.15.90:0/1113912673 >> [v2:172.21.15.90:3300/0,v1:172.21.15.90:6789/0] conn(0x7fd7a8106350 0x7fd7a819dc30 secure :-1 s=READY pgs=21 cs=0 l=1 rev1=1 crypto rx=0x7fd790006af0 tx=0x7fd790011b70 comp rx=0 tx=0).ready entity=mon.0 client_cookie=0 server_cookie=0 in_seq=0 out_seq=0
2024-04-01T03:19:01.641 INFO:teuthology.orchestra.run.smithi090.stdout:/usr/bin/ceph: stderr
2024-04-01T03:18:59.509+0000 7fd79f7fe700 1 -- 172.21.15.90:0/1113912673 <== mon.0 v2:172.21.15.90:3300/0 1 ==== mon_map magic: 0 ==== 205+0+0 (secure 0 0 0) 0x7fd790003930 con 0x7fd7a8106350
2024-04-01T03:19:01.641 INFO:teuthology.orchestra.run.smithi090.stdout:/usr/bin/ceph: stderr
2024-04-01T03:18:59.509+0000 7fd79f7fe700 1 -- 172.21.15.90:0/1113912673 <== mon.0 v2:172.21.15.90:3300/0 2 ==== config(26 keys) ==== 1071+0+0 (secure 0 0 0) 0x7fd790003ad0 con 0x7fd7a8106350
2024-04-01T03:19:01.641 INFO:teuthology.orchestra.run.smithi090.stdout:/usr/bin/ceph: stderr
2024-04-01T03:18:59.509+0000 7fd7aca0a700 1 -- 172.21.15.90:0/1113912673 --> [v2:172.21.15.90:3300/0,v1:172.21.15.90:6789/0] -- mon_subscribe({mgrmap=0+}) -- 0x7fd7a819e400 con 0x7fd7a8106350
2024-04-01T03:19:01.641 INFO:teuthology.orchestra.run.smithi090.stdout:/usr/bin/ceph: stderr
2024-04-01T03:18:59.509+0000 7fd79f7fe700 1 -- 172.21.15.90:0/1113912673 <== mon.0 v2:172.21.15.90:3300/0 3 ==== mon_map magic: 0 ==== 205+0+0 (secure 0 0 0) 0x7fd7900195e0 con 0x7fd7a8106350
2024-04-01T03:19:01.641 INFO:teuthology.orchestra.run.smithi090.stdout:/usr/bin/ceph: stderr
2024-04-01T03:18:59.509+0000 7fd7aca0a700 1 -- 172.21.15.90:0/1113912673 --> [v2:172.21.15.90:3300/0,v1:172.21.15.90:6789/0] -- mon_subscribe({osdmap=0}) -- 0x7fd7a81a10f0 con 0x7fd7a8106350
2024-04-01T03:19:01.642 INFO:teuthology.orchestra.run.smithi090.stdout:/usr/bin/ceph: stderr
2024-04-01T03:18:59.510+0000 7fd79f7fe700 1 -- 172.21.15.90:0/1113912673 <== mon.0 v2:172.21.15.90:3300/0 4 ==== mgrmap(e 4) ==== 46105+0+0 (secure 0 0 0) 0x7fd7900198b0 con 0x7fd7a8106350
2024-04-01T03:19:01.642 INFO:teuthology.orchestra.run.smithi090.stdout:/usr/bin/ceph: stderr
2024-04-01T03:18:59.510+0000 7fd7aca0a700 1 -- 172.21.15.90:0/1113912673 --> [v2:172.21.15.90:3300/0,v1:172.21.15.90:6789/0] -- mon_command({"prefix": "get_command_descriptions"} v 0) -- 0x7fd7a8063870 con 0x7fd7a8106350
2024-04-01T03:19:01.642 INFO:teuthology.orchestra.run.smithi090.stdout:/usr/bin/ceph: stderr
2024-04-01T03:18:59.510+0000 7fd79f7fe700 1 --2- 172.21.15.90:0/1113912673 >> [v2:172.21.15.90:6800/2880531879,v1:172.21.15.90:6801/2880531879] conn(0x7fd794038db0 0x7fd79403b270 unknown :-1 s=NONE pgs=0 cs=0 l=1 rev1=0 crypto rx=0 tx=0 comp rx=0 tx=0).connect
2024-04-01T03:19:01.642 INFO:teuthology.orchestra.run.smithi090.stdout:/usr/bin/ceph: stderr
2024-04-01T03:18:59.510+0000 7fd79f7fe700 1 -- 172.21.15.90:0/1113912673 <== mon.0 v2:172.21.15.90:3300/0 5 ==== osd_map(1..1 src has 1..1) ==== 725+0+0 (secure 0 0 0) 0x7fd79004d250 con 0x7fd7a8106350
2024-04-01T03:19:01.642 INFO:teuthology.orchestra.run.smithi090.stdout:/usr/bin/ceph: stderr
2024-04-01T03:18:59.510+0000 7fd7a5d9b700 1 --2- 172.21.15.90:0/1113912673 >> [v2:172.21.15.90:6800/2880531879,v1:172.21.15.90:6801/2880531879] conn(0x7fd794038db0 0x7fd79403b270 unknown :-1 s=BANNER_CONNECTING pgs=0 cs=0 l=1 rev1=0 crypto rx=0 tx=0 comp rx=0 tx=0)._handle_peer_banner_payload supported=3 required=0
2024-04-01T03:19:01.642 INFO:teuthology.orchestra.run.smithi090.stdout:/usr/bin/ceph: stderr
2024-04-01T03:18:59.510+0000 7fd7a5d9b700 1 --2- 172.21.15.90:0/1113912673 >> [v2:172.21.15.90:6800/2880531879,v1:172.21.15.90:6801/2880531879] conn(0x7fd794038db0 0x7fd79403b270 secure :-1 s=READY pgs=8 cs=0 l=1 rev1=1 crypto rx=0x7fd798006fd0 tx=0x7fd798006e40 comp rx=0 tx=0).ready entity=mgr.14100 client_cookie=0 server_cookie=0 in_seq=0 out_seq=0
2024-04-01T03:19:01.642 INFO:teuthology.orchestra.run.smithi090.stdout:/usr/bin/ceph: stderr
2024-04-01T03:18:59.515+0000 7fd79f7fe700 1 -- 172.21.15.90:0/1113912673 <== mon.0 v2:172.21.15.90:3300/0 6 ==== mon_command_ack([{"prefix": "get_command_descriptions"}]=0 v0) ==== 72+0+184932 (secure 0 0 0) 0x7fd79002d960 con 0x7fd7a8106350
2024-04-01T03:19:01.642 INFO:teuthology.orchestra.run.smithi090.stdout:/usr/bin/ceph: stderr
2024-04-01T03:18:59.765+0000 7fd7aca0a700 1 -- 172.21.15.90:0/1113912673 --> [v2:172.21.15.90:3300/0,v1:172.21.15.90:6789/0] -- mon_command({"prefix": "mgr module enable", "module": "cephadm"} v 0) -- 0x7fd7a80008d0 con 0x7fd7a8106350
2024-04-01T03:19:01.642 INFO:teuthology.orchestra.run.smithi090.stdout:/usr/bin/ceph: stderr
2024-04-01T03:18:59.817+0000 7fd79f7fe700 1 -- 172.21.15.90:0/1113912673 <== mon.0 v2:172.21.15.90:3300/0 7 ==== mon_command_ack([{"prefix": "mgr module enable", "module": "cephadm"}]=0 v5) ==== 86+0+0 (secure 0 0 0) 0x7fd79002d440 con 0x7fd7a8106350
2024-04-01T03:19:01.642 INFO:teuthology.orchestra.run.smithi090.stdout:/usr/bin/ceph: stderr
2024-04-01T03:18:59.818+0000 7fd79f7fe700 1 -- 172.21.15.90:0/1113912673 <== mon.0 v2:172.21.15.90:3300/0 8 ==== mgrmap(e 5) ==== 46116+0+0 (secure 0 0 0) 0x7fd790018350 con 0x7fd7a8106350
2024-04-01T03:19:01.642 INFO:teuthology.orchestra.run.smithi090.stdout:/usr/bin/ceph: stderr
2024-04-01T03:18:59.820+0000 7fd7aca0a700 1 -- 172.21.15.90:0/1113912673 >> [v2:172.21.15.90:6800/2880531879,v1:172.21.15.90:6801/2880531879] conn(0x7fd794038db0 msgr2=0x7fd79403b270 secure :-1 s=STATE_CONNECTION_ESTABLISHED l=1).mark_down
2024-04-01T03:19:01.642 INFO:teuthology.orchestra.run.smithi090.stdout:/usr/bin/ceph: stderr
2024-04-01T03:18:59.820+0000 7fd7aca0a700 1 --2- 172.21.15.90:0/1113912673 >> [v2:172.21.15.90:6800/2880531879,v1:172.21.15.90:6801/2880531879] conn(0x7fd794038db0 0x7fd79403b270 secure :-1 s=READY pgs=8 cs=0 l=1 rev1=1 crypto rx=0x7fd798006fd0 tx=0x7fd798006e40 comp rx=0 tx=0).stop
2024-04-01T03:19:01.642 INFO:teuthology.orchestra.run.smithi090.stdout:/usr/bin/ceph: stderr
2024-04-01T03:18:59.820+0000 7fd7aca0a700 1 -- 172.21.15.90:0/1113912673 >> [v2:172.21.15.90:3300/0,v1:172.21.15.90:6789/0] conn(0x7fd7a8106350 msgr2=0x7fd7a819dc30 secure :-1 s=STATE_CONNECTION_ESTABLISHED l=1).mark_down
2024-04-01T03:19:01.642 INFO:teuthology.orchestra.run.smithi090.stdout:/usr/bin/ceph: stderr
2024-04-01T03:18:59.820+0000 7fd7aca0a700 1 --2- 172.21.15.90:0/1113912673 >> [v2:172.21.15.90:3300/0,v1:172.21.15.90:6789/0] conn(0x7fd7a8106350 0x7fd7a819dc30 secure :-1 s=READY pgs=21 cs=0 l=1 rev1=1 crypto rx=0x7fd790006af0 tx=0x7fd790011b70 comp rx=0 tx=0).stop
2024-04-01T03:19:01.643 INFO:teuthology.orchestra.run.smithi090.stdout:/usr/bin/ceph: stderr
2024-04-01T03:18:59.820+0000 7fd7aca0a700 1 -- 172.21.15.90:0/1113912673 shutdown_connections
2024-04-01T03:19:01.643 INFO:teuthology.orchestra.run.smithi090.stdout:/usr/bin/ceph: stderr
2024-04-01T03:18:59.820+0000 7fd7aca0a700 1 --2- 172.21.15.90:0/1113912673 >> [v2:172.21.15.90:6800/2880531879,v1:172.21.15.90:6801/2880531879] conn(0x7fd794038db0 0x7fd79403b270 unknown :-1 s=CLOSED pgs=8 cs=0 l=1 rev1=1 crypto rx=0 tx=0 comp rx=0 tx=0).stop
2024-04-01T03:19:01.643 INFO:teuthology.orchestra.run.smithi090.stdout:/usr/bin/ceph: stderr
2024-04-01T03:18:59.820+0000 7fd7aca0a700 1 --2- 172.21.15.90:0/1113912673 >> [v2:172.21.15.90:3300/0,v1:172.21.15.90:6789/0] conn(0x7fd7a8106350 0x7fd7a819dc30 unknown :-1 s=CLOSED pgs=21 cs=0 l=1 rev1=1 crypto rx=0 tx=0 comp rx=0 tx=0).stop
2024-04-01T03:19:01.643 INFO:teuthology.orchestra.run.smithi090.stdout:/usr/bin/ceph: stderr
2024-04-01T03:18:59.820+0000 7fd7aca0a700 1 -- 172.21.15.90:0/1113912673 >> 172.21.15.90:0/1113912673 conn(0x7fd7a8101f50 msgr2=0x7fd7a81948a0 unknown :-1 s=STATE_NONE l=0).mark_down
2024-04-01T03:19:01.643 INFO:teuthology.orchestra.run.smithi090.stdout:/usr/bin/ceph: stderr
2024-04-01T03:18:59.820+0000 7fd7aca0a700 1 -- 172.21.15.90:0/1113912673 shutdown_connections
2024-04-01T03:19:01.643 INFO:teuthology.orchestra.run.smithi090.stdout:/usr/bin/ceph: stderr
2024-04-01T03:18:59.820+0000 7fd7aca0a700 1 -- 172.21.15.90:0/1113912673 wait complete.
2024-04-01T03:19:01.759 INFO:journalctl@ceph.mgr.x.smithi090.stdout:Apr 01 03:19:01 smithi090 ceph-62f3abba-efd6-11ee-b647-cb9ed24678a4-mgr-x[32246]:
2024-04-01T03:19:01.516+0000 7f5d38ab8200 -1 mgr[py] Module iostat has missing NOTIFY_TYPES member
2024-04-01T03:19:02.039 INFO:journalctl@ceph.mgr.x.smithi090.stdout:Apr 01 03:19:01 smithi090 ceph-62f3abba-efd6-11ee-b647-cb9ed24678a4-mgr-x[32246]:
2024-04-01T03:19:01.794+0000 7f5d38ab8200 -1 mgr[py] Module rgw has missing NOTIFY_TYPES member
2024-04-01T03:19:02.039 INFO:journalctl@ceph.mgr.x.smithi090.stdout:Apr 01 03:19:01 smithi090 ceph-62f3abba-efd6-11ee-b647-cb9ed24678a4-mgr-x[32246]:
2024-04-01T03:19:01.906+0000 7f5d38ab8200 -1 mgr[py] Module rbd_support has missing NOTIFY_TYPES member
2024-04-01T03:19:02.040 INFO:journalctl@ceph.mgr.x.smithi090.stdout:Apr 01 03:19:01 smithi090 ceph-62f3abba-efd6-11ee-b647-cb9ed24678a4-mgr-x[32246]:
2024-04-01T03:19:01.992+0000 7f5d38ab8200 -1 mgr[py] Module progress has missing NOTIFY_TYPES member
2024-04-01T03:19:02.352 INFO:journalctl@ceph.mgr.x.smithi090.stdout:Apr 01 03:19:02 smithi090 ceph-62f3abba-efd6-11ee-b647-cb9ed24678a4-mgr-x[32246]:
2024-04-01T03:19:02.090+0000 7f5d38ab8200 -1 mgr[py] Module pg_autoscaler has missing NOTIFY_TYPES member
2024-04-01T03:19:02.352 INFO:journalctl@ceph.mgr.x.smithi090.stdout:Apr 01 03:19:02 smithi090 ceph-62f3abba-efd6-11ee-b647-cb9ed24678a4-mgr-x[32246]:
2024-04-01T03:19:02.269+0000 7f5d38ab8200 -1 mgr[py] Module devicehealth has missing NOTIFY_TYPES member
2024-04-01T03:19:02.778 INFO:journalctl@ceph.mon.a.smithi090.stdout:Apr 01 03:19:02 smithi090 ceph-mon[32018]: from='client.? 172.21.15.90:0/831319370' entity='client.admin' cmd=[{"prefix": "mgr stat"}]: dispatch
2024-04-01T03:19:02.926 INFO:teuthology.orchestra.run.smithi090.stdout:/usr/bin/ceph: stdout {
2024-04-01T03:19:02.926 INFO:teuthology.orchestra.run.smithi090.stdout:/usr/bin/ceph: stdout "epoch": 5,
2024-04-01T03:19:02.926 INFO:teuthology.orchestra.run.smithi090.stdout:/usr/bin/ceph: stdout "available": true,
2024-04-01T03:19:02.926 INFO:teuthology.orchestra.run.smithi090.stdout:/usr/bin/ceph: stdout "active_name": "x",
2024-04-01T03:19:02.926 INFO:teuthology.orchestra.run.smithi090.stdout:/usr/bin/ceph: stdout "num_standby": 0
2024-04-01T03:19:02.927 INFO:teuthology.orchestra.run.smithi090.stdout:/usr/bin/ceph: stdout }
2024-04-01T03:19:02.927 INFO:teuthology.orchestra.run.smithi090.stdout:/usr/bin/ceph: stderr
2024-04-01T03:19:02.084+0000 7f7cde552700 1 Processor -- start
2024-04-01T03:19:02.927 INFO:teuthology.orchestra.run.smithi090.stdout:/usr/bin/ceph: stderr
2024-04-01T03:19:02.084+0000 7f7cde552700 1 -- start start
2024-04-01T03:19:02.927 INFO:teuthology.orchestra.run.smithi090.stdout:/usr/bin/ceph: stderr
2024-04-01T03:19:02.084+0000 7f7cde552700 1 --2- >> [v2:172.21.15.90:3300/0,v1:172.21.15.90:6789/0] conn(0x7f7cd8107aa0 0x7f7cd8107ec0 unknown :-1 s=NONE pgs=0 cs=0 l=0 rev1=0 crypto rx=0 tx=0 comp rx=0 tx=0).connect
2024-04-01T03:19:02.927 INFO:teuthology.orchestra.run.smithi090.stdout:/usr/bin/ceph: stderr
2024-04-01T03:19:02.084+0000 7f7cde552700 1 -- --> [v2:172.21.15.90:3300/0,v1:172.21.15.90:6789/0] -- mon_getmap magic: 0 -- 0x7f7cd8108490 con 0x7f7cd8107aa0
2024-04-01T03:19:02.927 INFO:teuthology.orchestra.run.smithi090.stdout:/usr/bin/ceph: stderr
2024-04-01T03:19:02.084+0000 7f7cd7fff700 1 --2- >> [v2:172.21.15.90:3300/0,v1:172.21.15.90:6789/0] conn(0x7f7cd8107aa0 0x7f7cd8107ec0 unknown :-1 s=BANNER_CONNECTING pgs=0 cs=0 l=0 rev1=0 crypto rx=0 tx=0 comp rx=0 tx=0)._handle_peer_banner_payload supported=3 required=0
2024-04-01T03:19:02.927 INFO:teuthology.orchestra.run.smithi090.stdout:/usr/bin/ceph: stderr
2024-04-01T03:19:02.084+0000 7f7cd7fff700 1 --2- >> [v2:172.21.15.90:3300/0,v1:172.21.15.90:6789/0] conn(0x7f7cd8107aa0 0x7f7cd8107ec0 unknown :-1 s=HELLO_CONNECTING pgs=0 cs=0 l=0 rev1=1 crypto rx=0 tx=0 comp rx=0 tx=0).handle_hello peer v2:172.21.15.90:3300/0 says I am v2:172.21.15.90:34820/0 (socket says 172.21.15.90:34820)
2024-04-01T03:19:02.927 INFO:teuthology.orchestra.run.smithi090.stdout:/usr/bin/ceph: stderr
2024-04-01T03:19:02.084+0000 7f7cd7fff700 1 -- 172.21.15.90:0/3540941175 learned_addr learned my addr 172.21.15.90:0/3540941175 (peer_addr_for_me v2:172.21.15.90:0/0)
2024-04-01T03:19:02.927 INFO:teuthology.orchestra.run.smithi090.stdout:/usr/bin/ceph: stderr
2024-04-01T03:19:02.085+0000 7f7cd7fff700 1 -- 172.21.15.90:0/3540941175 --> [v2:172.21.15.90:3300/0,v1:172.21.15.90:6789/0] -- mon_subscribe({config=0+,monmap=0+}) -- 0x7f7cd8108ca0 con 0x7f7cd8107aa0
2024-04-01T03:19:02.927 INFO:teuthology.orchestra.run.smithi090.stdout:/usr/bin/ceph: stderr
2024-04-01T03:19:02.085+0000 7f7cd7fff700 1 --2- 172.21.15.90:0/3540941175 >> [v2:172.21.15.90:3300/0,v1:172.21.15.90:6789/0] conn(0x7f7cd8107aa0 0x7f7cd8107ec0 secure :-1 s=READY pgs=24 cs=0 l=1 rev1=1 crypto rx=0x7f7ccc0098a0 tx=0x7f7ccc009bb0 comp rx=0 tx=0).ready entity=mon.0 client_cookie=f387227a8bb872d8 server_cookie=0 in_seq=0 out_seq=0
2024-04-01T03:19:02.927 INFO:teuthology.orchestra.run.smithi090.stdout:/usr/bin/ceph: stderr
2024-04-01T03:19:02.085+0000 7f7cd6ffd700 1 -- 172.21.15.90:0/3540941175 <== mon.0 v2:172.21.15.90:3300/0 1 ==== mon_map magic: 0 ==== 205+0+0 (secure 0 0 0) 0x7f7ccc004160 con 0x7f7cd8107aa0
2024-04-01T03:19:02.927 INFO:teuthology.orchestra.run.smithi090.stdout:/usr/bin/ceph: stderr
2024-04-01T03:19:02.085+0000 7f7cd6ffd700 1 -- 172.21.15.90:0/3540941175 <== mon.0 v2:172.21.15.90:3300/0 2 ==== config(26 keys) ==== 1071+0+0 (secure 0 0 0) 0x7f7ccc004300 con 0x7f7cd8107aa0
2024-04-01T03:19:02.928 INFO:teuthology.orchestra.run.smithi090.stdout:/usr/bin/ceph: stderr
2024-04-01T03:19:02.085+0000 7f7cd6ffd700 1 -- 172.21.15.90:0/3540941175 <== mon.0 v2:172.21.15.90:3300/0 3 ==== mon_map magic: 0 ==== 205+0+0 (secure 0 0 0) 0x7f7ccc011a80 con 0x7f7cd8107aa0
2024-04-01T03:19:02.928 INFO:teuthology.orchestra.run.smithi090.stdout:/usr/bin/ceph: stderr
2024-04-01T03:19:02.086+0000 7f7cde552700 1 -- 172.21.15.90:0/3540941175 >> [v2:172.21.15.90:3300/0,v1:172.21.15.90:6789/0] conn(0x7f7cd8107aa0 msgr2=0x7f7cd8107ec0 secure :-1 s=STATE_CONNECTION_ESTABLISHED l=1).mark_down
2024-04-01T03:19:02.928 INFO:teuthology.orchestra.run.smithi090.stdout:/usr/bin/ceph: stderr
2024-04-01T03:19:02.086+0000 7f7cde552700 1 --2- 172.21.15.90:0/3540941175 >> [v2:172.21.15.90:3300/0,v1:172.21.15.90:6789/0] conn(0x7f7cd8107aa0 0x7f7cd8107ec0 secure :-1 s=READY pgs=24 cs=0 l=1 rev1=1 crypto rx=0x7f7ccc0098a0 tx=0x7f7ccc009bb0 comp rx=0 tx=0).stop
2024-04-01T03:19:02.928 INFO:teuthology.orchestra.run.smithi090.stdout:/usr/bin/ceph: stderr
2024-04-01T03:19:02.086+0000 7f7cde552700 1 -- 172.21.15.90:0/3540941175 shutdown_connections
2024-04-01T03:19:02.928 INFO:teuthology.orchestra.run.smithi090.stdout:/usr/bin/ceph: stderr
2024-04-01T03:19:02.086+0000 7f7cde552700 1 --2- 172.21.15.90:0/3540941175 >> [v2:172.21.15.90:3300/0,v1:172.21.15.90:6789/0] conn(0x7f7cd8107aa0 0x7f7cd8107ec0 unknown :-1 s=CLOSED pgs=24 cs=0 l=1 rev1=1 crypto rx=0 tx=0 comp rx=0 tx=0).stop
2024-04-01T03:19:02.928 INFO:teuthology.orchestra.run.smithi090.stdout:/usr/bin/ceph: stderr
2024-04-01T03:19:02.086+0000 7f7cde552700 1 -- 172.21.15.90:0/3540941175 >> 172.21.15.90:0/3540941175 conn(0x7f7cd8103000 msgr2=0x7f7cd8105480 unknown :-1 s=STATE_NONE l=0).mark_down
2024-04-01T03:19:02.928 INFO:teuthology.orchestra.run.smithi090.stdout:/usr/bin/ceph: stderr
2024-04-01T03:19:02.086+0000 7f7cde552700 1 -- 172.21.15.90:0/3540941175 shutdown_connections
2024-04-01T03:19:02.928 INFO:teuthology.orchestra.run.smithi090.stdout:/usr/bin/ceph: stderr
2024-04-01T03:19:02.086+0000 7f7cde552700 1 -- 172.21.15.90:0/3540941175 wait complete.
2024-04-01T03:19:02.928 INFO:teuthology.orchestra.run.smithi090.stdout:/usr/bin/ceph: stderr
2024-04-01T03:19:02.086+0000 7f7cde552700 1 Processor -- start
2024-04-01T03:19:02.928 INFO:teuthology.orchestra.run.smithi090.stdout:/usr/bin/ceph: stderr
2024-04-01T03:19:02.086+0000 7f7cde552700 1 -- start start
2024-04-01T03:19:02.928 INFO:teuthology.orchestra.run.smithi090.stdout:/usr/bin/ceph: stderr
2024-04-01T03:19:02.087+0000 7f7cde552700 1 --2- >> [v2:172.21.15.90:3300/0,v1:172.21.15.90:6789/0] conn(0x7f7cd8107aa0 0x7f7cd807c9f0 unknown :-1 s=NONE pgs=0 cs=0 l=1 rev1=0 crypto rx=0 tx=0 comp rx=0 tx=0).connect
2024-04-01T03:19:02.928 INFO:teuthology.orchestra.run.smithi090.stdout:/usr/bin/ceph: stderr
2024-04-01T03:19:02.087+0000 7f7cde552700 1 -- --> [v2:172.21.15.90:3300/0,v1:172.21.15.90:6789/0] -- mon_getmap magic: 0 -- 0x7f7cd810c050 con 0x7f7cd8107aa0
2024-04-01T03:19:02.929 INFO:teuthology.orchestra.run.smithi090.stdout:/usr/bin/ceph: stderr
2024-04-01T03:19:02.087+0000 7f7cd7fff700 1 --2- >> [v2:172.21.15.90:3300/0,v1:172.21.15.90:6789/0] conn(0x7f7cd8107aa0 0x7f7cd807c9f0 unknown :-1 s=BANNER_CONNECTING pgs=0 cs=0 l=1 rev1=0 crypto rx=0 tx=0 comp rx=0 tx=0)._handle_peer_banner_payload supported=3 required=0
2024-04-01T03:19:02.929 INFO:teuthology.orchestra.run.smithi090.stdout:/usr/bin/ceph: stderr
2024-04-01T03:19:02.087+0000 7f7cd7fff700 1 --2- >> [v2:172.21.15.90:3300/0,v1:172.21.15.90:6789/0] conn(0x7f7cd8107aa0 0x7f7cd807c9f0 unknown :-1 s=HELLO_CONNECTING pgs=0 cs=0 l=1 rev1=1 crypto rx=0 tx=0 comp rx=0 tx=0).handle_hello peer v2:172.21.15.90:3300/0 says I am v2:172.21.15.90:34836/0 (socket says 172.21.15.90:34836)
2024-04-01T03:19:02.929 INFO:teuthology.orchestra.run.smithi090.stdout:/usr/bin/ceph: stderr
2024-04-01T03:19:02.087+0000 7f7cd7fff700 1 -- 172.21.15.90:0/831319370 learned_addr learned my addr 172.21.15.90:0/831319370 (peer_addr_for_me v2:172.21.15.90:0/0)
2024-04-01T03:19:02.929 INFO:teuthology.orchestra.run.smithi090.stdout:/usr/bin/ceph: stderr
2024-04-01T03:19:02.087+0000 7f7cd7fff700 1 -- 172.21.15.90:0/831319370 --> [v2:172.21.15.90:3300/0,v1:172.21.15.90:6789/0] -- mon_subscribe({config=0+,monmap=0+}) -- 0x7f7cd807cf30 con 0x7f7cd8107aa0
2024-04-01T03:19:02.929 INFO:teuthology.orchestra.run.smithi090.stdout:/usr/bin/ceph: stderr
2024-04-01T03:19:02.087+0000 7f7cd7fff700 1 --2- 172.21.15.90:0/831319370 >> [v2:172.21.15.90:3300/0,v1:172.21.15.90:6789/0] conn(0x7f7cd8107aa0 0x7f7cd807c9f0 secure :-1 s=READY pgs=25 cs=0 l=1 rev1=1 crypto rx=0x7f7ccc000c00 tx=0x7f7ccc011b00 comp rx=0 tx=0).ready entity=mon.0 client_cookie=0 server_cookie=0 in_seq=0 out_seq=0
2024-04-01T03:19:02.929 INFO:teuthology.orchestra.run.smithi090.stdout:/usr/bin/ceph: stderr
2024-04-01T03:19:02.087+0000 7f7cd57fa700 1 -- 172.21.15.90:0/831319370 <== mon.0 v2:172.21.15.90:3300/0 1 ==== mon_map magic: 0 ==== 205+0+0 (secure 0 0 0) 0x7f7ccc0039f0 con 0x7f7cd8107aa0
2024-04-01T03:19:02.929 INFO:teuthology.orchestra.run.smithi090.stdout:/usr/bin/ceph: stderr
2024-04-01T03:19:02.087+0000 7f7cde552700 1 -- 172.21.15.90:0/831319370 --> [v2:172.21.15.90:3300/0,v1:172.21.15.90:6789/0] -- mon_subscribe({mgrmap=0+}) -- 0x7f7cd807b120 con 0x7f7cd8107aa0
2024-04-01T03:19:02.929 INFO:teuthology.orchestra.run.smithi090.stdout:/usr/bin/ceph: stderr
2024-04-01T03:19:02.088+0000 7f7cd57fa700 1 -- 172.21.15.90:0/831319370 <== mon.0 v2:172.21.15.90:3300/0 2 ==== config(26 keys) ==== 1071+0+0 (secure 0 0 0) 0x7f7ccc003b90 con 0x7f7cd8107aa0
