2024-04-01T03:19:13.675 INFO:teuthology.orchestra.run.smithi090.stdout:/usr/bin/ceph: stderr
2024-04-01T03:19:12.939+0000 7f99f9ffb700 1 --2- 172.21.15.90:0/4242648623 >> [v2:172.21.15.90:6800/3283864001,v1:172.21.15.90:6801/3283864001] conn(0x7f99ec038db0 0x7f99ec03b270 unknown :-1 s=NONE pgs=0 cs=0 l=1 rev1=0 crypto rx=0 tx=0 comp rx=0 tx=0).connect
2024-04-01T03:19:13.675 INFO:teuthology.orchestra.run.smithi090.stdout:/usr/bin/ceph: stderr
2024-04-01T03:19:12.939+0000 7f99f9ffb700 1 -- 172.21.15.90:0/4242648623 <== mon.0 v2:172.21.15.90:3300/0 5 ==== osd_map(2..2 src has 1..2) ==== 940+0+0 (secure 0 0 0) 0x7f99f004d4e0 con 0x7f99fc108560
2024-04-01T03:19:13.675 INFO:teuthology.orchestra.run.smithi090.stdout:/usr/bin/ceph: stderr
2024-04-01T03:19:12.939+0000 7f99fbfff700 1 --2- 172.21.15.90:0/4242648623 >> [v2:172.21.15.90:6800/3283864001,v1:172.21.15.90:6801/3283864001] conn(0x7f99ec038db0 0x7f99ec03b270 unknown :-1 s=BANNER_CONNECTING pgs=0 cs=0 l=1 rev1=0 crypto rx=0 tx=0 comp rx=0 tx=0)._handle_peer_banner_payload supported=3 required=0
2024-04-01T03:19:13.675 INFO:teuthology.orchestra.run.smithi090.stdout:/usr/bin/ceph: stderr
2024-04-01T03:19:12.940+0000 7f99fbfff700 1 --2- 172.21.15.90:0/4242648623 >> [v2:172.21.15.90:6800/3283864001,v1:172.21.15.90:6801/3283864001] conn(0x7f99ec038db0 0x7f99ec03b270 secure :-1 s=READY pgs=10 cs=0 l=1 rev1=1 crypto rx=0x7f99e8006fd0 tx=0x7f99e8006e40 comp rx=0 tx=0).ready entity=mgr.14118 client_cookie=0 server_cookie=0 in_seq=0 out_seq=0
2024-04-01T03:19:13.675 INFO:teuthology.orchestra.run.smithi090.stdout:/usr/bin/ceph: stderr
2024-04-01T03:19:12.944+0000 7f99f9ffb700 1 -- 172.21.15.90:0/4242648623 <== mon.0 v2:172.21.15.90:3300/0 6 ==== mon_command_ack([{"prefix": "get_command_descriptions"}]=0 v0) ==== 72+0+184932 (secure 0 0 0) 0x7f99f004ce70 con 0x7f99fc108560
2024-04-01T03:19:13.675 INFO:teuthology.orchestra.run.smithi090.stdout:/usr/bin/ceph: stderr
2024-04-01T03:19:13.138+0000 7f9a02d63700 1 -- 172.21.15.90:0/4242648623 --> [v2:172.21.15.90:6800/3283864001,v1:172.21.15.90:6801/3283864001] -- mgr_command(tid 0: {"prefix": "cephadm get-pub-key", "target": ["mon-mgr", ""]}) -- 0x7f99fc1031c0 con 0x7f99ec038db0
2024-04-01T03:19:13.675 INFO:teuthology.orchestra.run.smithi090.stdout:/usr/bin/ceph: stderr
2024-04-01T03:19:13.139+0000 7f99f9ffb700 1 -- 172.21.15.90:0/4242648623 <== mgr.14118 v2:172.21.15.90:6800/3283864001 1 ==== mgr_command_reply(tid 0: 0 ) ==== 8+0+595 (secure 0 0 0) 0x7f99fc1031c0 con 0x7f99ec038db0
2024-04-01T03:19:13.675 INFO:teuthology.orchestra.run.smithi090.stdout:/usr/bin/ceph: stderr
2024-04-01T03:19:13.142+0000 7f9a02d63700 1 -- 172.21.15.90:0/4242648623 >> [v2:172.21.15.90:6800/3283864001,v1:172.21.15.90:6801/3283864001] conn(0x7f99ec038db0 msgr2=0x7f99ec03b270 secure :-1 s=STATE_CONNECTION_ESTABLISHED l=1).mark_down
2024-04-01T03:19:13.675 INFO:teuthology.orchestra.run.smithi090.stdout:/usr/bin/ceph: stderr
2024-04-01T03:19:13.142+0000 7f9a02d63700 1 --2- 172.21.15.90:0/4242648623 >> [v2:172.21.15.90:6800/3283864001,v1:172.21.15.90:6801/3283864001] conn(0x7f99ec038db0 0x7f99ec03b270 secure :-1 s=READY pgs=10 cs=0 l=1 rev1=1 crypto rx=0x7f99e8006fd0 tx=0x7f99e8006e40 comp rx=0 tx=0).stop
2024-04-01T03:19:13.676 INFO:teuthology.orchestra.run.smithi090.stdout:/usr/bin/ceph: stderr
2024-04-01T03:19:13.142+0000 7f9a02d63700 1 -- 172.21.15.90:0/4242648623 >> [v2:172.21.15.90:3300/0,v1:172.21.15.90:6789/0] conn(0x7f99fc108560 msgr2=0x7f99fc107de0 secure :-1 s=STATE_CONNECTION_ESTABLISHED l=1).mark_down
2024-04-01T03:19:13.676 INFO:teuthology.orchestra.run.smithi090.stdout:/usr/bin/ceph: stderr
2024-04-01T03:19:13.142+0000 7f9a02d63700 1 --2- 172.21.15.90:0/4242648623 >> [v2:172.21.15.90:3300/0,v1:172.21.15.90:6789/0] conn(0x7f99fc108560 0x7f99fc107de0 secure :-1 s=READY pgs=42 cs=0 l=1 rev1=1 crypto rx=0x7f99f0006af0 tx=0x7f99f0011b70 comp rx=0 tx=0).stop
2024-04-01T03:19:13.676 INFO:teuthology.orchestra.run.smithi090.stdout:/usr/bin/ceph: stderr
2024-04-01T03:19:13.142+0000 7f9a02d63700 1 -- 172.21.15.90:0/4242648623 shutdown_connections
2024-04-01T03:19:13.676 INFO:teuthology.orchestra.run.smithi090.stdout:/usr/bin/ceph: stderr
2024-04-01T03:19:13.142+0000 7f9a02d63700 1 --2- 172.21.15.90:0/4242648623 >> [v2:172.21.15.90:6800/3283864001,v1:172.21.15.90:6801/3283864001] conn(0x7f99ec038db0 0x7f99ec03b270 unknown :-1 s=CLOSED pgs=10 cs=0 l=1 rev1=1 crypto rx=0 tx=0 comp rx=0 tx=0).stop
2024-04-01T03:19:13.676 INFO:teuthology.orchestra.run.smithi090.stdout:/usr/bin/ceph: stderr
2024-04-01T03:19:13.142+0000 7f9a02d63700 1 --2- 172.21.15.90:0/4242648623 >> [v2:172.21.15.90:3300/0,v1:172.21.15.90:6789/0] conn(0x7f99fc108560 0x7f99fc107de0 unknown :-1 s=CLOSED pgs=42 cs=0 l=1 rev1=1 crypto rx=0 tx=0 comp rx=0 tx=0).stop
2024-04-01T03:19:13.676 INFO:teuthology.orchestra.run.smithi090.stdout:/usr/bin/ceph: stderr
2024-04-01T03:19:13.142+0000 7f9a02d63700 1 -- 172.21.15.90:0/4242648623 >> 172.21.15.90:0/4242648623 conn(0x7f99fc101f50 msgr2=0x7f99fc102ab0 unknown :-1 s=STATE_NONE l=0).mark_down
2024-04-01T03:19:13.676 INFO:teuthology.orchestra.run.smithi090.stdout:/usr/bin/ceph: stderr
2024-04-01T03:19:13.142+0000 7f9a02d63700 1 -- 172.21.15.90:0/4242648623 shutdown_connections
2024-04-01T03:19:13.676 INFO:teuthology.orchestra.run.smithi090.stdout:/usr/bin/ceph: stderr
2024-04-01T03:19:13.142+0000 7f9a02d63700 1 -- 172.21.15.90:0/4242648623 wait complete.
2024-04-01T03:19:13.676 INFO:teuthology.orchestra.run.smithi090.stdout:Wrote public SSH key to /home/ubuntu/cephtest/ceph.pub
2024-04-01T03:19:13.676 INFO:teuthology.orchestra.run.smithi090.stdout:Adding key to root@localhost authorized_keys...
2024-04-01T03:19:13.676 INFO:teuthology.orchestra.run.smithi090.stdout:Adding host smithi090...
2024-04-01T03:19:14.042 INFO:journalctl@ceph.mon.a.smithi090.stdout:Apr 01 03:19:13 smithi090 ceph-mon[32018]: from='client.14136 -' entity='client.admin' cmd=[{"prefix": "cephadm get-pub-key", "target": ["mon-mgr", ""]}]: dispatch
2024-04-01T03:19:15.165 INFO:journalctl@ceph.mon.a.smithi090.stdout:Apr 01 03:19:14 smithi090 ceph-mon[32018]: from='client.14138 -' entity='client.admin' cmd=[{"prefix": "orch host add", "hostname": "smithi090", "addr": "172.21.15.90", "target": ["mon-mgr", ""]}]: dispatch
2024-04-01T03:19:16.289 INFO:journalctl@ceph.mon.a.smithi090.stdout:Apr 01 03:19:15 smithi090 ceph-mon[32018]: Deploying cephadm binary to smithi090
2024-04-01T03:19:19.096 INFO:teuthology.orchestra.run.smithi090.stdout:/usr/bin/ceph: stdout Added host 'smithi090' with addr '172.21.15.90'
2024-04-01T03:19:19.096 INFO:teuthology.orchestra.run.smithi090.stdout:/usr/bin/ceph: stderr
2024-04-01T03:19:14.070+0000 7f991c40b700 1 Processor -- start
2024-04-01T03:19:19.096 INFO:teuthology.orchestra.run.smithi090.stdout:/usr/bin/ceph: stderr
2024-04-01T03:19:14.070+0000 7f991c40b700 1 -- start start
2024-04-01T03:19:19.096 INFO:teuthology.orchestra.run.smithi090.stdout:/usr/bin/ceph: stderr
2024-04-01T03:19:14.070+0000 7f991c40b700 1 --2- >> [v2:172.21.15.90:3300/0,v1:172.21.15.90:6789/0] conn(0x7f9914107b00 0x7f9914107f20 unknown :-1 s=NONE pgs=0 cs=0 l=0 rev1=0 crypto rx=0 tx=0 comp rx=0 tx=0).connect
2024-04-01T03:19:19.096 INFO:teuthology.orchestra.run.smithi090.stdout:/usr/bin/ceph: stderr
2024-04-01T03:19:14.070+0000 7f991c40b700 1 -- --> [v2:172.21.15.90:3300/0,v1:172.21.15.90:6789/0] -- mon_getmap magic: 0 -- 0x7f99141084f0 con 0x7f9914107b00
2024-04-01T03:19:19.097 INFO:teuthology.orchestra.run.smithi090.stdout:/usr/bin/ceph: stderr
2024-04-01T03:19:14.070+0000 7f991a1a7700 1 --2- >> [v2:172.21.15.90:3300/0,v1:172.21.15.90:6789/0] conn(0x7f9914107b00 0x7f9914107f20 unknown :-1 s=BANNER_CONNECTING pgs=0 cs=0 l=0 rev1=0 crypto rx=0 tx=0 comp rx=0 tx=0)._handle_peer_banner_payload supported=3 required=0
2024-04-01T03:19:19.097 INFO:teuthology.orchestra.run.smithi090.stdout:/usr/bin/ceph: stderr
2024-04-01T03:19:14.070+0000 7f991a1a7700 1 --2- >> [v2:172.21.15.90:3300/0,v1:172.21.15.90:6789/0] conn(0x7f9914107b00 0x7f9914107f20 unknown :-1 s=HELLO_CONNECTING pgs=0 cs=0 l=0 rev1=1 crypto rx=0 tx=0 comp rx=0 tx=0).handle_hello peer v2:172.21.15.90:3300/0 says I am v2:172.21.15.90:44174/0 (socket says 172.21.15.90:44174)
2024-04-01T03:19:19.097 INFO:teuthology.orchestra.run.smithi090.stdout:/usr/bin/ceph: stderr
2024-04-01T03:19:14.070+0000 7f991a1a7700 1 -- 172.21.15.90:0/1972059537 learned_addr learned my addr 172.21.15.90:0/1972059537 (peer_addr_for_me v2:172.21.15.90:0/0)
2024-04-01T03:19:19.097 INFO:teuthology.orchestra.run.smithi090.stdout:/usr/bin/ceph: stderr
2024-04-01T03:19:14.070+0000 7f991a1a7700 1 -- 172.21.15.90:0/1972059537 --> [v2:172.21.15.90:3300/0,v1:172.21.15.90:6789/0] -- mon_subscribe({config=0+,monmap=0+}) -- 0x7f9914108d00 con 0x7f9914107b00
2024-04-01T03:19:19.097 INFO:teuthology.orchestra.run.smithi090.stdout:/usr/bin/ceph: stderr
2024-04-01T03:19:14.071+0000 7f991a1a7700 1 --2- 172.21.15.90:0/1972059537 >> [v2:172.21.15.90:3300/0,v1:172.21.15.90:6789/0] conn(0x7f9914107b00 0x7f9914107f20 secure :-1 s=READY pgs=43 cs=0 l=1 rev1=1 crypto rx=0x7f99100098a0 tx=0x7f9910009bb0 comp rx=0 tx=0).ready entity=mon.0 client_cookie=b3324b890933b59a server_cookie=0 in_seq=0 out_seq=0
2024-04-01T03:19:19.097 INFO:teuthology.orchestra.run.smithi090.stdout:/usr/bin/ceph: stderr
2024-04-01T03:19:14.071+0000 7f99191a5700 1 -- 172.21.15.90:0/1972059537 <== mon.0 v2:172.21.15.90:3300/0 1 ==== mon_map magic: 0 ==== 205+0+0 (secure 0 0 0) 0x7f9910004160 con 0x7f9914107b00
2024-04-01T03:19:19.097 INFO:teuthology.orchestra.run.smithi090.stdout:/usr/bin/ceph: stderr
2024-04-01T03:19:14.071+0000 7f99191a5700 1 -- 172.21.15.90:0/1972059537 <== mon.0 v2:172.21.15.90:3300/0 2 ==== config(26 keys) ==== 1071+0+0 (secure 0 0 0) 0x7f9910004300 con 0x7f9914107b00
2024-04-01T03:19:19.097 INFO:teuthology.orchestra.run.smithi090.stdout:/usr/bin/ceph: stderr
2024-04-01T03:19:14.071+0000 7f99191a5700 1 -- 172.21.15.90:0/1972059537 <== mon.0 v2:172.21.15.90:3300/0 3 ==== mon_map magic: 0 ==== 205+0+0 (secure 0 0 0) 0x7f9910011a80 con 0x7f9914107b00
2024-04-01T03:19:19.097 INFO:teuthology.orchestra.run.smithi090.stdout:/usr/bin/ceph: stderr
2024-04-01T03:19:14.071+0000 7f991c40b700 1 -- 172.21.15.90:0/1972059537 >> [v2:172.21.15.90:3300/0,v1:172.21.15.90:6789/0] conn(0x7f9914107b00 msgr2=0x7f9914107f20 secure :-1 s=STATE_CONNECTION_ESTABLISHED l=1).mark_down
2024-04-01T03:19:19.098 INFO:teuthology.orchestra.run.smithi090.stdout:/usr/bin/ceph: stderr
2024-04-01T03:19:14.071+0000 7f991c40b700 1 --2- 172.21.15.90:0/1972059537 >> [v2:172.21.15.90:3300/0,v1:172.21.15.90:6789/0] conn(0x7f9914107b00 0x7f9914107f20 secure :-1 s=READY pgs=43 cs=0 l=1 rev1=1 crypto rx=0x7f99100098a0 tx=0x7f9910009bb0 comp rx=0 tx=0).stop
2024-04-01T03:19:19.098 INFO:teuthology.orchestra.run.smithi090.stdout:/usr/bin/ceph: stderr
2024-04-01T03:19:14.071+0000 7f991c40b700 1 -- 172.21.15.90:0/1972059537 shutdown_connections
2024-04-01T03:19:19.098 INFO:teuthology.orchestra.run.smithi090.stdout:/usr/bin/ceph: stderr
2024-04-01T03:19:14.071+0000 7f991c40b700 1 --2- 172.21.15.90:0/1972059537 >> [v2:172.21.15.90:3300/0,v1:172.21.15.90:6789/0] conn(0x7f9914107b00 0x7f9914107f20 unknown :-1 s=CLOSED pgs=43 cs=0 l=1 rev1=1 crypto rx=0 tx=0 comp rx=0 tx=0).stop
2024-04-01T03:19:19.098 INFO:teuthology.orchestra.run.smithi090.stdout:/usr/bin/ceph: stderr
2024-04-01T03:19:14.071+0000 7f991c40b700 1 -- 172.21.15.90:0/1972059537 >> 172.21.15.90:0/1972059537 conn(0x7f99141030a0 msgr2=0x7f99141054e0 unknown :-1 s=STATE_NONE l=0).mark_down
2024-04-01T03:19:19.098 INFO:teuthology.orchestra.run.smithi090.stdout:/usr/bin/ceph: stderr
2024-04-01T03:19:14.072+0000 7f991c40b700 1 -- 172.21.15.90:0/1972059537 shutdown_connections
2024-04-01T03:19:19.098 INFO:teuthology.orchestra.run.smithi090.stdout:/usr/bin/ceph: stderr
2024-04-01T03:19:14.072+0000 7f991c40b700 1 -- 172.21.15.90:0/1972059537 wait complete.
2024-04-01T03:19:19.098 INFO:teuthology.orchestra.run.smithi090.stdout:/usr/bin/ceph: stderr
2024-04-01T03:19:14.072+0000 7f991c40b700 1 Processor -- start
2024-04-01T03:19:19.098 INFO:teuthology.orchestra.run.smithi090.stdout:/usr/bin/ceph: stderr
2024-04-01T03:19:14.072+0000 7f991c40b700 1 -- start start
2024-04-01T03:19:19.098 INFO:teuthology.orchestra.run.smithi090.stdout:/usr/bin/ceph: stderr
2024-04-01T03:19:14.072+0000 7f991c40b700 1 --2- >> [v2:172.21.15.90:3300/0,v1:172.21.15.90:6789/0] conn(0x7f9914107b00 0x7f991419bab0 unknown :-1 s=NONE pgs=0 cs=0 l=1 rev1=0 crypto rx=0 tx=0 comp rx=0 tx=0).connect
2024-04-01T03:19:19.099 INFO:teuthology.orchestra.run.smithi090.stdout:/usr/bin/ceph: stderr
2024-04-01T03:19:14.072+0000 7f991c40b700 1 -- --> [v2:172.21.15.90:3300/0,v1:172.21.15.90:6789/0] -- mon_getmap magic: 0 -- 0x7f991410bf30 con 0x7f9914107b00
2024-04-01T03:19:19.099 INFO:teuthology.orchestra.run.smithi090.stdout:/usr/bin/ceph: stderr
2024-04-01T03:19:14.072+0000 7f991a1a7700 1 --2- >> [v2:172.21.15.90:3300/0,v1:172.21.15.90:6789/0] conn(0x7f9914107b00 0x7f991419bab0 unknown :-1 s=BANNER_CONNECTING pgs=0 cs=0 l=1 rev1=0 crypto rx=0 tx=0 comp rx=0 tx=0)._handle_peer_banner_payload supported=3 required=0
2024-04-01T03:19:19.099 INFO:teuthology.orchestra.run.smithi090.stdout:/usr/bin/ceph: stderr
2024-04-01T03:19:14.072+0000 7f991a1a7700 1 --2- >> [v2:172.21.15.90:3300/0,v1:172.21.15.90:6789/0] conn(0x7f9914107b00 0x7f991419bab0 unknown :-1 s=HELLO_CONNECTING pgs=0 cs=0 l=1 rev1=1 crypto rx=0 tx=0 comp rx=0 tx=0).handle_hello peer v2:172.21.15.90:3300/0 says I am v2:172.21.15.90:44190/0 (socket says 172.21.15.90:44190)
2024-04-01T03:19:19.099 INFO:teuthology.orchestra.run.smithi090.stdout:/usr/bin/ceph: stderr
2024-04-01T03:19:14.072+0000 7f991a1a7700 1 -- 172.21.15.90:0/1140344973 learned_addr learned my addr 172.21.15.90:0/1140344973 (peer_addr_for_me v2:172.21.15.90:0/0)
2024-04-01T03:19:19.099 INFO:teuthology.orchestra.run.smithi090.stdout:/usr/bin/ceph: stderr
2024-04-01T03:19:14.073+0000 7f991a1a7700 1 -- 172.21.15.90:0/1140344973 --> [v2:172.21.15.90:3300/0,v1:172.21.15.90:6789/0] -- mon_subscribe({config=0+,monmap=0+}) -- 0x7f991419bff0 con 0x7f9914107b00
2024-04-01T03:19:19.099 INFO:teuthology.orchestra.run.smithi090.stdout:/usr/bin/ceph: stderr
2024-04-01T03:19:14.073+0000 7f991a1a7700 1 --2- 172.21.15.90:0/1140344973 >> [v2:172.21.15.90:3300/0,v1:172.21.15.90:6789/0] conn(0x7f9914107b00 0x7f991419bab0 secure :-1 s=READY pgs=44 cs=0 l=1 rev1=1 crypto rx=0x7f9910006af0 tx=0x7f9910011b70 comp rx=0 tx=0).ready entity=mon.0 client_cookie=0 server_cookie=0 in_seq=0 out_seq=0
2024-04-01T03:19:19.099 INFO:teuthology.orchestra.run.smithi090.stdout:/usr/bin/ceph: stderr
2024-04-01T03:19:14.073+0000 7f990b7fe700 1 -- 172.21.15.90:0/1140344973 <== mon.0 v2:172.21.15.90:3300/0 1 ==== mon_map magic: 0 ==== 205+0+0 (secure 0 0 0) 0x7f9910003930 con 0x7f9914107b00
2024-04-01T03:19:19.100 INFO:teuthology.orchestra.run.smithi090.stdout:/usr/bin/ceph: stderr
2024-04-01T03:19:14.073+0000 7f990b7fe700 1 -- 172.21.15.90:0/1140344973 <== mon.0 v2:172.21.15.90:3300/0 2 ==== config(26 keys) ==== 1071+0+0 (secure 0 0 0) 0x7f9910003ad0 con 0x7f9914107b00
2024-04-01T03:19:19.100 INFO:teuthology.orchestra.run.smithi090.stdout:/usr/bin/ceph: stderr
2024-04-01T03:19:14.073+0000 7f991c40b700 1 -- 172.21.15.90:0/1140344973 --> [v2:172.21.15.90:3300/0,v1:172.21.15.90:6789/0] -- mon_subscribe({mgrmap=0+}) -- 0x7f991419c280 con 0x7f9914107b00
2024-04-01T03:19:19.100 INFO:teuthology.orchestra.run.smithi090.stdout:/usr/bin/ceph: stderr
2024-04-01T03:19:14.073+0000 7f990b7fe700 1 -- 172.21.15.90:0/1140344973 <== mon.0 v2:172.21.15.90:3300/0 3 ==== mon_map magic: 0 ==== 205+0+0 (secure 0 0 0) 0x7f99100195e0 con 0x7f9914107b00
2024-04-01T03:19:19.100 INFO:teuthology.orchestra.run.smithi090.stdout:/usr/bin/ceph: stderr
2024-04-01T03:19:14.073+0000 7f991c40b700 1 -- 172.21.15.90:0/1140344973 --> [v2:172.21.15.90:3300/0,v1:172.21.15.90:6789/0] -- mon_subscribe({osdmap=0}) -- 0x7f991419ef70 con 0x7f9914107b00
2024-04-01T03:19:19.100 INFO:teuthology.orchestra.run.smithi090.stdout:/usr/bin/ceph: stderr
2024-04-01T03:19:14.074+0000 7f990b7fe700 1 -- 172.21.15.90:0/1140344973 <== mon.0 v2:172.21.15.90:3300/0 4 ==== mgrmap(e 8) ==== 46116+0+0 (secure 0 0 0) 0x7f99100198e0 con 0x7f9914107b00
2024-04-01T03:19:19.100 INFO:teuthology.orchestra.run.smithi090.stdout:/usr/bin/ceph: stderr
2024-04-01T03:19:14.074+0000 7f991c40b700 1 -- 172.21.15.90:0/1140344973 --> [v2:172.21.15.90:3300/0,v1:172.21.15.90:6789/0] -- mon_command({"prefix": "get_command_descriptions"} v 0) -- 0x7f991410c0b0 con 0x7f9914107b00
2024-04-01T03:19:19.100 INFO:teuthology.orchestra.run.smithi090.stdout:/usr/bin/ceph: stderr
2024-04-01T03:19:14.074+0000 7f990b7fe700 1 --2- 172.21.15.90:0/1140344973 >> [v2:172.21.15.90:6800/3283864001,v1:172.21.15.90:6801/3283864001] conn(0x7f9900038db0 0x7f990003b270 unknown :-1 s=NONE pgs=0 cs=0 l=1 rev1=0 crypto rx=0 tx=0 comp rx=0 tx=0).connect
2024-04-01T03:19:19.100 INFO:teuthology.orchestra.run.smithi090.stdout:/usr/bin/ceph: stderr
2024-04-01T03:19:14.074+0000 7f990b7fe700 1 -- 172.21.15.90:0/1140344973 <== mon.0 v2:172.21.15.90:3300/0 5 ==== osd_map(2..2 src has 1..2) ==== 940+0+0 (secure 0 0 0) 0x7f991004d2a0 con 0x7f9914107b00
2024-04-01T03:19:19.101 INFO:teuthology.orchestra.run.smithi090.stdout:/usr/bin/ceph: stderr
2024-04-01T03:19:14.074+0000 7f99199a6700 1 --2- 172.21.15.90:0/1140344973 >> [v2:172.21.15.90:6800/3283864001,v1:172.21.15.90:6801/3283864001] conn(0x7f9900038db0 0x7f990003b270 unknown :-1 s=BANNER_CONNECTING pgs=0 cs=0 l=1 rev1=0 crypto rx=0 tx=0 comp rx=0 tx=0)._handle_peer_banner_payload supported=3 required=0
2024-04-01T03:19:19.101 INFO:teuthology.orchestra.run.smithi090.stdout:/usr/bin/ceph: stderr
2024-04-01T03:19:14.074+0000 7f99199a6700 1 --2- 172.21.15.90:0/1140344973 >> [v2:172.21.15.90:6800/3283864001,v1:172.21.15.90:6801/3283864001] conn(0x7f9900038db0 0x7f990003b270 secure :-1 s=READY pgs=11 cs=0 l=1 rev1=1 crypto rx=0x7f9904006fd0 tx=0x7f9904006e40 comp rx=0 tx=0).ready entity=mgr.14118 client_cookie=0 server_cookie=0 in_seq=0 out_seq=0
2024-04-01T03:19:19.101 INFO:teuthology.orchestra.run.smithi090.stdout:/usr/bin/ceph: stderr
2024-04-01T03:19:14.079+0000 7f990b7fe700 1 -- 172.21.15.90:0/1140344973 <== mon.0 v2:172.21.15.90:3300/0 6 ==== mon_command_ack([{"prefix": "get_command_descriptions"}]=0 v0) ==== 72+0+184932 (secure 0 0 0) 0x7f9910020240 con 0x7f9914107b00
2024-04-01T03:19:19.101 INFO:teuthology.orchestra.run.smithi090.stdout:/usr/bin/ceph: stderr
2024-04-01T03:19:14.277+0000 7f991c40b700 1 -- 172.21.15.90:0/1140344973 --> [v2:172.21.15.90:6800/3283864001,v1:172.21.15.90:6801/3283864001] -- mgr_command(tid 0: {"prefix": "orch host add", "hostname": "smithi090", "addr": "172.21.15.90", "target": ["mon-mgr", ""]}) -- 0x7f99141042f0 con 0x7f9900038db0
2024-04-01T03:19:19.101 INFO:teuthology.orchestra.run.smithi090.stdout:/usr/bin/ceph: stderr
2024-04-01T03:19:18.507+0000 7f990b7fe700 1 -- 172.21.15.90:0/1140344973 <== mgr.14118 v2:172.21.15.90:6800/3283864001 1 ==== mgr_command_reply(tid 0: 0 ) ==== 8+0+48 (secure 0 0 0) 0x7f99141042f0 con 0x7f9900038db0
2024-04-01T03:19:19.102 INFO:teuthology.orchestra.run.smithi090.stdout:/usr/bin/ceph: stderr
2024-04-01T03:19:18.510+0000 7f991c40b700 1 -- 172.21.15.90:0/1140344973 >> [v2:172.21.15.90:6800/3283864001,v1:172.21.15.90:6801/3283864001] conn(0x7f9900038db0 msgr2=0x7f990003b270 secure :-1 s=STATE_CONNECTION_ESTABLISHED l=1).mark_down
2024-04-01T03:19:19.102 INFO:teuthology.orchestra.run.smithi090.stdout:/usr/bin/ceph: stderr
2024-04-01T03:19:18.510+0000 7f991c40b700 1 --2- 172.21.15.90:0/1140344973 >> [v2:172.21.15.90:6800/3283864001,v1:172.21.15.90:6801/3283864001] conn(0x7f9900038db0 0x7f990003b270 secure :-1 s=READY pgs=11 cs=0 l=1 rev1=1 crypto rx=0x7f9904006fd0 tx=0x7f9904006e40 comp rx=0 tx=0).stop
2024-04-01T03:19:19.102 INFO:teuthology.orchestra.run.smithi090.stdout:/usr/bin/ceph: stderr
2024-04-01T03:19:18.510+0000 7f991c40b700 1 -- 172.21.15.90:0/1140344973 >> [v2:172.21.15.90:3300/0,v1:172.21.15.90:6789/0] conn(0x7f9914107b00 msgr2=0x7f991419bab0 secure :-1 s=STATE_CONNECTION_ESTABLISHED l=1).mark_down
2024-04-01T03:19:19.102 INFO:teuthology.orchestra.run.smithi090.stdout:/usr/bin/ceph: stderr
2024-04-01T03:19:18.510+0000 7f991c40b700 1 --2- 172.21.15.90:0/1140344973 >> [v2:172.21.15.90:3300/0,v1:172.21.15.90:6789/0] conn(0x7f9914107b00 0x7f991419bab0 secure :-1 s=READY pgs=44 cs=0 l=1 rev1=1 crypto rx=0x7f9910006af0 tx=0x7f9910011b70 comp rx=0 tx=0).stop
2024-04-01T03:19:19.102 INFO:teuthology.orchestra.run.smithi090.stdout:/usr/bin/ceph: stderr
2024-04-01T03:19:18.510+0000 7f991c40b700 1 -- 172.21.15.90:0/1140344973 shutdown_connections
2024-04-01T03:19:19.102 INFO:teuthology.orchestra.run.smithi090.stdout:/usr/bin/ceph: stderr
2024-04-01T03:19:18.510+0000 7f991c40b700 1 --2- 172.21.15.90:0/1140344973 >> [v2:172.21.15.90:6800/3283864001,v1:172.21.15.90:6801/3283864001] conn(0x7f9900038db0 0x7f990003b270 unknown :-1 s=CLOSED pgs=11 cs=0 l=1 rev1=1 crypto rx=0 tx=0 comp rx=0 tx=0).stop
2024-04-01T03:19:19.102 INFO:teuthology.orchestra.run.smithi090.stdout:/usr/bin/ceph: stderr
2024-04-01T03:19:18.510+0000 7f991c40b700 1 --2- 172.21.15.90:0/1140344973 >> [v2:172.21.15.90:3300/0,v1:172.21.15.90:6789/0] conn(0x7f9914107b00 0x7f991419bab0 unknown :-1 s=CLOSED pgs=44 cs=0 l=1 rev1=1 crypto rx=0 tx=0 comp rx=0 tx=0).stop
2024-04-01T03:19:19.102 INFO:teuthology.orchestra.run.smithi090.stdout:/usr/bin/ceph: stderr
2024-04-01T03:19:18.510+0000 7f991c40b700 1 -- 172.21.15.90:0/1140344973 >> 172.21.15.90:0/1140344973 conn(0x7f99141030a0 msgr2=0x7f9914103be0 unknown :-1 s=STATE_NONE l=0).mark_down
2024-04-01T03:19:19.102 INFO:teuthology.orchestra.run.smithi090.stdout:/usr/bin/ceph: stderr
2024-04-01T03:19:18.510+0000 7f991c40b700 1 -- 172.21.15.90:0/1140344973 shutdown_connections
2024-04-01T03:19:19.102 INFO:teuthology.orchestra.run.smithi090.stdout:/usr/bin/ceph: stderr
2024-04-01T03:19:18.510+0000 7f991c40b700 1 -- 172.21.15.90:0/1140344973 wait complete.
2024-04-01T03:19:19.102 INFO:teuthology.orchestra.run.smithi090.stdout:Deploying unmanaged mon service...
2024-04-01T03:19:19.717 INFO:journalctl@ceph.mon.a.smithi090.stdout:Apr 01 03:19:19 smithi090 ceph-mon[32018]: from='mgr.14118 172.21.15.90:0/4001733534' entity='mgr.x'
2024-04-01T03:19:19.717 INFO:journalctl@ceph.mon.a.smithi090.stdout:Apr 01 03:19:19 smithi090 ceph-mon[32018]: Added host smithi090
2024-04-01T03:19:19.717 INFO:journalctl@ceph.mon.a.smithi090.stdout:Apr 01 03:19:19 smithi090 ceph-mon[32018]: from='mgr.14118 172.21.15.90:0/4001733534' entity='mgr.x' cmd=[{"prefix": "config dump", "format": "json"}]: dispatch
2024-04-01T03:19:20.303 INFO:teuthology.orchestra.run.smithi090.stdout:/usr/bin/ceph: stdout Scheduled mon update...
2024-04-01T03:19:20.303 INFO:teuthology.orchestra.run.smithi090.stdout:/usr/bin/ceph: stderr
2024-04-01T03:19:19.498+0000 7f3de4ac4700 1 Processor -- start
2024-04-01T03:19:20.303 INFO:teuthology.orchestra.run.smithi090.stdout:/usr/bin/ceph: stderr
2024-04-01T03:19:19.498+0000 7f3de4ac4700 1 -- start start
2024-04-01T03:19:20.303 INFO:teuthology.orchestra.run.smithi090.stdout:/usr/bin/ceph: stderr
2024-04-01T03:19:19.499+0000 7f3de4ac4700 1 --2- >> [v2:172.21.15.90:3300/0,v1:172.21.15.90:6789/0] conn(0x7f3de0108550 0x7f3de010a940 unknown :-1 s=NONE pgs=0 cs=0 l=0 rev1=0 crypto rx=0 tx=0 comp rx=0 tx=0).connect
2024-04-01T03:19:20.303 INFO:teuthology.orchestra.run.smithi090.stdout:/usr/bin/ceph: stderr
2024-04-01T03:19:19.499+0000 7f3de4ac4700 1 -- --> [v2:172.21.15.90:3300/0,v1:172.21.15.90:6789/0] -- mon_getmap magic: 0 -- 0x7f3de007be20 con 0x7f3de0108550
2024-04-01T03:19:20.303 INFO:teuthology.orchestra.run.smithi090.stdout:/usr/bin/ceph: stderr
2024-04-01T03:19:19.499+0000 7f3dde59c700 1 --2- >> [v2:172.21.15.90:3300/0,v1:172.21.15.90:6789/0] conn(0x7f3de0108550 0x7f3de010a940 unknown :-1 s=BANNER_CONNECTING pgs=0 cs=0 l=0 rev1=0 crypto rx=0 tx=0 comp rx=0 tx=0)._handle_peer_banner_payload supported=3 required=0
2024-04-01T03:19:20.303 INFO:teuthology.orchestra.run.smithi090.stdout:/usr/bin/ceph: stderr
2024-04-01T03:19:19.499+0000 7f3dde59c700 1 --2- >> [v2:172.21.15.90:3300/0,v1:172.21.15.90:6789/0] conn(0x7f3de0108550 0x7f3de010a940 unknown :-1 s=HELLO_CONNECTING pgs=0 cs=0 l=0 rev1=1 crypto rx=0 tx=0 comp rx=0 tx=0).handle_hello peer v2:172.21.15.90:3300/0 says I am v2:172.21.15.90:44194/0 (socket says 172.21.15.90:44194)
2024-04-01T03:19:20.303 INFO:teuthology.orchestra.run.smithi090.stdout:/usr/bin/ceph: stderr
2024-04-01T03:19:19.499+0000 7f3dde59c700 1 -- 172.21.15.90:0/2154637695 learned_addr learned my addr 172.21.15.90:0/2154637695 (peer_addr_for_me v2:172.21.15.90:0/0)
2024-04-01T03:19:20.304 INFO:teuthology.orchestra.run.smithi090.stdout:/usr/bin/ceph: stderr
2024-04-01T03:19:19.499+0000 7f3dde59c700 1 -- 172.21.15.90:0/2154637695 --> [v2:172.21.15.90:3300/0,v1:172.21.15.90:6789/0] -- mon_subscribe({config=0+,monmap=0+}) -- 0x7f3de010ae80 con 0x7f3de0108550
2024-04-01T03:19:20.304 INFO:teuthology.orchestra.run.smithi090.stdout:/usr/bin/ceph: stderr
2024-04-01T03:19:19.499+0000 7f3dde59c700 1 --2- 172.21.15.90:0/2154637695 >> [v2:172.21.15.90:3300/0,v1:172.21.15.90:6789/0] conn(0x7f3de0108550 0x7f3de010a940 secure :-1 s=READY pgs=45 cs=0 l=1 rev1=1 crypto rx=0x7f3dd40098a0 tx=0x7f3dd4009bb0 comp rx=0 tx=0).ready entity=mon.0 client_cookie=bfa4bad5313c13fc server_cookie=0 in_seq=0 out_seq=0
2024-04-01T03:19:20.304 INFO:teuthology.orchestra.run.smithi090.stdout:/usr/bin/ceph: stderr
2024-04-01T03:19:19.499+0000 7f3ddd59a700 1 -- 172.21.15.90:0/2154637695 <== mon.0 v2:172.21.15.90:3300/0 1 ==== mon_map magic: 0 ==== 205+0+0 (secure 0 0 0) 0x7f3dd4004160 con 0x7f3de0108550
2024-04-01T03:19:20.304 INFO:teuthology.orchestra.run.smithi090.stdout:/usr/bin/ceph: stderr
2024-04-01T03:19:19.499+0000 7f3ddd59a700 1 -- 172.21.15.90:0/2154637695 <== mon.0 v2:172.21.15.90:3300/0 2 ==== config(26 keys) ==== 1071+0+0 (secure 0 0 0) 0x7f3dd4004300 con 0x7f3de0108550
2024-04-01T03:19:20.304 INFO:teuthology.orchestra.run.smithi090.stdout:/usr/bin/ceph: stderr
2024-04-01T03:19:19.499+0000 7f3ddd59a700 1 -- 172.21.15.90:0/2154637695 <== mon.0 v2:172.21.15.90:3300/0 3 ==== mon_map magic: 0 ==== 205+0+0 (secure 0 0 0) 0x7f3dd4011a80 con 0x7f3de0108550
2024-04-01T03:19:20.304 INFO:teuthology.orchestra.run.smithi090.stdout:/usr/bin/ceph: stderr
2024-04-01T03:19:19.500+0000 7f3de4ac4700 1 -- 172.21.15.90:0/2154637695 >> [v2:172.21.15.90:3300/0,v1:172.21.15.90:6789/0] conn(0x7f3de0108550 msgr2=0x7f3de010a940 secure :-1 s=STATE_CONNECTION_ESTABLISHED l=1).mark_down
2024-04-01T03:19:20.304 INFO:teuthology.orchestra.run.smithi090.stdout:/usr/bin/ceph: stderr
2024-04-01T03:19:19.500+0000 7f3de4ac4700 1 --2- 172.21.15.90:0/2154637695 >> [v2:172.21.15.90:3300/0,v1:172.21.15.90:6789/0] conn(0x7f3de0108550 0x7f3de010a940 secure :-1 s=READY pgs=45 cs=0 l=1 rev1=1 crypto rx=0x7f3dd40098a0 tx=0x7f3dd4009bb0 comp rx=0 tx=0).stop
2024-04-01T03:19:20.304 INFO:teuthology.orchestra.run.smithi090.stdout:/usr/bin/ceph: stderr
2024-04-01T03:19:19.500+0000 7f3de4ac4700 1 -- 172.21.15.90:0/2154637695 shutdown_connections
2024-04-01T03:19:20.304 INFO:teuthology.orchestra.run.smithi090.stdout:/usr/bin/ceph: stderr
2024-04-01T03:19:19.500+0000 7f3de4ac4700 1 --2- 172.21.15.90:0/2154637695 >> [v2:172.21.15.90:3300/0,v1:172.21.15.90:6789/0] conn(0x7f3de0108550 0x7f3de010a940 unknown :-1 s=CLOSED pgs=45 cs=0 l=1 rev1=1 crypto rx=0 tx=0 comp rx=0 tx=0).stop
2024-04-01T03:19:20.304 INFO:teuthology.orchestra.run.smithi090.stdout:/usr/bin/ceph: stderr
2024-04-01T03:19:19.500+0000 7f3de4ac4700 1 -- 172.21.15.90:0/2154637695 >> 172.21.15.90:0/2154637695 conn(0x7f3de0101f60 msgr2=0x7f3de01043a0 unknown :-1 s=STATE_NONE l=0).mark_down
2024-04-01T03:19:20.304 INFO:teuthology.orchestra.run.smithi090.stdout:/usr/bin/ceph: stderr
2024-04-01T03:19:19.500+0000 7f3de4ac4700 1 -- 172.21.15.90:0/2154637695 shutdown_connections
2024-04-01T03:19:20.304 INFO:teuthology.orchestra.run.smithi090.stdout:/usr/bin/ceph: stderr
2024-04-01T03:19:19.500+0000 7f3de4ac4700 1 -- 172.21.15.90:0/2154637695 wait complete.
2024-04-01T03:19:20.304 INFO:teuthology.orchestra.run.smithi090.stdout:/usr/bin/ceph: stderr
2024-04-01T03:19:19.501+0000 7f3de4ac4700 1 Processor -- start
2024-04-01T03:19:20.304 INFO:teuthology.orchestra.run.smithi090.stdout:/usr/bin/ceph: stderr
2024-04-01T03:19:19.501+0000 7f3de4ac4700 1 -- start start
2024-04-01T03:19:20.304 INFO:teuthology.orchestra.run.smithi090.stdout:/usr/bin/ceph: stderr
2024-04-01T03:19:19.501+0000 7f3de4ac4700 1 --2- >> [v2:172.21.15.90:3300/0,v1:172.21.15.90:6789/0] conn(0x7f3de0108550 0x7f3de019b9b0 unknown :-1 s=NONE pgs=0 cs=0 l=1 rev1=0 crypto rx=0 tx=0 comp rx=0 tx=0).connect
2024-04-01T03:19:20.305 INFO:teuthology.orchestra.run.smithi090.stdout:/usr/bin/ceph: stderr
2024-04-01T03:19:19.501+0000 7f3de4ac4700 1 -- --> [v2:172.21.15.90:3300/0,v1:172.21.15.90:6789/0] -- mon_getmap magic: 0 -- 0x7f3de010bdd0 con 0x7f3de0108550
2024-04-01T03:19:20.305 INFO:teuthology.orchestra.run.smithi090.stdout:/usr/bin/ceph: stderr
2024-04-01T03:19:19.501+0000 7f3dde59c700 1 --2- >> [v2:172.21.15.90:3300/0,v1:172.21.15.90:6789/0] conn(0x7f3de0108550 0x7f3de019b9b0 unknown :-1 s=BANNER_CONNECTING pgs=0 cs=0 l=1 rev1=0 crypto rx=0 tx=0 comp rx=0 tx=0)._handle_peer_banner_payload supported=3 required=0
2024-04-01T03:19:20.305 INFO:teuthology.orchestra.run.smithi090.stdout:/usr/bin/ceph: stderr
2024-04-01T03:19:19.501+0000 7f3dde59c700 1 --2- >> [v2:172.21.15.90:3300/0,v1:172.21.15.90:6789/0] conn(0x7f3de0108550 0x7f3de019b9b0 unknown :-1 s=HELLO_CONNECTING pgs=0 cs=0 l=1 rev1=1 crypto rx=0 tx=0 comp rx=0 tx=0).handle_hello peer v2:172.21.15.90:3300/0 says I am v2:172.21.15.90:44210/0 (socket says 172.21.15.90:44210)
2024-04-01T03:19:20.305 INFO:teuthology.orchestra.run.smithi090.stdout:/usr/bin/ceph: stderr
2024-04-01T03:19:19.501+0000 7f3dde59c700 1 -- 172.21.15.90:0/2599328813 learned_addr learned my addr 172.21.15.90:0/2599328813 (peer_addr_for_me v2:172.21.15.90:0/0)
2024-04-01T03:19:20.305 INFO:teuthology.orchestra.run.smithi090.stdout:/usr/bin/ceph: stderr
2024-04-01T03:19:19.501+0000 7f3dde59c700 1 -- 172.21.15.90:0/2599328813 --> [v2:172.21.15.90:3300/0,v1:172.21.15.90:6789/0] -- mon_subscribe({config=0+,monmap=0+}) -- 0x7f3de019bef0 con 0x7f3de0108550
2024-04-01T03:19:20.305 INFO:teuthology.orchestra.run.smithi090.stdout:/usr/bin/ceph: stderr
2024-04-01T03:19:19.501+0000 7f3dde59c700 1 --2- 172.21.15.90:0/2599328813 >> [v2:172.21.15.90:3300/0,v1:172.21.15.90:6789/0] conn(0x7f3de0108550 0x7f3de019b9b0 secure :-1 s=READY pgs=46 cs=0 l=1 rev1=1 crypto rx=0x7f3dd4011a50 tx=0x7f3dd4004290 comp rx=0 tx=0).ready entity=mon.0 client_cookie=0 server_cookie=0 in_seq=0 out_seq=0
2024-04-01T03:19:20.305 INFO:teuthology.orchestra.run.smithi090.stdout:/usr/bin/ceph: stderr
2024-04-01T03:19:19.502+0000 7f3dcf7fe700 1 -- 172.21.15.90:0/2599328813 <== mon.0 v2:172.21.15.90:3300/0 1 ==== mon_map magic: 0 ==== 205+0+0 (secure 0 0 0) 0x7f3dd40039f0 con 0x7f3de0108550
2024-04-01T03:19:20.305 INFO:teuthology.orchestra.run.smithi090.stdout:/usr/bin/ceph: stderr
2024-04-01T03:19:19.502+0000 7f3de4ac4700 1 -- 172.21.15.90:0/2599328813 --> [v2:172.21.15.90:3300/0,v1:172.21.15.90:6789/0] -- mon_subscribe({mgrmap=0+}) -- 0x7f3de019c1e0 con 0x7f3de0108550
2024-04-01T03:19:20.305 INFO:teuthology.orchestra.run.smithi090.stdout:/usr/bin/ceph: stderr
2024-04-01T03:19:19.502+0000 7f3dcf7fe700 1 -- 172.21.15.90:0/2599328813 <== mon.0 v2:172.21.15.90:3300/0 2 ==== config(26 keys) ==== 1071+0+0 (secure 0 0 0) 0x7f3dd4003b90 con 0x7f3de0108550
2024-04-01T03:19:20.305 INFO:teuthology.orchestra.run.smithi090.stdout:/usr/bin/ceph: stderr
2024-04-01T03:19:19.502+0000 7f3dcf7fe700 1 -- 172.21.15.90:0/2599328813 <== mon.0 v2:172.21.15.90:3300/0 3 ==== mon_map magic: 0 ==== 205+0+0 (secure 0 0 0) 0x7f3dd401a5a0 con 0x7f3de0108550
2024-04-01T03:19:20.305 INFO:teuthology.orchestra.run.smithi090.stdout:/usr/bin/ceph: stderr
2024-04-01T03:19:19.502+0000 7f3de4ac4700 1 -- 172.21.15.90:0/2599328813 --> [v2:172.21.15.90:3300/0,v1:172.21.15.90:6789/0] -- mon_subscribe({osdmap=0}) -- 0x7f3de019ee70 con 0x7f3de0108550
2024-04-01T03:19:20.305 INFO:teuthology.orchestra.run.smithi090.stdout:/usr/bin/ceph: stderr
2024-04-01T03:19:19.502+0000 7f3dcf7fe700 1 -- 172.21.15.90:0/2599328813 <== mon.0 v2:172.21.15.90:3300/0 4 ==== mgrmap(e 8) ==== 46116+0+0 (secure 0 0 0) 0x7f3dd401a8a0 con 0x7f3de0108550
2024-04-01T03:19:20.305 INFO:teuthology.orchestra.run.smithi090.stdout:/usr/bin/ceph: stderr
2024-04-01T03:19:19.503+0000 7f3dcf7fe700 1 --2- 172.21.15.90:0/2599328813 >> [v2:172.21.15.90:6800/3283864001,v1:172.21.15.90:6801/3283864001] conn(0x7f3dc8038e00 0x7f3dc803b2c0 unknown :-1 s=NONE pgs=0 cs=0 l=1 rev1=0 crypto rx=0 tx=0 comp rx=0 tx=0).connect
2024-04-01T03:19:20.305 INFO:teuthology.orchestra.run.smithi090.stdout:/usr/bin/ceph: stderr
2024-04-01T03:19:19.503+0000 7f3dcf7fe700 1 -- 172.21.15.90:0/2599328813 <== mon.0 v2:172.21.15.90:3300/0 5 ==== osd_map(2..2 src has 1..2) ==== 940+0+0 (secure 0 0 0) 0x7f3dd404d670 con 0x7f3de0108550
2024-04-01T03:19:20.305 INFO:teuthology.orchestra.run.smithi090.stdout:/usr/bin/ceph: stderr
2024-04-01T03:19:19.503+0000 7f3dddd9b700 1 --2- 172.21.15.90:0/2599328813 >> [v2:172.21.15.90:6800/3283864001,v1:172.21.15.90:6801/3283864001] conn(0x7f3dc8038e00 0x7f3dc803b2c0 unknown :-1 s=BANNER_CONNECTING pgs=0 cs=0 l=1 rev1=0 crypto rx=0 tx=0 comp rx=0 tx=0)._handle_peer_banner_payload supported=3 required=0
2024-04-01T03:19:20.306 INFO:teuthology.orchestra.run.smithi090.stdout:/usr/bin/ceph: stderr
2024-04-01T03:19:19.503+0000 7f3de4ac4700 1 -- 172.21.15.90:0/2599328813 --> [v2:172.21.15.90:3300/0,v1:172.21.15.90:6789/0] -- mon_command({"prefix": "get_command_descriptions"} v 0) -- 0x7f3de0063870 con 0x7f3de0108550
2024-04-01T03:19:20.306 INFO:teuthology.orchestra.run.smithi090.stdout:/usr/bin/ceph: stderr
2024-04-01T03:19:19.503+0000 7f3dddd9b700 1 --2- 172.21.15.90:0/2599328813 >> [v2:172.21.15.90:6800/3283864001,v1:172.21.15.90:6801/3283864001] conn(0x7f3dc8038e00 0x7f3dc803b2c0 secure :-1 s=READY pgs=12 cs=0 l=1 rev1=1 crypto rx=0x7f3dd0006fd0 tx=0x7f3dd0006e40 comp rx=0 tx=0).ready entity=mgr.14118 client_cookie=0 server_cookie=0 in_seq=0 out_seq=0
2024-04-01T03:19:20.306 INFO:teuthology.orchestra.run.smithi090.stdout:/usr/bin/ceph: stderr
2024-04-01T03:19:19.508+0000 7f3dcf7fe700 1 -- 172.21.15.90:0/2599328813 <== mon.0 v2:172.21.15.90:3300/0 6 ==== mon_command_ack([{"prefix": "get_command_descriptions"}]=0 v0) ==== 72+0+184932 (secure 0 0 0) 0x7f3dd402c350 con 0x7f3de0108550
2024-04-01T03:19:20.306 INFO:teuthology.orchestra.run.smithi090.stdout:/usr/bin/ceph: stderr
2024-04-01T03:19:19.717+0000 7f3de4ac4700 1 -- 172.21.15.90:0/2599328813 --> [v2:172.21.15.90:6800/3283864001,v1:172.21.15.90:6801/3283864001] -- mgr_command(tid 0: {"prefix": "orch apply", "service_type": "mon", "unmanaged": true, "target": ["mon-mgr", ""]}) -- 0x7f3de01031b0 con 0x7f3dc8038e00
2024-04-01T03:19:20.306 INFO:teuthology.orchestra.run.smithi090.stdout:/usr/bin/ceph: stderr
2024-04-01T03:19:19.722+0000 7f3dcf7fe700 1 -- 172.21.15.90:0/2599328813 <== mgr.14118 v2:172.21.15.90:6800/3283864001 1 ==== mgr_command_reply(tid 0: 0 ) ==== 8+0+24 (secure 0 0 0) 0x7f3de01031b0 con 0x7f3dc8038e00
2024-04-01T03:19:20.306 INFO:teuthology.orchestra.run.smithi090.stdout:/usr/bin/ceph: stderr
2024-04-01T03:19:19.724+0000 7f3de4ac4700 1 -- 172.21.15.90:0/2599328813 >> [v2:172.21.15.90:6800/3283864001,v1:172.21.15.90:6801/3283864001] conn(0x7f3dc8038e00 msgr2=0x7f3dc803b2c0 secure :-1 s=STATE_CONNECTION_ESTABLISHED l=1).mark_down
2024-04-01T03:19:20.306 INFO:teuthology.orchestra.run.smithi090.stdout:/usr/bin/ceph: stderr
2024-04-01T03:19:19.724+0000 7f3de4ac4700 1 --2- 172.21.15.90:0/2599328813 >> [v2:172.21.15.90:6800/3283864001,v1:172.21.15.90:6801/3283864001] conn(0x7f3dc8038e00 0x7f3dc803b2c0 secure :-1 s=READY pgs=12 cs=0 l=1 rev1=1 crypto rx=0x7f3dd0006fd0 tx=0x7f3dd0006e40 comp rx=0 tx=0).stop
2024-04-01T03:19:20.306 INFO:teuthology.orchestra.run.smithi090.stdout:/usr/bin/ceph: stderr
2024-04-01T03:19:19.724+0000 7f3de4ac4700 1 -- 172.21.15.90:0/2599328813 >> [v2:172.21.15.90:3300/0,v1:172.21.15.90:6789/0] conn(0x7f3de0108550 msgr2=0x7f3de019b9b0 secure :-1 s=STATE_CONNECTION_ESTABLISHED l=1).mark_down
2024-04-01T03:19:20.306 INFO:teuthology.orchestra.run.smithi090.stdout:/usr/bin/ceph: stderr
2024-04-01T03:19:19.724+0000 7f3de4ac4700 1 --2- 172.21.15.90:0/2599328813 >> [v2:172.21.15.90:3300/0,v1:172.21.15.90:6789/0] conn(0x7f3de0108550 0x7f3de019b9b0 secure :-1 s=READY pgs=46 cs=0 l=1 rev1=1 crypto rx=0x7f3dd4011a50 tx=0x7f3dd4004290 comp rx=0 tx=0).stop
2024-04-01T03:19:20.306 INFO:teuthology.orchestra.run.smithi090.stdout:/usr/bin/ceph: stderr
2024-04-01T03:19:19.724+0000 7f3de4ac4700 1 -- 172.21.15.90:0/2599328813 shutdown_connections
2024-04-01T03:19:20.306 INFO:teuthology.orchestra.run.smithi090.stdout:/usr/bin/ceph: stderr
2024-04-01T03:19:19.724+0000 7f3de4ac4700 1 --2- 172.21.15.90:0/2599328813 >> [v2:172.21.15.90:6800/3283864001,v1:172.21.15.90:6801/3283864001] conn(0x7f3dc8038e00 0x7f3dc803b2c0 unknown :-1 s=CLOSED pgs=12 cs=0 l=1 rev1=1 crypto rx=0 tx=0 comp rx=0 tx=0).stop
2024-04-01T03:19:20.306 INFO:teuthology.orchestra.run.smithi090.stdout:/usr/bin/ceph: stderr
2024-04-01T03:19:19.724+0000 7f3de4ac4700 1 --2- 172.21.15.90:0/2599328813 >> [v2:172.21.15.90:3300/0,v1:172.21.15.90:6789/0] conn(0x7f3de0108550 0x7f3de019b9b0 unknown :-1 s=CLOSED pgs=46 cs=0 l=1 rev1=1 crypto rx=0 tx=0 comp rx=0 tx=0).stop
2024-04-01T03:19:20.306 INFO:teuthology.orchestra.run.smithi090.stdout:/usr/bin/ceph: stderr
2024-04-01T03:19:19.724+0000 7f3de4ac4700 1 -- 172.21.15.90:0/2599328813 >> 172.21.15.90:0/2599328813 conn(0x7f3de0101f60 msgr2=0x7f3de0102aa0 unknown :-1 s=STATE_NONE l=0).mark_down
2024-04-01T03:19:20.306 INFO:teuthology.orchestra.run.smithi090.stdout:/usr/bin/ceph: stderr
2024-04-01T03:19:19.724+0000 7f3de4ac4700 1 -- 172.21.15.90:0/2599328813 shutdown_connections
2024-04-01T03:19:20.307 INFO:teuthology.orchestra.run.smithi090.stdout:/usr/bin/ceph: stderr
2024-04-01T03:19:19.724+0000 7f3de4ac4700 1 -- 172.21.15.90:0/2599328813 wait complete.
2024-04-01T03:19:20.307 INFO:teuthology.orchestra.run.smithi090.stdout:Deploying unmanaged mgr service...
2024-04-01T03:19:20.896 INFO:journalctl@ceph.mon.a.smithi090.stdout:Apr 01 03:19:20 smithi090 ceph-mon[32018]: from='client.14140 -' entity='client.admin' cmd=[{"prefix": "orch apply", "service_type": "mon", "unmanaged": true, "target": ["mon-mgr", ""]}]: dispatch
2024-04-01T03:19:20.896 INFO:journalctl@ceph.mon.a.smithi090.stdout:Apr 01 03:19:20 smithi090 ceph-mon[32018]: Saving service mon spec with placement count:5
2024-04-01T03:19:20.896 INFO:journalctl@ceph.mon.a.smithi090.stdout:Apr 01 03:19:20 smithi090 ceph-mon[32018]: from='mgr.14118 172.21.15.90:0/4001733534' entity='mgr.x'
2024-04-01T03:19:22.161 INFO:teuthology.orchestra.run.smithi090.stdout:/usr/bin/ceph: stdout Scheduled mgr update...
2024-04-01T03:19:22.162 INFO:teuthology.orchestra.run.smithi090.stdout:/usr/bin/ceph: stderr
2024-04-01T03:19:20.702+0000 7f5117ee8700 1 Processor -- start
2024-04-01T03:19:22.162 INFO:teuthology.orchestra.run.smithi090.stdout:/usr/bin/ceph: stderr
2024-04-01T03:19:20.702+0000 7f5117ee8700 1 -- start start
2024-04-01T03:19:22.162 INFO:teuthology.orchestra.run.smithi090.stdout:/usr/bin/ceph: stderr
2024-04-01T03:19:20.702+0000 7f5117ee8700 1 --2- >> [v2:172.21.15.90:3300/0,v1:172.21.15.90:6789/0] conn(0x7f5110105d60 0x7f5110106180 unknown :-1 s=NONE pgs=0 cs=0 l=0 rev1=0 crypto rx=0 tx=0 comp rx=0 tx=0).connect
2024-04-01T03:19:22.162 INFO:teuthology.orchestra.run.smithi090.stdout:/usr/bin/ceph: stderr
2024-04-01T03:19:20.702+0000 7f5117ee8700 1 -- --> [v2:172.21.15.90:3300/0,v1:172.21.15.90:6789/0] -- mon_getmap magic: 0 -- 0x7f5110106750 con 0x7f5110105d60
2024-04-01T03:19:22.162 INFO:teuthology.orchestra.run.smithi090.stdout:/usr/bin/ceph: stderr
2024-04-01T03:19:20.702+0000 7f5115c84700 1 --2- >> [v2:172.21.15.90:3300/0,v1:172.21.15.90:6789/0] conn(0x7f5110105d60 0x7f5110106180 unknown :-1 s=BANNER_CONNECTING pgs=0 cs=0 l=0 rev1=0 crypto rx=0 tx=0 comp rx=0 tx=0)._handle_peer_banner_payload supported=3 required=0
2024-04-01T03:19:22.162 INFO:teuthology.orchestra.run.smithi090.stdout:/usr/bin/ceph: stderr
2024-04-01T03:19:20.702+0000 7f5115c84700 1 --2- >> [v2:172.21.15.90:3300/0,v1:172.21.15.90:6789/0] conn(0x7f5110105d60 0x7f5110106180 unknown :-1 s=HELLO_CONNECTING pgs=0 cs=0 l=0 rev1=1 crypto rx=0 tx=0 comp rx=0 tx=0).handle_hello peer v2:172.21.15.90:3300/0 says I am v2:172.21.15.90:41212/0 (socket says 172.21.15.90:41212)
2024-04-01T03:19:22.162 INFO:teuthology.orchestra.run.smithi090.stdout:/usr/bin/ceph: stderr
2024-04-01T03:19:20.703+0000 7f5115c84700 1 -- 172.21.15.90:0/3343124042 learned_addr learned my addr 172.21.15.90:0/3343124042 (peer_addr_for_me v2:172.21.15.90:0/0)
2024-04-01T03:19:22.162 INFO:teuthology.orchestra.run.smithi090.stdout:/usr/bin/ceph: stderr
2024-04-01T03:19:20.703+0000 7f5115c84700 1 -- 172.21.15.90:0/3343124042 --> [v2:172.21.15.90:3300/0,v1:172.21.15.90:6789/0] -- mon_subscribe({config=0+,monmap=0+}) -- 0x7f51101068d0 con 0x7f5110105d60
2024-04-01T03:19:22.162 INFO:teuthology.orchestra.run.smithi090.stdout:/usr/bin/ceph: stderr
2024-04-01T03:19:20.703+0000 7f5115c84700 1 --2- 172.21.15.90:0/3343124042 >> [v2:172.21.15.90:3300/0,v1:172.21.15.90:6789/0] conn(0x7f5110105d60 0x7f5110106180 secure :-1 s=READY pgs=47 cs=0 l=1 rev1=1 crypto rx=0x7f51000098a0 tx=0x7f5100009bb0 comp rx=0 tx=0).ready entity=mon.0 client_cookie=240b5fc1bd4a5ab4 server_cookie=0 in_seq=0 out_seq=0
2024-04-01T03:19:22.162 INFO:teuthology.orchestra.run.smithi090.stdout:/usr/bin/ceph: stderr
2024-04-01T03:19:20.703+0000 7f5114c82700 1 -- 172.21.15.90:0/3343124042 <== mon.0 v2:172.21.15.90:3300/0 1 ==== mon_map magic: 0 ==== 205+0+0 (secure 0 0 0) 0x7f5100004160 con 0x7f5110105d60
2024-04-01T03:19:22.162 INFO:teuthology.orchestra.run.smithi090.stdout:/usr/bin/ceph: stderr
2024-04-01T03:19:20.703+0000 7f5114c82700 1 -- 172.21.15.90:0/3343124042 <== mon.0 v2:172.21.15.90:3300/0 2 ==== config(26 keys) ==== 1071+0+0 (secure 0 0 0) 0x7f5100004300 con 0x7f5110105d60
2024-04-01T03:19:22.162 INFO:teuthology.orchestra.run.smithi090.stdout:/usr/bin/ceph: stderr
2024-04-01T03:19:20.703+0000 7f5114c82700 1 -- 172.21.15.90:0/3343124042 <== mon.0 v2:172.21.15.90:3300/0 3 ==== mon_map magic: 0 ==== 205+0+0 (secure 0 0 0) 0x7f5100011a80 con 0x7f5110105d60
2024-04-01T03:19:22.162 INFO:teuthology.orchestra.run.smithi090.stdout:/usr/bin/ceph: stderr
2024-04-01T03:19:20.704+0000 7f5117ee8700 1 -- 172.21.15.90:0/3343124042 >> [v2:172.21.15.90:3300/0,v1:172.21.15.90:6789/0] conn(0x7f5110105d60 msgr2=0x7f5110106180 secure :-1 s=STATE_CONNECTION_ESTABLISHED l=1).mark_down
2024-04-01T03:19:22.162 INFO:teuthology.orchestra.run.smithi090.stdout:/usr/bin/ceph: stderr
2024-04-01T03:19:20.704+0000 7f5117ee8700 1 --2- 172.21.15.90:0/3343124042 >> [v2:172.21.15.90:3300/0,v1:172.21.15.90:6789/0] conn(0x7f5110105d60 0x7f5110106180 secure :-1 s=READY pgs=47 cs=0 l=1 rev1=1 crypto rx=0x7f51000098a0 tx=0x7f5100009bb0 comp rx=0 tx=0).stop
2024-04-01T03:19:22.163 INFO:teuthology.orchestra.run.smithi090.stdout:/usr/bin/ceph: stderr
2024-04-01T03:19:20.704+0000 7f5117ee8700 1 -- 172.21.15.90:0/3343124042 shutdown_connections
2024-04-01T03:19:22.163 INFO:teuthology.orchestra.run.smithi090.stdout:/usr/bin/ceph: stderr
2024-04-01T03:19:20.704+0000 7f5117ee8700 1 --2- 172.21.15.90:0/3343124042 >> [v2:172.21.15.90:3300/0,v1:172.21.15.90:6789/0] conn(0x7f5110105d60 0x7f5110106180 unknown :-1 s=CLOSED pgs=47 cs=0 l=1 rev1=1 crypto rx=0 tx=0 comp rx=0 tx=0).stop
2024-04-01T03:19:22.163 INFO:teuthology.orchestra.run.smithi090.stdout:/usr/bin/ceph: stderr
2024-04-01T03:19:20.704+0000 7f5117ee8700 1 -- 172.21.15.90:0/3343124042 >> 172.21.15.90:0/3343124042 conn(0x7f5110101760 msgr2=0x7f5110103b80 unknown :-1 s=STATE_NONE l=0).mark_down
2024-04-01T03:19:22.163 INFO:teuthology.orchestra.run.smithi090.stdout:/usr/bin/ceph: stderr
2024-04-01T03:19:20.704+0000 7f5117ee8700 1 -- 172.21.15.90:0/3343124042 shutdown_connections
2024-04-01T03:19:22.163 INFO:teuthology.orchestra.run.smithi090.stdout:/usr/bin/ceph: stderr
2024-04-01T03:19:20.704+0000 7f5117ee8700 1 -- 172.21.15.90:0/3343124042 wait complete.
2024-04-01T03:19:22.163 INFO:teuthology.orchestra.run.smithi090.stdout:/usr/bin/ceph: stderr
2024-04-01T03:19:20.704+0000 7f5117ee8700 1 Processor -- start
2024-04-01T03:19:22.163 INFO:teuthology.orchestra.run.smithi090.stdout:/usr/bin/ceph: stderr
2024-04-01T03:19:20.704+0000 7f5117ee8700 1 -- start start
2024-04-01T03:19:22.163 INFO:teuthology.orchestra.run.smithi090.stdout:/usr/bin/ceph: stderr
2024-04-01T03:19:20.705+0000 7f5117ee8700 1 --2- >> [v2:172.21.15.90:3300/0,v1:172.21.15.90:6789/0] conn(0x7f5110105d60 0x7f5110108660 unknown :-1 s=NONE pgs=0 cs=0 l=1 rev1=0 crypto rx=0 tx=0 comp rx=0 tx=0).connect
2024-04-01T03:19:22.163 INFO:teuthology.orchestra.run.smithi090.stdout:/usr/bin/ceph: stderr
2024-04-01T03:19:20.705+0000 7f5117ee8700 1 -- --> [v2:172.21.15.90:3300/0,v1:172.21.15.90:6789/0] -- mon_getmap magic: 0 -- 0x7f5110109c40 con 0x7f5110105d60
2024-04-01T03:19:22.163 INFO:teuthology.orchestra.run.smithi090.stdout:/usr/bin/ceph: stderr
2024-04-01T03:19:20.705+0000 7f5115c84700 1 --2- >> [v2:172.21.15.90:3300/0,v1:172.21.15.90:6789/0] conn(0x7f5110105d60 0x7f5110108660 unknown :-1 s=BANNER_CONNECTING pgs=0 cs=0 l=1 rev1=0 crypto rx=0 tx=0 comp rx=0 tx=0)._handle_peer_banner_payload supported=3 required=0
2024-04-01T03:19:22.163 INFO:teuthology.orchestra.run.smithi090.stdout:/usr/bin/ceph: stderr
2024-04-01T03:19:20.705+0000 7f5115c84700 1 --2- >> [v2:172.21.15.90:3300/0,v1:172.21.15.90:6789/0] conn(0x7f5110105d60 0x7f5110108660 unknown :-1 s=HELLO_CONNECTING pgs=0 cs=0 l=1 rev1=1 crypto rx=0 tx=0 comp rx=0 tx=0).handle_hello peer v2:172.21.15.90:3300/0 says I am v2:172.21.15.90:41218/0 (socket says 172.21.15.90:41218)
2024-04-01T03:19:22.163 INFO:teuthology.orchestra.run.smithi090.stdout:/usr/bin/ceph: stderr
2024-04-01T03:19:20.705+0000 7f5115c84700 1 -- 172.21.15.90:0/3493002049 learned_addr learned my addr 172.21.15.90:0/3493002049 (peer_addr_for_me v2:172.21.15.90:0/0)
2024-04-01T03:19:22.163 INFO:teuthology.orchestra.run.smithi090.stdout:/usr/bin/ceph: stderr
2024-04-01T03:19:20.705+0000 7f5115c84700 1 -- 172.21.15.90:0/3493002049 --> [v2:172.21.15.90:3300/0,v1:172.21.15.90:6789/0] -- mon_subscribe({config=0+,monmap=0+}) -- 0x7f5110108ba0 con 0x7f5110105d60
2024-04-01T03:19:22.163 INFO:teuthology.orchestra.run.smithi090.stdout:/usr/bin/ceph: stderr
2024-04-01T03:19:20.705+0000 7f5115c84700 1 --2- 172.21.15.90:0/3493002049 >> [v2:172.21.15.90:3300/0,v1:172.21.15.90:6789/0] conn(0x7f5110105d60 0x7f5110108660 secure :-1 s=READY pgs=48 cs=0 l=1 rev1=1 crypto rx=0x7f5100011740 tx=0x7f5100011b00 comp rx=0 tx=0).ready entity=mon.0 client_cookie=0 server_cookie=0 in_seq=0 out_seq=0
2024-04-01T03:19:22.163 INFO:teuthology.orchestra.run.smithi090.stdout:/usr/bin/ceph: stderr
2024-04-01T03:19:20.705+0000 7f5106ffd700 1 -- 172.21.15.90:0/3493002049 <== mon.0 v2:172.21.15.90:3300/0 1 ==== mon_map magic: 0 ==== 205+0+0 (secure 0 0 0) 0x7f5100003af0 con 0x7f5110105d60
2024-04-01T03:19:22.164 INFO:teuthology.orchestra.run.smithi090.stdout:/usr/bin/ceph: stderr
2024-04-01T03:19:20.705+0000 7f5106ffd700 1 -- 172.21.15.90:0/3493002049 <== mon.0 v2:172.21.15.90:3300/0 2 ==== config(26 keys) ==== 1071+0+0 (secure 0 0 0) 0x7f5100003c90 con 0x7f5110105d60
2024-04-01T03:19:22.164 INFO:teuthology.orchestra.run.smithi090.stdout:/usr/bin/ceph: stderr
2024-04-01T03:19:20.705+0000 7f5106ffd700 1 -- 172.21.15.90:0/3493002049 <== mon.0 v2:172.21.15.90:3300/0 3 ==== mon_map magic: 0 ==== 205+0+0 (secure 0 0 0) 0x7f51000247d0 con 0x7f5110105d60
2024-04-01T03:19:22.164 INFO:teuthology.orchestra.run.smithi090.stdout:/usr/bin/ceph: stderr
2024-04-01T03:19:20.705+0000 7f5117ee8700 1 -- 172.21.15.90:0/3493002049 --> [v2:172.21.15.90:3300/0,v1:172.21.15.90:6789/0] -- mon_subscribe({mgrmap=0+}) -- 0x7f5110106d90 con 0x7f5110105d60
2024-04-01T03:19:22.164 INFO:teuthology.orchestra.run.smithi090.stdout:/usr/bin/ceph: stderr
2024-04-01T03:19:20.705+0000 7f5117ee8700 1 -- 172.21.15.90:0/3493002049 --> [v2:172.21.15.90:3300/0,v1:172.21.15.90:6789/0] -- mon_subscribe({osdmap=0}) -- 0x7f51101072d0 con 0x7f5110105d60
2024-04-01T03:19:22.164 INFO:teuthology.orchestra.run.smithi090.stdout:/usr/bin/ceph: stderr
2024-04-01T03:19:20.706+0000 7f5106ffd700 1 -- 172.21.15.90:0/3493002049 <== mon.0 v2:172.21.15.90:3300/0 4 ==== mgrmap(e 8) ==== 46116+0+0 (secure 0 0 0) 0x7f5100022020 con 0x7f5110105d60
2024-04-01T03:19:22.164 INFO:teuthology.orchestra.run.smithi090.stdout:/usr/bin/ceph: stderr
2024-04-01T03:19:20.706+0000 7f5117ee8700 1 -- 172.21.15.90:0/3493002049 --> [v2:172.21.15.90:3300/0,v1:172.21.15.90:6789/0] -- mon_command({"prefix": "get_command_descriptions"} v 0) -- 0x7f5110063870 con 0x7f5110105d60
2024-04-01T03:19:22.164 INFO:teuthology.orchestra.run.smithi090.stdout:/usr/bin/ceph: stderr
2024-04-01T03:19:20.706+0000 7f5106ffd700 1 --2- 172.21.15.90:0/3493002049 >> [v2:172.21.15.90:6800/3283864001,v1:172.21.15.90:6801/3283864001] conn(0x7f50fc038db0 0x7f50fc03b270 unknown :-1 s=NONE pgs=0 cs=0 l=1 rev1=0 crypto rx=0 tx=0 comp rx=0 tx=0).connect
2024-04-01T03:19:22.164 INFO:teuthology.orchestra.run.smithi090.stdout:/usr/bin/ceph: stderr
2024-04-01T03:19:20.706+0000 7f5106ffd700 1 -- 172.21.15.90:0/3493002049 <== mon.0 v2:172.21.15.90:3300/0 5 ==== osd_map(2..2 src has 1..2) ==== 940+0+0 (secure 0 0 0) 0x7f510004cf70 con 0x7f5110105d60
2024-04-01T03:19:22.164 INFO:teuthology.orchestra.run.smithi090.stdout:/usr/bin/ceph: stderr
