2024-04-07T20:32:56.990+0000 7f1877753700 1 -- 172.21.15.18:0/1121797377 shutdown_connections
2024-04-07T20:32:57.580 INFO:teuthology.orchestra.run.smithi018.stdout:/usr/bin/ceph: stderr
2024-04-07T20:32:56.990+0000 7f1877753700 1 --2- 172.21.15.18:0/1121797377 >> [v2:172.21.15.18:6800/1825978381,v1:172.21.15.18:6801/1825978381] conn(0x7f185c036790 0x7f185c038c40 unknown :-1 s=CLOSED pgs=8 cs=0 l=1 rev1=1 crypto rx=0 tx=0 comp rx=0 tx=0).stop
2024-04-07T20:32:57.580 INFO:teuthology.orchestra.run.smithi018.stdout:/usr/bin/ceph: stderr
2024-04-07T20:32:56.990+0000 7f1877753700 1 --2- 172.21.15.18:0/1121797377 >> [v2:172.21.15.18:3300/0,v1:172.21.15.18:6789/0] conn(0x7f1870102910 0x7f1870078c40 unknown :-1 s=CLOSED pgs=23 cs=0 l=1 rev1=1 crypto rx=0 tx=0 comp rx=0 tx=0).stop
2024-04-07T20:32:57.580 INFO:teuthology.orchestra.run.smithi018.stdout:/usr/bin/ceph: stderr
2024-04-07T20:32:56.990+0000 7f1877753700 1 -- 172.21.15.18:0/1121797377 >> 172.21.15.18:0/1121797377 conn(0x7f18700fe070 msgr2=0x7f18700feb80 unknown :-1 s=STATE_NONE l=0).mark_down
2024-04-07T20:32:57.580 INFO:teuthology.orchestra.run.smithi018.stdout:/usr/bin/ceph: stderr
2024-04-07T20:32:56.990+0000 7f1877753700 1 -- 172.21.15.18:0/1121797377 shutdown_connections
2024-04-07T20:32:57.580 INFO:teuthology.orchestra.run.smithi018.stdout:/usr/bin/ceph: stderr
2024-04-07T20:32:56.990+0000 7f1877753700 1 -- 172.21.15.18:0/1121797377 wait complete.
2024-04-07T20:32:58.203 INFO:journalctl@ceph.mon.smithi018.smithi018.stdout:Apr 07 20:32:57 smithi018 ceph-mon[29599]: from='client.? 172.21.15.18:0/1121797377' entity='client.admin' cmd='[{"prefix": "mgr module enable", "module": "cephadm"}]': finished
2024-04-07T20:32:58.203 INFO:journalctl@ceph.mon.smithi018.smithi018.stdout:Apr 07 20:32:57 smithi018 ceph-mon[29599]: mgrmap e5: smithi018.tkhfhx(active, since 6s)
2024-04-07T20:32:58.846 INFO:teuthology.orchestra.run.smithi018.stdout:/usr/bin/ceph: stdout {
2024-04-07T20:32:58.847 INFO:teuthology.orchestra.run.smithi018.stdout:/usr/bin/ceph: stdout "epoch": 5,
2024-04-07T20:32:58.847 INFO:teuthology.orchestra.run.smithi018.stdout:/usr/bin/ceph: stdout "available": true,
2024-04-07T20:32:58.847 INFO:teuthology.orchestra.run.smithi018.stdout:/usr/bin/ceph: stdout "active_name": "smithi018.tkhfhx",
2024-04-07T20:32:58.847 INFO:teuthology.orchestra.run.smithi018.stdout:/usr/bin/ceph: stdout "num_standby": 0
2024-04-07T20:32:58.847 INFO:teuthology.orchestra.run.smithi018.stdout:/usr/bin/ceph: stdout }
2024-04-07T20:32:58.847 INFO:teuthology.orchestra.run.smithi018.stdout:/usr/bin/ceph: stderr
2024-04-07T20:32:57.998+0000 7fa8278e2700 1 Processor -- start
2024-04-07T20:32:58.847 INFO:teuthology.orchestra.run.smithi018.stdout:/usr/bin/ceph: stderr
2024-04-07T20:32:57.998+0000 7fa8278e2700 1 -- start start
2024-04-07T20:32:58.847 INFO:teuthology.orchestra.run.smithi018.stdout:/usr/bin/ceph: stderr
2024-04-07T20:32:57.998+0000 7fa8278e2700 1 --2- >> [v2:172.21.15.18:3300/0,v1:172.21.15.18:6789/0] conn(0x7fa820071290 0x7fa820107900 unknown :-1 s=NONE pgs=0 cs=0 l=0 rev1=0 crypto rx=0 tx=0 comp rx=0 tx=0).connect
2024-04-07T20:32:58.847 INFO:teuthology.orchestra.run.smithi018.stdout:/usr/bin/ceph: stderr
2024-04-07T20:32:57.998+0000 7fa8278e2700 1 -- --> [v2:172.21.15.18:3300/0,v1:172.21.15.18:6789/0] -- mon_getmap magic: 0 v1 -- 0x7fa8200716a0 con 0x7fa820071290
2024-04-07T20:32:58.847 INFO:teuthology.orchestra.run.smithi018.stdout:/usr/bin/ceph: stderr
2024-04-07T20:32:57.999+0000 7fa82567e700 1 --2- >> [v2:172.21.15.18:3300/0,v1:172.21.15.18:6789/0] conn(0x7fa820071290 0x7fa820107900 unknown :-1 s=BANNER_CONNECTING pgs=0 cs=0 l=0 rev1=0 crypto rx=0 tx=0 comp rx=0 tx=0)._handle_peer_banner_payload supported=3 required=0
2024-04-07T20:32:58.847 INFO:teuthology.orchestra.run.smithi018.stdout:/usr/bin/ceph: stderr
2024-04-07T20:32:57.999+0000 7fa82567e700 1 --2- >> [v2:172.21.15.18:3300/0,v1:172.21.15.18:6789/0] conn(0x7fa820071290 0x7fa820107900 unknown :-1 s=HELLO_CONNECTING pgs=0 cs=0 l=0 rev1=1 crypto rx=0 tx=0 comp rx=0 tx=0).handle_hello peer v2:172.21.15.18:3300/0 says I am v2:172.21.15.18:37556/0 (socket says 172.21.15.18:37556)
2024-04-07T20:32:58.847 INFO:teuthology.orchestra.run.smithi018.stdout:/usr/bin/ceph: stderr
2024-04-07T20:32:57.999+0000 7fa82567e700 1 -- 172.21.15.18:0/316564686 learned_addr learned my addr 172.21.15.18:0/316564686 (peer_addr_for_me v2:172.21.15.18:0/0)
2024-04-07T20:32:58.847 INFO:teuthology.orchestra.run.smithi018.stdout:/usr/bin/ceph: stderr
2024-04-07T20:32:57.999+0000 7fa82567e700 1 -- 172.21.15.18:0/316564686 --> [v2:172.21.15.18:3300/0,v1:172.21.15.18:6789/0] -- mon_subscribe({config=0+,monmap=0+}) v3 -- 0x7fa8201032f0 con 0x7fa820071290
2024-04-07T20:32:58.848 INFO:teuthology.orchestra.run.smithi018.stdout:/usr/bin/ceph: stderr
2024-04-07T20:32:57.999+0000 7fa82567e700 1 --2- 172.21.15.18:0/316564686 >> [v2:172.21.15.18:3300/0,v1:172.21.15.18:6789/0] conn(0x7fa820071290 0x7fa820107900 secure :-1 s=READY pgs=26 cs=0 l=1 rev1=1 crypto rx=0x7fa81c0098e0 tx=0x7fa81c009250 comp rx=0 tx=0).ready entity=mon.0 client_cookie=d964953acf73c389 server_cookie=0 in_seq=0 out_seq=0
2024-04-07T20:32:58.848 INFO:teuthology.orchestra.run.smithi018.stdout:/usr/bin/ceph: stderr
2024-04-07T20:32:57.999+0000 7fa813fff700 1 -- 172.21.15.18:0/316564686 <== mon.0 v2:172.21.15.18:3300/0 1 ==== mon_map magic: 0 v1 ==== 229+0+0 (secure 0 0 0) 0x7fa81c00b860 con 0x7fa820071290
2024-04-07T20:32:58.848 INFO:teuthology.orchestra.run.smithi018.stdout:/usr/bin/ceph: stderr
2024-04-07T20:32:57.999+0000 7fa813fff700 1 -- 172.21.15.18:0/316564686 <== mon.0 v2:172.21.15.18:3300/0 2 ==== config(27 keys) v1 ==== 1044+0+0 (secure 0 0 0) 0x7fa81c00be50 con 0x7fa820071290
2024-04-07T20:32:58.848 INFO:teuthology.orchestra.run.smithi018.stdout:/usr/bin/ceph: stderr
2024-04-07T20:32:57.999+0000 7fa813fff700 1 -- 172.21.15.18:0/316564686 <== mon.0 v2:172.21.15.18:3300/0 3 ==== mon_map magic: 0 v1 ==== 229+0+0 (secure 0 0 0) 0x7fa81c010380 con 0x7fa820071290
2024-04-07T20:32:58.848 INFO:teuthology.orchestra.run.smithi018.stdout:/usr/bin/ceph: stderr
2024-04-07T20:32:58.000+0000 7fa8278e2700 1 -- 172.21.15.18:0/316564686 >> [v2:172.21.15.18:3300/0,v1:172.21.15.18:6789/0] conn(0x7fa820071290 msgr2=0x7fa820107900 secure :-1 s=STATE_CONNECTION_ESTABLISHED l=1).mark_down
2024-04-07T20:32:58.848 INFO:teuthology.orchestra.run.smithi018.stdout:/usr/bin/ceph: stderr
2024-04-07T20:32:58.000+0000 7fa8278e2700 1 --2- 172.21.15.18:0/316564686 >> [v2:172.21.15.18:3300/0,v1:172.21.15.18:6789/0] conn(0x7fa820071290 0x7fa820107900 secure :-1 s=READY pgs=26 cs=0 l=1 rev1=1 crypto rx=0x7fa81c0098e0 tx=0x7fa81c009250 comp rx=0 tx=0).stop
2024-04-07T20:32:58.848 INFO:teuthology.orchestra.run.smithi018.stdout:/usr/bin/ceph: stderr
2024-04-07T20:32:58.000+0000 7fa8278e2700 1 -- 172.21.15.18:0/316564686 shutdown_connections
2024-04-07T20:32:58.848 INFO:teuthology.orchestra.run.smithi018.stdout:/usr/bin/ceph: stderr
2024-04-07T20:32:58.000+0000 7fa8278e2700 1 --2- 172.21.15.18:0/316564686 >> [v2:172.21.15.18:3300/0,v1:172.21.15.18:6789/0] conn(0x7fa820071290 0x7fa820107900 unknown :-1 s=CLOSED pgs=26 cs=0 l=1 rev1=1 crypto rx=0 tx=0 comp rx=0 tx=0).stop
2024-04-07T20:32:58.848 INFO:teuthology.orchestra.run.smithi018.stdout:/usr/bin/ceph: stderr
2024-04-07T20:32:58.000+0000 7fa8278e2700 1 -- 172.21.15.18:0/316564686 >> 172.21.15.18:0/316564686 conn(0x7fa8200fcfb0 msgr2=0x7fa8200ff3c0 unknown :-1 s=STATE_NONE l=0).mark_down
2024-04-07T20:32:58.848 INFO:teuthology.orchestra.run.smithi018.stdout:/usr/bin/ceph: stderr
2024-04-07T20:32:58.000+0000 7fa8278e2700 1 -- 172.21.15.18:0/316564686 shutdown_connections
2024-04-07T20:32:58.848 INFO:teuthology.orchestra.run.smithi018.stdout:/usr/bin/ceph: stderr
2024-04-07T20:32:58.000+0000 7fa8278e2700 1 -- 172.21.15.18:0/316564686 wait complete.
2024-04-07T20:32:58.848 INFO:teuthology.orchestra.run.smithi018.stdout:/usr/bin/ceph: stderr
2024-04-07T20:32:58.001+0000 7fa8278e2700 1 Processor -- start
2024-04-07T20:32:58.848 INFO:teuthology.orchestra.run.smithi018.stdout:/usr/bin/ceph: stderr
2024-04-07T20:32:58.001+0000 7fa8278e2700 1 -- start start
2024-04-07T20:32:58.848 INFO:teuthology.orchestra.run.smithi018.stdout:/usr/bin/ceph: stderr
2024-04-07T20:32:58.001+0000 7fa8278e2700 1 --2- >> [v2:172.21.15.18:3300/0,v1:172.21.15.18:6789/0] conn(0x7fa820071290 0x7fa8201138e0 unknown :-1 s=NONE pgs=0 cs=0 l=1 rev1=0 crypto rx=0 tx=0 comp rx=0 tx=0).connect
2024-04-07T20:32:58.848 INFO:teuthology.orchestra.run.smithi018.stdout:/usr/bin/ceph: stderr
2024-04-07T20:32:58.001+0000 7fa8278e2700 1 -- --> [v2:172.21.15.18:3300/0,v1:172.21.15.18:6789/0] -- mon_getmap magic: 0 v1 -- 0x7fa820113e20 con 0x7fa820071290
2024-04-07T20:32:58.848 INFO:teuthology.orchestra.run.smithi018.stdout:/usr/bin/ceph: stderr
2024-04-07T20:32:58.001+0000 7fa82567e700 1 --2- >> [v2:172.21.15.18:3300/0,v1:172.21.15.18:6789/0] conn(0x7fa820071290 0x7fa8201138e0 unknown :-1 s=BANNER_CONNECTING pgs=0 cs=0 l=1 rev1=0 crypto rx=0 tx=0 comp rx=0 tx=0)._handle_peer_banner_payload supported=3 required=0
2024-04-07T20:32:58.849 INFO:teuthology.orchestra.run.smithi018.stdout:/usr/bin/ceph: stderr
2024-04-07T20:32:58.001+0000 7fa82567e700 1 --2- >> [v2:172.21.15.18:3300/0,v1:172.21.15.18:6789/0] conn(0x7fa820071290 0x7fa8201138e0 unknown :-1 s=HELLO_CONNECTING pgs=0 cs=0 l=1 rev1=1 crypto rx=0 tx=0 comp rx=0 tx=0).handle_hello peer v2:172.21.15.18:3300/0 says I am v2:172.21.15.18:37560/0 (socket says 172.21.15.18:37560)
2024-04-07T20:32:58.849 INFO:teuthology.orchestra.run.smithi018.stdout:/usr/bin/ceph: stderr
2024-04-07T20:32:58.001+0000 7fa82567e700 1 -- 172.21.15.18:0/4069048649 learned_addr learned my addr 172.21.15.18:0/4069048649 (peer_addr_for_me v2:172.21.15.18:0/0)
2024-04-07T20:32:58.849 INFO:teuthology.orchestra.run.smithi018.stdout:/usr/bin/ceph: stderr
2024-04-07T20:32:58.001+0000 7fa82567e700 1 -- 172.21.15.18:0/4069048649 --> [v2:172.21.15.18:3300/0,v1:172.21.15.18:6789/0] -- mon_subscribe({config=0+,monmap=0+}) v3 -- 0x7fa81c0094f0 con 0x7fa820071290
2024-04-07T20:32:58.849 INFO:teuthology.orchestra.run.smithi018.stdout:/usr/bin/ceph: stderr
2024-04-07T20:32:58.001+0000 7fa82567e700 1 --2- 172.21.15.18:0/4069048649 >> [v2:172.21.15.18:3300/0,v1:172.21.15.18:6789/0] conn(0x7fa820071290 0x7fa8201138e0 secure :-1 s=READY pgs=27 cs=0 l=1 rev1=1 crypto rx=0x7fa81c011bd0 tx=0x7fa81c009250 comp rx=0 tx=0).ready entity=mon.0 client_cookie=0 server_cookie=0 in_seq=0 out_seq=0
2024-04-07T20:32:58.849 INFO:teuthology.orchestra.run.smithi018.stdout:/usr/bin/ceph: stderr
2024-04-07T20:32:58.001+0000 7fa811ffb700 1 -- 172.21.15.18:0/4069048649 <== mon.0 v2:172.21.15.18:3300/0 1 ==== mon_map magic: 0 v1 ==== 229+0+0 (secure 0 0 0) 0x7fa81c0107c0 con 0x7fa820071290
2024-04-07T20:32:58.849 INFO:teuthology.orchestra.run.smithi018.stdout:/usr/bin/ceph: stderr
2024-04-07T20:32:58.002+0000 7fa8278e2700 1 -- 172.21.15.18:0/4069048649 --> [v2:172.21.15.18:3300/0,v1:172.21.15.18:6789/0] -- mon_subscribe({mgrmap=0+}) v3 -- 0x7fa820114080 con 0x7fa820071290
2024-04-07T20:32:58.849 INFO:teuthology.orchestra.run.smithi018.stdout:/usr/bin/ceph: stderr
2024-04-07T20:32:58.002+0000 7fa811ffb700 1 -- 172.21.15.18:0/4069048649 <== mon.0 v2:172.21.15.18:3300/0 2 ==== config(27 keys) v1 ==== 1044+0+0 (secure 0 0 0) 0x7fa81c010db0 con 0x7fa820071290
2024-04-07T20:32:58.849 INFO:teuthology.orchestra.run.smithi018.stdout:/usr/bin/ceph: stderr
2024-04-07T20:32:58.002+0000 7fa811ffb700 1 -- 172.21.15.18:0/4069048649 <== mon.0 v2:172.21.15.18:3300/0 3 ==== mon_map magic: 0 v1 ==== 229+0+0 (secure 0 0 0) 0x7fa81c01ad60 con 0x7fa820071290
2024-04-07T20:32:58.849 INFO:teuthology.orchestra.run.smithi018.stdout:/usr/bin/ceph: stderr
2024-04-07T20:32:58.002+0000 7fa8278e2700 1 -- 172.21.15.18:0/4069048649 --> [v2:172.21.15.18:3300/0,v1:172.21.15.18:6789/0] -- mon_subscribe({osdmap=0}) v3 -- 0x7fa820114b90 con 0x7fa820071290
2024-04-07T20:32:58.849 INFO:teuthology.orchestra.run.smithi018.stdout:/usr/bin/ceph: stderr
2024-04-07T20:32:58.003+0000 7fa811ffb700 1 -- 172.21.15.18:0/4069048649 <== mon.0 v2:172.21.15.18:3300/0 4 ==== mgrmap(e 5) v1 ==== 43368+0+0 (secure 0 0 0) 0x7fa81c010920 con 0x7fa820071290
2024-04-07T20:32:58.849 INFO:teuthology.orchestra.run.smithi018.stdout:/usr/bin/ceph: stderr
2024-04-07T20:32:58.003+0000 7fa8278e2700 1 -- 172.21.15.18:0/4069048649 --> [v2:172.21.15.18:3300/0,v1:172.21.15.18:6789/0] -- mon_command({"prefix": "get_command_descriptions"} v 0) v1 -- 0x7fa82005f5f0 con 0x7fa820071290
2024-04-07T20:32:58.849 INFO:teuthology.orchestra.run.smithi018.stdout:/usr/bin/ceph: stderr
2024-04-07T20:32:58.003+0000 7fa811ffb700 1 --2- 172.21.15.18:0/4069048649 >> [v2:172.21.15.18:6800/1825978381,v1:172.21.15.18:6801/1825978381] conn(0x7fa80c036790 0x7fa80c038c40 unknown :-1 s=NONE pgs=0 cs=0 l=1 rev1=0 crypto rx=0 tx=0 comp rx=0 tx=0).connect
2024-04-07T20:32:58.849 INFO:teuthology.orchestra.run.smithi018.stdout:/usr/bin/ceph: stderr
2024-04-07T20:32:58.003+0000 7fa811ffb700 1 -- 172.21.15.18:0/4069048649 <== mon.0 v2:172.21.15.18:3300/0 5 ==== osd_map(1..1 src has 1..1) v4 ==== 721+0+0 (secure 0 0 0) 0x7fa81c04ab90 con 0x7fa820071290
2024-04-07T20:32:58.849 INFO:teuthology.orchestra.run.smithi018.stdout:/usr/bin/ceph: stderr
2024-04-07T20:32:58.003+0000 7fa824e7d700 1 -- 172.21.15.18:0/4069048649 >> [v2:172.21.15.18:6800/1825978381,v1:172.21.15.18:6801/1825978381] conn(0x7fa80c036790 msgr2=0x7fa80c038c40 unknown :-1 s=STATE_CONNECTING_RE l=1).process reconnect failed to v2:172.21.15.18:6800/1825978381
2024-04-07T20:32:58.849 INFO:teuthology.orchestra.run.smithi018.stdout:/usr/bin/ceph: stderr
2024-04-07T20:32:58.003+0000 7fa824e7d700 1 --2- 172.21.15.18:0/4069048649 >> [v2:172.21.15.18:6800/1825978381,v1:172.21.15.18:6801/1825978381] conn(0x7fa80c036790 0x7fa80c038c40 unknown :-1 s=START_CONNECT pgs=0 cs=0 l=1 rev1=0 crypto rx=0 tx=0 comp rx=0 tx=0)._fault waiting 0.200000
2024-04-07T20:32:58.850 INFO:teuthology.orchestra.run.smithi018.stdout:/usr/bin/ceph: stderr
2024-04-07T20:32:58.008+0000 7fa811ffb700 1 -- 172.21.15.18:0/4069048649 <== mon.0 v2:172.21.15.18:3300/0 6 ==== mon_command_ack([{"prefix": "get_command_descriptions"}]=0 v0) v1 ==== 72+0+176504 (secure 0 0 0) 0x7fa81c02d3e0 con 0x7fa820071290
2024-04-07T20:32:58.850 INFO:teuthology.orchestra.run.smithi018.stdout:/usr/bin/ceph: stderr
2024-04-07T20:32:58.204+0000 7fa824e7d700 1 -- 172.21.15.18:0/4069048649 >> [v2:172.21.15.18:6800/1825978381,v1:172.21.15.18:6801/1825978381] conn(0x7fa80c036790 msgr2=0x7fa80c038c40 unknown :-1 s=STATE_CONNECTING_RE l=1).process reconnect failed to v2:172.21.15.18:6800/1825978381
2024-04-07T20:32:58.850 INFO:teuthology.orchestra.run.smithi018.stdout:/usr/bin/ceph: stderr
2024-04-07T20:32:58.204+0000 7fa824e7d700 1 --2- 172.21.15.18:0/4069048649 >> [v2:172.21.15.18:6800/1825978381,v1:172.21.15.18:6801/1825978381] conn(0x7fa80c036790 0x7fa80c038c40 unknown :-1 s=START_CONNECT pgs=0 cs=0 l=1 rev1=0 crypto rx=0 tx=0 comp rx=0 tx=0)._fault waiting 0.400000
2024-04-07T20:32:58.850 INFO:teuthology.orchestra.run.smithi018.stdout:/usr/bin/ceph: stderr
2024-04-07T20:32:58.257+0000 7fa8278e2700 1 -- 172.21.15.18:0/4069048649 --> [v2:172.21.15.18:3300/0,v1:172.21.15.18:6789/0] -- mon_command({"prefix": "mgr stat"} v 0) v1 -- 0x7fa82004bed0 con 0x7fa820071290
2024-04-07T20:32:58.850 INFO:teuthology.orchestra.run.smithi018.stdout:/usr/bin/ceph: stderr
2024-04-07T20:32:58.257+0000 7fa811ffb700 1 -- 172.21.15.18:0/4069048649 <== mon.0 v2:172.21.15.18:3300/0 7 ==== mon_command_ack([{"prefix": "mgr stat"}]=0 v5) v1 ==== 56+0+103 (secure 0 0 0) 0x7fa81c018350 con 0x7fa820071290
2024-04-07T20:32:58.850 INFO:teuthology.orchestra.run.smithi018.stdout:/usr/bin/ceph: stderr
2024-04-07T20:32:58.259+0000 7fa8278e2700 1 -- 172.21.15.18:0/4069048649 >> [v2:172.21.15.18:6800/1825978381,v1:172.21.15.18:6801/1825978381] conn(0x7fa80c036790 msgr2=0x7fa80c038c40 unknown :-1 s=STATE_CONNECTING l=1).mark_down
2024-04-07T20:32:58.850 INFO:teuthology.orchestra.run.smithi018.stdout:/usr/bin/ceph: stderr
2024-04-07T20:32:58.259+0000 7fa8278e2700 1 --2- 172.21.15.18:0/4069048649 >> [v2:172.21.15.18:6800/1825978381,v1:172.21.15.18:6801/1825978381] conn(0x7fa80c036790 0x7fa80c038c40 unknown :-1 s=START_CONNECT pgs=0 cs=0 l=1 rev1=0 crypto rx=0 tx=0 comp rx=0 tx=0).stop
2024-04-07T20:32:58.850 INFO:teuthology.orchestra.run.smithi018.stdout:/usr/bin/ceph: stderr
2024-04-07T20:32:58.259+0000 7fa8278e2700 1 -- 172.21.15.18:0/4069048649 >> [v2:172.21.15.18:3300/0,v1:172.21.15.18:6789/0] conn(0x7fa820071290 msgr2=0x7fa8201138e0 secure :-1 s=STATE_CONNECTION_ESTABLISHED l=1).mark_down
2024-04-07T20:32:58.850 INFO:teuthology.orchestra.run.smithi018.stdout:/usr/bin/ceph: stderr
2024-04-07T20:32:58.259+0000 7fa8278e2700 1 --2- 172.21.15.18:0/4069048649 >> [v2:172.21.15.18:3300/0,v1:172.21.15.18:6789/0] conn(0x7fa820071290 0x7fa8201138e0 secure :-1 s=READY pgs=27 cs=0 l=1 rev1=1 crypto rx=0x7fa81c011bd0 tx=0x7fa81c009250 comp rx=0 tx=0).stop
2024-04-07T20:32:58.850 INFO:teuthology.orchestra.run.smithi018.stdout:/usr/bin/ceph: stderr
2024-04-07T20:32:58.259+0000 7fa8278e2700 1 -- 172.21.15.18:0/4069048649 shutdown_connections
2024-04-07T20:32:58.850 INFO:teuthology.orchestra.run.smithi018.stdout:/usr/bin/ceph: stderr
2024-04-07T20:32:58.259+0000 7fa8278e2700 1 --2- 172.21.15.18:0/4069048649 >> [v2:172.21.15.18:6800/1825978381,v1:172.21.15.18:6801/1825978381] conn(0x7fa80c036790 0x7fa80c038c40 unknown :-1 s=CLOSED pgs=0 cs=0 l=1 rev1=0 crypto rx=0 tx=0 comp rx=0 tx=0).stop
2024-04-07T20:32:58.850 INFO:teuthology.orchestra.run.smithi018.stdout:/usr/bin/ceph: stderr
2024-04-07T20:32:58.259+0000 7fa8278e2700 1 --2- 172.21.15.18:0/4069048649 >> [v2:172.21.15.18:3300/0,v1:172.21.15.18:6789/0] conn(0x7fa820071290 0x7fa8201138e0 unknown :-1 s=CLOSED pgs=27 cs=0 l=1 rev1=1 crypto rx=0 tx=0 comp rx=0 tx=0).stop
2024-04-07T20:32:58.850 INFO:teuthology.orchestra.run.smithi018.stdout:/usr/bin/ceph: stderr
2024-04-07T20:32:58.259+0000 7fa8278e2700 1 -- 172.21.15.18:0/4069048649 >> 172.21.15.18:0/4069048649 conn(0x7fa8200fcfb0 msgr2=0x7fa8200fdbb0 unknown :-1 s=STATE_NONE l=0).mark_down
2024-04-07T20:32:58.850 INFO:teuthology.orchestra.run.smithi018.stdout:/usr/bin/ceph: stderr
2024-04-07T20:32:58.259+0000 7fa8278e2700 1 -- 172.21.15.18:0/4069048649 shutdown_connections
2024-04-07T20:32:58.850 INFO:teuthology.orchestra.run.smithi018.stdout:/usr/bin/ceph: stderr
2024-04-07T20:32:58.259+0000 7fa8278e2700 1 -- 172.21.15.18:0/4069048649 wait complete.
2024-04-07T20:32:58.850 INFO:teuthology.orchestra.run.smithi018.stdout:Waiting for the mgr to restart...
2024-04-07T20:32:58.851 INFO:teuthology.orchestra.run.smithi018.stdout:Waiting for mgr epoch 5...
2024-04-07T20:32:59.101 INFO:journalctl@ceph.mon.smithi018.smithi018.stdout:Apr 07 20:32:58 smithi018 ceph-mon[29599]: from='client.? 172.21.15.18:0/4069048649' entity='client.admin' cmd=[{"prefix": "mgr stat"}]: dispatch
2024-04-07T20:33:03.985 INFO:journalctl@ceph.mon.smithi018.smithi018.stdout:Apr 07 20:33:03 smithi018 ceph-mon[29599]: Active manager daemon smithi018.tkhfhx restarted
2024-04-07T20:33:03.985 INFO:journalctl@ceph.mon.smithi018.smithi018.stdout:Apr 07 20:33:03 smithi018 ceph-mon[29599]: Activating manager daemon smithi018.tkhfhx
2024-04-07T20:33:03.985 INFO:journalctl@ceph.mon.smithi018.smithi018.stdout:Apr 07 20:33:03 smithi018 ceph-mon[29599]: osdmap e2: 0 total, 0 up, 0 in
2024-04-07T20:33:03.985 INFO:journalctl@ceph.mon.smithi018.smithi018.stdout:Apr 07 20:33:03 smithi018 ceph-mon[29599]: mgrmap e6: smithi018.tkhfhx(active, starting, since 0.00318696s)
2024-04-07T20:33:03.985 INFO:journalctl@ceph.mon.smithi018.smithi018.stdout:Apr 07 20:33:03 smithi018 ceph-mon[29599]: from='mgr.14120 172.21.15.18:0/3265938369' entity='mgr.smithi018.tkhfhx' cmd=[{"prefix": "mon metadata", "id": "smithi018"}]: dispatch
2024-04-07T20:33:03.985 INFO:journalctl@ceph.mon.smithi018.smithi018.stdout:Apr 07 20:33:03 smithi018 ceph-mon[29599]: from='mgr.14120 172.21.15.18:0/3265938369' entity='mgr.smithi018.tkhfhx' cmd=[{"prefix": "mgr metadata", "who": "smithi018.tkhfhx", "id": "smithi018.tkhfhx"}]: dispatch
2024-04-07T20:33:03.985 INFO:journalctl@ceph.mon.smithi018.smithi018.stdout:Apr 07 20:33:03 smithi018 ceph-mon[29599]: from='mgr.14120 172.21.15.18:0/3265938369' entity='mgr.smithi018.tkhfhx' cmd=[{"prefix": "mds metadata"}]: dispatch
2024-04-07T20:33:03.985 INFO:journalctl@ceph.mon.smithi018.smithi018.stdout:Apr 07 20:33:03 smithi018 ceph-mon[29599]: from='mgr.14120 172.21.15.18:0/3265938369' entity='mgr.smithi018.tkhfhx' cmd=[{"prefix": "osd metadata"}]: dispatch
2024-04-07T20:33:03.985 INFO:journalctl@ceph.mon.smithi018.smithi018.stdout:Apr 07 20:33:03 smithi018 ceph-mon[29599]: from='mgr.14120 172.21.15.18:0/3265938369' entity='mgr.smithi018.tkhfhx' cmd=[{"prefix": "mon metadata"}]: dispatch
2024-04-07T20:33:03.985 INFO:journalctl@ceph.mon.smithi018.smithi018.stdout:Apr 07 20:33:03 smithi018 ceph-mon[29599]: Manager daemon smithi018.tkhfhx is now available
2024-04-07T20:33:03.986 INFO:journalctl@ceph.mon.smithi018.smithi018.stdout:Apr 07 20:33:03 smithi018 ceph-mon[29599]: from='mgr.14120 172.21.15.18:0/3265938369' entity='mgr.smithi018.tkhfhx'
2024-04-07T20:33:03.986 INFO:journalctl@ceph.mon.smithi018.smithi018.stdout:Apr 07 20:33:03 smithi018 ceph-mon[29599]: from='mgr.14120 172.21.15.18:0/3265938369' entity='mgr.smithi018.tkhfhx'
2024-04-07T20:33:03.986 INFO:journalctl@ceph.mon.smithi018.smithi018.stdout:Apr 07 20:33:03 smithi018 ceph-mon[29599]: from='mgr.14120 172.21.15.18:0/3265938369' entity='mgr.smithi018.tkhfhx' cmd=[{"prefix": "config dump", "format": "json"}]: dispatch
2024-04-07T20:33:03.986 INFO:journalctl@ceph.mon.smithi018.smithi018.stdout:Apr 07 20:33:03 smithi018 ceph-mon[29599]: from='mgr.14120 172.21.15.18:0/3265938369' entity='mgr.smithi018.tkhfhx' cmd=[{"prefix": "config dump", "format": "json"}]: dispatch
2024-04-07T20:33:03.986 INFO:journalctl@ceph.mon.smithi018.smithi018.stdout:Apr 07 20:33:03 smithi018 ceph-mon[29599]: from='mgr.14120 172.21.15.18:0/3265938369' entity='mgr.smithi018.tkhfhx' cmd=[{"prefix": "config dump", "format": "json"}]: dispatch
2024-04-07T20:33:04.978 INFO:journalctl@ceph.mon.smithi018.smithi018.stdout:Apr 07 20:33:04 smithi018 ceph-mon[29599]: Found migration_current of "None". Setting to last migration.
2024-04-07T20:33:04.978 INFO:journalctl@ceph.mon.smithi018.smithi018.stdout:Apr 07 20:33:04 smithi018 ceph-mon[29599]: from='mgr.14120 172.21.15.18:0/3265938369' entity='mgr.smithi018.tkhfhx' cmd=[{"prefix":"config rm","who":"mgr","name":"mgr/rbd_support/smithi018.tkhfhx/mirror_snapshot_schedule"}]: dispatch
2024-04-07T20:33:04.978 INFO:journalctl@ceph.mon.smithi018.smithi018.stdout:Apr 07 20:33:04 smithi018 ceph-mon[29599]: from='mgr.14120 172.21.15.18:0/3265938369' entity='mgr.smithi018.tkhfhx' cmd=[{"prefix":"config rm","who":"mgr","name":"mgr/rbd_support/smithi018.tkhfhx/trash_purge_schedule"}]: dispatch
2024-04-07T20:33:04.978 INFO:journalctl@ceph.mon.smithi018.smithi018.stdout:Apr 07 20:33:04 smithi018 ceph-mon[29599]: mgrmap e7: smithi018.tkhfhx(active, since 1.00552s)
2024-04-07T20:33:04.978 INFO:journalctl@ceph.mon.smithi018.smithi018.stdout:Apr 07 20:33:04 smithi018 ceph-mon[29599]: from='mgr.14120 172.21.15.18:0/3265938369' entity='mgr.smithi018.tkhfhx'
2024-04-07T20:33:05.255 INFO:teuthology.orchestra.run.smithi018.stdout:/usr/bin/ceph: stdout {
2024-04-07T20:33:05.255 INFO:teuthology.orchestra.run.smithi018.stdout:/usr/bin/ceph: stdout "mgrmap_epoch": 7,
2024-04-07T20:33:05.256 INFO:teuthology.orchestra.run.smithi018.stdout:/usr/bin/ceph: stdout "initialized": true
2024-04-07T20:33:05.256 INFO:teuthology.orchestra.run.smithi018.stdout:/usr/bin/ceph: stdout }
2024-04-07T20:33:05.256 INFO:teuthology.orchestra.run.smithi018.stdout:/usr/bin/ceph: stderr
2024-04-07T20:32:59.322+0000 7f84a692b700 1 Processor -- start
2024-04-07T20:33:05.256 INFO:teuthology.orchestra.run.smithi018.stdout:/usr/bin/ceph: stderr
2024-04-07T20:32:59.322+0000 7f84a692b700 1 -- start start
2024-04-07T20:33:05.256 INFO:teuthology.orchestra.run.smithi018.stdout:/usr/bin/ceph: stderr
2024-04-07T20:32:59.322+0000 7f84a692b700 1 --2- >> [v2:172.21.15.18:3300/0,v1:172.21.15.18:6789/0] conn(0x7f84a0071210 0x7f84a0107980 unknown :-1 s=NONE pgs=0 cs=0 l=0 rev1=0 crypto rx=0 tx=0 comp rx=0 tx=0).connect
2024-04-07T20:33:05.256 INFO:teuthology.orchestra.run.smithi018.stdout:/usr/bin/ceph: stderr
2024-04-07T20:32:59.322+0000 7f84a692b700 1 -- --> [v2:172.21.15.18:3300/0,v1:172.21.15.18:6789/0] -- mon_getmap magic: 0 v1 -- 0x7f84a0071620 con 0x7f84a0071210
2024-04-07T20:33:05.256 INFO:teuthology.orchestra.run.smithi018.stdout:/usr/bin/ceph: stderr
2024-04-07T20:32:59.322+0000 7f849ffff700 1 --2- >> [v2:172.21.15.18:3300/0,v1:172.21.15.18:6789/0] conn(0x7f84a0071210 0x7f84a0107980 unknown :-1 s=BANNER_CONNECTING pgs=0 cs=0 l=0 rev1=0 crypto rx=0 tx=0 comp rx=0 tx=0)._handle_peer_banner_payload supported=3 required=0
2024-04-07T20:33:05.256 INFO:teuthology.orchestra.run.smithi018.stdout:/usr/bin/ceph: stderr
2024-04-07T20:32:59.322+0000 7f849ffff700 1 --2- >> [v2:172.21.15.18:3300/0,v1:172.21.15.18:6789/0] conn(0x7f84a0071210 0x7f84a0107980 unknown :-1 s=HELLO_CONNECTING pgs=0 cs=0 l=0 rev1=1 crypto rx=0 tx=0 comp rx=0 tx=0).handle_hello peer v2:172.21.15.18:3300/0 says I am v2:172.21.15.18:37574/0 (socket says 172.21.15.18:37574)
2024-04-07T20:33:05.256 INFO:teuthology.orchestra.run.smithi018.stdout:/usr/bin/ceph: stderr
2024-04-07T20:32:59.322+0000 7f849ffff700 1 -- 172.21.15.18:0/942936868 learned_addr learned my addr 172.21.15.18:0/942936868 (peer_addr_for_me v2:172.21.15.18:0/0)
2024-04-07T20:33:05.256 INFO:teuthology.orchestra.run.smithi018.stdout:/usr/bin/ceph: stderr
2024-04-07T20:32:59.323+0000 7f849ffff700 1 -- 172.21.15.18:0/942936868 --> [v2:172.21.15.18:3300/0,v1:172.21.15.18:6789/0] -- mon_subscribe({config=0+,monmap=0+}) v3 -- 0x7f84a0103370 con 0x7f84a0071210
2024-04-07T20:33:05.256 INFO:teuthology.orchestra.run.smithi018.stdout:/usr/bin/ceph: stderr
2024-04-07T20:32:59.323+0000 7f849ffff700 1 --2- 172.21.15.18:0/942936868 >> [v2:172.21.15.18:3300/0,v1:172.21.15.18:6789/0] conn(0x7f84a0071210 0x7f84a0107980 secure :-1 s=READY pgs=28 cs=0 l=1 rev1=1 crypto rx=0x7f84880098e0 tx=0x7f8488009250 comp rx=0 tx=0).ready entity=mon.0 client_cookie=2a0e3f6df2944e3c server_cookie=0 in_seq=0 out_seq=0
2024-04-07T20:33:05.256 INFO:teuthology.orchestra.run.smithi018.stdout:/usr/bin/ceph: stderr
2024-04-07T20:32:59.323+0000 7f849effd700 1 -- 172.21.15.18:0/942936868 <== mon.0 v2:172.21.15.18:3300/0 1 ==== mon_map magic: 0 v1 ==== 229+0+0 (secure 0 0 0) 0x7f848800b860 con 0x7f84a0071210
2024-04-07T20:33:05.256 INFO:teuthology.orchestra.run.smithi018.stdout:/usr/bin/ceph: stderr
2024-04-07T20:32:59.323+0000 7f849effd700 1 -- 172.21.15.18:0/942936868 <== mon.0 v2:172.21.15.18:3300/0 2 ==== config(27 keys) v1 ==== 1044+0+0 (secure 0 0 0) 0x7f848800be50 con 0x7f84a0071210
2024-04-07T20:33:05.256 INFO:teuthology.orchestra.run.smithi018.stdout:/usr/bin/ceph: stderr
2024-04-07T20:32:59.323+0000 7f849effd700 1 -- 172.21.15.18:0/942936868 <== mon.0 v2:172.21.15.18:3300/0 3 ==== mon_map magic: 0 v1 ==== 229+0+0 (secure 0 0 0) 0x7f8488010380 con 0x7f84a0071210
2024-04-07T20:33:05.257 INFO:teuthology.orchestra.run.smithi018.stdout:/usr/bin/ceph: stderr
2024-04-07T20:32:59.324+0000 7f84a692b700 1 -- 172.21.15.18:0/942936868 >> [v2:172.21.15.18:3300/0,v1:172.21.15.18:6789/0] conn(0x7f84a0071210 msgr2=0x7f84a0107980 secure :-1 s=STATE_CONNECTION_ESTABLISHED l=1).mark_down
2024-04-07T20:33:05.257 INFO:teuthology.orchestra.run.smithi018.stdout:/usr/bin/ceph: stderr
2024-04-07T20:32:59.324+0000 7f84a692b700 1 --2- 172.21.15.18:0/942936868 >> [v2:172.21.15.18:3300/0,v1:172.21.15.18:6789/0] conn(0x7f84a0071210 0x7f84a0107980 secure :-1 s=READY pgs=28 cs=0 l=1 rev1=1 crypto rx=0x7f84880098e0 tx=0x7f8488009250 comp rx=0 tx=0).stop
2024-04-07T20:33:05.257 INFO:teuthology.orchestra.run.smithi018.stdout:/usr/bin/ceph: stderr
2024-04-07T20:32:59.324+0000 7f84a692b700 1 -- 172.21.15.18:0/942936868 shutdown_connections
2024-04-07T20:33:05.257 INFO:teuthology.orchestra.run.smithi018.stdout:/usr/bin/ceph: stderr
2024-04-07T20:32:59.324+0000 7f84a692b700 1 --2- 172.21.15.18:0/942936868 >> [v2:172.21.15.18:3300/0,v1:172.21.15.18:6789/0] conn(0x7f84a0071210 0x7f84a0107980 unknown :-1 s=CLOSED pgs=28 cs=0 l=1 rev1=1 crypto rx=0 tx=0 comp rx=0 tx=0).stop
2024-04-07T20:33:05.257 INFO:teuthology.orchestra.run.smithi018.stdout:/usr/bin/ceph: stderr
2024-04-07T20:32:59.324+0000 7f84a692b700 1 -- 172.21.15.18:0/942936868 >> 172.21.15.18:0/942936868 conn(0x7f84a00fcfb0 msgr2=0x7f84a00ff3c0 unknown :-1 s=STATE_NONE l=0).mark_down
2024-04-07T20:33:05.257 INFO:teuthology.orchestra.run.smithi018.stdout:/usr/bin/ceph: stderr
2024-04-07T20:32:59.324+0000 7f84a692b700 1 -- 172.21.15.18:0/942936868 shutdown_connections
2024-04-07T20:33:05.257 INFO:teuthology.orchestra.run.smithi018.stdout:/usr/bin/ceph: stderr
2024-04-07T20:32:59.324+0000 7f84a692b700 1 -- 172.21.15.18:0/942936868 wait complete.
2024-04-07T20:33:05.257 INFO:teuthology.orchestra.run.smithi018.stdout:/usr/bin/ceph: stderr
2024-04-07T20:32:59.324+0000 7f84a692b700 1 Processor -- start
2024-04-07T20:33:05.257 INFO:teuthology.orchestra.run.smithi018.stdout:/usr/bin/ceph: stderr
2024-04-07T20:32:59.325+0000 7f84a692b700 1 -- start start
2024-04-07T20:33:05.257 INFO:teuthology.orchestra.run.smithi018.stdout:/usr/bin/ceph: stderr
2024-04-07T20:32:59.325+0000 7f84a692b700 1 --2- >> [v2:172.21.15.18:3300/0,v1:172.21.15.18:6789/0] conn(0x7f84a0071210 0x7f84a01138d0 unknown :-1 s=NONE pgs=0 cs=0 l=1 rev1=0 crypto rx=0 tx=0 comp rx=0 tx=0).connect
2024-04-07T20:33:05.257 INFO:teuthology.orchestra.run.smithi018.stdout:/usr/bin/ceph: stderr
2024-04-07T20:32:59.325+0000 7f84a692b700 1 -- --> [v2:172.21.15.18:3300/0,v1:172.21.15.18:6789/0] -- mon_getmap magic: 0 v1 -- 0x7f84a0113e10 con 0x7f84a0071210
2024-04-07T20:33:05.257 INFO:teuthology.orchestra.run.smithi018.stdout:/usr/bin/ceph: stderr
2024-04-07T20:32:59.325+0000 7f849ffff700 1 --2- >> [v2:172.21.15.18:3300/0,v1:172.21.15.18:6789/0] conn(0x7f84a0071210 0x7f84a01138d0 unknown :-1 s=BANNER_CONNECTING pgs=0 cs=0 l=1 rev1=0 crypto rx=0 tx=0 comp rx=0 tx=0)._handle_peer_banner_payload supported=3 required=0
2024-04-07T20:33:05.257 INFO:teuthology.orchestra.run.smithi018.stdout:/usr/bin/ceph: stderr
2024-04-07T20:32:59.325+0000 7f849ffff700 1 --2- >> [v2:172.21.15.18:3300/0,v1:172.21.15.18:6789/0] conn(0x7f84a0071210 0x7f84a01138d0 unknown :-1 s=HELLO_CONNECTING pgs=0 cs=0 l=1 rev1=1 crypto rx=0 tx=0 comp rx=0 tx=0).handle_hello peer v2:172.21.15.18:3300/0 says I am v2:172.21.15.18:37590/0 (socket says 172.21.15.18:37590)
2024-04-07T20:33:05.257 INFO:teuthology.orchestra.run.smithi018.stdout:/usr/bin/ceph: stderr
2024-04-07T20:32:59.325+0000 7f849ffff700 1 -- 172.21.15.18:0/904270119 learned_addr learned my addr 172.21.15.18:0/904270119 (peer_addr_for_me v2:172.21.15.18:0/0)
2024-04-07T20:33:05.257 INFO:teuthology.orchestra.run.smithi018.stdout:/usr/bin/ceph: stderr
2024-04-07T20:32:59.325+0000 7f849ffff700 1 -- 172.21.15.18:0/904270119 --> [v2:172.21.15.18:3300/0,v1:172.21.15.18:6789/0] -- mon_subscribe({config=0+,monmap=0+}) v3 -- 0x7f84880094f0 con 0x7f84a0071210
2024-04-07T20:33:05.257 INFO:teuthology.orchestra.run.smithi018.stdout:/usr/bin/ceph: stderr
2024-04-07T20:32:59.325+0000 7f849ffff700 1 --2- 172.21.15.18:0/904270119 >> [v2:172.21.15.18:3300/0,v1:172.21.15.18:6789/0] conn(0x7f84a0071210 0x7f84a01138d0 secure :-1 s=READY pgs=29 cs=0 l=1 rev1=1 crypto rx=0x7f8488011bd0 tx=0x7f8488009250 comp rx=0 tx=0).ready entity=mon.0 client_cookie=0 server_cookie=0 in_seq=0 out_seq=0
2024-04-07T20:33:05.258 INFO:teuthology.orchestra.run.smithi018.stdout:/usr/bin/ceph: stderr
2024-04-07T20:32:59.325+0000 7f849cff9700 1 -- 172.21.15.18:0/904270119 <== mon.0 v2:172.21.15.18:3300/0 1 ==== mon_map magic: 0 v1 ==== 229+0+0 (secure 0 0 0) 0x7f84880107c0 con 0x7f84a0071210
2024-04-07T20:33:05.258 INFO:teuthology.orchestra.run.smithi018.stdout:/usr/bin/ceph: stderr
2024-04-07T20:32:59.325+0000 7f84a692b700 1 -- 172.21.15.18:0/904270119 --> [v2:172.21.15.18:3300/0,v1:172.21.15.18:6789/0] -- mon_subscribe({mgrmap=0+}) v3 -- 0x7f84a0114070 con 0x7f84a0071210
2024-04-07T20:33:05.258 INFO:teuthology.orchestra.run.smithi018.stdout:/usr/bin/ceph: stderr
2024-04-07T20:32:59.326+0000 7f849cff9700 1 -- 172.21.15.18:0/904270119 <== mon.0 v2:172.21.15.18:3300/0 2 ==== config(27 keys) v1 ==== 1044+0+0 (secure 0 0 0) 0x7f8488010db0 con 0x7f84a0071210
2024-04-07T20:33:05.258 INFO:teuthology.orchestra.run.smithi018.stdout:/usr/bin/ceph: stderr
2024-04-07T20:32:59.326+0000 7f849cff9700 1 -- 172.21.15.18:0/904270119 <== mon.0 v2:172.21.15.18:3300/0 3 ==== mon_map magic: 0 v1 ==== 229+0+0 (secure 0 0 0) 0x7f848801ad60 con 0x7f84a0071210
2024-04-07T20:33:05.258 INFO:teuthology.orchestra.run.smithi018.stdout:/usr/bin/ceph: stderr
2024-04-07T20:32:59.326+0000 7f84a692b700 1 -- 172.21.15.18:0/904270119 --> [v2:172.21.15.18:3300/0,v1:172.21.15.18:6789/0] -- mon_subscribe({osdmap=0}) v3 -- 0x7f84a0114b80 con 0x7f84a0071210
2024-04-07T20:33:05.258 INFO:teuthology.orchestra.run.smithi018.stdout:/usr/bin/ceph: stderr
2024-04-07T20:32:59.327+0000 7f849cff9700 1 -- 172.21.15.18:0/904270119 <== mon.0 v2:172.21.15.18:3300/0 4 ==== mgrmap(e 5) v1 ==== 43368+0+0 (secure 0 0 0) 0x7f848801a5c0 con 0x7f84a0071210
2024-04-07T20:33:05.258 INFO:teuthology.orchestra.run.smithi018.stdout:/usr/bin/ceph: stderr
2024-04-07T20:32:59.327+0000 7f849cff9700 1 --2- 172.21.15.18:0/904270119 >> [v2:172.21.15.18:6800/1825978381,v1:172.21.15.18:6801/1825978381] conn(0x7f848c0367e0 0x7f848c038c90 unknown :-1 s=NONE pgs=0 cs=0 l=1 rev1=0 crypto rx=0 tx=0 comp rx=0 tx=0).connect
2024-04-07T20:33:05.258 INFO:teuthology.orchestra.run.smithi018.stdout:/usr/bin/ceph: stderr
2024-04-07T20:32:59.327+0000 7f849cff9700 1 -- 172.21.15.18:0/904270119 --> [v2:172.21.15.18:6800/1825978381,v1:172.21.15.18:6801/1825978381] -- command(tid 0: {"prefix": "get_command_descriptions"}) v1 -- 0x7f848c0393a0 con 0x7f848c0367e0
2024-04-07T20:33:05.258 INFO:teuthology.orchestra.run.smithi018.stdout:/usr/bin/ceph: stderr
2024-04-07T20:32:59.327+0000 7f849cff9700 1 -- 172.21.15.18:0/904270119 <== mon.0 v2:172.21.15.18:3300/0 5 ==== osd_map(1..1 src has 1..1) v4 ==== 721+0+0 (secure 0 0 0) 0x7f848804ab60 con 0x7f84a0071210
2024-04-07T20:33:05.258 INFO:teuthology.orchestra.run.smithi018.stdout:/usr/bin/ceph: stderr
2024-04-07T20:32:59.327+0000 7f849f7fe700 1 -- 172.21.15.18:0/904270119 >> [v2:172.21.15.18:6800/1825978381,v1:172.21.15.18:6801/1825978381] conn(0x7f848c0367e0 msgr2=0x7f848c038c90 unknown :-1 s=STATE_CONNECTING_RE l=1).process reconnect failed to v2:172.21.15.18:6800/1825978381
2024-04-07T20:33:05.258 INFO:teuthology.orchestra.run.smithi018.stdout:/usr/bin/ceph: stderr
2024-04-07T20:32:59.327+0000 7f849f7fe700 1 --2- 172.21.15.18:0/904270119 >> [v2:172.21.15.18:6800/1825978381,v1:172.21.15.18:6801/1825978381] conn(0x7f848c0367e0 0x7f848c038c90 unknown :-1 s=START_CONNECT pgs=0 cs=0 l=1 rev1=0 crypto rx=0 tx=0 comp rx=0 tx=0)._fault waiting 0.200000
2024-04-07T20:33:05.258 INFO:teuthology.orchestra.run.smithi018.stdout:/usr/bin/ceph: stderr
2024-04-07T20:32:59.528+0000 7f849f7fe700 1 -- 172.21.15.18:0/904270119 >> [v2:172.21.15.18:6800/1825978381,v1:172.21.15.18:6801/1825978381] conn(0x7f848c0367e0 msgr2=0x7f848c038c90 unknown :-1 s=STATE_CONNECTING_RE l=1).process reconnect failed to v2:172.21.15.18:6800/1825978381
2024-04-07T20:33:05.258 INFO:teuthology.orchestra.run.smithi018.stdout:/usr/bin/ceph: stderr
2024-04-07T20:32:59.528+0000 7f849f7fe700 1 --2- 172.21.15.18:0/904270119 >> [v2:172.21.15.18:6800/1825978381,v1:172.21.15.18:6801/1825978381] conn(0x7f848c0367e0 0x7f848c038c90 unknown :-1 s=START_CONNECT pgs=0 cs=0 l=1 rev1=0 crypto rx=0 tx=0 comp rx=0 tx=0)._fault waiting 0.400000
2024-04-07T20:33:05.259 INFO:teuthology.orchestra.run.smithi018.stdout:/usr/bin/ceph: stderr
2024-04-07T20:32:59.929+0000 7f849f7fe700 1 -- 172.21.15.18:0/904270119 >> [v2:172.21.15.18:6800/1825978381,v1:172.21.15.18:6801/1825978381] conn(0x7f848c0367e0 msgr2=0x7f848c038c90 unknown :-1 s=STATE_CONNECTING_RE l=1).process reconnect failed to v2:172.21.15.18:6800/1825978381
2024-04-07T20:33:05.259 INFO:teuthology.orchestra.run.smithi018.stdout:/usr/bin/ceph: stderr
2024-04-07T20:32:59.929+0000 7f849f7fe700 1 --2- 172.21.15.18:0/904270119 >> [v2:172.21.15.18:6800/1825978381,v1:172.21.15.18:6801/1825978381] conn(0x7f848c0367e0 0x7f848c038c90 unknown :-1 s=START_CONNECT pgs=0 cs=0 l=1 rev1=0 crypto rx=0 tx=0 comp rx=0 tx=0)._fault waiting 0.800000
2024-04-07T20:33:05.259 INFO:teuthology.orchestra.run.smithi018.stdout:/usr/bin/ceph: stderr
2024-04-07T20:33:00.730+0000 7f849f7fe700 1 -- 172.21.15.18:0/904270119 >> [v2:172.21.15.18:6800/1825978381,v1:172.21.15.18:6801/1825978381] conn(0x7f848c0367e0 msgr2=0x7f848c038c90 unknown :-1 s=STATE_CONNECTING_RE l=1).process reconnect failed to v2:172.21.15.18:6800/1825978381
2024-04-07T20:33:05.259 INFO:teuthology.orchestra.run.smithi018.stdout:/usr/bin/ceph: stderr
2024-04-07T20:33:00.730+0000 7f849f7fe700 1 --2- 172.21.15.18:0/904270119 >> [v2:172.21.15.18:6800/1825978381,v1:172.21.15.18:6801/1825978381] conn(0x7f848c0367e0 0x7f848c038c90 unknown :-1 s=START_CONNECT pgs=0 cs=0 l=1 rev1=0 crypto rx=0 tx=0 comp rx=0 tx=0)._fault waiting 1.600000
2024-04-07T20:33:05.259 INFO:teuthology.orchestra.run.smithi018.stdout:/usr/bin/ceph: stderr
2024-04-07T20:33:02.331+0000 7f849f7fe700 1 -- 172.21.15.18:0/904270119 >> [v2:172.21.15.18:6800/1825978381,v1:172.21.15.18:6801/1825978381] conn(0x7f848c0367e0 msgr2=0x7f848c038c90 unknown :-1 s=STATE_CONNECTING_RE l=1).process reconnect failed to v2:172.21.15.18:6800/1825978381
2024-04-07T20:33:05.259 INFO:teuthology.orchestra.run.smithi018.stdout:/usr/bin/ceph: stderr
2024-04-07T20:33:02.331+0000 7f849f7fe700 1 --2- 172.21.15.18:0/904270119 >> [v2:172.21.15.18:6800/1825978381,v1:172.21.15.18:6801/1825978381] conn(0x7f848c0367e0 0x7f848c038c90 unknown :-1 s=START_CONNECT pgs=0 cs=0 l=1 rev1=0 crypto rx=0 tx=0 comp rx=0 tx=0)._fault waiting 3.200000
2024-04-07T20:33:05.259 INFO:teuthology.orchestra.run.smithi018.stdout:/usr/bin/ceph: stderr
2024-04-07T20:33:03.608+0000 7f849cff9700 1 -- 172.21.15.18:0/904270119 <== mon.0 v2:172.21.15.18:3300/0 6 ==== mgrmap(e 6) v1 ==== 43135+0+0 (secure 0 0 0) 0x7f848800fd90 con 0x7f84a0071210
2024-04-07T20:33:05.259 INFO:teuthology.orchestra.run.smithi018.stdout:/usr/bin/ceph: stderr
2024-04-07T20:33:03.609+0000 7f849cff9700 1 -- 172.21.15.18:0/904270119 >> [v2:172.21.15.18:6800/1825978381,v1:172.21.15.18:6801/1825978381] conn(0x7f848c0367e0 msgr2=0x7f848c038c90 unknown :-1 s=STATE_CONNECTING l=1).mark_down
2024-04-07T20:33:05.259 INFO:teuthology.orchestra.run.smithi018.stdout:/usr/bin/ceph: stderr
2024-04-07T20:33:03.609+0000 7f849cff9700 1 --2- 172.21.15.18:0/904270119 >> [v2:172.21.15.18:6800/1825978381,v1:172.21.15.18:6801/1825978381] conn(0x7f848c0367e0 0x7f848c038c90 unknown :-1 s=START_CONNECT pgs=0 cs=0 l=1 rev1=0 crypto rx=0 tx=0 comp rx=0 tx=0).stop
2024-04-07T20:33:05.259 INFO:teuthology.orchestra.run.smithi018.stdout:/usr/bin/ceph: stderr
2024-04-07T20:33:04.610+0000 7f849cff9700 1 -- 172.21.15.18:0/904270119 <== mon.0 v2:172.21.15.18:3300/0 7 ==== mgrmap(e 7) v1 ==== 43262+0+0 (secure 0 0 0) 0x7f848802e440 con 0x7f84a0071210
2024-04-07T20:33:05.259 INFO:teuthology.orchestra.run.smithi018.stdout:/usr/bin/ceph: stderr
2024-04-07T20:33:04.610+0000 7f849cff9700 1 --2- 172.21.15.18:0/904270119 >> [v2:172.21.15.18:6800/3313988921,v1:172.21.15.18:6801/3313988921] conn(0x7f848c039fc0 0x7f848c03c3a0 unknown :-1 s=NONE pgs=0 cs=0 l=1 rev1=0 crypto rx=0 tx=0 comp rx=0 tx=0).connect
2024-04-07T20:33:05.259 INFO:teuthology.orchestra.run.smithi018.stdout:/usr/bin/ceph: stderr
2024-04-07T20:33:04.610+0000 7f849cff9700 1 -- 172.21.15.18:0/904270119 --> [v2:172.21.15.18:6800/3313988921,v1:172.21.15.18:6801/3313988921] -- command(tid 0: {"prefix": "get_command_descriptions"}) v1 -- 0x7f848c0393a0 con 0x7f848c039fc0
2024-04-07T20:33:05.259 INFO:teuthology.orchestra.run.smithi018.stdout:/usr/bin/ceph: stderr
2024-04-07T20:33:04.610+0000 7f849f7fe700 1 --2- 172.21.15.18:0/904270119 >> [v2:172.21.15.18:6800/3313988921,v1:172.21.15.18:6801/3313988921] conn(0x7f848c039fc0 0x7f848c03c3a0 unknown :-1 s=BANNER_CONNECTING pgs=0 cs=0 l=1 rev1=0 crypto rx=0 tx=0 comp rx=0 tx=0)._handle_peer_banner_payload supported=3 required=0
2024-04-07T20:33:05.259 INFO:teuthology.orchestra.run.smithi018.stdout:/usr/bin/ceph: stderr
2024-04-07T20:33:04.611+0000 7f849f7fe700 1 --2- 172.21.15.18:0/904270119 >> [v2:172.21.15.18:6800/3313988921,v1:172.21.15.18:6801/3313988921] conn(0x7f848c039fc0 0x7f848c03c3a0 secure :-1 s=READY pgs=3 cs=0 l=1 rev1=1 crypto rx=0x7f84900039d0 tx=0x7f8490009350 comp rx=0 tx=0).ready entity=mgr.14120 client_cookie=0 server_cookie=0 in_seq=0 out_seq=0
2024-04-07T20:33:05.259 INFO:teuthology.orchestra.run.smithi018.stdout:/usr/bin/ceph: stderr
2024-04-07T20:33:04.612+0000 7f849cff9700 1 -- 172.21.15.18:0/904270119 <== mgr.14120 v2:172.21.15.18:6800/3313988921 1 ==== command_reply(tid 0: 0 ) v1 ==== 8+0+6549 (secure 0 0 0) 0x7f848c0393a0 con 0x7f848c039fc0
2024-04-07T20:33:05.260 INFO:teuthology.orchestra.run.smithi018.stdout:/usr/bin/ceph: stderr
2024-04-07T20:33:04.617+0000 7f84a692b700 1 -- 172.21.15.18:0/904270119 --> [v2:172.21.15.18:6800/3313988921,v1:172.21.15.18:6801/3313988921] -- command(tid 1: {"prefix": "mgr_status"}) v1 -- 0x7f84a005f5f0 con 0x7f848c039fc0
2024-04-07T20:33:05.260 INFO:teuthology.orchestra.run.smithi018.stdout:/usr/bin/ceph: stderr
2024-04-07T20:33:04.618+0000 7f849cff9700 1 -- 172.21.15.18:0/904270119 <== mgr.14120 v2:172.21.15.18:6800/3313988921 2 ==== command_reply(tid 1: 0 ) v1 ==== 8+0+51 (secure 0 0 0) 0x7f84a005f5f0 con 0x7f848c039fc0
2024-04-07T20:33:05.260 INFO:teuthology.orchestra.run.smithi018.stdout:/usr/bin/ceph: stderr
2024-04-07T20:33:04.618+0000 7f84a692b700 1 -- 172.21.15.18:0/904270119 >> [v2:172.21.15.18:6800/3313988921,v1:172.21.15.18:6801/3313988921] conn(0x7f848c039fc0 msgr2=0x7f848c03c3a0 secure :-1 s=STATE_CONNECTION_ESTABLISHED l=1).mark_down
2024-04-07T20:33:05.260 INFO:teuthology.orchestra.run.smithi018.stdout:/usr/bin/ceph: stderr
2024-04-07T20:33:04.618+0000 7f84a692b700 1 --2- 172.21.15.18:0/904270119 >> [v2:172.21.15.18:6800/3313988921,v1:172.21.15.18:6801/3313988921] conn(0x7f848c039fc0 0x7f848c03c3a0 secure :-1 s=READY pgs=3 cs=0 l=1 rev1=1 crypto rx=0x7f84900039d0 tx=0x7f8490009350 comp rx=0 tx=0).stop
2024-04-07T20:33:05.260 INFO:teuthology.orchestra.run.smithi018.stdout:/usr/bin/ceph: stderr
2024-04-07T20:33:04.618+0000 7f84a692b700 1 -- 172.21.15.18:0/904270119 >> [v2:172.21.15.18:3300/0,v1:172.21.15.18:6789/0] conn(0x7f84a0071210 msgr2=0x7f84a01138d0 secure :-1 s=STATE_CONNECTION_ESTABLISHED l=1).mark_down
2024-04-07T20:33:05.260 INFO:teuthology.orchestra.run.smithi018.stdout:/usr/bin/ceph: stderr
2024-04-07T20:33:04.618+0000 7f84a692b700 1 --2- 172.21.15.18:0/904270119 >> [v2:172.21.15.18:3300/0,v1:172.21.15.18:6789/0] conn(0x7f84a0071210 0x7f84a01138d0 secure :-1 s=READY pgs=29 cs=0 l=1 rev1=1 crypto rx=0x7f8488011bd0 tx=0x7f8488009250 comp rx=0 tx=0).stop
2024-04-07T20:33:05.260 INFO:teuthology.orchestra.run.smithi018.stdout:/usr/bin/ceph: stderr
2024-04-07T20:33:04.618+0000 7f84a692b700 1 -- 172.21.15.18:0/904270119 shutdown_connections
2024-04-07T20:33:05.260 INFO:teuthology.orchestra.run.smithi018.stdout:/usr/bin/ceph: stderr
2024-04-07T20:33:04.618+0000 7f84a692b700 1 --2- 172.21.15.18:0/904270119 >> [v2:172.21.15.18:3300/0,v1:172.21.15.18:6789/0] conn(0x7f84a0071210 0x7f84a01138d0 unknown :-1 s=CLOSED pgs=29 cs=0 l=1 rev1=1 crypto rx=0 tx=0 comp rx=0 tx=0).stop
2024-04-07T20:33:05.260 INFO:teuthology.orchestra.run.smithi018.stdout:/usr/bin/ceph: stderr
2024-04-07T20:33:04.618+0000 7f84a692b700 1 --2- 172.21.15.18:0/904270119 >> [v2:172.21.15.18:6800/3313988921,v1:172.21.15.18:6801/3313988921] conn(0x7f848c039fc0 0x7f848c03c3a0 unknown :-1 s=CLOSED pgs=3 cs=0 l=1 rev1=1 crypto rx=0 tx=0 comp rx=0 tx=0).stop
2024-04-07T20:33:05.260 INFO:teuthology.orchestra.run.smithi018.stdout:/usr/bin/ceph: stderr
2024-04-07T20:33:04.618+0000 7f84a692b700 1 --2- 172.21.15.18:0/904270119 >> [v2:172.21.15.18:6800/1825978381,v1:172.21.15.18:6801/1825978381] conn(0x7f848c0367e0 0x7f848c038c90 unknown :-1 s=CLOSED pgs=0 cs=0 l=1 rev1=0 crypto rx=0 tx=0 comp rx=0 tx=0).stop
2024-04-07T20:33:05.260 INFO:teuthology.orchestra.run.smithi018.stdout:/usr/bin/ceph: stderr
2024-04-07T20:33:04.618+0000 7f84a692b700 1 -- 172.21.15.18:0/904270119 >> 172.21.15.18:0/904270119 conn(0x7f84a00fcfb0 msgr2=0x7f84a00fdbc0 unknown :-1 s=STATE_NONE l=0).mark_down
2024-04-07T20:33:05.260 INFO:teuthology.orchestra.run.smithi018.stdout:/usr/bin/ceph: stderr
2024-04-07T20:33:04.618+0000 7f84a692b700 1 -- 172.21.15.18:0/904270119 shutdown_connections
2024-04-07T20:33:05.260 INFO:teuthology.orchestra.run.smithi018.stdout:/usr/bin/ceph: stderr
2024-04-07T20:33:04.618+0000 7f84a692b700 1 -- 172.21.15.18:0/904270119 wait complete.
2024-04-07T20:33:05.260 INFO:teuthology.orchestra.run.smithi018.stdout:mgr epoch 5 is available
2024-04-07T20:33:05.261 INFO:teuthology.orchestra.run.smithi018.stdout:Setting orchestrator backend to cephadm...
2024-04-07T20:33:05.883 INFO:journalctl@ceph.mon.smithi018.smithi018.stdout:Apr 07 20:33:05 smithi018 ceph-mon[29599]: [07/Apr/2024:20:33:04] ENGINE Bus STARTING
2024-04-07T20:33:05.883 INFO:journalctl@ceph.mon.smithi018.smithi018.stdout:Apr 07 20:33:05 smithi018 ceph-mon[29599]: from='client.14124 -' entity='client.admin' cmd=[{"prefix": "get_command_descriptions"}]: dispatch
2024-04-07T20:33:05.883 INFO:journalctl@ceph.mon.smithi018.smithi018.stdout:Apr 07 20:33:05 smithi018 ceph-mon[29599]: from='client.14124 -' entity='client.admin' cmd=[{"prefix": "mgr_status"}]: dispatch
2024-04-07T20:33:05.883 INFO:journalctl@ceph.mon.smithi018.smithi018.stdout:Apr 07 20:33:05 smithi018 ceph-mon[29599]: [07/Apr/2024:20:33:04] ENGINE Serving on https://172.21.15.18:7150
2024-04-07T20:33:05.883 INFO:journalctl@ceph.mon.smithi018.smithi018.stdout:Apr 07 20:33:05 smithi018 ceph-mon[29599]: [07/Apr/2024:20:33:04] ENGINE Bus STARTED
2024-04-07T20:33:05.883 INFO:journalctl@ceph.mon.smithi018.smithi018.stdout:Apr 07 20:33:05 smithi018 ceph-mon[29599]: from='mgr.14120 172.21.15.18:0/3265938369' entity='mgr.smithi018.tkhfhx' cmd=[{"prefix": "config dump", "format": "json"}]: dispatch
2024-04-07T20:33:06.460 INFO:teuthology.orchestra.run.smithi018.stdout:/usr/bin/ceph: stderr
2024-04-07T20:33:05.666+0000 7fed880e4700 1 Processor -- start
2024-04-07T20:33:06.460 INFO:teuthology.orchestra.run.smithi018.stdout:/usr/bin/ceph: stderr
2024-04-07T20:33:05.666+0000 7fed880e4700 1 -- start start
2024-04-07T20:33:06.460 INFO:teuthology.orchestra.run.smithi018.stdout:/usr/bin/ceph: stderr
2024-04-07T20:33:05.667+0000 7fed880e4700 1 --2- >> [v2:172.21.15.18:3300/0,v1:172.21.15.18:6789/0] conn(0x7fed80076cd0 0x7fed801054e0 unknown :-1 s=NONE pgs=0 cs=0 l=0 rev1=0 crypto rx=0 tx=0 comp rx=0 tx=0).connect
2024-04-07T20:33:06.460 INFO:teuthology.orchestra.run.smithi018.stdout:/usr/bin/ceph: stderr
2024-04-07T20:33:05.667+0000 7fed880e4700 1 -- --> [v2:172.21.15.18:3300/0,v1:172.21.15.18:6789/0] -- mon_getmap magic: 0 v1 -- 0x7fed80105a20 con 0x7fed80076cd0
2024-04-07T20:33:06.461 INFO:teuthology.orchestra.run.smithi018.stdout:/usr/bin/ceph: stderr
2024-04-07T20:33:05.667+0000 7fed85e80700 1 --2- >> [v2:172.21.15.18:3300/0,v1:172.21.15.18:6789/0] conn(0x7fed80076cd0 0x7fed801054e0 unknown :-1 s=BANNER_CONNECTING pgs=0 cs=0 l=0 rev1=0 crypto rx=0 tx=0 comp rx=0 tx=0)._handle_peer_banner_payload supported=3 required=0
2024-04-07T20:33:06.461 INFO:teuthology.orchestra.run.smithi018.stdout:/usr/bin/ceph: stderr
2024-04-07T20:33:05.667+0000 7fed85e80700 1 --2- >> [v2:172.21.15.18:3300/0,v1:172.21.15.18:6789/0] conn(0x7fed80076cd0 0x7fed801054e0 unknown :-1 s=HELLO_CONNECTING pgs=0 cs=0 l=0 rev1=1 crypto rx=0 tx=0 comp rx=0 tx=0).handle_hello peer v2:172.21.15.18:3300/0 says I am v2:172.21.15.18:46924/0 (socket says 172.21.15.18:46924)
2024-04-07T20:33:06.461 INFO:teuthology.orchestra.run.smithi018.stdout:/usr/bin/ceph: stderr
2024-04-07T20:33:05.667+0000 7fed85e80700 1 -- 172.21.15.18:0/1359246893 learned_addr learned my addr 172.21.15.18:0/1359246893 (peer_addr_for_me v2:172.21.15.18:0/0)
2024-04-07T20:33:06.461 INFO:teuthology.orchestra.run.smithi018.stdout:/usr/bin/ceph: stderr
2024-04-07T20:33:05.667+0000 7fed85e80700 1 -- 172.21.15.18:0/1359246893 --> [v2:172.21.15.18:3300/0,v1:172.21.15.18:6789/0] -- mon_subscribe({config=0+,monmap=0+}) v3 -- 0x7fed80105b60 con 0x7fed80076cd0
2024-04-07T20:33:06.461 INFO:teuthology.orchestra.run.smithi018.stdout:/usr/bin/ceph: stderr
2024-04-07T20:33:05.667+0000 7fed85e80700 1 --2- 172.21.15.18:0/1359246893 >> [v2:172.21.15.18:3300/0,v1:172.21.15.18:6789/0] conn(0x7fed80076cd0 0x7fed801054e0 secure :-1 s=READY pgs=37 cs=0 l=1 rev1=1 crypto rx=0x7fed70009e50 tx=0x7fed70009840 comp rx=0 tx=0).ready entity=mon.0 client_cookie=6b7dfdca8b4bb28a server_cookie=0 in_seq=0 out_seq=0
2024-04-07T20:33:06.461 INFO:teuthology.orchestra.run.smithi018.stdout:/usr/bin/ceph: stderr
2024-04-07T20:33:05.667+0000 7fed84e7e700 1 -- 172.21.15.18:0/1359246893 <== mon.0 v2:172.21.15.18:3300/0 1 ==== mon_map magic: 0 v1 ==== 229+0+0 (secure 0 0 0) 0x7fed700092e0 con 0x7fed80076cd0
2024-04-07T20:33:06.461 INFO:teuthology.orchestra.run.smithi018.stdout:/usr/bin/ceph: stderr
2024-04-07T20:33:05.667+0000 7fed84e7e700 1 -- 172.21.15.18:0/1359246893 <== mon.0 v2:172.21.15.18:3300/0 2 ==== config(27 keys) v1 ==== 1044+0+0 (secure 0 0 0) 0x7fed70012430 con 0x7fed80076cd0
2024-04-07T20:33:06.461 INFO:teuthology.orchestra.run.smithi018.stdout:/usr/bin/ceph: stderr
