2024-04-07T20:33:29.612+0000 7fd8737fe700 1 --2- >> [v2:172.21.15.18:3300/0,v1:172.21.15.18:6789/0] conn(0x7fd8741017b0 0x7fd87410f420 unknown :-1 s=HELLO_CONNECTING pgs=0 cs=0 l=1 rev1=1 crypto rx=0 tx=0 comp rx=0 tx=0).handle_hello peer v2:172.21.15.18:3300/0 says I am v2:172.21.15.18:56330/0 (socket says 172.21.15.18:56330)
2024-04-07T20:33:30.509 INFO:teuthology.orchestra.run.smithi018.stdout:/usr/bin/ceph: stderr
2024-04-07T20:33:29.612+0000 7fd8737fe700 1 -- 172.21.15.18:0/4018826156 learned_addr learned my addr 172.21.15.18:0/4018826156 (peer_addr_for_me v2:172.21.15.18:0/0)
2024-04-07T20:33:30.510 INFO:teuthology.orchestra.run.smithi018.stdout:/usr/bin/ceph: stderr
2024-04-07T20:33:29.612+0000 7fd8737fe700 1 -- 172.21.15.18:0/4018826156 --> [v2:172.21.15.18:3300/0,v1:172.21.15.18:6789/0] -- mon_subscribe({config=0+,monmap=0+}) v3 -- 0x7fd86400b790 con 0x7fd8741017b0
2024-04-07T20:33:30.510 INFO:teuthology.orchestra.run.smithi018.stdout:/usr/bin/ceph: stderr
2024-04-07T20:33:29.612+0000 7fd8737fe700 1 --2- 172.21.15.18:0/4018826156 >> [v2:172.21.15.18:3300/0,v1:172.21.15.18:6789/0] conn(0x7fd8741017b0 0x7fd87410f420 secure :-1 s=READY pgs=70 cs=0 l=1 rev1=1 crypto rx=0x7fd864006d40 tx=0x7fd86400b4f0 comp rx=0 tx=0).ready entity=mon.0 client_cookie=0 server_cookie=0 in_seq=0 out_seq=0
2024-04-07T20:33:30.510 INFO:teuthology.orchestra.run.smithi018.stdout:/usr/bin/ceph: stderr
2024-04-07T20:33:29.612+0000 7fd86bfff700 1 -- 172.21.15.18:0/4018826156 <== mon.0 v2:172.21.15.18:3300/0 1 ==== mon_map magic: 0 v1 ==== 229+0+0 (secure 0 0 0) 0x7fd86400dc70 con 0x7fd8741017b0
2024-04-07T20:33:30.510 INFO:teuthology.orchestra.run.smithi018.stdout:/usr/bin/ceph: stderr
2024-04-07T20:33:29.612+0000 7fd86bfff700 1 -- 172.21.15.18:0/4018826156 <== mon.0 v2:172.21.15.18:3300/0 2 ==== config(27 keys) v1 ==== 1109+0+0 (secure 0 0 0) 0x7fd86401d050 con 0x7fd8741017b0
2024-04-07T20:33:30.510 INFO:teuthology.orchestra.run.smithi018.stdout:/usr/bin/ceph: stderr
2024-04-07T20:33:29.612+0000 7fd879a70700 1 -- 172.21.15.18:0/4018826156 --> [v2:172.21.15.18:3300/0,v1:172.21.15.18:6789/0] -- mon_subscribe({mgrmap=0+}) v3 -- 0x7fd87410fb60 con 0x7fd8741017b0
2024-04-07T20:33:30.510 INFO:teuthology.orchestra.run.smithi018.stdout:/usr/bin/ceph: stderr
2024-04-07T20:33:29.612+0000 7fd86bfff700 1 -- 172.21.15.18:0/4018826156 <== mon.0 v2:172.21.15.18:3300/0 3 ==== mon_map magic: 0 v1 ==== 229+0+0 (secure 0 0 0) 0x7fd8640223d0 con 0x7fd8741017b0
2024-04-07T20:33:30.510 INFO:teuthology.orchestra.run.smithi018.stdout:/usr/bin/ceph: stderr
2024-04-07T20:33:29.613+0000 7fd879a70700 1 -- 172.21.15.18:0/4018826156 --> [v2:172.21.15.18:3300/0,v1:172.21.15.18:6789/0] -- mon_subscribe({osdmap=0}) v3 -- 0x7fd874110680 con 0x7fd8741017b0
2024-04-07T20:33:30.510 INFO:teuthology.orchestra.run.smithi018.stdout:/usr/bin/ceph: stderr
2024-04-07T20:33:29.613+0000 7fd86bfff700 1 -- 172.21.15.18:0/4018826156 <== mon.0 v2:172.21.15.18:3300/0 4 ==== mgrmap(e 9) v1 ==== 43381+0+0 (secure 0 0 0) 0x7fd864022650 con 0x7fd8741017b0
2024-04-07T20:33:30.510 INFO:teuthology.orchestra.run.smithi018.stdout:/usr/bin/ceph: stderr
2024-04-07T20:33:29.613+0000 7fd86bfff700 1 --2- 172.21.15.18:0/4018826156 >> [v2:172.21.15.18:6800/3313988921,v1:172.21.15.18:6801/3313988921] conn(0x7fd86003abf0 0x7fd86003d0a0 unknown :-1 s=NONE pgs=0 cs=0 l=1 rev1=0 crypto rx=0 tx=0 comp rx=0 tx=0).connect
2024-04-07T20:33:30.510 INFO:teuthology.orchestra.run.smithi018.stdout:/usr/bin/ceph: stderr
2024-04-07T20:33:29.614+0000 7fd86bfff700 1 -- 172.21.15.18:0/4018826156 <== mon.0 v2:172.21.15.18:3300/0 5 ==== osd_map(2..2 src has 1..2) v4 ==== 936+0+0 (secure 0 0 0) 0x7fd864014070 con 0x7fd8741017b0
2024-04-07T20:33:30.510 INFO:teuthology.orchestra.run.smithi018.stdout:/usr/bin/ceph: stderr
2024-04-07T20:33:29.614+0000 7fd872ffd700 1 -- 172.21.15.18:0/4018826156 >> [v2:172.21.15.18:6800/3313988921,v1:172.21.15.18:6801/3313988921] conn(0x7fd86003abf0 msgr2=0x7fd86003d0a0 unknown :-1 s=STATE_CONNECTING_RE l=1).process reconnect failed to v2:172.21.15.18:6800/3313988921
2024-04-07T20:33:30.510 INFO:teuthology.orchestra.run.smithi018.stdout:/usr/bin/ceph: stderr
2024-04-07T20:33:29.614+0000 7fd872ffd700 1 --2- 172.21.15.18:0/4018826156 >> [v2:172.21.15.18:6800/3313988921,v1:172.21.15.18:6801/3313988921] conn(0x7fd86003abf0 0x7fd86003d0a0 unknown :-1 s=START_CONNECT pgs=0 cs=0 l=1 rev1=0 crypto rx=0 tx=0 comp rx=0 tx=0)._fault waiting 0.200000
2024-04-07T20:33:30.510 INFO:teuthology.orchestra.run.smithi018.stdout:/usr/bin/ceph: stderr
2024-04-07T20:33:29.614+0000 7fd879a70700 1 -- 172.21.15.18:0/4018826156 --> [v2:172.21.15.18:3300/0,v1:172.21.15.18:6789/0] -- mon_command({"prefix": "get_command_descriptions"} v 0) v1 -- 0x7fd87405f5f0 con 0x7fd8741017b0
2024-04-07T20:33:30.511 INFO:teuthology.orchestra.run.smithi018.stdout:/usr/bin/ceph: stderr
2024-04-07T20:33:29.623+0000 7fd86bfff700 1 -- 172.21.15.18:0/4018826156 <== mon.0 v2:172.21.15.18:3300/0 6 ==== mon_command_ack([{"prefix": "get_command_descriptions"}]=0 v0) v1 ==== 72+0+176504 (secure 0 0 0) 0x7fd86400eb90 con 0x7fd8741017b0
2024-04-07T20:33:30.511 INFO:teuthology.orchestra.run.smithi018.stdout:/usr/bin/ceph: stderr
2024-04-07T20:33:29.815+0000 7fd872ffd700 1 -- 172.21.15.18:0/4018826156 >> [v2:172.21.15.18:6800/3313988921,v1:172.21.15.18:6801/3313988921] conn(0x7fd86003abf0 msgr2=0x7fd86003d0a0 unknown :-1 s=STATE_CONNECTING_RE l=1).process reconnect failed to v2:172.21.15.18:6800/3313988921
2024-04-07T20:33:30.511 INFO:teuthology.orchestra.run.smithi018.stdout:/usr/bin/ceph: stderr
2024-04-07T20:33:29.815+0000 7fd872ffd700 1 --2- 172.21.15.18:0/4018826156 >> [v2:172.21.15.18:6800/3313988921,v1:172.21.15.18:6801/3313988921] conn(0x7fd86003abf0 0x7fd86003d0a0 unknown :-1 s=START_CONNECT pgs=0 cs=0 l=1 rev1=0 crypto rx=0 tx=0 comp rx=0 tx=0)._fault waiting 0.400000
2024-04-07T20:33:30.511 INFO:teuthology.orchestra.run.smithi018.stdout:/usr/bin/ceph: stderr
2024-04-07T20:33:29.894+0000 7fd879a70700 1 -- 172.21.15.18:0/4018826156 --> [v2:172.21.15.18:3300/0,v1:172.21.15.18:6789/0] -- mon_command({"prefix": "mgr stat"} v 0) v1 -- 0x7fd874111090 con 0x7fd8741017b0
2024-04-07T20:33:30.511 INFO:teuthology.orchestra.run.smithi018.stdout:/usr/bin/ceph: stderr
2024-04-07T20:33:29.895+0000 7fd86bfff700 1 -- 172.21.15.18:0/4018826156 <== mon.0 v2:172.21.15.18:3300/0 7 ==== mon_command_ack([{"prefix": "mgr stat"}]=0 v9) v1 ==== 56+0+103 (secure 0 0 0) 0x7fd86400fed0 con 0x7fd8741017b0
2024-04-07T20:33:30.511 INFO:teuthology.orchestra.run.smithi018.stdout:/usr/bin/ceph: stderr
2024-04-07T20:33:29.897+0000 7fd879a70700 1 -- 172.21.15.18:0/4018826156 >> [v2:172.21.15.18:6800/3313988921,v1:172.21.15.18:6801/3313988921] conn(0x7fd86003abf0 msgr2=0x7fd86003d0a0 unknown :-1 s=STATE_CONNECTING l=1).mark_down
2024-04-07T20:33:30.511 INFO:teuthology.orchestra.run.smithi018.stdout:/usr/bin/ceph: stderr
2024-04-07T20:33:29.897+0000 7fd879a70700 1 --2- 172.21.15.18:0/4018826156 >> [v2:172.21.15.18:6800/3313988921,v1:172.21.15.18:6801/3313988921] conn(0x7fd86003abf0 0x7fd86003d0a0 unknown :-1 s=START_CONNECT pgs=0 cs=0 l=1 rev1=0 crypto rx=0 tx=0 comp rx=0 tx=0).stop
2024-04-07T20:33:30.511 INFO:teuthology.orchestra.run.smithi018.stdout:/usr/bin/ceph: stderr
2024-04-07T20:33:29.897+0000 7fd879a70700 1 -- 172.21.15.18:0/4018826156 >> [v2:172.21.15.18:3300/0,v1:172.21.15.18:6789/0] conn(0x7fd8741017b0 msgr2=0x7fd87410f420 secure :-1 s=STATE_CONNECTION_ESTABLISHED l=1).mark_down
2024-04-07T20:33:30.511 INFO:teuthology.orchestra.run.smithi018.stdout:/usr/bin/ceph: stderr
2024-04-07T20:33:29.897+0000 7fd879a70700 1 --2- 172.21.15.18:0/4018826156 >> [v2:172.21.15.18:3300/0,v1:172.21.15.18:6789/0] conn(0x7fd8741017b0 0x7fd87410f420 secure :-1 s=READY pgs=70 cs=0 l=1 rev1=1 crypto rx=0x7fd864006d40 tx=0x7fd86400b4f0 comp rx=0 tx=0).stop
2024-04-07T20:33:30.511 INFO:teuthology.orchestra.run.smithi018.stdout:/usr/bin/ceph: stderr
2024-04-07T20:33:29.897+0000 7fd879a70700 1 -- 172.21.15.18:0/4018826156 shutdown_connections
2024-04-07T20:33:30.511 INFO:teuthology.orchestra.run.smithi018.stdout:/usr/bin/ceph: stderr
2024-04-07T20:33:29.897+0000 7fd879a70700 1 --2- 172.21.15.18:0/4018826156 >> [v2:172.21.15.18:6800/3313988921,v1:172.21.15.18:6801/3313988921] conn(0x7fd86003abf0 0x7fd86003d0a0 unknown :-1 s=CLOSED pgs=0 cs=0 l=1 rev1=0 crypto rx=0 tx=0 comp rx=0 tx=0).stop
2024-04-07T20:33:30.511 INFO:teuthology.orchestra.run.smithi018.stdout:/usr/bin/ceph: stderr
2024-04-07T20:33:29.897+0000 7fd879a70700 1 --2- 172.21.15.18:0/4018826156 >> [v2:172.21.15.18:3300/0,v1:172.21.15.18:6789/0] conn(0x7fd8741017b0 0x7fd87410f420 unknown :-1 s=CLOSED pgs=70 cs=0 l=1 rev1=1 crypto rx=0 tx=0 comp rx=0 tx=0).stop
2024-04-07T20:33:30.511 INFO:teuthology.orchestra.run.smithi018.stdout:/usr/bin/ceph: stderr
2024-04-07T20:33:29.897+0000 7fd879a70700 1 -- 172.21.15.18:0/4018826156 >> 172.21.15.18:0/4018826156 conn(0x7fd8740fcf70 msgr2=0x7fd874105bf0 unknown :-1 s=STATE_NONE l=0).mark_down
2024-04-07T20:33:30.511 INFO:teuthology.orchestra.run.smithi018.stdout:/usr/bin/ceph: stderr
2024-04-07T20:33:29.897+0000 7fd879a70700 1 -- 172.21.15.18:0/4018826156 shutdown_connections
2024-04-07T20:33:30.511 INFO:teuthology.orchestra.run.smithi018.stdout:/usr/bin/ceph: stderr
2024-04-07T20:33:29.897+0000 7fd879a70700 1 -- 172.21.15.18:0/4018826156 wait complete.
2024-04-07T20:33:30.512 INFO:teuthology.orchestra.run.smithi018.stdout:Waiting for the mgr to restart...
2024-04-07T20:33:30.512 INFO:teuthology.orchestra.run.smithi018.stdout:Waiting for mgr epoch 9...
2024-04-07T20:33:30.734 INFO:journalctl@ceph.mon.smithi018.smithi018.stdout:Apr 07 20:33:30 smithi018 ceph-mon[29599]: from='client.? 172.21.15.18:0/4018826156' entity='client.admin' cmd=[{"prefix": "mgr stat"}]: dispatch
2024-04-07T20:33:35.734 INFO:journalctl@ceph.mon.smithi018.smithi018.stdout:Apr 07 20:33:35 smithi018 ceph-mon[29599]: Active manager daemon smithi018.tkhfhx restarted
2024-04-07T20:33:35.735 INFO:journalctl@ceph.mon.smithi018.smithi018.stdout:Apr 07 20:33:35 smithi018 ceph-mon[29599]: Activating manager daemon smithi018.tkhfhx
2024-04-07T20:33:35.735 INFO:journalctl@ceph.mon.smithi018.smithi018.stdout:Apr 07 20:33:35 smithi018 ceph-mon[29599]: osdmap e3: 0 total, 0 up, 0 in
2024-04-07T20:33:35.735 INFO:journalctl@ceph.mon.smithi018.smithi018.stdout:Apr 07 20:33:35 smithi018 ceph-mon[29599]: mgrmap e10: smithi018.tkhfhx(active, starting, since 0.00320728s)
2024-04-07T20:33:35.735 INFO:journalctl@ceph.mon.smithi018.smithi018.stdout:Apr 07 20:33:35 smithi018 ceph-mon[29599]: from='mgr.14162 172.21.15.18:0/2924737130' entity='mgr.smithi018.tkhfhx' cmd=[{"prefix": "mon metadata", "id": "smithi018"}]: dispatch
2024-04-07T20:33:35.735 INFO:journalctl@ceph.mon.smithi018.smithi018.stdout:Apr 07 20:33:35 smithi018 ceph-mon[29599]: from='mgr.14162 172.21.15.18:0/2924737130' entity='mgr.smithi018.tkhfhx' cmd=[{"prefix": "mgr metadata", "who": "smithi018.tkhfhx", "id": "smithi018.tkhfhx"}]: dispatch
2024-04-07T20:33:35.735 INFO:journalctl@ceph.mon.smithi018.smithi018.stdout:Apr 07 20:33:35 smithi018 ceph-mon[29599]: from='mgr.14162 172.21.15.18:0/2924737130' entity='mgr.smithi018.tkhfhx' cmd=[{"prefix": "mds metadata"}]: dispatch
2024-04-07T20:33:35.735 INFO:journalctl@ceph.mon.smithi018.smithi018.stdout:Apr 07 20:33:35 smithi018 ceph-mon[29599]: from='mgr.14162 172.21.15.18:0/2924737130' entity='mgr.smithi018.tkhfhx' cmd=[{"prefix": "osd metadata"}]: dispatch
2024-04-07T20:33:35.735 INFO:journalctl@ceph.mon.smithi018.smithi018.stdout:Apr 07 20:33:35 smithi018 ceph-mon[29599]: from='mgr.14162 172.21.15.18:0/2924737130' entity='mgr.smithi018.tkhfhx' cmd=[{"prefix": "mon metadata"}]: dispatch
2024-04-07T20:33:35.735 INFO:journalctl@ceph.mon.smithi018.smithi018.stdout:Apr 07 20:33:35 smithi018 ceph-mon[29599]: Manager daemon smithi018.tkhfhx is now available
2024-04-07T20:33:35.735 INFO:journalctl@ceph.mon.smithi018.smithi018.stdout:Apr 07 20:33:35 smithi018 ceph-mon[29599]: from='mgr.14162 172.21.15.18:0/2924737130' entity='mgr.smithi018.tkhfhx' cmd=[{"prefix": "config dump", "format": "json"}]: dispatch
2024-04-07T20:33:35.735 INFO:journalctl@ceph.mon.smithi018.smithi018.stdout:Apr 07 20:33:35 smithi018 ceph-mon[29599]: from='mgr.14162 172.21.15.18:0/2924737130' entity='mgr.smithi018.tkhfhx' cmd=[{"prefix": "config dump", "format": "json"}]: dispatch
2024-04-07T20:33:36.626 INFO:journalctl@ceph.mon.smithi018.smithi018.stdout:Apr 07 20:33:36 smithi018 ceph-mon[29599]: from='mgr.14162 172.21.15.18:0/2924737130' entity='mgr.smithi018.tkhfhx' cmd=[{"prefix":"config rm","who":"mgr","name":"mgr/rbd_support/smithi018.tkhfhx/mirror_snapshot_schedule"}]: dispatch
2024-04-07T20:33:36.626 INFO:journalctl@ceph.mon.smithi018.smithi018.stdout:Apr 07 20:33:36 smithi018 ceph-mon[29599]: from='mgr.14162 172.21.15.18:0/2924737130' entity='mgr.smithi018.tkhfhx' cmd=[{"prefix":"config rm","who":"mgr","name":"mgr/rbd_support/smithi018.tkhfhx/trash_purge_schedule"}]: dispatch
2024-04-07T20:33:36.626 INFO:journalctl@ceph.mon.smithi018.smithi018.stdout:Apr 07 20:33:36 smithi018 ceph-mon[29599]: from='mgr.14162 172.21.15.18:0/2924737130' entity='mgr.smithi018.tkhfhx'
2024-04-07T20:33:36.626 INFO:journalctl@ceph.mon.smithi018.smithi018.stdout:Apr 07 20:33:36 smithi018 ceph-mon[29599]: mgrmap e11: smithi018.tkhfhx(active, since 1.00537s)
2024-04-07T20:33:36.926 INFO:teuthology.orchestra.run.smithi018.stdout:/usr/bin/ceph: stdout {
2024-04-07T20:33:36.926 INFO:teuthology.orchestra.run.smithi018.stdout:/usr/bin/ceph: stdout "mgrmap_epoch": 11,
2024-04-07T20:33:36.926 INFO:teuthology.orchestra.run.smithi018.stdout:/usr/bin/ceph: stdout "initialized": true
2024-04-07T20:33:36.926 INFO:teuthology.orchestra.run.smithi018.stdout:/usr/bin/ceph: stdout }
2024-04-07T20:33:36.926 INFO:teuthology.orchestra.run.smithi018.stdout:/usr/bin/ceph: stderr
2024-04-07T20:33:30.893+0000 7f943aa24700 1 Processor -- start
2024-04-07T20:33:36.926 INFO:teuthology.orchestra.run.smithi018.stdout:/usr/bin/ceph: stderr
2024-04-07T20:33:30.893+0000 7f943aa24700 1 -- start start
2024-04-07T20:33:36.926 INFO:teuthology.orchestra.run.smithi018.stdout:/usr/bin/ceph: stderr
2024-04-07T20:33:30.893+0000 7f943aa24700 1 --2- >> [v2:172.21.15.18:3300/0,v1:172.21.15.18:6789/0] conn(0x7f9434076a70 0x7f9434105620 unknown :-1 s=NONE pgs=0 cs=0 l=0 rev1=0 crypto rx=0 tx=0 comp rx=0 tx=0).connect
2024-04-07T20:33:36.926 INFO:teuthology.orchestra.run.smithi018.stdout:/usr/bin/ceph: stderr
2024-04-07T20:33:30.893+0000 7f943aa24700 1 -- --> [v2:172.21.15.18:3300/0,v1:172.21.15.18:6789/0] -- mon_getmap magic: 0 v1 -- 0x7f9434076e80 con 0x7f9434076a70
2024-04-07T20:33:36.926 INFO:teuthology.orchestra.run.smithi018.stdout:/usr/bin/ceph: stderr
2024-04-07T20:33:30.893+0000 7f9433fff700 1 --2- >> [v2:172.21.15.18:3300/0,v1:172.21.15.18:6789/0] conn(0x7f9434076a70 0x7f9434105620 unknown :-1 s=BANNER_CONNECTING pgs=0 cs=0 l=0 rev1=0 crypto rx=0 tx=0 comp rx=0 tx=0)._handle_peer_banner_payload supported=3 required=0
2024-04-07T20:33:36.926 INFO:teuthology.orchestra.run.smithi018.stdout:/usr/bin/ceph: stderr
2024-04-07T20:33:30.893+0000 7f9433fff700 1 --2- >> [v2:172.21.15.18:3300/0,v1:172.21.15.18:6789/0] conn(0x7f9434076a70 0x7f9434105620 unknown :-1 s=HELLO_CONNECTING pgs=0 cs=0 l=0 rev1=1 crypto rx=0 tx=0 comp rx=0 tx=0).handle_hello peer v2:172.21.15.18:3300/0 says I am v2:172.21.15.18:56342/0 (socket says 172.21.15.18:56342)
2024-04-07T20:33:36.927 INFO:teuthology.orchestra.run.smithi018.stdout:/usr/bin/ceph: stderr
2024-04-07T20:33:30.893+0000 7f9433fff700 1 -- 172.21.15.18:0/161116396 learned_addr learned my addr 172.21.15.18:0/161116396 (peer_addr_for_me v2:172.21.15.18:0/0)
2024-04-07T20:33:36.927 INFO:teuthology.orchestra.run.smithi018.stdout:/usr/bin/ceph: stderr
2024-04-07T20:33:30.893+0000 7f9433fff700 1 -- 172.21.15.18:0/161116396 --> [v2:172.21.15.18:3300/0,v1:172.21.15.18:6789/0] -- mon_subscribe({config=0+,monmap=0+}) v3 -- 0x7f9434105b60 con 0x7f9434076a70
2024-04-07T20:33:36.927 INFO:teuthology.orchestra.run.smithi018.stdout:/usr/bin/ceph: stderr
2024-04-07T20:33:30.893+0000 7f9433fff700 1 --2- 172.21.15.18:0/161116396 >> [v2:172.21.15.18:3300/0,v1:172.21.15.18:6789/0] conn(0x7f9434076a70 0x7f9434105620 secure :-1 s=READY pgs=71 cs=0 l=1 rev1=1 crypto rx=0x7f94240098e0 tx=0x7f9424009250 comp rx=0 tx=0).ready entity=mon.0 client_cookie=87a4c1a884bd982 server_cookie=0 in_seq=0 out_seq=0
2024-04-07T20:33:36.927 INFO:teuthology.orchestra.run.smithi018.stdout:/usr/bin/ceph: stderr
2024-04-07T20:33:30.894+0000 7f9432ffd700 1 -- 172.21.15.18:0/161116396 <== mon.0 v2:172.21.15.18:3300/0 1 ==== mon_map magic: 0 v1 ==== 229+0+0 (secure 0 0 0) 0x7f942400b8f0 con 0x7f9434076a70
2024-04-07T20:33:36.927 INFO:teuthology.orchestra.run.smithi018.stdout:/usr/bin/ceph: stderr
2024-04-07T20:33:30.894+0000 7f9432ffd700 1 -- 172.21.15.18:0/161116396 <== mon.0 v2:172.21.15.18:3300/0 2 ==== config(27 keys) v1 ==== 1109+0+0 (secure 0 0 0) 0x7f9424011420 con 0x7f9434076a70
2024-04-07T20:33:36.927 INFO:teuthology.orchestra.run.smithi018.stdout:/usr/bin/ceph: stderr
2024-04-07T20:33:30.894+0000 7f9432ffd700 1 -- 172.21.15.18:0/161116396 <== mon.0 v2:172.21.15.18:3300/0 3 ==== mon_map magic: 0 v1 ==== 229+0+0 (secure 0 0 0) 0x7f9424010540 con 0x7f9434076a70
2024-04-07T20:33:36.927 INFO:teuthology.orchestra.run.smithi018.stdout:/usr/bin/ceph: stderr
2024-04-07T20:33:30.894+0000 7f943aa24700 1 -- 172.21.15.18:0/161116396 >> [v2:172.21.15.18:3300/0,v1:172.21.15.18:6789/0] conn(0x7f9434076a70 msgr2=0x7f9434105620 secure :-1 s=STATE_CONNECTION_ESTABLISHED l=1).mark_down
2024-04-07T20:33:36.927 INFO:teuthology.orchestra.run.smithi018.stdout:/usr/bin/ceph: stderr
2024-04-07T20:33:30.894+0000 7f943aa24700 1 --2- 172.21.15.18:0/161116396 >> [v2:172.21.15.18:3300/0,v1:172.21.15.18:6789/0] conn(0x7f9434076a70 0x7f9434105620 secure :-1 s=READY pgs=71 cs=0 l=1 rev1=1 crypto rx=0x7f94240098e0 tx=0x7f9424009250 comp rx=0 tx=0).stop
2024-04-07T20:33:36.927 INFO:teuthology.orchestra.run.smithi018.stdout:/usr/bin/ceph: stderr
2024-04-07T20:33:30.894+0000 7f943aa24700 1 -- 172.21.15.18:0/161116396 shutdown_connections
2024-04-07T20:33:36.927 INFO:teuthology.orchestra.run.smithi018.stdout:/usr/bin/ceph: stderr
2024-04-07T20:33:30.894+0000 7f943aa24700 1 --2- 172.21.15.18:0/161116396 >> [v2:172.21.15.18:3300/0,v1:172.21.15.18:6789/0] conn(0x7f9434076a70 0x7f9434105620 unknown :-1 s=CLOSED pgs=71 cs=0 l=1 rev1=1 crypto rx=0 tx=0 comp rx=0 tx=0).stop
2024-04-07T20:33:36.927 INFO:teuthology.orchestra.run.smithi018.stdout:/usr/bin/ceph: stderr
2024-04-07T20:33:30.894+0000 7f943aa24700 1 -- 172.21.15.18:0/161116396 >> 172.21.15.18:0/161116396 conn(0x7f94340fd010 msgr2=0x7f94340ff420 unknown :-1 s=STATE_NONE l=0).mark_down
2024-04-07T20:33:36.927 INFO:teuthology.orchestra.run.smithi018.stdout:/usr/bin/ceph: stderr
2024-04-07T20:33:30.894+0000 7f943aa24700 1 -- 172.21.15.18:0/161116396 shutdown_connections
2024-04-07T20:33:36.927 INFO:teuthology.orchestra.run.smithi018.stdout:/usr/bin/ceph: stderr
2024-04-07T20:33:30.894+0000 7f943aa24700 1 -- 172.21.15.18:0/161116396 wait complete.
2024-04-07T20:33:36.927 INFO:teuthology.orchestra.run.smithi018.stdout:/usr/bin/ceph: stderr
2024-04-07T20:33:30.895+0000 7f943aa24700 1 Processor -- start
2024-04-07T20:33:36.928 INFO:teuthology.orchestra.run.smithi018.stdout:/usr/bin/ceph: stderr
2024-04-07T20:33:30.895+0000 7f943aa24700 1 -- start start
2024-04-07T20:33:36.928 INFO:teuthology.orchestra.run.smithi018.stdout:/usr/bin/ceph: stderr
2024-04-07T20:33:30.895+0000 7f943aa24700 1 --2- >> [v2:172.21.15.18:3300/0,v1:172.21.15.18:6789/0] conn(0x7f9434076a70 0x7f9434111780 unknown :-1 s=NONE pgs=0 cs=0 l=1 rev1=0 crypto rx=0 tx=0 comp rx=0 tx=0).connect
2024-04-07T20:33:36.928 INFO:teuthology.orchestra.run.smithi018.stdout:/usr/bin/ceph: stderr
2024-04-07T20:33:30.895+0000 7f943aa24700 1 -- --> [v2:172.21.15.18:3300/0,v1:172.21.15.18:6789/0] -- mon_getmap magic: 0 v1 -- 0x7f9434111cc0 con 0x7f9434076a70
2024-04-07T20:33:36.928 INFO:teuthology.orchestra.run.smithi018.stdout:/usr/bin/ceph: stderr
2024-04-07T20:33:30.895+0000 7f9433fff700 1 --2- >> [v2:172.21.15.18:3300/0,v1:172.21.15.18:6789/0] conn(0x7f9434076a70 0x7f9434111780 unknown :-1 s=BANNER_CONNECTING pgs=0 cs=0 l=1 rev1=0 crypto rx=0 tx=0 comp rx=0 tx=0)._handle_peer_banner_payload supported=3 required=0
2024-04-07T20:33:36.928 INFO:teuthology.orchestra.run.smithi018.stdout:/usr/bin/ceph: stderr
2024-04-07T20:33:30.895+0000 7f9433fff700 1 --2- >> [v2:172.21.15.18:3300/0,v1:172.21.15.18:6789/0] conn(0x7f9434076a70 0x7f9434111780 unknown :-1 s=HELLO_CONNECTING pgs=0 cs=0 l=1 rev1=1 crypto rx=0 tx=0 comp rx=0 tx=0).handle_hello peer v2:172.21.15.18:3300/0 says I am v2:172.21.15.18:56348/0 (socket says 172.21.15.18:56348)
2024-04-07T20:33:36.928 INFO:teuthology.orchestra.run.smithi018.stdout:/usr/bin/ceph: stderr
2024-04-07T20:33:30.895+0000 7f9433fff700 1 -- 172.21.15.18:0/2080131168 learned_addr learned my addr 172.21.15.18:0/2080131168 (peer_addr_for_me v2:172.21.15.18:0/0)
2024-04-07T20:33:36.928 INFO:teuthology.orchestra.run.smithi018.stdout:/usr/bin/ceph: stderr
2024-04-07T20:33:30.896+0000 7f9433fff700 1 -- 172.21.15.18:0/2080131168 --> [v2:172.21.15.18:3300/0,v1:172.21.15.18:6789/0] -- mon_subscribe({config=0+,monmap=0+}) v3 -- 0x7f94240094f0 con 0x7f9434076a70
2024-04-07T20:33:36.928 INFO:teuthology.orchestra.run.smithi018.stdout:/usr/bin/ceph: stderr
2024-04-07T20:33:30.896+0000 7f9433fff700 1 --2- 172.21.15.18:0/2080131168 >> [v2:172.21.15.18:3300/0,v1:172.21.15.18:6789/0] conn(0x7f9434076a70 0x7f9434111780 secure :-1 s=READY pgs=72 cs=0 l=1 rev1=1 crypto rx=0x7f9424006d40 tx=0x7f9424009250 comp rx=0 tx=0).ready entity=mon.0 client_cookie=0 server_cookie=0 in_seq=0 out_seq=0
2024-04-07T20:33:36.928 INFO:teuthology.orchestra.run.smithi018.stdout:/usr/bin/ceph: stderr
2024-04-07T20:33:30.896+0000 7f9430ff9700 1 -- 172.21.15.18:0/2080131168 <== mon.0 v2:172.21.15.18:3300/0 1 ==== mon_map magic: 0 v1 ==== 229+0+0 (secure 0 0 0) 0x7f942400be60 con 0x7f9434076a70
2024-04-07T20:33:36.928 INFO:teuthology.orchestra.run.smithi018.stdout:/usr/bin/ceph: stderr
2024-04-07T20:33:30.896+0000 7f9430ff9700 1 -- 172.21.15.18:0/2080131168 <== mon.0 v2:172.21.15.18:3300/0 2 ==== config(27 keys) v1 ==== 1109+0+0 (secure 0 0 0) 0x7f9424010cd0 con 0x7f9434076a70
2024-04-07T20:33:36.928 INFO:teuthology.orchestra.run.smithi018.stdout:/usr/bin/ceph: stderr
2024-04-07T20:33:30.896+0000 7f9430ff9700 1 -- 172.21.15.18:0/2080131168 <== mon.0 v2:172.21.15.18:3300/0 3 ==== mon_map magic: 0 v1 ==== 229+0+0 (secure 0 0 0) 0x7f942401ac70 con 0x7f9434076a70
2024-04-07T20:33:36.928 INFO:teuthology.orchestra.run.smithi018.stdout:/usr/bin/ceph: stderr
2024-04-07T20:33:30.896+0000 7f943aa24700 1 -- 172.21.15.18:0/2080131168 --> [v2:172.21.15.18:3300/0,v1:172.21.15.18:6789/0] -- mon_subscribe({mgrmap=0+}) v3 -- 0x7f9434111ec0 con 0x7f9434076a70
2024-04-07T20:33:36.928 INFO:teuthology.orchestra.run.smithi018.stdout:/usr/bin/ceph: stderr
2024-04-07T20:33:30.896+0000 7f943aa24700 1 -- 172.21.15.18:0/2080131168 --> [v2:172.21.15.18:3300/0,v1:172.21.15.18:6789/0] -- mon_subscribe({osdmap=0}) v3 -- 0x7f9434112a30 con 0x7f9434076a70
2024-04-07T20:33:36.928 INFO:teuthology.orchestra.run.smithi018.stdout:/usr/bin/ceph: stderr
2024-04-07T20:33:30.897+0000 7f9430ff9700 1 -- 172.21.15.18:0/2080131168 <== mon.0 v2:172.21.15.18:3300/0 4 ==== mgrmap(e 9) v1 ==== 43381+0+0 (secure 0 0 0) 0x7f942402e440 con 0x7f9434076a70
2024-04-07T20:33:36.929 INFO:teuthology.orchestra.run.smithi018.stdout:/usr/bin/ceph: stderr
2024-04-07T20:33:30.897+0000 7f9430ff9700 1 --2- 172.21.15.18:0/2080131168 >> [v2:172.21.15.18:6800/3313988921,v1:172.21.15.18:6801/3313988921] conn(0x7f94200367e0 0x7f9420038c90 unknown :-1 s=NONE pgs=0 cs=0 l=1 rev1=0 crypto rx=0 tx=0 comp rx=0 tx=0).connect
2024-04-07T20:33:36.929 INFO:teuthology.orchestra.run.smithi018.stdout:/usr/bin/ceph: stderr
2024-04-07T20:33:30.897+0000 7f943aa24700 1 -- 172.21.15.18:0/2080131168 --> [v2:172.21.15.18:6800/3313988921,v1:172.21.15.18:6801/3313988921] -- command(tid 0: {"prefix": "get_command_descriptions"}) v1 -- 0x7f943405f5f0 con 0x7f94200367e0
2024-04-07T20:33:36.929 INFO:teuthology.orchestra.run.smithi018.stdout:/usr/bin/ceph: stderr
2024-04-07T20:33:30.897+0000 7f9430ff9700 1 -- 172.21.15.18:0/2080131168 <== mon.0 v2:172.21.15.18:3300/0 5 ==== osd_map(2..2 src has 1..2) v4 ==== 936+0+0 (secure 0 0 0) 0x7f942404a7b0 con 0x7f9434076a70
2024-04-07T20:33:36.929 INFO:teuthology.orchestra.run.smithi018.stdout:/usr/bin/ceph: stderr
2024-04-07T20:33:30.897+0000 7f94337fe700 1 -- 172.21.15.18:0/2080131168 >> [v2:172.21.15.18:6800/3313988921,v1:172.21.15.18:6801/3313988921] conn(0x7f94200367e0 msgr2=0x7f9420038c90 unknown :-1 s=STATE_CONNECTING_RE l=1).process reconnect failed to v2:172.21.15.18:6800/3313988921
2024-04-07T20:33:36.929 INFO:teuthology.orchestra.run.smithi018.stdout:/usr/bin/ceph: stderr
2024-04-07T20:33:30.897+0000 7f94337fe700 1 --2- 172.21.15.18:0/2080131168 >> [v2:172.21.15.18:6800/3313988921,v1:172.21.15.18:6801/3313988921] conn(0x7f94200367e0 0x7f9420038c90 unknown :-1 s=START_CONNECT pgs=0 cs=0 l=1 rev1=0 crypto rx=0 tx=0 comp rx=0 tx=0)._fault waiting 0.200000
2024-04-07T20:33:36.929 INFO:teuthology.orchestra.run.smithi018.stdout:/usr/bin/ceph: stderr
2024-04-07T20:33:31.098+0000 7f94337fe700 1 -- 172.21.15.18:0/2080131168 >> [v2:172.21.15.18:6800/3313988921,v1:172.21.15.18:6801/3313988921] conn(0x7f94200367e0 msgr2=0x7f9420038c90 unknown :-1 s=STATE_CONNECTING_RE l=1).process reconnect failed to v2:172.21.15.18:6800/3313988921
2024-04-07T20:33:36.929 INFO:teuthology.orchestra.run.smithi018.stdout:/usr/bin/ceph: stderr
2024-04-07T20:33:31.098+0000 7f94337fe700 1 --2- 172.21.15.18:0/2080131168 >> [v2:172.21.15.18:6800/3313988921,v1:172.21.15.18:6801/3313988921] conn(0x7f94200367e0 0x7f9420038c90 unknown :-1 s=START_CONNECT pgs=0 cs=0 l=1 rev1=0 crypto rx=0 tx=0 comp rx=0 tx=0)._fault waiting 0.400000
2024-04-07T20:33:36.929 INFO:teuthology.orchestra.run.smithi018.stdout:/usr/bin/ceph: stderr
2024-04-07T20:33:31.499+0000 7f94337fe700 1 -- 172.21.15.18:0/2080131168 >> [v2:172.21.15.18:6800/3313988921,v1:172.21.15.18:6801/3313988921] conn(0x7f94200367e0 msgr2=0x7f9420038c90 unknown :-1 s=STATE_CONNECTING_RE l=1).process reconnect failed to v2:172.21.15.18:6800/3313988921
2024-04-07T20:33:36.929 INFO:teuthology.orchestra.run.smithi018.stdout:/usr/bin/ceph: stderr
2024-04-07T20:33:31.499+0000 7f94337fe700 1 --2- 172.21.15.18:0/2080131168 >> [v2:172.21.15.18:6800/3313988921,v1:172.21.15.18:6801/3313988921] conn(0x7f94200367e0 0x7f9420038c90 unknown :-1 s=START_CONNECT pgs=0 cs=0 l=1 rev1=0 crypto rx=0 tx=0 comp rx=0 tx=0)._fault waiting 0.800000
2024-04-07T20:33:36.929 INFO:teuthology.orchestra.run.smithi018.stdout:/usr/bin/ceph: stderr
2024-04-07T20:33:32.300+0000 7f94337fe700 1 -- 172.21.15.18:0/2080131168 >> [v2:172.21.15.18:6800/3313988921,v1:172.21.15.18:6801/3313988921] conn(0x7f94200367e0 msgr2=0x7f9420038c90 unknown :-1 s=STATE_CONNECTING_RE l=1).process reconnect failed to v2:172.21.15.18:6800/3313988921
2024-04-07T20:33:36.929 INFO:teuthology.orchestra.run.smithi018.stdout:/usr/bin/ceph: stderr
2024-04-07T20:33:32.300+0000 7f94337fe700 1 --2- 172.21.15.18:0/2080131168 >> [v2:172.21.15.18:6800/3313988921,v1:172.21.15.18:6801/3313988921] conn(0x7f94200367e0 0x7f9420038c90 unknown :-1 s=START_CONNECT pgs=0 cs=0 l=1 rev1=0 crypto rx=0 tx=0 comp rx=0 tx=0)._fault waiting 1.600000
2024-04-07T20:33:36.929 INFO:teuthology.orchestra.run.smithi018.stdout:/usr/bin/ceph: stderr
2024-04-07T20:33:33.901+0000 7f94337fe700 1 -- 172.21.15.18:0/2080131168 >> [v2:172.21.15.18:6800/3313988921,v1:172.21.15.18:6801/3313988921] conn(0x7f94200367e0 msgr2=0x7f9420038c90 unknown :-1 s=STATE_CONNECTING_RE l=1).process reconnect failed to v2:172.21.15.18:6800/3313988921
2024-04-07T20:33:36.929 INFO:teuthology.orchestra.run.smithi018.stdout:/usr/bin/ceph: stderr
2024-04-07T20:33:33.901+0000 7f94337fe700 1 --2- 172.21.15.18:0/2080131168 >> [v2:172.21.15.18:6800/3313988921,v1:172.21.15.18:6801/3313988921] conn(0x7f94200367e0 0x7f9420038c90 unknown :-1 s=START_CONNECT pgs=0 cs=0 l=1 rev1=0 crypto rx=0 tx=0 comp rx=0 tx=0)._fault waiting 3.200000
2024-04-07T20:33:36.929 INFO:teuthology.orchestra.run.smithi018.stdout:/usr/bin/ceph: stderr
2024-04-07T20:33:35.263+0000 7f9430ff9700 1 -- 172.21.15.18:0/2080131168 <== mon.0 v2:172.21.15.18:3300/0 6 ==== mgrmap(e 10) v1 ==== 43148+0+0 (secure 0 0 0) 0x7f942401a430 con 0x7f9434076a70
2024-04-07T20:33:36.930 INFO:teuthology.orchestra.run.smithi018.stdout:/usr/bin/ceph: stderr
2024-04-07T20:33:35.263+0000 7f9430ff9700 1 -- 172.21.15.18:0/2080131168 >> [v2:172.21.15.18:6800/3313988921,v1:172.21.15.18:6801/3313988921] conn(0x7f94200367e0 msgr2=0x7f9420038c90 unknown :-1 s=STATE_CONNECTING l=1).mark_down
2024-04-07T20:33:36.930 INFO:teuthology.orchestra.run.smithi018.stdout:/usr/bin/ceph: stderr
2024-04-07T20:33:35.263+0000 7f9430ff9700 1 --2- 172.21.15.18:0/2080131168 >> [v2:172.21.15.18:6800/3313988921,v1:172.21.15.18:6801/3313988921] conn(0x7f94200367e0 0x7f9420038c90 unknown :-1 s=START_CONNECT pgs=0 cs=0 l=1 rev1=0 crypto rx=0 tx=0 comp rx=0 tx=0).stop
2024-04-07T20:33:36.930 INFO:teuthology.orchestra.run.smithi018.stdout:/usr/bin/ceph: stderr
2024-04-07T20:33:36.264+0000 7f9430ff9700 1 -- 172.21.15.18:0/2080131168 <== mon.0 v2:172.21.15.18:3300/0 7 ==== mgrmap(e 11) v1 ==== 43275+0+0 (secure 0 0 0) 0x7f9424008610 con 0x7f9434076a70
2024-04-07T20:33:36.930 INFO:teuthology.orchestra.run.smithi018.stdout:/usr/bin/ceph: stderr
2024-04-07T20:33:36.264+0000 7f9430ff9700 1 --2- 172.21.15.18:0/2080131168 >> [v2:172.21.15.18:6800/1858565986,v1:172.21.15.18:6801/1858565986] conn(0x7f9420039ff0 0x7f942003c3d0 unknown :-1 s=NONE pgs=0 cs=0 l=1 rev1=0 crypto rx=0 tx=0 comp rx=0 tx=0).connect
2024-04-07T20:33:36.930 INFO:teuthology.orchestra.run.smithi018.stdout:/usr/bin/ceph: stderr
2024-04-07T20:33:36.264+0000 7f9430ff9700 1 -- 172.21.15.18:0/2080131168 --> [v2:172.21.15.18:6800/1858565986,v1:172.21.15.18:6801/1858565986] -- command(tid 0: {"prefix": "get_command_descriptions"}) v1 -- 0x7f943405f5f0 con 0x7f9420039ff0
2024-04-07T20:33:36.930 INFO:teuthology.orchestra.run.smithi018.stdout:/usr/bin/ceph: stderr
2024-04-07T20:33:36.264+0000 7f94337fe700 1 --2- 172.21.15.18:0/2080131168 >> [v2:172.21.15.18:6800/1858565986,v1:172.21.15.18:6801/1858565986] conn(0x7f9420039ff0 0x7f942003c3d0 unknown :-1 s=BANNER_CONNECTING pgs=0 cs=0 l=1 rev1=0 crypto rx=0 tx=0 comp rx=0 tx=0)._handle_peer_banner_payload supported=3 required=0
2024-04-07T20:33:36.930 INFO:teuthology.orchestra.run.smithi018.stdout:/usr/bin/ceph: stderr
2024-04-07T20:33:36.265+0000 7f94337fe700 1 --2- 172.21.15.18:0/2080131168 >> [v2:172.21.15.18:6800/1858565986,v1:172.21.15.18:6801/1858565986] conn(0x7f9420039ff0 0x7f942003c3d0 secure :-1 s=READY pgs=2 cs=0 l=1 rev1=1 crypto rx=0x7f941c0039d0 tx=0x7f941c0092f0 comp rx=0 tx=0).ready entity=mgr.14162 client_cookie=0 server_cookie=0 in_seq=0 out_seq=0
2024-04-07T20:33:36.930 INFO:teuthology.orchestra.run.smithi018.stdout:/usr/bin/ceph: stderr
2024-04-07T20:33:36.266+0000 7f9430ff9700 1 -- 172.21.15.18:0/2080131168 <== mgr.14162 v2:172.21.15.18:6800/1858565986 1 ==== command_reply(tid 0: 0 ) v1 ==== 8+0+6549 (secure 0 0 0) 0x7f943405f5f0 con 0x7f9420039ff0
2024-04-07T20:33:36.930 INFO:teuthology.orchestra.run.smithi018.stdout:/usr/bin/ceph: stderr
2024-04-07T20:33:36.272+0000 7f943aa24700 1 -- 172.21.15.18:0/2080131168 --> [v2:172.21.15.18:6800/1858565986,v1:172.21.15.18:6801/1858565986] -- command(tid 1: {"prefix": "mgr_status"}) v1 -- 0x7f9434112350 con 0x7f9420039ff0
2024-04-07T20:33:36.930 INFO:teuthology.orchestra.run.smithi018.stdout:/usr/bin/ceph: stderr
2024-04-07T20:33:36.272+0000 7f9430ff9700 1 -- 172.21.15.18:0/2080131168 <== mgr.14162 v2:172.21.15.18:6800/1858565986 2 ==== command_reply(tid 1: 0 ) v1 ==== 8+0+52 (secure 0 0 0) 0x7f9434112350 con 0x7f9420039ff0
2024-04-07T20:33:36.930 INFO:teuthology.orchestra.run.smithi018.stdout:/usr/bin/ceph: stderr
2024-04-07T20:33:36.272+0000 7f943aa24700 1 -- 172.21.15.18:0/2080131168 >> [v2:172.21.15.18:6800/1858565986,v1:172.21.15.18:6801/1858565986] conn(0x7f9420039ff0 msgr2=0x7f942003c3d0 secure :-1 s=STATE_CONNECTION_ESTABLISHED l=1).mark_down
2024-04-07T20:33:36.930 INFO:teuthology.orchestra.run.smithi018.stdout:/usr/bin/ceph: stderr
2024-04-07T20:33:36.272+0000 7f943aa24700 1 --2- 172.21.15.18:0/2080131168 >> [v2:172.21.15.18:6800/1858565986,v1:172.21.15.18:6801/1858565986] conn(0x7f9420039ff0 0x7f942003c3d0 secure :-1 s=READY pgs=2 cs=0 l=1 rev1=1 crypto rx=0x7f941c0039d0 tx=0x7f941c0092f0 comp rx=0 tx=0).stop
2024-04-07T20:33:36.930 INFO:teuthology.orchestra.run.smithi018.stdout:/usr/bin/ceph: stderr
2024-04-07T20:33:36.272+0000 7f943aa24700 1 -- 172.21.15.18:0/2080131168 >> [v2:172.21.15.18:3300/0,v1:172.21.15.18:6789/0] conn(0x7f9434076a70 msgr2=0x7f9434111780 secure :-1 s=STATE_CONNECTION_ESTABLISHED l=1).mark_down
2024-04-07T20:33:36.930 INFO:teuthology.orchestra.run.smithi018.stdout:/usr/bin/ceph: stderr
2024-04-07T20:33:36.272+0000 7f943aa24700 1 --2- 172.21.15.18:0/2080131168 >> [v2:172.21.15.18:3300/0,v1:172.21.15.18:6789/0] conn(0x7f9434076a70 0x7f9434111780 secure :-1 s=READY pgs=72 cs=0 l=1 rev1=1 crypto rx=0x7f9424006d40 tx=0x7f9424009250 comp rx=0 tx=0).stop
2024-04-07T20:33:36.931 INFO:teuthology.orchestra.run.smithi018.stdout:/usr/bin/ceph: stderr
2024-04-07T20:33:36.272+0000 7f943aa24700 1 -- 172.21.15.18:0/2080131168 shutdown_connections
2024-04-07T20:33:36.931 INFO:teuthology.orchestra.run.smithi018.stdout:/usr/bin/ceph: stderr
2024-04-07T20:33:36.272+0000 7f943aa24700 1 --2- 172.21.15.18:0/2080131168 >> [v2:172.21.15.18:6800/1858565986,v1:172.21.15.18:6801/1858565986] conn(0x7f9420039ff0 0x7f942003c3d0 unknown :-1 s=CLOSED pgs=2 cs=0 l=1 rev1=1 crypto rx=0 tx=0 comp rx=0 tx=0).stop
2024-04-07T20:33:36.931 INFO:teuthology.orchestra.run.smithi018.stdout:/usr/bin/ceph: stderr
2024-04-07T20:33:36.272+0000 7f943aa24700 1 --2- 172.21.15.18:0/2080131168 >> [v2:172.21.15.18:3300/0,v1:172.21.15.18:6789/0] conn(0x7f9434076a70 0x7f9434111780 unknown :-1 s=CLOSED pgs=72 cs=0 l=1 rev1=1 crypto rx=0 tx=0 comp rx=0 tx=0).stop
2024-04-07T20:33:36.931 INFO:teuthology.orchestra.run.smithi018.stdout:/usr/bin/ceph: stderr
2024-04-07T20:33:36.272+0000 7f943aa24700 1 --2- 172.21.15.18:0/2080131168 >> [v2:172.21.15.18:6800/3313988921,v1:172.21.15.18:6801/3313988921] conn(0x7f94200367e0 0x7f9420038c90 unknown :-1 s=CLOSED pgs=0 cs=0 l=1 rev1=0 crypto rx=0 tx=0 comp rx=0 tx=0).stop
2024-04-07T20:33:36.931 INFO:teuthology.orchestra.run.smithi018.stdout:/usr/bin/ceph: stderr
2024-04-07T20:33:36.272+0000 7f943aa24700 1 -- 172.21.15.18:0/2080131168 >> 172.21.15.18:0/2080131168 conn(0x7f94340fd010 msgr2=0x7f94340fdc20 unknown :-1 s=STATE_NONE l=0).mark_down
2024-04-07T20:33:36.931 INFO:teuthology.orchestra.run.smithi018.stdout:/usr/bin/ceph: stderr
2024-04-07T20:33:36.272+0000 7f943aa24700 1 -- 172.21.15.18:0/2080131168 shutdown_connections
2024-04-07T20:33:36.931 INFO:teuthology.orchestra.run.smithi018.stdout:/usr/bin/ceph: stderr
2024-04-07T20:33:36.272+0000 7f943aa24700 1 -- 172.21.15.18:0/2080131168 wait complete.
2024-04-07T20:33:36.931 INFO:teuthology.orchestra.run.smithi018.stdout:mgr epoch 9 is available
2024-04-07T20:33:36.931 INFO:teuthology.orchestra.run.smithi018.stdout:Generating a dashboard self-signed certificate...
2024-04-07T20:33:37.484 INFO:journalctl@ceph.mon.smithi018.smithi018.stdout:Apr 07 20:33:37 smithi018 ceph-mon[29599]: [07/Apr/2024:20:33:35] ENGINE Bus STARTING
2024-04-07T20:33:37.484 INFO:journalctl@ceph.mon.smithi018.smithi018.stdout:Apr 07 20:33:37 smithi018 ceph-mon[29599]: [07/Apr/2024:20:33:35] ENGINE Serving on https://172.21.15.18:7150
2024-04-07T20:33:37.484 INFO:journalctl@ceph.mon.smithi018.smithi018.stdout:Apr 07 20:33:37 smithi018 ceph-mon[29599]: [07/Apr/2024:20:33:35] ENGINE Bus STARTED
2024-04-07T20:33:37.484 INFO:journalctl@ceph.mon.smithi018.smithi018.stdout:Apr 07 20:33:37 smithi018 ceph-mon[29599]: from='client.14166 -' entity='client.admin' cmd=[{"prefix": "get_command_descriptions"}]: dispatch
2024-04-07T20:33:37.485 INFO:journalctl@ceph.mon.smithi018.smithi018.stdout:Apr 07 20:33:37 smithi018 ceph-mon[29599]: from='client.14166 -' entity='client.admin' cmd=[{"prefix": "mgr_status"}]: dispatch
2024-04-07T20:33:37.485 INFO:journalctl@ceph.mon.smithi018.smithi018.stdout:Apr 07 20:33:37 smithi018 ceph-mon[29599]: from='mgr.14162 172.21.15.18:0/2924737130' entity='mgr.smithi018.tkhfhx'
2024-04-07T20:33:38.275 INFO:teuthology.orchestra.run.smithi018.stdout:/usr/bin/ceph: stdout Self-signed certificate created
2024-04-07T20:33:38.275 INFO:teuthology.orchestra.run.smithi018.stdout:/usr/bin/ceph: stderr
2024-04-07T20:33:37.423+0000 7f104c2c7700 1 Processor -- start
2024-04-07T20:33:38.275 INFO:teuthology.orchestra.run.smithi018.stdout:/usr/bin/ceph: stderr
2024-04-07T20:33:37.423+0000 7f104c2c7700 1 -- start start
2024-04-07T20:33:38.275 INFO:teuthology.orchestra.run.smithi018.stdout:/usr/bin/ceph: stderr
2024-04-07T20:33:37.423+0000 7f104c2c7700 1 --2- >> [v2:172.21.15.18:3300/0,v1:172.21.15.18:6789/0] conn(0x7f10441028f0 0x7f1044102d00 unknown :-1 s=NONE pgs=0 cs=0 l=0 rev1=0 crypto rx=0 tx=0 comp rx=0 tx=0).connect
2024-04-07T20:33:38.275 INFO:teuthology.orchestra.run.smithi018.stdout:/usr/bin/ceph: stderr
2024-04-07T20:33:37.423+0000 7f104c2c7700 1 -- --> [v2:172.21.15.18:3300/0,v1:172.21.15.18:6789/0] -- mon_getmap magic: 0 v1 -- 0x7f1044103240 con 0x7f10441028f0
2024-04-07T20:33:38.275 INFO:teuthology.orchestra.run.smithi018.stdout:/usr/bin/ceph: stderr
2024-04-07T20:33:37.423+0000 7f104a063700 1 --2- >> [v2:172.21.15.18:3300/0,v1:172.21.15.18:6789/0] conn(0x7f10441028f0 0x7f1044102d00 unknown :-1 s=BANNER_CONNECTING pgs=0 cs=0 l=0 rev1=0 crypto rx=0 tx=0 comp rx=0 tx=0)._handle_peer_banner_payload supported=3 required=0
2024-04-07T20:33:38.276 INFO:teuthology.orchestra.run.smithi018.stdout:/usr/bin/ceph: stderr
2024-04-07T20:33:37.424+0000 7f104a063700 1 --2- >> [v2:172.21.15.18:3300/0,v1:172.21.15.18:6789/0] conn(0x7f10441028f0 0x7f1044102d00 unknown :-1 s=HELLO_CONNECTING pgs=0 cs=0 l=0 rev1=1 crypto rx=0 tx=0 comp rx=0 tx=0).handle_hello peer v2:172.21.15.18:3300/0 says I am v2:172.21.15.18:58964/0 (socket says 172.21.15.18:58964)
2024-04-07T20:33:38.276 INFO:teuthology.orchestra.run.smithi018.stdout:/usr/bin/ceph: stderr
2024-04-07T20:33:37.424+0000 7f104a063700 1 -- 172.21.15.18:0/373138024 learned_addr learned my addr 172.21.15.18:0/373138024 (peer_addr_for_me v2:172.21.15.18:0/0)
2024-04-07T20:33:38.276 INFO:teuthology.orchestra.run.smithi018.stdout:/usr/bin/ceph: stderr
2024-04-07T20:33:37.424+0000 7f104a063700 1 -- 172.21.15.18:0/373138024 --> [v2:172.21.15.18:3300/0,v1:172.21.15.18:6789/0] -- mon_subscribe({config=0+,monmap=0+}) v3 -- 0x7f1044103380 con 0x7f10441028f0
2024-04-07T20:33:38.276 INFO:teuthology.orchestra.run.smithi018.stdout:/usr/bin/ceph: stderr
2024-04-07T20:33:37.424+0000 7f104a063700 1 --2- 172.21.15.18:0/373138024 >> [v2:172.21.15.18:3300/0,v1:172.21.15.18:6789/0] conn(0x7f10441028f0 0x7f1044102d00 secure :-1 s=READY pgs=80 cs=0 l=1 rev1=1 crypto rx=0x7f10400098e0 tx=0x7f1040009250 comp rx=0 tx=0).ready entity=mon.0 client_cookie=980c375533db26b9 server_cookie=0 in_seq=0 out_seq=0
2024-04-07T20:33:38.276 INFO:teuthology.orchestra.run.smithi018.stdout:/usr/bin/ceph: stderr
2024-04-07T20:33:37.424+0000 7f1049061700 1 -- 172.21.15.18:0/373138024 <== mon.0 v2:172.21.15.18:3300/0 1 ==== mon_map magic: 0 v1 ==== 229+0+0 (secure 0 0 0) 0x7f104000b860 con 0x7f10441028f0
2024-04-07T20:33:38.276 INFO:teuthology.orchestra.run.smithi018.stdout:/usr/bin/ceph: stderr
2024-04-07T20:33:37.424+0000 7f1049061700 1 -- 172.21.15.18:0/373138024 <== mon.0 v2:172.21.15.18:3300/0 2 ==== config(27 keys) v1 ==== 1109+0+0 (secure 0 0 0) 0x7f104000be90 con 0x7f10441028f0
2024-04-07T20:33:38.276 INFO:teuthology.orchestra.run.smithi018.stdout:/usr/bin/ceph: stderr
2024-04-07T20:33:37.424+0000 7f1049061700 1 -- 172.21.15.18:0/373138024 <== mon.0 v2:172.21.15.18:3300/0 3 ==== mon_map magic: 0 v1 ==== 229+0+0 (secure 0 0 0) 0x7f10400103c0 con 0x7f10441028f0
2024-04-07T20:33:38.276 INFO:teuthology.orchestra.run.smithi018.stdout:/usr/bin/ceph: stderr
2024-04-07T20:33:37.425+0000 7f104c2c7700 1 -- 172.21.15.18:0/373138024 >> [v2:172.21.15.18:3300/0,v1:172.21.15.18:6789/0] conn(0x7f10441028f0 msgr2=0x7f1044102d00 secure :-1 s=STATE_CONNECTION_ESTABLISHED l=1).mark_down
2024-04-07T20:33:38.276 INFO:teuthology.orchestra.run.smithi018.stdout:/usr/bin/ceph: stderr
2024-04-07T20:33:37.425+0000 7f104c2c7700 1 --2- 172.21.15.18:0/373138024 >> [v2:172.21.15.18:3300/0,v1:172.21.15.18:6789/0] conn(0x7f10441028f0 0x7f1044102d00 secure :-1 s=READY pgs=80 cs=0 l=1 rev1=1 crypto rx=0x7f10400098e0 tx=0x7f1040009250 comp rx=0 tx=0).stop
2024-04-07T20:33:38.276 INFO:teuthology.orchestra.run.smithi018.stdout:/usr/bin/ceph: stderr
2024-04-07T20:33:37.425+0000 7f104c2c7700 1 -- 172.21.15.18:0/373138024 shutdown_connections
2024-04-07T20:33:38.276 INFO:teuthology.orchestra.run.smithi018.stdout:/usr/bin/ceph: stderr
2024-04-07T20:33:37.425+0000 7f104c2c7700 1 --2- 172.21.15.18:0/373138024 >> [v2:172.21.15.18:3300/0,v1:172.21.15.18:6789/0] conn(0x7f10441028f0 0x7f1044102d00 unknown :-1 s=CLOSED pgs=80 cs=0 l=1 rev1=1 crypto rx=0 tx=0 comp rx=0 tx=0).stop
2024-04-07T20:33:38.276 INFO:teuthology.orchestra.run.smithi018.stdout:/usr/bin/ceph: stderr
2024-04-07T20:33:37.425+0000 7f104c2c7700 1 -- 172.21.15.18:0/373138024 >> 172.21.15.18:0/373138024 conn(0x7f10440fe070 msgr2=0x7f1044100480 unknown :-1 s=STATE_NONE l=0).mark_down
2024-04-07T20:33:38.276 INFO:teuthology.orchestra.run.smithi018.stdout:/usr/bin/ceph: stderr
2024-04-07T20:33:37.425+0000 7f104c2c7700 1 -- 172.21.15.18:0/373138024 shutdown_connections
2024-04-07T20:33:38.277 INFO:teuthology.orchestra.run.smithi018.stdout:/usr/bin/ceph: stderr
2024-04-07T20:33:37.425+0000 7f104c2c7700 1 -- 172.21.15.18:0/373138024 wait complete.
2024-04-07T20:33:38.277 INFO:teuthology.orchestra.run.smithi018.stdout:/usr/bin/ceph: stderr
2024-04-07T20:33:37.426+0000 7f104c2c7700 1 Processor -- start
2024-04-07T20:33:38.277 INFO:teuthology.orchestra.run.smithi018.stdout:/usr/bin/ceph: stderr
2024-04-07T20:33:37.426+0000 7f104c2c7700 1 -- start start
2024-04-07T20:33:38.277 INFO:teuthology.orchestra.run.smithi018.stdout:/usr/bin/ceph: stderr
2024-04-07T20:33:37.426+0000 7f104c2c7700 1 --2- >> [v2:172.21.15.18:3300/0,v1:172.21.15.18:6789/0] conn(0x7f10441028f0 0x7f1044111680 unknown :-1 s=NONE pgs=0 cs=0 l=1 rev1=0 crypto rx=0 tx=0 comp rx=0 tx=0).connect
2024-04-07T20:33:38.277 INFO:teuthology.orchestra.run.smithi018.stdout:/usr/bin/ceph: stderr
2024-04-07T20:33:37.426+0000 7f104c2c7700 1 -- --> [v2:172.21.15.18:3300/0,v1:172.21.15.18:6789/0] -- mon_getmap magic: 0 v1 -- 0x7f1044111bc0 con 0x7f10441028f0
2024-04-07T20:33:38.277 INFO:teuthology.orchestra.run.smithi018.stdout:/usr/bin/ceph: stderr
2024-04-07T20:33:37.426+0000 7f104a063700 1 --2- >> [v2:172.21.15.18:3300/0,v1:172.21.15.18:6789/0] conn(0x7f10441028f0 0x7f1044111680 unknown :-1 s=BANNER_CONNECTING pgs=0 cs=0 l=1 rev1=0 crypto rx=0 tx=0 comp rx=0 tx=0)._handle_peer_banner_payload supported=3 required=0
2024-04-07T20:33:38.277 INFO:teuthology.orchestra.run.smithi018.stdout:/usr/bin/ceph: stderr
2024-04-07T20:33:37.426+0000 7f104a063700 1 --2- >> [v2:172.21.15.18:3300/0,v1:172.21.15.18:6789/0] conn(0x7f10441028f0 0x7f1044111680 unknown :-1 s=HELLO_CONNECTING pgs=0 cs=0 l=1 rev1=1 crypto rx=0 tx=0 comp rx=0 tx=0).handle_hello peer v2:172.21.15.18:3300/0 says I am v2:172.21.15.18:58966/0 (socket says 172.21.15.18:58966)
2024-04-07T20:33:38.277 INFO:teuthology.orchestra.run.smithi018.stdout:/usr/bin/ceph: stderr
2024-04-07T20:33:37.426+0000 7f104a063700 1 -- 172.21.15.18:0/626388390 learned_addr learned my addr 172.21.15.18:0/626388390 (peer_addr_for_me v2:172.21.15.18:0/0)
2024-04-07T20:33:38.277 INFO:teuthology.orchestra.run.smithi018.stdout:/usr/bin/ceph: stderr
2024-04-07T20:33:37.426+0000 7f104a063700 1 -- 172.21.15.18:0/626388390 --> [v2:172.21.15.18:3300/0,v1:172.21.15.18:6789/0] -- mon_subscribe({config=0+,monmap=0+}) v3 -- 0x7f10400094f0 con 0x7f10441028f0
2024-04-07T20:33:38.277 INFO:teuthology.orchestra.run.smithi018.stdout:/usr/bin/ceph: stderr
2024-04-07T20:33:37.426+0000 7f104a063700 1 --2- 172.21.15.18:0/626388390 >> [v2:172.21.15.18:3300/0,v1:172.21.15.18:6789/0] conn(0x7f10441028f0 0x7f1044111680 secure :-1 s=READY pgs=81 cs=0 l=1 rev1=1 crypto rx=0x7f1040011680 tx=0x7f1040009250 comp rx=0 tx=0).ready entity=mon.0 client_cookie=0 server_cookie=0 in_seq=0 out_seq=0
2024-04-07T20:33:38.277 INFO:teuthology.orchestra.run.smithi018.stdout:/usr/bin/ceph: stderr
2024-04-07T20:33:37.427+0000 7f103affd700 1 -- 172.21.15.18:0/626388390 <== mon.0 v2:172.21.15.18:3300/0 1 ==== mon_map magic: 0 v1 ==== 229+0+0 (secure 0 0 0) 0x7f1040010890 con 0x7f10441028f0
2024-04-07T20:33:38.277 INFO:teuthology.orchestra.run.smithi018.stdout:/usr/bin/ceph: stderr
2024-04-07T20:33:37.427+0000 7f103affd700 1 -- 172.21.15.18:0/626388390 <== mon.0 v2:172.21.15.18:3300/0 2 ==== config(27 keys) v1 ==== 1109+0+0 (secure 0 0 0) 0x7f1040010ec0 con 0x7f10441028f0
2024-04-07T20:33:38.277 INFO:teuthology.orchestra.run.smithi018.stdout:/usr/bin/ceph: stderr
2024-04-07T20:33:37.427+0000 7f104c2c7700 1 -- 172.21.15.18:0/626388390 --> [v2:172.21.15.18:3300/0,v1:172.21.15.18:6789/0] -- mon_subscribe({mgrmap=0+}) v3 -- 0x7f1044111dc0 con 0x7f10441028f0
2024-04-07T20:33:38.277 INFO:teuthology.orchestra.run.smithi018.stdout:/usr/bin/ceph: stderr
2024-04-07T20:33:37.427+0000 7f103affd700 1 -- 172.21.15.18:0/626388390 <== mon.0 v2:172.21.15.18:3300/0 3 ==== mon_map magic: 0 v1 ==== 229+0+0 (secure 0 0 0) 0x7f10400243f0 con 0x7f10441028f0
2024-04-07T20:33:38.277 INFO:teuthology.orchestra.run.smithi018.stdout:/usr/bin/ceph: stderr
2024-04-07T20:33:37.427+0000 7f104c2c7700 1 -- 172.21.15.18:0/626388390 --> [v2:172.21.15.18:3300/0,v1:172.21.15.18:6789/0] -- mon_subscribe({osdmap=0}) v3 -- 0x7f1044112930 con 0x7f10441028f0
2024-04-07T20:33:38.277 INFO:teuthology.orchestra.run.smithi018.stdout:/usr/bin/ceph: stderr
2024-04-07T20:33:37.427+0000 7f103affd700 1 -- 172.21.15.18:0/626388390 <== mon.0 v2:172.21.15.18:3300/0 4 ==== mgrmap(e 11) v1 ==== 43275+0+0 (secure 0 0 0) 0x7f104002d3f0 con 0x7f10441028f0
2024-04-07T20:33:38.278 INFO:teuthology.orchestra.run.smithi018.stdout:/usr/bin/ceph: stderr
2024-04-07T20:33:37.428+0000 7f103affd700 1 --2- 172.21.15.18:0/626388390 >> [v2:172.21.15.18:6800/1858565986,v1:172.21.15.18:6801/1858565986] conn(0x7f10300366b0 0x7f1030038b60 unknown :-1 s=NONE pgs=0 cs=0 l=1 rev1=0 crypto rx=0 tx=0 comp rx=0 tx=0).connect
2024-04-07T20:33:38.278 INFO:teuthology.orchestra.run.smithi018.stdout:/usr/bin/ceph: stderr
2024-04-07T20:33:37.428+0000 7f103affd700 1 -- 172.21.15.18:0/626388390 <== mon.0 v2:172.21.15.18:3300/0 5 ==== osd_map(3..3 src has 1..3) v4 ==== 1151+0+0 (secure 0 0 0) 0x7f104004a200 con 0x7f10441028f0
2024-04-07T20:33:38.278 INFO:teuthology.orchestra.run.smithi018.stdout:/usr/bin/ceph: stderr
2024-04-07T20:33:37.428+0000 7f1049862700 1 --2- 172.21.15.18:0/626388390 >> [v2:172.21.15.18:6800/1858565986,v1:172.21.15.18:6801/1858565986] conn(0x7f10300366b0 0x7f1030038b60 unknown :-1 s=BANNER_CONNECTING pgs=0 cs=0 l=1 rev1=0 crypto rx=0 tx=0 comp rx=0 tx=0)._handle_peer_banner_payload supported=3 required=0
2024-04-07T20:33:38.278 INFO:teuthology.orchestra.run.smithi018.stdout:/usr/bin/ceph: stderr
2024-04-07T20:33:37.428+0000 7f104c2c7700 1 -- 172.21.15.18:0/626388390 --> [v2:172.21.15.18:3300/0,v1:172.21.15.18:6789/0] -- mon_command({"prefix": "get_command_descriptions"} v 0) v1 -- 0x7f104405f5f0 con 0x7f10441028f0
2024-04-07T20:33:38.278 INFO:teuthology.orchestra.run.smithi018.stdout:/usr/bin/ceph: stderr
2024-04-07T20:33:37.428+0000 7f1049862700 1 --2- 172.21.15.18:0/626388390 >> [v2:172.21.15.18:6800/1858565986,v1:172.21.15.18:6801/1858565986] conn(0x7f10300366b0 0x7f1030038b60 secure :-1 s=READY pgs=7 cs=0 l=1 rev1=1 crypto rx=0x7f1034009990 tx=0x7f1034006e40 comp rx=0 tx=0).ready entity=mgr.14162 client_cookie=0 server_cookie=0 in_seq=0 out_seq=0
2024-04-07T20:33:38.278 INFO:teuthology.orchestra.run.smithi018.stdout:/usr/bin/ceph: stderr
2024-04-07T20:33:37.433+0000 7f103affd700 1 -- 172.21.15.18:0/626388390 <== mon.0 v2:172.21.15.18:3300/0 6 ==== mon_command_ack([{"prefix": "get_command_descriptions"}]=0 v0) v1 ==== 72+0+176504 (secure 0 0 0) 0x7f104002b8e0 con 0x7f10441028f0
2024-04-07T20:33:38.278 INFO:teuthology.orchestra.run.smithi018.stdout:/usr/bin/ceph: stderr
2024-04-07T20:33:37.648+0000 7f104c2c7700 1 -- 172.21.15.18:0/626388390 --> [v2:172.21.15.18:6800/1858565986,v1:172.21.15.18:6801/1858565986] -- mgr_command(tid 0: {"prefix": "dashboard create-self-signed-cert", "target": ["mon-mgr", ""]}) v1 -- 0x7f10440ff260 con 0x7f10300366b0
2024-04-07T20:33:38.278 INFO:teuthology.orchestra.run.smithi018.stdout:/usr/bin/ceph: stderr
2024-04-07T20:33:37.726+0000 7f103affd700 1 -- 172.21.15.18:0/626388390 <== mgr.14162 v2:172.21.15.18:6800/1858565986 1 ==== mgr_command_reply(tid 0: 0 ) v1 ==== 8+0+32 (secure 0 0 0) 0x7f10440ff260 con 0x7f10300366b0
2024-04-07T20:33:38.278 INFO:teuthology.orchestra.run.smithi018.stdout:/usr/bin/ceph: stderr
2024-04-07T20:33:37.729+0000 7f104c2c7700 1 -- 172.21.15.18:0/626388390 >> [v2:172.21.15.18:6800/1858565986,v1:172.21.15.18:6801/1858565986] conn(0x7f10300366b0 msgr2=0x7f1030038b60 secure :-1 s=STATE_CONNECTION_ESTABLISHED l=1).mark_down
2024-04-07T20:33:38.278 INFO:teuthology.orchestra.run.smithi018.stdout:/usr/bin/ceph: stderr
2024-04-07T20:33:37.729+0000 7f104c2c7700 1 --2- 172.21.15.18:0/626388390 >> [v2:172.21.15.18:6800/1858565986,v1:172.21.15.18:6801/1858565986] conn(0x7f10300366b0 0x7f1030038b60 secure :-1 s=READY pgs=7 cs=0 l=1 rev1=1 crypto rx=0x7f1034009990 tx=0x7f1034006e40 comp rx=0 tx=0).stop
