2024-04-07T20:33:21.298 INFO:teuthology.orchestra.run.smithi018.stdout:/usr/bin/ceph: stderr
2024-04-07T20:33:20.528+0000 7ff81a1b3700 1 -- 172.21.15.18:0/4213132905 >> 172.21.15.18:0/4213132905 conn(0x7ff8140fcf70 msgr2=0x7ff8140ff3e0 unknown :-1 s=STATE_NONE l=0).mark_down
2024-04-07T20:33:21.298 INFO:teuthology.orchestra.run.smithi018.stdout:/usr/bin/ceph: stderr
2024-04-07T20:33:20.528+0000 7ff81a1b3700 1 -- 172.21.15.18:0/4213132905 shutdown_connections
2024-04-07T20:33:21.298 INFO:teuthology.orchestra.run.smithi018.stdout:/usr/bin/ceph: stderr
2024-04-07T20:33:20.528+0000 7ff81a1b3700 1 -- 172.21.15.18:0/4213132905 wait complete.
2024-04-07T20:33:21.299 INFO:teuthology.orchestra.run.smithi018.stdout:/usr/bin/ceph: stderr
2024-04-07T20:33:20.528+0000 7ff81a1b3700 1 Processor -- start
2024-04-07T20:33:21.299 INFO:teuthology.orchestra.run.smithi018.stdout:/usr/bin/ceph: stderr
2024-04-07T20:33:20.529+0000 7ff81a1b3700 1 -- start start
2024-04-07T20:33:21.299 INFO:teuthology.orchestra.run.smithi018.stdout:/usr/bin/ceph: stderr
2024-04-07T20:33:20.529+0000 7ff81a1b3700 1 --2- >> [v2:172.21.15.18:3300/0,v1:172.21.15.18:6789/0] conn(0x7ff814076ad0 0x7ff8141138a0 unknown :-1 s=NONE pgs=0 cs=0 l=1 rev1=0 crypto rx=0 tx=0 comp rx=0 tx=0).connect
2024-04-07T20:33:21.299 INFO:teuthology.orchestra.run.smithi018.stdout:/usr/bin/ceph: stderr
2024-04-07T20:33:20.529+0000 7ff81a1b3700 1 -- --> [v2:172.21.15.18:3300/0,v1:172.21.15.18:6789/0] -- mon_getmap magic: 0 v1 -- 0x7ff814113de0 con 0x7ff814076ad0
2024-04-07T20:33:21.299 INFO:teuthology.orchestra.run.smithi018.stdout:/usr/bin/ceph: stderr
2024-04-07T20:33:20.529+0000 7ff8137fe700 1 --2- >> [v2:172.21.15.18:3300/0,v1:172.21.15.18:6789/0] conn(0x7ff814076ad0 0x7ff8141138a0 unknown :-1 s=BANNER_CONNECTING pgs=0 cs=0 l=1 rev1=0 crypto rx=0 tx=0 comp rx=0 tx=0)._handle_peer_banner_payload supported=3 required=0
2024-04-07T20:33:21.299 INFO:teuthology.orchestra.run.smithi018.stdout:/usr/bin/ceph: stderr
2024-04-07T20:33:20.529+0000 7ff8137fe700 1 --2- >> [v2:172.21.15.18:3300/0,v1:172.21.15.18:6789/0] conn(0x7ff814076ad0 0x7ff8141138a0 unknown :-1 s=HELLO_CONNECTING pgs=0 cs=0 l=1 rev1=1 crypto rx=0 tx=0 comp rx=0 tx=0).handle_hello peer v2:172.21.15.18:3300/0 says I am v2:172.21.15.18:59810/0 (socket says 172.21.15.18:59810)
2024-04-07T20:33:21.299 INFO:teuthology.orchestra.run.smithi018.stdout:/usr/bin/ceph: stderr
2024-04-07T20:33:20.529+0000 7ff8137fe700 1 -- 172.21.15.18:0/93063701 learned_addr learned my addr 172.21.15.18:0/93063701 (peer_addr_for_me v2:172.21.15.18:0/0)
2024-04-07T20:33:21.299 INFO:teuthology.orchestra.run.smithi018.stdout:/usr/bin/ceph: stderr
2024-04-07T20:33:20.529+0000 7ff8137fe700 1 -- 172.21.15.18:0/93063701 --> [v2:172.21.15.18:3300/0,v1:172.21.15.18:6789/0] -- mon_subscribe({config=0+,monmap=0+}) v3 -- 0x7ff8040094f0 con 0x7ff814076ad0
2024-04-07T20:33:21.299 INFO:teuthology.orchestra.run.smithi018.stdout:/usr/bin/ceph: stderr
2024-04-07T20:33:20.529+0000 7ff8137fe700 1 --2- 172.21.15.18:0/93063701 >> [v2:172.21.15.18:3300/0,v1:172.21.15.18:6789/0] conn(0x7ff814076ad0 0x7ff8141138a0 secure :-1 s=READY pgs=56 cs=0 l=1 rev1=1 crypto rx=0x7ff804011cf0 tx=0x7ff804009250 comp rx=0 tx=0).ready entity=mon.0 client_cookie=0 server_cookie=0 in_seq=0 out_seq=0
2024-04-07T20:33:21.299 INFO:teuthology.orchestra.run.smithi018.stdout:/usr/bin/ceph: stderr
2024-04-07T20:33:20.530+0000 7ff7fbfff700 1 -- 172.21.15.18:0/93063701 <== mon.0 v2:172.21.15.18:3300/0 1 ==== mon_map magic: 0 v1 ==== 229+0+0 (secure 0 0 0) 0x7ff804010800 con 0x7ff814076ad0
2024-04-07T20:33:21.299 INFO:teuthology.orchestra.run.smithi018.stdout:/usr/bin/ceph: stderr
2024-04-07T20:33:20.530+0000 7ff7fbfff700 1 -- 172.21.15.18:0/93063701 <== mon.0 v2:172.21.15.18:3300/0 2 ==== config(27 keys) v1 ==== 1109+0+0 (secure 0 0 0) 0x7ff804010e30 con 0x7ff814076ad0
2024-04-07T20:33:21.299 INFO:teuthology.orchestra.run.smithi018.stdout:/usr/bin/ceph: stderr
2024-04-07T20:33:20.530+0000 7ff81a1b3700 1 -- 172.21.15.18:0/93063701 --> [v2:172.21.15.18:3300/0,v1:172.21.15.18:6789/0] -- mon_subscribe({mgrmap=0+}) v3 -- 0x7ff814113fe0 con 0x7ff814076ad0
2024-04-07T20:33:21.299 INFO:teuthology.orchestra.run.smithi018.stdout:/usr/bin/ceph: stderr
2024-04-07T20:33:20.530+0000 7ff7fbfff700 1 -- 172.21.15.18:0/93063701 <== mon.0 v2:172.21.15.18:3300/0 3 ==== mon_map magic: 0 v1 ==== 229+0+0 (secure 0 0 0) 0x7ff80401ae80 con 0x7ff814076ad0
2024-04-07T20:33:21.300 INFO:teuthology.orchestra.run.smithi018.stdout:/usr/bin/ceph: stderr
2024-04-07T20:33:20.530+0000 7ff81a1b3700 1 -- 172.21.15.18:0/93063701 --> [v2:172.21.15.18:3300/0,v1:172.21.15.18:6789/0] -- mon_subscribe({osdmap=0}) v3 -- 0x7ff814114b50 con 0x7ff814076ad0
2024-04-07T20:33:21.300 INFO:teuthology.orchestra.run.smithi018.stdout:/usr/bin/ceph: stderr
2024-04-07T20:33:20.530+0000 7ff7fbfff700 1 -- 172.21.15.18:0/93063701 <== mon.0 v2:172.21.15.18:3300/0 4 ==== mgrmap(e 8) v1 ==== 43368+0+0 (secure 0 0 0) 0x7ff80402d3f0 con 0x7ff814076ad0
2024-04-07T20:33:21.300 INFO:teuthology.orchestra.run.smithi018.stdout:/usr/bin/ceph: stderr
2024-04-07T20:33:20.531+0000 7ff81a1b3700 1 -- 172.21.15.18:0/93063701 --> [v2:172.21.15.18:3300/0,v1:172.21.15.18:6789/0] -- mon_command({"prefix": "get_command_descriptions"} v 0) v1 -- 0x7ff81405f5f0 con 0x7ff814076ad0
2024-04-07T20:33:21.300 INFO:teuthology.orchestra.run.smithi018.stdout:/usr/bin/ceph: stderr
2024-04-07T20:33:20.531+0000 7ff7fbfff700 1 --2- 172.21.15.18:0/93063701 >> [v2:172.21.15.18:6800/3313988921,v1:172.21.15.18:6801/3313988921] conn(0x7ff7fc0367e0 0x7ff7fc038c90 unknown :-1 s=NONE pgs=0 cs=0 l=1 rev1=0 crypto rx=0 tx=0 comp rx=0 tx=0).connect
2024-04-07T20:33:21.300 INFO:teuthology.orchestra.run.smithi018.stdout:/usr/bin/ceph: stderr
2024-04-07T20:33:20.531+0000 7ff7fbfff700 1 -- 172.21.15.18:0/93063701 <== mon.0 v2:172.21.15.18:3300/0 5 ==== osd_map(2..2 src has 1..2) v4 ==== 936+0+0 (secure 0 0 0) 0x7ff80404a1d0 con 0x7ff814076ad0
2024-04-07T20:33:21.300 INFO:teuthology.orchestra.run.smithi018.stdout:/usr/bin/ceph: stderr
2024-04-07T20:33:20.531+0000 7ff812ffd700 1 --2- 172.21.15.18:0/93063701 >> [v2:172.21.15.18:6800/3313988921,v1:172.21.15.18:6801/3313988921] conn(0x7ff7fc0367e0 0x7ff7fc038c90 unknown :-1 s=BANNER_CONNECTING pgs=0 cs=0 l=1 rev1=0 crypto rx=0 tx=0 comp rx=0 tx=0)._handle_peer_banner_payload supported=3 required=0
2024-04-07T20:33:21.300 INFO:teuthology.orchestra.run.smithi018.stdout:/usr/bin/ceph: stderr
2024-04-07T20:33:20.531+0000 7ff812ffd700 1 --2- 172.21.15.18:0/93063701 >> [v2:172.21.15.18:6800/3313988921,v1:172.21.15.18:6801/3313988921] conn(0x7ff7fc0367e0 0x7ff7fc038c90 secure :-1 s=READY pgs=16 cs=0 l=1 rev1=1 crypto rx=0x7ff808009990 tx=0x7ff808006e40 comp rx=0 tx=0).ready entity=mgr.14120 client_cookie=0 server_cookie=0 in_seq=0 out_seq=0
2024-04-07T20:33:21.300 INFO:teuthology.orchestra.run.smithi018.stdout:/usr/bin/ceph: stderr
2024-04-07T20:33:20.536+0000 7ff7fbfff700 1 -- 172.21.15.18:0/93063701 <== mon.0 v2:172.21.15.18:3300/0 6 ==== mon_command_ack([{"prefix": "get_command_descriptions"}]=0 v0) v1 ==== 72+0+176504 (secure 0 0 0) 0x7ff80402b8e0 con 0x7ff814076ad0
2024-04-07T20:33:21.300 INFO:teuthology.orchestra.run.smithi018.stdout:/usr/bin/ceph: stderr
2024-04-07T20:33:20.742+0000 7ff81a1b3700 1 -- 172.21.15.18:0/93063701 --> [v2:172.21.15.18:6800/3313988921,v1:172.21.15.18:6801/3313988921] -- mgr_command(tid 0: {"prefix": "orch apply", "service_type": "grafana", "target": ["mon-mgr", ""]}) v1 -- 0x7ff8140fe370 con 0x7ff7fc0367e0
2024-04-07T20:33:21.300 INFO:teuthology.orchestra.run.smithi018.stdout:/usr/bin/ceph: stderr
2024-04-07T20:33:20.747+0000 7ff7fbfff700 1 -- 172.21.15.18:0/93063701 <== mgr.14120 v2:172.21.15.18:6800/3313988921 1 ==== mgr_command_reply(tid 0: 0 ) v1 ==== 8+0+28 (secure 0 0 0) 0x7ff8140fe370 con 0x7ff7fc0367e0
2024-04-07T20:33:21.300 INFO:teuthology.orchestra.run.smithi018.stdout:/usr/bin/ceph: stderr
2024-04-07T20:33:20.749+0000 7ff81a1b3700 1 -- 172.21.15.18:0/93063701 >> [v2:172.21.15.18:6800/3313988921,v1:172.21.15.18:6801/3313988921] conn(0x7ff7fc0367e0 msgr2=0x7ff7fc038c90 secure :-1 s=STATE_CONNECTION_ESTABLISHED l=1).mark_down
2024-04-07T20:33:21.300 INFO:teuthology.orchestra.run.smithi018.stdout:/usr/bin/ceph: stderr
2024-04-07T20:33:20.749+0000 7ff81a1b3700 1 --2- 172.21.15.18:0/93063701 >> [v2:172.21.15.18:6800/3313988921,v1:172.21.15.18:6801/3313988921] conn(0x7ff7fc0367e0 0x7ff7fc038c90 secure :-1 s=READY pgs=16 cs=0 l=1 rev1=1 crypto rx=0x7ff808009990 tx=0x7ff808006e40 comp rx=0 tx=0).stop
2024-04-07T20:33:21.300 INFO:teuthology.orchestra.run.smithi018.stdout:/usr/bin/ceph: stderr
2024-04-07T20:33:20.749+0000 7ff81a1b3700 1 -- 172.21.15.18:0/93063701 >> [v2:172.21.15.18:3300/0,v1:172.21.15.18:6789/0] conn(0x7ff814076ad0 msgr2=0x7ff8141138a0 secure :-1 s=STATE_CONNECTION_ESTABLISHED l=1).mark_down
2024-04-07T20:33:21.300 INFO:teuthology.orchestra.run.smithi018.stdout:/usr/bin/ceph: stderr
2024-04-07T20:33:20.749+0000 7ff81a1b3700 1 --2- 172.21.15.18:0/93063701 >> [v2:172.21.15.18:3300/0,v1:172.21.15.18:6789/0] conn(0x7ff814076ad0 0x7ff8141138a0 secure :-1 s=READY pgs=56 cs=0 l=1 rev1=1 crypto rx=0x7ff804011cf0 tx=0x7ff804009250 comp rx=0 tx=0).stop
2024-04-07T20:33:21.301 INFO:teuthology.orchestra.run.smithi018.stdout:/usr/bin/ceph: stderr
2024-04-07T20:33:20.749+0000 7ff81a1b3700 1 -- 172.21.15.18:0/93063701 shutdown_connections
2024-04-07T20:33:21.301 INFO:teuthology.orchestra.run.smithi018.stdout:/usr/bin/ceph: stderr
2024-04-07T20:33:20.749+0000 7ff81a1b3700 1 --2- 172.21.15.18:0/93063701 >> [v2:172.21.15.18:6800/3313988921,v1:172.21.15.18:6801/3313988921] conn(0x7ff7fc0367e0 0x7ff7fc038c90 unknown :-1 s=CLOSED pgs=16 cs=0 l=1 rev1=1 crypto rx=0 tx=0 comp rx=0 tx=0).stop
2024-04-07T20:33:21.301 INFO:teuthology.orchestra.run.smithi018.stdout:/usr/bin/ceph: stderr
2024-04-07T20:33:20.749+0000 7ff81a1b3700 1 --2- 172.21.15.18:0/93063701 >> [v2:172.21.15.18:3300/0,v1:172.21.15.18:6789/0] conn(0x7ff814076ad0 0x7ff8141138a0 unknown :-1 s=CLOSED pgs=56 cs=0 l=1 rev1=1 crypto rx=0 tx=0 comp rx=0 tx=0).stop
2024-04-07T20:33:21.301 INFO:teuthology.orchestra.run.smithi018.stdout:/usr/bin/ceph: stderr
2024-04-07T20:33:20.749+0000 7ff81a1b3700 1 -- 172.21.15.18:0/93063701 >> 172.21.15.18:0/93063701 conn(0x7ff8140fcf70 msgr2=0x7ff8140fdba0 unknown :-1 s=STATE_NONE l=0).mark_down
2024-04-07T20:33:21.301 INFO:teuthology.orchestra.run.smithi018.stdout:/usr/bin/ceph: stderr
2024-04-07T20:33:20.749+0000 7ff81a1b3700 1 -- 172.21.15.18:0/93063701 shutdown_connections
2024-04-07T20:33:21.301 INFO:teuthology.orchestra.run.smithi018.stdout:/usr/bin/ceph: stderr
2024-04-07T20:33:20.749+0000 7ff81a1b3700 1 -- 172.21.15.18:0/93063701 wait complete.
2024-04-07T20:33:21.301 INFO:teuthology.orchestra.run.smithi018.stdout:Deploying node-exporter service with default placement...
2024-04-07T20:33:21.889 INFO:journalctl@ceph.mon.smithi018.smithi018.stdout:Apr 07 20:33:21 smithi018 ceph-mon[29599]: from='client.14150 -' entity='client.admin' cmd=[{"prefix": "orch apply", "service_type": "grafana", "target": ["mon-mgr", ""]}]: dispatch
2024-04-07T20:33:21.889 INFO:journalctl@ceph.mon.smithi018.smithi018.stdout:Apr 07 20:33:21 smithi018 ceph-mon[29599]: Saving service grafana spec with placement count:1
2024-04-07T20:33:21.889 INFO:journalctl@ceph.mon.smithi018.smithi018.stdout:Apr 07 20:33:21 smithi018 ceph-mon[29599]: from='mgr.14120 172.21.15.18:0/3265938369' entity='mgr.smithi018.tkhfhx'
2024-04-07T20:33:22.957 INFO:journalctl@ceph.mon.smithi018.smithi018.stdout:Apr 07 20:33:22 smithi018 ceph-mon[29599]: from='client.14152 -' entity='client.admin' cmd=[{"prefix": "orch apply", "service_type": "node-exporter", "target": ["mon-mgr", ""]}]: dispatch
2024-04-07T20:33:22.957 INFO:journalctl@ceph.mon.smithi018.smithi018.stdout:Apr 07 20:33:22 smithi018 ceph-mon[29599]: Saving service node-exporter spec with placement *
2024-04-07T20:33:22.957 INFO:journalctl@ceph.mon.smithi018.smithi018.stdout:Apr 07 20:33:22 smithi018 ceph-mon[29599]: from='mgr.14120 172.21.15.18:0/3265938369' entity='mgr.smithi018.tkhfhx'
2024-04-07T20:33:23.377 INFO:teuthology.orchestra.run.smithi018.stdout:/usr/bin/ceph: stdout Scheduled node-exporter update...
2024-04-07T20:33:23.378 INFO:teuthology.orchestra.run.smithi018.stdout:/usr/bin/ceph: stderr
2024-04-07T20:33:21.667+0000 7fbdf4238700 1 Processor -- start
2024-04-07T20:33:23.378 INFO:teuthology.orchestra.run.smithi018.stdout:/usr/bin/ceph: stderr
2024-04-07T20:33:21.667+0000 7fbdf4238700 1 -- start start
2024-04-07T20:33:23.378 INFO:teuthology.orchestra.run.smithi018.stdout:/usr/bin/ceph: stderr
2024-04-07T20:33:21.667+0000 7fbdf4238700 1 --2- >> [v2:172.21.15.18:3300/0,v1:172.21.15.18:6789/0] conn(0x7fbdec102920 0x7fbdec102d30 unknown :-1 s=NONE pgs=0 cs=0 l=0 rev1=0 crypto rx=0 tx=0 comp rx=0 tx=0).connect
2024-04-07T20:33:23.378 INFO:teuthology.orchestra.run.smithi018.stdout:/usr/bin/ceph: stderr
2024-04-07T20:33:21.667+0000 7fbdf4238700 1 -- --> [v2:172.21.15.18:3300/0,v1:172.21.15.18:6789/0] -- mon_getmap magic: 0 v1 -- 0x7fbdec103270 con 0x7fbdec102920
2024-04-07T20:33:23.378 INFO:teuthology.orchestra.run.smithi018.stdout:/usr/bin/ceph: stderr
2024-04-07T20:33:21.668+0000 7fbdf1fd4700 1 --2- >> [v2:172.21.15.18:3300/0,v1:172.21.15.18:6789/0] conn(0x7fbdec102920 0x7fbdec102d30 unknown :-1 s=BANNER_CONNECTING pgs=0 cs=0 l=0 rev1=0 crypto rx=0 tx=0 comp rx=0 tx=0)._handle_peer_banner_payload supported=3 required=0
2024-04-07T20:33:23.378 INFO:teuthology.orchestra.run.smithi018.stdout:/usr/bin/ceph: stderr
2024-04-07T20:33:21.668+0000 7fbdf1fd4700 1 --2- >> [v2:172.21.15.18:3300/0,v1:172.21.15.18:6789/0] conn(0x7fbdec102920 0x7fbdec102d30 unknown :-1 s=HELLO_CONNECTING pgs=0 cs=0 l=0 rev1=1 crypto rx=0 tx=0 comp rx=0 tx=0).handle_hello peer v2:172.21.15.18:3300/0 says I am v2:172.21.15.18:59814/0 (socket says 172.21.15.18:59814)
2024-04-07T20:33:23.378 INFO:teuthology.orchestra.run.smithi018.stdout:/usr/bin/ceph: stderr
2024-04-07T20:33:21.668+0000 7fbdf1fd4700 1 -- 172.21.15.18:0/591084994 learned_addr learned my addr 172.21.15.18:0/591084994 (peer_addr_for_me v2:172.21.15.18:0/0)
2024-04-07T20:33:23.378 INFO:teuthology.orchestra.run.smithi018.stdout:/usr/bin/ceph: stderr
2024-04-07T20:33:21.668+0000 7fbdf1fd4700 1 -- 172.21.15.18:0/591084994 --> [v2:172.21.15.18:3300/0,v1:172.21.15.18:6789/0] -- mon_subscribe({config=0+,monmap=0+}) v3 -- 0x7fbdec1033b0 con 0x7fbdec102920
2024-04-07T20:33:23.378 INFO:teuthology.orchestra.run.smithi018.stdout:/usr/bin/ceph: stderr
2024-04-07T20:33:21.668+0000 7fbdf1fd4700 1 --2- 172.21.15.18:0/591084994 >> [v2:172.21.15.18:3300/0,v1:172.21.15.18:6789/0] conn(0x7fbdec102920 0x7fbdec102d30 secure :-1 s=READY pgs=57 cs=0 l=1 rev1=1 crypto rx=0x7fbddc009e50 tx=0x7fbddc009840 comp rx=0 tx=0).ready entity=mon.0 client_cookie=dbed02c95af35cd3 server_cookie=0 in_seq=0 out_seq=0
2024-04-07T20:33:23.378 INFO:teuthology.orchestra.run.smithi018.stdout:/usr/bin/ceph: stderr
2024-04-07T20:33:21.668+0000 7fbdf0fd2700 1 -- 172.21.15.18:0/591084994 <== mon.0 v2:172.21.15.18:3300/0 1 ==== mon_map magic: 0 v1 ==== 229+0+0 (secure 0 0 0) 0x7fbddc0092e0 con 0x7fbdec102920
2024-04-07T20:33:23.379 INFO:teuthology.orchestra.run.smithi018.stdout:/usr/bin/ceph: stderr
2024-04-07T20:33:21.668+0000 7fbdf0fd2700 1 -- 172.21.15.18:0/591084994 <== mon.0 v2:172.21.15.18:3300/0 2 ==== config(27 keys) v1 ==== 1109+0+0 (secure 0 0 0) 0x7fbddc012430 con 0x7fbdec102920
2024-04-07T20:33:23.379 INFO:teuthology.orchestra.run.smithi018.stdout:/usr/bin/ceph: stderr
2024-04-07T20:33:21.668+0000 7fbdf0fd2700 1 -- 172.21.15.18:0/591084994 <== mon.0 v2:172.21.15.18:3300/0 3 ==== mon_map magic: 0 v1 ==== 229+0+0 (secure 0 0 0) 0x7fbddc0075a0 con 0x7fbdec102920
2024-04-07T20:33:23.379 INFO:teuthology.orchestra.run.smithi018.stdout:/usr/bin/ceph: stderr
2024-04-07T20:33:21.669+0000 7fbdf4238700 1 -- 172.21.15.18:0/591084994 >> [v2:172.21.15.18:3300/0,v1:172.21.15.18:6789/0] conn(0x7fbdec102920 msgr2=0x7fbdec102d30 secure :-1 s=STATE_CONNECTION_ESTABLISHED l=1).mark_down
2024-04-07T20:33:23.379 INFO:teuthology.orchestra.run.smithi018.stdout:/usr/bin/ceph: stderr
2024-04-07T20:33:21.669+0000 7fbdf4238700 1 --2- 172.21.15.18:0/591084994 >> [v2:172.21.15.18:3300/0,v1:172.21.15.18:6789/0] conn(0x7fbdec102920 0x7fbdec102d30 secure :-1 s=READY pgs=57 cs=0 l=1 rev1=1 crypto rx=0x7fbddc009e50 tx=0x7fbddc009840 comp rx=0 tx=0).stop
2024-04-07T20:33:23.379 INFO:teuthology.orchestra.run.smithi018.stdout:/usr/bin/ceph: stderr
2024-04-07T20:33:21.669+0000 7fbdf4238700 1 -- 172.21.15.18:0/591084994 shutdown_connections
2024-04-07T20:33:23.379 INFO:teuthology.orchestra.run.smithi018.stdout:/usr/bin/ceph: stderr
2024-04-07T20:33:21.669+0000 7fbdf4238700 1 --2- 172.21.15.18:0/591084994 >> [v2:172.21.15.18:3300/0,v1:172.21.15.18:6789/0] conn(0x7fbdec102920 0x7fbdec102d30 unknown :-1 s=CLOSED pgs=57 cs=0 l=1 rev1=1 crypto rx=0 tx=0 comp rx=0 tx=0).stop
2024-04-07T20:33:23.379 INFO:teuthology.orchestra.run.smithi018.stdout:/usr/bin/ceph: stderr
2024-04-07T20:33:21.669+0000 7fbdf4238700 1 -- 172.21.15.18:0/591084994 >> 172.21.15.18:0/591084994 conn(0x7fbdec0fe0a0 msgr2=0x7fbdec1004b0 unknown :-1 s=STATE_NONE l=0).mark_down
2024-04-07T20:33:23.379 INFO:teuthology.orchestra.run.smithi018.stdout:/usr/bin/ceph: stderr
2024-04-07T20:33:21.669+0000 7fbdf4238700 1 -- 172.21.15.18:0/591084994 shutdown_connections
2024-04-07T20:33:23.379 INFO:teuthology.orchestra.run.smithi018.stdout:/usr/bin/ceph: stderr
2024-04-07T20:33:21.669+0000 7fbdf4238700 1 -- 172.21.15.18:0/591084994 wait complete.
2024-04-07T20:33:23.379 INFO:teuthology.orchestra.run.smithi018.stdout:/usr/bin/ceph: stderr
2024-04-07T20:33:21.669+0000 7fbdf4238700 1 Processor -- start
2024-04-07T20:33:23.379 INFO:teuthology.orchestra.run.smithi018.stdout:/usr/bin/ceph: stderr
2024-04-07T20:33:21.669+0000 7fbdf4238700 1 -- start start
2024-04-07T20:33:23.379 INFO:teuthology.orchestra.run.smithi018.stdout:/usr/bin/ceph: stderr
2024-04-07T20:33:21.670+0000 7fbdf4238700 1 --2- >> [v2:172.21.15.18:3300/0,v1:172.21.15.18:6789/0] conn(0x7fbdec102920 0x7fbdec111700 unknown :-1 s=NONE pgs=0 cs=0 l=1 rev1=0 crypto rx=0 tx=0 comp rx=0 tx=0).connect
2024-04-07T20:33:23.379 INFO:teuthology.orchestra.run.smithi018.stdout:/usr/bin/ceph: stderr
2024-04-07T20:33:21.670+0000 7fbdf4238700 1 -- --> [v2:172.21.15.18:3300/0,v1:172.21.15.18:6789/0] -- mon_getmap magic: 0 v1 -- 0x7fbdec111c40 con 0x7fbdec102920
2024-04-07T20:33:23.380 INFO:teuthology.orchestra.run.smithi018.stdout:/usr/bin/ceph: stderr
2024-04-07T20:33:21.670+0000 7fbdf1fd4700 1 --2- >> [v2:172.21.15.18:3300/0,v1:172.21.15.18:6789/0] conn(0x7fbdec102920 0x7fbdec111700 unknown :-1 s=BANNER_CONNECTING pgs=0 cs=0 l=1 rev1=0 crypto rx=0 tx=0 comp rx=0 tx=0)._handle_peer_banner_payload supported=3 required=0
2024-04-07T20:33:23.380 INFO:teuthology.orchestra.run.smithi018.stdout:/usr/bin/ceph: stderr
2024-04-07T20:33:21.670+0000 7fbdf1fd4700 1 --2- >> [v2:172.21.15.18:3300/0,v1:172.21.15.18:6789/0] conn(0x7fbdec102920 0x7fbdec111700 unknown :-1 s=HELLO_CONNECTING pgs=0 cs=0 l=1 rev1=1 crypto rx=0 tx=0 comp rx=0 tx=0).handle_hello peer v2:172.21.15.18:3300/0 says I am v2:172.21.15.18:59830/0 (socket says 172.21.15.18:59830)
2024-04-07T20:33:23.380 INFO:teuthology.orchestra.run.smithi018.stdout:/usr/bin/ceph: stderr
2024-04-07T20:33:21.670+0000 7fbdf1fd4700 1 -- 172.21.15.18:0/1771263072 learned_addr learned my addr 172.21.15.18:0/1771263072 (peer_addr_for_me v2:172.21.15.18:0/0)
2024-04-07T20:33:23.380 INFO:teuthology.orchestra.run.smithi018.stdout:/usr/bin/ceph: stderr
2024-04-07T20:33:21.670+0000 7fbdf1fd4700 1 -- 172.21.15.18:0/1771263072 --> [v2:172.21.15.18:3300/0,v1:172.21.15.18:6789/0] -- mon_subscribe({config=0+,monmap=0+}) v3 -- 0x7fbddc009ae0 con 0x7fbdec102920
2024-04-07T20:33:23.380 INFO:teuthology.orchestra.run.smithi018.stdout:/usr/bin/ceph: stderr
2024-04-07T20:33:21.670+0000 7fbdf1fd4700 1 --2- 172.21.15.18:0/1771263072 >> [v2:172.21.15.18:3300/0,v1:172.21.15.18:6789/0] conn(0x7fbdec102920 0x7fbdec111700 secure :-1 s=READY pgs=58 cs=0 l=1 rev1=1 crypto rx=0x7fbddc0127d0 tx=0x7fbddc009840 comp rx=0 tx=0).ready entity=mon.0 client_cookie=0 server_cookie=0 in_seq=0 out_seq=0
2024-04-07T20:33:23.380 INFO:teuthology.orchestra.run.smithi018.stdout:/usr/bin/ceph: stderr
2024-04-07T20:33:21.670+0000 7fbdea7fc700 1 -- 172.21.15.18:0/1771263072 <== mon.0 v2:172.21.15.18:3300/0 1 ==== mon_map magic: 0 v1 ==== 229+0+0 (secure 0 0 0) 0x7fbddc0092e0 con 0x7fbdec102920
2024-04-07T20:33:23.380 INFO:teuthology.orchestra.run.smithi018.stdout:/usr/bin/ceph: stderr
2024-04-07T20:33:21.670+0000 7fbdea7fc700 1 -- 172.21.15.18:0/1771263072 <== mon.0 v2:172.21.15.18:3300/0 2 ==== config(27 keys) v1 ==== 1109+0+0 (secure 0 0 0) 0x7fbddc007d30 con 0x7fbdec102920
2024-04-07T20:33:23.380 INFO:teuthology.orchestra.run.smithi018.stdout:/usr/bin/ceph: stderr
2024-04-07T20:33:21.670+0000 7fbdf4238700 1 -- 172.21.15.18:0/1771263072 --> [v2:172.21.15.18:3300/0,v1:172.21.15.18:6789/0] -- mon_subscribe({mgrmap=0+}) v3 -- 0x7fbdec111e40 con 0x7fbdec102920
2024-04-07T20:33:23.380 INFO:teuthology.orchestra.run.smithi018.stdout:/usr/bin/ceph: stderr
2024-04-07T20:33:21.670+0000 7fbdea7fc700 1 -- 172.21.15.18:0/1771263072 <== mon.0 v2:172.21.15.18:3300/0 3 ==== mon_map magic: 0 v1 ==== 229+0+0 (secure 0 0 0) 0x7fbddc025960 con 0x7fbdec102920
2024-04-07T20:33:23.380 INFO:teuthology.orchestra.run.smithi018.stdout:/usr/bin/ceph: stderr
2024-04-07T20:33:21.670+0000 7fbdf4238700 1 -- 172.21.15.18:0/1771263072 --> [v2:172.21.15.18:3300/0,v1:172.21.15.18:6789/0] -- mon_subscribe({osdmap=0}) v3 -- 0x7fbdec1129b0 con 0x7fbdec102920
2024-04-07T20:33:23.380 INFO:teuthology.orchestra.run.smithi018.stdout:/usr/bin/ceph: stderr
2024-04-07T20:33:21.671+0000 7fbdea7fc700 1 -- 172.21.15.18:0/1771263072 <== mon.0 v2:172.21.15.18:3300/0 4 ==== mgrmap(e 8) v1 ==== 43368+0+0 (secure 0 0 0) 0x7fbddc019050 con 0x7fbdec102920
2024-04-07T20:33:23.380 INFO:teuthology.orchestra.run.smithi018.stdout:/usr/bin/ceph: stderr
2024-04-07T20:33:21.671+0000 7fbdf4238700 1 -- 172.21.15.18:0/1771263072 --> [v2:172.21.15.18:3300/0,v1:172.21.15.18:6789/0] -- mon_command({"prefix": "get_command_descriptions"} v 0) v1 -- 0x7fbdec05f5f0 con 0x7fbdec102920
2024-04-07T20:33:23.380 INFO:teuthology.orchestra.run.smithi018.stdout:/usr/bin/ceph: stderr
2024-04-07T20:33:21.671+0000 7fbdea7fc700 1 --2- 172.21.15.18:0/1771263072 >> [v2:172.21.15.18:6800/3313988921,v1:172.21.15.18:6801/3313988921] conn(0x7fbdd4036790 0x7fbdd4038c40 unknown :-1 s=NONE pgs=0 cs=0 l=1 rev1=0 crypto rx=0 tx=0 comp rx=0 tx=0).connect
2024-04-07T20:33:23.381 INFO:teuthology.orchestra.run.smithi018.stdout:/usr/bin/ceph: stderr
2024-04-07T20:33:21.671+0000 7fbdea7fc700 1 -- 172.21.15.18:0/1771263072 <== mon.0 v2:172.21.15.18:3300/0 5 ==== osd_map(2..2 src has 1..2) v4 ==== 936+0+0 (secure 0 0 0) 0x7fbddc04a240 con 0x7fbdec102920
2024-04-07T20:33:23.381 INFO:teuthology.orchestra.run.smithi018.stdout:/usr/bin/ceph: stderr
2024-04-07T20:33:21.672+0000 7fbdf17d3700 1 --2- 172.21.15.18:0/1771263072 >> [v2:172.21.15.18:6800/3313988921,v1:172.21.15.18:6801/3313988921] conn(0x7fbdd4036790 0x7fbdd4038c40 unknown :-1 s=BANNER_CONNECTING pgs=0 cs=0 l=1 rev1=0 crypto rx=0 tx=0 comp rx=0 tx=0)._handle_peer_banner_payload supported=3 required=0
2024-04-07T20:33:23.381 INFO:teuthology.orchestra.run.smithi018.stdout:/usr/bin/ceph: stderr
2024-04-07T20:33:21.672+0000 7fbdf17d3700 1 --2- 172.21.15.18:0/1771263072 >> [v2:172.21.15.18:6800/3313988921,v1:172.21.15.18:6801/3313988921] conn(0x7fbdd4036790 0x7fbdd4038c40 secure :-1 s=READY pgs=17 cs=0 l=1 rev1=1 crypto rx=0x7fbde0009990 tx=0x7fbde0006e40 comp rx=0 tx=0).ready entity=mgr.14120 client_cookie=0 server_cookie=0 in_seq=0 out_seq=0
2024-04-07T20:33:23.381 INFO:teuthology.orchestra.run.smithi018.stdout:/usr/bin/ceph: stderr
2024-04-07T20:33:21.676+0000 7fbdea7fc700 1 -- 172.21.15.18:0/1771263072 <== mon.0 v2:172.21.15.18:3300/0 6 ==== mon_command_ack([{"prefix": "get_command_descriptions"}]=0 v0) v1 ==== 72+0+176504 (secure 0 0 0) 0x7fbddc02d7c0 con 0x7fbdec102920
2024-04-07T20:33:23.381 INFO:teuthology.orchestra.run.smithi018.stdout:/usr/bin/ceph: stderr
2024-04-07T20:33:21.889+0000 7fbdf4238700 1 -- 172.21.15.18:0/1771263072 --> [v2:172.21.15.18:6800/3313988921,v1:172.21.15.18:6801/3313988921] -- mgr_command(tid 0: {"prefix": "orch apply", "service_type": "node-exporter", "target": ["mon-mgr", ""]}) v1 -- 0x7fbdec0ff320 con 0x7fbdd4036790
2024-04-07T20:33:23.381 INFO:teuthology.orchestra.run.smithi018.stdout:/usr/bin/ceph: stderr
2024-04-07T20:33:21.894+0000 7fbdea7fc700 1 -- 172.21.15.18:0/1771263072 <== mgr.14120 v2:172.21.15.18:6800/3313988921 1 ==== mgr_command_reply(tid 0: 0 ) v1 ==== 8+0+34 (secure 0 0 0) 0x7fbdec0ff320 con 0x7fbdd4036790
2024-04-07T20:33:23.381 INFO:teuthology.orchestra.run.smithi018.stdout:/usr/bin/ceph: stderr
2024-04-07T20:33:21.895+0000 7fbdf4238700 1 -- 172.21.15.18:0/1771263072 >> [v2:172.21.15.18:6800/3313988921,v1:172.21.15.18:6801/3313988921] conn(0x7fbdd4036790 msgr2=0x7fbdd4038c40 secure :-1 s=STATE_CONNECTION_ESTABLISHED l=1).mark_down
2024-04-07T20:33:23.381 INFO:teuthology.orchestra.run.smithi018.stdout:/usr/bin/ceph: stderr
2024-04-07T20:33:21.895+0000 7fbdf4238700 1 --2- 172.21.15.18:0/1771263072 >> [v2:172.21.15.18:6800/3313988921,v1:172.21.15.18:6801/3313988921] conn(0x7fbdd4036790 0x7fbdd4038c40 secure :-1 s=READY pgs=17 cs=0 l=1 rev1=1 crypto rx=0x7fbde0009990 tx=0x7fbde0006e40 comp rx=0 tx=0).stop
2024-04-07T20:33:23.381 INFO:teuthology.orchestra.run.smithi018.stdout:/usr/bin/ceph: stderr
2024-04-07T20:33:21.895+0000 7fbdf4238700 1 -- 172.21.15.18:0/1771263072 >> [v2:172.21.15.18:3300/0,v1:172.21.15.18:6789/0] conn(0x7fbdec102920 msgr2=0x7fbdec111700 secure :-1 s=STATE_CONNECTION_ESTABLISHED l=1).mark_down
2024-04-07T20:33:23.381 INFO:teuthology.orchestra.run.smithi018.stdout:/usr/bin/ceph: stderr
2024-04-07T20:33:21.896+0000 7fbdf4238700 1 --2- 172.21.15.18:0/1771263072 >> [v2:172.21.15.18:3300/0,v1:172.21.15.18:6789/0] conn(0x7fbdec102920 0x7fbdec111700 secure :-1 s=READY pgs=58 cs=0 l=1 rev1=1 crypto rx=0x7fbddc0127d0 tx=0x7fbddc009840 comp rx=0 tx=0).stop
2024-04-07T20:33:23.381 INFO:teuthology.orchestra.run.smithi018.stdout:/usr/bin/ceph: stderr
2024-04-07T20:33:21.896+0000 7fbdf4238700 1 -- 172.21.15.18:0/1771263072 shutdown_connections
2024-04-07T20:33:23.381 INFO:teuthology.orchestra.run.smithi018.stdout:/usr/bin/ceph: stderr
2024-04-07T20:33:21.896+0000 7fbdf4238700 1 --2- 172.21.15.18:0/1771263072 >> [v2:172.21.15.18:6800/3313988921,v1:172.21.15.18:6801/3313988921] conn(0x7fbdd4036790 0x7fbdd4038c40 unknown :-1 s=CLOSED pgs=17 cs=0 l=1 rev1=1 crypto rx=0 tx=0 comp rx=0 tx=0).stop
2024-04-07T20:33:23.382 INFO:teuthology.orchestra.run.smithi018.stdout:/usr/bin/ceph: stderr
2024-04-07T20:33:21.896+0000 7fbdf4238700 1 --2- 172.21.15.18:0/1771263072 >> [v2:172.21.15.18:3300/0,v1:172.21.15.18:6789/0] conn(0x7fbdec102920 0x7fbdec111700 unknown :-1 s=CLOSED pgs=58 cs=0 l=1 rev1=1 crypto rx=0 tx=0 comp rx=0 tx=0).stop
2024-04-07T20:33:23.382 INFO:teuthology.orchestra.run.smithi018.stdout:/usr/bin/ceph: stderr
2024-04-07T20:33:21.896+0000 7fbdf4238700 1 -- 172.21.15.18:0/1771263072 >> 172.21.15.18:0/1771263072 conn(0x7fbdec0fe0a0 msgr2=0x7fbdec0febf0 unknown :-1 s=STATE_NONE l=0).mark_down
2024-04-07T20:33:23.382 INFO:teuthology.orchestra.run.smithi018.stdout:/usr/bin/ceph: stderr
2024-04-07T20:33:21.896+0000 7fbdf4238700 1 -- 172.21.15.18:0/1771263072 shutdown_connections
2024-04-07T20:33:23.382 INFO:teuthology.orchestra.run.smithi018.stdout:/usr/bin/ceph: stderr
2024-04-07T20:33:21.896+0000 7fbdf4238700 1 -- 172.21.15.18:0/1771263072 wait complete.
2024-04-07T20:33:23.382 INFO:teuthology.orchestra.run.smithi018.stdout:Deploying alertmanager service with default placement...
2024-04-07T20:33:24.566 INFO:teuthology.orchestra.run.smithi018.stdout:/usr/bin/ceph: stdout Scheduled alertmanager update...
2024-04-07T20:33:24.566 INFO:teuthology.orchestra.run.smithi018.stdout:/usr/bin/ceph: stderr
2024-04-07T20:33:23.810+0000 7f6b86d11700 1 Processor -- start
2024-04-07T20:33:24.566 INFO:teuthology.orchestra.run.smithi018.stdout:/usr/bin/ceph: stderr
2024-04-07T20:33:23.810+0000 7f6b86d11700 1 -- start start
2024-04-07T20:33:24.566 INFO:teuthology.orchestra.run.smithi018.stdout:/usr/bin/ceph: stderr
2024-04-07T20:33:23.810+0000 7f6b86d11700 1 --2- >> [v2:172.21.15.18:3300/0,v1:172.21.15.18:6789/0] conn(0x7f6b80104bd0 0x7f6b80104fe0 unknown :-1 s=NONE pgs=0 cs=0 l=0 rev1=0 crypto rx=0 tx=0 comp rx=0 tx=0).connect
2024-04-07T20:33:24.566 INFO:teuthology.orchestra.run.smithi018.stdout:/usr/bin/ceph: stderr
2024-04-07T20:33:23.810+0000 7f6b86d11700 1 -- --> [v2:172.21.15.18:3300/0,v1:172.21.15.18:6789/0] -- mon_getmap magic: 0 v1 -- 0x7f6b801055b0 con 0x7f6b80104bd0
2024-04-07T20:33:24.566 INFO:teuthology.orchestra.run.smithi018.stdout:/usr/bin/ceph: stderr
2024-04-07T20:33:23.810+0000 7f6b84aad700 1 --2- >> [v2:172.21.15.18:3300/0,v1:172.21.15.18:6789/0] conn(0x7f6b80104bd0 0x7f6b80104fe0 unknown :-1 s=BANNER_CONNECTING pgs=0 cs=0 l=0 rev1=0 crypto rx=0 tx=0 comp rx=0 tx=0)._handle_peer_banner_payload supported=3 required=0
2024-04-07T20:33:24.566 INFO:teuthology.orchestra.run.smithi018.stdout:/usr/bin/ceph: stderr
2024-04-07T20:33:23.810+0000 7f6b84aad700 1 --2- >> [v2:172.21.15.18:3300/0,v1:172.21.15.18:6789/0] conn(0x7f6b80104bd0 0x7f6b80104fe0 unknown :-1 s=HELLO_CONNECTING pgs=0 cs=0 l=0 rev1=1 crypto rx=0 tx=0 comp rx=0 tx=0).handle_hello peer v2:172.21.15.18:3300/0 says I am v2:172.21.15.18:56228/0 (socket says 172.21.15.18:56228)
2024-04-07T20:33:24.566 INFO:teuthology.orchestra.run.smithi018.stdout:/usr/bin/ceph: stderr
2024-04-07T20:33:23.810+0000 7f6b84aad700 1 -- 172.21.15.18:0/2786141113 learned_addr learned my addr 172.21.15.18:0/2786141113 (peer_addr_for_me v2:172.21.15.18:0/0)
2024-04-07T20:33:24.566 INFO:teuthology.orchestra.run.smithi018.stdout:/usr/bin/ceph: stderr
2024-04-07T20:33:23.810+0000 7f6b84aad700 1 -- 172.21.15.18:0/2786141113 --> [v2:172.21.15.18:3300/0,v1:172.21.15.18:6789/0] -- mon_subscribe({config=0+,monmap=0+}) v3 -- 0x7f6b801056f0 con 0x7f6b80104bd0
2024-04-07T20:33:24.566 INFO:teuthology.orchestra.run.smithi018.stdout:/usr/bin/ceph: stderr
2024-04-07T20:33:23.810+0000 7f6b84aad700 1 --2- 172.21.15.18:0/2786141113 >> [v2:172.21.15.18:3300/0,v1:172.21.15.18:6789/0] conn(0x7f6b80104bd0 0x7f6b80104fe0 secure :-1 s=READY pgs=59 cs=0 l=1 rev1=1 crypto rx=0x7f6b740098e0 tx=0x7f6b74009250 comp rx=0 tx=0).ready entity=mon.0 client_cookie=7fb8c08575edc258 server_cookie=0 in_seq=0 out_seq=0
2024-04-07T20:33:24.567 INFO:teuthology.orchestra.run.smithi018.stdout:/usr/bin/ceph: stderr
2024-04-07T20:33:23.811+0000 7f6b7f7fe700 1 -- 172.21.15.18:0/2786141113 <== mon.0 v2:172.21.15.18:3300/0 1 ==== mon_map magic: 0 v1 ==== 229+0+0 (secure 0 0 0) 0x7f6b7400b860 con 0x7f6b80104bd0
2024-04-07T20:33:24.567 INFO:teuthology.orchestra.run.smithi018.stdout:/usr/bin/ceph: stderr
2024-04-07T20:33:23.811+0000 7f6b7f7fe700 1 -- 172.21.15.18:0/2786141113 <== mon.0 v2:172.21.15.18:3300/0 2 ==== config(27 keys) v1 ==== 1109+0+0 (secure 0 0 0) 0x7f6b7400be90 con 0x7f6b80104bd0
2024-04-07T20:33:24.567 INFO:teuthology.orchestra.run.smithi018.stdout:/usr/bin/ceph: stderr
2024-04-07T20:33:23.811+0000 7f6b7f7fe700 1 -- 172.21.15.18:0/2786141113 <== mon.0 v2:172.21.15.18:3300/0 3 ==== mon_map magic: 0 v1 ==== 229+0+0 (secure 0 0 0) 0x7f6b740103c0 con 0x7f6b80104bd0
2024-04-07T20:33:24.567 INFO:teuthology.orchestra.run.smithi018.stdout:/usr/bin/ceph: stderr
2024-04-07T20:33:23.811+0000 7f6b86d11700 1 -- 172.21.15.18:0/2786141113 >> [v2:172.21.15.18:3300/0,v1:172.21.15.18:6789/0] conn(0x7f6b80104bd0 msgr2=0x7f6b80104fe0 secure :-1 s=STATE_CONNECTION_ESTABLISHED l=1).mark_down
2024-04-07T20:33:24.567 INFO:teuthology.orchestra.run.smithi018.stdout:/usr/bin/ceph: stderr
2024-04-07T20:33:23.811+0000 7f6b86d11700 1 --2- 172.21.15.18:0/2786141113 >> [v2:172.21.15.18:3300/0,v1:172.21.15.18:6789/0] conn(0x7f6b80104bd0 0x7f6b80104fe0 secure :-1 s=READY pgs=59 cs=0 l=1 rev1=1 crypto rx=0x7f6b740098e0 tx=0x7f6b74009250 comp rx=0 tx=0).stop
2024-04-07T20:33:24.567 INFO:teuthology.orchestra.run.smithi018.stdout:/usr/bin/ceph: stderr
2024-04-07T20:33:23.811+0000 7f6b86d11700 1 -- 172.21.15.18:0/2786141113 shutdown_connections
2024-04-07T20:33:24.567 INFO:teuthology.orchestra.run.smithi018.stdout:/usr/bin/ceph: stderr
2024-04-07T20:33:23.811+0000 7f6b86d11700 1 --2- 172.21.15.18:0/2786141113 >> [v2:172.21.15.18:3300/0,v1:172.21.15.18:6789/0] conn(0x7f6b80104bd0 0x7f6b80104fe0 unknown :-1 s=CLOSED pgs=59 cs=0 l=1 rev1=1 crypto rx=0 tx=0 comp rx=0 tx=0).stop
2024-04-07T20:33:24.567 INFO:teuthology.orchestra.run.smithi018.stdout:/usr/bin/ceph: stderr
2024-04-07T20:33:23.811+0000 7f6b86d11700 1 -- 172.21.15.18:0/2786141113 >> 172.21.15.18:0/2786141113 conn(0x7f6b80078320 msgr2=0x7f6b80078740 unknown :-1 s=STATE_NONE l=0).mark_down
2024-04-07T20:33:24.567 INFO:teuthology.orchestra.run.smithi018.stdout:/usr/bin/ceph: stderr
2024-04-07T20:33:23.811+0000 7f6b86d11700 1 -- 172.21.15.18:0/2786141113 shutdown_connections
2024-04-07T20:33:24.567 INFO:teuthology.orchestra.run.smithi018.stdout:/usr/bin/ceph: stderr
2024-04-07T20:33:23.811+0000 7f6b86d11700 1 -- 172.21.15.18:0/2786141113 wait complete.
2024-04-07T20:33:24.567 INFO:teuthology.orchestra.run.smithi018.stdout:/usr/bin/ceph: stderr
2024-04-07T20:33:23.812+0000 7f6b86d11700 1 Processor -- start
2024-04-07T20:33:24.567 INFO:teuthology.orchestra.run.smithi018.stdout:/usr/bin/ceph: stderr
2024-04-07T20:33:23.812+0000 7f6b86d11700 1 -- start start
2024-04-07T20:33:24.567 INFO:teuthology.orchestra.run.smithi018.stdout:/usr/bin/ceph: stderr
2024-04-07T20:33:23.812+0000 7f6b86d11700 1 --2- >> [v2:172.21.15.18:3300/0,v1:172.21.15.18:6789/0] conn(0x7f6b80104bd0 0x7f6b80113890 unknown :-1 s=NONE pgs=0 cs=0 l=1 rev1=0 crypto rx=0 tx=0 comp rx=0 tx=0).connect
2024-04-07T20:33:24.567 INFO:teuthology.orchestra.run.smithi018.stdout:/usr/bin/ceph: stderr
2024-04-07T20:33:23.812+0000 7f6b86d11700 1 -- --> [v2:172.21.15.18:3300/0,v1:172.21.15.18:6789/0] -- mon_getmap magic: 0 v1 -- 0x7f6b80113dd0 con 0x7f6b80104bd0
2024-04-07T20:33:24.567 INFO:teuthology.orchestra.run.smithi018.stdout:/usr/bin/ceph: stderr
2024-04-07T20:33:23.812+0000 7f6b84aad700 1 --2- >> [v2:172.21.15.18:3300/0,v1:172.21.15.18:6789/0] conn(0x7f6b80104bd0 0x7f6b80113890 unknown :-1 s=BANNER_CONNECTING pgs=0 cs=0 l=1 rev1=0 crypto rx=0 tx=0 comp rx=0 tx=0)._handle_peer_banner_payload supported=3 required=0
2024-04-07T20:33:24.568 INFO:teuthology.orchestra.run.smithi018.stdout:/usr/bin/ceph: stderr
2024-04-07T20:33:23.812+0000 7f6b84aad700 1 --2- >> [v2:172.21.15.18:3300/0,v1:172.21.15.18:6789/0] conn(0x7f6b80104bd0 0x7f6b80113890 unknown :-1 s=HELLO_CONNECTING pgs=0 cs=0 l=1 rev1=1 crypto rx=0 tx=0 comp rx=0 tx=0).handle_hello peer v2:172.21.15.18:3300/0 says I am v2:172.21.15.18:56230/0 (socket says 172.21.15.18:56230)
2024-04-07T20:33:24.568 INFO:teuthology.orchestra.run.smithi018.stdout:/usr/bin/ceph: stderr
2024-04-07T20:33:23.812+0000 7f6b84aad700 1 -- 172.21.15.18:0/123555337 learned_addr learned my addr 172.21.15.18:0/123555337 (peer_addr_for_me v2:172.21.15.18:0/0)
2024-04-07T20:33:24.568 INFO:teuthology.orchestra.run.smithi018.stdout:/usr/bin/ceph: stderr
2024-04-07T20:33:23.813+0000 7f6b84aad700 1 -- 172.21.15.18:0/123555337 --> [v2:172.21.15.18:3300/0,v1:172.21.15.18:6789/0] -- mon_subscribe({config=0+,monmap=0+}) v3 -- 0x7f6b740094f0 con 0x7f6b80104bd0
2024-04-07T20:33:24.568 INFO:teuthology.orchestra.run.smithi018.stdout:/usr/bin/ceph: stderr
2024-04-07T20:33:23.813+0000 7f6b84aad700 1 --2- 172.21.15.18:0/123555337 >> [v2:172.21.15.18:3300/0,v1:172.21.15.18:6789/0] conn(0x7f6b80104bd0 0x7f6b80113890 secure :-1 s=READY pgs=60 cs=0 l=1 rev1=1 crypto rx=0x7f6b74006d40 tx=0x7f6b74009250 comp rx=0 tx=0).ready entity=mon.0 client_cookie=0 server_cookie=0 in_seq=0 out_seq=0
2024-04-07T20:33:24.568 INFO:teuthology.orchestra.run.smithi018.stdout:/usr/bin/ceph: stderr
2024-04-07T20:33:23.813+0000 7f6b7d7fa700 1 -- 172.21.15.18:0/123555337 <== mon.0 v2:172.21.15.18:3300/0 1 ==== mon_map magic: 0 v1 ==== 229+0+0 (secure 0 0 0) 0x7f6b74010840 con 0x7f6b80104bd0
2024-04-07T20:33:24.568 INFO:teuthology.orchestra.run.smithi018.stdout:/usr/bin/ceph: stderr
2024-04-07T20:33:23.813+0000 7f6b7d7fa700 1 -- 172.21.15.18:0/123555337 <== mon.0 v2:172.21.15.18:3300/0 2 ==== config(27 keys) v1 ==== 1109+0+0 (secure 0 0 0) 0x7f6b74010e70 con 0x7f6b80104bd0
2024-04-07T20:33:24.568 INFO:teuthology.orchestra.run.smithi018.stdout:/usr/bin/ceph: stderr
2024-04-07T20:33:23.813+0000 7f6b86d11700 1 -- 172.21.15.18:0/123555337 --> [v2:172.21.15.18:3300/0,v1:172.21.15.18:6789/0] -- mon_subscribe({mgrmap=0+}) v3 -- 0x7f6b80113fd0 con 0x7f6b80104bd0
2024-04-07T20:33:24.568 INFO:teuthology.orchestra.run.smithi018.stdout:/usr/bin/ceph: stderr
2024-04-07T20:33:23.813+0000 7f6b7d7fa700 1 -- 172.21.15.18:0/123555337 <== mon.0 v2:172.21.15.18:3300/0 3 ==== mon_map magic: 0 v1 ==== 229+0+0 (secure 0 0 0) 0x7f6b74024ea0 con 0x7f6b80104bd0
2024-04-07T20:33:24.568 INFO:teuthology.orchestra.run.smithi018.stdout:/usr/bin/ceph: stderr
2024-04-07T20:33:23.813+0000 7f6b86d11700 1 -- 172.21.15.18:0/123555337 --> [v2:172.21.15.18:3300/0,v1:172.21.15.18:6789/0] -- mon_subscribe({osdmap=0}) v3 -- 0x7f6b80114b40 con 0x7f6b80104bd0
2024-04-07T20:33:24.568 INFO:teuthology.orchestra.run.smithi018.stdout:/usr/bin/ceph: stderr
2024-04-07T20:33:23.814+0000 7f6b7d7fa700 1 -- 172.21.15.18:0/123555337 <== mon.0 v2:172.21.15.18:3300/0 4 ==== mgrmap(e 8) v1 ==== 43368+0+0 (secure 0 0 0) 0x7f6b7401a510 con 0x7f6b80104bd0
2024-04-07T20:33:24.568 INFO:teuthology.orchestra.run.smithi018.stdout:/usr/bin/ceph: stderr
2024-04-07T20:33:23.814+0000 7f6b86d11700 1 -- 172.21.15.18:0/123555337 --> [v2:172.21.15.18:3300/0,v1:172.21.15.18:6789/0] -- mon_command({"prefix": "get_command_descriptions"} v 0) v1 -- 0x7f6b8005f5f0 con 0x7f6b80104bd0
2024-04-07T20:33:24.568 INFO:teuthology.orchestra.run.smithi018.stdout:/usr/bin/ceph: stderr
2024-04-07T20:33:23.814+0000 7f6b7d7fa700 1 --2- 172.21.15.18:0/123555337 >> [v2:172.21.15.18:6800/3313988921,v1:172.21.15.18:6801/3313988921] conn(0x7f6b70036740 0x7f6b70038bf0 unknown :-1 s=NONE pgs=0 cs=0 l=1 rev1=0 crypto rx=0 tx=0 comp rx=0 tx=0).connect
2024-04-07T20:33:24.568 INFO:teuthology.orchestra.run.smithi018.stdout:/usr/bin/ceph: stderr
2024-04-07T20:33:23.814+0000 7f6b7d7fa700 1 -- 172.21.15.18:0/123555337 <== mon.0 v2:172.21.15.18:3300/0 5 ==== osd_map(2..2 src has 1..2) v4 ==== 936+0+0 (secure 0 0 0) 0x7f6b7404a850 con 0x7f6b80104bd0
2024-04-07T20:33:24.569 INFO:teuthology.orchestra.run.smithi018.stdout:/usr/bin/ceph: stderr
2024-04-07T20:33:23.814+0000 7f6b7ffff700 1 --2- 172.21.15.18:0/123555337 >> [v2:172.21.15.18:6800/3313988921,v1:172.21.15.18:6801/3313988921] conn(0x7f6b70036740 0x7f6b70038bf0 unknown :-1 s=BANNER_CONNECTING pgs=0 cs=0 l=1 rev1=0 crypto rx=0 tx=0 comp rx=0 tx=0)._handle_peer_banner_payload supported=3 required=0
2024-04-07T20:33:24.569 INFO:teuthology.orchestra.run.smithi018.stdout:/usr/bin/ceph: stderr
2024-04-07T20:33:23.815+0000 7f6b7ffff700 1 --2- 172.21.15.18:0/123555337 >> [v2:172.21.15.18:6800/3313988921,v1:172.21.15.18:6801/3313988921] conn(0x7f6b70036740 0x7f6b70038bf0 secure :-1 s=READY pgs=18 cs=0 l=1 rev1=1 crypto rx=0x7f6b6c009990 tx=0x7f6b6c006e40 comp rx=0 tx=0).ready entity=mgr.14120 client_cookie=0 server_cookie=0 in_seq=0 out_seq=0
2024-04-07T20:33:24.569 INFO:teuthology.orchestra.run.smithi018.stdout:/usr/bin/ceph: stderr
2024-04-07T20:33:23.819+0000 7f6b7d7fa700 1 -- 172.21.15.18:0/123555337 <== mon.0 v2:172.21.15.18:3300/0 6 ==== mon_command_ack([{"prefix": "get_command_descriptions"}]=0 v0) v1 ==== 72+0+176504 (secure 0 0 0) 0x7f6b74018940 con 0x7f6b80104bd0
2024-04-07T20:33:24.569 INFO:teuthology.orchestra.run.smithi018.stdout:/usr/bin/ceph: stderr
2024-04-07T20:33:24.027+0000 7f6b86d11700 1 -- 172.21.15.18:0/123555337 --> [v2:172.21.15.18:6800/3313988921,v1:172.21.15.18:6801/3313988921] -- mgr_command(tid 0: {"prefix": "orch apply", "service_type": "alertmanager", "target": ["mon-mgr", ""]}) v1 -- 0x7f6b80102c10 con 0x7f6b70036740
2024-04-07T20:33:24.569 INFO:teuthology.orchestra.run.smithi018.stdout:/usr/bin/ceph: stderr
2024-04-07T20:33:24.031+0000 7f6b7d7fa700 1 -- 172.21.15.18:0/123555337 <== mgr.14120 v2:172.21.15.18:6800/3313988921 1 ==== mgr_command_reply(tid 0: 0 ) v1 ==== 8+0+33 (secure 0 0 0) 0x7f6b80102c10 con 0x7f6b70036740
2024-04-07T20:33:24.569 INFO:teuthology.orchestra.run.smithi018.stdout:/usr/bin/ceph: stderr
2024-04-07T20:33:24.033+0000 7f6b86d11700 1 -- 172.21.15.18:0/123555337 >> [v2:172.21.15.18:6800/3313988921,v1:172.21.15.18:6801/3313988921] conn(0x7f6b70036740 msgr2=0x7f6b70038bf0 secure :-1 s=STATE_CONNECTION_ESTABLISHED l=1).mark_down
2024-04-07T20:33:24.569 INFO:teuthology.orchestra.run.smithi018.stdout:/usr/bin/ceph: stderr
2024-04-07T20:33:24.033+0000 7f6b86d11700 1 --2- 172.21.15.18:0/123555337 >> [v2:172.21.15.18:6800/3313988921,v1:172.21.15.18:6801/3313988921] conn(0x7f6b70036740 0x7f6b70038bf0 secure :-1 s=READY pgs=18 cs=0 l=1 rev1=1 crypto rx=0x7f6b6c009990 tx=0x7f6b6c006e40 comp rx=0 tx=0).stop
2024-04-07T20:33:24.569 INFO:teuthology.orchestra.run.smithi018.stdout:/usr/bin/ceph: stderr
2024-04-07T20:33:24.033+0000 7f6b86d11700 1 -- 172.21.15.18:0/123555337 >> [v2:172.21.15.18:3300/0,v1:172.21.15.18:6789/0] conn(0x7f6b80104bd0 msgr2=0x7f6b80113890 secure :-1 s=STATE_CONNECTION_ESTABLISHED l=1).mark_down
2024-04-07T20:33:24.569 INFO:teuthology.orchestra.run.smithi018.stdout:/usr/bin/ceph: stderr
2024-04-07T20:33:24.033+0000 7f6b86d11700 1 --2- 172.21.15.18:0/123555337 >> [v2:172.21.15.18:3300/0,v1:172.21.15.18:6789/0] conn(0x7f6b80104bd0 0x7f6b80113890 secure :-1 s=READY pgs=60 cs=0 l=1 rev1=1 crypto rx=0x7f6b74006d40 tx=0x7f6b74009250 comp rx=0 tx=0).stop
2024-04-07T20:33:24.569 INFO:teuthology.orchestra.run.smithi018.stdout:/usr/bin/ceph: stderr
2024-04-07T20:33:24.033+0000 7f6b86d11700 1 -- 172.21.15.18:0/123555337 shutdown_connections
2024-04-07T20:33:24.569 INFO:teuthology.orchestra.run.smithi018.stdout:/usr/bin/ceph: stderr
2024-04-07T20:33:24.033+0000 7f6b86d11700 1 --2- 172.21.15.18:0/123555337 >> [v2:172.21.15.18:6800/3313988921,v1:172.21.15.18:6801/3313988921] conn(0x7f6b70036740 0x7f6b70038bf0 unknown :-1 s=CLOSED pgs=18 cs=0 l=1 rev1=1 crypto rx=0 tx=0 comp rx=0 tx=0).stop
2024-04-07T20:33:24.569 INFO:teuthology.orchestra.run.smithi018.stdout:/usr/bin/ceph: stderr
2024-04-07T20:33:24.033+0000 7f6b86d11700 1 --2- 172.21.15.18:0/123555337 >> [v2:172.21.15.18:3300/0,v1:172.21.15.18:6789/0] conn(0x7f6b80104bd0 0x7f6b80113890 unknown :-1 s=CLOSED pgs=60 cs=0 l=1 rev1=1 crypto rx=0 tx=0 comp rx=0 tx=0).stop
2024-04-07T20:33:24.569 INFO:teuthology.orchestra.run.smithi018.stdout:/usr/bin/ceph: stderr
2024-04-07T20:33:24.033+0000 7f6b86d11700 1 -- 172.21.15.18:0/123555337 >> 172.21.15.18:0/123555337 conn(0x7f6b80078320 msgr2=0x7f6b801024e0 unknown :-1 s=STATE_NONE l=0).mark_down
2024-04-07T20:33:24.570 INFO:teuthology.orchestra.run.smithi018.stdout:/usr/bin/ceph: stderr
2024-04-07T20:33:24.033+0000 7f6b86d11700 1 -- 172.21.15.18:0/123555337 shutdown_connections
2024-04-07T20:33:24.570 INFO:teuthology.orchestra.run.smithi018.stdout:/usr/bin/ceph: stderr
2024-04-07T20:33:24.033+0000 7f6b86d11700 1 -- 172.21.15.18:0/123555337 wait complete.
2024-04-07T20:33:25.201 INFO:journalctl@ceph.mon.smithi018.smithi018.stdout:Apr 07 20:33:25 smithi018 ceph-mon[29599]: pgmap v3: 0 pgs: ; 0 B data, 0 B used, 0 B / 0 B avail
2024-04-07T20:33:25.201 INFO:journalctl@ceph.mon.smithi018.smithi018.stdout:Apr 07 20:33:25 smithi018 ceph-mon[29599]: from='client.14154 -' entity='client.admin' cmd=[{"prefix": "orch apply", "service_type": "alertmanager", "target": ["mon-mgr", ""]}]: dispatch
2024-04-07T20:33:25.201 INFO:journalctl@ceph.mon.smithi018.smithi018.stdout:Apr 07 20:33:25 smithi018 ceph-mon[29599]: Saving service alertmanager spec with placement count:1
2024-04-07T20:33:25.202 INFO:journalctl@ceph.mon.smithi018.smithi018.stdout:Apr 07 20:33:25 smithi018 ceph-mon[29599]: from='mgr.14120 172.21.15.18:0/3265938369' entity='mgr.smithi018.tkhfhx'
2024-04-07T20:33:25.821 INFO:teuthology.orchestra.run.smithi018.stdout:/usr/bin/ceph: stderr
2024-04-07T20:33:24.999+0000 7f69383b6700 1 Processor -- start
2024-04-07T20:33:25.821 INFO:teuthology.orchestra.run.smithi018.stdout:/usr/bin/ceph: stderr
2024-04-07T20:33:24.999+0000 7f69383b6700 1 -- start start
2024-04-07T20:33:25.821 INFO:teuthology.orchestra.run.smithi018.stdout:/usr/bin/ceph: stderr
2024-04-07T20:33:24.999+0000 7f69383b6700 1 --2- >> [v2:172.21.15.18:3300/0,v1:172.21.15.18:6789/0] conn(0x7f6930102910 0x7f6930102d20 unknown :-1 s=NONE pgs=0 cs=0 l=0 rev1=0 crypto rx=0 tx=0 comp rx=0 tx=0).connect
2024-04-07T20:33:25.821 INFO:teuthology.orchestra.run.smithi018.stdout:/usr/bin/ceph: stderr
2024-04-07T20:33:24.999+0000 7f69383b6700 1 -- --> [v2:172.21.15.18:3300/0,v1:172.21.15.18:6789/0] -- mon_getmap magic: 0 v1 -- 0x7f6930103260 con 0x7f6930102910
2024-04-07T20:33:25.821 INFO:teuthology.orchestra.run.smithi018.stdout:/usr/bin/ceph: stderr
2024-04-07T20:33:24.999+0000 7f6936152700 1 --2- >> [v2:172.21.15.18:3300/0,v1:172.21.15.18:6789/0] conn(0x7f6930102910 0x7f6930102d20 unknown :-1 s=BANNER_CONNECTING pgs=0 cs=0 l=0 rev1=0 crypto rx=0 tx=0 comp rx=0 tx=0)._handle_peer_banner_payload supported=3 required=0
2024-04-07T20:33:25.821 INFO:teuthology.orchestra.run.smithi018.stdout:/usr/bin/ceph: stderr
2024-04-07T20:33:24.999+0000 7f6936152700 1 --2- >> [v2:172.21.15.18:3300/0,v1:172.21.15.18:6789/0] conn(0x7f6930102910 0x7f6930102d20 unknown :-1 s=HELLO_CONNECTING pgs=0 cs=0 l=0 rev1=1 crypto rx=0 tx=0 comp rx=0 tx=0).handle_hello peer v2:172.21.15.18:3300/0 says I am v2:172.21.15.18:56232/0 (socket says 172.21.15.18:56232)
2024-04-07T20:33:25.821 INFO:teuthology.orchestra.run.smithi018.stdout:/usr/bin/ceph: stderr
2024-04-07T20:33:24.999+0000 7f6936152700 1 -- 172.21.15.18:0/3592283700 learned_addr learned my addr 172.21.15.18:0/3592283700 (peer_addr_for_me v2:172.21.15.18:0/0)
2024-04-07T20:33:25.821 INFO:teuthology.orchestra.run.smithi018.stdout:/usr/bin/ceph: stderr
2024-04-07T20:33:24.999+0000 7f6936152700 1 -- 172.21.15.18:0/3592283700 --> [v2:172.21.15.18:3300/0,v1:172.21.15.18:6789/0] -- mon_subscribe({config=0+,monmap=0+}) v3 -- 0x7f69301033a0 con 0x7f6930102910
2024-04-07T20:33:25.822 INFO:teuthology.orchestra.run.smithi018.stdout:/usr/bin/ceph: stderr
2024-04-07T20:33:25.000+0000 7f6936152700 1 --2- 172.21.15.18:0/3592283700 >> [v2:172.21.15.18:3300/0,v1:172.21.15.18:6789/0] conn(0x7f6930102910 0x7f6930102d20 secure :-1 s=READY pgs=61 cs=0 l=1 rev1=1 crypto rx=0x7f692c0098e0 tx=0x7f692c009250 comp rx=0 tx=0).ready entity=mon.0 client_cookie=fb3d918c214acbf6 server_cookie=0 in_seq=0 out_seq=0
2024-04-07T20:33:25.822 INFO:teuthology.orchestra.run.smithi018.stdout:/usr/bin/ceph: stderr
2024-04-07T20:33:25.000+0000 7f6935150700 1 -- 172.21.15.18:0/3592283700 <== mon.0 v2:172.21.15.18:3300/0 1 ==== mon_map magic: 0 v1 ==== 229+0+0 (secure 0 0 0) 0x7f692c00b860 con 0x7f6930102910
2024-04-07T20:33:25.822 INFO:teuthology.orchestra.run.smithi018.stdout:/usr/bin/ceph: stderr
2024-04-07T20:33:25.000+0000 7f6935150700 1 -- 172.21.15.18:0/3592283700 <== mon.0 v2:172.21.15.18:3300/0 2 ==== config(27 keys) v1 ==== 1109+0+0 (secure 0 0 0) 0x7f692c00be90 con 0x7f6930102910
2024-04-07T20:33:25.822 INFO:teuthology.orchestra.run.smithi018.stdout:/usr/bin/ceph: stderr
2024-04-07T20:33:25.000+0000 7f6935150700 1 -- 172.21.15.18:0/3592283700 <== mon.0 v2:172.21.15.18:3300/0 3 ==== mon_map magic: 0 v1 ==== 229+0+0 (secure 0 0 0) 0x7f692c0103c0 con 0x7f6930102910
2024-04-07T20:33:25.822 INFO:teuthology.orchestra.run.smithi018.stdout:/usr/bin/ceph: stderr
2024-04-07T20:33:25.000+0000 7f69383b6700 1 -- 172.21.15.18:0/3592283700 >> [v2:172.21.15.18:3300/0,v1:172.21.15.18:6789/0] conn(0x7f6930102910 msgr2=0x7f6930102d20 secure :-1 s=STATE_CONNECTION_ESTABLISHED l=1).mark_down
2024-04-07T20:33:25.822 INFO:teuthology.orchestra.run.smithi018.stdout:/usr/bin/ceph: stderr
2024-04-07T20:33:25.000+0000 7f69383b6700 1 --2- 172.21.15.18:0/3592283700 >> [v2:172.21.15.18:3300/0,v1:172.21.15.18:6789/0] conn(0x7f6930102910 0x7f6930102d20 secure :-1 s=READY pgs=61 cs=0 l=1 rev1=1 crypto rx=0x7f692c0098e0 tx=0x7f692c009250 comp rx=0 tx=0).stop
2024-04-07T20:33:25.822 INFO:teuthology.orchestra.run.smithi018.stdout:/usr/bin/ceph: stderr
2024-04-07T20:33:25.000+0000 7f69383b6700 1 -- 172.21.15.18:0/3592283700 shutdown_connections
2024-04-07T20:33:25.822 INFO:teuthology.orchestra.run.smithi018.stdout:/usr/bin/ceph: stderr
2024-04-07T20:33:25.000+0000 7f69383b6700 1 --2- 172.21.15.18:0/3592283700 >> [v2:172.21.15.18:3300/0,v1:172.21.15.18:6789/0] conn(0x7f6930102910 0x7f6930102d20 unknown :-1 s=CLOSED pgs=61 cs=0 l=1 rev1=1 crypto rx=0 tx=0 comp rx=0 tx=0).stop
2024-04-07T20:33:25.822 INFO:teuthology.orchestra.run.smithi018.stdout:/usr/bin/ceph: stderr
2024-04-07T20:33:25.001+0000 7f69383b6700 1 -- 172.21.15.18:0/3592283700 >> 172.21.15.18:0/3592283700 conn(0x7f69300fe070 msgr2=0x7f69301004a0 unknown :-1 s=STATE_NONE l=0).mark_down
2024-04-07T20:33:25.822 INFO:teuthology.orchestra.run.smithi018.stdout:/usr/bin/ceph: stderr
2024-04-07T20:33:25.001+0000 7f69383b6700 1 -- 172.21.15.18:0/3592283700 shutdown_connections
2024-04-07T20:33:25.822 INFO:teuthology.orchestra.run.smithi018.stdout:/usr/bin/ceph: stderr
2024-04-07T20:33:25.001+0000 7f69383b6700 1 -- 172.21.15.18:0/3592283700 wait complete.
2024-04-07T20:33:25.822 INFO:teuthology.orchestra.run.smithi018.stdout:/usr/bin/ceph: stderr
2024-04-07T20:33:25.001+0000 7f69383b6700 1 Processor -- start
2024-04-07T20:33:25.822 INFO:teuthology.orchestra.run.smithi018.stdout:/usr/bin/ceph: stderr
2024-04-07T20:33:25.001+0000 7f69383b6700 1 -- start start
2024-04-07T20:33:25.822 INFO:teuthology.orchestra.run.smithi018.stdout:/usr/bin/ceph: stderr
