2024-04-07T20:32:54.836 INFO:teuthology.orchestra.run.smithi018.stdout:/usr/bin/ceph: stdout "mgrmap": {
2024-04-07T20:32:54.836 INFO:teuthology.orchestra.run.smithi018.stdout:/usr/bin/ceph: stdout "available": true,
2024-04-07T20:32:54.837 INFO:teuthology.orchestra.run.smithi018.stdout:/usr/bin/ceph: stdout "num_standbys": 0,
2024-04-07T20:32:54.837 INFO:teuthology.orchestra.run.smithi018.stdout:/usr/bin/ceph: stdout "modules": [
2024-04-07T20:32:54.837 INFO:teuthology.orchestra.run.smithi018.stdout:/usr/bin/ceph: stdout "iostat",
2024-04-07T20:32:54.837 INFO:teuthology.orchestra.run.smithi018.stdout:/usr/bin/ceph: stdout "nfs",
2024-04-07T20:32:54.837 INFO:teuthology.orchestra.run.smithi018.stdout:/usr/bin/ceph: stdout "restful"
2024-04-07T20:32:54.837 INFO:teuthology.orchestra.run.smithi018.stdout:/usr/bin/ceph: stdout ],
2024-04-07T20:32:54.837 INFO:teuthology.orchestra.run.smithi018.stdout:/usr/bin/ceph: stdout "services": {}
2024-04-07T20:32:54.837 INFO:teuthology.orchestra.run.smithi018.stdout:/usr/bin/ceph: stdout },
2024-04-07T20:32:54.837 INFO:teuthology.orchestra.run.smithi018.stdout:/usr/bin/ceph: stdout "servicemap": {
2024-04-07T20:32:54.837 INFO:teuthology.orchestra.run.smithi018.stdout:/usr/bin/ceph: stdout "epoch": 1,
2024-04-07T20:32:54.837 INFO:teuthology.orchestra.run.smithi018.stdout:/usr/bin/ceph: stdout "modified": "2024-04-07T20:32:36.066748+0000",
2024-04-07T20:32:54.837 INFO:teuthology.orchestra.run.smithi018.stdout:/usr/bin/ceph: stdout "services": {}
2024-04-07T20:32:54.837 INFO:teuthology.orchestra.run.smithi018.stdout:/usr/bin/ceph: stdout },
2024-04-07T20:32:54.837 INFO:teuthology.orchestra.run.smithi018.stdout:/usr/bin/ceph: stdout "progress_events": {}
2024-04-07T20:32:54.838 INFO:teuthology.orchestra.run.smithi018.stdout:/usr/bin/ceph: stdout }
2024-04-07T20:32:54.838 INFO:teuthology.orchestra.run.smithi018.stdout:/usr/bin/ceph: stderr
2024-04-07T20:32:53.953+0000 7f09cc8d0700 1 Processor -- start
2024-04-07T20:32:54.838 INFO:teuthology.orchestra.run.smithi018.stdout:/usr/bin/ceph: stderr
2024-04-07T20:32:53.953+0000 7f09cc8d0700 1 -- start start
2024-04-07T20:32:54.838 INFO:teuthology.orchestra.run.smithi018.stdout:/usr/bin/ceph: stderr
2024-04-07T20:32:53.953+0000 7f09cc8d0700 1 --2- >> [v2:172.21.15.18:3300/0,v1:172.21.15.18:6789/0] conn(0x7f09c8078c30 0x7f09c8077230 unknown :-1 s=NONE pgs=0 cs=0 l=0 rev1=0 crypto rx=0 tx=0 comp rx=0 tx=0).connect
2024-04-07T20:32:54.838 INFO:teuthology.orchestra.run.smithi018.stdout:/usr/bin/ceph: stderr
2024-04-07T20:32:53.953+0000 7f09cc8d0700 1 -- --> [v2:172.21.15.18:3300/0,v1:172.21.15.18:6789/0] -- mon_getmap magic: 0 v1 -- 0x7f09c8079040 con 0x7f09c8078c30
2024-04-07T20:32:54.838 INFO:teuthology.orchestra.run.smithi018.stdout:/usr/bin/ceph: stderr
2024-04-07T20:32:53.954+0000 7f09c659c700 1 --2- >> [v2:172.21.15.18:3300/0,v1:172.21.15.18:6789/0] conn(0x7f09c8078c30 0x7f09c8077230 unknown :-1 s=BANNER_CONNECTING pgs=0 cs=0 l=0 rev1=0 crypto rx=0 tx=0 comp rx=0 tx=0)._handle_peer_banner_payload supported=3 required=0
2024-04-07T20:32:54.838 INFO:teuthology.orchestra.run.smithi018.stdout:/usr/bin/ceph: stderr
2024-04-07T20:32:53.954+0000 7f09c659c700 1 --2- >> [v2:172.21.15.18:3300/0,v1:172.21.15.18:6789/0] conn(0x7f09c8078c30 0x7f09c8077230 unknown :-1 s=HELLO_CONNECTING pgs=0 cs=0 l=0 rev1=1 crypto rx=0 tx=0 comp rx=0 tx=0).handle_hello peer v2:172.21.15.18:3300/0 says I am v2:172.21.15.18:37498/0 (socket says 172.21.15.18:37498)
2024-04-07T20:32:54.838 INFO:teuthology.orchestra.run.smithi018.stdout:/usr/bin/ceph: stderr
2024-04-07T20:32:53.954+0000 7f09c659c700 1 -- 172.21.15.18:0/1266644386 learned_addr learned my addr 172.21.15.18:0/1266644386 (peer_addr_for_me v2:172.21.15.18:0/0)
2024-04-07T20:32:54.838 INFO:teuthology.orchestra.run.smithi018.stdout:/usr/bin/ceph: stderr
2024-04-07T20:32:53.954+0000 7f09c659c700 1 -- 172.21.15.18:0/1266644386 --> [v2:172.21.15.18:3300/0,v1:172.21.15.18:6789/0] -- mon_subscribe({config=0+,monmap=0+}) v3 -- 0x7f09c8077770 con 0x7f09c8078c30
2024-04-07T20:32:54.838 INFO:teuthology.orchestra.run.smithi018.stdout:/usr/bin/ceph: stderr
2024-04-07T20:32:53.954+0000 7f09c659c700 1 --2- 172.21.15.18:0/1266644386 >> [v2:172.21.15.18:3300/0,v1:172.21.15.18:6789/0] conn(0x7f09c8078c30 0x7f09c8077230 secure :-1 s=READY pgs=18 cs=0 l=1 rev1=1 crypto rx=0x7f09c0009e50 tx=0x7f09c0009840 comp rx=0 tx=0).ready entity=mon.0 client_cookie=6ee925b95db48e22 server_cookie=0 in_seq=0 out_seq=0
2024-04-07T20:32:54.838 INFO:teuthology.orchestra.run.smithi018.stdout:/usr/bin/ceph: stderr
2024-04-07T20:32:53.954+0000 7f09c559a700 1 -- 172.21.15.18:0/1266644386 <== mon.0 v2:172.21.15.18:3300/0 1 ==== mon_map magic: 0 v1 ==== 229+0+0 (secure 0 0 0) 0x7f09c00092e0 con 0x7f09c8078c30
2024-04-07T20:32:54.838 INFO:teuthology.orchestra.run.smithi018.stdout:/usr/bin/ceph: stderr
2024-04-07T20:32:53.954+0000 7f09c559a700 1 -- 172.21.15.18:0/1266644386 <== mon.0 v2:172.21.15.18:3300/0 2 ==== config(27 keys) v1 ==== 1044+0+0 (secure 0 0 0) 0x7f09c0012430 con 0x7f09c8078c30
2024-04-07T20:32:54.838 INFO:teuthology.orchestra.run.smithi018.stdout:/usr/bin/ceph: stderr
2024-04-07T20:32:53.954+0000 7f09c559a700 1 -- 172.21.15.18:0/1266644386 <== mon.0 v2:172.21.15.18:3300/0 3 ==== mon_map magic: 0 v1 ==== 229+0+0 (secure 0 0 0) 0x7f09c00075c0 con 0x7f09c8078c30
2024-04-07T20:32:54.839 INFO:teuthology.orchestra.run.smithi018.stdout:/usr/bin/ceph: stderr
2024-04-07T20:32:53.955+0000 7f09cc8d0700 1 -- 172.21.15.18:0/1266644386 >> [v2:172.21.15.18:3300/0,v1:172.21.15.18:6789/0] conn(0x7f09c8078c30 msgr2=0x7f09c8077230 secure :-1 s=STATE_CONNECTION_ESTABLISHED l=1).mark_down
2024-04-07T20:32:54.839 INFO:teuthology.orchestra.run.smithi018.stdout:/usr/bin/ceph: stderr
2024-04-07T20:32:53.955+0000 7f09cc8d0700 1 --2- 172.21.15.18:0/1266644386 >> [v2:172.21.15.18:3300/0,v1:172.21.15.18:6789/0] conn(0x7f09c8078c30 0x7f09c8077230 secure :-1 s=READY pgs=18 cs=0 l=1 rev1=1 crypto rx=0x7f09c0009e50 tx=0x7f09c0009840 comp rx=0 tx=0).stop
2024-04-07T20:32:54.839 INFO:teuthology.orchestra.run.smithi018.stdout:/usr/bin/ceph: stderr
2024-04-07T20:32:53.955+0000 7f09cc8d0700 1 -- 172.21.15.18:0/1266644386 shutdown_connections
2024-04-07T20:32:54.839 INFO:teuthology.orchestra.run.smithi018.stdout:/usr/bin/ceph: stderr
2024-04-07T20:32:53.955+0000 7f09cc8d0700 1 --2- 172.21.15.18:0/1266644386 >> [v2:172.21.15.18:3300/0,v1:172.21.15.18:6789/0] conn(0x7f09c8078c30 0x7f09c8077230 unknown :-1 s=CLOSED pgs=18 cs=0 l=1 rev1=1 crypto rx=0 tx=0 comp rx=0 tx=0).stop
2024-04-07T20:32:54.839 INFO:teuthology.orchestra.run.smithi018.stdout:/usr/bin/ceph: stderr
2024-04-07T20:32:53.955+0000 7f09cc8d0700 1 -- 172.21.15.18:0/1266644386 >> 172.21.15.18:0/1266644386 conn(0x7f09c80fe070 msgr2=0x7f09c8100480 unknown :-1 s=STATE_NONE l=0).mark_down
2024-04-07T20:32:54.839 INFO:teuthology.orchestra.run.smithi018.stdout:/usr/bin/ceph: stderr
2024-04-07T20:32:53.955+0000 7f09cc8d0700 1 -- 172.21.15.18:0/1266644386 shutdown_connections
2024-04-07T20:32:54.839 INFO:teuthology.orchestra.run.smithi018.stdout:/usr/bin/ceph: stderr
2024-04-07T20:32:53.955+0000 7f09cc8d0700 1 -- 172.21.15.18:0/1266644386 wait complete.
2024-04-07T20:32:54.839 INFO:teuthology.orchestra.run.smithi018.stdout:/usr/bin/ceph: stderr
2024-04-07T20:32:53.956+0000 7f09cc8d0700 1 Processor -- start
2024-04-07T20:32:54.839 INFO:teuthology.orchestra.run.smithi018.stdout:/usr/bin/ceph: stderr
2024-04-07T20:32:53.956+0000 7f09cc8d0700 1 -- start start
2024-04-07T20:32:54.839 INFO:teuthology.orchestra.run.smithi018.stdout:/usr/bin/ceph: stderr
2024-04-07T20:32:53.956+0000 7f09cc8d0700 1 --2- >> [v2:172.21.15.18:3300/0,v1:172.21.15.18:6789/0] conn(0x7f09c8078c30 0x7f09c8113a10 unknown :-1 s=NONE pgs=0 cs=0 l=1 rev1=0 crypto rx=0 tx=0 comp rx=0 tx=0).connect
2024-04-07T20:32:54.839 INFO:teuthology.orchestra.run.smithi018.stdout:/usr/bin/ceph: stderr
2024-04-07T20:32:53.956+0000 7f09cc8d0700 1 -- --> [v2:172.21.15.18:3300/0,v1:172.21.15.18:6789/0] -- mon_getmap magic: 0 v1 -- 0x7f09c8113f50 con 0x7f09c8078c30
2024-04-07T20:32:54.839 INFO:teuthology.orchestra.run.smithi018.stdout:/usr/bin/ceph: stderr
2024-04-07T20:32:53.956+0000 7f09c659c700 1 --2- >> [v2:172.21.15.18:3300/0,v1:172.21.15.18:6789/0] conn(0x7f09c8078c30 0x7f09c8113a10 unknown :-1 s=BANNER_CONNECTING pgs=0 cs=0 l=1 rev1=0 crypto rx=0 tx=0 comp rx=0 tx=0)._handle_peer_banner_payload supported=3 required=0
2024-04-07T20:32:54.839 INFO:teuthology.orchestra.run.smithi018.stdout:/usr/bin/ceph: stderr
2024-04-07T20:32:53.956+0000 7f09c659c700 1 --2- >> [v2:172.21.15.18:3300/0,v1:172.21.15.18:6789/0] conn(0x7f09c8078c30 0x7f09c8113a10 unknown :-1 s=HELLO_CONNECTING pgs=0 cs=0 l=1 rev1=1 crypto rx=0 tx=0 comp rx=0 tx=0).handle_hello peer v2:172.21.15.18:3300/0 says I am v2:172.21.15.18:37510/0 (socket says 172.21.15.18:37510)
2024-04-07T20:32:54.839 INFO:teuthology.orchestra.run.smithi018.stdout:/usr/bin/ceph: stderr
2024-04-07T20:32:53.956+0000 7f09c659c700 1 -- 172.21.15.18:0/1314331778 learned_addr learned my addr 172.21.15.18:0/1314331778 (peer_addr_for_me v2:172.21.15.18:0/0)
2024-04-07T20:32:54.839 INFO:teuthology.orchestra.run.smithi018.stdout:/usr/bin/ceph: stderr
2024-04-07T20:32:53.956+0000 7f09c659c700 1 -- 172.21.15.18:0/1314331778 --> [v2:172.21.15.18:3300/0,v1:172.21.15.18:6789/0] -- mon_subscribe({config=0+,monmap=0+}) v3 -- 0x7f09c0009ae0 con 0x7f09c8078c30
2024-04-07T20:32:54.839 INFO:teuthology.orchestra.run.smithi018.stdout:/usr/bin/ceph: stderr
2024-04-07T20:32:53.956+0000 7f09c659c700 1 --2- 172.21.15.18:0/1314331778 >> [v2:172.21.15.18:3300/0,v1:172.21.15.18:6789/0] conn(0x7f09c8078c30 0x7f09c8113a10 secure :-1 s=READY pgs=19 cs=0 l=1 rev1=1 crypto rx=0x7f09c0012da0 tx=0x7f09c0009840 comp rx=0 tx=0).ready entity=mon.0 client_cookie=0 server_cookie=0 in_seq=0 out_seq=0
2024-04-07T20:32:54.840 INFO:teuthology.orchestra.run.smithi018.stdout:/usr/bin/ceph: stderr
2024-04-07T20:32:53.957+0000 7f09beffd700 1 -- 172.21.15.18:0/1314331778 <== mon.0 v2:172.21.15.18:3300/0 1 ==== mon_map magic: 0 v1 ==== 229+0+0 (secure 0 0 0) 0x7f09c00092e0 con 0x7f09c8078c30
2024-04-07T20:32:54.840 INFO:teuthology.orchestra.run.smithi018.stdout:/usr/bin/ceph: stderr
2024-04-07T20:32:53.957+0000 7f09beffd700 1 -- 172.21.15.18:0/1314331778 <== mon.0 v2:172.21.15.18:3300/0 2 ==== config(27 keys) v1 ==== 1044+0+0 (secure 0 0 0) 0x7f09c0007d10 con 0x7f09c8078c30
2024-04-07T20:32:54.840 INFO:teuthology.orchestra.run.smithi018.stdout:/usr/bin/ceph: stderr
2024-04-07T20:32:53.957+0000 7f09cc8d0700 1 -- 172.21.15.18:0/1314331778 --> [v2:172.21.15.18:3300/0,v1:172.21.15.18:6789/0] -- mon_subscribe({mgrmap=0+}) v3 -- 0x7f09c8114150 con 0x7f09c8078c30
2024-04-07T20:32:54.840 INFO:teuthology.orchestra.run.smithi018.stdout:/usr/bin/ceph: stderr
2024-04-07T20:32:53.957+0000 7f09beffd700 1 -- 172.21.15.18:0/1314331778 <== mon.0 v2:172.21.15.18:3300/0 3 ==== mon_map magic: 0 v1 ==== 229+0+0 (secure 0 0 0) 0x7f09c001c880 con 0x7f09c8078c30
2024-04-07T20:32:54.840 INFO:teuthology.orchestra.run.smithi018.stdout:/usr/bin/ceph: stderr
2024-04-07T20:32:53.957+0000 7f09cc8d0700 1 -- 172.21.15.18:0/1314331778 --> [v2:172.21.15.18:3300/0,v1:172.21.15.18:6789/0] -- mon_subscribe({osdmap=0}) v3 -- 0x7f09c8114cc0 con 0x7f09c8078c30
2024-04-07T20:32:54.840 INFO:teuthology.orchestra.run.smithi018.stdout:/usr/bin/ceph: stderr
2024-04-07T20:32:53.957+0000 7f09beffd700 1 -- 172.21.15.18:0/1314331778 <== mon.0 v2:172.21.15.18:3300/0 4 ==== mgrmap(e 4) v1 ==== 43357+0+0 (secure 0 0 0) 0x7f09c0019070 con 0x7f09c8078c30
2024-04-07T20:32:54.840 INFO:teuthology.orchestra.run.smithi018.stdout:/usr/bin/ceph: stderr
2024-04-07T20:32:53.958+0000 7f09beffd700 1 --2- 172.21.15.18:0/1314331778 >> [v2:172.21.15.18:6800/1825978381,v1:172.21.15.18:6801/1825978381] conn(0x7f09b4036790 0x7f09b4038c40 unknown :-1 s=NONE pgs=0 cs=0 l=1 rev1=0 crypto rx=0 tx=0 comp rx=0 tx=0).connect
2024-04-07T20:32:54.840 INFO:teuthology.orchestra.run.smithi018.stdout:/usr/bin/ceph: stderr
2024-04-07T20:32:53.958+0000 7f09cc8d0700 1 -- 172.21.15.18:0/1314331778 --> [v2:172.21.15.18:3300/0,v1:172.21.15.18:6789/0] -- mon_command({"prefix": "get_command_descriptions"} v 0) v1 -- 0x7f09c805f5f0 con 0x7f09c8078c30
2024-04-07T20:32:54.840 INFO:teuthology.orchestra.run.smithi018.stdout:/usr/bin/ceph: stderr
2024-04-07T20:32:53.958+0000 7f09beffd700 1 -- 172.21.15.18:0/1314331778 <== mon.0 v2:172.21.15.18:3300/0 5 ==== osd_map(1..1 src has 1..1) v4 ==== 721+0+0 (secure 0 0 0) 0x7f09c0049df0 con 0x7f09c8078c30
2024-04-07T20:32:54.840 INFO:teuthology.orchestra.run.smithi018.stdout:/usr/bin/ceph: stderr
2024-04-07T20:32:53.958+0000 7f09c5d9b700 1 --2- 172.21.15.18:0/1314331778 >> [v2:172.21.15.18:6800/1825978381,v1:172.21.15.18:6801/1825978381] conn(0x7f09b4036790 0x7f09b4038c40 unknown :-1 s=BANNER_CONNECTING pgs=0 cs=0 l=1 rev1=0 crypto rx=0 tx=0 comp rx=0 tx=0)._handle_peer_banner_payload supported=3 required=0
2024-04-07T20:32:54.840 INFO:teuthology.orchestra.run.smithi018.stdout:/usr/bin/ceph: stderr
2024-04-07T20:32:53.958+0000 7f09c5d9b700 1 --2- 172.21.15.18:0/1314331778 >> [v2:172.21.15.18:6800/1825978381,v1:172.21.15.18:6801/1825978381] conn(0x7f09b4036790 0x7f09b4038c40 secure :-1 s=READY pgs=6 cs=0 l=1 rev1=1 crypto rx=0x7f09b0009990 tx=0x7f09b0006e40 comp rx=0 tx=0).ready entity=mgr.14100 client_cookie=0 server_cookie=0 in_seq=0 out_seq=0
2024-04-07T20:32:54.840 INFO:teuthology.orchestra.run.smithi018.stdout:/usr/bin/ceph: stderr
2024-04-07T20:32:53.963+0000 7f09beffd700 1 -- 172.21.15.18:0/1314331778 <== mon.0 v2:172.21.15.18:3300/0 6 ==== mon_command_ack([{"prefix": "get_command_descriptions"}]=0 v0) v1 ==== 72+0+176504 (secure 0 0 0) 0x7f09c00239b0 con 0x7f09c8078c30
2024-04-07T20:32:54.840 INFO:teuthology.orchestra.run.smithi018.stdout:/usr/bin/ceph: stderr
2024-04-07T20:32:54.237+0000 7f09cc8d0700 1 -- 172.21.15.18:0/1314331778 --> [v2:172.21.15.18:3300/0,v1:172.21.15.18:6789/0] -- mon_command({"prefix": "status", "format": "json-pretty"} v 0) v1 -- 0x7f09c8115040 con 0x7f09c8078c30
2024-04-07T20:32:54.840 INFO:teuthology.orchestra.run.smithi018.stdout:/usr/bin/ceph: stderr
2024-04-07T20:32:54.238+0000 7f09beffd700 1 -- 172.21.15.18:0/1314331778 <== mon.0 v2:172.21.15.18:3300/0 7 ==== mon_command_ack([{"prefix": "status", "format": "json-pretty"}]=0 v0) v1 ==== 79+0+1248 (secure 0 0 0) 0x7f09c0017070 con 0x7f09c8078c30
2024-04-07T20:32:54.841 INFO:teuthology.orchestra.run.smithi018.stdout:/usr/bin/ceph: stderr
2024-04-07T20:32:54.240+0000 7f09cc8d0700 1 -- 172.21.15.18:0/1314331778 >> [v2:172.21.15.18:6800/1825978381,v1:172.21.15.18:6801/1825978381] conn(0x7f09b4036790 msgr2=0x7f09b4038c40 secure :-1 s=STATE_CONNECTION_ESTABLISHED l=1).mark_down
2024-04-07T20:32:54.841 INFO:teuthology.orchestra.run.smithi018.stdout:/usr/bin/ceph: stderr
2024-04-07T20:32:54.240+0000 7f09cc8d0700 1 --2- 172.21.15.18:0/1314331778 >> [v2:172.21.15.18:6800/1825978381,v1:172.21.15.18:6801/1825978381] conn(0x7f09b4036790 0x7f09b4038c40 secure :-1 s=READY pgs=6 cs=0 l=1 rev1=1 crypto rx=0x7f09b0009990 tx=0x7f09b0006e40 comp rx=0 tx=0).stop
2024-04-07T20:32:54.841 INFO:teuthology.orchestra.run.smithi018.stdout:/usr/bin/ceph: stderr
2024-04-07T20:32:54.240+0000 7f09cc8d0700 1 -- 172.21.15.18:0/1314331778 >> [v2:172.21.15.18:3300/0,v1:172.21.15.18:6789/0] conn(0x7f09c8078c30 msgr2=0x7f09c8113a10 secure :-1 s=STATE_CONNECTION_ESTABLISHED l=1).mark_down
2024-04-07T20:32:54.841 INFO:teuthology.orchestra.run.smithi018.stdout:/usr/bin/ceph: stderr
2024-04-07T20:32:54.240+0000 7f09cc8d0700 1 --2- 172.21.15.18:0/1314331778 >> [v2:172.21.15.18:3300/0,v1:172.21.15.18:6789/0] conn(0x7f09c8078c30 0x7f09c8113a10 secure :-1 s=READY pgs=19 cs=0 l=1 rev1=1 crypto rx=0x7f09c0012da0 tx=0x7f09c0009840 comp rx=0 tx=0).stop
2024-04-07T20:32:54.841 INFO:teuthology.orchestra.run.smithi018.stdout:/usr/bin/ceph: stderr
2024-04-07T20:32:54.240+0000 7f09cc8d0700 1 -- 172.21.15.18:0/1314331778 shutdown_connections
2024-04-07T20:32:54.841 INFO:teuthology.orchestra.run.smithi018.stdout:/usr/bin/ceph: stderr
2024-04-07T20:32:54.240+0000 7f09cc8d0700 1 --2- 172.21.15.18:0/1314331778 >> [v2:172.21.15.18:6800/1825978381,v1:172.21.15.18:6801/1825978381] conn(0x7f09b4036790 0x7f09b4038c40 unknown :-1 s=CLOSED pgs=6 cs=0 l=1 rev1=1 crypto rx=0 tx=0 comp rx=0 tx=0).stop
2024-04-07T20:32:54.841 INFO:teuthology.orchestra.run.smithi018.stdout:/usr/bin/ceph: stderr
2024-04-07T20:32:54.240+0000 7f09cc8d0700 1 --2- 172.21.15.18:0/1314331778 >> [v2:172.21.15.18:3300/0,v1:172.21.15.18:6789/0] conn(0x7f09c8078c30 0x7f09c8113a10 unknown :-1 s=CLOSED pgs=19 cs=0 l=1 rev1=1 crypto rx=0 tx=0 comp rx=0 tx=0).stop
2024-04-07T20:32:54.841 INFO:teuthology.orchestra.run.smithi018.stdout:/usr/bin/ceph: stderr
2024-04-07T20:32:54.240+0000 7f09cc8d0700 1 -- 172.21.15.18:0/1314331778 >> 172.21.15.18:0/1314331778 conn(0x7f09c80fe070 msgr2=0x7f09c80fecd0 unknown :-1 s=STATE_NONE l=0).mark_down
2024-04-07T20:32:54.841 INFO:teuthology.orchestra.run.smithi018.stdout:/usr/bin/ceph: stderr
2024-04-07T20:32:54.240+0000 7f09cc8d0700 1 -- 172.21.15.18:0/1314331778 shutdown_connections
2024-04-07T20:32:54.841 INFO:teuthology.orchestra.run.smithi018.stdout:/usr/bin/ceph: stderr
2024-04-07T20:32:54.240+0000 7f09cc8d0700 1 -- 172.21.15.18:0/1314331778 wait complete.
2024-04-07T20:32:54.841 INFO:teuthology.orchestra.run.smithi018.stdout:mgr is available
2024-04-07T20:32:54.945 INFO:journalctl@ceph.mon.smithi018.smithi018.stdout:Apr 07 20:32:54 smithi018 ceph-mon[29599]: from='client.? 172.21.15.18:0/1314331778' entity='client.admin' cmd=[{"prefix": "status", "format": "json-pretty"}]: dispatch
2024-04-07T20:32:55.959 INFO:journalctl@ceph.mon.smithi018.smithi018.stdout:Apr 07 20:32:55 smithi018 ceph-mon[29599]: from='client.? 172.21.15.18:0/1424669011' entity='client.admin' cmd=[{"prefix": "config assimilate-conf"}]: dispatch
2024-04-07T20:32:56.244 INFO:teuthology.orchestra.run.smithi018.stdout:/usr/bin/ceph: stdout
2024-04-07T20:32:56.244 INFO:teuthology.orchestra.run.smithi018.stdout:/usr/bin/ceph: stdout [global]
2024-04-07T20:32:56.244 INFO:teuthology.orchestra.run.smithi018.stdout:/usr/bin/ceph: stdout fsid = d4e1e268-f51d-11ee-b649-cb9ed24678a4
2024-04-07T20:32:56.244 INFO:teuthology.orchestra.run.smithi018.stdout:/usr/bin/ceph: stdout mon_osd_allow_pg_remap = true
2024-04-07T20:32:56.244 INFO:teuthology.orchestra.run.smithi018.stdout:/usr/bin/ceph: stdout mon_osd_allow_primary_affinity = true
2024-04-07T20:32:56.244 INFO:teuthology.orchestra.run.smithi018.stdout:/usr/bin/ceph: stdout mon_warn_on_no_sortbitwise = false
2024-04-07T20:32:56.244 INFO:teuthology.orchestra.run.smithi018.stdout:/usr/bin/ceph: stdout osd_crush_chooseleaf_type = 0
2024-04-07T20:32:56.244 INFO:teuthology.orchestra.run.smithi018.stdout:/usr/bin/ceph: stdout
2024-04-07T20:32:56.245 INFO:teuthology.orchestra.run.smithi018.stdout:/usr/bin/ceph: stdout [mgr]
2024-04-07T20:32:56.245 INFO:teuthology.orchestra.run.smithi018.stdout:/usr/bin/ceph: stdout mgr/telemetry/nag = false
2024-04-07T20:32:56.245 INFO:teuthology.orchestra.run.smithi018.stdout:/usr/bin/ceph: stdout
2024-04-07T20:32:56.245 INFO:teuthology.orchestra.run.smithi018.stdout:/usr/bin/ceph: stdout [osd]
2024-04-07T20:32:56.245 INFO:teuthology.orchestra.run.smithi018.stdout:/usr/bin/ceph: stdout mon_osd_backfillfull_ratio = 0.85
2024-04-07T20:32:56.245 INFO:teuthology.orchestra.run.smithi018.stdout:/usr/bin/ceph: stdout mon_osd_full_ratio = 0.9
2024-04-07T20:32:56.245 INFO:teuthology.orchestra.run.smithi018.stdout:/usr/bin/ceph: stdout mon_osd_nearfull_ratio = 0.8
2024-04-07T20:32:56.245 INFO:teuthology.orchestra.run.smithi018.stdout:/usr/bin/ceph: stdout osd_map_max_advance = 10
2024-04-07T20:32:56.245 INFO:teuthology.orchestra.run.smithi018.stdout:/usr/bin/ceph: stdout osd_sloppy_crc = true
2024-04-07T20:32:56.245 INFO:teuthology.orchestra.run.smithi018.stdout:/usr/bin/ceph: stderr
2024-04-07T20:32:55.414+0000 7fac7d7ef700 1 Processor -- start
2024-04-07T20:32:56.245 INFO:teuthology.orchestra.run.smithi018.stdout:/usr/bin/ceph: stderr
2024-04-07T20:32:55.414+0000 7fac7d7ef700 1 -- start start
2024-04-07T20:32:56.245 INFO:teuthology.orchestra.run.smithi018.stdout:/usr/bin/ceph: stderr
2024-04-07T20:32:55.414+0000 7fac7d7ef700 1 --2- >> [v2:172.21.15.18:3300/0,v1:172.21.15.18:6789/0] conn(0x7fac78102920 0x7fac78102d30 unknown :-1 s=NONE pgs=0 cs=0 l=0 rev1=0 crypto rx=0 tx=0 comp rx=0 tx=0).connect
2024-04-07T20:32:56.245 INFO:teuthology.orchestra.run.smithi018.stdout:/usr/bin/ceph: stderr
2024-04-07T20:32:55.414+0000 7fac7d7ef700 1 -- --> [v2:172.21.15.18:3300/0,v1:172.21.15.18:6789/0] -- mon_getmap magic: 0 v1 -- 0x7fac78103270 con 0x7fac78102920
2024-04-07T20:32:56.245 INFO:teuthology.orchestra.run.smithi018.stdout:/usr/bin/ceph: stderr
2024-04-07T20:32:55.414+0000 7fac76ffd700 1 --2- >> [v2:172.21.15.18:3300/0,v1:172.21.15.18:6789/0] conn(0x7fac78102920 0x7fac78102d30 unknown :-1 s=BANNER_CONNECTING pgs=0 cs=0 l=0 rev1=0 crypto rx=0 tx=0 comp rx=0 tx=0)._handle_peer_banner_payload supported=3 required=0
2024-04-07T20:32:56.245 INFO:teuthology.orchestra.run.smithi018.stdout:/usr/bin/ceph: stderr
2024-04-07T20:32:55.414+0000 7fac76ffd700 1 --2- >> [v2:172.21.15.18:3300/0,v1:172.21.15.18:6789/0] conn(0x7fac78102920 0x7fac78102d30 unknown :-1 s=HELLO_CONNECTING pgs=0 cs=0 l=0 rev1=1 crypto rx=0 tx=0 comp rx=0 tx=0).handle_hello peer v2:172.21.15.18:3300/0 says I am v2:172.21.15.18:37516/0 (socket says 172.21.15.18:37516)
2024-04-07T20:32:56.246 INFO:teuthology.orchestra.run.smithi018.stdout:/usr/bin/ceph: stderr
2024-04-07T20:32:55.414+0000 7fac76ffd700 1 -- 172.21.15.18:0/1139390167 learned_addr learned my addr 172.21.15.18:0/1139390167 (peer_addr_for_me v2:172.21.15.18:0/0)
2024-04-07T20:32:56.246 INFO:teuthology.orchestra.run.smithi018.stdout:/usr/bin/ceph: stderr
2024-04-07T20:32:55.415+0000 7fac76ffd700 1 -- 172.21.15.18:0/1139390167 --> [v2:172.21.15.18:3300/0,v1:172.21.15.18:6789/0] -- mon_subscribe({config=0+,monmap=0+}) v3 -- 0x7fac781033b0 con 0x7fac78102920
2024-04-07T20:32:56.246 INFO:teuthology.orchestra.run.smithi018.stdout:/usr/bin/ceph: stderr
2024-04-07T20:32:55.415+0000 7fac76ffd700 1 --2- 172.21.15.18:0/1139390167 >> [v2:172.21.15.18:3300/0,v1:172.21.15.18:6789/0] conn(0x7fac78102920 0x7fac78102d30 secure :-1 s=READY pgs=20 cs=0 l=1 rev1=1 crypto rx=0x7fac680098e0 tx=0x7fac68009250 comp rx=0 tx=0).ready entity=mon.0 client_cookie=62c52238ed807b63 server_cookie=0 in_seq=0 out_seq=0
2024-04-07T20:32:56.246 INFO:teuthology.orchestra.run.smithi018.stdout:/usr/bin/ceph: stderr
2024-04-07T20:32:55.415+0000 7fac75ffb700 1 -- 172.21.15.18:0/1139390167 <== mon.0 v2:172.21.15.18:3300/0 1 ==== mon_map magic: 0 v1 ==== 229+0+0 (secure 0 0 0) 0x7fac6800b860 con 0x7fac78102920
2024-04-07T20:32:56.246 INFO:teuthology.orchestra.run.smithi018.stdout:/usr/bin/ceph: stderr
2024-04-07T20:32:55.415+0000 7fac75ffb700 1 -- 172.21.15.18:0/1139390167 <== mon.0 v2:172.21.15.18:3300/0 2 ==== config(27 keys) v1 ==== 1044+0+0 (secure 0 0 0) 0x7fac6800be50 con 0x7fac78102920
2024-04-07T20:32:56.246 INFO:teuthology.orchestra.run.smithi018.stdout:/usr/bin/ceph: stderr
2024-04-07T20:32:55.415+0000 7fac75ffb700 1 -- 172.21.15.18:0/1139390167 <== mon.0 v2:172.21.15.18:3300/0 3 ==== mon_map magic: 0 v1 ==== 229+0+0 (secure 0 0 0) 0x7fac68010380 con 0x7fac78102920
2024-04-07T20:32:56.246 INFO:teuthology.orchestra.run.smithi018.stdout:/usr/bin/ceph: stderr
2024-04-07T20:32:55.415+0000 7fac7d7ef700 1 -- 172.21.15.18:0/1139390167 >> [v2:172.21.15.18:3300/0,v1:172.21.15.18:6789/0] conn(0x7fac78102920 msgr2=0x7fac78102d30 secure :-1 s=STATE_CONNECTION_ESTABLISHED l=1).mark_down
2024-04-07T20:32:56.246 INFO:teuthology.orchestra.run.smithi018.stdout:/usr/bin/ceph: stderr
2024-04-07T20:32:55.415+0000 7fac7d7ef700 1 --2- 172.21.15.18:0/1139390167 >> [v2:172.21.15.18:3300/0,v1:172.21.15.18:6789/0] conn(0x7fac78102920 0x7fac78102d30 secure :-1 s=READY pgs=20 cs=0 l=1 rev1=1 crypto rx=0x7fac680098e0 tx=0x7fac68009250 comp rx=0 tx=0).stop
2024-04-07T20:32:56.246 INFO:teuthology.orchestra.run.smithi018.stdout:/usr/bin/ceph: stderr
2024-04-07T20:32:55.415+0000 7fac7d7ef700 1 -- 172.21.15.18:0/1139390167 shutdown_connections
2024-04-07T20:32:56.246 INFO:teuthology.orchestra.run.smithi018.stdout:/usr/bin/ceph: stderr
2024-04-07T20:32:55.415+0000 7fac7d7ef700 1 --2- 172.21.15.18:0/1139390167 >> [v2:172.21.15.18:3300/0,v1:172.21.15.18:6789/0] conn(0x7fac78102920 0x7fac78102d30 unknown :-1 s=CLOSED pgs=20 cs=0 l=1 rev1=1 crypto rx=0 tx=0 comp rx=0 tx=0).stop
2024-04-07T20:32:56.246 INFO:teuthology.orchestra.run.smithi018.stdout:/usr/bin/ceph: stderr
2024-04-07T20:32:55.415+0000 7fac7d7ef700 1 -- 172.21.15.18:0/1139390167 >> 172.21.15.18:0/1139390167 conn(0x7fac780fe0a0 msgr2=0x7fac781004b0 unknown :-1 s=STATE_NONE l=0).mark_down
2024-04-07T20:32:56.246 INFO:teuthology.orchestra.run.smithi018.stdout:/usr/bin/ceph: stderr
2024-04-07T20:32:55.416+0000 7fac7d7ef700 1 -- 172.21.15.18:0/1139390167 shutdown_connections
2024-04-07T20:32:56.246 INFO:teuthology.orchestra.run.smithi018.stdout:/usr/bin/ceph: stderr
2024-04-07T20:32:55.416+0000 7fac7d7ef700 1 -- 172.21.15.18:0/1139390167 wait complete.
2024-04-07T20:32:56.246 INFO:teuthology.orchestra.run.smithi018.stdout:/usr/bin/ceph: stderr
2024-04-07T20:32:55.416+0000 7fac7d7ef700 1 Processor -- start
2024-04-07T20:32:56.247 INFO:teuthology.orchestra.run.smithi018.stdout:/usr/bin/ceph: stderr
2024-04-07T20:32:55.416+0000 7fac7d7ef700 1 -- start start
2024-04-07T20:32:56.247 INFO:teuthology.orchestra.run.smithi018.stdout:/usr/bin/ceph: stderr
2024-04-07T20:32:55.416+0000 7fac7d7ef700 1 --2- >> [v2:172.21.15.18:3300/0,v1:172.21.15.18:6789/0] conn(0x7fac78102920 0x7fac781116a0 unknown :-1 s=NONE pgs=0 cs=0 l=1 rev1=0 crypto rx=0 tx=0 comp rx=0 tx=0).connect
2024-04-07T20:32:56.247 INFO:teuthology.orchestra.run.smithi018.stdout:/usr/bin/ceph: stderr
2024-04-07T20:32:55.416+0000 7fac7d7ef700 1 -- --> [v2:172.21.15.18:3300/0,v1:172.21.15.18:6789/0] -- mon_getmap magic: 0 v1 -- 0x7fac78111be0 con 0x7fac78102920
2024-04-07T20:32:56.247 INFO:teuthology.orchestra.run.smithi018.stdout:/usr/bin/ceph: stderr
2024-04-07T20:32:55.417+0000 7fac76ffd700 1 --2- >> [v2:172.21.15.18:3300/0,v1:172.21.15.18:6789/0] conn(0x7fac78102920 0x7fac781116a0 unknown :-1 s=BANNER_CONNECTING pgs=0 cs=0 l=1 rev1=0 crypto rx=0 tx=0 comp rx=0 tx=0)._handle_peer_banner_payload supported=3 required=0
2024-04-07T20:32:56.247 INFO:teuthology.orchestra.run.smithi018.stdout:/usr/bin/ceph: stderr
2024-04-07T20:32:55.417+0000 7fac76ffd700 1 --2- >> [v2:172.21.15.18:3300/0,v1:172.21.15.18:6789/0] conn(0x7fac78102920 0x7fac781116a0 unknown :-1 s=HELLO_CONNECTING pgs=0 cs=0 l=1 rev1=1 crypto rx=0 tx=0 comp rx=0 tx=0).handle_hello peer v2:172.21.15.18:3300/0 says I am v2:172.21.15.18:37522/0 (socket says 172.21.15.18:37522)
2024-04-07T20:32:56.247 INFO:teuthology.orchestra.run.smithi018.stdout:/usr/bin/ceph: stderr
2024-04-07T20:32:55.417+0000 7fac76ffd700 1 -- 172.21.15.18:0/1424669011 learned_addr learned my addr 172.21.15.18:0/1424669011 (peer_addr_for_me v2:172.21.15.18:0/0)
2024-04-07T20:32:56.247 INFO:teuthology.orchestra.run.smithi018.stdout:/usr/bin/ceph: stderr
2024-04-07T20:32:55.417+0000 7fac76ffd700 1 -- 172.21.15.18:0/1424669011 --> [v2:172.21.15.18:3300/0,v1:172.21.15.18:6789/0] -- mon_subscribe({config=0+,monmap=0+}) v3 -- 0x7fac680094f0 con 0x7fac78102920
2024-04-07T20:32:56.247 INFO:teuthology.orchestra.run.smithi018.stdout:/usr/bin/ceph: stderr
2024-04-07T20:32:55.417+0000 7fac76ffd700 1 --2- 172.21.15.18:0/1424669011 >> [v2:172.21.15.18:3300/0,v1:172.21.15.18:6789/0] conn(0x7fac78102920 0x7fac781116a0 secure :-1 s=READY pgs=21 cs=0 l=1 rev1=1 crypto rx=0x7fac6800b440 tx=0x7fac68009250 comp rx=0 tx=0).ready entity=mon.0 client_cookie=0 server_cookie=0 in_seq=0 out_seq=0
2024-04-07T20:32:56.247 INFO:teuthology.orchestra.run.smithi018.stdout:/usr/bin/ceph: stderr
2024-04-07T20:32:55.417+0000 7fac5f7fe700 1 -- 172.21.15.18:0/1424669011 <== mon.0 v2:172.21.15.18:3300/0 1 ==== mon_map magic: 0 v1 ==== 229+0+0 (secure 0 0 0) 0x7fac68010760 con 0x7fac78102920
2024-04-07T20:32:56.247 INFO:teuthology.orchestra.run.smithi018.stdout:/usr/bin/ceph: stderr
2024-04-07T20:32:55.417+0000 7fac5f7fe700 1 -- 172.21.15.18:0/1424669011 <== mon.0 v2:172.21.15.18:3300/0 2 ==== config(27 keys) v1 ==== 1044+0+0 (secure 0 0 0) 0x7fac68010d50 con 0x7fac78102920
2024-04-07T20:32:56.247 INFO:teuthology.orchestra.run.smithi018.stdout:/usr/bin/ceph: stderr
2024-04-07T20:32:55.417+0000 7fac5f7fe700 1 -- 172.21.15.18:0/1424669011 <== mon.0 v2:172.21.15.18:3300/0 3 ==== mon_map magic: 0 v1 ==== 229+0+0 (secure 0 0 0) 0x7fac6801ae20 con 0x7fac78102920
2024-04-07T20:32:56.247 INFO:teuthology.orchestra.run.smithi018.stdout:/usr/bin/ceph: stderr
2024-04-07T20:32:55.417+0000 7fac7d7ef700 1 -- 172.21.15.18:0/1424669011 --> [v2:172.21.15.18:3300/0,v1:172.21.15.18:6789/0] -- mon_subscribe({mgrmap=0+}) v3 -- 0x7fac78111de0 con 0x7fac78102920
2024-04-07T20:32:56.247 INFO:teuthology.orchestra.run.smithi018.stdout:/usr/bin/ceph: stderr
2024-04-07T20:32:55.417+0000 7fac7d7ef700 1 -- 172.21.15.18:0/1424669011 --> [v2:172.21.15.18:3300/0,v1:172.21.15.18:6789/0] -- mon_subscribe({osdmap=0}) v3 -- 0x7fac78112950 con 0x7fac78102920
2024-04-07T20:32:56.247 INFO:teuthology.orchestra.run.smithi018.stdout:/usr/bin/ceph: stderr
2024-04-07T20:32:55.418+0000 7fac5f7fe700 1 -- 172.21.15.18:0/1424669011 <== mon.0 v2:172.21.15.18:3300/0 4 ==== mgrmap(e 4) v1 ==== 43357+0+0 (secure 0 0 0) 0x7fac680108c0 con 0x7fac78102920
2024-04-07T20:32:56.248 INFO:teuthology.orchestra.run.smithi018.stdout:/usr/bin/ceph: stderr
2024-04-07T20:32:55.418+0000 7fac5f7fe700 1 --2- 172.21.15.18:0/1424669011 >> [v2:172.21.15.18:6800/1825978381,v1:172.21.15.18:6801/1825978381] conn(0x7fac60036790 0x7fac60038c40 unknown :-1 s=NONE pgs=0 cs=0 l=1 rev1=0 crypto rx=0 tx=0 comp rx=0 tx=0).connect
2024-04-07T20:32:56.248 INFO:teuthology.orchestra.run.smithi018.stdout:/usr/bin/ceph: stderr
2024-04-07T20:32:55.418+0000 7fac5f7fe700 1 -- 172.21.15.18:0/1424669011 <== mon.0 v2:172.21.15.18:3300/0 5 ==== osd_map(1..1 src has 1..1) v4 ==== 721+0+0 (secure 0 0 0) 0x7fac6804a500 con 0x7fac78102920
2024-04-07T20:32:56.248 INFO:teuthology.orchestra.run.smithi018.stdout:/usr/bin/ceph: stderr
2024-04-07T20:32:55.418+0000 7fac7d7ef700 1 -- 172.21.15.18:0/1424669011 --> [v2:172.21.15.18:3300/0,v1:172.21.15.18:6789/0] -- mon_command({"prefix": "get_command_descriptions"} v 0) v1 -- 0x7fac7805f5f0 con 0x7fac78102920
2024-04-07T20:32:56.248 INFO:teuthology.orchestra.run.smithi018.stdout:/usr/bin/ceph: stderr
2024-04-07T20:32:55.418+0000 7fac767fc700 1 --2- 172.21.15.18:0/1424669011 >> [v2:172.21.15.18:6800/1825978381,v1:172.21.15.18:6801/1825978381] conn(0x7fac60036790 0x7fac60038c40 unknown :-1 s=BANNER_CONNECTING pgs=0 cs=0 l=1 rev1=0 crypto rx=0 tx=0 comp rx=0 tx=0)._handle_peer_banner_payload supported=3 required=0
2024-04-07T20:32:56.248 INFO:teuthology.orchestra.run.smithi018.stdout:/usr/bin/ceph: stderr
2024-04-07T20:32:55.419+0000 7fac767fc700 1 --2- 172.21.15.18:0/1424669011 >> [v2:172.21.15.18:6800/1825978381,v1:172.21.15.18:6801/1825978381] conn(0x7fac60036790 0x7fac60038c40 secure :-1 s=READY pgs=7 cs=0 l=1 rev1=1 crypto rx=0x7fac6c009990 tx=0x7fac6c006e40 comp rx=0 tx=0).ready entity=mgr.14100 client_cookie=0 server_cookie=0 in_seq=0 out_seq=0
2024-04-07T20:32:56.248 INFO:teuthology.orchestra.run.smithi018.stdout:/usr/bin/ceph: stderr
2024-04-07T20:32:55.423+0000 7fac5f7fe700 1 -- 172.21.15.18:0/1424669011 <== mon.0 v2:172.21.15.18:3300/0 6 ==== mon_command_ack([{"prefix": "get_command_descriptions"}]=0 v0) v1 ==== 72+0+176504 (secure 0 0 0) 0x7fac6802e440 con 0x7fac78102920
2024-04-07T20:32:56.248 INFO:teuthology.orchestra.run.smithi018.stdout:/usr/bin/ceph: stderr
2024-04-07T20:32:55.616+0000 7fac7d7ef700 1 -- 172.21.15.18:0/1424669011 --> [v2:172.21.15.18:3300/0,v1:172.21.15.18:6789/0] -- mon_command({"prefix": "config assimilate-conf"} v 0) v1 -- 0x7fac7804bed0 con 0x7fac78102920
2024-04-07T20:32:56.248 INFO:teuthology.orchestra.run.smithi018.stdout:/usr/bin/ceph: stderr
2024-04-07T20:32:55.617+0000 7fac5f7fe700 1 -- 172.21.15.18:0/1424669011 <== mon.0 v2:172.21.15.18:3300/0 7 ==== mon_command_ack([{"prefix": "config assimilate-conf"}]=0 v3) v1 ==== 70+0+373 (secure 0 0 0) 0x7fac68048020 con 0x7fac78102920
2024-04-07T20:32:56.248 INFO:teuthology.orchestra.run.smithi018.stdout:/usr/bin/ceph: stderr
2024-04-07T20:32:55.619+0000 7fac7d7ef700 1 -- 172.21.15.18:0/1424669011 >> [v2:172.21.15.18:6800/1825978381,v1:172.21.15.18:6801/1825978381] conn(0x7fac60036790 msgr2=0x7fac60038c40 secure :-1 s=STATE_CONNECTION_ESTABLISHED l=1).mark_down
2024-04-07T20:32:56.248 INFO:teuthology.orchestra.run.smithi018.stdout:/usr/bin/ceph: stderr
2024-04-07T20:32:55.619+0000 7fac7d7ef700 1 --2- 172.21.15.18:0/1424669011 >> [v2:172.21.15.18:6800/1825978381,v1:172.21.15.18:6801/1825978381] conn(0x7fac60036790 0x7fac60038c40 secure :-1 s=READY pgs=7 cs=0 l=1 rev1=1 crypto rx=0x7fac6c009990 tx=0x7fac6c006e40 comp rx=0 tx=0).stop
2024-04-07T20:32:56.248 INFO:teuthology.orchestra.run.smithi018.stdout:/usr/bin/ceph: stderr
2024-04-07T20:32:55.619+0000 7fac7d7ef700 1 -- 172.21.15.18:0/1424669011 >> [v2:172.21.15.18:3300/0,v1:172.21.15.18:6789/0] conn(0x7fac78102920 msgr2=0x7fac781116a0 secure :-1 s=STATE_CONNECTION_ESTABLISHED l=1).mark_down
2024-04-07T20:32:56.248 INFO:teuthology.orchestra.run.smithi018.stdout:/usr/bin/ceph: stderr
2024-04-07T20:32:55.619+0000 7fac7d7ef700 1 --2- 172.21.15.18:0/1424669011 >> [v2:172.21.15.18:3300/0,v1:172.21.15.18:6789/0] conn(0x7fac78102920 0x7fac781116a0 secure :-1 s=READY pgs=21 cs=0 l=1 rev1=1 crypto rx=0x7fac6800b440 tx=0x7fac68009250 comp rx=0 tx=0).stop
2024-04-07T20:32:56.248 INFO:teuthology.orchestra.run.smithi018.stdout:/usr/bin/ceph: stderr
2024-04-07T20:32:55.619+0000 7fac7d7ef700 1 -- 172.21.15.18:0/1424669011 shutdown_connections
2024-04-07T20:32:56.248 INFO:teuthology.orchestra.run.smithi018.stdout:/usr/bin/ceph: stderr
2024-04-07T20:32:55.619+0000 7fac7d7ef700 1 --2- 172.21.15.18:0/1424669011 >> [v2:172.21.15.18:6800/1825978381,v1:172.21.15.18:6801/1825978381] conn(0x7fac60036790 0x7fac60038c40 unknown :-1 s=CLOSED pgs=7 cs=0 l=1 rev1=1 crypto rx=0 tx=0 comp rx=0 tx=0).stop
2024-04-07T20:32:56.249 INFO:teuthology.orchestra.run.smithi018.stdout:/usr/bin/ceph: stderr
2024-04-07T20:32:55.619+0000 7fac7d7ef700 1 --2- 172.21.15.18:0/1424669011 >> [v2:172.21.15.18:3300/0,v1:172.21.15.18:6789/0] conn(0x7fac78102920 0x7fac781116a0 unknown :-1 s=CLOSED pgs=21 cs=0 l=1 rev1=1 crypto rx=0 tx=0 comp rx=0 tx=0).stop
2024-04-07T20:32:56.249 INFO:teuthology.orchestra.run.smithi018.stdout:/usr/bin/ceph: stderr
2024-04-07T20:32:55.619+0000 7fac7d7ef700 1 -- 172.21.15.18:0/1424669011 >> 172.21.15.18:0/1424669011 conn(0x7fac780fe0a0 msgr2=0x7fac780fec00 unknown :-1 s=STATE_NONE l=0).mark_down
2024-04-07T20:32:56.249 INFO:teuthology.orchestra.run.smithi018.stdout:/usr/bin/ceph: stderr
2024-04-07T20:32:55.619+0000 7fac7d7ef700 1 -- 172.21.15.18:0/1424669011 shutdown_connections
2024-04-07T20:32:56.249 INFO:teuthology.orchestra.run.smithi018.stdout:/usr/bin/ceph: stderr
2024-04-07T20:32:55.619+0000 7fac7d7ef700 1 -- 172.21.15.18:0/1424669011 wait complete.
2024-04-07T20:32:56.249 INFO:teuthology.orchestra.run.smithi018.stdout:Enabling cephadm module...
2024-04-07T20:32:57.234 INFO:journalctl@ceph.mon.smithi018.smithi018.stdout:Apr 07 20:32:56 smithi018 ceph-mon[29599]: from='client.? 172.21.15.18:0/1121797377' entity='client.admin' cmd=[{"prefix": "mgr module enable", "module": "cephadm"}]: dispatch
2024-04-07T20:32:57.572 INFO:teuthology.orchestra.run.smithi018.stdout:/usr/bin/ceph: stderr
2024-04-07T20:32:56.678+0000 7f1877753700 1 Processor -- start
2024-04-07T20:32:57.572 INFO:teuthology.orchestra.run.smithi018.stdout:/usr/bin/ceph: stderr
2024-04-07T20:32:56.678+0000 7f1877753700 1 -- start start
2024-04-07T20:32:57.572 INFO:teuthology.orchestra.run.smithi018.stdout:/usr/bin/ceph: stderr
2024-04-07T20:32:56.678+0000 7f1877753700 1 --2- >> [v2:172.21.15.18:3300/0,v1:172.21.15.18:6789/0] conn(0x7f1870102910 0x7f1870102d20 unknown :-1 s=NONE pgs=0 cs=0 l=0 rev1=0 crypto rx=0 tx=0 comp rx=0 tx=0).connect
2024-04-07T20:32:57.572 INFO:teuthology.orchestra.run.smithi018.stdout:/usr/bin/ceph: stderr
2024-04-07T20:32:56.678+0000 7f1877753700 1 -- --> [v2:172.21.15.18:3300/0,v1:172.21.15.18:6789/0] -- mon_getmap magic: 0 v1 -- 0x7f1870103260 con 0x7f1870102910
2024-04-07T20:32:57.572 INFO:teuthology.orchestra.run.smithi018.stdout:/usr/bin/ceph: stderr
2024-04-07T20:32:56.678+0000 7f18754ef700 1 --2- >> [v2:172.21.15.18:3300/0,v1:172.21.15.18:6789/0] conn(0x7f1870102910 0x7f1870102d20 unknown :-1 s=BANNER_CONNECTING pgs=0 cs=0 l=0 rev1=0 crypto rx=0 tx=0 comp rx=0 tx=0)._handle_peer_banner_payload supported=3 required=0
2024-04-07T20:32:57.572 INFO:teuthology.orchestra.run.smithi018.stdout:/usr/bin/ceph: stderr
2024-04-07T20:32:56.678+0000 7f18754ef700 1 --2- >> [v2:172.21.15.18:3300/0,v1:172.21.15.18:6789/0] conn(0x7f1870102910 0x7f1870102d20 unknown :-1 s=HELLO_CONNECTING pgs=0 cs=0 l=0 rev1=1 crypto rx=0 tx=0 comp rx=0 tx=0).handle_hello peer v2:172.21.15.18:3300/0 says I am v2:172.21.15.18:37528/0 (socket says 172.21.15.18:37528)
2024-04-07T20:32:57.573 INFO:teuthology.orchestra.run.smithi018.stdout:/usr/bin/ceph: stderr
2024-04-07T20:32:56.678+0000 7f18754ef700 1 -- 172.21.15.18:0/3552943461 learned_addr learned my addr 172.21.15.18:0/3552943461 (peer_addr_for_me v2:172.21.15.18:0/0)
2024-04-07T20:32:57.573 INFO:teuthology.orchestra.run.smithi018.stdout:/usr/bin/ceph: stderr
2024-04-07T20:32:56.679+0000 7f18754ef700 1 -- 172.21.15.18:0/3552943461 --> [v2:172.21.15.18:3300/0,v1:172.21.15.18:6789/0] -- mon_subscribe({config=0+,monmap=0+}) v3 -- 0x7f18701033a0 con 0x7f1870102910
2024-04-07T20:32:57.573 INFO:teuthology.orchestra.run.smithi018.stdout:/usr/bin/ceph: stderr
2024-04-07T20:32:56.679+0000 7f18754ef700 1 --2- 172.21.15.18:0/3552943461 >> [v2:172.21.15.18:3300/0,v1:172.21.15.18:6789/0] conn(0x7f1870102910 0x7f1870102d20 secure :-1 s=READY pgs=22 cs=0 l=1 rev1=1 crypto rx=0x7f186c0098e0 tx=0x7f186c009250 comp rx=0 tx=0).ready entity=mon.0 client_cookie=f14b5ecdd1509b31 server_cookie=0 in_seq=0 out_seq=0
2024-04-07T20:32:57.573 INFO:teuthology.orchestra.run.smithi018.stdout:/usr/bin/ceph: stderr
2024-04-07T20:32:56.679+0000 7f1867fff700 1 -- 172.21.15.18:0/3552943461 <== mon.0 v2:172.21.15.18:3300/0 1 ==== mon_map magic: 0 v1 ==== 229+0+0 (secure 0 0 0) 0x7f186c00b860 con 0x7f1870102910
2024-04-07T20:32:57.573 INFO:teuthology.orchestra.run.smithi018.stdout:/usr/bin/ceph: stderr
2024-04-07T20:32:56.679+0000 7f1867fff700 1 -- 172.21.15.18:0/3552943461 <== mon.0 v2:172.21.15.18:3300/0 2 ==== config(27 keys) v1 ==== 1044+0+0 (secure 0 0 0) 0x7f186c00be50 con 0x7f1870102910
2024-04-07T20:32:57.573 INFO:teuthology.orchestra.run.smithi018.stdout:/usr/bin/ceph: stderr
2024-04-07T20:32:56.679+0000 7f1867fff700 1 -- 172.21.15.18:0/3552943461 <== mon.0 v2:172.21.15.18:3300/0 3 ==== mon_map magic: 0 v1 ==== 229+0+0 (secure 0 0 0) 0x7f186c010380 con 0x7f1870102910
2024-04-07T20:32:57.574 INFO:teuthology.orchestra.run.smithi018.stdout:/usr/bin/ceph: stderr
2024-04-07T20:32:56.679+0000 7f1877753700 1 -- 172.21.15.18:0/3552943461 >> [v2:172.21.15.18:3300/0,v1:172.21.15.18:6789/0] conn(0x7f1870102910 msgr2=0x7f1870102d20 secure :-1 s=STATE_CONNECTION_ESTABLISHED l=1).mark_down
2024-04-07T20:32:57.574 INFO:teuthology.orchestra.run.smithi018.stdout:/usr/bin/ceph: stderr
2024-04-07T20:32:56.679+0000 7f1877753700 1 --2- 172.21.15.18:0/3552943461 >> [v2:172.21.15.18:3300/0,v1:172.21.15.18:6789/0] conn(0x7f1870102910 0x7f1870102d20 secure :-1 s=READY pgs=22 cs=0 l=1 rev1=1 crypto rx=0x7f186c0098e0 tx=0x7f186c009250 comp rx=0 tx=0).stop
2024-04-07T20:32:57.574 INFO:teuthology.orchestra.run.smithi018.stdout:/usr/bin/ceph: stderr
2024-04-07T20:32:56.679+0000 7f1877753700 1 -- 172.21.15.18:0/3552943461 shutdown_connections
2024-04-07T20:32:57.574 INFO:teuthology.orchestra.run.smithi018.stdout:/usr/bin/ceph: stderr
2024-04-07T20:32:56.679+0000 7f1877753700 1 --2- 172.21.15.18:0/3552943461 >> [v2:172.21.15.18:3300/0,v1:172.21.15.18:6789/0] conn(0x7f1870102910 0x7f1870102d20 unknown :-1 s=CLOSED pgs=22 cs=0 l=1 rev1=1 crypto rx=0 tx=0 comp rx=0 tx=0).stop
2024-04-07T20:32:57.574 INFO:teuthology.orchestra.run.smithi018.stdout:/usr/bin/ceph: stderr
2024-04-07T20:32:56.679+0000 7f1877753700 1 -- 172.21.15.18:0/3552943461 >> 172.21.15.18:0/3552943461 conn(0x7f18700fe070 msgr2=0x7f18701004a0 unknown :-1 s=STATE_NONE l=0).mark_down
2024-04-07T20:32:57.575 INFO:teuthology.orchestra.run.smithi018.stdout:/usr/bin/ceph: stderr
2024-04-07T20:32:56.680+0000 7f1877753700 1 -- 172.21.15.18:0/3552943461 shutdown_connections
2024-04-07T20:32:57.575 INFO:teuthology.orchestra.run.smithi018.stdout:/usr/bin/ceph: stderr
2024-04-07T20:32:56.680+0000 7f1877753700 1 -- 172.21.15.18:0/3552943461 wait complete.
2024-04-07T20:32:57.575 INFO:teuthology.orchestra.run.smithi018.stdout:/usr/bin/ceph: stderr
2024-04-07T20:32:56.680+0000 7f1877753700 1 Processor -- start
2024-04-07T20:32:57.575 INFO:teuthology.orchestra.run.smithi018.stdout:/usr/bin/ceph: stderr
2024-04-07T20:32:56.680+0000 7f1877753700 1 -- start start
2024-04-07T20:32:57.575 INFO:teuthology.orchestra.run.smithi018.stdout:/usr/bin/ceph: stderr
2024-04-07T20:32:56.680+0000 7f1877753700 1 --2- >> [v2:172.21.15.18:3300/0,v1:172.21.15.18:6789/0] conn(0x7f1870102910 0x7f1870078c40 unknown :-1 s=NONE pgs=0 cs=0 l=1 rev1=0 crypto rx=0 tx=0 comp rx=0 tx=0).connect
2024-04-07T20:32:57.575 INFO:teuthology.orchestra.run.smithi018.stdout:/usr/bin/ceph: stderr
2024-04-07T20:32:56.680+0000 7f1877753700 1 -- --> [v2:172.21.15.18:3300/0,v1:172.21.15.18:6789/0] -- mon_getmap magic: 0 v1 -- 0x7f1870079180 con 0x7f1870102910
2024-04-07T20:32:57.576 INFO:teuthology.orchestra.run.smithi018.stdout:/usr/bin/ceph: stderr
2024-04-07T20:32:56.680+0000 7f18754ef700 1 --2- >> [v2:172.21.15.18:3300/0,v1:172.21.15.18:6789/0] conn(0x7f1870102910 0x7f1870078c40 unknown :-1 s=BANNER_CONNECTING pgs=0 cs=0 l=1 rev1=0 crypto rx=0 tx=0 comp rx=0 tx=0)._handle_peer_banner_payload supported=3 required=0
2024-04-07T20:32:57.576 INFO:teuthology.orchestra.run.smithi018.stdout:/usr/bin/ceph: stderr
2024-04-07T20:32:56.680+0000 7f18754ef700 1 --2- >> [v2:172.21.15.18:3300/0,v1:172.21.15.18:6789/0] conn(0x7f1870102910 0x7f1870078c40 unknown :-1 s=HELLO_CONNECTING pgs=0 cs=0 l=1 rev1=1 crypto rx=0 tx=0 comp rx=0 tx=0).handle_hello peer v2:172.21.15.18:3300/0 says I am v2:172.21.15.18:37536/0 (socket says 172.21.15.18:37536)
2024-04-07T20:32:57.576 INFO:teuthology.orchestra.run.smithi018.stdout:/usr/bin/ceph: stderr
2024-04-07T20:32:56.680+0000 7f18754ef700 1 -- 172.21.15.18:0/1121797377 learned_addr learned my addr 172.21.15.18:0/1121797377 (peer_addr_for_me v2:172.21.15.18:0/0)
2024-04-07T20:32:57.576 INFO:teuthology.orchestra.run.smithi018.stdout:/usr/bin/ceph: stderr
2024-04-07T20:32:56.681+0000 7f18754ef700 1 -- 172.21.15.18:0/1121797377 --> [v2:172.21.15.18:3300/0,v1:172.21.15.18:6789/0] -- mon_subscribe({config=0+,monmap=0+}) v3 -- 0x7f186c0094f0 con 0x7f1870102910
2024-04-07T20:32:57.576 INFO:teuthology.orchestra.run.smithi018.stdout:/usr/bin/ceph: stderr
2024-04-07T20:32:56.681+0000 7f18754ef700 1 --2- 172.21.15.18:0/1121797377 >> [v2:172.21.15.18:3300/0,v1:172.21.15.18:6789/0] conn(0x7f1870102910 0x7f1870078c40 secure :-1 s=READY pgs=23 cs=0 l=1 rev1=1 crypto rx=0x7f186c000c00 tx=0x7f186c009250 comp rx=0 tx=0).ready entity=mon.0 client_cookie=0 server_cookie=0 in_seq=0 out_seq=0
2024-04-07T20:32:57.576 INFO:teuthology.orchestra.run.smithi018.stdout:/usr/bin/ceph: stderr
2024-04-07T20:32:56.681+0000 7f1865ffb700 1 -- 172.21.15.18:0/1121797377 <== mon.0 v2:172.21.15.18:3300/0 1 ==== mon_map magic: 0 v1 ==== 229+0+0 (secure 0 0 0) 0x7f186c0107c0 con 0x7f1870102910
2024-04-07T20:32:57.576 INFO:teuthology.orchestra.run.smithi018.stdout:/usr/bin/ceph: stderr
2024-04-07T20:32:56.681+0000 7f1865ffb700 1 -- 172.21.15.18:0/1121797377 <== mon.0 v2:172.21.15.18:3300/0 2 ==== config(27 keys) v1 ==== 1044+0+0 (secure 0 0 0) 0x7f186c010db0 con 0x7f1870102910
2024-04-07T20:32:57.577 INFO:teuthology.orchestra.run.smithi018.stdout:/usr/bin/ceph: stderr
2024-04-07T20:32:56.681+0000 7f1877753700 1 -- 172.21.15.18:0/1121797377 --> [v2:172.21.15.18:3300/0,v1:172.21.15.18:6789/0] -- mon_subscribe({mgrmap=0+}) v3 -- 0x7f18700771f0 con 0x7f1870102910
2024-04-07T20:32:57.577 INFO:teuthology.orchestra.run.smithi018.stdout:/usr/bin/ceph: stderr
2024-04-07T20:32:56.681+0000 7f1865ffb700 1 -- 172.21.15.18:0/1121797377 <== mon.0 v2:172.21.15.18:3300/0 3 ==== mon_map magic: 0 v1 ==== 229+0+0 (secure 0 0 0) 0x7f186c01ad00 con 0x7f1870102910
2024-04-07T20:32:57.577 INFO:teuthology.orchestra.run.smithi018.stdout:/usr/bin/ceph: stderr
2024-04-07T20:32:56.681+0000 7f1877753700 1 -- 172.21.15.18:0/1121797377 --> [v2:172.21.15.18:3300/0,v1:172.21.15.18:6789/0] -- mon_subscribe({osdmap=0}) v3 -- 0x7f18700776e0 con 0x7f1870102910
2024-04-07T20:32:57.577 INFO:teuthology.orchestra.run.smithi018.stdout:/usr/bin/ceph: stderr
2024-04-07T20:32:56.682+0000 7f1865ffb700 1 -- 172.21.15.18:0/1121797377 <== mon.0 v2:172.21.15.18:3300/0 4 ==== mgrmap(e 4) v1 ==== 43357+0+0 (secure 0 0 0) 0x7f186c0193c0 con 0x7f1870102910
2024-04-07T20:32:57.577 INFO:teuthology.orchestra.run.smithi018.stdout:/usr/bin/ceph: stderr
2024-04-07T20:32:56.682+0000 7f1865ffb700 1 --2- 172.21.15.18:0/1121797377 >> [v2:172.21.15.18:6800/1825978381,v1:172.21.15.18:6801/1825978381] conn(0x7f185c036790 0x7f185c038c40 unknown :-1 s=NONE pgs=0 cs=0 l=1 rev1=0 crypto rx=0 tx=0 comp rx=0 tx=0).connect
2024-04-07T20:32:57.577 INFO:teuthology.orchestra.run.smithi018.stdout:/usr/bin/ceph: stderr
2024-04-07T20:32:56.682+0000 7f1865ffb700 1 -- 172.21.15.18:0/1121797377 <== mon.0 v2:172.21.15.18:3300/0 5 ==== osd_map(1..1 src has 1..1) v4 ==== 721+0+0 (secure 0 0 0) 0x7f186c04a5e0 con 0x7f1870102910
2024-04-07T20:32:57.578 INFO:teuthology.orchestra.run.smithi018.stdout:/usr/bin/ceph: stderr
2024-04-07T20:32:56.682+0000 7f1874cee700 1 --2- 172.21.15.18:0/1121797377 >> [v2:172.21.15.18:6800/1825978381,v1:172.21.15.18:6801/1825978381] conn(0x7f185c036790 0x7f185c038c40 unknown :-1 s=BANNER_CONNECTING pgs=0 cs=0 l=1 rev1=0 crypto rx=0 tx=0 comp rx=0 tx=0)._handle_peer_banner_payload supported=3 required=0
2024-04-07T20:32:57.578 INFO:teuthology.orchestra.run.smithi018.stdout:/usr/bin/ceph: stderr
2024-04-07T20:32:56.682+0000 7f1877753700 1 -- 172.21.15.18:0/1121797377 --> [v2:172.21.15.18:3300/0,v1:172.21.15.18:6789/0] -- mon_command({"prefix": "get_command_descriptions"} v 0) v1 -- 0x7f187004bed0 con 0x7f1870102910
2024-04-07T20:32:57.578 INFO:teuthology.orchestra.run.smithi018.stdout:/usr/bin/ceph: stderr
2024-04-07T20:32:56.683+0000 7f1874cee700 1 --2- 172.21.15.18:0/1121797377 >> [v2:172.21.15.18:6800/1825978381,v1:172.21.15.18:6801/1825978381] conn(0x7f185c036790 0x7f185c038c40 secure :-1 s=READY pgs=8 cs=0 l=1 rev1=1 crypto rx=0x7f1860009990 tx=0x7f1860006e40 comp rx=0 tx=0).ready entity=mgr.14100 client_cookie=0 server_cookie=0 in_seq=0 out_seq=0
2024-04-07T20:32:57.578 INFO:teuthology.orchestra.run.smithi018.stdout:/usr/bin/ceph: stderr
2024-04-07T20:32:56.687+0000 7f1865ffb700 1 -- 172.21.15.18:0/1121797377 <== mon.0 v2:172.21.15.18:3300/0 6 ==== mon_command_ack([{"prefix": "get_command_descriptions"}]=0 v0) v1 ==== 72+0+176504 (secure 0 0 0) 0x7f186c019670 con 0x7f1870102910
2024-04-07T20:32:57.578 INFO:teuthology.orchestra.run.smithi018.stdout:/usr/bin/ceph: stderr
2024-04-07T20:32:56.933+0000 7f1877753700 1 -- 172.21.15.18:0/1121797377 --> [v2:172.21.15.18:3300/0,v1:172.21.15.18:6789/0] -- mon_command({"prefix": "mgr module enable", "module": "cephadm"} v 0) v1 -- 0x7f1870077d00 con 0x7f1870102910
2024-04-07T20:32:57.579 INFO:teuthology.orchestra.run.smithi018.stdout:/usr/bin/ceph: stderr
2024-04-07T20:32:56.985+0000 7f1865ffb700 1 -- 172.21.15.18:0/1121797377 <== mon.0 v2:172.21.15.18:3300/0 7 ==== mgrmap(e 5) v1 ==== 43368+0+0 (secure 0 0 0) 0x7f186c01a530 con 0x7f1870102910
2024-04-07T20:32:57.579 INFO:teuthology.orchestra.run.smithi018.stdout:/usr/bin/ceph: stderr
2024-04-07T20:32:56.987+0000 7f1865ffb700 1 -- 172.21.15.18:0/1121797377 <== mon.0 v2:172.21.15.18:3300/0 8 ==== mon_command_ack([{"prefix": "mgr module enable", "module": "cephadm"}]=0 v5) v1 ==== 86+0+0 (secure 0 0 0) 0x7f186c02bd80 con 0x7f1870102910
2024-04-07T20:32:57.579 INFO:teuthology.orchestra.run.smithi018.stdout:/usr/bin/ceph: stderr
2024-04-07T20:32:56.990+0000 7f1877753700 1 -- 172.21.15.18:0/1121797377 >> [v2:172.21.15.18:6800/1825978381,v1:172.21.15.18:6801/1825978381] conn(0x7f185c036790 msgr2=0x7f185c038c40 secure :-1 s=STATE_CONNECTION_ESTABLISHED l=1).mark_down
2024-04-07T20:32:57.579 INFO:teuthology.orchestra.run.smithi018.stdout:/usr/bin/ceph: stderr
2024-04-07T20:32:56.990+0000 7f1877753700 1 --2- 172.21.15.18:0/1121797377 >> [v2:172.21.15.18:6800/1825978381,v1:172.21.15.18:6801/1825978381] conn(0x7f185c036790 0x7f185c038c40 secure :-1 s=READY pgs=8 cs=0 l=1 rev1=1 crypto rx=0x7f1860009990 tx=0x7f1860006e40 comp rx=0 tx=0).stop
2024-04-07T20:32:57.579 INFO:teuthology.orchestra.run.smithi018.stdout:/usr/bin/ceph: stderr
2024-04-07T20:32:56.990+0000 7f1877753700 1 -- 172.21.15.18:0/1121797377 >> [v2:172.21.15.18:3300/0,v1:172.21.15.18:6789/0] conn(0x7f1870102910 msgr2=0x7f1870078c40 secure :-1 s=STATE_CONNECTION_ESTABLISHED l=1).mark_down
2024-04-07T20:32:57.579 INFO:teuthology.orchestra.run.smithi018.stdout:/usr/bin/ceph: stderr
2024-04-07T20:32:56.990+0000 7f1877753700 1 --2- 172.21.15.18:0/1121797377 >> [v2:172.21.15.18:3300/0,v1:172.21.15.18:6789/0] conn(0x7f1870102910 0x7f1870078c40 secure :-1 s=READY pgs=23 cs=0 l=1 rev1=1 crypto rx=0x7f186c000c00 tx=0x7f186c009250 comp rx=0 tx=0).stop
2024-04-07T20:32:57.580 INFO:teuthology.orchestra.run.smithi018.stdout:/usr/bin/ceph: stderr
