2024-04-07T20:33:25.001+0000 7f69383b6700 1 --2- >> [v2:172.21.15.18:3300/0,v1:172.21.15.18:6789/0] conn(0x7f6930102910 0x7f69301116d0 unknown :-1 s=NONE pgs=0 cs=0 l=1 rev1=0 crypto rx=0 tx=0 comp rx=0 tx=0).connect
2024-04-07T20:33:25.823 INFO:teuthology.orchestra.run.smithi018.stdout:/usr/bin/ceph: stderr
2024-04-07T20:33:25.001+0000 7f69383b6700 1 -- --> [v2:172.21.15.18:3300/0,v1:172.21.15.18:6789/0] -- mon_getmap magic: 0 v1 -- 0x7f6930111c10 con 0x7f6930102910
2024-04-07T20:33:25.823 INFO:teuthology.orchestra.run.smithi018.stdout:/usr/bin/ceph: stderr
2024-04-07T20:33:25.001+0000 7f6936152700 1 --2- >> [v2:172.21.15.18:3300/0,v1:172.21.15.18:6789/0] conn(0x7f6930102910 0x7f69301116d0 unknown :-1 s=BANNER_CONNECTING pgs=0 cs=0 l=1 rev1=0 crypto rx=0 tx=0 comp rx=0 tx=0)._handle_peer_banner_payload supported=3 required=0
2024-04-07T20:33:25.823 INFO:teuthology.orchestra.run.smithi018.stdout:/usr/bin/ceph: stderr
2024-04-07T20:33:25.001+0000 7f6936152700 1 --2- >> [v2:172.21.15.18:3300/0,v1:172.21.15.18:6789/0] conn(0x7f6930102910 0x7f69301116d0 unknown :-1 s=HELLO_CONNECTING pgs=0 cs=0 l=1 rev1=1 crypto rx=0 tx=0 comp rx=0 tx=0).handle_hello peer v2:172.21.15.18:3300/0 says I am v2:172.21.15.18:56246/0 (socket says 172.21.15.18:56246)
2024-04-07T20:33:25.823 INFO:teuthology.orchestra.run.smithi018.stdout:/usr/bin/ceph: stderr
2024-04-07T20:33:25.001+0000 7f6936152700 1 -- 172.21.15.18:0/92890353 learned_addr learned my addr 172.21.15.18:0/92890353 (peer_addr_for_me v2:172.21.15.18:0/0)
2024-04-07T20:33:25.823 INFO:teuthology.orchestra.run.smithi018.stdout:/usr/bin/ceph: stderr
2024-04-07T20:33:25.002+0000 7f6936152700 1 -- 172.21.15.18:0/92890353 --> [v2:172.21.15.18:3300/0,v1:172.21.15.18:6789/0] -- mon_subscribe({config=0+,monmap=0+}) v3 -- 0x7f692c0094f0 con 0x7f6930102910
2024-04-07T20:33:25.823 INFO:teuthology.orchestra.run.smithi018.stdout:/usr/bin/ceph: stderr
2024-04-07T20:33:25.002+0000 7f6936152700 1 --2- 172.21.15.18:0/92890353 >> [v2:172.21.15.18:3300/0,v1:172.21.15.18:6789/0] conn(0x7f6930102910 0x7f69301116d0 secure :-1 s=READY pgs=62 cs=0 l=1 rev1=1 crypto rx=0x7f692c011680 tx=0x7f692c009250 comp rx=0 tx=0).ready entity=mon.0 client_cookie=0 server_cookie=0 in_seq=0 out_seq=0
2024-04-07T20:33:25.823 INFO:teuthology.orchestra.run.smithi018.stdout:/usr/bin/ceph: stderr
2024-04-07T20:33:25.002+0000 7f6926ffd700 1 -- 172.21.15.18:0/92890353 <== mon.0 v2:172.21.15.18:3300/0 1 ==== mon_map magic: 0 v1 ==== 229+0+0 (secure 0 0 0) 0x7f692c010890 con 0x7f6930102910
2024-04-07T20:33:25.823 INFO:teuthology.orchestra.run.smithi018.stdout:/usr/bin/ceph: stderr
2024-04-07T20:33:25.002+0000 7f6926ffd700 1 -- 172.21.15.18:0/92890353 <== mon.0 v2:172.21.15.18:3300/0 2 ==== config(27 keys) v1 ==== 1109+0+0 (secure 0 0 0) 0x7f692c010ec0 con 0x7f6930102910
2024-04-07T20:33:25.823 INFO:teuthology.orchestra.run.smithi018.stdout:/usr/bin/ceph: stderr
2024-04-07T20:33:25.002+0000 7f69383b6700 1 -- 172.21.15.18:0/92890353 --> [v2:172.21.15.18:3300/0,v1:172.21.15.18:6789/0] -- mon_subscribe({mgrmap=0+}) v3 -- 0x7f6930111e10 con 0x7f6930102910
2024-04-07T20:33:25.823 INFO:teuthology.orchestra.run.smithi018.stdout:/usr/bin/ceph: stderr
2024-04-07T20:33:25.002+0000 7f6926ffd700 1 -- 172.21.15.18:0/92890353 <== mon.0 v2:172.21.15.18:3300/0 3 ==== mon_map magic: 0 v1 ==== 229+0+0 (secure 0 0 0) 0x7f692c0243f0 con 0x7f6930102910
2024-04-07T20:33:25.823 INFO:teuthology.orchestra.run.smithi018.stdout:/usr/bin/ceph: stderr
2024-04-07T20:33:25.002+0000 7f69383b6700 1 -- 172.21.15.18:0/92890353 --> [v2:172.21.15.18:3300/0,v1:172.21.15.18:6789/0] -- mon_subscribe({osdmap=0}) v3 -- 0x7f6930112980 con 0x7f6930102910
2024-04-07T20:33:25.823 INFO:teuthology.orchestra.run.smithi018.stdout:/usr/bin/ceph: stderr
2024-04-07T20:33:25.003+0000 7f6926ffd700 1 -- 172.21.15.18:0/92890353 <== mon.0 v2:172.21.15.18:3300/0 4 ==== mgrmap(e 8) v1 ==== 43368+0+0 (secure 0 0 0) 0x7f692c01a8c0 con 0x7f6930102910
2024-04-07T20:33:25.823 INFO:teuthology.orchestra.run.smithi018.stdout:/usr/bin/ceph: stderr
2024-04-07T20:33:25.003+0000 7f6926ffd700 1 --2- 172.21.15.18:0/92890353 >> [v2:172.21.15.18:6800/3313988921,v1:172.21.15.18:6801/3313988921] conn(0x7f691c0367e0 0x7f691c038c90 unknown :-1 s=NONE pgs=0 cs=0 l=1 rev1=0 crypto rx=0 tx=0 comp rx=0 tx=0).connect
2024-04-07T20:33:25.823 INFO:teuthology.orchestra.run.smithi018.stdout:/usr/bin/ceph: stderr
2024-04-07T20:33:25.003+0000 7f69383b6700 1 -- 172.21.15.18:0/92890353 --> [v2:172.21.15.18:3300/0,v1:172.21.15.18:6789/0] -- mon_command({"prefix": "get_command_descriptions"} v 0) v1 -- 0x7f693005f5f0 con 0x7f6930102910
2024-04-07T20:33:25.824 INFO:teuthology.orchestra.run.smithi018.stdout:/usr/bin/ceph: stderr
2024-04-07T20:33:25.003+0000 7f6926ffd700 1 -- 172.21.15.18:0/92890353 <== mon.0 v2:172.21.15.18:3300/0 5 ==== osd_map(2..2 src has 1..2) v4 ==== 936+0+0 (secure 0 0 0) 0x7f692c04a210 con 0x7f6930102910
2024-04-07T20:33:25.824 INFO:teuthology.orchestra.run.smithi018.stdout:/usr/bin/ceph: stderr
2024-04-07T20:33:25.003+0000 7f6935951700 1 --2- 172.21.15.18:0/92890353 >> [v2:172.21.15.18:6800/3313988921,v1:172.21.15.18:6801/3313988921] conn(0x7f691c0367e0 0x7f691c038c90 unknown :-1 s=BANNER_CONNECTING pgs=0 cs=0 l=1 rev1=0 crypto rx=0 tx=0 comp rx=0 tx=0)._handle_peer_banner_payload supported=3 required=0
2024-04-07T20:33:25.824 INFO:teuthology.orchestra.run.smithi018.stdout:/usr/bin/ceph: stderr
2024-04-07T20:33:25.004+0000 7f6935951700 1 --2- 172.21.15.18:0/92890353 >> [v2:172.21.15.18:6800/3313988921,v1:172.21.15.18:6801/3313988921] conn(0x7f691c0367e0 0x7f691c038c90 secure :-1 s=READY pgs=19 cs=0 l=1 rev1=1 crypto rx=0x7f6920009990 tx=0x7f6920006e40 comp rx=0 tx=0).ready entity=mgr.14120 client_cookie=0 server_cookie=0 in_seq=0 out_seq=0
2024-04-07T20:33:25.824 INFO:teuthology.orchestra.run.smithi018.stdout:/usr/bin/ceph: stderr
2024-04-07T20:33:25.008+0000 7f6926ffd700 1 -- 172.21.15.18:0/92890353 <== mon.0 v2:172.21.15.18:3300/0 6 ==== mon_command_ack([{"prefix": "get_command_descriptions"}]=0 v0) v1 ==== 72+0+176504 (secure 0 0 0) 0x7f692c02b8e0 con 0x7f6930102910
2024-04-07T20:33:25.824 INFO:teuthology.orchestra.run.smithi018.stdout:/usr/bin/ceph: stderr
2024-04-07T20:33:25.202+0000 7f69383b6700 1 -- 172.21.15.18:0/92890353 --> [v2:172.21.15.18:3300/0,v1:172.21.15.18:6789/0] -- mon_command([{prefix=config set, name=mgr/cephadm/container_init}] v 0) v1 -- 0x7f693004bed0 con 0x7f6930102910
2024-04-07T20:33:25.824 INFO:teuthology.orchestra.run.smithi018.stdout:/usr/bin/ceph: stderr
2024-04-07T20:33:25.205+0000 7f6926ffd700 1 -- 172.21.15.18:0/92890353 <== mon.0 v2:172.21.15.18:3300/0 7 ==== mon_command_ack([{prefix=config set, name=mgr/cephadm/container_init}]=0 v7)=0 v7) v1 ==== 142+0+0 (secure 0 0 0) 0x7f692c02e020 con 0x7f6930102910
2024-04-07T20:33:25.824 INFO:teuthology.orchestra.run.smithi018.stdout:/usr/bin/ceph: stderr
2024-04-07T20:33:25.207+0000 7f69383b6700 1 -- 172.21.15.18:0/92890353 >> [v2:172.21.15.18:6800/3313988921,v1:172.21.15.18:6801/3313988921] conn(0x7f691c0367e0 msgr2=0x7f691c038c90 secure :-1 s=STATE_CONNECTION_ESTABLISHED l=1).mark_down
2024-04-07T20:33:25.824 INFO:teuthology.orchestra.run.smithi018.stdout:/usr/bin/ceph: stderr
2024-04-07T20:33:25.207+0000 7f69383b6700 1 --2- 172.21.15.18:0/92890353 >> [v2:172.21.15.18:6800/3313988921,v1:172.21.15.18:6801/3313988921] conn(0x7f691c0367e0 0x7f691c038c90 secure :-1 s=READY pgs=19 cs=0 l=1 rev1=1 crypto rx=0x7f6920009990 tx=0x7f6920006e40 comp rx=0 tx=0).stop
2024-04-07T20:33:25.824 INFO:teuthology.orchestra.run.smithi018.stdout:/usr/bin/ceph: stderr
2024-04-07T20:33:25.207+0000 7f69383b6700 1 -- 172.21.15.18:0/92890353 >> [v2:172.21.15.18:3300/0,v1:172.21.15.18:6789/0] conn(0x7f6930102910 msgr2=0x7f69301116d0 secure :-1 s=STATE_CONNECTION_ESTABLISHED l=1).mark_down
2024-04-07T20:33:25.824 INFO:teuthology.orchestra.run.smithi018.stdout:/usr/bin/ceph: stderr
2024-04-07T20:33:25.207+0000 7f69383b6700 1 --2- 172.21.15.18:0/92890353 >> [v2:172.21.15.18:3300/0,v1:172.21.15.18:6789/0] conn(0x7f6930102910 0x7f69301116d0 secure :-1 s=READY pgs=62 cs=0 l=1 rev1=1 crypto rx=0x7f692c011680 tx=0x7f692c009250 comp rx=0 tx=0).stop
2024-04-07T20:33:25.824 INFO:teuthology.orchestra.run.smithi018.stdout:/usr/bin/ceph: stderr
2024-04-07T20:33:25.207+0000 7f69383b6700 1 -- 172.21.15.18:0/92890353 shutdown_connections
2024-04-07T20:33:25.824 INFO:teuthology.orchestra.run.smithi018.stdout:/usr/bin/ceph: stderr
2024-04-07T20:33:25.207+0000 7f69383b6700 1 --2- 172.21.15.18:0/92890353 >> [v2:172.21.15.18:6800/3313988921,v1:172.21.15.18:6801/3313988921] conn(0x7f691c0367e0 0x7f691c038c90 unknown :-1 s=CLOSED pgs=19 cs=0 l=1 rev1=1 crypto rx=0 tx=0 comp rx=0 tx=0).stop
2024-04-07T20:33:25.824 INFO:teuthology.orchestra.run.smithi018.stdout:/usr/bin/ceph: stderr
2024-04-07T20:33:25.207+0000 7f69383b6700 1 --2- 172.21.15.18:0/92890353 >> [v2:172.21.15.18:3300/0,v1:172.21.15.18:6789/0] conn(0x7f6930102910 0x7f69301116d0 unknown :-1 s=CLOSED pgs=62 cs=0 l=1 rev1=1 crypto rx=0 tx=0 comp rx=0 tx=0).stop
2024-04-07T20:33:25.824 INFO:teuthology.orchestra.run.smithi018.stdout:/usr/bin/ceph: stderr
2024-04-07T20:33:25.207+0000 7f69383b6700 1 -- 172.21.15.18:0/92890353 >> 172.21.15.18:0/92890353 conn(0x7f69300fe070 msgr2=0x7f69300febf0 unknown :-1 s=STATE_NONE l=0).mark_down
2024-04-07T20:33:25.825 INFO:teuthology.orchestra.run.smithi018.stdout:/usr/bin/ceph: stderr
2024-04-07T20:33:25.207+0000 7f69383b6700 1 -- 172.21.15.18:0/92890353 shutdown_connections
2024-04-07T20:33:25.825 INFO:teuthology.orchestra.run.smithi018.stdout:/usr/bin/ceph: stderr
2024-04-07T20:33:25.207+0000 7f69383b6700 1 -- 172.21.15.18:0/92890353 wait complete.
2024-04-07T20:33:26.484 INFO:journalctl@ceph.mon.smithi018.smithi018.stdout:Apr 07 20:33:26 smithi018 ceph-mon[29599]: from='client.? 172.21.15.18:0/92890353' entity='client.admin'
2024-04-07T20:33:26.484 INFO:journalctl@ceph.mon.smithi018.smithi018.stdout:Apr 07 20:33:26 smithi018 ceph-mon[29599]: pgmap v4: 0 pgs: ; 0 B data, 0 B used, 0 B / 0 B avail
2024-04-07T20:33:27.126 INFO:teuthology.orchestra.run.smithi018.stdout:/usr/bin/ceph: stderr
2024-04-07T20:33:26.356+0000 7f4be7176700 1 Processor -- start
2024-04-07T20:33:27.127 INFO:teuthology.orchestra.run.smithi018.stdout:/usr/bin/ceph: stderr
2024-04-07T20:33:26.356+0000 7f4be7176700 1 -- start start
2024-04-07T20:33:27.127 INFO:teuthology.orchestra.run.smithi018.stdout:/usr/bin/ceph: stderr
2024-04-07T20:33:26.356+0000 7f4be7176700 1 --2- >> [v2:172.21.15.18:3300/0,v1:172.21.15.18:6789/0] conn(0x7f4be0102920 0x7f4be0102d30 unknown :-1 s=NONE pgs=0 cs=0 l=0 rev1=0 crypto rx=0 tx=0 comp rx=0 tx=0).connect
2024-04-07T20:33:27.127 INFO:teuthology.orchestra.run.smithi018.stdout:/usr/bin/ceph: stderr
2024-04-07T20:33:26.356+0000 7f4be7176700 1 -- --> [v2:172.21.15.18:3300/0,v1:172.21.15.18:6789/0] -- mon_getmap magic: 0 v1 -- 0x7f4be0103270 con 0x7f4be0102920
2024-04-07T20:33:27.127 INFO:teuthology.orchestra.run.smithi018.stdout:/usr/bin/ceph: stderr
2024-04-07T20:33:26.356+0000 7f4be4f12700 1 --2- >> [v2:172.21.15.18:3300/0,v1:172.21.15.18:6789/0] conn(0x7f4be0102920 0x7f4be0102d30 unknown :-1 s=BANNER_CONNECTING pgs=0 cs=0 l=0 rev1=0 crypto rx=0 tx=0 comp rx=0 tx=0)._handle_peer_banner_payload supported=3 required=0
2024-04-07T20:33:27.127 INFO:teuthology.orchestra.run.smithi018.stdout:/usr/bin/ceph: stderr
2024-04-07T20:33:26.356+0000 7f4be4f12700 1 --2- >> [v2:172.21.15.18:3300/0,v1:172.21.15.18:6789/0] conn(0x7f4be0102920 0x7f4be0102d30 unknown :-1 s=HELLO_CONNECTING pgs=0 cs=0 l=0 rev1=1 crypto rx=0 tx=0 comp rx=0 tx=0).handle_hello peer v2:172.21.15.18:3300/0 says I am v2:172.21.15.18:56250/0 (socket says 172.21.15.18:56250)
2024-04-07T20:33:27.127 INFO:teuthology.orchestra.run.smithi018.stdout:/usr/bin/ceph: stderr
2024-04-07T20:33:26.356+0000 7f4be4f12700 1 -- 172.21.15.18:0/1065469195 learned_addr learned my addr 172.21.15.18:0/1065469195 (peer_addr_for_me v2:172.21.15.18:0/0)
2024-04-07T20:33:27.127 INFO:teuthology.orchestra.run.smithi018.stdout:/usr/bin/ceph: stderr
2024-04-07T20:33:26.357+0000 7f4be4f12700 1 -- 172.21.15.18:0/1065469195 --> [v2:172.21.15.18:3300/0,v1:172.21.15.18:6789/0] -- mon_subscribe({config=0+,monmap=0+}) v3 -- 0x7f4be01033b0 con 0x7f4be0102920
2024-04-07T20:33:27.127 INFO:teuthology.orchestra.run.smithi018.stdout:/usr/bin/ceph: stderr
2024-04-07T20:33:26.357+0000 7f4be4f12700 1 --2- 172.21.15.18:0/1065469195 >> [v2:172.21.15.18:3300/0,v1:172.21.15.18:6789/0] conn(0x7f4be0102920 0x7f4be0102d30 secure :-1 s=READY pgs=63 cs=0 l=1 rev1=1 crypto rx=0x7f4bd40098e0 tx=0x7f4bd4009250 comp rx=0 tx=0).ready entity=mon.0 client_cookie=48b8e6e02398adf1 server_cookie=0 in_seq=0 out_seq=0
2024-04-07T20:33:27.127 INFO:teuthology.orchestra.run.smithi018.stdout:/usr/bin/ceph: stderr
2024-04-07T20:33:26.357+0000 7f4bdf7fe700 1 -- 172.21.15.18:0/1065469195 <== mon.0 v2:172.21.15.18:3300/0 1 ==== mon_map magic: 0 v1 ==== 229+0+0 (secure 0 0 0) 0x7f4bd400b860 con 0x7f4be0102920
2024-04-07T20:33:27.127 INFO:teuthology.orchestra.run.smithi018.stdout:/usr/bin/ceph: stderr
2024-04-07T20:33:26.357+0000 7f4bdf7fe700 1 -- 172.21.15.18:0/1065469195 <== mon.0 v2:172.21.15.18:3300/0 2 ==== config(27 keys) v1 ==== 1109+0+0 (secure 0 0 0) 0x7f4bd400be90 con 0x7f4be0102920
2024-04-07T20:33:27.127 INFO:teuthology.orchestra.run.smithi018.stdout:/usr/bin/ceph: stderr
2024-04-07T20:33:26.357+0000 7f4bdf7fe700 1 -- 172.21.15.18:0/1065469195 <== mon.0 v2:172.21.15.18:3300/0 3 ==== mon_map magic: 0 v1 ==== 229+0+0 (secure 0 0 0) 0x7f4bd40103c0 con 0x7f4be0102920
2024-04-07T20:33:27.128 INFO:teuthology.orchestra.run.smithi018.stdout:/usr/bin/ceph: stderr
2024-04-07T20:33:26.358+0000 7f4be7176700 1 -- 172.21.15.18:0/1065469195 >> [v2:172.21.15.18:3300/0,v1:172.21.15.18:6789/0] conn(0x7f4be0102920 msgr2=0x7f4be0102d30 secure :-1 s=STATE_CONNECTION_ESTABLISHED l=1).mark_down
2024-04-07T20:33:27.128 INFO:teuthology.orchestra.run.smithi018.stdout:/usr/bin/ceph: stderr
2024-04-07T20:33:26.358+0000 7f4be7176700 1 --2- 172.21.15.18:0/1065469195 >> [v2:172.21.15.18:3300/0,v1:172.21.15.18:6789/0] conn(0x7f4be0102920 0x7f4be0102d30 secure :-1 s=READY pgs=63 cs=0 l=1 rev1=1 crypto rx=0x7f4bd40098e0 tx=0x7f4bd4009250 comp rx=0 tx=0).stop
2024-04-07T20:33:27.128 INFO:teuthology.orchestra.run.smithi018.stdout:/usr/bin/ceph: stderr
2024-04-07T20:33:26.358+0000 7f4be7176700 1 -- 172.21.15.18:0/1065469195 shutdown_connections
2024-04-07T20:33:27.128 INFO:teuthology.orchestra.run.smithi018.stdout:/usr/bin/ceph: stderr
2024-04-07T20:33:26.358+0000 7f4be7176700 1 --2- 172.21.15.18:0/1065469195 >> [v2:172.21.15.18:3300/0,v1:172.21.15.18:6789/0] conn(0x7f4be0102920 0x7f4be0102d30 unknown :-1 s=CLOSED pgs=63 cs=0 l=1 rev1=1 crypto rx=0 tx=0 comp rx=0 tx=0).stop
2024-04-07T20:33:27.128 INFO:teuthology.orchestra.run.smithi018.stdout:/usr/bin/ceph: stderr
2024-04-07T20:33:26.358+0000 7f4be7176700 1 -- 172.21.15.18:0/1065469195 >> 172.21.15.18:0/1065469195 conn(0x7f4be00fe0a0 msgr2=0x7f4be01004b0 unknown :-1 s=STATE_NONE l=0).mark_down
2024-04-07T20:33:27.128 INFO:teuthology.orchestra.run.smithi018.stdout:/usr/bin/ceph: stderr
2024-04-07T20:33:26.358+0000 7f4be7176700 1 -- 172.21.15.18:0/1065469195 shutdown_connections
2024-04-07T20:33:27.128 INFO:teuthology.orchestra.run.smithi018.stdout:/usr/bin/ceph: stderr
2024-04-07T20:33:26.358+0000 7f4be7176700 1 -- 172.21.15.18:0/1065469195 wait complete.
2024-04-07T20:33:27.128 INFO:teuthology.orchestra.run.smithi018.stdout:/usr/bin/ceph: stderr
2024-04-07T20:33:26.358+0000 7f4be7176700 1 Processor -- start
2024-04-07T20:33:27.128 INFO:teuthology.orchestra.run.smithi018.stdout:/usr/bin/ceph: stderr
2024-04-07T20:33:26.358+0000 7f4be7176700 1 -- start start
2024-04-07T20:33:27.128 INFO:teuthology.orchestra.run.smithi018.stdout:/usr/bin/ceph: stderr
2024-04-07T20:33:26.359+0000 7f4be7176700 1 --2- >> [v2:172.21.15.18:3300/0,v1:172.21.15.18:6789/0] conn(0x7f4be0102920 0x7f4be0111700 unknown :-1 s=NONE pgs=0 cs=0 l=1 rev1=0 crypto rx=0 tx=0 comp rx=0 tx=0).connect
2024-04-07T20:33:27.128 INFO:teuthology.orchestra.run.smithi018.stdout:/usr/bin/ceph: stderr
2024-04-07T20:33:26.359+0000 7f4be7176700 1 -- --> [v2:172.21.15.18:3300/0,v1:172.21.15.18:6789/0] -- mon_getmap magic: 0 v1 -- 0x7f4be0111c40 con 0x7f4be0102920
2024-04-07T20:33:27.128 INFO:teuthology.orchestra.run.smithi018.stdout:/usr/bin/ceph: stderr
2024-04-07T20:33:26.359+0000 7f4be4f12700 1 --2- >> [v2:172.21.15.18:3300/0,v1:172.21.15.18:6789/0] conn(0x7f4be0102920 0x7f4be0111700 unknown :-1 s=BANNER_CONNECTING pgs=0 cs=0 l=1 rev1=0 crypto rx=0 tx=0 comp rx=0 tx=0)._handle_peer_banner_payload supported=3 required=0
2024-04-07T20:33:27.128 INFO:teuthology.orchestra.run.smithi018.stdout:/usr/bin/ceph: stderr
2024-04-07T20:33:26.359+0000 7f4be4f12700 1 --2- >> [v2:172.21.15.18:3300/0,v1:172.21.15.18:6789/0] conn(0x7f4be0102920 0x7f4be0111700 unknown :-1 s=HELLO_CONNECTING pgs=0 cs=0 l=1 rev1=1 crypto rx=0 tx=0 comp rx=0 tx=0).handle_hello peer v2:172.21.15.18:3300/0 says I am v2:172.21.15.18:56266/0 (socket says 172.21.15.18:56266)
2024-04-07T20:33:27.128 INFO:teuthology.orchestra.run.smithi018.stdout:/usr/bin/ceph: stderr
2024-04-07T20:33:26.359+0000 7f4be4f12700 1 -- 172.21.15.18:0/91864740 learned_addr learned my addr 172.21.15.18:0/91864740 (peer_addr_for_me v2:172.21.15.18:0/0)
2024-04-07T20:33:27.128 INFO:teuthology.orchestra.run.smithi018.stdout:/usr/bin/ceph: stderr
2024-04-07T20:33:26.359+0000 7f4be4f12700 1 -- 172.21.15.18:0/91864740 --> [v2:172.21.15.18:3300/0,v1:172.21.15.18:6789/0] -- mon_subscribe({config=0+,monmap=0+}) v3 -- 0x7f4bd40094f0 con 0x7f4be0102920
2024-04-07T20:33:27.129 INFO:teuthology.orchestra.run.smithi018.stdout:/usr/bin/ceph: stderr
2024-04-07T20:33:26.359+0000 7f4be4f12700 1 --2- 172.21.15.18:0/91864740 >> [v2:172.21.15.18:3300/0,v1:172.21.15.18:6789/0] conn(0x7f4be0102920 0x7f4be0111700 secure :-1 s=READY pgs=64 cs=0 l=1 rev1=1 crypto rx=0x7f4bd40090b0 tx=0x7f4bd4009250 comp rx=0 tx=0).ready entity=mon.0 client_cookie=0 server_cookie=0 in_seq=0 out_seq=0
2024-04-07T20:33:27.129 INFO:teuthology.orchestra.run.smithi018.stdout:/usr/bin/ceph: stderr
2024-04-07T20:33:26.359+0000 7f4bdd7fa700 1 -- 172.21.15.18:0/91864740 <== mon.0 v2:172.21.15.18:3300/0 1 ==== mon_map magic: 0 v1 ==== 229+0+0 (secure 0 0 0) 0x7f4bd4010840 con 0x7f4be0102920
2024-04-07T20:33:27.129 INFO:teuthology.orchestra.run.smithi018.stdout:/usr/bin/ceph: stderr
2024-04-07T20:33:26.359+0000 7f4bdd7fa700 1 -- 172.21.15.18:0/91864740 <== mon.0 v2:172.21.15.18:3300/0 2 ==== config(27 keys) v1 ==== 1109+0+0 (secure 0 0 0) 0x7f4bd4010e70 con 0x7f4be0102920
2024-04-07T20:33:27.129 INFO:teuthology.orchestra.run.smithi018.stdout:/usr/bin/ceph: stderr
2024-04-07T20:33:26.359+0000 7f4be7176700 1 -- 172.21.15.18:0/91864740 --> [v2:172.21.15.18:3300/0,v1:172.21.15.18:6789/0] -- mon_subscribe({mgrmap=0+}) v3 -- 0x7f4be0111e40 con 0x7f4be0102920
2024-04-07T20:33:27.129 INFO:teuthology.orchestra.run.smithi018.stdout:/usr/bin/ceph: stderr
2024-04-07T20:33:26.359+0000 7f4bdd7fa700 1 -- 172.21.15.18:0/91864740 <== mon.0 v2:172.21.15.18:3300/0 3 ==== mon_map magic: 0 v1 ==== 229+0+0 (secure 0 0 0) 0x7f4bd4024e40 con 0x7f4be0102920
2024-04-07T20:33:27.129 INFO:teuthology.orchestra.run.smithi018.stdout:/usr/bin/ceph: stderr
2024-04-07T20:33:26.359+0000 7f4be7176700 1 -- 172.21.15.18:0/91864740 --> [v2:172.21.15.18:3300/0,v1:172.21.15.18:6789/0] -- mon_subscribe({osdmap=0}) v3 -- 0x7f4be01129b0 con 0x7f4be0102920
2024-04-07T20:33:27.129 INFO:teuthology.orchestra.run.smithi018.stdout:/usr/bin/ceph: stderr
2024-04-07T20:33:26.360+0000 7f4bdd7fa700 1 -- 172.21.15.18:0/91864740 <== mon.0 v2:172.21.15.18:3300/0 4 ==== mgrmap(e 8) v1 ==== 43368+0+0 (secure 0 0 0) 0x7f4bd401a510 con 0x7f4be0102920
2024-04-07T20:33:27.129 INFO:teuthology.orchestra.run.smithi018.stdout:/usr/bin/ceph: stderr
2024-04-07T20:33:26.360+0000 7f4be7176700 1 -- 172.21.15.18:0/91864740 --> [v2:172.21.15.18:3300/0,v1:172.21.15.18:6789/0] -- mon_command({"prefix": "get_command_descriptions"} v 0) v1 -- 0x7f4be005f5f0 con 0x7f4be0102920
2024-04-07T20:33:27.129 INFO:teuthology.orchestra.run.smithi018.stdout:/usr/bin/ceph: stderr
2024-04-07T20:33:26.360+0000 7f4bdd7fa700 1 --2- 172.21.15.18:0/91864740 >> [v2:172.21.15.18:6800/3313988921,v1:172.21.15.18:6801/3313988921] conn(0x7f4bd0036740 0x7f4bd0038bf0 unknown :-1 s=NONE pgs=0 cs=0 l=1 rev1=0 crypto rx=0 tx=0 comp rx=0 tx=0).connect
2024-04-07T20:33:27.129 INFO:teuthology.orchestra.run.smithi018.stdout:/usr/bin/ceph: stderr
2024-04-07T20:33:26.360+0000 7f4bdd7fa700 1 -- 172.21.15.18:0/91864740 <== mon.0 v2:172.21.15.18:3300/0 5 ==== osd_map(2..2 src has 1..2) v4 ==== 936+0+0 (secure 0 0 0) 0x7f4bd404a790 con 0x7f4be0102920
2024-04-07T20:33:27.129 INFO:teuthology.orchestra.run.smithi018.stdout:/usr/bin/ceph: stderr
2024-04-07T20:33:26.361+0000 7f4bdffff700 1 --2- 172.21.15.18:0/91864740 >> [v2:172.21.15.18:6800/3313988921,v1:172.21.15.18:6801/3313988921] conn(0x7f4bd0036740 0x7f4bd0038bf0 unknown :-1 s=BANNER_CONNECTING pgs=0 cs=0 l=1 rev1=0 crypto rx=0 tx=0 comp rx=0 tx=0)._handle_peer_banner_payload supported=3 required=0
2024-04-07T20:33:27.129 INFO:teuthology.orchestra.run.smithi018.stdout:/usr/bin/ceph: stderr
2024-04-07T20:33:26.361+0000 7f4bdffff700 1 --2- 172.21.15.18:0/91864740 >> [v2:172.21.15.18:6800/3313988921,v1:172.21.15.18:6801/3313988921] conn(0x7f4bd0036740 0x7f4bd0038bf0 secure :-1 s=READY pgs=20 cs=0 l=1 rev1=1 crypto rx=0x7f4bcc009990 tx=0x7f4bcc006e40 comp rx=0 tx=0).ready entity=mgr.14120 client_cookie=0 server_cookie=0 in_seq=0 out_seq=0
2024-04-07T20:33:27.129 INFO:teuthology.orchestra.run.smithi018.stdout:/usr/bin/ceph: stderr
2024-04-07T20:33:26.365+0000 7f4bdd7fa700 1 -- 172.21.15.18:0/91864740 <== mon.0 v2:172.21.15.18:3300/0 6 ==== mon_command_ack([{"prefix": "get_command_descriptions"}]=0 v0) v1 ==== 72+0+176504 (secure 0 0 0) 0x7f4bd4018940 con 0x7f4be0102920
2024-04-07T20:33:27.129 INFO:teuthology.orchestra.run.smithi018.stdout:/usr/bin/ceph: stderr
2024-04-07T20:33:26.561+0000 7f4be7176700 1 -- 172.21.15.18:0/91864740 --> [v2:172.21.15.18:3300/0,v1:172.21.15.18:6789/0] -- mon_command([{prefix=config set, name=mgr/dashboard/ssl_server_port}] v 0) v1 -- 0x7f4be004bed0 con 0x7f4be0102920
2024-04-07T20:33:27.130 INFO:teuthology.orchestra.run.smithi018.stdout:/usr/bin/ceph: stderr
2024-04-07T20:33:26.564+0000 7f4bdd7fa700 1 -- 172.21.15.18:0/91864740 <== mon.0 v2:172.21.15.18:3300/0 7 ==== mon_command_ack([{prefix=config set, name=mgr/dashboard/ssl_server_port}]=0 v8)=0 v8) v1 ==== 130+0+0 (secure 0 0 0) 0x7f4bd4018350 con 0x7f4be0102920
2024-04-07T20:33:27.130 INFO:teuthology.orchestra.run.smithi018.stdout:/usr/bin/ceph: stderr
2024-04-07T20:33:26.566+0000 7f4be7176700 1 -- 172.21.15.18:0/91864740 >> [v2:172.21.15.18:6800/3313988921,v1:172.21.15.18:6801/3313988921] conn(0x7f4bd0036740 msgr2=0x7f4bd0038bf0 secure :-1 s=STATE_CONNECTION_ESTABLISHED l=1).mark_down
2024-04-07T20:33:27.130 INFO:teuthology.orchestra.run.smithi018.stdout:/usr/bin/ceph: stderr
2024-04-07T20:33:26.566+0000 7f4be7176700 1 --2- 172.21.15.18:0/91864740 >> [v2:172.21.15.18:6800/3313988921,v1:172.21.15.18:6801/3313988921] conn(0x7f4bd0036740 0x7f4bd0038bf0 secure :-1 s=READY pgs=20 cs=0 l=1 rev1=1 crypto rx=0x7f4bcc009990 tx=0x7f4bcc006e40 comp rx=0 tx=0).stop
2024-04-07T20:33:27.130 INFO:teuthology.orchestra.run.smithi018.stdout:/usr/bin/ceph: stderr
2024-04-07T20:33:26.566+0000 7f4be7176700 1 -- 172.21.15.18:0/91864740 >> [v2:172.21.15.18:3300/0,v1:172.21.15.18:6789/0] conn(0x7f4be0102920 msgr2=0x7f4be0111700 secure :-1 s=STATE_CONNECTION_ESTABLISHED l=1).mark_down
2024-04-07T20:33:27.130 INFO:teuthology.orchestra.run.smithi018.stdout:/usr/bin/ceph: stderr
2024-04-07T20:33:26.566+0000 7f4be7176700 1 --2- 172.21.15.18:0/91864740 >> [v2:172.21.15.18:3300/0,v1:172.21.15.18:6789/0] conn(0x7f4be0102920 0x7f4be0111700 secure :-1 s=READY pgs=64 cs=0 l=1 rev1=1 crypto rx=0x7f4bd40090b0 tx=0x7f4bd4009250 comp rx=0 tx=0).stop
2024-04-07T20:33:27.130 INFO:teuthology.orchestra.run.smithi018.stdout:/usr/bin/ceph: stderr
2024-04-07T20:33:26.566+0000 7f4be7176700 1 -- 172.21.15.18:0/91864740 shutdown_connections
2024-04-07T20:33:27.130 INFO:teuthology.orchestra.run.smithi018.stdout:/usr/bin/ceph: stderr
2024-04-07T20:33:26.566+0000 7f4be7176700 1 --2- 172.21.15.18:0/91864740 >> [v2:172.21.15.18:6800/3313988921,v1:172.21.15.18:6801/3313988921] conn(0x7f4bd0036740 0x7f4bd0038bf0 unknown :-1 s=CLOSED pgs=20 cs=0 l=1 rev1=1 crypto rx=0 tx=0 comp rx=0 tx=0).stop
2024-04-07T20:33:27.130 INFO:teuthology.orchestra.run.smithi018.stdout:/usr/bin/ceph: stderr
2024-04-07T20:33:26.566+0000 7f4be7176700 1 --2- 172.21.15.18:0/91864740 >> [v2:172.21.15.18:3300/0,v1:172.21.15.18:6789/0] conn(0x7f4be0102920 0x7f4be0111700 unknown :-1 s=CLOSED pgs=64 cs=0 l=1 rev1=1 crypto rx=0 tx=0 comp rx=0 tx=0).stop
2024-04-07T20:33:27.130 INFO:teuthology.orchestra.run.smithi018.stdout:/usr/bin/ceph: stderr
2024-04-07T20:33:26.566+0000 7f4be7176700 1 -- 172.21.15.18:0/91864740 >> 172.21.15.18:0/91864740 conn(0x7f4be00fe0a0 msgr2=0x7f4be00febd0 unknown :-1 s=STATE_NONE l=0).mark_down
2024-04-07T20:33:27.130 INFO:teuthology.orchestra.run.smithi018.stdout:/usr/bin/ceph: stderr
2024-04-07T20:33:26.566+0000 7f4be7176700 1 -- 172.21.15.18:0/91864740 shutdown_connections
2024-04-07T20:33:27.130 INFO:teuthology.orchestra.run.smithi018.stdout:/usr/bin/ceph: stderr
2024-04-07T20:33:26.567+0000 7f4be7176700 1 -- 172.21.15.18:0/91864740 wait complete.
2024-04-07T20:33:27.130 INFO:teuthology.orchestra.run.smithi018.stdout:Enabling the dashboard module...
2024-04-07T20:33:27.734 INFO:journalctl@ceph.mon.smithi018.smithi018.stdout:Apr 07 20:33:27 smithi018 ceph-mon[29599]: from='client.? 172.21.15.18:0/91864740' entity='client.admin'
2024-04-07T20:33:28.892 INFO:journalctl@ceph.mon.smithi018.smithi018.stdout:Apr 07 20:33:28 smithi018 ceph-mon[29599]: pgmap v5: 0 pgs: ; 0 B data, 0 B used, 0 B / 0 B avail
2024-04-07T20:33:28.892 INFO:journalctl@ceph.mon.smithi018.smithi018.stdout:Apr 07 20:33:28 smithi018 ceph-mon[29599]: from='client.? 172.21.15.18:0/4022947793' entity='client.admin' cmd=[{"prefix": "mgr module enable", "module": "dashboard"}]: dispatch
2024-04-07T20:33:29.234 INFO:teuthology.orchestra.run.smithi018.stdout:/usr/bin/ceph: stderr
2024-04-07T20:33:27.495+0000 7ffb96acf700 1 Processor -- start
2024-04-07T20:33:29.235 INFO:teuthology.orchestra.run.smithi018.stdout:/usr/bin/ceph: stderr
2024-04-07T20:33:27.495+0000 7ffb96acf700 1 -- start start
2024-04-07T20:33:29.235 INFO:teuthology.orchestra.run.smithi018.stdout:/usr/bin/ceph: stderr
2024-04-07T20:33:27.495+0000 7ffb96acf700 1 --2- >> [v2:172.21.15.18:3300/0,v1:172.21.15.18:6789/0] conn(0x7ffb90076ad0 0x7ffb901055b0 unknown :-1 s=NONE pgs=0 cs=0 l=0 rev1=0 crypto rx=0 tx=0 comp rx=0 tx=0).connect
2024-04-07T20:33:29.235 INFO:teuthology.orchestra.run.smithi018.stdout:/usr/bin/ceph: stderr
2024-04-07T20:33:27.495+0000 7ffb96acf700 1 -- --> [v2:172.21.15.18:3300/0,v1:172.21.15.18:6789/0] -- mon_getmap magic: 0 v1 -- 0x7ffb90076ee0 con 0x7ffb90076ad0
2024-04-07T20:33:29.235 INFO:teuthology.orchestra.run.smithi018.stdout:/usr/bin/ceph: stderr
2024-04-07T20:33:27.495+0000 7ffb9486b700 1 --2- >> [v2:172.21.15.18:3300/0,v1:172.21.15.18:6789/0] conn(0x7ffb90076ad0 0x7ffb901055b0 unknown :-1 s=BANNER_CONNECTING pgs=0 cs=0 l=0 rev1=0 crypto rx=0 tx=0 comp rx=0 tx=0)._handle_peer_banner_payload supported=3 required=0
2024-04-07T20:33:29.235 INFO:teuthology.orchestra.run.smithi018.stdout:/usr/bin/ceph: stderr
2024-04-07T20:33:27.495+0000 7ffb9486b700 1 --2- >> [v2:172.21.15.18:3300/0,v1:172.21.15.18:6789/0] conn(0x7ffb90076ad0 0x7ffb901055b0 unknown :-1 s=HELLO_CONNECTING pgs=0 cs=0 l=0 rev1=1 crypto rx=0 tx=0 comp rx=0 tx=0).handle_hello peer v2:172.21.15.18:3300/0 says I am v2:172.21.15.18:56272/0 (socket says 172.21.15.18:56272)
2024-04-07T20:33:29.235 INFO:teuthology.orchestra.run.smithi018.stdout:/usr/bin/ceph: stderr
2024-04-07T20:33:27.495+0000 7ffb9486b700 1 -- 172.21.15.18:0/1870706986 learned_addr learned my addr 172.21.15.18:0/1870706986 (peer_addr_for_me v2:172.21.15.18:0/0)
2024-04-07T20:33:29.235 INFO:teuthology.orchestra.run.smithi018.stdout:/usr/bin/ceph: stderr
2024-04-07T20:33:27.496+0000 7ffb9486b700 1 -- 172.21.15.18:0/1870706986 --> [v2:172.21.15.18:3300/0,v1:172.21.15.18:6789/0] -- mon_subscribe({config=0+,monmap=0+}) v3 -- 0x7ffb90105af0 con 0x7ffb90076ad0
2024-04-07T20:33:29.235 INFO:teuthology.orchestra.run.smithi018.stdout:/usr/bin/ceph: stderr
2024-04-07T20:33:27.496+0000 7ffb9486b700 1 --2- 172.21.15.18:0/1870706986 >> [v2:172.21.15.18:3300/0,v1:172.21.15.18:6789/0] conn(0x7ffb90076ad0 0x7ffb901055b0 secure :-1 s=READY pgs=65 cs=0 l=1 rev1=1 crypto rx=0x7ffb800098e0 tx=0x7ffb80009250 comp rx=0 tx=0).ready entity=mon.0 client_cookie=98b129eacbabc719 server_cookie=0 in_seq=0 out_seq=0
2024-04-07T20:33:29.235 INFO:teuthology.orchestra.run.smithi018.stdout:/usr/bin/ceph: stderr
2024-04-07T20:33:27.496+0000 7ffb8f7fe700 1 -- 172.21.15.18:0/1870706986 <== mon.0 v2:172.21.15.18:3300/0 1 ==== mon_map magic: 0 v1 ==== 229+0+0 (secure 0 0 0) 0x7ffb8000b8f0 con 0x7ffb90076ad0
2024-04-07T20:33:29.235 INFO:teuthology.orchestra.run.smithi018.stdout:/usr/bin/ceph: stderr
2024-04-07T20:33:27.496+0000 7ffb8f7fe700 1 -- 172.21.15.18:0/1870706986 <== mon.0 v2:172.21.15.18:3300/0 2 ==== config(27 keys) v1 ==== 1109+0+0 (secure 0 0 0) 0x7ffb80011420 con 0x7ffb90076ad0
2024-04-07T20:33:29.235 INFO:teuthology.orchestra.run.smithi018.stdout:/usr/bin/ceph: stderr
2024-04-07T20:33:27.496+0000 7ffb8f7fe700 1 -- 172.21.15.18:0/1870706986 <== mon.0 v2:172.21.15.18:3300/0 3 ==== mon_map magic: 0 v1 ==== 229+0+0 (secure 0 0 0) 0x7ffb80010540 con 0x7ffb90076ad0
2024-04-07T20:33:29.236 INFO:teuthology.orchestra.run.smithi018.stdout:/usr/bin/ceph: stderr
2024-04-07T20:33:27.496+0000 7ffb96acf700 1 -- 172.21.15.18:0/1870706986 >> [v2:172.21.15.18:3300/0,v1:172.21.15.18:6789/0] conn(0x7ffb90076ad0 msgr2=0x7ffb901055b0 secure :-1 s=STATE_CONNECTION_ESTABLISHED l=1).mark_down
2024-04-07T20:33:29.236 INFO:teuthology.orchestra.run.smithi018.stdout:/usr/bin/ceph: stderr
2024-04-07T20:33:27.496+0000 7ffb96acf700 1 --2- 172.21.15.18:0/1870706986 >> [v2:172.21.15.18:3300/0,v1:172.21.15.18:6789/0] conn(0x7ffb90076ad0 0x7ffb901055b0 secure :-1 s=READY pgs=65 cs=0 l=1 rev1=1 crypto rx=0x7ffb800098e0 tx=0x7ffb80009250 comp rx=0 tx=0).stop
2024-04-07T20:33:29.236 INFO:teuthology.orchestra.run.smithi018.stdout:/usr/bin/ceph: stderr
2024-04-07T20:33:27.497+0000 7ffb96acf700 1 -- 172.21.15.18:0/1870706986 shutdown_connections
2024-04-07T20:33:29.236 INFO:teuthology.orchestra.run.smithi018.stdout:/usr/bin/ceph: stderr
2024-04-07T20:33:27.497+0000 7ffb96acf700 1 --2- 172.21.15.18:0/1870706986 >> [v2:172.21.15.18:3300/0,v1:172.21.15.18:6789/0] conn(0x7ffb90076ad0 0x7ffb901055b0 unknown :-1 s=CLOSED pgs=65 cs=0 l=1 rev1=1 crypto rx=0 tx=0 comp rx=0 tx=0).stop
2024-04-07T20:33:29.236 INFO:teuthology.orchestra.run.smithi018.stdout:/usr/bin/ceph: stderr
2024-04-07T20:33:27.497+0000 7ffb96acf700 1 -- 172.21.15.18:0/1870706986 >> 172.21.15.18:0/1870706986 conn(0x7ffb900fd000 msgr2=0x7ffb900ff410 unknown :-1 s=STATE_NONE l=0).mark_down
2024-04-07T20:33:29.236 INFO:teuthology.orchestra.run.smithi018.stdout:/usr/bin/ceph: stderr
2024-04-07T20:33:27.497+0000 7ffb96acf700 1 -- 172.21.15.18:0/1870706986 shutdown_connections
2024-04-07T20:33:29.236 INFO:teuthology.orchestra.run.smithi018.stdout:/usr/bin/ceph: stderr
2024-04-07T20:33:27.497+0000 7ffb96acf700 1 -- 172.21.15.18:0/1870706986 wait complete.
2024-04-07T20:33:29.236 INFO:teuthology.orchestra.run.smithi018.stdout:/usr/bin/ceph: stderr
2024-04-07T20:33:27.497+0000 7ffb96acf700 1 Processor -- start
2024-04-07T20:33:29.236 INFO:teuthology.orchestra.run.smithi018.stdout:/usr/bin/ceph: stderr
2024-04-07T20:33:27.497+0000 7ffb96acf700 1 -- start start
2024-04-07T20:33:29.236 INFO:teuthology.orchestra.run.smithi018.stdout:/usr/bin/ceph: stderr
2024-04-07T20:33:27.497+0000 7ffb96acf700 1 --2- >> [v2:172.21.15.18:3300/0,v1:172.21.15.18:6789/0] conn(0x7ffb90076ad0 0x7ffb90111720 unknown :-1 s=NONE pgs=0 cs=0 l=1 rev1=0 crypto rx=0 tx=0 comp rx=0 tx=0).connect
2024-04-07T20:33:29.236 INFO:teuthology.orchestra.run.smithi018.stdout:/usr/bin/ceph: stderr
2024-04-07T20:33:27.497+0000 7ffb96acf700 1 -- --> [v2:172.21.15.18:3300/0,v1:172.21.15.18:6789/0] -- mon_getmap magic: 0 v1 -- 0x7ffb90111c60 con 0x7ffb90076ad0
2024-04-07T20:33:29.236 INFO:teuthology.orchestra.run.smithi018.stdout:/usr/bin/ceph: stderr
2024-04-07T20:33:27.498+0000 7ffb9486b700 1 --2- >> [v2:172.21.15.18:3300/0,v1:172.21.15.18:6789/0] conn(0x7ffb90076ad0 0x7ffb90111720 unknown :-1 s=BANNER_CONNECTING pgs=0 cs=0 l=1 rev1=0 crypto rx=0 tx=0 comp rx=0 tx=0)._handle_peer_banner_payload supported=3 required=0
2024-04-07T20:33:29.236 INFO:teuthology.orchestra.run.smithi018.stdout:/usr/bin/ceph: stderr
2024-04-07T20:33:27.498+0000 7ffb9486b700 1 --2- >> [v2:172.21.15.18:3300/0,v1:172.21.15.18:6789/0] conn(0x7ffb90076ad0 0x7ffb90111720 unknown :-1 s=HELLO_CONNECTING pgs=0 cs=0 l=1 rev1=1 crypto rx=0 tx=0 comp rx=0 tx=0).handle_hello peer v2:172.21.15.18:3300/0 says I am v2:172.21.15.18:56274/0 (socket says 172.21.15.18:56274)
2024-04-07T20:33:29.236 INFO:teuthology.orchestra.run.smithi018.stdout:/usr/bin/ceph: stderr
2024-04-07T20:33:27.498+0000 7ffb9486b700 1 -- 172.21.15.18:0/4022947793 learned_addr learned my addr 172.21.15.18:0/4022947793 (peer_addr_for_me v2:172.21.15.18:0/0)
2024-04-07T20:33:29.237 INFO:teuthology.orchestra.run.smithi018.stdout:/usr/bin/ceph: stderr
2024-04-07T20:33:27.498+0000 7ffb9486b700 1 -- 172.21.15.18:0/4022947793 --> [v2:172.21.15.18:3300/0,v1:172.21.15.18:6789/0] -- mon_subscribe({config=0+,monmap=0+}) v3 -- 0x7ffb800094f0 con 0x7ffb90076ad0
2024-04-07T20:33:29.237 INFO:teuthology.orchestra.run.smithi018.stdout:/usr/bin/ceph: stderr
2024-04-07T20:33:27.498+0000 7ffb9486b700 1 --2- 172.21.15.18:0/4022947793 >> [v2:172.21.15.18:3300/0,v1:172.21.15.18:6789/0] conn(0x7ffb90076ad0 0x7ffb90111720 secure :-1 s=READY pgs=66 cs=0 l=1 rev1=1 crypto rx=0x7ffb80011cf0 tx=0x7ffb80009250 comp rx=0 tx=0).ready entity=mon.0 client_cookie=0 server_cookie=0 in_seq=0 out_seq=0
2024-04-07T20:33:29.237 INFO:teuthology.orchestra.run.smithi018.stdout:/usr/bin/ceph: stderr
2024-04-07T20:33:27.498+0000 7ffb8d7fa700 1 -- 172.21.15.18:0/4022947793 <== mon.0 v2:172.21.15.18:3300/0 1 ==== mon_map magic: 0 v1 ==== 229+0+0 (secure 0 0 0) 0x7ffb80010800 con 0x7ffb90076ad0
2024-04-07T20:33:29.237 INFO:teuthology.orchestra.run.smithi018.stdout:/usr/bin/ceph: stderr
2024-04-07T20:33:27.498+0000 7ffb8d7fa700 1 -- 172.21.15.18:0/4022947793 <== mon.0 v2:172.21.15.18:3300/0 2 ==== config(27 keys) v1 ==== 1109+0+0 (secure 0 0 0) 0x7ffb80010e30 con 0x7ffb90076ad0
2024-04-07T20:33:29.237 INFO:teuthology.orchestra.run.smithi018.stdout:/usr/bin/ceph: stderr
2024-04-07T20:33:27.498+0000 7ffb96acf700 1 -- 172.21.15.18:0/4022947793 --> [v2:172.21.15.18:3300/0,v1:172.21.15.18:6789/0] -- mon_subscribe({mgrmap=0+}) v3 -- 0x7ffb90111e60 con 0x7ffb90076ad0
2024-04-07T20:33:29.237 INFO:teuthology.orchestra.run.smithi018.stdout:/usr/bin/ceph: stderr
2024-04-07T20:33:27.498+0000 7ffb8d7fa700 1 -- 172.21.15.18:0/4022947793 <== mon.0 v2:172.21.15.18:3300/0 3 ==== mon_map magic: 0 v1 ==== 229+0+0 (secure 0 0 0) 0x7ffb8001ae80 con 0x7ffb90076ad0
2024-04-07T20:33:29.237 INFO:teuthology.orchestra.run.smithi018.stdout:/usr/bin/ceph: stderr
2024-04-07T20:33:27.498+0000 7ffb96acf700 1 -- 172.21.15.18:0/4022947793 --> [v2:172.21.15.18:3300/0,v1:172.21.15.18:6789/0] -- mon_subscribe({osdmap=0}) v3 -- 0x7ffb901129d0 con 0x7ffb90076ad0
2024-04-07T20:33:29.237 INFO:teuthology.orchestra.run.smithi018.stdout:/usr/bin/ceph: stderr
2024-04-07T20:33:27.499+0000 7ffb8d7fa700 1 -- 172.21.15.18:0/4022947793 <== mon.0 v2:172.21.15.18:3300/0 4 ==== mgrmap(e 8) v1 ==== 43368+0+0 (secure 0 0 0) 0x7ffb8002d3f0 con 0x7ffb90076ad0
2024-04-07T20:33:29.237 INFO:teuthology.orchestra.run.smithi018.stdout:/usr/bin/ceph: stderr
2024-04-07T20:33:27.499+0000 7ffb8d7fa700 1 --2- 172.21.15.18:0/4022947793 >> [v2:172.21.15.18:6800/3313988921,v1:172.21.15.18:6801/3313988921] conn(0x7ffb7c0367e0 0x7ffb7c038c90 unknown :-1 s=NONE pgs=0 cs=0 l=1 rev1=0 crypto rx=0 tx=0 comp rx=0 tx=0).connect
2024-04-07T20:33:29.237 INFO:teuthology.orchestra.run.smithi018.stdout:/usr/bin/ceph: stderr
2024-04-07T20:33:27.499+0000 7ffb8d7fa700 1 -- 172.21.15.18:0/4022947793 <== mon.0 v2:172.21.15.18:3300/0 5 ==== osd_map(2..2 src has 1..2) v4 ==== 936+0+0 (secure 0 0 0) 0x7ffb8004a2c0 con 0x7ffb90076ad0
2024-04-07T20:33:29.237 INFO:teuthology.orchestra.run.smithi018.stdout:/usr/bin/ceph: stderr
2024-04-07T20:33:27.499+0000 7ffb8ffff700 1 --2- 172.21.15.18:0/4022947793 >> [v2:172.21.15.18:6800/3313988921,v1:172.21.15.18:6801/3313988921] conn(0x7ffb7c0367e0 0x7ffb7c038c90 unknown :-1 s=BANNER_CONNECTING pgs=0 cs=0 l=1 rev1=0 crypto rx=0 tx=0 comp rx=0 tx=0)._handle_peer_banner_payload supported=3 required=0
2024-04-07T20:33:29.237 INFO:teuthology.orchestra.run.smithi018.stdout:/usr/bin/ceph: stderr
2024-04-07T20:33:27.499+0000 7ffb96acf700 1 -- 172.21.15.18:0/4022947793 --> [v2:172.21.15.18:3300/0,v1:172.21.15.18:6789/0] -- mon_command({"prefix": "get_command_descriptions"} v 0) v1 -- 0x7ffb9005f5f0 con 0x7ffb90076ad0
2024-04-07T20:33:29.237 INFO:teuthology.orchestra.run.smithi018.stdout:/usr/bin/ceph: stderr
2024-04-07T20:33:27.500+0000 7ffb8ffff700 1 --2- 172.21.15.18:0/4022947793 >> [v2:172.21.15.18:6800/3313988921,v1:172.21.15.18:6801/3313988921] conn(0x7ffb7c0367e0 0x7ffb7c038c90 secure :-1 s=READY pgs=21 cs=0 l=1 rev1=1 crypto rx=0x7ffb78009990 tx=0x7ffb78006e40 comp rx=0 tx=0).ready entity=mgr.14120 client_cookie=0 server_cookie=0 in_seq=0 out_seq=0
2024-04-07T20:33:29.237 INFO:teuthology.orchestra.run.smithi018.stdout:/usr/bin/ceph: stderr
2024-04-07T20:33:27.504+0000 7ffb8d7fa700 1 -- 172.21.15.18:0/4022947793 <== mon.0 v2:172.21.15.18:3300/0 6 ==== mon_command_ack([{"prefix": "get_command_descriptions"}]=0 v0) v1 ==== 72+0+176504 (secure 0 0 0) 0x7ffb80018b00 con 0x7ffb90076ad0
2024-04-07T20:33:29.238 INFO:teuthology.orchestra.run.smithi018.stdout:/usr/bin/ceph: stderr
2024-04-07T20:33:27.757+0000 7ffb96acf700 1 -- 172.21.15.18:0/4022947793 --> [v2:172.21.15.18:3300/0,v1:172.21.15.18:6789/0] -- mon_command({"prefix": "mgr module enable", "module": "dashboard"} v 0) v1 -- 0x7ffb90112c10 con 0x7ffb90076ad0
2024-04-07T20:33:29.238 INFO:teuthology.orchestra.run.smithi018.stdout:/usr/bin/ceph: stderr
2024-04-07T20:33:28.568+0000 7ffb8d7fa700 1 -- 172.21.15.18:0/4022947793 <== mon.0 v2:172.21.15.18:3300/0 7 ==== mgrmap(e 9) v1 ==== 43381+0+0 (secure 0 0 0) 0x7ffb8001a730 con 0x7ffb90076ad0
2024-04-07T20:33:29.238 INFO:teuthology.orchestra.run.smithi018.stdout:/usr/bin/ceph: stderr
2024-04-07T20:33:28.570+0000 7ffb8d7fa700 1 -- 172.21.15.18:0/4022947793 <== mon.0 v2:172.21.15.18:3300/0 8 ==== mon_command_ack([{"prefix": "mgr module enable", "module": "dashboard"}]=0 v9) v1 ==== 88+0+0 (secure 0 0 0) 0x7ffb8002bcb0 con 0x7ffb90076ad0
2024-04-07T20:33:29.238 INFO:teuthology.orchestra.run.smithi018.stdout:/usr/bin/ceph: stderr
2024-04-07T20:33:28.573+0000 7ffb96acf700 1 -- 172.21.15.18:0/4022947793 >> [v2:172.21.15.18:6800/3313988921,v1:172.21.15.18:6801/3313988921] conn(0x7ffb7c0367e0 msgr2=0x7ffb7c038c90 secure :-1 s=STATE_CONNECTION_ESTABLISHED l=1).mark_down
2024-04-07T20:33:29.238 INFO:teuthology.orchestra.run.smithi018.stdout:/usr/bin/ceph: stderr
2024-04-07T20:33:28.573+0000 7ffb96acf700 1 --2- 172.21.15.18:0/4022947793 >> [v2:172.21.15.18:6800/3313988921,v1:172.21.15.18:6801/3313988921] conn(0x7ffb7c0367e0 0x7ffb7c038c90 secure :-1 s=READY pgs=21 cs=0 l=1 rev1=1 crypto rx=0x7ffb78009990 tx=0x7ffb78006e40 comp rx=0 tx=0).stop
2024-04-07T20:33:29.238 INFO:teuthology.orchestra.run.smithi018.stdout:/usr/bin/ceph: stderr
2024-04-07T20:33:28.573+0000 7ffb96acf700 1 -- 172.21.15.18:0/4022947793 >> [v2:172.21.15.18:3300/0,v1:172.21.15.18:6789/0] conn(0x7ffb90076ad0 msgr2=0x7ffb90111720 secure :-1 s=STATE_CONNECTION_ESTABLISHED l=1).mark_down
2024-04-07T20:33:29.238 INFO:teuthology.orchestra.run.smithi018.stdout:/usr/bin/ceph: stderr
2024-04-07T20:33:28.573+0000 7ffb96acf700 1 --2- 172.21.15.18:0/4022947793 >> [v2:172.21.15.18:3300/0,v1:172.21.15.18:6789/0] conn(0x7ffb90076ad0 0x7ffb90111720 secure :-1 s=READY pgs=66 cs=0 l=1 rev1=1 crypto rx=0x7ffb80011cf0 tx=0x7ffb80009250 comp rx=0 tx=0).stop
2024-04-07T20:33:29.238 INFO:teuthology.orchestra.run.smithi018.stdout:/usr/bin/ceph: stderr
2024-04-07T20:33:28.573+0000 7ffb96acf700 1 -- 172.21.15.18:0/4022947793 shutdown_connections
2024-04-07T20:33:29.238 INFO:teuthology.orchestra.run.smithi018.stdout:/usr/bin/ceph: stderr
2024-04-07T20:33:28.573+0000 7ffb96acf700 1 --2- 172.21.15.18:0/4022947793 >> [v2:172.21.15.18:6800/3313988921,v1:172.21.15.18:6801/3313988921] conn(0x7ffb7c0367e0 0x7ffb7c038c90 unknown :-1 s=CLOSED pgs=21 cs=0 l=1 rev1=1 crypto rx=0 tx=0 comp rx=0 tx=0).stop
2024-04-07T20:33:29.238 INFO:teuthology.orchestra.run.smithi018.stdout:/usr/bin/ceph: stderr
2024-04-07T20:33:28.573+0000 7ffb96acf700 1 --2- 172.21.15.18:0/4022947793 >> [v2:172.21.15.18:3300/0,v1:172.21.15.18:6789/0] conn(0x7ffb90076ad0 0x7ffb90111720 unknown :-1 s=CLOSED pgs=66 cs=0 l=1 rev1=1 crypto rx=0 tx=0 comp rx=0 tx=0).stop
2024-04-07T20:33:29.238 INFO:teuthology.orchestra.run.smithi018.stdout:/usr/bin/ceph: stderr
2024-04-07T20:33:28.573+0000 7ffb96acf700 1 -- 172.21.15.18:0/4022947793 >> 172.21.15.18:0/4022947793 conn(0x7ffb900fd000 msgr2=0x7ffb900fdbd0 unknown :-1 s=STATE_NONE l=0).mark_down
2024-04-07T20:33:29.238 INFO:teuthology.orchestra.run.smithi018.stdout:/usr/bin/ceph: stderr
2024-04-07T20:33:28.573+0000 7ffb96acf700 1 -- 172.21.15.18:0/4022947793 shutdown_connections
2024-04-07T20:33:29.239 INFO:teuthology.orchestra.run.smithi018.stdout:/usr/bin/ceph: stderr
2024-04-07T20:33:28.573+0000 7ffb96acf700 1 -- 172.21.15.18:0/4022947793 wait complete.
2024-04-07T20:33:29.814 INFO:journalctl@ceph.mon.smithi018.smithi018.stdout:Apr 07 20:33:29 smithi018 ceph-mon[29599]: from='client.? 172.21.15.18:0/4022947793' entity='client.admin' cmd='[{"prefix": "mgr module enable", "module": "dashboard"}]': finished
2024-04-07T20:33:29.814 INFO:journalctl@ceph.mon.smithi018.smithi018.stdout:Apr 07 20:33:29 smithi018 ceph-mon[29599]: mgrmap e9: smithi018.tkhfhx(active, since 24s)
2024-04-07T20:33:30.507 INFO:teuthology.orchestra.run.smithi018.stdout:/usr/bin/ceph: stdout {
2024-04-07T20:33:30.507 INFO:teuthology.orchestra.run.smithi018.stdout:/usr/bin/ceph: stdout "epoch": 9,
2024-04-07T20:33:30.507 INFO:teuthology.orchestra.run.smithi018.stdout:/usr/bin/ceph: stdout "available": true,
2024-04-07T20:33:30.507 INFO:teuthology.orchestra.run.smithi018.stdout:/usr/bin/ceph: stdout "active_name": "smithi018.tkhfhx",
2024-04-07T20:33:30.507 INFO:teuthology.orchestra.run.smithi018.stdout:/usr/bin/ceph: stdout "num_standby": 0
2024-04-07T20:33:30.507 INFO:teuthology.orchestra.run.smithi018.stdout:/usr/bin/ceph: stdout }
2024-04-07T20:33:30.508 INFO:teuthology.orchestra.run.smithi018.stdout:/usr/bin/ceph: stderr
2024-04-07T20:33:29.609+0000 7fd879a70700 1 Processor -- start
2024-04-07T20:33:30.508 INFO:teuthology.orchestra.run.smithi018.stdout:/usr/bin/ceph: stderr
2024-04-07T20:33:29.609+0000 7fd879a70700 1 -- start start
2024-04-07T20:33:30.508 INFO:teuthology.orchestra.run.smithi018.stdout:/usr/bin/ceph: stderr
2024-04-07T20:33:29.609+0000 7fd879a70700 1 --2- >> [v2:172.21.15.18:3300/0,v1:172.21.15.18:6789/0] conn(0x7fd8741017b0 0x7fd874101bc0 unknown :-1 s=NONE pgs=0 cs=0 l=0 rev1=0 crypto rx=0 tx=0 comp rx=0 tx=0).connect
2024-04-07T20:33:30.508 INFO:teuthology.orchestra.run.smithi018.stdout:/usr/bin/ceph: stderr
2024-04-07T20:33:29.609+0000 7fd879a70700 1 -- --> [v2:172.21.15.18:3300/0,v1:172.21.15.18:6789/0] -- mon_getmap magic: 0 v1 -- 0x7fd874102100 con 0x7fd8741017b0
2024-04-07T20:33:30.508 INFO:teuthology.orchestra.run.smithi018.stdout:/usr/bin/ceph: stderr
2024-04-07T20:33:29.609+0000 7fd8737fe700 1 --2- >> [v2:172.21.15.18:3300/0,v1:172.21.15.18:6789/0] conn(0x7fd8741017b0 0x7fd874101bc0 unknown :-1 s=BANNER_CONNECTING pgs=0 cs=0 l=0 rev1=0 crypto rx=0 tx=0 comp rx=0 tx=0)._handle_peer_banner_payload supported=3 required=0
2024-04-07T20:33:30.508 INFO:teuthology.orchestra.run.smithi018.stdout:/usr/bin/ceph: stderr
2024-04-07T20:33:29.609+0000 7fd8737fe700 1 --2- >> [v2:172.21.15.18:3300/0,v1:172.21.15.18:6789/0] conn(0x7fd8741017b0 0x7fd874101bc0 unknown :-1 s=HELLO_CONNECTING pgs=0 cs=0 l=0 rev1=1 crypto rx=0 tx=0 comp rx=0 tx=0).handle_hello peer v2:172.21.15.18:3300/0 says I am v2:172.21.15.18:56314/0 (socket says 172.21.15.18:56314)
2024-04-07T20:33:30.508 INFO:teuthology.orchestra.run.smithi018.stdout:/usr/bin/ceph: stderr
2024-04-07T20:33:29.609+0000 7fd8737fe700 1 -- 172.21.15.18:0/1593982223 learned_addr learned my addr 172.21.15.18:0/1593982223 (peer_addr_for_me v2:172.21.15.18:0/0)
2024-04-07T20:33:30.508 INFO:teuthology.orchestra.run.smithi018.stdout:/usr/bin/ceph: stderr
2024-04-07T20:33:29.610+0000 7fd8737fe700 1 -- 172.21.15.18:0/1593982223 --> [v2:172.21.15.18:3300/0,v1:172.21.15.18:6789/0] -- mon_subscribe({config=0+,monmap=0+}) v3 -- 0x7fd874102240 con 0x7fd8741017b0
2024-04-07T20:33:30.508 INFO:teuthology.orchestra.run.smithi018.stdout:/usr/bin/ceph: stderr
2024-04-07T20:33:29.610+0000 7fd8737fe700 1 --2- 172.21.15.18:0/1593982223 >> [v2:172.21.15.18:3300/0,v1:172.21.15.18:6789/0] conn(0x7fd8741017b0 0x7fd874101bc0 secure :-1 s=READY pgs=69 cs=0 l=1 rev1=1 crypto rx=0x7fd86400bb80 tx=0x7fd86400b4f0 comp rx=0 tx=0).ready entity=mon.0 client_cookie=705a5635b43c0774 server_cookie=0 in_seq=0 out_seq=0
2024-04-07T20:33:30.508 INFO:teuthology.orchestra.run.smithi018.stdout:/usr/bin/ceph: stderr
2024-04-07T20:33:29.610+0000 7fd8727fc700 1 -- 172.21.15.18:0/1593982223 <== mon.0 v2:172.21.15.18:3300/0 1 ==== mon_map magic: 0 v1 ==== 229+0+0 (secure 0 0 0) 0x7fd86400dd00 con 0x7fd8741017b0
2024-04-07T20:33:30.508 INFO:teuthology.orchestra.run.smithi018.stdout:/usr/bin/ceph: stderr
2024-04-07T20:33:29.610+0000 7fd8727fc700 1 -- 172.21.15.18:0/1593982223 <== mon.0 v2:172.21.15.18:3300/0 2 ==== config(27 keys) v1 ==== 1109+0+0 (secure 0 0 0) 0x7fd86400de60 con 0x7fd8741017b0
2024-04-07T20:33:30.508 INFO:teuthology.orchestra.run.smithi018.stdout:/usr/bin/ceph: stderr
2024-04-07T20:33:29.610+0000 7fd8727fc700 1 -- 172.21.15.18:0/1593982223 <== mon.0 v2:172.21.15.18:3300/0 3 ==== mon_map magic: 0 v1 ==== 229+0+0 (secure 0 0 0) 0x7fd864018920 con 0x7fd8741017b0
2024-04-07T20:33:30.508 INFO:teuthology.orchestra.run.smithi018.stdout:/usr/bin/ceph: stderr
2024-04-07T20:33:29.611+0000 7fd879a70700 1 -- 172.21.15.18:0/1593982223 >> [v2:172.21.15.18:3300/0,v1:172.21.15.18:6789/0] conn(0x7fd8741017b0 msgr2=0x7fd874101bc0 secure :-1 s=STATE_CONNECTION_ESTABLISHED l=1).mark_down
2024-04-07T20:33:30.509 INFO:teuthology.orchestra.run.smithi018.stdout:/usr/bin/ceph: stderr
2024-04-07T20:33:29.611+0000 7fd879a70700 1 --2- 172.21.15.18:0/1593982223 >> [v2:172.21.15.18:3300/0,v1:172.21.15.18:6789/0] conn(0x7fd8741017b0 0x7fd874101bc0 secure :-1 s=READY pgs=69 cs=0 l=1 rev1=1 crypto rx=0x7fd86400bb80 tx=0x7fd86400b4f0 comp rx=0 tx=0).stop
2024-04-07T20:33:30.509 INFO:teuthology.orchestra.run.smithi018.stdout:/usr/bin/ceph: stderr
2024-04-07T20:33:29.611+0000 7fd879a70700 1 -- 172.21.15.18:0/1593982223 shutdown_connections
2024-04-07T20:33:30.509 INFO:teuthology.orchestra.run.smithi018.stdout:/usr/bin/ceph: stderr
2024-04-07T20:33:29.611+0000 7fd879a70700 1 --2- 172.21.15.18:0/1593982223 >> [v2:172.21.15.18:3300/0,v1:172.21.15.18:6789/0] conn(0x7fd8741017b0 0x7fd874101bc0 unknown :-1 s=CLOSED pgs=69 cs=0 l=1 rev1=1 crypto rx=0 tx=0 comp rx=0 tx=0).stop
2024-04-07T20:33:30.509 INFO:teuthology.orchestra.run.smithi018.stdout:/usr/bin/ceph: stderr
2024-04-07T20:33:29.611+0000 7fd879a70700 1 -- 172.21.15.18:0/1593982223 >> 172.21.15.18:0/1593982223 conn(0x7fd8740fcf70 msgr2=0x7fd8740ff380 unknown :-1 s=STATE_NONE l=0).mark_down
2024-04-07T20:33:30.509 INFO:teuthology.orchestra.run.smithi018.stdout:/usr/bin/ceph: stderr
2024-04-07T20:33:29.611+0000 7fd879a70700 1 -- 172.21.15.18:0/1593982223 shutdown_connections
2024-04-07T20:33:30.509 INFO:teuthology.orchestra.run.smithi018.stdout:/usr/bin/ceph: stderr
2024-04-07T20:33:29.611+0000 7fd879a70700 1 -- 172.21.15.18:0/1593982223 wait complete.
2024-04-07T20:33:30.509 INFO:teuthology.orchestra.run.smithi018.stdout:/usr/bin/ceph: stderr
2024-04-07T20:33:29.611+0000 7fd879a70700 1 Processor -- start
2024-04-07T20:33:30.509 INFO:teuthology.orchestra.run.smithi018.stdout:/usr/bin/ceph: stderr
2024-04-07T20:33:29.612+0000 7fd879a70700 1 -- start start
2024-04-07T20:33:30.509 INFO:teuthology.orchestra.run.smithi018.stdout:/usr/bin/ceph: stderr
2024-04-07T20:33:29.612+0000 7fd879a70700 1 --2- >> [v2:172.21.15.18:3300/0,v1:172.21.15.18:6789/0] conn(0x7fd8741017b0 0x7fd87410f420 unknown :-1 s=NONE pgs=0 cs=0 l=1 rev1=0 crypto rx=0 tx=0 comp rx=0 tx=0).connect
2024-04-07T20:33:30.509 INFO:teuthology.orchestra.run.smithi018.stdout:/usr/bin/ceph: stderr
2024-04-07T20:33:29.612+0000 7fd879a70700 1 -- --> [v2:172.21.15.18:3300/0,v1:172.21.15.18:6789/0] -- mon_getmap magic: 0 v1 -- 0x7fd87410f960 con 0x7fd8741017b0
2024-04-07T20:33:30.509 INFO:teuthology.orchestra.run.smithi018.stdout:/usr/bin/ceph: stderr
2024-04-07T20:33:29.612+0000 7fd8737fe700 1 --2- >> [v2:172.21.15.18:3300/0,v1:172.21.15.18:6789/0] conn(0x7fd8741017b0 0x7fd87410f420 unknown :-1 s=BANNER_CONNECTING pgs=0 cs=0 l=1 rev1=0 crypto rx=0 tx=0 comp rx=0 tx=0)._handle_peer_banner_payload supported=3 required=0
2024-04-07T20:33:30.509 INFO:teuthology.orchestra.run.smithi018.stdout:/usr/bin/ceph: stderr
