2024-04-02T04:32:58.750+0000 7f685f7fe700 1 -- 172.21.15.16:0/1474918222 <== mon.0 v2:172.21.15.16:3300/0 4 ==== mgrmap(e 8) v1 ==== 45548+0+0 (secure 0 0 0) 0x7f68640198c0 con 0x7f6868106550
2024-04-02T04:32:59.519 INFO:teuthology.orchestra.run.smithi016.stdout:/usr/bin/ceph: stderr
2024-04-02T04:32:58.750+0000 7f68702d4700 1 -- 172.21.15.16:0/1474918222 --> [v2:172.21.15.16:3300/0,v1:172.21.15.16:6789/0] -- mon_command({"prefix": "get_command_descriptions"} v 0) v1 -- 0x7f686810a8e0 con 0x7f6868106550
2024-04-02T04:32:59.519 INFO:teuthology.orchestra.run.smithi016.stdout:/usr/bin/ceph: stderr
2024-04-02T04:32:58.751+0000 7f685f7fe700 1 --2- 172.21.15.16:0/1474918222 >> [v2:172.21.15.16:6800/873531241,v1:172.21.15.16:6801/873531241] conn(0x7f6854038730 0x7f685403abf0 unknown :-1 s=NONE pgs=0 cs=0 l=1 rev1=0 crypto rx=0 tx=0 comp rx=0 tx=0).connect
2024-04-02T04:32:59.519 INFO:teuthology.orchestra.run.smithi016.stdout:/usr/bin/ceph: stderr
2024-04-02T04:32:58.751+0000 7f685f7fe700 1 -- 172.21.15.16:0/1474918222 <== mon.0 v2:172.21.15.16:3300/0 5 ==== osd_map(2..2 src has 1..2) v4 ==== 940+0+0 (secure 0 0 0) 0x7f686404cc10 con 0x7f6868106550
2024-04-02T04:32:59.519 INFO:teuthology.orchestra.run.smithi016.stdout:/usr/bin/ceph: stderr
2024-04-02T04:32:58.751+0000 7f686d86f700 1 --2- 172.21.15.16:0/1474918222 >> [v2:172.21.15.16:6800/873531241,v1:172.21.15.16:6801/873531241] conn(0x7f6854038730 0x7f685403abf0 unknown :-1 s=BANNER_CONNECTING pgs=0 cs=0 l=1 rev1=0 crypto rx=0 tx=0 comp rx=0 tx=0)._handle_peer_banner_payload supported=3 required=0
2024-04-02T04:32:59.519 INFO:teuthology.orchestra.run.smithi016.stdout:/usr/bin/ceph: stderr
2024-04-02T04:32:58.751+0000 7f686d86f700 1 --2- 172.21.15.16:0/1474918222 >> [v2:172.21.15.16:6800/873531241,v1:172.21.15.16:6801/873531241] conn(0x7f6854038730 0x7f685403abf0 secure :-1 s=READY pgs=7 cs=0 l=1 rev1=1 crypto rx=0x7f6858006fd0 tx=0x7f6858006e40 comp rx=0 tx=0).ready entity=mgr.14118 client_cookie=0 server_cookie=0 in_seq=0 out_seq=0
2024-04-02T04:32:59.519 INFO:teuthology.orchestra.run.smithi016.stdout:/usr/bin/ceph: stderr
2024-04-02T04:32:58.756+0000 7f685f7fe700 1 -- 172.21.15.16:0/1474918222 <== mon.0 v2:172.21.15.16:3300/0 6 ==== mon_command_ack([{"prefix": "get_command_descriptions"}]=0 v0) v1 ==== 72+0+182738 (secure 0 0 0) 0x7f6864018b80 con 0x7f6868106550
2024-04-02T04:32:59.519 INFO:teuthology.orchestra.run.smithi016.stdout:/usr/bin/ceph: stderr
2024-04-02T04:32:58.974+0000 7f68702d4700 1 -- 172.21.15.16:0/1474918222 --> [v2:172.21.15.16:6800/873531241,v1:172.21.15.16:6801/873531241] -- mgr_command(tid 0: {"prefix": "orch set backend", "module_name": "cephadm", "target": ["mon-mgr", ""]}) v1 -- 0x7f6868102d80 con 0x7f6854038730
2024-04-02T04:32:59.519 INFO:teuthology.orchestra.run.smithi016.stdout:/usr/bin/ceph: stderr
2024-04-02T04:32:58.981+0000 7f685f7fe700 1 -- 172.21.15.16:0/1474918222 <== mgr.14118 v2:172.21.15.16:6800/873531241 1 ==== mgr_command_reply(tid 0: 0 ) v1 ==== 8+0+0 (secure 0 0 0) 0x7f6868102d80 con 0x7f6854038730
2024-04-02T04:32:59.519 INFO:teuthology.orchestra.run.smithi016.stdout:/usr/bin/ceph: stderr
2024-04-02T04:32:58.984+0000 7f68702d4700 1 -- 172.21.15.16:0/1474918222 >> [v2:172.21.15.16:6800/873531241,v1:172.21.15.16:6801/873531241] conn(0x7f6854038730 msgr2=0x7f685403abf0 secure :-1 s=STATE_CONNECTION_ESTABLISHED l=1).mark_down
2024-04-02T04:32:59.519 INFO:teuthology.orchestra.run.smithi016.stdout:/usr/bin/ceph: stderr
2024-04-02T04:32:58.984+0000 7f68702d4700 1 --2- 172.21.15.16:0/1474918222 >> [v2:172.21.15.16:6800/873531241,v1:172.21.15.16:6801/873531241] conn(0x7f6854038730 0x7f685403abf0 secure :-1 s=READY pgs=7 cs=0 l=1 rev1=1 crypto rx=0x7f6858006fd0 tx=0x7f6858006e40 comp rx=0 tx=0).stop
2024-04-02T04:32:59.520 INFO:teuthology.orchestra.run.smithi016.stdout:/usr/bin/ceph: stderr
2024-04-02T04:32:58.984+0000 7f68702d4700 1 -- 172.21.15.16:0/1474918222 >> [v2:172.21.15.16:3300/0,v1:172.21.15.16:6789/0] conn(0x7f6868106550 msgr2=0x7f686819a240 secure :-1 s=STATE_CONNECTION_ESTABLISHED l=1).mark_down
2024-04-02T04:32:59.520 INFO:teuthology.orchestra.run.smithi016.stdout:/usr/bin/ceph: stderr
2024-04-02T04:32:58.984+0000 7f68702d4700 1 --2- 172.21.15.16:0/1474918222 >> [v2:172.21.15.16:3300/0,v1:172.21.15.16:6789/0] conn(0x7f6868106550 0x7f686819a240 secure :-1 s=READY pgs=36 cs=0 l=1 rev1=1 crypto rx=0x7f6864011710 tx=0x7f68640047c0 comp rx=0 tx=0).stop
2024-04-02T04:32:59.520 INFO:teuthology.orchestra.run.smithi016.stdout:/usr/bin/ceph: stderr
2024-04-02T04:32:58.984+0000 7f68702d4700 1 -- 172.21.15.16:0/1474918222 shutdown_connections
2024-04-02T04:32:59.520 INFO:teuthology.orchestra.run.smithi016.stdout:/usr/bin/ceph: stderr
2024-04-02T04:32:58.984+0000 7f68702d4700 1 --2- 172.21.15.16:0/1474918222 >> [v2:172.21.15.16:6800/873531241,v1:172.21.15.16:6801/873531241] conn(0x7f6854038730 0x7f685403abf0 unknown :-1 s=CLOSED pgs=7 cs=0 l=1 rev1=1 crypto rx=0 tx=0 comp rx=0 tx=0).stop
2024-04-02T04:32:59.520 INFO:teuthology.orchestra.run.smithi016.stdout:/usr/bin/ceph: stderr
2024-04-02T04:32:58.984+0000 7f68702d4700 1 --2- 172.21.15.16:0/1474918222 >> [v2:172.21.15.16:3300/0,v1:172.21.15.16:6789/0] conn(0x7f6868106550 0x7f686819a240 unknown :-1 s=CLOSED pgs=36 cs=0 l=1 rev1=1 crypto rx=0 tx=0 comp rx=0 tx=0).stop
2024-04-02T04:32:59.520 INFO:teuthology.orchestra.run.smithi016.stdout:/usr/bin/ceph: stderr
2024-04-02T04:32:58.984+0000 7f68702d4700 1 -- 172.21.15.16:0/1474918222 >> 172.21.15.16:0/1474918222 conn(0x7f6868101b10 msgr2=0x7f6868102670 unknown :-1 s=STATE_NONE l=0).mark_down
2024-04-02T04:32:59.520 INFO:teuthology.orchestra.run.smithi016.stdout:/usr/bin/ceph: stderr
2024-04-02T04:32:58.984+0000 7f68702d4700 1 -- 172.21.15.16:0/1474918222 shutdown_connections
2024-04-02T04:32:59.520 INFO:teuthology.orchestra.run.smithi016.stdout:/usr/bin/ceph: stderr
2024-04-02T04:32:58.984+0000 7f68702d4700 1 -- 172.21.15.16:0/1474918222 wait complete.
2024-04-02T04:32:59.810 INFO:journalctl@ceph.mon.smithi016.smithi016.stdout:Apr 02 04:32:59 smithi016 ceph-mon[28969]: [02/Apr/2024:04:32:58] ENGINE Bus STARTING
2024-04-02T04:32:59.810 INFO:journalctl@ceph.mon.smithi016.smithi016.stdout:Apr 02 04:32:59 smithi016 ceph-mon[28969]: [02/Apr/2024:04:32:58] ENGINE Serving on http://172.21.15.16:8765
2024-04-02T04:32:59.810 INFO:journalctl@ceph.mon.smithi016.smithi016.stdout:Apr 02 04:32:59 smithi016 ceph-mon[28969]: [02/Apr/2024:04:32:58] ENGINE Serving on https://172.21.15.16:7150
2024-04-02T04:32:59.810 INFO:journalctl@ceph.mon.smithi016.smithi016.stdout:Apr 02 04:32:59 smithi016 ceph-mon[28969]: [02/Apr/2024:04:32:58] ENGINE Bus STARTED
2024-04-02T04:32:59.810 INFO:journalctl@ceph.mon.smithi016.smithi016.stdout:Apr 02 04:32:59 smithi016 ceph-mon[28969]: mgrmap e8: smithi016.eqnebx(active, since 2s)
2024-04-02T04:32:59.810 INFO:journalctl@ceph.mon.smithi016.smithi016.stdout:Apr 02 04:32:59 smithi016 ceph-mon[28969]: from='mgr.14118 172.21.15.16:0/872684120' entity='mgr.smithi016.eqnebx'
2024-04-02T04:32:59.810 INFO:journalctl@ceph.mon.smithi016.smithi016.stdout:Apr 02 04:32:59 smithi016 ceph-mon[28969]: from='mgr.14118 172.21.15.16:0/872684120' entity='mgr.smithi016.eqnebx' cmd=[{"prefix": "config dump", "format": "json"}]: dispatch
2024-04-02T04:33:00.665 INFO:teuthology.orchestra.run.smithi016.stdout:/usr/bin/ceph: stdout value unchanged
2024-04-02T04:33:00.665 INFO:teuthology.orchestra.run.smithi016.stdout:/usr/bin/ceph: stderr
2024-04-02T04:32:59.920+0000 7fe4f935a700 1 Processor -- start
2024-04-02T04:33:00.665 INFO:teuthology.orchestra.run.smithi016.stdout:/usr/bin/ceph: stderr
2024-04-02T04:32:59.920+0000 7fe4f935a700 1 -- start start
2024-04-02T04:33:00.666 INFO:teuthology.orchestra.run.smithi016.stdout:/usr/bin/ceph: stderr
2024-04-02T04:32:59.920+0000 7fe4f935a700 1 --2- >> [v2:172.21.15.16:3300/0,v1:172.21.15.16:6789/0] conn(0x7fe4f41053c0 0x7fe4f41057e0 unknown :-1 s=NONE pgs=0 cs=0 l=0 rev1=0 crypto rx=0 tx=0 comp rx=0 tx=0).connect
2024-04-02T04:33:00.666 INFO:teuthology.orchestra.run.smithi016.stdout:/usr/bin/ceph: stderr
2024-04-02T04:32:59.920+0000 7fe4f935a700 1 -- --> [v2:172.21.15.16:3300/0,v1:172.21.15.16:6789/0] -- mon_getmap magic: 0 v1 -- 0x7fe4f4105db0 con 0x7fe4f41053c0
2024-04-02T04:33:00.666 INFO:teuthology.orchestra.run.smithi016.stdout:/usr/bin/ceph: stderr
2024-04-02T04:32:59.920+0000 7fe4f2ffd700 1 --2- >> [v2:172.21.15.16:3300/0,v1:172.21.15.16:6789/0] conn(0x7fe4f41053c0 0x7fe4f41057e0 unknown :-1 s=BANNER_CONNECTING pgs=0 cs=0 l=0 rev1=0 crypto rx=0 tx=0 comp rx=0 tx=0)._handle_peer_banner_payload supported=3 required=0
2024-04-02T04:33:00.666 INFO:teuthology.orchestra.run.smithi016.stdout:/usr/bin/ceph: stderr
2024-04-02T04:32:59.920+0000 7fe4f2ffd700 1 --2- >> [v2:172.21.15.16:3300/0,v1:172.21.15.16:6789/0] conn(0x7fe4f41053c0 0x7fe4f41057e0 unknown :-1 s=HELLO_CONNECTING pgs=0 cs=0 l=0 rev1=1 crypto rx=0 tx=0 comp rx=0 tx=0).handle_hello peer v2:172.21.15.16:3300/0 says I am v2:172.21.15.16:60408/0 (socket says 172.21.15.16:60408)
2024-04-02T04:33:00.666 INFO:teuthology.orchestra.run.smithi016.stdout:/usr/bin/ceph: stderr
2024-04-02T04:32:59.920+0000 7fe4f2ffd700 1 -- 172.21.15.16:0/4225659765 learned_addr learned my addr 172.21.15.16:0/4225659765 (peer_addr_for_me v2:172.21.15.16:0/0)
2024-04-02T04:33:00.666 INFO:teuthology.orchestra.run.smithi016.stdout:/usr/bin/ceph: stderr
2024-04-02T04:32:59.921+0000 7fe4f2ffd700 1 -- 172.21.15.16:0/4225659765 --> [v2:172.21.15.16:3300/0,v1:172.21.15.16:6789/0] -- mon_subscribe({config=0+,monmap=0+}) v3 -- 0x7fe4f41065c0 con 0x7fe4f41053c0
2024-04-02T04:33:00.666 INFO:teuthology.orchestra.run.smithi016.stdout:/usr/bin/ceph: stderr
2024-04-02T04:32:59.921+0000 7fe4f2ffd700 1 --2- 172.21.15.16:0/4225659765 >> [v2:172.21.15.16:3300/0,v1:172.21.15.16:6789/0] conn(0x7fe4f41053c0 0x7fe4f41057e0 secure :-1 s=READY pgs=37 cs=0 l=1 rev1=1 crypto rx=0x7fe4ec0098a0 tx=0x7fe4ec009bb0 comp rx=0 tx=0).ready entity=mon.0 client_cookie=7a07420dfce80776 server_cookie=0 in_seq=0 out_seq=0
2024-04-02T04:33:00.666 INFO:teuthology.orchestra.run.smithi016.stdout:/usr/bin/ceph: stderr
2024-04-02T04:32:59.921+0000 7fe4f1ffb700 1 -- 172.21.15.16:0/4225659765 <== mon.0 v2:172.21.15.16:3300/0 1 ==== mon_map magic: 0 v1 ==== 229+0+0 (secure 0 0 0) 0x7fe4ec004180 con 0x7fe4f41053c0
2024-04-02T04:33:00.666 INFO:teuthology.orchestra.run.smithi016.stdout:/usr/bin/ceph: stderr
2024-04-02T04:32:59.921+0000 7fe4f1ffb700 1 -- 172.21.15.16:0/4225659765 <== mon.0 v2:172.21.15.16:3300/0 2 ==== config(27 keys) v1 ==== 1042+0+0 (secure 0 0 0) 0x7fe4ec0042e0 con 0x7fe4f41053c0
2024-04-02T04:33:00.666 INFO:teuthology.orchestra.run.smithi016.stdout:/usr/bin/ceph: stderr
2024-04-02T04:32:59.921+0000 7fe4f1ffb700 1 -- 172.21.15.16:0/4225659765 <== mon.0 v2:172.21.15.16:3300/0 3 ==== mon_map magic: 0 v1 ==== 229+0+0 (secure 0 0 0) 0x7fe4ec011a70 con 0x7fe4f41053c0
2024-04-02T04:33:00.666 INFO:teuthology.orchestra.run.smithi016.stdout:/usr/bin/ceph: stderr
2024-04-02T04:32:59.922+0000 7fe4f935a700 1 -- 172.21.15.16:0/4225659765 >> [v2:172.21.15.16:3300/0,v1:172.21.15.16:6789/0] conn(0x7fe4f41053c0 msgr2=0x7fe4f41057e0 secure :-1 s=STATE_CONNECTION_ESTABLISHED l=1).mark_down
2024-04-02T04:33:00.666 INFO:teuthology.orchestra.run.smithi016.stdout:/usr/bin/ceph: stderr
2024-04-02T04:32:59.922+0000 7fe4f935a700 1 --2- 172.21.15.16:0/4225659765 >> [v2:172.21.15.16:3300/0,v1:172.21.15.16:6789/0] conn(0x7fe4f41053c0 0x7fe4f41057e0 secure :-1 s=READY pgs=37 cs=0 l=1 rev1=1 crypto rx=0x7fe4ec0098a0 tx=0x7fe4ec009bb0 comp rx=0 tx=0).stop
2024-04-02T04:33:00.666 INFO:teuthology.orchestra.run.smithi016.stdout:/usr/bin/ceph: stderr
2024-04-02T04:32:59.922+0000 7fe4f935a700 1 -- 172.21.15.16:0/4225659765 shutdown_connections
2024-04-02T04:33:00.667 INFO:teuthology.orchestra.run.smithi016.stdout:/usr/bin/ceph: stderr
2024-04-02T04:32:59.922+0000 7fe4f935a700 1 --2- 172.21.15.16:0/4225659765 >> [v2:172.21.15.16:3300/0,v1:172.21.15.16:6789/0] conn(0x7fe4f41053c0 0x7fe4f41057e0 unknown :-1 s=CLOSED pgs=37 cs=0 l=1 rev1=1 crypto rx=0 tx=0 comp rx=0 tx=0).stop
2024-04-02T04:33:00.667 INFO:teuthology.orchestra.run.smithi016.stdout:/usr/bin/ceph: stderr
2024-04-02T04:32:59.922+0000 7fe4f935a700 1 -- 172.21.15.16:0/4225659765 >> 172.21.15.16:0/4225659765 conn(0x7fe4f4100980 msgr2=0x7fe4f4102da0 unknown :-1 s=STATE_NONE l=0).mark_down
2024-04-02T04:33:00.667 INFO:teuthology.orchestra.run.smithi016.stdout:/usr/bin/ceph: stderr
2024-04-02T04:32:59.922+0000 7fe4f935a700 1 -- 172.21.15.16:0/4225659765 shutdown_connections
2024-04-02T04:33:00.667 INFO:teuthology.orchestra.run.smithi016.stdout:/usr/bin/ceph: stderr
2024-04-02T04:32:59.922+0000 7fe4f935a700 1 -- 172.21.15.16:0/4225659765 wait complete.
2024-04-02T04:33:00.667 INFO:teuthology.orchestra.run.smithi016.stdout:/usr/bin/ceph: stderr
2024-04-02T04:32:59.922+0000 7fe4f935a700 1 Processor -- start
2024-04-02T04:33:00.667 INFO:teuthology.orchestra.run.smithi016.stdout:/usr/bin/ceph: stderr
2024-04-02T04:32:59.923+0000 7fe4f935a700 1 -- start start
2024-04-02T04:33:00.667 INFO:teuthology.orchestra.run.smithi016.stdout:/usr/bin/ceph: stderr
2024-04-02T04:32:59.923+0000 7fe4f935a700 1 --2- >> [v2:172.21.15.16:3300/0,v1:172.21.15.16:6789/0] conn(0x7fe4f41053c0 0x7fe4f419a220 unknown :-1 s=NONE pgs=0 cs=0 l=1 rev1=0 crypto rx=0 tx=0 comp rx=0 tx=0).connect
2024-04-02T04:33:00.667 INFO:teuthology.orchestra.run.smithi016.stdout:/usr/bin/ceph: stderr
2024-04-02T04:32:59.923+0000 7fe4f935a700 1 -- --> [v2:172.21.15.16:3300/0,v1:172.21.15.16:6789/0] -- mon_getmap magic: 0 v1 -- 0x7fe4f419a760 con 0x7fe4f41053c0
2024-04-02T04:33:00.667 INFO:teuthology.orchestra.run.smithi016.stdout:/usr/bin/ceph: stderr
2024-04-02T04:32:59.923+0000 7fe4f2ffd700 1 --2- >> [v2:172.21.15.16:3300/0,v1:172.21.15.16:6789/0] conn(0x7fe4f41053c0 0x7fe4f419a220 unknown :-1 s=BANNER_CONNECTING pgs=0 cs=0 l=1 rev1=0 crypto rx=0 tx=0 comp rx=0 tx=0)._handle_peer_banner_payload supported=3 required=0
2024-04-02T04:33:00.667 INFO:teuthology.orchestra.run.smithi016.stdout:/usr/bin/ceph: stderr
2024-04-02T04:32:59.923+0000 7fe4f2ffd700 1 --2- >> [v2:172.21.15.16:3300/0,v1:172.21.15.16:6789/0] conn(0x7fe4f41053c0 0x7fe4f419a220 unknown :-1 s=HELLO_CONNECTING pgs=0 cs=0 l=1 rev1=1 crypto rx=0 tx=0 comp rx=0 tx=0).handle_hello peer v2:172.21.15.16:3300/0 says I am v2:172.21.15.16:60416/0 (socket says 172.21.15.16:60416)
2024-04-02T04:33:00.667 INFO:teuthology.orchestra.run.smithi016.stdout:/usr/bin/ceph: stderr
2024-04-02T04:32:59.923+0000 7fe4f2ffd700 1 -- 172.21.15.16:0/1949388695 learned_addr learned my addr 172.21.15.16:0/1949388695 (peer_addr_for_me v2:172.21.15.16:0/0)
2024-04-02T04:33:00.667 INFO:teuthology.orchestra.run.smithi016.stdout:/usr/bin/ceph: stderr
2024-04-02T04:32:59.923+0000 7fe4f2ffd700 1 -- 172.21.15.16:0/1949388695 --> [v2:172.21.15.16:3300/0,v1:172.21.15.16:6789/0] -- mon_subscribe({config=0+,monmap=0+}) v3 -- 0x7fe4ec009550 con 0x7fe4f41053c0
2024-04-02T04:33:00.667 INFO:teuthology.orchestra.run.smithi016.stdout:/usr/bin/ceph: stderr
2024-04-02T04:32:59.923+0000 7fe4f2ffd700 1 --2- 172.21.15.16:0/1949388695 >> [v2:172.21.15.16:3300/0,v1:172.21.15.16:6789/0] conn(0x7fe4f41053c0 0x7fe4f419a220 secure :-1 s=READY pgs=38 cs=0 l=1 rev1=1 crypto rx=0x7fe4ec011710 tx=0x7fe4ec0047c0 comp rx=0 tx=0).ready entity=mon.0 client_cookie=0 server_cookie=0 in_seq=0 out_seq=0
2024-04-02T04:33:00.667 INFO:teuthology.orchestra.run.smithi016.stdout:/usr/bin/ceph: stderr
2024-04-02T04:32:59.924+0000 7fe4ebfff700 1 -- 172.21.15.16:0/1949388695 <== mon.0 v2:172.21.15.16:3300/0 1 ==== mon_map magic: 0 v1 ==== 229+0+0 (secure 0 0 0) 0x7fe4ec003b10 con 0x7fe4f41053c0
2024-04-02T04:33:00.668 INFO:teuthology.orchestra.run.smithi016.stdout:/usr/bin/ceph: stderr
2024-04-02T04:32:59.924+0000 7fe4f935a700 1 -- 172.21.15.16:0/1949388695 --> [v2:172.21.15.16:3300/0,v1:172.21.15.16:6789/0] -- mon_subscribe({mgrmap=0+}) v3 -- 0x7fe4f419a960 con 0x7fe4f41053c0
2024-04-02T04:33:00.668 INFO:teuthology.orchestra.run.smithi016.stdout:/usr/bin/ceph: stderr
2024-04-02T04:32:59.924+0000 7fe4ebfff700 1 -- 172.21.15.16:0/1949388695 <== mon.0 v2:172.21.15.16:3300/0 2 ==== config(27 keys) v1 ==== 1042+0+0 (secure 0 0 0) 0x7fe4ec01b8c0 con 0x7fe4f41053c0
2024-04-02T04:33:00.668 INFO:teuthology.orchestra.run.smithi016.stdout:/usr/bin/ceph: stderr
2024-04-02T04:32:59.924+0000 7fe4ebfff700 1 -- 172.21.15.16:0/1949388695 <== mon.0 v2:172.21.15.16:3300/0 3 ==== mon_map magic: 0 v1 ==== 229+0+0 (secure 0 0 0) 0x7fe4ec019710 con 0x7fe4f41053c0
2024-04-02T04:33:00.668 INFO:teuthology.orchestra.run.smithi016.stdout:/usr/bin/ceph: stderr
2024-04-02T04:32:59.924+0000 7fe4f935a700 1 -- 172.21.15.16:0/1949388695 --> [v2:172.21.15.16:3300/0,v1:172.21.15.16:6789/0] -- mon_subscribe({osdmap=0}) v3 -- 0x7fe4f419ae00 con 0x7fe4f41053c0
2024-04-02T04:33:00.668 INFO:teuthology.orchestra.run.smithi016.stdout:/usr/bin/ceph: stderr
2024-04-02T04:32:59.925+0000 7fe4ebfff700 1 -- 172.21.15.16:0/1949388695 <== mon.0 v2:172.21.15.16:3300/0 4 ==== mgrmap(e 8) v1 ==== 45548+0+0 (secure 0 0 0) 0x7fe4ec019910 con 0x7fe4f41053c0
2024-04-02T04:33:00.668 INFO:teuthology.orchestra.run.smithi016.stdout:/usr/bin/ceph: stderr
2024-04-02T04:32:59.925+0000 7fe4f935a700 1 -- 172.21.15.16:0/1949388695 --> [v2:172.21.15.16:3300/0,v1:172.21.15.16:6789/0] -- mon_command({"prefix": "get_command_descriptions"} v 0) v1 -- 0x7fe4f41943e0 con 0x7fe4f41053c0
2024-04-02T04:33:00.668 INFO:teuthology.orchestra.run.smithi016.stdout:/usr/bin/ceph: stderr
2024-04-02T04:32:59.925+0000 7fe4ebfff700 1 --2- 172.21.15.16:0/1949388695 >> [v2:172.21.15.16:6800/873531241,v1:172.21.15.16:6801/873531241] conn(0x7fe4e00386e0 0x7fe4e003aba0 unknown :-1 s=NONE pgs=0 cs=0 l=1 rev1=0 crypto rx=0 tx=0 comp rx=0 tx=0).connect
2024-04-02T04:33:00.668 INFO:teuthology.orchestra.run.smithi016.stdout:/usr/bin/ceph: stderr
2024-04-02T04:32:59.925+0000 7fe4ebfff700 1 -- 172.21.15.16:0/1949388695 <== mon.0 v2:172.21.15.16:3300/0 5 ==== osd_map(2..2 src has 1..2) v4 ==== 940+0+0 (secure 0 0 0) 0x7fe4ec04cb10 con 0x7fe4f41053c0
2024-04-02T04:33:00.668 INFO:teuthology.orchestra.run.smithi016.stdout:/usr/bin/ceph: stderr
2024-04-02T04:32:59.925+0000 7fe4f27fc700 1 --2- 172.21.15.16:0/1949388695 >> [v2:172.21.15.16:6800/873531241,v1:172.21.15.16:6801/873531241] conn(0x7fe4e00386e0 0x7fe4e003aba0 unknown :-1 s=BANNER_CONNECTING pgs=0 cs=0 l=1 rev1=0 crypto rx=0 tx=0 comp rx=0 tx=0)._handle_peer_banner_payload supported=3 required=0
2024-04-02T04:33:00.668 INFO:teuthology.orchestra.run.smithi016.stdout:/usr/bin/ceph: stderr
2024-04-02T04:32:59.925+0000 7fe4f27fc700 1 --2- 172.21.15.16:0/1949388695 >> [v2:172.21.15.16:6800/873531241,v1:172.21.15.16:6801/873531241] conn(0x7fe4e00386e0 0x7fe4e003aba0 secure :-1 s=READY pgs=8 cs=0 l=1 rev1=1 crypto rx=0x7fe4dc006fd0 tx=0x7fe4dc006e40 comp rx=0 tx=0).ready entity=mgr.14118 client_cookie=0 server_cookie=0 in_seq=0 out_seq=0
2024-04-02T04:33:00.668 INFO:teuthology.orchestra.run.smithi016.stdout:/usr/bin/ceph: stderr
2024-04-02T04:32:59.930+0000 7fe4ebfff700 1 -- 172.21.15.16:0/1949388695 <== mon.0 v2:172.21.15.16:3300/0 6 ==== mon_command_ack([{"prefix": "get_command_descriptions"}]=0 v0) v1 ==== 72+0+182738 (secure 0 0 0) 0x7fe4ec018db0 con 0x7fe4f41053c0
2024-04-02T04:33:00.668 INFO:teuthology.orchestra.run.smithi016.stdout:/usr/bin/ceph: stderr
2024-04-02T04:33:00.132+0000 7fe4f935a700 1 -- 172.21.15.16:0/1949388695 --> [v2:172.21.15.16:6800/873531241,v1:172.21.15.16:6801/873531241] -- mgr_command(tid 0: {"prefix": "cephadm set-user", "user": "root", "target": ["mon-mgr", ""]}) v1 -- 0x7fe4f402cf70 con 0x7fe4e00386e0
2024-04-02T04:33:00.668 INFO:teuthology.orchestra.run.smithi016.stdout:/usr/bin/ceph: stderr
2024-04-02T04:33:00.133+0000 7fe4ebfff700 1 -- 172.21.15.16:0/1949388695 <== mgr.14118 v2:172.21.15.16:6800/873531241 1 ==== mgr_command_reply(tid 0: 0 ) v1 ==== 8+0+16 (secure 0 0 0) 0x7fe4f402cf70 con 0x7fe4e00386e0
2024-04-02T04:33:00.668 INFO:teuthology.orchestra.run.smithi016.stdout:/usr/bin/ceph: stderr
2024-04-02T04:33:00.135+0000 7fe4f935a700 1 -- 172.21.15.16:0/1949388695 >> [v2:172.21.15.16:6800/873531241,v1:172.21.15.16:6801/873531241] conn(0x7fe4e00386e0 msgr2=0x7fe4e003aba0 secure :-1 s=STATE_CONNECTION_ESTABLISHED l=1).mark_down
2024-04-02T04:33:00.668 INFO:teuthology.orchestra.run.smithi016.stdout:/usr/bin/ceph: stderr
2024-04-02T04:33:00.135+0000 7fe4f935a700 1 --2- 172.21.15.16:0/1949388695 >> [v2:172.21.15.16:6800/873531241,v1:172.21.15.16:6801/873531241] conn(0x7fe4e00386e0 0x7fe4e003aba0 secure :-1 s=READY pgs=8 cs=0 l=1 rev1=1 crypto rx=0x7fe4dc006fd0 tx=0x7fe4dc006e40 comp rx=0 tx=0).stop
2024-04-02T04:33:00.669 INFO:teuthology.orchestra.run.smithi016.stdout:/usr/bin/ceph: stderr
2024-04-02T04:33:00.135+0000 7fe4f935a700 1 -- 172.21.15.16:0/1949388695 >> [v2:172.21.15.16:3300/0,v1:172.21.15.16:6789/0] conn(0x7fe4f41053c0 msgr2=0x7fe4f419a220 secure :-1 s=STATE_CONNECTION_ESTABLISHED l=1).mark_down
2024-04-02T04:33:00.669 INFO:teuthology.orchestra.run.smithi016.stdout:/usr/bin/ceph: stderr
2024-04-02T04:33:00.135+0000 7fe4f935a700 1 --2- 172.21.15.16:0/1949388695 >> [v2:172.21.15.16:3300/0,v1:172.21.15.16:6789/0] conn(0x7fe4f41053c0 0x7fe4f419a220 secure :-1 s=READY pgs=38 cs=0 l=1 rev1=1 crypto rx=0x7fe4ec011710 tx=0x7fe4ec0047c0 comp rx=0 tx=0).stop
2024-04-02T04:33:00.669 INFO:teuthology.orchestra.run.smithi016.stdout:/usr/bin/ceph: stderr
2024-04-02T04:33:00.135+0000 7fe4f935a700 1 -- 172.21.15.16:0/1949388695 shutdown_connections
2024-04-02T04:33:00.669 INFO:teuthology.orchestra.run.smithi016.stdout:/usr/bin/ceph: stderr
2024-04-02T04:33:00.135+0000 7fe4f935a700 1 --2- 172.21.15.16:0/1949388695 >> [v2:172.21.15.16:6800/873531241,v1:172.21.15.16:6801/873531241] conn(0x7fe4e00386e0 0x7fe4e003aba0 unknown :-1 s=CLOSED pgs=8 cs=0 l=1 rev1=1 crypto rx=0 tx=0 comp rx=0 tx=0).stop
2024-04-02T04:33:00.669 INFO:teuthology.orchestra.run.smithi016.stdout:/usr/bin/ceph: stderr
2024-04-02T04:33:00.135+0000 7fe4f935a700 1 --2- 172.21.15.16:0/1949388695 >> [v2:172.21.15.16:3300/0,v1:172.21.15.16:6789/0] conn(0x7fe4f41053c0 0x7fe4f419a220 unknown :-1 s=CLOSED pgs=38 cs=0 l=1 rev1=1 crypto rx=0 tx=0 comp rx=0 tx=0).stop
2024-04-02T04:33:00.669 INFO:teuthology.orchestra.run.smithi016.stdout:/usr/bin/ceph: stderr
2024-04-02T04:33:00.135+0000 7fe4f935a700 1 -- 172.21.15.16:0/1949388695 >> 172.21.15.16:0/1949388695 conn(0x7fe4f4100980 msgr2=0x7fe4f4101890 unknown :-1 s=STATE_NONE l=0).mark_down
2024-04-02T04:33:00.669 INFO:teuthology.orchestra.run.smithi016.stdout:/usr/bin/ceph: stderr
2024-04-02T04:33:00.136+0000 7fe4f935a700 1 -- 172.21.15.16:0/1949388695 shutdown_connections
2024-04-02T04:33:00.669 INFO:teuthology.orchestra.run.smithi016.stdout:/usr/bin/ceph: stderr
2024-04-02T04:33:00.136+0000 7fe4f935a700 1 -- 172.21.15.16:0/1949388695 wait complete.
2024-04-02T04:33:00.669 INFO:teuthology.orchestra.run.smithi016.stdout:Generating ssh key...
2024-04-02T04:33:01.001 INFO:journalctl@ceph.mon.smithi016.smithi016.stdout:Apr 02 04:33:00 smithi016 ceph-mon[28969]: from='client.14130 -' entity='client.admin' cmd=[{"prefix": "orch set backend", "module_name": "cephadm", "target": ["mon-mgr", ""]}]: dispatch
2024-04-02T04:33:02.060 INFO:journalctl@ceph.mon.smithi016.smithi016.stdout:Apr 02 04:33:01 smithi016 ceph-mon[28969]: from='client.14132 -' entity='client.admin' cmd=[{"prefix": "cephadm set-user", "user": "root", "target": ["mon-mgr", ""]}]: dispatch
2024-04-02T04:33:02.329 INFO:teuthology.orchestra.run.smithi016.stdout:/usr/bin/ceph: stderr
2024-04-02T04:33:01.031+0000 7f608149e700 1 Processor -- start
2024-04-02T04:33:02.329 INFO:teuthology.orchestra.run.smithi016.stdout:/usr/bin/ceph: stderr
2024-04-02T04:33:01.031+0000 7f608149e700 1 -- start start
2024-04-02T04:33:02.330 INFO:teuthology.orchestra.run.smithi016.stdout:/usr/bin/ceph: stderr
2024-04-02T04:33:01.031+0000 7f608149e700 1 --2- >> [v2:172.21.15.16:3300/0,v1:172.21.15.16:6789/0] conn(0x7f607c106510 0x7f607c106930 unknown :-1 s=NONE pgs=0 cs=0 l=0 rev1=0 crypto rx=0 tx=0 comp rx=0 tx=0).connect
2024-04-02T04:33:02.330 INFO:teuthology.orchestra.run.smithi016.stdout:/usr/bin/ceph: stderr
2024-04-02T04:33:01.032+0000 7f608149e700 1 -- --> [v2:172.21.15.16:3300/0,v1:172.21.15.16:6789/0] -- mon_getmap magic: 0 v1 -- 0x7f607c106f00 con 0x7f607c106510
2024-04-02T04:33:02.330 INFO:teuthology.orchestra.run.smithi016.stdout:/usr/bin/ceph: stderr
2024-04-02T04:33:01.032+0000 7f607affd700 1 --2- >> [v2:172.21.15.16:3300/0,v1:172.21.15.16:6789/0] conn(0x7f607c106510 0x7f607c106930 unknown :-1 s=BANNER_CONNECTING pgs=0 cs=0 l=0 rev1=0 crypto rx=0 tx=0 comp rx=0 tx=0)._handle_peer_banner_payload supported=3 required=0
2024-04-02T04:33:02.330 INFO:teuthology.orchestra.run.smithi016.stdout:/usr/bin/ceph: stderr
2024-04-02T04:33:01.032+0000 7f607affd700 1 --2- >> [v2:172.21.15.16:3300/0,v1:172.21.15.16:6789/0] conn(0x7f607c106510 0x7f607c106930 unknown :-1 s=HELLO_CONNECTING pgs=0 cs=0 l=0 rev1=1 crypto rx=0 tx=0 comp rx=0 tx=0).handle_hello peer v2:172.21.15.16:3300/0 says I am v2:172.21.15.16:60430/0 (socket says 172.21.15.16:60430)
2024-04-02T04:33:02.330 INFO:teuthology.orchestra.run.smithi016.stdout:/usr/bin/ceph: stderr
2024-04-02T04:33:01.032+0000 7f607affd700 1 -- 172.21.15.16:0/4238710489 learned_addr learned my addr 172.21.15.16:0/4238710489 (peer_addr_for_me v2:172.21.15.16:0/0)
2024-04-02T04:33:02.330 INFO:teuthology.orchestra.run.smithi016.stdout:/usr/bin/ceph: stderr
2024-04-02T04:33:01.032+0000 7f607affd700 1 -- 172.21.15.16:0/4238710489 --> [v2:172.21.15.16:3300/0,v1:172.21.15.16:6789/0] -- mon_subscribe({config=0+,monmap=0+}) v3 -- 0x7f607c1076c0 con 0x7f607c106510
2024-04-02T04:33:02.330 INFO:teuthology.orchestra.run.smithi016.stdout:/usr/bin/ceph: stderr
2024-04-02T04:33:01.032+0000 7f607affd700 1 --2- 172.21.15.16:0/4238710489 >> [v2:172.21.15.16:3300/0,v1:172.21.15.16:6789/0] conn(0x7f607c106510 0x7f607c106930 secure :-1 s=READY pgs=39 cs=0 l=1 rev1=1 crypto rx=0x7f6074009e80 tx=0x7f607400b330 comp rx=0 tx=0).ready entity=mon.0 client_cookie=5fa38a72d52046f1 server_cookie=0 in_seq=0 out_seq=0
2024-04-02T04:33:02.330 INFO:teuthology.orchestra.run.smithi016.stdout:/usr/bin/ceph: stderr
2024-04-02T04:33:01.032+0000 7f6079ffb700 1 -- 172.21.15.16:0/4238710489 <== mon.0 v2:172.21.15.16:3300/0 1 ==== mon_map magic: 0 v1 ==== 229+0+0 (secure 0 0 0) 0x7f607400e070 con 0x7f607c106510
2024-04-02T04:33:02.330 INFO:teuthology.orchestra.run.smithi016.stdout:/usr/bin/ceph: stderr
2024-04-02T04:33:01.032+0000 7f6079ffb700 1 -- 172.21.15.16:0/4238710489 <== mon.0 v2:172.21.15.16:3300/0 2 ==== config(27 keys) v1 ==== 1042+0+0 (secure 0 0 0) 0x7f607400b8c0 con 0x7f607c106510
2024-04-02T04:33:02.330 INFO:teuthology.orchestra.run.smithi016.stdout:/usr/bin/ceph: stderr
2024-04-02T04:33:01.032+0000 7f6079ffb700 1 -- 172.21.15.16:0/4238710489 <== mon.0 v2:172.21.15.16:3300/0 3 ==== mon_map magic: 0 v1 ==== 229+0+0 (secure 0 0 0) 0x7f6074004440 con 0x7f607c106510
2024-04-02T04:33:02.330 INFO:teuthology.orchestra.run.smithi016.stdout:/usr/bin/ceph: stderr
2024-04-02T04:33:01.033+0000 7f608149e700 1 -- 172.21.15.16:0/4238710489 >> [v2:172.21.15.16:3300/0,v1:172.21.15.16:6789/0] conn(0x7f607c106510 msgr2=0x7f607c106930 secure :-1 s=STATE_CONNECTION_ESTABLISHED l=1).mark_down
2024-04-02T04:33:02.330 INFO:teuthology.orchestra.run.smithi016.stdout:/usr/bin/ceph: stderr
2024-04-02T04:33:01.033+0000 7f608149e700 1 --2- 172.21.15.16:0/4238710489 >> [v2:172.21.15.16:3300/0,v1:172.21.15.16:6789/0] conn(0x7f607c106510 0x7f607c106930 secure :-1 s=READY pgs=39 cs=0 l=1 rev1=1 crypto rx=0x7f6074009e80 tx=0x7f607400b330 comp rx=0 tx=0).stop
2024-04-02T04:33:02.331 INFO:teuthology.orchestra.run.smithi016.stdout:/usr/bin/ceph: stderr
2024-04-02T04:33:01.033+0000 7f608149e700 1 -- 172.21.15.16:0/4238710489 shutdown_connections
2024-04-02T04:33:02.331 INFO:teuthology.orchestra.run.smithi016.stdout:/usr/bin/ceph: stderr
2024-04-02T04:33:01.033+0000 7f608149e700 1 --2- 172.21.15.16:0/4238710489 >> [v2:172.21.15.16:3300/0,v1:172.21.15.16:6789/0] conn(0x7f607c106510 0x7f607c106930 unknown :-1 s=CLOSED pgs=39 cs=0 l=1 rev1=1 crypto rx=0 tx=0 comp rx=0 tx=0).stop
2024-04-02T04:33:02.331 INFO:teuthology.orchestra.run.smithi016.stdout:/usr/bin/ceph: stderr
2024-04-02T04:33:01.033+0000 7f608149e700 1 -- 172.21.15.16:0/4238710489 >> 172.21.15.16:0/4238710489 conn(0x7f607c101b10 msgr2=0x7f607c103f30 unknown :-1 s=STATE_NONE l=0).mark_down
2024-04-02T04:33:02.331 INFO:teuthology.orchestra.run.smithi016.stdout:/usr/bin/ceph: stderr
2024-04-02T04:33:01.033+0000 7f608149e700 1 -- 172.21.15.16:0/4238710489 shutdown_connections
2024-04-02T04:33:02.331 INFO:teuthology.orchestra.run.smithi016.stdout:/usr/bin/ceph: stderr
2024-04-02T04:33:01.033+0000 7f608149e700 1 -- 172.21.15.16:0/4238710489 wait complete.
2024-04-02T04:33:02.331 INFO:teuthology.orchestra.run.smithi016.stdout:/usr/bin/ceph: stderr
2024-04-02T04:33:01.034+0000 7f608149e700 1 Processor -- start
2024-04-02T04:33:02.331 INFO:teuthology.orchestra.run.smithi016.stdout:/usr/bin/ceph: stderr
2024-04-02T04:33:01.034+0000 7f608149e700 1 -- start start
2024-04-02T04:33:02.331 INFO:teuthology.orchestra.run.smithi016.stdout:/usr/bin/ceph: stderr
2024-04-02T04:33:01.034+0000 7f608149e700 1 --2- >> [v2:172.21.15.16:3300/0,v1:172.21.15.16:6789/0] conn(0x7f607c106510 0x7f607c19a180 unknown :-1 s=NONE pgs=0 cs=0 l=1 rev1=0 crypto rx=0 tx=0 comp rx=0 tx=0).connect
2024-04-02T04:33:02.331 INFO:teuthology.orchestra.run.smithi016.stdout:/usr/bin/ceph: stderr
2024-04-02T04:33:01.034+0000 7f608149e700 1 -- --> [v2:172.21.15.16:3300/0,v1:172.21.15.16:6789/0] -- mon_getmap magic: 0 v1 -- 0x7f607c19a6c0 con 0x7f607c106510
2024-04-02T04:33:02.331 INFO:teuthology.orchestra.run.smithi016.stdout:/usr/bin/ceph: stderr
2024-04-02T04:33:01.034+0000 7f607affd700 1 --2- >> [v2:172.21.15.16:3300/0,v1:172.21.15.16:6789/0] conn(0x7f607c106510 0x7f607c19a180 unknown :-1 s=BANNER_CONNECTING pgs=0 cs=0 l=1 rev1=0 crypto rx=0 tx=0 comp rx=0 tx=0)._handle_peer_banner_payload supported=3 required=0
2024-04-02T04:33:02.331 INFO:teuthology.orchestra.run.smithi016.stdout:/usr/bin/ceph: stderr
2024-04-02T04:33:01.034+0000 7f607affd700 1 --2- >> [v2:172.21.15.16:3300/0,v1:172.21.15.16:6789/0] conn(0x7f607c106510 0x7f607c19a180 unknown :-1 s=HELLO_CONNECTING pgs=0 cs=0 l=1 rev1=1 crypto rx=0 tx=0 comp rx=0 tx=0).handle_hello peer v2:172.21.15.16:3300/0 says I am v2:172.21.15.16:60436/0 (socket says 172.21.15.16:60436)
2024-04-02T04:33:02.331 INFO:teuthology.orchestra.run.smithi016.stdout:/usr/bin/ceph: stderr
2024-04-02T04:33:01.034+0000 7f607affd700 1 -- 172.21.15.16:0/3575663315 learned_addr learned my addr 172.21.15.16:0/3575663315 (peer_addr_for_me v2:172.21.15.16:0/0)
2024-04-02T04:33:02.331 INFO:teuthology.orchestra.run.smithi016.stdout:/usr/bin/ceph: stderr
2024-04-02T04:33:01.034+0000 7f607affd700 1 -- 172.21.15.16:0/3575663315 --> [v2:172.21.15.16:3300/0,v1:172.21.15.16:6789/0] -- mon_subscribe({config=0+,monmap=0+}) v3 -- 0x7f6074009b30 con 0x7f607c106510
2024-04-02T04:33:02.331 INFO:teuthology.orchestra.run.smithi016.stdout:/usr/bin/ceph: stderr
2024-04-02T04:33:01.035+0000 7f607affd700 1 --2- 172.21.15.16:0/3575663315 >> [v2:172.21.15.16:3300/0,v1:172.21.15.16:6789/0] conn(0x7f607c106510 0x7f607c19a180 secure :-1 s=READY pgs=40 cs=0 l=1 rev1=1 crypto rx=0x7f60740099e0 tx=0x7f6074003d00 comp rx=0 tx=0).ready entity=mon.0 client_cookie=0 server_cookie=0 in_seq=0 out_seq=0
2024-04-02T04:33:02.332 INFO:teuthology.orchestra.run.smithi016.stdout:/usr/bin/ceph: stderr
2024-04-02T04:33:01.035+0000 7f6073fff700 1 -- 172.21.15.16:0/3575663315 <== mon.0 v2:172.21.15.16:3300/0 1 ==== mon_map magic: 0 v1 ==== 229+0+0 (secure 0 0 0) 0x7f607400e040 con 0x7f607c106510
2024-04-02T04:33:02.332 INFO:teuthology.orchestra.run.smithi016.stdout:/usr/bin/ceph: stderr
2024-04-02T04:33:01.035+0000 7f608149e700 1 -- 172.21.15.16:0/3575663315 --> [v2:172.21.15.16:3300/0,v1:172.21.15.16:6789/0] -- mon_subscribe({mgrmap=0+}) v3 -- 0x7f607c19a8c0 con 0x7f607c106510
2024-04-02T04:33:02.332 INFO:teuthology.orchestra.run.smithi016.stdout:/usr/bin/ceph: stderr
2024-04-02T04:33:01.035+0000 7f6073fff700 1 -- 172.21.15.16:0/3575663315 <== mon.0 v2:172.21.15.16:3300/0 2 ==== config(27 keys) v1 ==== 1042+0+0 (secure 0 0 0) 0x7f607400bc40 con 0x7f607c106510
2024-04-02T04:33:02.332 INFO:teuthology.orchestra.run.smithi016.stdout:/usr/bin/ceph: stderr
2024-04-02T04:33:01.035+0000 7f6073fff700 1 -- 172.21.15.16:0/3575663315 <== mon.0 v2:172.21.15.16:3300/0 3 ==== mon_map magic: 0 v1 ==== 229+0+0 (secure 0 0 0) 0x7f60740125e0 con 0x7f607c106510
2024-04-02T04:33:02.332 INFO:teuthology.orchestra.run.smithi016.stdout:/usr/bin/ceph: stderr
2024-04-02T04:33:01.035+0000 7f608149e700 1 -- 172.21.15.16:0/3575663315 --> [v2:172.21.15.16:3300/0,v1:172.21.15.16:6789/0] -- mon_subscribe({osdmap=0}) v3 -- 0x7f607c19adc0 con 0x7f607c106510
2024-04-02T04:33:02.332 INFO:teuthology.orchestra.run.smithi016.stdout:/usr/bin/ceph: stderr
2024-04-02T04:33:01.036+0000 7f6073fff700 1 -- 172.21.15.16:0/3575663315 <== mon.0 v2:172.21.15.16:3300/0 4 ==== mgrmap(e 8) v1 ==== 45548+0+0 (secure 0 0 0) 0x7f6074019040 con 0x7f607c106510
2024-04-02T04:33:02.332 INFO:teuthology.orchestra.run.smithi016.stdout:/usr/bin/ceph: stderr
2024-04-02T04:33:01.036+0000 7f6073fff700 1 --2- 172.21.15.16:0/3575663315 >> [v2:172.21.15.16:6800/873531241,v1:172.21.15.16:6801/873531241] conn(0x7f6068038700 0x7f606803abc0 unknown :-1 s=NONE pgs=0 cs=0 l=1 rev1=0 crypto rx=0 tx=0 comp rx=0 tx=0).connect
2024-04-02T04:33:02.332 INFO:teuthology.orchestra.run.smithi016.stdout:/usr/bin/ceph: stderr
2024-04-02T04:33:01.036+0000 7f608149e700 1 -- 172.21.15.16:0/3575663315 --> [v2:172.21.15.16:3300/0,v1:172.21.15.16:6789/0] -- mon_command({"prefix": "get_command_descriptions"} v 0) v1 -- 0x7f607c0623e0 con 0x7f607c106510
2024-04-02T04:33:02.332 INFO:teuthology.orchestra.run.smithi016.stdout:/usr/bin/ceph: stderr
2024-04-02T04:33:01.036+0000 7f6073fff700 1 -- 172.21.15.16:0/3575663315 <== mon.0 v2:172.21.15.16:3300/0 5 ==== osd_map(2..2 src has 1..2) v4 ==== 940+0+0 (secure 0 0 0) 0x7f607404c0a0 con 0x7f607c106510
2024-04-02T04:33:02.332 INFO:teuthology.orchestra.run.smithi016.stdout:/usr/bin/ceph: stderr
2024-04-02T04:33:01.036+0000 7f607a7fc700 1 --2- 172.21.15.16:0/3575663315 >> [v2:172.21.15.16:6800/873531241,v1:172.21.15.16:6801/873531241] conn(0x7f6068038700 0x7f606803abc0 unknown :-1 s=BANNER_CONNECTING pgs=0 cs=0 l=1 rev1=0 crypto rx=0 tx=0 comp rx=0 tx=0)._handle_peer_banner_payload supported=3 required=0
2024-04-02T04:33:02.332 INFO:teuthology.orchestra.run.smithi016.stdout:/usr/bin/ceph: stderr
2024-04-02T04:33:01.036+0000 7f607a7fc700 1 --2- 172.21.15.16:0/3575663315 >> [v2:172.21.15.16:6800/873531241,v1:172.21.15.16:6801/873531241] conn(0x7f6068038700 0x7f606803abc0 secure :-1 s=READY pgs=9 cs=0 l=1 rev1=1 crypto rx=0x7f6064006fd0 tx=0x7f6064006e40 comp rx=0 tx=0).ready entity=mgr.14118 client_cookie=0 server_cookie=0 in_seq=0 out_seq=0
2024-04-02T04:33:02.332 INFO:teuthology.orchestra.run.smithi016.stdout:/usr/bin/ceph: stderr
2024-04-02T04:33:01.041+0000 7f6073fff700 1 -- 172.21.15.16:0/3575663315 <== mon.0 v2:172.21.15.16:3300/0 6 ==== mon_command_ack([{"prefix": "get_command_descriptions"}]=0 v0) v1 ==== 72+0+182738 (secure 0 0 0) 0x7f607401ba40 con 0x7f607c106510
2024-04-02T04:33:02.332 INFO:teuthology.orchestra.run.smithi016.stdout:/usr/bin/ceph: stderr
2024-04-02T04:33:01.246+0000 7f608149e700 1 -- 172.21.15.16:0/3575663315 --> [v2:172.21.15.16:6800/873531241,v1:172.21.15.16:6801/873531241] -- mgr_command(tid 0: {"prefix": "cephadm generate-key", "target": ["mon-mgr", ""]}) v1 -- 0x7f607c10aaf0 con 0x7f6068038700
2024-04-02T04:33:02.332 INFO:teuthology.orchestra.run.smithi016.stdout:/usr/bin/ceph: stderr
2024-04-02T04:33:01.773+0000 7f6073fff700 1 -- 172.21.15.16:0/3575663315 <== mgr.14118 v2:172.21.15.16:6800/873531241 1 ==== mgr_command_reply(tid 0: 0 ) v1 ==== 8+0+0 (secure 0 0 0) 0x7f607c10aaf0 con 0x7f6068038700
2024-04-02T04:33:02.333 INFO:teuthology.orchestra.run.smithi016.stdout:/usr/bin/ceph: stderr
2024-04-02T04:33:01.775+0000 7f608149e700 1 -- 172.21.15.16:0/3575663315 >> [v2:172.21.15.16:6800/873531241,v1:172.21.15.16:6801/873531241] conn(0x7f6068038700 msgr2=0x7f606803abc0 secure :-1 s=STATE_CONNECTION_ESTABLISHED l=1).mark_down
2024-04-02T04:33:02.333 INFO:teuthology.orchestra.run.smithi016.stdout:/usr/bin/ceph: stderr
2024-04-02T04:33:01.775+0000 7f608149e700 1 --2- 172.21.15.16:0/3575663315 >> [v2:172.21.15.16:6800/873531241,v1:172.21.15.16:6801/873531241] conn(0x7f6068038700 0x7f606803abc0 secure :-1 s=READY pgs=9 cs=0 l=1 rev1=1 crypto rx=0x7f6064006fd0 tx=0x7f6064006e40 comp rx=0 tx=0).stop
2024-04-02T04:33:02.333 INFO:teuthology.orchestra.run.smithi016.stdout:/usr/bin/ceph: stderr
2024-04-02T04:33:01.775+0000 7f608149e700 1 -- 172.21.15.16:0/3575663315 >> [v2:172.21.15.16:3300/0,v1:172.21.15.16:6789/0] conn(0x7f607c106510 msgr2=0x7f607c19a180 secure :-1 s=STATE_CONNECTION_ESTABLISHED l=1).mark_down
2024-04-02T04:33:02.333 INFO:teuthology.orchestra.run.smithi016.stdout:/usr/bin/ceph: stderr
2024-04-02T04:33:01.775+0000 7f608149e700 1 --2- 172.21.15.16:0/3575663315 >> [v2:172.21.15.16:3300/0,v1:172.21.15.16:6789/0] conn(0x7f607c106510 0x7f607c19a180 secure :-1 s=READY pgs=40 cs=0 l=1 rev1=1 crypto rx=0x7f60740099e0 tx=0x7f6074003d00 comp rx=0 tx=0).stop
2024-04-02T04:33:02.333 INFO:teuthology.orchestra.run.smithi016.stdout:/usr/bin/ceph: stderr
2024-04-02T04:33:01.775+0000 7f608149e700 1 -- 172.21.15.16:0/3575663315 shutdown_connections
2024-04-02T04:33:02.333 INFO:teuthology.orchestra.run.smithi016.stdout:/usr/bin/ceph: stderr
2024-04-02T04:33:01.775+0000 7f608149e700 1 --2- 172.21.15.16:0/3575663315 >> [v2:172.21.15.16:6800/873531241,v1:172.21.15.16:6801/873531241] conn(0x7f6068038700 0x7f606803abc0 unknown :-1 s=CLOSED pgs=9 cs=0 l=1 rev1=1 crypto rx=0 tx=0 comp rx=0 tx=0).stop
2024-04-02T04:33:02.333 INFO:teuthology.orchestra.run.smithi016.stdout:/usr/bin/ceph: stderr
2024-04-02T04:33:01.775+0000 7f608149e700 1 --2- 172.21.15.16:0/3575663315 >> [v2:172.21.15.16:3300/0,v1:172.21.15.16:6789/0] conn(0x7f607c106510 0x7f607c19a180 unknown :-1 s=CLOSED pgs=40 cs=0 l=1 rev1=1 crypto rx=0 tx=0 comp rx=0 tx=0).stop
2024-04-02T04:33:02.333 INFO:teuthology.orchestra.run.smithi016.stdout:/usr/bin/ceph: stderr
2024-04-02T04:33:01.775+0000 7f608149e700 1 -- 172.21.15.16:0/3575663315 >> 172.21.15.16:0/3575663315 conn(0x7f607c101b10 msgr2=0x7f607c1026a0 unknown :-1 s=STATE_NONE l=0).mark_down
2024-04-02T04:33:02.333 INFO:teuthology.orchestra.run.smithi016.stdout:/usr/bin/ceph: stderr
2024-04-02T04:33:01.775+0000 7f608149e700 1 -- 172.21.15.16:0/3575663315 shutdown_connections
2024-04-02T04:33:02.333 INFO:teuthology.orchestra.run.smithi016.stdout:/usr/bin/ceph: stderr
2024-04-02T04:33:01.775+0000 7f608149e700 1 -- 172.21.15.16:0/3575663315 wait complete.
2024-04-02T04:33:03.059 INFO:journalctl@ceph.mon.smithi016.smithi016.stdout:Apr 02 04:33:02 smithi016 ceph-mon[28969]: from='client.14134 -' entity='client.admin' cmd=[{"prefix": "cephadm generate-key", "target": ["mon-mgr", ""]}]: dispatch
2024-04-02T04:33:03.059 INFO:journalctl@ceph.mon.smithi016.smithi016.stdout:Apr 02 04:33:02 smithi016 ceph-mon[28969]: Generating ssh key...
2024-04-02T04:33:03.060 INFO:journalctl@ceph.mon.smithi016.smithi016.stdout:Apr 02 04:33:02 smithi016 ceph-mon[28969]: from='mgr.14118 172.21.15.16:0/872684120' entity='mgr.smithi016.eqnebx'
2024-04-02T04:33:03.060 INFO:journalctl@ceph.mon.smithi016.smithi016.stdout:Apr 02 04:33:02 smithi016 ceph-mon[28969]: from='mgr.14118 172.21.15.16:0/872684120' entity='mgr.smithi016.eqnebx'
2024-04-02T04:33:03.435 INFO:teuthology.orchestra.run.smithi016.stdout:/usr/bin/ceph: stdout ssh-rsa AAAAB3NzaC1yc2EAAAADAQABAAABgQC3nrI5QgzO2fY8sZYHpB+09l8v+CM9uFQ3nOL4i67UiiVLFEpF6CMC9qsNfnYOeOWH27Kve1tJ2R/GRGN1A8CpPbeYIwmovEMPmw8yFsYEnZy2nDaGgcc4PHEobGknzl7j0XB52Jm68APZ9i25s1GGmRayNH+c87AjCxgtRL9R/8y99Y+6oalbokf48y229+uaY/hMty3um0oGPOIDkbHP7Qxf8Ur0gDB2Kww4wDNauff0DmrW5Uq6cwD1CzlGYuBqlnKUNCdHRBBlSmo/2byM/4fnq/DjdpqTPVVN981jErA8dPefsle3kHmEojFemfx+HmQP3O4ZhT31/XH17YflocjtUbtF6drqQpZlnXD21gBnPWJ8CQaJpfC8tVpo5B26THiQGEs4Qbo0Il0giYlPze/hUTI8wrgBlIrefIRhWwHIzmuntifFgZZ8vJ6RJ6SAFmLvrXwusC+2j6ei2M8veyVDpzl5fpcahwinw0HOQLvZRfjL9ap3rKmKTigtSZk= ceph-dc5403b4-f0a9-11ee-b647-cb9ed24678a4
2024-04-02T04:33:03.435 INFO:teuthology.orchestra.run.smithi016.stdout:/usr/bin/ceph: stderr
2024-04-02T04:33:02.711+0000 7f2429d29700 1 Processor -- start
2024-04-02T04:33:03.435 INFO:teuthology.orchestra.run.smithi016.stdout:/usr/bin/ceph: stderr
2024-04-02T04:33:02.711+0000 7f2429d29700 1 -- start start
2024-04-02T04:33:03.435 INFO:teuthology.orchestra.run.smithi016.stdout:/usr/bin/ceph: stderr
2024-04-02T04:33:02.711+0000 7f2429d29700 1 --2- >> [v2:172.21.15.16:3300/0,v1:172.21.15.16:6789/0] conn(0x7f2424106f40 0x7f2424109330 unknown :-1 s=NONE pgs=0 cs=0 l=0 rev1=0 crypto rx=0 tx=0 comp rx=0 tx=0).connect
2024-04-02T04:33:03.435 INFO:teuthology.orchestra.run.smithi016.stdout:/usr/bin/ceph: stderr
2024-04-02T04:33:02.711+0000 7f2429d29700 1 -- --> [v2:172.21.15.16:3300/0,v1:172.21.15.16:6789/0] -- mon_getmap magic: 0 v1 -- 0x7f2424079e90 con 0x7f2424106f40
2024-04-02T04:33:03.435 INFO:teuthology.orchestra.run.smithi016.stdout:/usr/bin/ceph: stderr
2024-04-02T04:33:02.712+0000 7f24237fe700 1 --2- >> [v2:172.21.15.16:3300/0,v1:172.21.15.16:6789/0] conn(0x7f2424106f40 0x7f2424109330 unknown :-1 s=BANNER_CONNECTING pgs=0 cs=0 l=0 rev1=0 crypto rx=0 tx=0 comp rx=0 tx=0)._handle_peer_banner_payload supported=3 required=0
2024-04-02T04:33:03.435 INFO:teuthology.orchestra.run.smithi016.stdout:/usr/bin/ceph: stderr
2024-04-02T04:33:02.712+0000 7f24237fe700 1 --2- >> [v2:172.21.15.16:3300/0,v1:172.21.15.16:6789/0] conn(0x7f2424106f40 0x7f2424109330 unknown :-1 s=HELLO_CONNECTING pgs=0 cs=0 l=0 rev1=1 crypto rx=0 tx=0 comp rx=0 tx=0).handle_hello peer v2:172.21.15.16:3300/0 says I am v2:172.21.15.16:42068/0 (socket says 172.21.15.16:42068)
2024-04-02T04:33:03.435 INFO:teuthology.orchestra.run.smithi016.stdout:/usr/bin/ceph: stderr
2024-04-02T04:33:02.712+0000 7f24237fe700 1 -- 172.21.15.16:0/2739543606 learned_addr learned my addr 172.21.15.16:0/2739543606 (peer_addr_for_me v2:172.21.15.16:0/0)
2024-04-02T04:33:03.436 INFO:teuthology.orchestra.run.smithi016.stdout:/usr/bin/ceph: stderr
2024-04-02T04:33:02.712+0000 7f24237fe700 1 -- 172.21.15.16:0/2739543606 --> [v2:172.21.15.16:3300/0,v1:172.21.15.16:6789/0] -- mon_subscribe({config=0+,monmap=0+}) v3 -- 0x7f2424109870 con 0x7f2424106f40
2024-04-02T04:33:03.436 INFO:teuthology.orchestra.run.smithi016.stdout:/usr/bin/ceph: stderr
2024-04-02T04:33:02.712+0000 7f24237fe700 1 --2- 172.21.15.16:0/2739543606 >> [v2:172.21.15.16:3300/0,v1:172.21.15.16:6789/0] conn(0x7f2424106f40 0x7f2424109330 secure :-1 s=READY pgs=41 cs=0 l=1 rev1=1 crypto rx=0x7f24140098a0 tx=0x7f2414009bb0 comp rx=0 tx=0).ready entity=mon.0 client_cookie=7e5d61f650213e9e server_cookie=0 in_seq=0 out_seq=0
2024-04-02T04:33:03.436 INFO:teuthology.orchestra.run.smithi016.stdout:/usr/bin/ceph: stderr
2024-04-02T04:33:02.712+0000 7f24227fc700 1 -- 172.21.15.16:0/2739543606 <== mon.0 v2:172.21.15.16:3300/0 1 ==== mon_map magic: 0 v1 ==== 229+0+0 (secure 0 0 0) 0x7f2414004180 con 0x7f2424106f40
2024-04-02T04:33:03.436 INFO:teuthology.orchestra.run.smithi016.stdout:/usr/bin/ceph: stderr
2024-04-02T04:33:02.712+0000 7f24227fc700 1 -- 172.21.15.16:0/2739543606 <== mon.0 v2:172.21.15.16:3300/0 2 ==== config(27 keys) v1 ==== 1042+0+0 (secure 0 0 0) 0x7f24140042e0 con 0x7f2424106f40
2024-04-02T04:33:03.436 INFO:teuthology.orchestra.run.smithi016.stdout:/usr/bin/ceph: stderr
2024-04-02T04:33:02.712+0000 7f24227fc700 1 -- 172.21.15.16:0/2739543606 <== mon.0 v2:172.21.15.16:3300/0 3 ==== mon_map magic: 0 v1 ==== 229+0+0 (secure 0 0 0) 0x7f2414011a70 con 0x7f2424106f40
2024-04-02T04:33:03.436 INFO:teuthology.orchestra.run.smithi016.stdout:/usr/bin/ceph: stderr
2024-04-02T04:33:02.713+0000 7f2429d29700 1 -- 172.21.15.16:0/2739543606 >> [v2:172.21.15.16:3300/0,v1:172.21.15.16:6789/0] conn(0x7f2424106f40 msgr2=0x7f2424109330 secure :-1 s=STATE_CONNECTION_ESTABLISHED l=1).mark_down
2024-04-02T04:33:03.436 INFO:teuthology.orchestra.run.smithi016.stdout:/usr/bin/ceph: stderr
2024-04-02T04:33:02.713+0000 7f2429d29700 1 --2- 172.21.15.16:0/2739543606 >> [v2:172.21.15.16:3300/0,v1:172.21.15.16:6789/0] conn(0x7f2424106f40 0x7f2424109330 secure :-1 s=READY pgs=41 cs=0 l=1 rev1=1 crypto rx=0x7f24140098a0 tx=0x7f2414009bb0 comp rx=0 tx=0).stop
2024-04-02T04:33:03.436 INFO:teuthology.orchestra.run.smithi016.stdout:/usr/bin/ceph: stderr
2024-04-02T04:33:02.713+0000 7f2429d29700 1 -- 172.21.15.16:0/2739543606 shutdown_connections
2024-04-02T04:33:03.436 INFO:teuthology.orchestra.run.smithi016.stdout:/usr/bin/ceph: stderr
2024-04-02T04:33:02.713+0000 7f2429d29700 1 --2- 172.21.15.16:0/2739543606 >> [v2:172.21.15.16:3300/0,v1:172.21.15.16:6789/0] conn(0x7f2424106f40 0x7f2424109330 unknown :-1 s=CLOSED pgs=41 cs=0 l=1 rev1=1 crypto rx=0 tx=0 comp rx=0 tx=0).stop
2024-04-02T04:33:03.436 INFO:teuthology.orchestra.run.smithi016.stdout:/usr/bin/ceph: stderr
2024-04-02T04:33:02.713+0000 7f2429d29700 1 -- 172.21.15.16:0/2739543606 >> 172.21.15.16:0/2739543606 conn(0x7f2424100950 msgr2=0x7f2424102db0 unknown :-1 s=STATE_NONE l=0).mark_down
2024-04-02T04:33:03.436 INFO:teuthology.orchestra.run.smithi016.stdout:/usr/bin/ceph: stderr
2024-04-02T04:33:02.713+0000 7f2429d29700 1 -- 172.21.15.16:0/2739543606 shutdown_connections
2024-04-02T04:33:03.436 INFO:teuthology.orchestra.run.smithi016.stdout:/usr/bin/ceph: stderr
2024-04-02T04:33:02.713+0000 7f2429d29700 1 -- 172.21.15.16:0/2739543606 wait complete.
2024-04-02T04:33:03.436 INFO:teuthology.orchestra.run.smithi016.stdout:/usr/bin/ceph: stderr
2024-04-02T04:33:02.713+0000 7f2429d29700 1 Processor -- start
2024-04-02T04:33:03.436 INFO:teuthology.orchestra.run.smithi016.stdout:/usr/bin/ceph: stderr
2024-04-02T04:33:02.714+0000 7f2429d29700 1 -- start start
2024-04-02T04:33:03.437 INFO:teuthology.orchestra.run.smithi016.stdout:/usr/bin/ceph: stderr
2024-04-02T04:33:02.714+0000 7f2429d29700 1 --2- >> [v2:172.21.15.16:3300/0,v1:172.21.15.16:6789/0] conn(0x7f2424106f40 0x7f242419a240 unknown :-1 s=NONE pgs=0 cs=0 l=1 rev1=0 crypto rx=0 tx=0 comp rx=0 tx=0).connect
2024-04-02T04:33:03.437 INFO:teuthology.orchestra.run.smithi016.stdout:/usr/bin/ceph: stderr
2024-04-02T04:33:02.714+0000 7f2429d29700 1 -- --> [v2:172.21.15.16:3300/0,v1:172.21.15.16:6789/0] -- mon_getmap magic: 0 v1 -- 0x7f242419a780 con 0x7f2424106f40
2024-04-02T04:33:03.437 INFO:teuthology.orchestra.run.smithi016.stdout:/usr/bin/ceph: stderr
2024-04-02T04:33:02.714+0000 7f24237fe700 1 --2- >> [v2:172.21.15.16:3300/0,v1:172.21.15.16:6789/0] conn(0x7f2424106f40 0x7f242419a240 unknown :-1 s=BANNER_CONNECTING pgs=0 cs=0 l=1 rev1=0 crypto rx=0 tx=0 comp rx=0 tx=0)._handle_peer_banner_payload supported=3 required=0
2024-04-02T04:33:03.437 INFO:teuthology.orchestra.run.smithi016.stdout:/usr/bin/ceph: stderr
2024-04-02T04:33:02.714+0000 7f24237fe700 1 --2- >> [v2:172.21.15.16:3300/0,v1:172.21.15.16:6789/0] conn(0x7f2424106f40 0x7f242419a240 unknown :-1 s=HELLO_CONNECTING pgs=0 cs=0 l=1 rev1=1 crypto rx=0 tx=0 comp rx=0 tx=0).handle_hello peer v2:172.21.15.16:3300/0 says I am v2:172.21.15.16:42084/0 (socket says 172.21.15.16:42084)
2024-04-02T04:33:03.437 INFO:teuthology.orchestra.run.smithi016.stdout:/usr/bin/ceph: stderr
2024-04-02T04:33:02.714+0000 7f24237fe700 1 -- 172.21.15.16:0/1599646247 learned_addr learned my addr 172.21.15.16:0/1599646247 (peer_addr_for_me v2:172.21.15.16:0/0)
2024-04-02T04:33:03.437 INFO:teuthology.orchestra.run.smithi016.stdout:/usr/bin/ceph: stderr
2024-04-02T04:33:02.714+0000 7f24237fe700 1 -- 172.21.15.16:0/1599646247 --> [v2:172.21.15.16:3300/0,v1:172.21.15.16:6789/0] -- mon_subscribe({config=0+,monmap=0+}) v3 -- 0x7f2414009550 con 0x7f2424106f40
2024-04-02T04:33:03.437 INFO:teuthology.orchestra.run.smithi016.stdout:/usr/bin/ceph: stderr
2024-04-02T04:33:02.714+0000 7f24237fe700 1 --2- 172.21.15.16:0/1599646247 >> [v2:172.21.15.16:3300/0,v1:172.21.15.16:6789/0] conn(0x7f2424106f40 0x7f242419a240 secure :-1 s=READY pgs=42 cs=0 l=1 rev1=1 crypto rx=0x7f2414011a20 tx=0x7f24140047c0 comp rx=0 tx=0).ready entity=mon.0 client_cookie=0 server_cookie=0 in_seq=0 out_seq=0
2024-04-02T04:33:03.437 INFO:teuthology.orchestra.run.smithi016.stdout:/usr/bin/ceph: stderr
2024-04-02T04:33:02.714+0000 7f2420ff9700 1 -- 172.21.15.16:0/1599646247 <== mon.0 v2:172.21.15.16:3300/0 1 ==== mon_map magic: 0 v1 ==== 229+0+0 (secure 0 0 0) 0x7f2414003b10 con 0x7f2424106f40
2024-04-02T04:33:03.437 INFO:teuthology.orchestra.run.smithi016.stdout:/usr/bin/ceph: stderr
2024-04-02T04:33:02.715+0000 7f2429d29700 1 -- 172.21.15.16:0/1599646247 --> [v2:172.21.15.16:3300/0,v1:172.21.15.16:6789/0] -- mon_subscribe({mgrmap=0+}) v3 -- 0x7f242419a980 con 0x7f2424106f40
2024-04-02T04:33:03.437 INFO:teuthology.orchestra.run.smithi016.stdout:/usr/bin/ceph: stderr
2024-04-02T04:33:02.715+0000 7f2420ff9700 1 -- 172.21.15.16:0/1599646247 <== mon.0 v2:172.21.15.16:3300/0 2 ==== config(27 keys) v1 ==== 1042+0+0 (secure 0 0 0) 0x7f241401b8c0 con 0x7f2424106f40
2024-04-02T04:33:03.437 INFO:teuthology.orchestra.run.smithi016.stdout:/usr/bin/ceph: stderr
2024-04-02T04:33:02.715+0000 7f2420ff9700 1 -- 172.21.15.16:0/1599646247 <== mon.0 v2:172.21.15.16:3300/0 3 ==== mon_map magic: 0 v1 ==== 229+0+0 (secure 0 0 0) 0x7f24140237b0 con 0x7f2424106f40
2024-04-02T04:33:03.437 INFO:teuthology.orchestra.run.smithi016.stdout:/usr/bin/ceph: stderr
2024-04-02T04:33:02.715+0000 7f2429d29700 1 -- 172.21.15.16:0/1599646247 --> [v2:172.21.15.16:3300/0,v1:172.21.15.16:6789/0] -- mon_subscribe({osdmap=0}) v3 -- 0x7f242419ae20 con 0x7f2424106f40
2024-04-02T04:33:03.437 INFO:teuthology.orchestra.run.smithi016.stdout:/usr/bin/ceph: stderr
