2024-04-02T04:33:13.502+0000 7fd32affd700 1 -- 172.21.15.16:0/2844032504 <== mon.0 v2:172.21.15.16:3300/0 5 ==== osd_map(2..2 src has 1..2) v4 ==== 940+0+0 (secure 0 0 0) 0x7fd32404c840 con 0x7fd334106f30
2024-04-02T04:33:14.283 INFO:teuthology.orchestra.run.smithi016.stdout:/usr/bin/ceph: stderr
2024-04-02T04:33:13.502+0000 7fd339609700 1 --2- 172.21.15.16:0/2844032504 >> [v2:172.21.15.16:6800/873531241,v1:172.21.15.16:6801/873531241] conn(0x7fd320038730 0x7fd32003abf0 unknown :-1 s=BANNER_CONNECTING pgs=0 cs=0 l=1 rev1=0 crypto rx=0 tx=0 comp rx=0 tx=0)._handle_peer_banner_payload supported=3 required=0
2024-04-02T04:33:14.283 INFO:teuthology.orchestra.run.smithi016.stdout:/usr/bin/ceph: stderr
2024-04-02T04:33:13.502+0000 7fd339609700 1 --2- 172.21.15.16:0/2844032504 >> [v2:172.21.15.16:6800/873531241,v1:172.21.15.16:6801/873531241] conn(0x7fd320038730 0x7fd32003abf0 secure :-1 s=READY pgs=16 cs=0 l=1 rev1=1 crypto rx=0x7fd330006fd0 tx=0x7fd330006e40 comp rx=0 tx=0).ready entity=mgr.14118 client_cookie=0 server_cookie=0 in_seq=0 out_seq=0
2024-04-02T04:33:14.283 INFO:teuthology.orchestra.run.smithi016.stdout:/usr/bin/ceph: stderr
2024-04-02T04:33:13.507+0000 7fd32affd700 1 -- 172.21.15.16:0/2844032504 <== mon.0 v2:172.21.15.16:3300/0 6 ==== mon_command_ack([{"prefix": "get_command_descriptions"}]=0 v0) v1 ==== 72+0+182738 (secure 0 0 0) 0x7fd324022310 con 0x7fd334106f30
2024-04-02T04:33:14.283 INFO:teuthology.orchestra.run.smithi016.stdout:/usr/bin/ceph: stderr
2024-04-02T04:33:13.730+0000 7fd33c06e700 1 -- 172.21.15.16:0/2844032504 --> [v2:172.21.15.16:6800/873531241,v1:172.21.15.16:6801/873531241] -- mgr_command(tid 0: {"prefix": "orch apply", "service_type": "prometheus", "target": ["mon-mgr", ""]}) v1 -- 0x7fd334101b80 con 0x7fd320038730
2024-04-02T04:33:14.283 INFO:teuthology.orchestra.run.smithi016.stdout:/usr/bin/ceph: stderr
2024-04-02T04:33:13.734+0000 7fd32affd700 1 -- 172.21.15.16:0/2844032504 <== mgr.14118 v2:172.21.15.16:6800/873531241 1 ==== mgr_command_reply(tid 0: 0 ) v1 ==== 8+0+31 (secure 0 0 0) 0x7fd334101b80 con 0x7fd320038730
2024-04-02T04:33:14.284 INFO:teuthology.orchestra.run.smithi016.stdout:/usr/bin/ceph: stderr
2024-04-02T04:33:13.737+0000 7fd33c06e700 1 -- 172.21.15.16:0/2844032504 >> [v2:172.21.15.16:6800/873531241,v1:172.21.15.16:6801/873531241] conn(0x7fd320038730 msgr2=0x7fd32003abf0 secure :-1 s=STATE_CONNECTION_ESTABLISHED l=1).mark_down
2024-04-02T04:33:14.284 INFO:teuthology.orchestra.run.smithi016.stdout:/usr/bin/ceph: stderr
2024-04-02T04:33:13.737+0000 7fd33c06e700 1 --2- 172.21.15.16:0/2844032504 >> [v2:172.21.15.16:6800/873531241,v1:172.21.15.16:6801/873531241] conn(0x7fd320038730 0x7fd32003abf0 secure :-1 s=READY pgs=16 cs=0 l=1 rev1=1 crypto rx=0x7fd330006fd0 tx=0x7fd330006e40 comp rx=0 tx=0).stop
2024-04-02T04:33:14.284 INFO:teuthology.orchestra.run.smithi016.stdout:/usr/bin/ceph: stderr
2024-04-02T04:33:13.737+0000 7fd33c06e700 1 -- 172.21.15.16:0/2844032504 >> [v2:172.21.15.16:3300/0,v1:172.21.15.16:6789/0] conn(0x7fd334106f30 msgr2=0x7fd33419c440 secure :-1 s=STATE_CONNECTION_ESTABLISHED l=1).mark_down
2024-04-02T04:33:14.284 INFO:teuthology.orchestra.run.smithi016.stdout:/usr/bin/ceph: stderr
2024-04-02T04:33:13.737+0000 7fd33c06e700 1 --2- 172.21.15.16:0/2844032504 >> [v2:172.21.15.16:3300/0,v1:172.21.15.16:6789/0] conn(0x7fd334106f30 0x7fd33419c440 secure :-1 s=READY pgs=54 cs=0 l=1 rev1=1 crypto rx=0x7fd324009fb0 tx=0x7fd324011890 comp rx=0 tx=0).stop
2024-04-02T04:33:14.284 INFO:teuthology.orchestra.run.smithi016.stdout:/usr/bin/ceph: stderr
2024-04-02T04:33:13.737+0000 7fd33c06e700 1 -- 172.21.15.16:0/2844032504 shutdown_connections
2024-04-02T04:33:14.284 INFO:teuthology.orchestra.run.smithi016.stdout:/usr/bin/ceph: stderr
2024-04-02T04:33:13.737+0000 7fd33c06e700 1 --2- 172.21.15.16:0/2844032504 >> [v2:172.21.15.16:6800/873531241,v1:172.21.15.16:6801/873531241] conn(0x7fd320038730 0x7fd32003abf0 unknown :-1 s=CLOSED pgs=16 cs=0 l=1 rev1=1 crypto rx=0 tx=0 comp rx=0 tx=0).stop
2024-04-02T04:33:14.284 INFO:teuthology.orchestra.run.smithi016.stdout:/usr/bin/ceph: stderr
2024-04-02T04:33:13.737+0000 7fd33c06e700 1 --2- 172.21.15.16:0/2844032504 >> [v2:172.21.15.16:3300/0,v1:172.21.15.16:6789/0] conn(0x7fd334106f30 0x7fd33419c440 unknown :-1 s=CLOSED pgs=54 cs=0 l=1 rev1=1 crypto rx=0 tx=0 comp rx=0 tx=0).stop
2024-04-02T04:33:14.284 INFO:teuthology.orchestra.run.smithi016.stdout:/usr/bin/ceph: stderr
2024-04-02T04:33:13.737+0000 7fd33c06e700 1 -- 172.21.15.16:0/2844032504 >> 172.21.15.16:0/2844032504 conn(0x7fd3341009c0 msgr2=0x7fd334101470 unknown :-1 s=STATE_NONE l=0).mark_down
2024-04-02T04:33:14.284 INFO:teuthology.orchestra.run.smithi016.stdout:/usr/bin/ceph: stderr
2024-04-02T04:33:13.737+0000 7fd33c06e700 1 -- 172.21.15.16:0/2844032504 shutdown_connections
2024-04-02T04:33:14.285 INFO:teuthology.orchestra.run.smithi016.stdout:/usr/bin/ceph: stderr
2024-04-02T04:33:13.737+0000 7fd33c06e700 1 -- 172.21.15.16:0/2844032504 wait complete.
2024-04-02T04:33:14.285 INFO:teuthology.orchestra.run.smithi016.stdout:Deploying grafana service with default placement...
2024-04-02T04:33:14.878 INFO:journalctl@ceph.mon.smithi016.smithi016.stdout:Apr 02 04:33:14 smithi016 ceph-mon[28969]: from='client.14148 -' entity='client.admin' cmd=[{"prefix": "orch apply", "service_type": "prometheus", "target": ["mon-mgr", ""]}]: dispatch
2024-04-02T04:33:14.879 INFO:journalctl@ceph.mon.smithi016.smithi016.stdout:Apr 02 04:33:14 smithi016 ceph-mon[28969]: Saving service prometheus spec with placement count:1
2024-04-02T04:33:14.879 INFO:journalctl@ceph.mon.smithi016.smithi016.stdout:Apr 02 04:33:14 smithi016 ceph-mon[28969]: from='mgr.14118 172.21.15.16:0/872684120' entity='mgr.smithi016.eqnebx'
2024-04-02T04:33:14.879 INFO:journalctl@ceph.mon.smithi016.smithi016.stdout:Apr 02 04:33:14 smithi016 ceph-mon[28969]: from='mgr.14118 172.21.15.16:0/872684120' entity='mgr.smithi016.eqnebx'
2024-04-02T04:33:15.487 INFO:teuthology.orchestra.run.smithi016.stdout:/usr/bin/ceph: stdout Scheduled grafana update...
2024-04-02T04:33:15.487 INFO:teuthology.orchestra.run.smithi016.stdout:/usr/bin/ceph: stderr
2024-04-02T04:33:14.722+0000 7fcee349a700 1 Processor -- start
2024-04-02T04:33:15.488 INFO:teuthology.orchestra.run.smithi016.stdout:/usr/bin/ceph: stderr
2024-04-02T04:33:14.722+0000 7fcee349a700 1 -- start start
2024-04-02T04:33:15.488 INFO:teuthology.orchestra.run.smithi016.stdout:/usr/bin/ceph: stderr
2024-04-02T04:33:14.722+0000 7fcee349a700 1 --2- >> [v2:172.21.15.16:3300/0,v1:172.21.15.16:6789/0] conn(0x7fcedc07be00 0x7fcedc07a300 unknown :-1 s=NONE pgs=0 cs=0 l=0 rev1=0 crypto rx=0 tx=0 comp rx=0 tx=0).connect
2024-04-02T04:33:15.488 INFO:teuthology.orchestra.run.smithi016.stdout:/usr/bin/ceph: stderr
2024-04-02T04:33:14.722+0000 7fcee349a700 1 -- --> [v2:172.21.15.16:3300/0,v1:172.21.15.16:6789/0] -- mon_getmap magic: 0 v1 -- 0x7fcedc07a840 con 0x7fcedc07be00
2024-04-02T04:33:15.488 INFO:teuthology.orchestra.run.smithi016.stdout:/usr/bin/ceph: stderr
2024-04-02T04:33:14.723+0000 7fcee1236700 1 --2- >> [v2:172.21.15.16:3300/0,v1:172.21.15.16:6789/0] conn(0x7fcedc07be00 0x7fcedc07a300 unknown :-1 s=BANNER_CONNECTING pgs=0 cs=0 l=0 rev1=0 crypto rx=0 tx=0 comp rx=0 tx=0)._handle_peer_banner_payload supported=3 required=0
2024-04-02T04:33:15.488 INFO:teuthology.orchestra.run.smithi016.stdout:/usr/bin/ceph: stderr
2024-04-02T04:33:14.723+0000 7fcee1236700 1 --2- >> [v2:172.21.15.16:3300/0,v1:172.21.15.16:6789/0] conn(0x7fcedc07be00 0x7fcedc07a300 unknown :-1 s=HELLO_CONNECTING pgs=0 cs=0 l=0 rev1=1 crypto rx=0 tx=0 comp rx=0 tx=0).handle_hello peer v2:172.21.15.16:3300/0 says I am v2:172.21.15.16:47298/0 (socket says 172.21.15.16:47298)
2024-04-02T04:33:15.488 INFO:teuthology.orchestra.run.smithi016.stdout:/usr/bin/ceph: stderr
2024-04-02T04:33:14.723+0000 7fcee1236700 1 -- 172.21.15.16:0/1882895886 learned_addr learned my addr 172.21.15.16:0/1882895886 (peer_addr_for_me v2:172.21.15.16:0/0)
2024-04-02T04:33:15.488 INFO:teuthology.orchestra.run.smithi016.stdout:/usr/bin/ceph: stderr
2024-04-02T04:33:14.723+0000 7fcee1236700 1 -- 172.21.15.16:0/1882895886 --> [v2:172.21.15.16:3300/0,v1:172.21.15.16:6789/0] -- mon_subscribe({config=0+,monmap=0+}) v3 -- 0x7fcedc07a980 con 0x7fcedc07be00
2024-04-02T04:33:15.488 INFO:teuthology.orchestra.run.smithi016.stdout:/usr/bin/ceph: stderr
2024-04-02T04:33:14.723+0000 7fcee1236700 1 --2- 172.21.15.16:0/1882895886 >> [v2:172.21.15.16:3300/0,v1:172.21.15.16:6789/0] conn(0x7fcedc07be00 0x7fcedc07a300 secure :-1 s=READY pgs=55 cs=0 l=1 rev1=1 crypto rx=0x7fced00098a0 tx=0x7fced0009bb0 comp rx=0 tx=0).ready entity=mon.0 client_cookie=6c89ad15535fc04b server_cookie=0 in_seq=0 out_seq=0
2024-04-02T04:33:15.488 INFO:teuthology.orchestra.run.smithi016.stdout:/usr/bin/ceph: stderr
2024-04-02T04:33:14.723+0000 7fcecffff700 1 -- 172.21.15.16:0/1882895886 <== mon.0 v2:172.21.15.16:3300/0 1 ==== mon_map magic: 0 v1 ==== 229+0+0 (secure 0 0 0) 0x7fced0004180 con 0x7fcedc07be00
2024-04-02T04:33:15.488 INFO:teuthology.orchestra.run.smithi016.stdout:/usr/bin/ceph: stderr
2024-04-02T04:33:14.723+0000 7fcecffff700 1 -- 172.21.15.16:0/1882895886 <== mon.0 v2:172.21.15.16:3300/0 2 ==== config(27 keys) v1 ==== 1109+0+0 (secure 0 0 0) 0x7fced00042e0 con 0x7fcedc07be00
2024-04-02T04:33:15.488 INFO:teuthology.orchestra.run.smithi016.stdout:/usr/bin/ceph: stderr
2024-04-02T04:33:14.723+0000 7fcecffff700 1 -- 172.21.15.16:0/1882895886 <== mon.0 v2:172.21.15.16:3300/0 3 ==== mon_map magic: 0 v1 ==== 229+0+0 (secure 0 0 0) 0x7fced0011b10 con 0x7fcedc07be00
2024-04-02T04:33:15.488 INFO:teuthology.orchestra.run.smithi016.stdout:/usr/bin/ceph: stderr
2024-04-02T04:33:14.724+0000 7fcee349a700 1 -- 172.21.15.16:0/1882895886 >> [v2:172.21.15.16:3300/0,v1:172.21.15.16:6789/0] conn(0x7fcedc07be00 msgr2=0x7fcedc07a300 secure :-1 s=STATE_CONNECTION_ESTABLISHED l=1).mark_down
2024-04-02T04:33:15.488 INFO:teuthology.orchestra.run.smithi016.stdout:/usr/bin/ceph: stderr
2024-04-02T04:33:14.724+0000 7fcee349a700 1 --2- 172.21.15.16:0/1882895886 >> [v2:172.21.15.16:3300/0,v1:172.21.15.16:6789/0] conn(0x7fcedc07be00 0x7fcedc07a300 secure :-1 s=READY pgs=55 cs=0 l=1 rev1=1 crypto rx=0x7fced00098a0 tx=0x7fced0009bb0 comp rx=0 tx=0).stop
2024-04-02T04:33:15.488 INFO:teuthology.orchestra.run.smithi016.stdout:/usr/bin/ceph: stderr
2024-04-02T04:33:14.724+0000 7fcee349a700 1 -- 172.21.15.16:0/1882895886 shutdown_connections
2024-04-02T04:33:15.489 INFO:teuthology.orchestra.run.smithi016.stdout:/usr/bin/ceph: stderr
2024-04-02T04:33:14.724+0000 7fcee349a700 1 --2- 172.21.15.16:0/1882895886 >> [v2:172.21.15.16:3300/0,v1:172.21.15.16:6789/0] conn(0x7fcedc07be00 0x7fcedc07a300 unknown :-1 s=CLOSED pgs=55 cs=0 l=1 rev1=1 crypto rx=0 tx=0 comp rx=0 tx=0).stop
2024-04-02T04:33:15.489 INFO:teuthology.orchestra.run.smithi016.stdout:/usr/bin/ceph: stderr
2024-04-02T04:33:14.724+0000 7fcee349a700 1 -- 172.21.15.16:0/1882895886 >> 172.21.15.16:0/1882895886 conn(0x7fcedc101b10 msgr2=0x7fcedc103f30 unknown :-1 s=STATE_NONE l=0).mark_down
2024-04-02T04:33:15.489 INFO:teuthology.orchestra.run.smithi016.stdout:/usr/bin/ceph: stderr
2024-04-02T04:33:14.724+0000 7fcee349a700 1 -- 172.21.15.16:0/1882895886 shutdown_connections
2024-04-02T04:33:15.489 INFO:teuthology.orchestra.run.smithi016.stdout:/usr/bin/ceph: stderr
2024-04-02T04:33:14.724+0000 7fcee349a700 1 -- 172.21.15.16:0/1882895886 wait complete.
2024-04-02T04:33:15.489 INFO:teuthology.orchestra.run.smithi016.stdout:/usr/bin/ceph: stderr
2024-04-02T04:33:14.725+0000 7fcee349a700 1 Processor -- start
2024-04-02T04:33:15.489 INFO:teuthology.orchestra.run.smithi016.stdout:/usr/bin/ceph: stderr
2024-04-02T04:33:14.725+0000 7fcee349a700 1 -- start start
2024-04-02T04:33:15.489 INFO:teuthology.orchestra.run.smithi016.stdout:/usr/bin/ceph: stderr
2024-04-02T04:33:14.725+0000 7fcee349a700 1 --2- >> [v2:172.21.15.16:3300/0,v1:172.21.15.16:6789/0] conn(0x7fcedc07be00 0x7fcedc19c420 unknown :-1 s=NONE pgs=0 cs=0 l=1 rev1=0 crypto rx=0 tx=0 comp rx=0 tx=0).connect
2024-04-02T04:33:15.489 INFO:teuthology.orchestra.run.smithi016.stdout:/usr/bin/ceph: stderr
2024-04-02T04:33:14.725+0000 7fcee349a700 1 -- --> [v2:172.21.15.16:3300/0,v1:172.21.15.16:6789/0] -- mon_getmap magic: 0 v1 -- 0x7fcedc19c960 con 0x7fcedc07be00
2024-04-02T04:33:15.489 INFO:teuthology.orchestra.run.smithi016.stdout:/usr/bin/ceph: stderr
2024-04-02T04:33:14.725+0000 7fcee1236700 1 --2- >> [v2:172.21.15.16:3300/0,v1:172.21.15.16:6789/0] conn(0x7fcedc07be00 0x7fcedc19c420 unknown :-1 s=BANNER_CONNECTING pgs=0 cs=0 l=1 rev1=0 crypto rx=0 tx=0 comp rx=0 tx=0)._handle_peer_banner_payload supported=3 required=0
2024-04-02T04:33:15.489 INFO:teuthology.orchestra.run.smithi016.stdout:/usr/bin/ceph: stderr
2024-04-02T04:33:14.725+0000 7fcee1236700 1 --2- >> [v2:172.21.15.16:3300/0,v1:172.21.15.16:6789/0] conn(0x7fcedc07be00 0x7fcedc19c420 unknown :-1 s=HELLO_CONNECTING pgs=0 cs=0 l=1 rev1=1 crypto rx=0 tx=0 comp rx=0 tx=0).handle_hello peer v2:172.21.15.16:3300/0 says I am v2:172.21.15.16:47300/0 (socket says 172.21.15.16:47300)
2024-04-02T04:33:15.489 INFO:teuthology.orchestra.run.smithi016.stdout:/usr/bin/ceph: stderr
2024-04-02T04:33:14.725+0000 7fcee1236700 1 -- 172.21.15.16:0/2864564067 learned_addr learned my addr 172.21.15.16:0/2864564067 (peer_addr_for_me v2:172.21.15.16:0/0)
2024-04-02T04:33:15.489 INFO:teuthology.orchestra.run.smithi016.stdout:/usr/bin/ceph: stderr
2024-04-02T04:33:14.725+0000 7fcee1236700 1 -- 172.21.15.16:0/2864564067 --> [v2:172.21.15.16:3300/0,v1:172.21.15.16:6789/0] -- mon_subscribe({config=0+,monmap=0+}) v3 -- 0x7fced0009550 con 0x7fcedc07be00
2024-04-02T04:33:15.489 INFO:teuthology.orchestra.run.smithi016.stdout:/usr/bin/ceph: stderr
2024-04-02T04:33:14.726+0000 7fcee1236700 1 --2- 172.21.15.16:0/2864564067 >> [v2:172.21.15.16:3300/0,v1:172.21.15.16:6789/0] conn(0x7fcedc07be00 0x7fcedc19c420 secure :-1 s=READY pgs=56 cs=0 l=1 rev1=1 crypto rx=0x7fced0009fb0 tx=0x7fced0011890 comp rx=0 tx=0).ready entity=mon.0 client_cookie=0 server_cookie=0 in_seq=0 out_seq=0
2024-04-02T04:33:15.489 INFO:teuthology.orchestra.run.smithi016.stdout:/usr/bin/ceph: stderr
2024-04-02T04:33:14.726+0000 7fcece7fc700 1 -- 172.21.15.16:0/2864564067 <== mon.0 v2:172.21.15.16:3300/0 1 ==== mon_map magic: 0 v1 ==== 229+0+0 (secure 0 0 0) 0x7fced00038b0 con 0x7fcedc07be00
2024-04-02T04:33:15.490 INFO:teuthology.orchestra.run.smithi016.stdout:/usr/bin/ceph: stderr
2024-04-02T04:33:14.726+0000 7fcee349a700 1 -- 172.21.15.16:0/2864564067 --> [v2:172.21.15.16:3300/0,v1:172.21.15.16:6789/0] -- mon_subscribe({mgrmap=0+}) v3 -- 0x7fcedc19cb60 con 0x7fcedc07be00
2024-04-02T04:33:15.490 INFO:teuthology.orchestra.run.smithi016.stdout:/usr/bin/ceph: stderr
2024-04-02T04:33:14.726+0000 7fcece7fc700 1 -- 172.21.15.16:0/2864564067 <== mon.0 v2:172.21.15.16:3300/0 2 ==== config(27 keys) v1 ==== 1109+0+0 (secure 0 0 0) 0x7fced0003a10 con 0x7fcedc07be00
2024-04-02T04:33:15.490 INFO:teuthology.orchestra.run.smithi016.stdout:/usr/bin/ceph: stderr
2024-04-02T04:33:14.726+0000 7fcece7fc700 1 -- 172.21.15.16:0/2864564067 <== mon.0 v2:172.21.15.16:3300/0 3 ==== mon_map magic: 0 v1 ==== 229+0+0 (secure 0 0 0) 0x7fced0019750 con 0x7fcedc07be00
2024-04-02T04:33:15.490 INFO:teuthology.orchestra.run.smithi016.stdout:/usr/bin/ceph: stderr
2024-04-02T04:33:14.726+0000 7fcee349a700 1 -- 172.21.15.16:0/2864564067 --> [v2:172.21.15.16:3300/0,v1:172.21.15.16:6789/0] -- mon_subscribe({osdmap=0}) v3 -- 0x7fcedc19d000 con 0x7fcedc07be00
2024-04-02T04:33:15.490 INFO:teuthology.orchestra.run.smithi016.stdout:/usr/bin/ceph: stderr
2024-04-02T04:33:14.727+0000 7fcee349a700 1 -- 172.21.15.16:0/2864564067 --> [v2:172.21.15.16:3300/0,v1:172.21.15.16:6789/0] -- mon_command({"prefix": "get_command_descriptions"} v 0) v1 -- 0x7fcedc10c7f0 con 0x7fcedc07be00
2024-04-02T04:33:15.490 INFO:teuthology.orchestra.run.smithi016.stdout:/usr/bin/ceph: stderr
2024-04-02T04:33:14.727+0000 7fcece7fc700 1 -- 172.21.15.16:0/2864564067 <== mon.0 v2:172.21.15.16:3300/0 4 ==== mgrmap(e 8) v1 ==== 45548+0+0 (secure 0 0 0) 0x7fced00198b0 con 0x7fcedc07be00
2024-04-02T04:33:15.490 INFO:teuthology.orchestra.run.smithi016.stdout:/usr/bin/ceph: stderr
2024-04-02T04:33:14.727+0000 7fcece7fc700 1 --2- 172.21.15.16:0/2864564067 >> [v2:172.21.15.16:6800/873531241,v1:172.21.15.16:6801/873531241] conn(0x7fcec8038730 0x7fcec803abf0 unknown :-1 s=NONE pgs=0 cs=0 l=1 rev1=0 crypto rx=0 tx=0 comp rx=0 tx=0).connect
2024-04-02T04:33:15.490 INFO:teuthology.orchestra.run.smithi016.stdout:/usr/bin/ceph: stderr
2024-04-02T04:33:14.727+0000 7fcece7fc700 1 -- 172.21.15.16:0/2864564067 <== mon.0 v2:172.21.15.16:3300/0 5 ==== osd_map(2..2 src has 1..2) v4 ==== 940+0+0 (secure 0 0 0) 0x7fced004c900 con 0x7fcedc07be00
2024-04-02T04:33:15.490 INFO:teuthology.orchestra.run.smithi016.stdout:/usr/bin/ceph: stderr
2024-04-02T04:33:14.727+0000 7fcee0a35700 1 --2- 172.21.15.16:0/2864564067 >> [v2:172.21.15.16:6800/873531241,v1:172.21.15.16:6801/873531241] conn(0x7fcec8038730 0x7fcec803abf0 unknown :-1 s=BANNER_CONNECTING pgs=0 cs=0 l=1 rev1=0 crypto rx=0 tx=0 comp rx=0 tx=0)._handle_peer_banner_payload supported=3 required=0
2024-04-02T04:33:15.490 INFO:teuthology.orchestra.run.smithi016.stdout:/usr/bin/ceph: stderr
2024-04-02T04:33:14.728+0000 7fcee0a35700 1 --2- 172.21.15.16:0/2864564067 >> [v2:172.21.15.16:6800/873531241,v1:172.21.15.16:6801/873531241] conn(0x7fcec8038730 0x7fcec803abf0 secure :-1 s=READY pgs=17 cs=0 l=1 rev1=1 crypto rx=0x7fced8006fd0 tx=0x7fced8006e40 comp rx=0 tx=0).ready entity=mgr.14118 client_cookie=0 server_cookie=0 in_seq=0 out_seq=0
2024-04-02T04:33:15.490 INFO:teuthology.orchestra.run.smithi016.stdout:/usr/bin/ceph: stderr
2024-04-02T04:33:14.732+0000 7fcece7fc700 1 -- 172.21.15.16:0/2864564067 <== mon.0 v2:172.21.15.16:3300/0 6 ==== mon_command_ack([{"prefix": "get_command_descriptions"}]=0 v0) v1 ==== 72+0+182738 (secure 0 0 0) 0x7fced00226d0 con 0x7fcedc07be00
2024-04-02T04:33:15.490 INFO:teuthology.orchestra.run.smithi016.stdout:/usr/bin/ceph: stderr
2024-04-02T04:33:14.958+0000 7fcee349a700 1 -- 172.21.15.16:0/2864564067 --> [v2:172.21.15.16:6800/873531241,v1:172.21.15.16:6801/873531241] -- mgr_command(tid 0: {"prefix": "orch apply", "service_type": "grafana", "target": ["mon-mgr", ""]}) v1 -- 0x7fcedc102dd0 con 0x7fcec8038730
2024-04-02T04:33:15.491 INFO:teuthology.orchestra.run.smithi016.stdout:/usr/bin/ceph: stderr
2024-04-02T04:33:14.964+0000 7fcece7fc700 1 -- 172.21.15.16:0/2864564067 <== mgr.14118 v2:172.21.15.16:6800/873531241 1 ==== mgr_command_reply(tid 0: 0 ) v1 ==== 8+0+28 (secure 0 0 0) 0x7fcedc102dd0 con 0x7fcec8038730
2024-04-02T04:33:15.491 INFO:teuthology.orchestra.run.smithi016.stdout:/usr/bin/ceph: stderr
2024-04-02T04:33:14.966+0000 7fcee349a700 1 -- 172.21.15.16:0/2864564067 >> [v2:172.21.15.16:6800/873531241,v1:172.21.15.16:6801/873531241] conn(0x7fcec8038730 msgr2=0x7fcec803abf0 secure :-1 s=STATE_CONNECTION_ESTABLISHED l=1).mark_down
2024-04-02T04:33:15.491 INFO:teuthology.orchestra.run.smithi016.stdout:/usr/bin/ceph: stderr
2024-04-02T04:33:14.966+0000 7fcee349a700 1 --2- 172.21.15.16:0/2864564067 >> [v2:172.21.15.16:6800/873531241,v1:172.21.15.16:6801/873531241] conn(0x7fcec8038730 0x7fcec803abf0 secure :-1 s=READY pgs=17 cs=0 l=1 rev1=1 crypto rx=0x7fced8006fd0 tx=0x7fced8006e40 comp rx=0 tx=0).stop
2024-04-02T04:33:15.491 INFO:teuthology.orchestra.run.smithi016.stdout:/usr/bin/ceph: stderr
2024-04-02T04:33:14.966+0000 7fcee349a700 1 -- 172.21.15.16:0/2864564067 >> [v2:172.21.15.16:3300/0,v1:172.21.15.16:6789/0] conn(0x7fcedc07be00 msgr2=0x7fcedc19c420 secure :-1 s=STATE_CONNECTION_ESTABLISHED l=1).mark_down
2024-04-02T04:33:15.491 INFO:teuthology.orchestra.run.smithi016.stdout:/usr/bin/ceph: stderr
2024-04-02T04:33:14.966+0000 7fcee349a700 1 --2- 172.21.15.16:0/2864564067 >> [v2:172.21.15.16:3300/0,v1:172.21.15.16:6789/0] conn(0x7fcedc07be00 0x7fcedc19c420 secure :-1 s=READY pgs=56 cs=0 l=1 rev1=1 crypto rx=0x7fced0009fb0 tx=0x7fced0011890 comp rx=0 tx=0).stop
2024-04-02T04:33:15.491 INFO:teuthology.orchestra.run.smithi016.stdout:/usr/bin/ceph: stderr
2024-04-02T04:33:14.966+0000 7fcee349a700 1 -- 172.21.15.16:0/2864564067 shutdown_connections
2024-04-02T04:33:15.491 INFO:teuthology.orchestra.run.smithi016.stdout:/usr/bin/ceph: stderr
2024-04-02T04:33:14.966+0000 7fcee349a700 1 --2- 172.21.15.16:0/2864564067 >> [v2:172.21.15.16:6800/873531241,v1:172.21.15.16:6801/873531241] conn(0x7fcec8038730 0x7fcec803abf0 unknown :-1 s=CLOSED pgs=17 cs=0 l=1 rev1=1 crypto rx=0 tx=0 comp rx=0 tx=0).stop
2024-04-02T04:33:15.491 INFO:teuthology.orchestra.run.smithi016.stdout:/usr/bin/ceph: stderr
2024-04-02T04:33:14.966+0000 7fcee349a700 1 --2- 172.21.15.16:0/2864564067 >> [v2:172.21.15.16:3300/0,v1:172.21.15.16:6789/0] conn(0x7fcedc07be00 0x7fcedc19c420 unknown :-1 s=CLOSED pgs=56 cs=0 l=1 rev1=1 crypto rx=0 tx=0 comp rx=0 tx=0).stop
2024-04-02T04:33:15.491 INFO:teuthology.orchestra.run.smithi016.stdout:/usr/bin/ceph: stderr
2024-04-02T04:33:14.966+0000 7fcee349a700 1 -- 172.21.15.16:0/2864564067 >> 172.21.15.16:0/2864564067 conn(0x7fcedc101b10 msgr2=0x7fcedc1026c0 unknown :-1 s=STATE_NONE l=0).mark_down
2024-04-02T04:33:15.491 INFO:teuthology.orchestra.run.smithi016.stdout:/usr/bin/ceph: stderr
2024-04-02T04:33:14.966+0000 7fcee349a700 1 -- 172.21.15.16:0/2864564067 shutdown_connections
2024-04-02T04:33:15.491 INFO:teuthology.orchestra.run.smithi016.stdout:/usr/bin/ceph: stderr
2024-04-02T04:33:14.966+0000 7fcee349a700 1 -- 172.21.15.16:0/2864564067 wait complete.
2024-04-02T04:33:15.491 INFO:teuthology.orchestra.run.smithi016.stdout:Deploying node-exporter service with default placement...
2024-04-02T04:33:16.125 INFO:journalctl@ceph.mon.smithi016.smithi016.stdout:Apr 02 04:33:15 smithi016 ceph-mon[28969]: from='client.14150 -' entity='client.admin' cmd=[{"prefix": "orch apply", "service_type": "grafana", "target": ["mon-mgr", ""]}]: dispatch
2024-04-02T04:33:16.125 INFO:journalctl@ceph.mon.smithi016.smithi016.stdout:Apr 02 04:33:15 smithi016 ceph-mon[28969]: Saving service grafana spec with placement count:1
2024-04-02T04:33:16.125 INFO:journalctl@ceph.mon.smithi016.smithi016.stdout:Apr 02 04:33:15 smithi016 ceph-mon[28969]: from='mgr.14118 172.21.15.16:0/872684120' entity='mgr.smithi016.eqnebx'
2024-04-02T04:33:16.838 INFO:teuthology.orchestra.run.smithi016.stdout:/usr/bin/ceph: stdout Scheduled node-exporter update...
2024-04-02T04:33:16.838 INFO:teuthology.orchestra.run.smithi016.stdout:/usr/bin/ceph: stderr
2024-04-02T04:33:15.913+0000 7fad567db700 1 Processor -- start
2024-04-02T04:33:16.838 INFO:teuthology.orchestra.run.smithi016.stdout:/usr/bin/ceph: stderr
2024-04-02T04:33:15.913+0000 7fad567db700 1 -- start start
2024-04-02T04:33:16.838 INFO:teuthology.orchestra.run.smithi016.stdout:/usr/bin/ceph: stderr
2024-04-02T04:33:15.913+0000 7fad567db700 1 --2- >> [v2:172.21.15.16:3300/0,v1:172.21.15.16:6789/0] conn(0x7fad50106530 0x7fad50106950 unknown :-1 s=NONE pgs=0 cs=0 l=0 rev1=0 crypto rx=0 tx=0 comp rx=0 tx=0).connect
2024-04-02T04:33:16.838 INFO:teuthology.orchestra.run.smithi016.stdout:/usr/bin/ceph: stderr
2024-04-02T04:33:15.913+0000 7fad567db700 1 -- --> [v2:172.21.15.16:3300/0,v1:172.21.15.16:6789/0] -- mon_getmap magic: 0 v1 -- 0x7fad50106f20 con 0x7fad50106530
2024-04-02T04:33:16.838 INFO:teuthology.orchestra.run.smithi016.stdout:/usr/bin/ceph: stderr
2024-04-02T04:33:15.913+0000 7fad4ffff700 1 --2- >> [v2:172.21.15.16:3300/0,v1:172.21.15.16:6789/0] conn(0x7fad50106530 0x7fad50106950 unknown :-1 s=BANNER_CONNECTING pgs=0 cs=0 l=0 rev1=0 crypto rx=0 tx=0 comp rx=0 tx=0)._handle_peer_banner_payload supported=3 required=0
2024-04-02T04:33:16.838 INFO:teuthology.orchestra.run.smithi016.stdout:/usr/bin/ceph: stderr
2024-04-02T04:33:15.914+0000 7fad4ffff700 1 --2- >> [v2:172.21.15.16:3300/0,v1:172.21.15.16:6789/0] conn(0x7fad50106530 0x7fad50106950 unknown :-1 s=HELLO_CONNECTING pgs=0 cs=0 l=0 rev1=1 crypto rx=0 tx=0 comp rx=0 tx=0).handle_hello peer v2:172.21.15.16:3300/0 says I am v2:172.21.15.16:47308/0 (socket says 172.21.15.16:47308)
2024-04-02T04:33:16.838 INFO:teuthology.orchestra.run.smithi016.stdout:/usr/bin/ceph: stderr
2024-04-02T04:33:15.914+0000 7fad4ffff700 1 -- 172.21.15.16:0/3642285473 learned_addr learned my addr 172.21.15.16:0/3642285473 (peer_addr_for_me v2:172.21.15.16:0/0)
2024-04-02T04:33:16.838 INFO:teuthology.orchestra.run.smithi016.stdout:/usr/bin/ceph: stderr
2024-04-02T04:33:15.914+0000 7fad4ffff700 1 -- 172.21.15.16:0/3642285473 --> [v2:172.21.15.16:3300/0,v1:172.21.15.16:6789/0] -- mon_subscribe({config=0+,monmap=0+}) v3 -- 0x7fad50107690 con 0x7fad50106530
2024-04-02T04:33:16.838 INFO:teuthology.orchestra.run.smithi016.stdout:/usr/bin/ceph: stderr
2024-04-02T04:33:15.914+0000 7fad4ffff700 1 --2- 172.21.15.16:0/3642285473 >> [v2:172.21.15.16:3300/0,v1:172.21.15.16:6789/0] conn(0x7fad50106530 0x7fad50106950 secure :-1 s=READY pgs=57 cs=0 l=1 rev1=1 crypto rx=0x7fad400098a0 tx=0x7fad40009bb0 comp rx=0 tx=0).ready entity=mon.0 client_cookie=ea7d244851c11779 server_cookie=0 in_seq=0 out_seq=0
2024-04-02T04:33:16.838 INFO:teuthology.orchestra.run.smithi016.stdout:/usr/bin/ceph: stderr
2024-04-02T04:33:15.914+0000 7fad4effd700 1 -- 172.21.15.16:0/3642285473 <== mon.0 v2:172.21.15.16:3300/0 1 ==== mon_map magic: 0 v1 ==== 229+0+0 (secure 0 0 0) 0x7fad40004180 con 0x7fad50106530
2024-04-02T04:33:16.838 INFO:teuthology.orchestra.run.smithi016.stdout:/usr/bin/ceph: stderr
2024-04-02T04:33:15.914+0000 7fad4effd700 1 -- 172.21.15.16:0/3642285473 <== mon.0 v2:172.21.15.16:3300/0 2 ==== config(27 keys) v1 ==== 1109+0+0 (secure 0 0 0) 0x7fad400042e0 con 0x7fad50106530
2024-04-02T04:33:16.839 INFO:teuthology.orchestra.run.smithi016.stdout:/usr/bin/ceph: stderr
2024-04-02T04:33:15.914+0000 7fad4effd700 1 -- 172.21.15.16:0/3642285473 <== mon.0 v2:172.21.15.16:3300/0 3 ==== mon_map magic: 0 v1 ==== 229+0+0 (secure 0 0 0) 0x7fad40011b10 con 0x7fad50106530
2024-04-02T04:33:16.839 INFO:teuthology.orchestra.run.smithi016.stdout:/usr/bin/ceph: stderr
2024-04-02T04:33:15.915+0000 7fad567db700 1 -- 172.21.15.16:0/3642285473 >> [v2:172.21.15.16:3300/0,v1:172.21.15.16:6789/0] conn(0x7fad50106530 msgr2=0x7fad50106950 secure :-1 s=STATE_CONNECTION_ESTABLISHED l=1).mark_down
2024-04-02T04:33:16.839 INFO:teuthology.orchestra.run.smithi016.stdout:/usr/bin/ceph: stderr
2024-04-02T04:33:15.915+0000 7fad567db700 1 --2- 172.21.15.16:0/3642285473 >> [v2:172.21.15.16:3300/0,v1:172.21.15.16:6789/0] conn(0x7fad50106530 0x7fad50106950 secure :-1 s=READY pgs=57 cs=0 l=1 rev1=1 crypto rx=0x7fad400098a0 tx=0x7fad40009bb0 comp rx=0 tx=0).stop
2024-04-02T04:33:16.839 INFO:teuthology.orchestra.run.smithi016.stdout:/usr/bin/ceph: stderr
2024-04-02T04:33:15.915+0000 7fad567db700 1 -- 172.21.15.16:0/3642285473 shutdown_connections
2024-04-02T04:33:16.839 INFO:teuthology.orchestra.run.smithi016.stdout:/usr/bin/ceph: stderr
2024-04-02T04:33:15.915+0000 7fad567db700 1 --2- 172.21.15.16:0/3642285473 >> [v2:172.21.15.16:3300/0,v1:172.21.15.16:6789/0] conn(0x7fad50106530 0x7fad50106950 unknown :-1 s=CLOSED pgs=57 cs=0 l=1 rev1=1 crypto rx=0 tx=0 comp rx=0 tx=0).stop
2024-04-02T04:33:16.839 INFO:teuthology.orchestra.run.smithi016.stdout:/usr/bin/ceph: stderr
2024-04-02T04:33:15.915+0000 7fad567db700 1 -- 172.21.15.16:0/3642285473 >> 172.21.15.16:0/3642285473 conn(0x7fad50101b10 msgr2=0x7fad50103f30 unknown :-1 s=STATE_NONE l=0).mark_down
2024-04-02T04:33:16.839 INFO:teuthology.orchestra.run.smithi016.stdout:/usr/bin/ceph: stderr
2024-04-02T04:33:15.915+0000 7fad567db700 1 -- 172.21.15.16:0/3642285473 shutdown_connections
2024-04-02T04:33:16.839 INFO:teuthology.orchestra.run.smithi016.stdout:/usr/bin/ceph: stderr
2024-04-02T04:33:15.915+0000 7fad567db700 1 -- 172.21.15.16:0/3642285473 wait complete.
2024-04-02T04:33:16.839 INFO:teuthology.orchestra.run.smithi016.stdout:/usr/bin/ceph: stderr
2024-04-02T04:33:15.915+0000 7fad567db700 1 Processor -- start
2024-04-02T04:33:16.839 INFO:teuthology.orchestra.run.smithi016.stdout:/usr/bin/ceph: stderr
2024-04-02T04:33:15.915+0000 7fad567db700 1 -- start start
2024-04-02T04:33:16.839 INFO:teuthology.orchestra.run.smithi016.stdout:/usr/bin/ceph: stderr
2024-04-02T04:33:15.916+0000 7fad567db700 1 --2- >> [v2:172.21.15.16:3300/0,v1:172.21.15.16:6789/0] conn(0x7fad50106530 0x7fad5019a2b0 unknown :-1 s=NONE pgs=0 cs=0 l=1 rev1=0 crypto rx=0 tx=0 comp rx=0 tx=0).connect
2024-04-02T04:33:16.839 INFO:teuthology.orchestra.run.smithi016.stdout:/usr/bin/ceph: stderr
2024-04-02T04:33:15.916+0000 7fad567db700 1 -- --> [v2:172.21.15.16:3300/0,v1:172.21.15.16:6789/0] -- mon_getmap magic: 0 v1 -- 0x7fad5019a7f0 con 0x7fad50106530
2024-04-02T04:33:16.839 INFO:teuthology.orchestra.run.smithi016.stdout:/usr/bin/ceph: stderr
2024-04-02T04:33:15.916+0000 7fad4ffff700 1 --2- >> [v2:172.21.15.16:3300/0,v1:172.21.15.16:6789/0] conn(0x7fad50106530 0x7fad5019a2b0 unknown :-1 s=BANNER_CONNECTING pgs=0 cs=0 l=1 rev1=0 crypto rx=0 tx=0 comp rx=0 tx=0)._handle_peer_banner_payload supported=3 required=0
2024-04-02T04:33:16.839 INFO:teuthology.orchestra.run.smithi016.stdout:/usr/bin/ceph: stderr
2024-04-02T04:33:15.916+0000 7fad4ffff700 1 --2- >> [v2:172.21.15.16:3300/0,v1:172.21.15.16:6789/0] conn(0x7fad50106530 0x7fad5019a2b0 unknown :-1 s=HELLO_CONNECTING pgs=0 cs=0 l=1 rev1=1 crypto rx=0 tx=0 comp rx=0 tx=0).handle_hello peer v2:172.21.15.16:3300/0 says I am v2:172.21.15.16:47320/0 (socket says 172.21.15.16:47320)
2024-04-02T04:33:16.839 INFO:teuthology.orchestra.run.smithi016.stdout:/usr/bin/ceph: stderr
2024-04-02T04:33:15.916+0000 7fad4ffff700 1 -- 172.21.15.16:0/564291795 learned_addr learned my addr 172.21.15.16:0/564291795 (peer_addr_for_me v2:172.21.15.16:0/0)
2024-04-02T04:33:16.840 INFO:teuthology.orchestra.run.smithi016.stdout:/usr/bin/ceph: stderr
2024-04-02T04:33:15.916+0000 7fad4ffff700 1 -- 172.21.15.16:0/564291795 --> [v2:172.21.15.16:3300/0,v1:172.21.15.16:6789/0] -- mon_subscribe({config=0+,monmap=0+}) v3 -- 0x7fad40009550 con 0x7fad50106530
2024-04-02T04:33:16.840 INFO:teuthology.orchestra.run.smithi016.stdout:/usr/bin/ceph: stderr
2024-04-02T04:33:15.916+0000 7fad4ffff700 1 --2- 172.21.15.16:0/564291795 >> [v2:172.21.15.16:3300/0,v1:172.21.15.16:6789/0] conn(0x7fad50106530 0x7fad5019a2b0 secure :-1 s=READY pgs=58 cs=0 l=1 rev1=1 crypto rx=0x7fad40011670 tx=0x7fad40011890 comp rx=0 tx=0).ready entity=mon.0 client_cookie=0 server_cookie=0 in_seq=0 out_seq=0
2024-04-02T04:33:16.840 INFO:teuthology.orchestra.run.smithi016.stdout:/usr/bin/ceph: stderr
2024-04-02T04:33:15.916+0000 7fad4d7fa700 1 -- 172.21.15.16:0/564291795 <== mon.0 v2:172.21.15.16:3300/0 1 ==== mon_map magic: 0 v1 ==== 229+0+0 (secure 0 0 0) 0x7fad400038b0 con 0x7fad50106530
2024-04-02T04:33:16.840 INFO:teuthology.orchestra.run.smithi016.stdout:/usr/bin/ceph: stderr
2024-04-02T04:33:15.916+0000 7fad4d7fa700 1 -- 172.21.15.16:0/564291795 <== mon.0 v2:172.21.15.16:3300/0 2 ==== config(27 keys) v1 ==== 1109+0+0 (secure 0 0 0) 0x7fad40003a10 con 0x7fad50106530
2024-04-02T04:33:16.840 INFO:teuthology.orchestra.run.smithi016.stdout:/usr/bin/ceph: stderr
2024-04-02T04:33:15.916+0000 7fad567db700 1 -- 172.21.15.16:0/564291795 --> [v2:172.21.15.16:3300/0,v1:172.21.15.16:6789/0] -- mon_subscribe({mgrmap=0+}) v3 -- 0x7fad5019a9f0 con 0x7fad50106530
2024-04-02T04:33:16.840 INFO:teuthology.orchestra.run.smithi016.stdout:/usr/bin/ceph: stderr
2024-04-02T04:33:15.916+0000 7fad4d7fa700 1 -- 172.21.15.16:0/564291795 <== mon.0 v2:172.21.15.16:3300/0 3 ==== mon_map magic: 0 v1 ==== 229+0+0 (secure 0 0 0) 0x7fad4001a7e0 con 0x7fad50106530
2024-04-02T04:33:16.840 INFO:teuthology.orchestra.run.smithi016.stdout:/usr/bin/ceph: stderr
2024-04-02T04:33:15.916+0000 7fad567db700 1 -- 172.21.15.16:0/564291795 --> [v2:172.21.15.16:3300/0,v1:172.21.15.16:6789/0] -- mon_subscribe({osdmap=0}) v3 -- 0x7fad5019ae90 con 0x7fad50106530
2024-04-02T04:33:16.840 INFO:teuthology.orchestra.run.smithi016.stdout:/usr/bin/ceph: stderr
2024-04-02T04:33:15.917+0000 7fad4d7fa700 1 -- 172.21.15.16:0/564291795 <== mon.0 v2:172.21.15.16:3300/0 4 ==== mgrmap(e 8) v1 ==== 45548+0+0 (secure 0 0 0) 0x7fad40024c10 con 0x7fad50106530
2024-04-02T04:33:16.840 INFO:teuthology.orchestra.run.smithi016.stdout:/usr/bin/ceph: stderr
2024-04-02T04:33:15.917+0000 7fad567db700 1 -- 172.21.15.16:0/564291795 --> [v2:172.21.15.16:3300/0,v1:172.21.15.16:6789/0] -- mon_command({"prefix": "get_command_descriptions"} v 0) v1 -- 0x7fad5010a8c0 con 0x7fad50106530
2024-04-02T04:33:16.840 INFO:teuthology.orchestra.run.smithi016.stdout:/usr/bin/ceph: stderr
2024-04-02T04:33:15.917+0000 7fad4d7fa700 1 --2- 172.21.15.16:0/564291795 >> [v2:172.21.15.16:6800/873531241,v1:172.21.15.16:6801/873531241] conn(0x7fad380386e0 0x7fad3803aba0 unknown :-1 s=NONE pgs=0 cs=0 l=1 rev1=0 crypto rx=0 tx=0 comp rx=0 tx=0).connect
2024-04-02T04:33:16.840 INFO:teuthology.orchestra.run.smithi016.stdout:/usr/bin/ceph: stderr
2024-04-02T04:33:15.918+0000 7fad4d7fa700 1 -- 172.21.15.16:0/564291795 <== mon.0 v2:172.21.15.16:3300/0 5 ==== osd_map(2..2 src has 1..2) v4 ==== 940+0+0 (secure 0 0 0) 0x7fad4004c920 con 0x7fad50106530
2024-04-02T04:33:16.840 INFO:teuthology.orchestra.run.smithi016.stdout:/usr/bin/ceph: stderr
2024-04-02T04:33:15.918+0000 7fad4f7fe700 1 --2- 172.21.15.16:0/564291795 >> [v2:172.21.15.16:6800/873531241,v1:172.21.15.16:6801/873531241] conn(0x7fad380386e0 0x7fad3803aba0 unknown :-1 s=BANNER_CONNECTING pgs=0 cs=0 l=1 rev1=0 crypto rx=0 tx=0 comp rx=0 tx=0)._handle_peer_banner_payload supported=3 required=0
2024-04-02T04:33:16.840 INFO:teuthology.orchestra.run.smithi016.stdout:/usr/bin/ceph: stderr
2024-04-02T04:33:15.918+0000 7fad4f7fe700 1 --2- 172.21.15.16:0/564291795 >> [v2:172.21.15.16:6800/873531241,v1:172.21.15.16:6801/873531241] conn(0x7fad380386e0 0x7fad3803aba0 secure :-1 s=READY pgs=18 cs=0 l=1 rev1=1 crypto rx=0x7fad44006fd0 tx=0x7fad44006e40 comp rx=0 tx=0).ready entity=mgr.14118 client_cookie=0 server_cookie=0 in_seq=0 out_seq=0
2024-04-02T04:33:16.840 INFO:teuthology.orchestra.run.smithi016.stdout:/usr/bin/ceph: stderr
2024-04-02T04:33:15.922+0000 7fad4d7fa700 1 -- 172.21.15.16:0/564291795 <== mon.0 v2:172.21.15.16:3300/0 6 ==== mon_command_ack([{"prefix": "get_command_descriptions"}]=0 v0) v1 ==== 72+0+182738 (secure 0 0 0) 0x7fad40024430 con 0x7fad50106530
2024-04-02T04:33:16.840 INFO:teuthology.orchestra.run.smithi016.stdout:/usr/bin/ceph: stderr
2024-04-02T04:33:16.144+0000 7fad567db700 1 -- 172.21.15.16:0/564291795 --> [v2:172.21.15.16:6800/873531241,v1:172.21.15.16:6801/873531241] -- mgr_command(tid 0: {"prefix": "orch apply", "service_type": "node-exporter", "target": ["mon-mgr", ""]}) v1 -- 0x7fad5019d720 con 0x7fad380386e0
2024-04-02T04:33:16.841 INFO:teuthology.orchestra.run.smithi016.stdout:/usr/bin/ceph: stderr
2024-04-02T04:33:16.148+0000 7fad4d7fa700 1 -- 172.21.15.16:0/564291795 <== mgr.14118 v2:172.21.15.16:6800/873531241 1 ==== mgr_command_reply(tid 0: 0 ) v1 ==== 8+0+34 (secure 0 0 0) 0x7fad5019d720 con 0x7fad380386e0
2024-04-02T04:33:16.841 INFO:teuthology.orchestra.run.smithi016.stdout:/usr/bin/ceph: stderr
2024-04-02T04:33:16.150+0000 7fad567db700 1 -- 172.21.15.16:0/564291795 >> [v2:172.21.15.16:6800/873531241,v1:172.21.15.16:6801/873531241] conn(0x7fad380386e0 msgr2=0x7fad3803aba0 secure :-1 s=STATE_CONNECTION_ESTABLISHED l=1).mark_down
2024-04-02T04:33:16.841 INFO:teuthology.orchestra.run.smithi016.stdout:/usr/bin/ceph: stderr
2024-04-02T04:33:16.150+0000 7fad567db700 1 --2- 172.21.15.16:0/564291795 >> [v2:172.21.15.16:6800/873531241,v1:172.21.15.16:6801/873531241] conn(0x7fad380386e0 0x7fad3803aba0 secure :-1 s=READY pgs=18 cs=0 l=1 rev1=1 crypto rx=0x7fad44006fd0 tx=0x7fad44006e40 comp rx=0 tx=0).stop
2024-04-02T04:33:16.841 INFO:teuthology.orchestra.run.smithi016.stdout:/usr/bin/ceph: stderr
2024-04-02T04:33:16.150+0000 7fad567db700 1 -- 172.21.15.16:0/564291795 >> [v2:172.21.15.16:3300/0,v1:172.21.15.16:6789/0] conn(0x7fad50106530 msgr2=0x7fad5019a2b0 secure :-1 s=STATE_CONNECTION_ESTABLISHED l=1).mark_down
2024-04-02T04:33:16.841 INFO:teuthology.orchestra.run.smithi016.stdout:/usr/bin/ceph: stderr
2024-04-02T04:33:16.150+0000 7fad567db700 1 --2- 172.21.15.16:0/564291795 >> [v2:172.21.15.16:3300/0,v1:172.21.15.16:6789/0] conn(0x7fad50106530 0x7fad5019a2b0 secure :-1 s=READY pgs=58 cs=0 l=1 rev1=1 crypto rx=0x7fad40011670 tx=0x7fad40011890 comp rx=0 tx=0).stop
2024-04-02T04:33:16.841 INFO:teuthology.orchestra.run.smithi016.stdout:/usr/bin/ceph: stderr
2024-04-02T04:33:16.150+0000 7fad567db700 1 -- 172.21.15.16:0/564291795 shutdown_connections
2024-04-02T04:33:16.841 INFO:teuthology.orchestra.run.smithi016.stdout:/usr/bin/ceph: stderr
2024-04-02T04:33:16.150+0000 7fad567db700 1 --2- 172.21.15.16:0/564291795 >> [v2:172.21.15.16:6800/873531241,v1:172.21.15.16:6801/873531241] conn(0x7fad380386e0 0x7fad3803aba0 unknown :-1 s=CLOSED pgs=18 cs=0 l=1 rev1=1 crypto rx=0 tx=0 comp rx=0 tx=0).stop
2024-04-02T04:33:16.841 INFO:teuthology.orchestra.run.smithi016.stdout:/usr/bin/ceph: stderr
2024-04-02T04:33:16.150+0000 7fad567db700 1 --2- 172.21.15.16:0/564291795 >> [v2:172.21.15.16:3300/0,v1:172.21.15.16:6789/0] conn(0x7fad50106530 0x7fad5019a2b0 unknown :-1 s=CLOSED pgs=58 cs=0 l=1 rev1=1 crypto rx=0 tx=0 comp rx=0 tx=0).stop
2024-04-02T04:33:16.841 INFO:teuthology.orchestra.run.smithi016.stdout:/usr/bin/ceph: stderr
2024-04-02T04:33:16.150+0000 7fad567db700 1 -- 172.21.15.16:0/564291795 >> 172.21.15.16:0/564291795 conn(0x7fad50101b10 msgr2=0x7fad50102730 unknown :-1 s=STATE_NONE l=0).mark_down
2024-04-02T04:33:16.841 INFO:teuthology.orchestra.run.smithi016.stdout:/usr/bin/ceph: stderr
2024-04-02T04:33:16.150+0000 7fad567db700 1 -- 172.21.15.16:0/564291795 shutdown_connections
2024-04-02T04:33:16.841 INFO:teuthology.orchestra.run.smithi016.stdout:/usr/bin/ceph: stderr
2024-04-02T04:33:16.150+0000 7fad567db700 1 -- 172.21.15.16:0/564291795 wait complete.
2024-04-02T04:33:16.841 INFO:teuthology.orchestra.run.smithi016.stdout:Deploying alertmanager service with default placement...
2024-04-02T04:33:17.495 INFO:journalctl@ceph.mon.smithi016.smithi016.stdout:Apr 02 04:33:17 smithi016 ceph-mon[28969]: from='client.14152 -' entity='client.admin' cmd=[{"prefix": "orch apply", "service_type": "node-exporter", "target": ["mon-mgr", ""]}]: dispatch
2024-04-02T04:33:17.495 INFO:journalctl@ceph.mon.smithi016.smithi016.stdout:Apr 02 04:33:17 smithi016 ceph-mon[28969]: Saving service node-exporter spec with placement *
2024-04-02T04:33:17.495 INFO:journalctl@ceph.mon.smithi016.smithi016.stdout:Apr 02 04:33:17 smithi016 ceph-mon[28969]: from='mgr.14118 172.21.15.16:0/872684120' entity='mgr.smithi016.eqnebx'
2024-04-02T04:33:17.496 INFO:journalctl@ceph.mon.smithi016.smithi016.stdout:Apr 02 04:33:17 smithi016 ceph-mon[28969]: pgmap v3: 0 pgs: ; 0 B data, 0 B used, 0 B / 0 B avail
2024-04-02T04:33:18.146 INFO:teuthology.orchestra.run.smithi016.stdout:/usr/bin/ceph: stdout Scheduled alertmanager update...
2024-04-02T04:33:18.146 INFO:teuthology.orchestra.run.smithi016.stdout:/usr/bin/ceph: stderr
2024-04-02T04:33:17.264+0000 7f50abdb1700 1 Processor -- start
2024-04-02T04:33:18.146 INFO:teuthology.orchestra.run.smithi016.stdout:/usr/bin/ceph: stderr
2024-04-02T04:33:17.264+0000 7f50abdb1700 1 -- start start
2024-04-02T04:33:18.146 INFO:teuthology.orchestra.run.smithi016.stdout:/usr/bin/ceph: stderr
2024-04-02T04:33:17.264+0000 7f50abdb1700 1 --2- >> [v2:172.21.15.16:3300/0,v1:172.21.15.16:6789/0] conn(0x7f50a4106510 0x7f50a4106930 unknown :-1 s=NONE pgs=0 cs=0 l=0 rev1=0 crypto rx=0 tx=0 comp rx=0 tx=0).connect
2024-04-02T04:33:18.146 INFO:teuthology.orchestra.run.smithi016.stdout:/usr/bin/ceph: stderr
2024-04-02T04:33:17.264+0000 7f50abdb1700 1 -- --> [v2:172.21.15.16:3300/0,v1:172.21.15.16:6789/0] -- mon_getmap magic: 0 v1 -- 0x7f50a4106f00 con 0x7f50a4106510
2024-04-02T04:33:18.147 INFO:teuthology.orchestra.run.smithi016.stdout:/usr/bin/ceph: stderr
2024-04-02T04:33:17.265+0000 7f50a9b4d700 1 --2- >> [v2:172.21.15.16:3300/0,v1:172.21.15.16:6789/0] conn(0x7f50a4106510 0x7f50a4106930 unknown :-1 s=BANNER_CONNECTING pgs=0 cs=0 l=0 rev1=0 crypto rx=0 tx=0 comp rx=0 tx=0)._handle_peer_banner_payload supported=3 required=0
2024-04-02T04:33:18.147 INFO:teuthology.orchestra.run.smithi016.stdout:/usr/bin/ceph: stderr
2024-04-02T04:33:17.265+0000 7f50a9b4d700 1 --2- >> [v2:172.21.15.16:3300/0,v1:172.21.15.16:6789/0] conn(0x7f50a4106510 0x7f50a4106930 unknown :-1 s=HELLO_CONNECTING pgs=0 cs=0 l=0 rev1=1 crypto rx=0 tx=0 comp rx=0 tx=0).handle_hello peer v2:172.21.15.16:3300/0 says I am v2:172.21.15.16:47328/0 (socket says 172.21.15.16:47328)
2024-04-02T04:33:18.147 INFO:teuthology.orchestra.run.smithi016.stdout:/usr/bin/ceph: stderr
2024-04-02T04:33:17.265+0000 7f50a9b4d700 1 -- 172.21.15.16:0/322195325 learned_addr learned my addr 172.21.15.16:0/322195325 (peer_addr_for_me v2:172.21.15.16:0/0)
2024-04-02T04:33:18.147 INFO:teuthology.orchestra.run.smithi016.stdout:/usr/bin/ceph: stderr
2024-04-02T04:33:17.265+0000 7f50a9b4d700 1 -- 172.21.15.16:0/322195325 --> [v2:172.21.15.16:3300/0,v1:172.21.15.16:6789/0] -- mon_subscribe({config=0+,monmap=0+}) v3 -- 0x7f50a41076c0 con 0x7f50a4106510
2024-04-02T04:33:18.147 INFO:teuthology.orchestra.run.smithi016.stdout:/usr/bin/ceph: stderr
2024-04-02T04:33:17.265+0000 7f50a9b4d700 1 --2- 172.21.15.16:0/322195325 >> [v2:172.21.15.16:3300/0,v1:172.21.15.16:6789/0] conn(0x7f50a4106510 0x7f50a4106930 secure :-1 s=READY pgs=59 cs=0 l=1 rev1=1 crypto rx=0x7f50a00098a0 tx=0x7f50a0009bb0 comp rx=0 tx=0).ready entity=mon.0 client_cookie=c17abf0cbd41f610 server_cookie=0 in_seq=0 out_seq=0
2024-04-02T04:33:18.147 INFO:teuthology.orchestra.run.smithi016.stdout:/usr/bin/ceph: stderr
2024-04-02T04:33:17.265+0000 7f50a8b4b700 1 -- 172.21.15.16:0/322195325 <== mon.0 v2:172.21.15.16:3300/0 1 ==== mon_map magic: 0 v1 ==== 229+0+0 (secure 0 0 0) 0x7f50a0004180 con 0x7f50a4106510
2024-04-02T04:33:18.147 INFO:teuthology.orchestra.run.smithi016.stdout:/usr/bin/ceph: stderr
2024-04-02T04:33:17.265+0000 7f50a8b4b700 1 -- 172.21.15.16:0/322195325 <== mon.0 v2:172.21.15.16:3300/0 2 ==== config(27 keys) v1 ==== 1109+0+0 (secure 0 0 0) 0x7f50a00042e0 con 0x7f50a4106510
2024-04-02T04:33:18.147 INFO:teuthology.orchestra.run.smithi016.stdout:/usr/bin/ceph: stderr
2024-04-02T04:33:17.265+0000 7f50a8b4b700 1 -- 172.21.15.16:0/322195325 <== mon.0 v2:172.21.15.16:3300/0 3 ==== mon_map magic: 0 v1 ==== 229+0+0 (secure 0 0 0) 0x7f50a0011b10 con 0x7f50a4106510
2024-04-02T04:33:18.147 INFO:teuthology.orchestra.run.smithi016.stdout:/usr/bin/ceph: stderr
2024-04-02T04:33:17.266+0000 7f50abdb1700 1 -- 172.21.15.16:0/322195325 >> [v2:172.21.15.16:3300/0,v1:172.21.15.16:6789/0] conn(0x7f50a4106510 msgr2=0x7f50a4106930 secure :-1 s=STATE_CONNECTION_ESTABLISHED l=1).mark_down
2024-04-02T04:33:18.147 INFO:teuthology.orchestra.run.smithi016.stdout:/usr/bin/ceph: stderr
2024-04-02T04:33:17.266+0000 7f50abdb1700 1 --2- 172.21.15.16:0/322195325 >> [v2:172.21.15.16:3300/0,v1:172.21.15.16:6789/0] conn(0x7f50a4106510 0x7f50a4106930 secure :-1 s=READY pgs=59 cs=0 l=1 rev1=1 crypto rx=0x7f50a00098a0 tx=0x7f50a0009bb0 comp rx=0 tx=0).stop
2024-04-02T04:33:18.147 INFO:teuthology.orchestra.run.smithi016.stdout:/usr/bin/ceph: stderr
2024-04-02T04:33:17.266+0000 7f50abdb1700 1 -- 172.21.15.16:0/322195325 shutdown_connections
2024-04-02T04:33:18.147 INFO:teuthology.orchestra.run.smithi016.stdout:/usr/bin/ceph: stderr
2024-04-02T04:33:17.266+0000 7f50abdb1700 1 --2- 172.21.15.16:0/322195325 >> [v2:172.21.15.16:3300/0,v1:172.21.15.16:6789/0] conn(0x7f50a4106510 0x7f50a4106930 unknown :-1 s=CLOSED pgs=59 cs=0 l=1 rev1=1 crypto rx=0 tx=0 comp rx=0 tx=0).stop
2024-04-02T04:33:18.147 INFO:teuthology.orchestra.run.smithi016.stdout:/usr/bin/ceph: stderr
2024-04-02T04:33:17.266+0000 7f50abdb1700 1 -- 172.21.15.16:0/322195325 >> 172.21.15.16:0/322195325 conn(0x7f50a4101b10 msgr2=0x7f50a4103f30 unknown :-1 s=STATE_NONE l=0).mark_down
2024-04-02T04:33:18.147 INFO:teuthology.orchestra.run.smithi016.stdout:/usr/bin/ceph: stderr
2024-04-02T04:33:17.266+0000 7f50abdb1700 1 -- 172.21.15.16:0/322195325 shutdown_connections
2024-04-02T04:33:18.148 INFO:teuthology.orchestra.run.smithi016.stdout:/usr/bin/ceph: stderr
2024-04-02T04:33:17.266+0000 7f50abdb1700 1 -- 172.21.15.16:0/322195325 wait complete.
2024-04-02T04:33:18.148 INFO:teuthology.orchestra.run.smithi016.stdout:/usr/bin/ceph: stderr
2024-04-02T04:33:17.266+0000 7f50abdb1700 1 Processor -- start
2024-04-02T04:33:18.148 INFO:teuthology.orchestra.run.smithi016.stdout:/usr/bin/ceph: stderr
2024-04-02T04:33:17.267+0000 7f50abdb1700 1 -- start start
2024-04-02T04:33:18.148 INFO:teuthology.orchestra.run.smithi016.stdout:/usr/bin/ceph: stderr
2024-04-02T04:33:17.267+0000 7f50abdb1700 1 --2- >> [v2:172.21.15.16:3300/0,v1:172.21.15.16:6789/0] conn(0x7f50a4106510 0x7f50a407bab0 unknown :-1 s=NONE pgs=0 cs=0 l=1 rev1=0 crypto rx=0 tx=0 comp rx=0 tx=0).connect
2024-04-02T04:33:18.148 INFO:teuthology.orchestra.run.smithi016.stdout:/usr/bin/ceph: stderr
2024-04-02T04:33:17.267+0000 7f50abdb1700 1 -- --> [v2:172.21.15.16:3300/0,v1:172.21.15.16:6789/0] -- mon_getmap magic: 0 v1 -- 0x7f50a407bff0 con 0x7f50a4106510
2024-04-02T04:33:18.148 INFO:teuthology.orchestra.run.smithi016.stdout:/usr/bin/ceph: stderr
2024-04-02T04:33:17.267+0000 7f50a9b4d700 1 --2- >> [v2:172.21.15.16:3300/0,v1:172.21.15.16:6789/0] conn(0x7f50a4106510 0x7f50a407bab0 unknown :-1 s=BANNER_CONNECTING pgs=0 cs=0 l=1 rev1=0 crypto rx=0 tx=0 comp rx=0 tx=0)._handle_peer_banner_payload supported=3 required=0
2024-04-02T04:33:18.148 INFO:teuthology.orchestra.run.smithi016.stdout:/usr/bin/ceph: stderr
2024-04-02T04:33:17.267+0000 7f50a9b4d700 1 --2- >> [v2:172.21.15.16:3300/0,v1:172.21.15.16:6789/0] conn(0x7f50a4106510 0x7f50a407bab0 unknown :-1 s=HELLO_CONNECTING pgs=0 cs=0 l=1 rev1=1 crypto rx=0 tx=0 comp rx=0 tx=0).handle_hello peer v2:172.21.15.16:3300/0 says I am v2:172.21.15.16:47338/0 (socket says 172.21.15.16:47338)
2024-04-02T04:33:18.148 INFO:teuthology.orchestra.run.smithi016.stdout:/usr/bin/ceph: stderr
2024-04-02T04:33:17.267+0000 7f50a9b4d700 1 -- 172.21.15.16:0/3962424729 learned_addr learned my addr 172.21.15.16:0/3962424729 (peer_addr_for_me v2:172.21.15.16:0/0)
2024-04-02T04:33:18.148 INFO:teuthology.orchestra.run.smithi016.stdout:/usr/bin/ceph: stderr
2024-04-02T04:33:17.267+0000 7f50a9b4d700 1 -- 172.21.15.16:0/3962424729 --> [v2:172.21.15.16:3300/0,v1:172.21.15.16:6789/0] -- mon_subscribe({config=0+,monmap=0+}) v3 -- 0x7f50a0009550 con 0x7f50a4106510
2024-04-02T04:33:18.148 INFO:teuthology.orchestra.run.smithi016.stdout:/usr/bin/ceph: stderr
2024-04-02T04:33:17.267+0000 7f50a9b4d700 1 --2- 172.21.15.16:0/3962424729 >> [v2:172.21.15.16:3300/0,v1:172.21.15.16:6789/0] conn(0x7f50a4106510 0x7f50a407bab0 secure :-1 s=READY pgs=60 cs=0 l=1 rev1=1 crypto rx=0x7f50a0009fb0 tx=0x7f50a0011890 comp rx=0 tx=0).ready entity=mon.0 client_cookie=0 server_cookie=0 in_seq=0 out_seq=0
2024-04-02T04:33:18.148 INFO:teuthology.orchestra.run.smithi016.stdout:/usr/bin/ceph: stderr
2024-04-02T04:33:17.267+0000 7f509affd700 1 -- 172.21.15.16:0/3962424729 <== mon.0 v2:172.21.15.16:3300/0 1 ==== mon_map magic: 0 v1 ==== 229+0+0 (secure 0 0 0) 0x7f50a00038b0 con 0x7f50a4106510
2024-04-02T04:33:18.148 INFO:teuthology.orchestra.run.smithi016.stdout:/usr/bin/ceph: stderr
2024-04-02T04:33:17.267+0000 7f509affd700 1 -- 172.21.15.16:0/3962424729 <== mon.0 v2:172.21.15.16:3300/0 2 ==== config(27 keys) v1 ==== 1109+0+0 (secure 0 0 0) 0x7f50a0003a10 con 0x7f50a4106510
2024-04-02T04:33:18.148 INFO:teuthology.orchestra.run.smithi016.stdout:/usr/bin/ceph: stderr
2024-04-02T04:33:17.267+0000 7f50abdb1700 1 -- 172.21.15.16:0/3962424729 --> [v2:172.21.15.16:3300/0,v1:172.21.15.16:6789/0] -- mon_subscribe({mgrmap=0+}) v3 -- 0x7f50a407a280 con 0x7f50a4106510
2024-04-02T04:33:18.148 INFO:teuthology.orchestra.run.smithi016.stdout:/usr/bin/ceph: stderr
2024-04-02T04:33:17.267+0000 7f509affd700 1 -- 172.21.15.16:0/3962424729 <== mon.0 v2:172.21.15.16:3300/0 3 ==== mon_map magic: 0 v1 ==== 229+0+0 (secure 0 0 0) 0x7f50a0019770 con 0x7f50a4106510
2024-04-02T04:33:18.149 INFO:teuthology.orchestra.run.smithi016.stdout:/usr/bin/ceph: stderr
2024-04-02T04:33:17.268+0000 7f50abdb1700 1 -- 172.21.15.16:0/3962424729 --> [v2:172.21.15.16:3300/0,v1:172.21.15.16:6789/0] -- mon_subscribe({osdmap=0}) v3 -- 0x7f50a407a720 con 0x7f50a4106510
2024-04-02T04:33:18.149 INFO:teuthology.orchestra.run.smithi016.stdout:/usr/bin/ceph: stderr
2024-04-02T04:33:17.268+0000 7f509affd700 1 -- 172.21.15.16:0/3962424729 <== mon.0 v2:172.21.15.16:3300/0 4 ==== mgrmap(e 8) v1 ==== 45548+0+0 (secure 0 0 0) 0x7f50a00198d0 con 0x7f50a4106510
2024-04-02T04:33:18.149 INFO:teuthology.orchestra.run.smithi016.stdout:/usr/bin/ceph: stderr
2024-04-02T04:33:17.268+0000 7f509affd700 1 --2- 172.21.15.16:0/3962424729 >> [v2:172.21.15.16:6800/873531241,v1:172.21.15.16:6801/873531241] conn(0x7f50900386e0 0x7f509003aba0 unknown :-1 s=NONE pgs=0 cs=0 l=1 rev1=0 crypto rx=0 tx=0 comp rx=0 tx=0).connect
2024-04-02T04:33:18.149 INFO:teuthology.orchestra.run.smithi016.stdout:/usr/bin/ceph: stderr
2024-04-02T04:33:17.268+0000 7f509affd700 1 -- 172.21.15.16:0/3962424729 <== mon.0 v2:172.21.15.16:3300/0 5 ==== osd_map(2..2 src has 1..2) v4 ==== 940+0+0 (secure 0 0 0) 0x7f50a004c7c0 con 0x7f50a4106510
2024-04-02T04:33:18.149 INFO:teuthology.orchestra.run.smithi016.stdout:/usr/bin/ceph: stderr
2024-04-02T04:33:17.269+0000 7f50abdb1700 1 -- 172.21.15.16:0/3962424729 --> [v2:172.21.15.16:3300/0,v1:172.21.15.16:6789/0] -- mon_command({"prefix": "get_command_descriptions"} v 0) v1 -- 0x7f50a407c130 con 0x7f50a4106510
2024-04-02T04:33:18.149 INFO:teuthology.orchestra.run.smithi016.stdout:/usr/bin/ceph: stderr
