2024-04-02T04:33:02.715+0000 7f2420ff9700 1 -- 172.21.15.16:0/1599646247 <== mon.0 v2:172.21.15.16:3300/0 4 ==== mgrmap(e 8) v1 ==== 45548+0+0 (secure 0 0 0) 0x7f2414023a30 con 0x7f2424106f40
2024-04-02T04:33:03.437 INFO:teuthology.orchestra.run.smithi016.stdout:/usr/bin/ceph: stderr
2024-04-02T04:33:02.715+0000 7f2429d29700 1 -- 172.21.15.16:0/1599646247 --> [v2:172.21.15.16:3300/0,v1:172.21.15.16:6789/0] -- mon_command({"prefix": "get_command_descriptions"} v 0) v1 -- 0x7f242410a5f0 con 0x7f2424106f40
2024-04-02T04:33:03.437 INFO:teuthology.orchestra.run.smithi016.stdout:/usr/bin/ceph: stderr
2024-04-02T04:33:02.716+0000 7f2420ff9700 1 --2- 172.21.15.16:0/1599646247 >> [v2:172.21.15.16:6800/873531241,v1:172.21.15.16:6801/873531241] conn(0x7f240c0386e0 0x7f240c03aba0 unknown :-1 s=NONE pgs=0 cs=0 l=1 rev1=0 crypto rx=0 tx=0 comp rx=0 tx=0).connect
2024-04-02T04:33:03.438 INFO:teuthology.orchestra.run.smithi016.stdout:/usr/bin/ceph: stderr
2024-04-02T04:33:02.716+0000 7f2420ff9700 1 -- 172.21.15.16:0/1599646247 <== mon.0 v2:172.21.15.16:3300/0 5 ==== osd_map(2..2 src has 1..2) v4 ==== 940+0+0 (secure 0 0 0) 0x7f241404cbb0 con 0x7f2424106f40
2024-04-02T04:33:03.438 INFO:teuthology.orchestra.run.smithi016.stdout:/usr/bin/ceph: stderr
2024-04-02T04:33:02.716+0000 7f2422ffd700 1 --2- 172.21.15.16:0/1599646247 >> [v2:172.21.15.16:6800/873531241,v1:172.21.15.16:6801/873531241] conn(0x7f240c0386e0 0x7f240c03aba0 unknown :-1 s=BANNER_CONNECTING pgs=0 cs=0 l=1 rev1=0 crypto rx=0 tx=0 comp rx=0 tx=0)._handle_peer_banner_payload supported=3 required=0
2024-04-02T04:33:03.438 INFO:teuthology.orchestra.run.smithi016.stdout:/usr/bin/ceph: stderr
2024-04-02T04:33:02.716+0000 7f2422ffd700 1 --2- 172.21.15.16:0/1599646247 >> [v2:172.21.15.16:6800/873531241,v1:172.21.15.16:6801/873531241] conn(0x7f240c0386e0 0x7f240c03aba0 secure :-1 s=READY pgs=10 cs=0 l=1 rev1=1 crypto rx=0x7f2418006fd0 tx=0x7f2418006e40 comp rx=0 tx=0).ready entity=mgr.14118 client_cookie=0 server_cookie=0 in_seq=0 out_seq=0
2024-04-02T04:33:03.438 INFO:teuthology.orchestra.run.smithi016.stdout:/usr/bin/ceph: stderr
2024-04-02T04:33:02.720+0000 7f2420ff9700 1 -- 172.21.15.16:0/1599646247 <== mon.0 v2:172.21.15.16:3300/0 6 ==== mon_command_ack([{"prefix": "get_command_descriptions"}]=0 v0) v1 ==== 72+0+182738 (secure 0 0 0) 0x7f2414023ce0 con 0x7f2424106f40
2024-04-02T04:33:03.438 INFO:teuthology.orchestra.run.smithi016.stdout:/usr/bin/ceph: stderr
2024-04-02T04:33:02.920+0000 7f2429d29700 1 -- 172.21.15.16:0/1599646247 --> [v2:172.21.15.16:6800/873531241,v1:172.21.15.16:6801/873531241] -- mgr_command(tid 0: {"prefix": "cephadm get-pub-key", "target": ["mon-mgr", ""]}) v1 -- 0x7f2424101c30 con 0x7f240c0386e0
2024-04-02T04:33:03.438 INFO:teuthology.orchestra.run.smithi016.stdout:/usr/bin/ceph: stderr
2024-04-02T04:33:02.921+0000 7f2420ff9700 1 -- 172.21.15.16:0/1599646247 <== mgr.14118 v2:172.21.15.16:6800/873531241 1 ==== mgr_command_reply(tid 0: 0 ) v1 ==== 8+0+595 (secure 0 0 0) 0x7f2424101c30 con 0x7f240c0386e0
2024-04-02T04:33:03.438 INFO:teuthology.orchestra.run.smithi016.stdout:/usr/bin/ceph: stderr
2024-04-02T04:33:02.923+0000 7f2429d29700 1 -- 172.21.15.16:0/1599646247 >> [v2:172.21.15.16:6800/873531241,v1:172.21.15.16:6801/873531241] conn(0x7f240c0386e0 msgr2=0x7f240c03aba0 secure :-1 s=STATE_CONNECTION_ESTABLISHED l=1).mark_down
2024-04-02T04:33:03.438 INFO:teuthology.orchestra.run.smithi016.stdout:/usr/bin/ceph: stderr
2024-04-02T04:33:02.923+0000 7f2429d29700 1 --2- 172.21.15.16:0/1599646247 >> [v2:172.21.15.16:6800/873531241,v1:172.21.15.16:6801/873531241] conn(0x7f240c0386e0 0x7f240c03aba0 secure :-1 s=READY pgs=10 cs=0 l=1 rev1=1 crypto rx=0x7f2418006fd0 tx=0x7f2418006e40 comp rx=0 tx=0).stop
2024-04-02T04:33:03.438 INFO:teuthology.orchestra.run.smithi016.stdout:/usr/bin/ceph: stderr
2024-04-02T04:33:02.923+0000 7f2429d29700 1 -- 172.21.15.16:0/1599646247 >> [v2:172.21.15.16:3300/0,v1:172.21.15.16:6789/0] conn(0x7f2424106f40 msgr2=0x7f242419a240 secure :-1 s=STATE_CONNECTION_ESTABLISHED l=1).mark_down
2024-04-02T04:33:03.438 INFO:teuthology.orchestra.run.smithi016.stdout:/usr/bin/ceph: stderr
2024-04-02T04:33:02.923+0000 7f2429d29700 1 --2- 172.21.15.16:0/1599646247 >> [v2:172.21.15.16:3300/0,v1:172.21.15.16:6789/0] conn(0x7f2424106f40 0x7f242419a240 secure :-1 s=READY pgs=42 cs=0 l=1 rev1=1 crypto rx=0x7f2414011a20 tx=0x7f24140047c0 comp rx=0 tx=0).stop
2024-04-02T04:33:03.438 INFO:teuthology.orchestra.run.smithi016.stdout:/usr/bin/ceph: stderr
2024-04-02T04:33:02.923+0000 7f2429d29700 1 -- 172.21.15.16:0/1599646247 shutdown_connections
2024-04-02T04:33:03.438 INFO:teuthology.orchestra.run.smithi016.stdout:/usr/bin/ceph: stderr
2024-04-02T04:33:02.923+0000 7f2429d29700 1 --2- 172.21.15.16:0/1599646247 >> [v2:172.21.15.16:6800/873531241,v1:172.21.15.16:6801/873531241] conn(0x7f240c0386e0 0x7f240c03aba0 unknown :-1 s=CLOSED pgs=10 cs=0 l=1 rev1=1 crypto rx=0 tx=0 comp rx=0 tx=0).stop
2024-04-02T04:33:03.438 INFO:teuthology.orchestra.run.smithi016.stdout:/usr/bin/ceph: stderr
2024-04-02T04:33:02.923+0000 7f2429d29700 1 --2- 172.21.15.16:0/1599646247 >> [v2:172.21.15.16:3300/0,v1:172.21.15.16:6789/0] conn(0x7f2424106f40 0x7f242419a240 unknown :-1 s=CLOSED pgs=42 cs=0 l=1 rev1=1 crypto rx=0 tx=0 comp rx=0 tx=0).stop
2024-04-02T04:33:03.438 INFO:teuthology.orchestra.run.smithi016.stdout:/usr/bin/ceph: stderr
2024-04-02T04:33:02.923+0000 7f2429d29700 1 -- 172.21.15.16:0/1599646247 >> 172.21.15.16:0/1599646247 conn(0x7f2424100950 msgr2=0x7f2424101520 unknown :-1 s=STATE_NONE l=0).mark_down
2024-04-02T04:33:03.439 INFO:teuthology.orchestra.run.smithi016.stdout:/usr/bin/ceph: stderr
2024-04-02T04:33:02.923+0000 7f2429d29700 1 -- 172.21.15.16:0/1599646247 shutdown_connections
2024-04-02T04:33:03.439 INFO:teuthology.orchestra.run.smithi016.stdout:/usr/bin/ceph: stderr
2024-04-02T04:33:02.923+0000 7f2429d29700 1 -- 172.21.15.16:0/1599646247 wait complete.
2024-04-02T04:33:03.439 INFO:teuthology.orchestra.run.smithi016.stdout:Wrote public SSH key to /home/ubuntu/cephtest/ceph.pub
2024-04-02T04:33:03.439 INFO:teuthology.orchestra.run.smithi016.stdout:Adding key to root@localhost authorized_keys...
2024-04-02T04:33:03.439 INFO:teuthology.orchestra.run.smithi016.stdout:Adding host smithi016...
2024-04-02T04:33:04.681 INFO:journalctl@ceph.mon.smithi016.smithi016.stdout:Apr 02 04:33:04 smithi016 ceph-mon[28969]: from='client.14136 -' entity='client.admin' cmd=[{"prefix": "cephadm get-pub-key", "target": ["mon-mgr", ""]}]: dispatch
2024-04-02T04:33:06.059 INFO:journalctl@ceph.mon.smithi016.smithi016.stdout:Apr 02 04:33:05 smithi016 ceph-mon[28969]: from='client.14138 -' entity='client.admin' cmd=[{"prefix": "orch host add", "hostname": "smithi016", "addr": "172.21.15.16", "target": ["mon-mgr", ""]}]: dispatch
2024-04-02T04:33:07.010 INFO:journalctl@ceph.mon.smithi016.smithi016.stdout:Apr 02 04:33:06 smithi016 ceph-mon[28969]: Deploying cephadm binary to smithi016
2024-04-02T04:33:07.294 INFO:teuthology.orchestra.run.smithi016.stdout:/usr/bin/ceph: stdout Added host 'smithi016' with addr '172.21.15.16'
2024-04-02T04:33:07.294 INFO:teuthology.orchestra.run.smithi016.stdout:/usr/bin/ceph: stderr
2024-04-02T04:33:03.880+0000 7fc1478a8700 1 Processor -- start
2024-04-02T04:33:07.294 INFO:teuthology.orchestra.run.smithi016.stdout:/usr/bin/ceph: stderr
2024-04-02T04:33:03.880+0000 7fc1478a8700 1 -- start start
2024-04-02T04:33:07.294 INFO:teuthology.orchestra.run.smithi016.stdout:/usr/bin/ceph: stderr
2024-04-02T04:33:03.880+0000 7fc1478a8700 1 --2- >> [v2:172.21.15.16:3300/0,v1:172.21.15.16:6789/0] conn(0x7fc140104dd0 0x7fc1401051f0 unknown :-1 s=NONE pgs=0 cs=0 l=0 rev1=0 crypto rx=0 tx=0 comp rx=0 tx=0).connect
2024-04-02T04:33:07.294 INFO:teuthology.orchestra.run.smithi016.stdout:/usr/bin/ceph: stderr
2024-04-02T04:33:03.880+0000 7fc1478a8700 1 -- --> [v2:172.21.15.16:3300/0,v1:172.21.15.16:6789/0] -- mon_getmap magic: 0 v1 -- 0x7fc140079e10 con 0x7fc140104dd0
2024-04-02T04:33:07.294 INFO:teuthology.orchestra.run.smithi016.stdout:/usr/bin/ceph: stderr
2024-04-02T04:33:03.880+0000 7fc145644700 1 --2- >> [v2:172.21.15.16:3300/0,v1:172.21.15.16:6789/0] conn(0x7fc140104dd0 0x7fc1401051f0 unknown :-1 s=BANNER_CONNECTING pgs=0 cs=0 l=0 rev1=0 crypto rx=0 tx=0 comp rx=0 tx=0)._handle_peer_banner_payload supported=3 required=0
2024-04-02T04:33:07.294 INFO:teuthology.orchestra.run.smithi016.stdout:/usr/bin/ceph: stderr
2024-04-02T04:33:03.880+0000 7fc145644700 1 --2- >> [v2:172.21.15.16:3300/0,v1:172.21.15.16:6789/0] conn(0x7fc140104dd0 0x7fc1401051f0 unknown :-1 s=HELLO_CONNECTING pgs=0 cs=0 l=0 rev1=1 crypto rx=0 tx=0 comp rx=0 tx=0).handle_hello peer v2:172.21.15.16:3300/0 says I am v2:172.21.15.16:42090/0 (socket says 172.21.15.16:42090)
2024-04-02T04:33:07.294 INFO:teuthology.orchestra.run.smithi016.stdout:/usr/bin/ceph: stderr
2024-04-02T04:33:03.880+0000 7fc145644700 1 -- 172.21.15.16:0/3627108424 learned_addr learned my addr 172.21.15.16:0/3627108424 (peer_addr_for_me v2:172.21.15.16:0/0)
2024-04-02T04:33:07.294 INFO:teuthology.orchestra.run.smithi016.stdout:/usr/bin/ceph: stderr
2024-04-02T04:33:03.880+0000 7fc145644700 1 -- 172.21.15.16:0/3627108424 --> [v2:172.21.15.16:3300/0,v1:172.21.15.16:6789/0] -- mon_subscribe({config=0+,monmap=0+}) v3 -- 0x7fc140105730 con 0x7fc140104dd0
2024-04-02T04:33:07.295 INFO:teuthology.orchestra.run.smithi016.stdout:/usr/bin/ceph: stderr
2024-04-02T04:33:03.881+0000 7fc145644700 1 --2- 172.21.15.16:0/3627108424 >> [v2:172.21.15.16:3300/0,v1:172.21.15.16:6789/0] conn(0x7fc140104dd0 0x7fc1401051f0 secure :-1 s=READY pgs=43 cs=0 l=1 rev1=1 crypto rx=0x7fc13c0098a0 tx=0x7fc13c009bb0 comp rx=0 tx=0).ready entity=mon.0 client_cookie=4877414c78e4568b server_cookie=0 in_seq=0 out_seq=0
2024-04-02T04:33:07.295 INFO:teuthology.orchestra.run.smithi016.stdout:/usr/bin/ceph: stderr
2024-04-02T04:33:03.881+0000 7fc137fff700 1 -- 172.21.15.16:0/3627108424 <== mon.0 v2:172.21.15.16:3300/0 1 ==== mon_map magic: 0 v1 ==== 229+0+0 (secure 0 0 0) 0x7fc13c004180 con 0x7fc140104dd0
2024-04-02T04:33:07.295 INFO:teuthology.orchestra.run.smithi016.stdout:/usr/bin/ceph: stderr
2024-04-02T04:33:03.881+0000 7fc137fff700 1 -- 172.21.15.16:0/3627108424 <== mon.0 v2:172.21.15.16:3300/0 2 ==== config(27 keys) v1 ==== 1042+0+0 (secure 0 0 0) 0x7fc13c0042e0 con 0x7fc140104dd0
2024-04-02T04:33:07.295 INFO:teuthology.orchestra.run.smithi016.stdout:/usr/bin/ceph: stderr
2024-04-02T04:33:03.881+0000 7fc137fff700 1 -- 172.21.15.16:0/3627108424 <== mon.0 v2:172.21.15.16:3300/0 3 ==== mon_map magic: 0 v1 ==== 229+0+0 (secure 0 0 0) 0x7fc13c011a70 con 0x7fc140104dd0
2024-04-02T04:33:07.295 INFO:teuthology.orchestra.run.smithi016.stdout:/usr/bin/ceph: stderr
2024-04-02T04:33:03.881+0000 7fc1478a8700 1 -- 172.21.15.16:0/3627108424 >> [v2:172.21.15.16:3300/0,v1:172.21.15.16:6789/0] conn(0x7fc140104dd0 msgr2=0x7fc1401051f0 secure :-1 s=STATE_CONNECTION_ESTABLISHED l=1).mark_down
2024-04-02T04:33:07.295 INFO:teuthology.orchestra.run.smithi016.stdout:/usr/bin/ceph: stderr
2024-04-02T04:33:03.881+0000 7fc1478a8700 1 --2- 172.21.15.16:0/3627108424 >> [v2:172.21.15.16:3300/0,v1:172.21.15.16:6789/0] conn(0x7fc140104dd0 0x7fc1401051f0 secure :-1 s=READY pgs=43 cs=0 l=1 rev1=1 crypto rx=0x7fc13c0098a0 tx=0x7fc13c009bb0 comp rx=0 tx=0).stop
2024-04-02T04:33:07.295 INFO:teuthology.orchestra.run.smithi016.stdout:/usr/bin/ceph: stderr
2024-04-02T04:33:03.881+0000 7fc1478a8700 1 -- 172.21.15.16:0/3627108424 shutdown_connections
2024-04-02T04:33:07.295 INFO:teuthology.orchestra.run.smithi016.stdout:/usr/bin/ceph: stderr
2024-04-02T04:33:03.881+0000 7fc1478a8700 1 --2- 172.21.15.16:0/3627108424 >> [v2:172.21.15.16:3300/0,v1:172.21.15.16:6789/0] conn(0x7fc140104dd0 0x7fc1401051f0 unknown :-1 s=CLOSED pgs=43 cs=0 l=1 rev1=1 crypto rx=0 tx=0 comp rx=0 tx=0).stop
2024-04-02T04:33:07.295 INFO:teuthology.orchestra.run.smithi016.stdout:/usr/bin/ceph: stderr
2024-04-02T04:33:03.881+0000 7fc1478a8700 1 -- 172.21.15.16:0/3627108424 >> 172.21.15.16:0/3627108424 conn(0x7fc1401009d0 msgr2=0x7fc140102df0 unknown :-1 s=STATE_NONE l=0).mark_down
2024-04-02T04:33:07.295 INFO:teuthology.orchestra.run.smithi016.stdout:/usr/bin/ceph: stderr
2024-04-02T04:33:03.881+0000 7fc1478a8700 1 -- 172.21.15.16:0/3627108424 shutdown_connections
2024-04-02T04:33:07.295 INFO:teuthology.orchestra.run.smithi016.stdout:/usr/bin/ceph: stderr
2024-04-02T04:33:03.882+0000 7fc1478a8700 1 -- 172.21.15.16:0/3627108424 wait complete.
2024-04-02T04:33:07.295 INFO:teuthology.orchestra.run.smithi016.stdout:/usr/bin/ceph: stderr
2024-04-02T04:33:03.882+0000 7fc1478a8700 1 Processor -- start
2024-04-02T04:33:07.295 INFO:teuthology.orchestra.run.smithi016.stdout:/usr/bin/ceph: stderr
2024-04-02T04:33:03.882+0000 7fc1478a8700 1 -- start start
2024-04-02T04:33:07.295 INFO:teuthology.orchestra.run.smithi016.stdout:/usr/bin/ceph: stderr
2024-04-02T04:33:03.882+0000 7fc1478a8700 1 --2- >> [v2:172.21.15.16:3300/0,v1:172.21.15.16:6789/0] conn(0x7fc140104dd0 0x7fc14019c400 unknown :-1 s=NONE pgs=0 cs=0 l=1 rev1=0 crypto rx=0 tx=0 comp rx=0 tx=0).connect
2024-04-02T04:33:07.296 INFO:teuthology.orchestra.run.smithi016.stdout:/usr/bin/ceph: stderr
2024-04-02T04:33:03.882+0000 7fc1478a8700 1 -- --> [v2:172.21.15.16:3300/0,v1:172.21.15.16:6789/0] -- mon_getmap magic: 0 v1 -- 0x7fc14019c940 con 0x7fc140104dd0
2024-04-02T04:33:07.296 INFO:teuthology.orchestra.run.smithi016.stdout:/usr/bin/ceph: stderr
2024-04-02T04:33:03.882+0000 7fc145644700 1 --2- >> [v2:172.21.15.16:3300/0,v1:172.21.15.16:6789/0] conn(0x7fc140104dd0 0x7fc14019c400 unknown :-1 s=BANNER_CONNECTING pgs=0 cs=0 l=1 rev1=0 crypto rx=0 tx=0 comp rx=0 tx=0)._handle_peer_banner_payload supported=3 required=0
2024-04-02T04:33:07.296 INFO:teuthology.orchestra.run.smithi016.stdout:/usr/bin/ceph: stderr
2024-04-02T04:33:03.882+0000 7fc145644700 1 --2- >> [v2:172.21.15.16:3300/0,v1:172.21.15.16:6789/0] conn(0x7fc140104dd0 0x7fc14019c400 unknown :-1 s=HELLO_CONNECTING pgs=0 cs=0 l=1 rev1=1 crypto rx=0 tx=0 comp rx=0 tx=0).handle_hello peer v2:172.21.15.16:3300/0 says I am v2:172.21.15.16:42098/0 (socket says 172.21.15.16:42098)
2024-04-02T04:33:07.296 INFO:teuthology.orchestra.run.smithi016.stdout:/usr/bin/ceph: stderr
2024-04-02T04:33:03.882+0000 7fc145644700 1 -- 172.21.15.16:0/3858568497 learned_addr learned my addr 172.21.15.16:0/3858568497 (peer_addr_for_me v2:172.21.15.16:0/0)
2024-04-02T04:33:07.296 INFO:teuthology.orchestra.run.smithi016.stdout:/usr/bin/ceph: stderr
2024-04-02T04:33:03.883+0000 7fc145644700 1 -- 172.21.15.16:0/3858568497 --> [v2:172.21.15.16:3300/0,v1:172.21.15.16:6789/0] -- mon_subscribe({config=0+,monmap=0+}) v3 -- 0x7fc13c009550 con 0x7fc140104dd0
2024-04-02T04:33:07.296 INFO:teuthology.orchestra.run.smithi016.stdout:/usr/bin/ceph: stderr
2024-04-02T04:33:03.883+0000 7fc145644700 1 --2- 172.21.15.16:0/3858568497 >> [v2:172.21.15.16:3300/0,v1:172.21.15.16:6789/0] conn(0x7fc140104dd0 0x7fc14019c400 secure :-1 s=READY pgs=44 cs=0 l=1 rev1=1 crypto rx=0x7fc13c011a20 tx=0x7fc13c0047c0 comp rx=0 tx=0).ready entity=mon.0 client_cookie=0 server_cookie=0 in_seq=0 out_seq=0
2024-04-02T04:33:07.296 INFO:teuthology.orchestra.run.smithi016.stdout:/usr/bin/ceph: stderr
2024-04-02T04:33:03.883+0000 7fc1367fc700 1 -- 172.21.15.16:0/3858568497 <== mon.0 v2:172.21.15.16:3300/0 1 ==== mon_map magic: 0 v1 ==== 229+0+0 (secure 0 0 0) 0x7fc13c003b10 con 0x7fc140104dd0
2024-04-02T04:33:07.296 INFO:teuthology.orchestra.run.smithi016.stdout:/usr/bin/ceph: stderr
2024-04-02T04:33:03.883+0000 7fc1367fc700 1 -- 172.21.15.16:0/3858568497 <== mon.0 v2:172.21.15.16:3300/0 2 ==== config(27 keys) v1 ==== 1042+0+0 (secure 0 0 0) 0x7fc13c01b8c0 con 0x7fc140104dd0
2024-04-02T04:33:07.296 INFO:teuthology.orchestra.run.smithi016.stdout:/usr/bin/ceph: stderr
2024-04-02T04:33:03.883+0000 7fc1478a8700 1 -- 172.21.15.16:0/3858568497 --> [v2:172.21.15.16:3300/0,v1:172.21.15.16:6789/0] -- mon_subscribe({mgrmap=0+}) v3 -- 0x7fc14019cb40 con 0x7fc140104dd0
2024-04-02T04:33:07.296 INFO:teuthology.orchestra.run.smithi016.stdout:/usr/bin/ceph: stderr
2024-04-02T04:33:03.883+0000 7fc1367fc700 1 -- 172.21.15.16:0/3858568497 <== mon.0 v2:172.21.15.16:3300/0 3 ==== mon_map magic: 0 v1 ==== 229+0+0 (secure 0 0 0) 0x7fc13c0237b0 con 0x7fc140104dd0
2024-04-02T04:33:07.296 INFO:teuthology.orchestra.run.smithi016.stdout:/usr/bin/ceph: stderr
2024-04-02T04:33:03.883+0000 7fc1478a8700 1 -- 172.21.15.16:0/3858568497 --> [v2:172.21.15.16:3300/0,v1:172.21.15.16:6789/0] -- mon_subscribe({osdmap=0}) v3 -- 0x7fc14019cfe0 con 0x7fc140104dd0
2024-04-02T04:33:07.296 INFO:teuthology.orchestra.run.smithi016.stdout:/usr/bin/ceph: stderr
2024-04-02T04:33:03.884+0000 7fc1367fc700 1 -- 172.21.15.16:0/3858568497 <== mon.0 v2:172.21.15.16:3300/0 4 ==== mgrmap(e 8) v1 ==== 45548+0+0 (secure 0 0 0) 0x7fc13c023a30 con 0x7fc140104dd0
2024-04-02T04:33:07.296 INFO:teuthology.orchestra.run.smithi016.stdout:/usr/bin/ceph: stderr
2024-04-02T04:33:03.884+0000 7fc1478a8700 1 -- 172.21.15.16:0/3858568497 --> [v2:172.21.15.16:3300/0,v1:172.21.15.16:6789/0] -- mon_command({"prefix": "get_command_descriptions"} v 0) v1 -- 0x7fc140196150 con 0x7fc140104dd0
2024-04-02T04:33:07.296 INFO:teuthology.orchestra.run.smithi016.stdout:/usr/bin/ceph: stderr
2024-04-02T04:33:03.884+0000 7fc1367fc700 1 --2- 172.21.15.16:0/3858568497 >> [v2:172.21.15.16:6800/873531241,v1:172.21.15.16:6801/873531241] conn(0x7fc12c0386e0 0x7fc12c03aba0 unknown :-1 s=NONE pgs=0 cs=0 l=1 rev1=0 crypto rx=0 tx=0 comp rx=0 tx=0).connect
2024-04-02T04:33:07.296 INFO:teuthology.orchestra.run.smithi016.stdout:/usr/bin/ceph: stderr
2024-04-02T04:33:03.884+0000 7fc1367fc700 1 -- 172.21.15.16:0/3858568497 <== mon.0 v2:172.21.15.16:3300/0 5 ==== osd_map(2..2 src has 1..2) v4 ==== 940+0+0 (secure 0 0 0) 0x7fc13c04cbc0 con 0x7fc140104dd0
2024-04-02T04:33:07.297 INFO:teuthology.orchestra.run.smithi016.stdout:/usr/bin/ceph: stderr
2024-04-02T04:33:03.884+0000 7fc144e43700 1 --2- 172.21.15.16:0/3858568497 >> [v2:172.21.15.16:6800/873531241,v1:172.21.15.16:6801/873531241] conn(0x7fc12c0386e0 0x7fc12c03aba0 unknown :-1 s=BANNER_CONNECTING pgs=0 cs=0 l=1 rev1=0 crypto rx=0 tx=0 comp rx=0 tx=0)._handle_peer_banner_payload supported=3 required=0
2024-04-02T04:33:07.297 INFO:teuthology.orchestra.run.smithi016.stdout:/usr/bin/ceph: stderr
2024-04-02T04:33:03.885+0000 7fc144e43700 1 --2- 172.21.15.16:0/3858568497 >> [v2:172.21.15.16:6800/873531241,v1:172.21.15.16:6801/873531241] conn(0x7fc12c0386e0 0x7fc12c03aba0 secure :-1 s=READY pgs=11 cs=0 l=1 rev1=1 crypto rx=0x7fc130006fd0 tx=0x7fc130006e40 comp rx=0 tx=0).ready entity=mgr.14118 client_cookie=0 server_cookie=0 in_seq=0 out_seq=0
2024-04-02T04:33:07.297 INFO:teuthology.orchestra.run.smithi016.stdout:/usr/bin/ceph: stderr
2024-04-02T04:33:03.889+0000 7fc1367fc700 1 -- 172.21.15.16:0/3858568497 <== mon.0 v2:172.21.15.16:3300/0 6 ==== mon_command_ack([{"prefix": "get_command_descriptions"}]=0 v0) v1 ==== 72+0+182738 (secure 0 0 0) 0x7fc13c02bd60 con 0x7fc140104dd0
2024-04-02T04:33:07.297 INFO:teuthology.orchestra.run.smithi016.stdout:/usr/bin/ceph: stderr
2024-04-02T04:33:04.096+0000 7fc1478a8700 1 -- 172.21.15.16:0/3858568497 --> [v2:172.21.15.16:6800/873531241,v1:172.21.15.16:6801/873531241] -- mgr_command(tid 0: {"prefix": "orch host add", "hostname": "smithi016", "addr": "172.21.15.16", "target": ["mon-mgr", ""]}) v1 -- 0x7fc14002cee0 con 0x7fc12c0386e0
2024-04-02T04:33:07.297 INFO:teuthology.orchestra.run.smithi016.stdout:/usr/bin/ceph: stderr
2024-04-02T04:33:06.752+0000 7fc1367fc700 1 -- 172.21.15.16:0/3858568497 <== mgr.14118 v2:172.21.15.16:6800/873531241 1 ==== mgr_command_reply(tid 0: 0 ) v1 ==== 8+0+48 (secure 0 0 0) 0x7fc14002cee0 con 0x7fc12c0386e0
2024-04-02T04:33:07.297 INFO:teuthology.orchestra.run.smithi016.stdout:/usr/bin/ceph: stderr
2024-04-02T04:33:06.754+0000 7fc1478a8700 1 -- 172.21.15.16:0/3858568497 >> [v2:172.21.15.16:6800/873531241,v1:172.21.15.16:6801/873531241] conn(0x7fc12c0386e0 msgr2=0x7fc12c03aba0 secure :-1 s=STATE_CONNECTION_ESTABLISHED l=1).mark_down
2024-04-02T04:33:07.297 INFO:teuthology.orchestra.run.smithi016.stdout:/usr/bin/ceph: stderr
2024-04-02T04:33:06.754+0000 7fc1478a8700 1 --2- 172.21.15.16:0/3858568497 >> [v2:172.21.15.16:6800/873531241,v1:172.21.15.16:6801/873531241] conn(0x7fc12c0386e0 0x7fc12c03aba0 secure :-1 s=READY pgs=11 cs=0 l=1 rev1=1 crypto rx=0x7fc130006fd0 tx=0x7fc130006e40 comp rx=0 tx=0).stop
2024-04-02T04:33:07.297 INFO:teuthology.orchestra.run.smithi016.stdout:/usr/bin/ceph: stderr
2024-04-02T04:33:06.754+0000 7fc1478a8700 1 -- 172.21.15.16:0/3858568497 >> [v2:172.21.15.16:3300/0,v1:172.21.15.16:6789/0] conn(0x7fc140104dd0 msgr2=0x7fc14019c400 secure :-1 s=STATE_CONNECTION_ESTABLISHED l=1).mark_down
2024-04-02T04:33:07.297 INFO:teuthology.orchestra.run.smithi016.stdout:/usr/bin/ceph: stderr
2024-04-02T04:33:06.754+0000 7fc1478a8700 1 --2- 172.21.15.16:0/3858568497 >> [v2:172.21.15.16:3300/0,v1:172.21.15.16:6789/0] conn(0x7fc140104dd0 0x7fc14019c400 secure :-1 s=READY pgs=44 cs=0 l=1 rev1=1 crypto rx=0x7fc13c011a20 tx=0x7fc13c0047c0 comp rx=0 tx=0).stop
2024-04-02T04:33:07.297 INFO:teuthology.orchestra.run.smithi016.stdout:/usr/bin/ceph: stderr
2024-04-02T04:33:06.754+0000 7fc1478a8700 1 -- 172.21.15.16:0/3858568497 shutdown_connections
2024-04-02T04:33:07.297 INFO:teuthology.orchestra.run.smithi016.stdout:/usr/bin/ceph: stderr
2024-04-02T04:33:06.754+0000 7fc1478a8700 1 --2- 172.21.15.16:0/3858568497 >> [v2:172.21.15.16:6800/873531241,v1:172.21.15.16:6801/873531241] conn(0x7fc12c0386e0 0x7fc12c03aba0 unknown :-1 s=CLOSED pgs=11 cs=0 l=1 rev1=1 crypto rx=0 tx=0 comp rx=0 tx=0).stop
2024-04-02T04:33:07.297 INFO:teuthology.orchestra.run.smithi016.stdout:/usr/bin/ceph: stderr
2024-04-02T04:33:06.754+0000 7fc1478a8700 1 --2- 172.21.15.16:0/3858568497 >> [v2:172.21.15.16:3300/0,v1:172.21.15.16:6789/0] conn(0x7fc140104dd0 0x7fc14019c400 unknown :-1 s=CLOSED pgs=44 cs=0 l=1 rev1=1 crypto rx=0 tx=0 comp rx=0 tx=0).stop
2024-04-02T04:33:07.297 INFO:teuthology.orchestra.run.smithi016.stdout:/usr/bin/ceph: stderr
2024-04-02T04:33:06.754+0000 7fc1478a8700 1 -- 172.21.15.16:0/3858568497 >> 172.21.15.16:0/3858568497 conn(0x7fc1401009d0 msgr2=0x7fc140193290 unknown :-1 s=STATE_NONE l=0).mark_down
2024-04-02T04:33:07.297 INFO:teuthology.orchestra.run.smithi016.stdout:/usr/bin/ceph: stderr
2024-04-02T04:33:06.755+0000 7fc1478a8700 1 -- 172.21.15.16:0/3858568497 shutdown_connections
2024-04-02T04:33:07.297 INFO:teuthology.orchestra.run.smithi016.stdout:/usr/bin/ceph: stderr
2024-04-02T04:33:06.755+0000 7fc1478a8700 1 -- 172.21.15.16:0/3858568497 wait complete.
2024-04-02T04:33:07.297 INFO:teuthology.orchestra.run.smithi016.stdout:Deploying mon service with default placement...
2024-04-02T04:33:07.896 INFO:journalctl@ceph.mon.smithi016.smithi016.stdout:Apr 02 04:33:07 smithi016 ceph-mon[28969]: from='mgr.14118 172.21.15.16:0/872684120' entity='mgr.smithi016.eqnebx'
2024-04-02T04:33:07.896 INFO:journalctl@ceph.mon.smithi016.smithi016.stdout:Apr 02 04:33:07 smithi016 ceph-mon[28969]: Added host smithi016
2024-04-02T04:33:07.896 INFO:journalctl@ceph.mon.smithi016.smithi016.stdout:Apr 02 04:33:07 smithi016 ceph-mon[28969]: from='mgr.14118 172.21.15.16:0/872684120' entity='mgr.smithi016.eqnebx' cmd=[{"prefix": "config dump", "format": "json"}]: dispatch
2024-04-02T04:33:08.554 INFO:teuthology.orchestra.run.smithi016.stdout:/usr/bin/ceph: stdout Scheduled mon update...
2024-04-02T04:33:08.554 INFO:teuthology.orchestra.run.smithi016.stdout:/usr/bin/ceph: stderr
2024-04-02T04:33:07.714+0000 7fd1408b5700 1 Processor -- start
2024-04-02T04:33:08.554 INFO:teuthology.orchestra.run.smithi016.stdout:/usr/bin/ceph: stderr
2024-04-02T04:33:07.714+0000 7fd1408b5700 1 -- start start
2024-04-02T04:33:08.554 INFO:teuthology.orchestra.run.smithi016.stdout:/usr/bin/ceph: stderr
2024-04-02T04:33:07.714+0000 7fd1408b5700 1 --2- >> [v2:172.21.15.16:3300/0,v1:172.21.15.16:6789/0] conn(0x7fd13c1053c0 0x7fd13c1057e0 unknown :-1 s=NONE pgs=0 cs=0 l=0 rev1=0 crypto rx=0 tx=0 comp rx=0 tx=0).connect
2024-04-02T04:33:08.554 INFO:teuthology.orchestra.run.smithi016.stdout:/usr/bin/ceph: stderr
2024-04-02T04:33:07.714+0000 7fd1408b5700 1 -- --> [v2:172.21.15.16:3300/0,v1:172.21.15.16:6789/0] -- mon_getmap magic: 0 v1 -- 0x7fd13c105db0 con 0x7fd13c1053c0
2024-04-02T04:33:08.554 INFO:teuthology.orchestra.run.smithi016.stdout:/usr/bin/ceph: stderr
2024-04-02T04:33:07.715+0000 7fd13a59c700 1 --2- >> [v2:172.21.15.16:3300/0,v1:172.21.15.16:6789/0] conn(0x7fd13c1053c0 0x7fd13c1057e0 unknown :-1 s=BANNER_CONNECTING pgs=0 cs=0 l=0 rev1=0 crypto rx=0 tx=0 comp rx=0 tx=0)._handle_peer_banner_payload supported=3 required=0
2024-04-02T04:33:08.554 INFO:teuthology.orchestra.run.smithi016.stdout:/usr/bin/ceph: stderr
2024-04-02T04:33:07.715+0000 7fd13a59c700 1 --2- >> [v2:172.21.15.16:3300/0,v1:172.21.15.16:6789/0] conn(0x7fd13c1053c0 0x7fd13c1057e0 unknown :-1 s=HELLO_CONNECTING pgs=0 cs=0 l=0 rev1=1 crypto rx=0 tx=0 comp rx=0 tx=0).handle_hello peer v2:172.21.15.16:3300/0 says I am v2:172.21.15.16:42104/0 (socket says 172.21.15.16:42104)
2024-04-02T04:33:08.554 INFO:teuthology.orchestra.run.smithi016.stdout:/usr/bin/ceph: stderr
2024-04-02T04:33:07.715+0000 7fd13a59c700 1 -- 172.21.15.16:0/2776582224 learned_addr learned my addr 172.21.15.16:0/2776582224 (peer_addr_for_me v2:172.21.15.16:0/0)
2024-04-02T04:33:08.555 INFO:teuthology.orchestra.run.smithi016.stdout:/usr/bin/ceph: stderr
2024-04-02T04:33:07.715+0000 7fd13a59c700 1 -- 172.21.15.16:0/2776582224 --> [v2:172.21.15.16:3300/0,v1:172.21.15.16:6789/0] -- mon_subscribe({config=0+,monmap=0+}) v3 -- 0x7fd13c1065c0 con 0x7fd13c1053c0
2024-04-02T04:33:08.555 INFO:teuthology.orchestra.run.smithi016.stdout:/usr/bin/ceph: stderr
2024-04-02T04:33:07.715+0000 7fd13a59c700 1 --2- 172.21.15.16:0/2776582224 >> [v2:172.21.15.16:3300/0,v1:172.21.15.16:6789/0] conn(0x7fd13c1053c0 0x7fd13c1057e0 secure :-1 s=READY pgs=45 cs=0 l=1 rev1=1 crypto rx=0x7fd134009e80 tx=0x7fd13400b330 comp rx=0 tx=0).ready entity=mon.0 client_cookie=bacf1695786dd486 server_cookie=0 in_seq=0 out_seq=0
2024-04-02T04:33:08.555 INFO:teuthology.orchestra.run.smithi016.stdout:/usr/bin/ceph: stderr
2024-04-02T04:33:07.715+0000 7fd13959a700 1 -- 172.21.15.16:0/2776582224 <== mon.0 v2:172.21.15.16:3300/0 1 ==== mon_map magic: 0 v1 ==== 229+0+0 (secure 0 0 0) 0x7fd13400e070 con 0x7fd13c1053c0
2024-04-02T04:33:08.555 INFO:teuthology.orchestra.run.smithi016.stdout:/usr/bin/ceph: stderr
2024-04-02T04:33:07.715+0000 7fd13959a700 1 -- 172.21.15.16:0/2776582224 <== mon.0 v2:172.21.15.16:3300/0 2 ==== config(27 keys) v1 ==== 1042+0+0 (secure 0 0 0) 0x7fd13400b8c0 con 0x7fd13c1053c0
2024-04-02T04:33:08.555 INFO:teuthology.orchestra.run.smithi016.stdout:/usr/bin/ceph: stderr
2024-04-02T04:33:07.715+0000 7fd13959a700 1 -- 172.21.15.16:0/2776582224 <== mon.0 v2:172.21.15.16:3300/0 3 ==== mon_map magic: 0 v1 ==== 229+0+0 (secure 0 0 0) 0x7fd134004440 con 0x7fd13c1053c0
2024-04-02T04:33:08.555 INFO:teuthology.orchestra.run.smithi016.stdout:/usr/bin/ceph: stderr
2024-04-02T04:33:07.716+0000 7fd1408b5700 1 -- 172.21.15.16:0/2776582224 >> [v2:172.21.15.16:3300/0,v1:172.21.15.16:6789/0] conn(0x7fd13c1053c0 msgr2=0x7fd13c1057e0 secure :-1 s=STATE_CONNECTION_ESTABLISHED l=1).mark_down
2024-04-02T04:33:08.555 INFO:teuthology.orchestra.run.smithi016.stdout:/usr/bin/ceph: stderr
2024-04-02T04:33:07.716+0000 7fd1408b5700 1 --2- 172.21.15.16:0/2776582224 >> [v2:172.21.15.16:3300/0,v1:172.21.15.16:6789/0] conn(0x7fd13c1053c0 0x7fd13c1057e0 secure :-1 s=READY pgs=45 cs=0 l=1 rev1=1 crypto rx=0x7fd134009e80 tx=0x7fd13400b330 comp rx=0 tx=0).stop
2024-04-02T04:33:08.555 INFO:teuthology.orchestra.run.smithi016.stdout:/usr/bin/ceph: stderr
2024-04-02T04:33:07.716+0000 7fd1408b5700 1 -- 172.21.15.16:0/2776582224 shutdown_connections
2024-04-02T04:33:08.555 INFO:teuthology.orchestra.run.smithi016.stdout:/usr/bin/ceph: stderr
2024-04-02T04:33:07.716+0000 7fd1408b5700 1 --2- 172.21.15.16:0/2776582224 >> [v2:172.21.15.16:3300/0,v1:172.21.15.16:6789/0] conn(0x7fd13c1053c0 0x7fd13c1057e0 unknown :-1 s=CLOSED pgs=45 cs=0 l=1 rev1=1 crypto rx=0 tx=0 comp rx=0 tx=0).stop
2024-04-02T04:33:08.555 INFO:teuthology.orchestra.run.smithi016.stdout:/usr/bin/ceph: stderr
2024-04-02T04:33:07.716+0000 7fd1408b5700 1 -- 172.21.15.16:0/2776582224 >> 172.21.15.16:0/2776582224 conn(0x7fd13c100980 msgr2=0x7fd13c102da0 unknown :-1 s=STATE_NONE l=0).mark_down
2024-04-02T04:33:08.555 INFO:teuthology.orchestra.run.smithi016.stdout:/usr/bin/ceph: stderr
2024-04-02T04:33:07.716+0000 7fd1408b5700 1 -- 172.21.15.16:0/2776582224 shutdown_connections
2024-04-02T04:33:08.555 INFO:teuthology.orchestra.run.smithi016.stdout:/usr/bin/ceph: stderr
2024-04-02T04:33:07.716+0000 7fd1408b5700 1 -- 172.21.15.16:0/2776582224 wait complete.
2024-04-02T04:33:08.555 INFO:teuthology.orchestra.run.smithi016.stdout:/usr/bin/ceph: stderr
2024-04-02T04:33:07.717+0000 7fd1408b5700 1 Processor -- start
2024-04-02T04:33:08.555 INFO:teuthology.orchestra.run.smithi016.stdout:/usr/bin/ceph: stderr
2024-04-02T04:33:07.717+0000 7fd1408b5700 1 -- start start
2024-04-02T04:33:08.555 INFO:teuthology.orchestra.run.smithi016.stdout:/usr/bin/ceph: stderr
2024-04-02T04:33:07.717+0000 7fd1408b5700 1 --2- >> [v2:172.21.15.16:3300/0,v1:172.21.15.16:6789/0] conn(0x7fd13c1053c0 0x7fd13c190410 unknown :-1 s=NONE pgs=0 cs=0 l=1 rev1=0 crypto rx=0 tx=0 comp rx=0 tx=0).connect
2024-04-02T04:33:08.555 INFO:teuthology.orchestra.run.smithi016.stdout:/usr/bin/ceph: stderr
2024-04-02T04:33:07.717+0000 7fd1408b5700 1 -- --> [v2:172.21.15.16:3300/0,v1:172.21.15.16:6789/0] -- mon_getmap magic: 0 v1 -- 0x7fd13c190950 con 0x7fd13c1053c0
2024-04-02T04:33:08.556 INFO:teuthology.orchestra.run.smithi016.stdout:/usr/bin/ceph: stderr
2024-04-02T04:33:07.717+0000 7fd13a59c700 1 --2- >> [v2:172.21.15.16:3300/0,v1:172.21.15.16:6789/0] conn(0x7fd13c1053c0 0x7fd13c190410 unknown :-1 s=BANNER_CONNECTING pgs=0 cs=0 l=1 rev1=0 crypto rx=0 tx=0 comp rx=0 tx=0)._handle_peer_banner_payload supported=3 required=0
2024-04-02T04:33:08.556 INFO:teuthology.orchestra.run.smithi016.stdout:/usr/bin/ceph: stderr
2024-04-02T04:33:07.717+0000 7fd13a59c700 1 --2- >> [v2:172.21.15.16:3300/0,v1:172.21.15.16:6789/0] conn(0x7fd13c1053c0 0x7fd13c190410 unknown :-1 s=HELLO_CONNECTING pgs=0 cs=0 l=1 rev1=1 crypto rx=0 tx=0 comp rx=0 tx=0).handle_hello peer v2:172.21.15.16:3300/0 says I am v2:172.21.15.16:42112/0 (socket says 172.21.15.16:42112)
2024-04-02T04:33:08.556 INFO:teuthology.orchestra.run.smithi016.stdout:/usr/bin/ceph: stderr
2024-04-02T04:33:07.717+0000 7fd13a59c700 1 -- 172.21.15.16:0/3650090743 learned_addr learned my addr 172.21.15.16:0/3650090743 (peer_addr_for_me v2:172.21.15.16:0/0)
2024-04-02T04:33:08.556 INFO:teuthology.orchestra.run.smithi016.stdout:/usr/bin/ceph: stderr
2024-04-02T04:33:07.717+0000 7fd13a59c700 1 -- 172.21.15.16:0/3650090743 --> [v2:172.21.15.16:3300/0,v1:172.21.15.16:6789/0] -- mon_subscribe({config=0+,monmap=0+}) v3 -- 0x7fd134009b30 con 0x7fd13c1053c0
2024-04-02T04:33:08.556 INFO:teuthology.orchestra.run.smithi016.stdout:/usr/bin/ceph: stderr
2024-04-02T04:33:07.717+0000 7fd13a59c700 1 --2- 172.21.15.16:0/3650090743 >> [v2:172.21.15.16:3300/0,v1:172.21.15.16:6789/0] conn(0x7fd13c1053c0 0x7fd13c190410 secure :-1 s=READY pgs=46 cs=0 l=1 rev1=1 crypto rx=0x7fd134003c30 tx=0x7fd134003d10 comp rx=0 tx=0).ready entity=mon.0 client_cookie=0 server_cookie=0 in_seq=0 out_seq=0
2024-04-02T04:33:08.556 INFO:teuthology.orchestra.run.smithi016.stdout:/usr/bin/ceph: stderr
2024-04-02T04:33:07.717+0000 7fd1337fe700 1 -- 172.21.15.16:0/3650090743 <== mon.0 v2:172.21.15.16:3300/0 1 ==== mon_map magic: 0 v1 ==== 229+0+0 (secure 0 0 0) 0x7fd13400e040 con 0x7fd13c1053c0
2024-04-02T04:33:08.556 INFO:teuthology.orchestra.run.smithi016.stdout:/usr/bin/ceph: stderr
2024-04-02T04:33:07.718+0000 7fd1408b5700 1 -- 172.21.15.16:0/3650090743 --> [v2:172.21.15.16:3300/0,v1:172.21.15.16:6789/0] -- mon_subscribe({mgrmap=0+}) v3 -- 0x7fd13c18ebe0 con 0x7fd13c1053c0
2024-04-02T04:33:08.556 INFO:teuthology.orchestra.run.smithi016.stdout:/usr/bin/ceph: stderr
2024-04-02T04:33:07.718+0000 7fd1337fe700 1 -- 172.21.15.16:0/3650090743 <== mon.0 v2:172.21.15.16:3300/0 2 ==== config(27 keys) v1 ==== 1042+0+0 (secure 0 0 0) 0x7fd13400bc40 con 0x7fd13c1053c0
2024-04-02T04:33:08.556 INFO:teuthology.orchestra.run.smithi016.stdout:/usr/bin/ceph: stderr
2024-04-02T04:33:07.718+0000 7fd1408b5700 1 -- 172.21.15.16:0/3650090743 --> [v2:172.21.15.16:3300/0,v1:172.21.15.16:6789/0] -- mon_subscribe({osdmap=0}) v3 -- 0x7fd13c18f0e0 con 0x7fd13c1053c0
2024-04-02T04:33:08.556 INFO:teuthology.orchestra.run.smithi016.stdout:/usr/bin/ceph: stderr
2024-04-02T04:33:07.718+0000 7fd1337fe700 1 -- 172.21.15.16:0/3650090743 <== mon.0 v2:172.21.15.16:3300/0 3 ==== mon_map magic: 0 v1 ==== 229+0+0 (secure 0 0 0) 0x7fd134012750 con 0x7fd13c1053c0
2024-04-02T04:33:08.556 INFO:teuthology.orchestra.run.smithi016.stdout:/usr/bin/ceph: stderr
2024-04-02T04:33:07.719+0000 7fd1337fe700 1 -- 172.21.15.16:0/3650090743 <== mon.0 v2:172.21.15.16:3300/0 4 ==== mgrmap(e 8) v1 ==== 45548+0+0 (secure 0 0 0) 0x7fd134019040 con 0x7fd13c1053c0
2024-04-02T04:33:08.556 INFO:teuthology.orchestra.run.smithi016.stdout:/usr/bin/ceph: stderr
2024-04-02T04:33:07.719+0000 7fd1408b5700 1 -- 172.21.15.16:0/3650090743 --> [v2:172.21.15.16:3300/0,v1:172.21.15.16:6789/0] -- mon_command({"prefix": "get_command_descriptions"} v 0) v1 -- 0x7fd13c190a90 con 0x7fd13c1053c0
2024-04-02T04:33:08.556 INFO:teuthology.orchestra.run.smithi016.stdout:/usr/bin/ceph: stderr
2024-04-02T04:33:07.719+0000 7fd1337fe700 1 --2- 172.21.15.16:0/3650090743 >> [v2:172.21.15.16:6800/873531241,v1:172.21.15.16:6801/873531241] conn(0x7fd1280386e0 0x7fd12803aba0 unknown :-1 s=NONE pgs=0 cs=0 l=1 rev1=0 crypto rx=0 tx=0 comp rx=0 tx=0).connect
2024-04-02T04:33:08.556 INFO:teuthology.orchestra.run.smithi016.stdout:/usr/bin/ceph: stderr
2024-04-02T04:33:07.719+0000 7fd1337fe700 1 -- 172.21.15.16:0/3650090743 <== mon.0 v2:172.21.15.16:3300/0 5 ==== osd_map(2..2 src has 1..2) v4 ==== 940+0+0 (secure 0 0 0) 0x7fd13404c380 con 0x7fd13c1053c0
2024-04-02T04:33:08.556 INFO:teuthology.orchestra.run.smithi016.stdout:/usr/bin/ceph: stderr
2024-04-02T04:33:07.719+0000 7fd139d9b700 1 --2- 172.21.15.16:0/3650090743 >> [v2:172.21.15.16:6800/873531241,v1:172.21.15.16:6801/873531241] conn(0x7fd1280386e0 0x7fd12803aba0 unknown :-1 s=BANNER_CONNECTING pgs=0 cs=0 l=1 rev1=0 crypto rx=0 tx=0 comp rx=0 tx=0)._handle_peer_banner_payload supported=3 required=0
2024-04-02T04:33:08.557 INFO:teuthology.orchestra.run.smithi016.stdout:/usr/bin/ceph: stderr
2024-04-02T04:33:07.719+0000 7fd139d9b700 1 --2- 172.21.15.16:0/3650090743 >> [v2:172.21.15.16:6800/873531241,v1:172.21.15.16:6801/873531241] conn(0x7fd1280386e0 0x7fd12803aba0 secure :-1 s=READY pgs=12 cs=0 l=1 rev1=1 crypto rx=0x7fd124006fd0 tx=0x7fd124006e40 comp rx=0 tx=0).ready entity=mgr.14118 client_cookie=0 server_cookie=0 in_seq=0 out_seq=0
2024-04-02T04:33:08.557 INFO:teuthology.orchestra.run.smithi016.stdout:/usr/bin/ceph: stderr
2024-04-02T04:33:07.724+0000 7fd1337fe700 1 -- 172.21.15.16:0/3650090743 <== mon.0 v2:172.21.15.16:3300/0 6 ==== mon_command_ack([{"prefix": "get_command_descriptions"}]=0 v0) v1 ==== 72+0+182738 (secure 0 0 0) 0x7fd13c190a90 con 0x7fd13c1053c0
2024-04-02T04:33:08.557 INFO:teuthology.orchestra.run.smithi016.stdout:/usr/bin/ceph: stderr
2024-04-02T04:33:07.940+0000 7fd1408b5700 1 -- 172.21.15.16:0/3650090743 --> [v2:172.21.15.16:6800/873531241,v1:172.21.15.16:6801/873531241] -- mgr_command(tid 0: {"prefix": "orch apply", "service_type": "mon", "target": ["mon-mgr", ""]}) v1 -- 0x7fd13c190a90 con 0x7fd1280386e0
2024-04-02T04:33:08.557 INFO:teuthology.orchestra.run.smithi016.stdout:/usr/bin/ceph: stderr
2024-04-02T04:33:07.944+0000 7fd1337fe700 1 -- 172.21.15.16:0/3650090743 <== mgr.14118 v2:172.21.15.16:6800/873531241 1 ==== mgr_command_reply(tid 0: 0 ) v1 ==== 8+0+24 (secure 0 0 0) 0x7fd13c190a90 con 0x7fd1280386e0
2024-04-02T04:33:08.557 INFO:teuthology.orchestra.run.smithi016.stdout:/usr/bin/ceph: stderr
2024-04-02T04:33:07.946+0000 7fd1408b5700 1 -- 172.21.15.16:0/3650090743 >> [v2:172.21.15.16:6800/873531241,v1:172.21.15.16:6801/873531241] conn(0x7fd1280386e0 msgr2=0x7fd12803aba0 secure :-1 s=STATE_CONNECTION_ESTABLISHED l=1).mark_down
2024-04-02T04:33:08.557 INFO:teuthology.orchestra.run.smithi016.stdout:/usr/bin/ceph: stderr
2024-04-02T04:33:07.946+0000 7fd1408b5700 1 --2- 172.21.15.16:0/3650090743 >> [v2:172.21.15.16:6800/873531241,v1:172.21.15.16:6801/873531241] conn(0x7fd1280386e0 0x7fd12803aba0 secure :-1 s=READY pgs=12 cs=0 l=1 rev1=1 crypto rx=0x7fd124006fd0 tx=0x7fd124006e40 comp rx=0 tx=0).stop
2024-04-02T04:33:08.557 INFO:teuthology.orchestra.run.smithi016.stdout:/usr/bin/ceph: stderr
2024-04-02T04:33:07.946+0000 7fd1408b5700 1 -- 172.21.15.16:0/3650090743 >> [v2:172.21.15.16:3300/0,v1:172.21.15.16:6789/0] conn(0x7fd13c1053c0 msgr2=0x7fd13c190410 secure :-1 s=STATE_CONNECTION_ESTABLISHED l=1).mark_down
2024-04-02T04:33:08.557 INFO:teuthology.orchestra.run.smithi016.stdout:/usr/bin/ceph: stderr
2024-04-02T04:33:07.946+0000 7fd1408b5700 1 --2- 172.21.15.16:0/3650090743 >> [v2:172.21.15.16:3300/0,v1:172.21.15.16:6789/0] conn(0x7fd13c1053c0 0x7fd13c190410 secure :-1 s=READY pgs=46 cs=0 l=1 rev1=1 crypto rx=0x7fd134003c30 tx=0x7fd134003d10 comp rx=0 tx=0).stop
2024-04-02T04:33:08.557 INFO:teuthology.orchestra.run.smithi016.stdout:/usr/bin/ceph: stderr
2024-04-02T04:33:07.946+0000 7fd1408b5700 1 -- 172.21.15.16:0/3650090743 shutdown_connections
2024-04-02T04:33:08.557 INFO:teuthology.orchestra.run.smithi016.stdout:/usr/bin/ceph: stderr
2024-04-02T04:33:07.946+0000 7fd1408b5700 1 --2- 172.21.15.16:0/3650090743 >> [v2:172.21.15.16:6800/873531241,v1:172.21.15.16:6801/873531241] conn(0x7fd1280386e0 0x7fd12803aba0 unknown :-1 s=CLOSED pgs=12 cs=0 l=1 rev1=1 crypto rx=0 tx=0 comp rx=0 tx=0).stop
2024-04-02T04:33:08.557 INFO:teuthology.orchestra.run.smithi016.stdout:/usr/bin/ceph: stderr
2024-04-02T04:33:07.946+0000 7fd1408b5700 1 --2- 172.21.15.16:0/3650090743 >> [v2:172.21.15.16:3300/0,v1:172.21.15.16:6789/0] conn(0x7fd13c1053c0 0x7fd13c190410 unknown :-1 s=CLOSED pgs=46 cs=0 l=1 rev1=1 crypto rx=0 tx=0 comp rx=0 tx=0).stop
2024-04-02T04:33:08.557 INFO:teuthology.orchestra.run.smithi016.stdout:/usr/bin/ceph: stderr
2024-04-02T04:33:07.946+0000 7fd1408b5700 1 -- 172.21.15.16:0/3650090743 >> 172.21.15.16:0/3650090743 conn(0x7fd13c100980 msgr2=0x7fd13c101840 unknown :-1 s=STATE_NONE l=0).mark_down
2024-04-02T04:33:08.557 INFO:teuthology.orchestra.run.smithi016.stdout:/usr/bin/ceph: stderr
2024-04-02T04:33:07.946+0000 7fd1408b5700 1 -- 172.21.15.16:0/3650090743 shutdown_connections
2024-04-02T04:33:08.557 INFO:teuthology.orchestra.run.smithi016.stdout:/usr/bin/ceph: stderr
2024-04-02T04:33:07.946+0000 7fd1408b5700 1 -- 172.21.15.16:0/3650090743 wait complete.
2024-04-02T04:33:08.558 INFO:teuthology.orchestra.run.smithi016.stdout:Deploying mgr service with default placement...
2024-04-02T04:33:09.208 INFO:journalctl@ceph.mon.smithi016.smithi016.stdout:Apr 02 04:33:08 smithi016 ceph-mon[28969]: from='client.14140 -' entity='client.admin' cmd=[{"prefix": "orch apply", "service_type": "mon", "target": ["mon-mgr", ""]}]: dispatch
2024-04-02T04:33:09.208 INFO:journalctl@ceph.mon.smithi016.smithi016.stdout:Apr 02 04:33:08 smithi016 ceph-mon[28969]: Saving service mon spec with placement count:5
2024-04-02T04:33:09.208 INFO:journalctl@ceph.mon.smithi016.smithi016.stdout:Apr 02 04:33:08 smithi016 ceph-mon[28969]: from='mgr.14118 172.21.15.16:0/872684120' entity='mgr.smithi016.eqnebx'
2024-04-02T04:33:09.752 INFO:teuthology.orchestra.run.smithi016.stdout:/usr/bin/ceph: stdout Scheduled mgr update...
2024-04-02T04:33:09.753 INFO:teuthology.orchestra.run.smithi016.stdout:/usr/bin/ceph: stderr
2024-04-02T04:33:08.982+0000 7f3d00a68700 1 Processor -- start
2024-04-02T04:33:09.753 INFO:teuthology.orchestra.run.smithi016.stdout:/usr/bin/ceph: stderr
2024-04-02T04:33:08.982+0000 7f3d00a68700 1 -- start start
2024-04-02T04:33:09.753 INFO:teuthology.orchestra.run.smithi016.stdout:/usr/bin/ceph: stderr
2024-04-02T04:33:08.982+0000 7f3d00a68700 1 --2- >> [v2:172.21.15.16:3300/0,v1:172.21.15.16:6789/0] conn(0x7f3cfc106fc0 0x7f3cfc1093b0 unknown :-1 s=NONE pgs=0 cs=0 l=0 rev1=0 crypto rx=0 tx=0 comp rx=0 tx=0).connect
2024-04-02T04:33:09.753 INFO:teuthology.orchestra.run.smithi016.stdout:/usr/bin/ceph: stderr
2024-04-02T04:33:08.982+0000 7f3d00a68700 1 -- --> [v2:172.21.15.16:3300/0,v1:172.21.15.16:6789/0] -- mon_getmap magic: 0 v1 -- 0x7f3cfc079e30 con 0x7f3cfc106fc0
2024-04-02T04:33:09.753 INFO:teuthology.orchestra.run.smithi016.stdout:/usr/bin/ceph: stderr
2024-04-02T04:33:08.982+0000 7f3cfa59c700 1 --2- >> [v2:172.21.15.16:3300/0,v1:172.21.15.16:6789/0] conn(0x7f3cfc106fc0 0x7f3cfc1093b0 unknown :-1 s=BANNER_CONNECTING pgs=0 cs=0 l=0 rev1=0 crypto rx=0 tx=0 comp rx=0 tx=0)._handle_peer_banner_payload supported=3 required=0
2024-04-02T04:33:09.753 INFO:teuthology.orchestra.run.smithi016.stdout:/usr/bin/ceph: stderr
2024-04-02T04:33:08.982+0000 7f3cfa59c700 1 --2- >> [v2:172.21.15.16:3300/0,v1:172.21.15.16:6789/0] conn(0x7f3cfc106fc0 0x7f3cfc1093b0 unknown :-1 s=HELLO_CONNECTING pgs=0 cs=0 l=0 rev1=1 crypto rx=0 tx=0 comp rx=0 tx=0).handle_hello peer v2:172.21.15.16:3300/0 says I am v2:172.21.15.16:42122/0 (socket says 172.21.15.16:42122)
2024-04-02T04:33:09.753 INFO:teuthology.orchestra.run.smithi016.stdout:/usr/bin/ceph: stderr
2024-04-02T04:33:08.982+0000 7f3cfa59c700 1 -- 172.21.15.16:0/3392466072 learned_addr learned my addr 172.21.15.16:0/3392466072 (peer_addr_for_me v2:172.21.15.16:0/0)
2024-04-02T04:33:09.753 INFO:teuthology.orchestra.run.smithi016.stdout:/usr/bin/ceph: stderr
2024-04-02T04:33:08.983+0000 7f3cfa59c700 1 -- 172.21.15.16:0/3392466072 --> [v2:172.21.15.16:3300/0,v1:172.21.15.16:6789/0] -- mon_subscribe({config=0+,monmap=0+}) v3 -- 0x7f3cfc1098f0 con 0x7f3cfc106fc0
2024-04-02T04:33:09.753 INFO:teuthology.orchestra.run.smithi016.stdout:/usr/bin/ceph: stderr
2024-04-02T04:33:08.983+0000 7f3cfa59c700 1 --2- 172.21.15.16:0/3392466072 >> [v2:172.21.15.16:3300/0,v1:172.21.15.16:6789/0] conn(0x7f3cfc106fc0 0x7f3cfc1093b0 secure :-1 s=READY pgs=47 cs=0 l=1 rev1=1 crypto rx=0x7f3cf00098a0 tx=0x7f3cf0009bb0 comp rx=0 tx=0).ready entity=mon.0 client_cookie=3f496223586f4cfa server_cookie=0 in_seq=0 out_seq=0
2024-04-02T04:33:09.753 INFO:teuthology.orchestra.run.smithi016.stdout:/usr/bin/ceph: stderr
2024-04-02T04:33:08.983+0000 7f3cf959a700 1 -- 172.21.15.16:0/3392466072 <== mon.0 v2:172.21.15.16:3300/0 1 ==== mon_map magic: 0 v1 ==== 229+0+0 (secure 0 0 0) 0x7f3cf0004180 con 0x7f3cfc106fc0
2024-04-02T04:33:09.753 INFO:teuthology.orchestra.run.smithi016.stdout:/usr/bin/ceph: stderr
2024-04-02T04:33:08.983+0000 7f3cf959a700 1 -- 172.21.15.16:0/3392466072 <== mon.0 v2:172.21.15.16:3300/0 2 ==== config(27 keys) v1 ==== 1042+0+0 (secure 0 0 0) 0x7f3cf00042e0 con 0x7f3cfc106fc0
2024-04-02T04:33:09.753 INFO:teuthology.orchestra.run.smithi016.stdout:/usr/bin/ceph: stderr
2024-04-02T04:33:08.983+0000 7f3cf959a700 1 -- 172.21.15.16:0/3392466072 <== mon.0 v2:172.21.15.16:3300/0 3 ==== mon_map magic: 0 v1 ==== 229+0+0 (secure 0 0 0) 0x7f3cf0011a70 con 0x7f3cfc106fc0
2024-04-02T04:33:09.753 INFO:teuthology.orchestra.run.smithi016.stdout:/usr/bin/ceph: stderr
2024-04-02T04:33:08.984+0000 7f3d00a68700 1 -- 172.21.15.16:0/3392466072 >> [v2:172.21.15.16:3300/0,v1:172.21.15.16:6789/0] conn(0x7f3cfc106fc0 msgr2=0x7f3cfc1093b0 secure :-1 s=STATE_CONNECTION_ESTABLISHED l=1).mark_down
2024-04-02T04:33:09.754 INFO:teuthology.orchestra.run.smithi016.stdout:/usr/bin/ceph: stderr
2024-04-02T04:33:08.984+0000 7f3d00a68700 1 --2- 172.21.15.16:0/3392466072 >> [v2:172.21.15.16:3300/0,v1:172.21.15.16:6789/0] conn(0x7f3cfc106fc0 0x7f3cfc1093b0 secure :-1 s=READY pgs=47 cs=0 l=1 rev1=1 crypto rx=0x7f3cf00098a0 tx=0x7f3cf0009bb0 comp rx=0 tx=0).stop
2024-04-02T04:33:09.754 INFO:teuthology.orchestra.run.smithi016.stdout:/usr/bin/ceph: stderr
2024-04-02T04:33:08.984+0000 7f3d00a68700 1 -- 172.21.15.16:0/3392466072 shutdown_connections
2024-04-02T04:33:09.754 INFO:teuthology.orchestra.run.smithi016.stdout:/usr/bin/ceph: stderr
2024-04-02T04:33:08.984+0000 7f3d00a68700 1 --2- 172.21.15.16:0/3392466072 >> [v2:172.21.15.16:3300/0,v1:172.21.15.16:6789/0] conn(0x7f3cfc106fc0 0x7f3cfc1093b0 unknown :-1 s=CLOSED pgs=47 cs=0 l=1 rev1=1 crypto rx=0 tx=0 comp rx=0 tx=0).stop
2024-04-02T04:33:09.754 INFO:teuthology.orchestra.run.smithi016.stdout:/usr/bin/ceph: stderr
2024-04-02T04:33:08.984+0000 7f3d00a68700 1 -- 172.21.15.16:0/3392466072 >> 172.21.15.16:0/3392466072 conn(0x7f3cfc1009b0 msgr2=0x7f3cfc102dd0 unknown :-1 s=STATE_NONE l=0).mark_down
2024-04-02T04:33:09.754 INFO:teuthology.orchestra.run.smithi016.stdout:/usr/bin/ceph: stderr
2024-04-02T04:33:08.984+0000 7f3d00a68700 1 -- 172.21.15.16:0/3392466072 shutdown_connections
2024-04-02T04:33:09.754 INFO:teuthology.orchestra.run.smithi016.stdout:/usr/bin/ceph: stderr
2024-04-02T04:33:08.984+0000 7f3d00a68700 1 -- 172.21.15.16:0/3392466072 wait complete.
2024-04-02T04:33:09.754 INFO:teuthology.orchestra.run.smithi016.stdout:/usr/bin/ceph: stderr
2024-04-02T04:33:08.984+0000 7f3d00a68700 1 Processor -- start
2024-04-02T04:33:09.754 INFO:teuthology.orchestra.run.smithi016.stdout:/usr/bin/ceph: stderr
2024-04-02T04:33:08.984+0000 7f3d00a68700 1 -- start start
2024-04-02T04:33:09.754 INFO:teuthology.orchestra.run.smithi016.stdout:/usr/bin/ceph: stderr
2024-04-02T04:33:08.985+0000 7f3d00a68700 1 --2- >> [v2:172.21.15.16:3300/0,v1:172.21.15.16:6789/0] conn(0x7f3cfc106fc0 0x7f3cfc19a1f0 unknown :-1 s=NONE pgs=0 cs=0 l=1 rev1=0 crypto rx=0 tx=0 comp rx=0 tx=0).connect
2024-04-02T04:33:09.754 INFO:teuthology.orchestra.run.smithi016.stdout:/usr/bin/ceph: stderr
2024-04-02T04:33:08.985+0000 7f3d00a68700 1 -- --> [v2:172.21.15.16:3300/0,v1:172.21.15.16:6789/0] -- mon_getmap magic: 0 v1 -- 0x7f3cfc19a730 con 0x7f3cfc106fc0
2024-04-02T04:33:09.754 INFO:teuthology.orchestra.run.smithi016.stdout:/usr/bin/ceph: stderr
2024-04-02T04:33:08.985+0000 7f3cfa59c700 1 --2- >> [v2:172.21.15.16:3300/0,v1:172.21.15.16:6789/0] conn(0x7f3cfc106fc0 0x7f3cfc19a1f0 unknown :-1 s=BANNER_CONNECTING pgs=0 cs=0 l=1 rev1=0 crypto rx=0 tx=0 comp rx=0 tx=0)._handle_peer_banner_payload supported=3 required=0
2024-04-02T04:33:09.754 INFO:teuthology.orchestra.run.smithi016.stdout:/usr/bin/ceph: stderr
2024-04-02T04:33:08.985+0000 7f3cfa59c700 1 --2- >> [v2:172.21.15.16:3300/0,v1:172.21.15.16:6789/0] conn(0x7f3cfc106fc0 0x7f3cfc19a1f0 unknown :-1 s=HELLO_CONNECTING pgs=0 cs=0 l=1 rev1=1 crypto rx=0 tx=0 comp rx=0 tx=0).handle_hello peer v2:172.21.15.16:3300/0 says I am v2:172.21.15.16:42132/0 (socket says 172.21.15.16:42132)
2024-04-02T04:33:09.754 INFO:teuthology.orchestra.run.smithi016.stdout:/usr/bin/ceph: stderr
2024-04-02T04:33:08.985+0000 7f3cfa59c700 1 -- 172.21.15.16:0/2319371544 learned_addr learned my addr 172.21.15.16:0/2319371544 (peer_addr_for_me v2:172.21.15.16:0/0)
2024-04-02T04:33:09.755 INFO:teuthology.orchestra.run.smithi016.stdout:/usr/bin/ceph: stderr
2024-04-02T04:33:08.985+0000 7f3cfa59c700 1 -- 172.21.15.16:0/2319371544 --> [v2:172.21.15.16:3300/0,v1:172.21.15.16:6789/0] -- mon_subscribe({config=0+,monmap=0+}) v3 -- 0x7f3cf0009550 con 0x7f3cfc106fc0
2024-04-02T04:33:09.755 INFO:teuthology.orchestra.run.smithi016.stdout:/usr/bin/ceph: stderr
2024-04-02T04:33:08.985+0000 7f3cfa59c700 1 --2- 172.21.15.16:0/2319371544 >> [v2:172.21.15.16:3300/0,v1:172.21.15.16:6789/0] conn(0x7f3cfc106fc0 0x7f3cfc19a1f0 secure :-1 s=READY pgs=48 cs=0 l=1 rev1=1 crypto rx=0x7f3cf0011710 tx=0x7f3cf00047c0 comp rx=0 tx=0).ready entity=mon.0 client_cookie=0 server_cookie=0 in_seq=0 out_seq=0
2024-04-02T04:33:09.755 INFO:teuthology.orchestra.run.smithi016.stdout:/usr/bin/ceph: stderr
2024-04-02T04:33:08.985+0000 7f3ceb7fe700 1 -- 172.21.15.16:0/2319371544 <== mon.0 v2:172.21.15.16:3300/0 1 ==== mon_map magic: 0 v1 ==== 229+0+0 (secure 0 0 0) 0x7f3cf0003b10 con 0x7f3cfc106fc0
2024-04-02T04:33:09.755 INFO:teuthology.orchestra.run.smithi016.stdout:/usr/bin/ceph: stderr
2024-04-02T04:33:08.985+0000 7f3ceb7fe700 1 -- 172.21.15.16:0/2319371544 <== mon.0 v2:172.21.15.16:3300/0 2 ==== config(27 keys) v1 ==== 1042+0+0 (secure 0 0 0) 0x7f3cf001b8c0 con 0x7f3cfc106fc0
2024-04-02T04:33:09.755 INFO:teuthology.orchestra.run.smithi016.stdout:/usr/bin/ceph: stderr
2024-04-02T04:33:08.985+0000 7f3d00a68700 1 -- 172.21.15.16:0/2319371544 --> [v2:172.21.15.16:3300/0,v1:172.21.15.16:6789/0] -- mon_subscribe({mgrmap=0+}) v3 -- 0x7f3cfc19a930 con 0x7f3cfc106fc0
2024-04-02T04:33:09.755 INFO:teuthology.orchestra.run.smithi016.stdout:/usr/bin/ceph: stderr
2024-04-02T04:33:08.985+0000 7f3ceb7fe700 1 -- 172.21.15.16:0/2319371544 <== mon.0 v2:172.21.15.16:3300/0 3 ==== mon_map magic: 0 v1 ==== 229+0+0 (secure 0 0 0) 0x7f3cf00197e0 con 0x7f3cfc106fc0
2024-04-02T04:33:09.755 INFO:teuthology.orchestra.run.smithi016.stdout:/usr/bin/ceph: stderr
2024-04-02T04:33:08.985+0000 7f3d00a68700 1 -- 172.21.15.16:0/2319371544 --> [v2:172.21.15.16:3300/0,v1:172.21.15.16:6789/0] -- mon_subscribe({osdmap=0}) v3 -- 0x7f3cfc19add0 con 0x7f3cfc106fc0
2024-04-02T04:33:09.755 INFO:teuthology.orchestra.run.smithi016.stdout:/usr/bin/ceph: stderr
2024-04-02T04:33:08.986+0000 7f3ceb7fe700 1 -- 172.21.15.16:0/2319371544 <== mon.0 v2:172.21.15.16:3300/0 4 ==== mgrmap(e 8) v1 ==== 45548+0+0 (secure 0 0 0) 0x7f3cf0019a20 con 0x7f3cfc106fc0
2024-04-02T04:33:09.755 INFO:teuthology.orchestra.run.smithi016.stdout:/usr/bin/ceph: stderr
2024-04-02T04:33:08.986+0000 7f3d00a68700 1 -- 172.21.15.16:0/2319371544 --> [v2:172.21.15.16:3300/0,v1:172.21.15.16:6789/0] -- mon_command({"prefix": "get_command_descriptions"} v 0) v1 -- 0x7f3cfc10a610 con 0x7f3cfc106fc0
2024-04-02T04:33:09.755 INFO:teuthology.orchestra.run.smithi016.stdout:/usr/bin/ceph: stderr
