2024-04-02T04:38:38.967+0000 7fe78edca700 1 -- start start
2024-04-02T04:38:39.720 INFO:teuthology.orchestra.run.smithi070.stdout:/usr/bin/ceph: stderr
2024-04-02T04:38:38.967+0000 7fe78edca700 1 --2- >> [v2:172.21.15.70:3300/0,v1:172.21.15.70:6789/0] conn(0x7fe788107030 0x7fe78819a240 unknown :-1 s=NONE pgs=0 cs=0 l=1 rev1=0 crypto rx=0 tx=0 comp rx=0 tx=0).connect
2024-04-02T04:38:39.720 INFO:teuthology.orchestra.run.smithi070.stdout:/usr/bin/ceph: stderr
2024-04-02T04:38:38.967+0000 7fe78edca700 1 -- --> [v2:172.21.15.70:3300/0,v1:172.21.15.70:6789/0] -- mon_getmap magic: 0 v1 -- 0x7fe78819a780 con 0x7fe788107030
2024-04-02T04:38:39.720 INFO:teuthology.orchestra.run.smithi070.stdout:/usr/bin/ceph: stderr
2024-04-02T04:38:38.967+0000 7fe78cb66700 1 --2- >> [v2:172.21.15.70:3300/0,v1:172.21.15.70:6789/0] conn(0x7fe788107030 0x7fe78819a240 unknown :-1 s=BANNER_CONNECTING pgs=0 cs=0 l=1 rev1=0 crypto rx=0 tx=0 comp rx=0 tx=0)._handle_peer_banner_payload supported=3 required=0
2024-04-02T04:38:39.720 INFO:teuthology.orchestra.run.smithi070.stdout:/usr/bin/ceph: stderr
2024-04-02T04:38:38.967+0000 7fe78cb66700 1 --2- >> [v2:172.21.15.70:3300/0,v1:172.21.15.70:6789/0] conn(0x7fe788107030 0x7fe78819a240 unknown :-1 s=HELLO_CONNECTING pgs=0 cs=0 l=1 rev1=1 crypto rx=0 tx=0 comp rx=0 tx=0).handle_hello peer v2:172.21.15.70:3300/0 says I am v2:172.21.15.70:57316/0 (socket says 172.21.15.70:57316)
2024-04-02T04:38:39.720 INFO:teuthology.orchestra.run.smithi070.stdout:/usr/bin/ceph: stderr
2024-04-02T04:38:38.967+0000 7fe78cb66700 1 -- 172.21.15.70:0/1687658891 learned_addr learned my addr 172.21.15.70:0/1687658891 (peer_addr_for_me v2:172.21.15.70:0/0)
2024-04-02T04:38:39.720 INFO:teuthology.orchestra.run.smithi070.stdout:/usr/bin/ceph: stderr
2024-04-02T04:38:38.967+0000 7fe78cb66700 1 -- 172.21.15.70:0/1687658891 --> [v2:172.21.15.70:3300/0,v1:172.21.15.70:6789/0] -- mon_subscribe({config=0+,monmap=0+}) v3 -- 0x7fe77c009550 con 0x7fe788107030
2024-04-02T04:38:39.720 INFO:teuthology.orchestra.run.smithi070.stdout:/usr/bin/ceph: stderr
2024-04-02T04:38:38.967+0000 7fe78cb66700 1 --2- 172.21.15.70:0/1687658891 >> [v2:172.21.15.70:3300/0,v1:172.21.15.70:6789/0] conn(0x7fe788107030 0x7fe78819a240 secure :-1 s=READY pgs=60 cs=0 l=1 rev1=1 crypto rx=0x7fe77c011670 tx=0x7fe77c011b50 comp rx=0 tx=0).ready entity=mon.0 client_cookie=0 server_cookie=0 in_seq=0 out_seq=0
2024-04-02T04:38:39.720 INFO:teuthology.orchestra.run.smithi070.stdout:/usr/bin/ceph: stderr
2024-04-02T04:38:38.968+0000 7fe785ffb700 1 -- 172.21.15.70:0/1687658891 <== mon.0 v2:172.21.15.70:3300/0 1 ==== mon_map magic: 0 v1 ==== 229+0+0 (secure 0 0 0) 0x7fe77c003a40 con 0x7fe788107030
2024-04-02T04:38:39.720 INFO:teuthology.orchestra.run.smithi070.stdout:/usr/bin/ceph: stderr
2024-04-02T04:38:38.968+0000 7fe785ffb700 1 -- 172.21.15.70:0/1687658891 <== mon.0 v2:172.21.15.70:3300/0 2 ==== config(27 keys) v1 ==== 1101+0+0 (secure 0 0 0) 0x7fe77c003ba0 con 0x7fe788107030
2024-04-02T04:38:39.721 INFO:teuthology.orchestra.run.smithi070.stdout:/usr/bin/ceph: stderr
2024-04-02T04:38:38.968+0000 7fe785ffb700 1 -- 172.21.15.70:0/1687658891 <== mon.0 v2:172.21.15.70:3300/0 3 ==== mon_map magic: 0 v1 ==== 229+0+0 (secure 0 0 0) 0x7fe77c024790 con 0x7fe788107030
2024-04-02T04:38:39.721 INFO:teuthology.orchestra.run.smithi070.stdout:/usr/bin/ceph: stderr
2024-04-02T04:38:38.968+0000 7fe78edca700 1 -- 172.21.15.70:0/1687658891 --> [v2:172.21.15.70:3300/0,v1:172.21.15.70:6789/0] -- mon_subscribe({mgrmap=0+}) v3 -- 0x7fe78819a980 con 0x7fe788107030
2024-04-02T04:38:39.721 INFO:teuthology.orchestra.run.smithi070.stdout:/usr/bin/ceph: stderr
2024-04-02T04:38:38.968+0000 7fe78edca700 1 -- 172.21.15.70:0/1687658891 --> [v2:172.21.15.70:3300/0,v1:172.21.15.70:6789/0] -- mon_subscribe({osdmap=0}) v3 -- 0x7fe78819ae20 con 0x7fe788107030
2024-04-02T04:38:39.721 INFO:teuthology.orchestra.run.smithi070.stdout:/usr/bin/ceph: stderr
2024-04-02T04:38:38.969+0000 7fe785ffb700 1 -- 172.21.15.70:0/1687658891 <== mon.0 v2:172.21.15.70:3300/0 4 ==== mgrmap(e 8) v1 ==== 45283+0+0 (secure 0 0 0) 0x7fe77c01a430 con 0x7fe788107030
2024-04-02T04:38:39.721 INFO:teuthology.orchestra.run.smithi070.stdout:/usr/bin/ceph: stderr
2024-04-02T04:38:38.969+0000 7fe785ffb700 1 --2- 172.21.15.70:0/1687658891 >> [v2:172.21.15.70:6800/2939436653,v1:172.21.15.70:6801/2939436653] conn(0x7fe778038370 0x7fe77803a830 unknown :-1 s=NONE pgs=0 cs=0 l=1 rev1=0 crypto rx=0 tx=0 comp rx=0 tx=0).connect
2024-04-02T04:38:39.721 INFO:teuthology.orchestra.run.smithi070.stdout:/usr/bin/ceph: stderr
2024-04-02T04:38:38.969+0000 7fe78edca700 1 -- 172.21.15.70:0/1687658891 --> [v2:172.21.15.70:3300/0,v1:172.21.15.70:6789/0] -- mon_command({"prefix": "get_command_descriptions"} v 0) v1 -- 0x7fe78810a6f0 con 0x7fe788107030
2024-04-02T04:38:39.721 INFO:teuthology.orchestra.run.smithi070.stdout:/usr/bin/ceph: stderr
2024-04-02T04:38:38.969+0000 7fe785ffb700 1 -- 172.21.15.70:0/1687658891 <== mon.0 v2:172.21.15.70:3300/0 5 ==== osd_map(2..2 src has 1..2) v4 ==== 940+0+0 (secure 0 0 0) 0x7fe77c04c440 con 0x7fe788107030
2024-04-02T04:38:39.721 INFO:teuthology.orchestra.run.smithi070.stdout:/usr/bin/ceph: stderr
2024-04-02T04:38:38.969+0000 7fe787fff700 1 --2- 172.21.15.70:0/1687658891 >> [v2:172.21.15.70:6800/2939436653,v1:172.21.15.70:6801/2939436653] conn(0x7fe778038370 0x7fe77803a830 unknown :-1 s=BANNER_CONNECTING pgs=0 cs=0 l=1 rev1=0 crypto rx=0 tx=0 comp rx=0 tx=0)._handle_peer_banner_payload supported=3 required=0
2024-04-02T04:38:39.721 INFO:teuthology.orchestra.run.smithi070.stdout:/usr/bin/ceph: stderr
2024-04-02T04:38:38.969+0000 7fe787fff700 1 --2- 172.21.15.70:0/1687658891 >> [v2:172.21.15.70:6800/2939436653,v1:172.21.15.70:6801/2939436653] conn(0x7fe778038370 0x7fe77803a830 secure :-1 s=READY pgs=18 cs=0 l=1 rev1=1 crypto rx=0x7fe774006fd0 tx=0x7fe774006e40 comp rx=0 tx=0).ready entity=mgr.14120 client_cookie=0 server_cookie=0 in_seq=0 out_seq=0
2024-04-02T04:38:39.721 INFO:teuthology.orchestra.run.smithi070.stdout:/usr/bin/ceph: stderr
2024-04-02T04:38:38.974+0000 7fe785ffb700 1 -- 172.21.15.70:0/1687658891 <== mon.0 v2:172.21.15.70:3300/0 6 ==== mon_command_ack([{"prefix": "get_command_descriptions"}]=0 v0) v1 ==== 72+0+180422 (secure 0 0 0) 0x7fe77c010380 con 0x7fe788107030
2024-04-02T04:38:39.721 INFO:teuthology.orchestra.run.smithi070.stdout:/usr/bin/ceph: stderr
2024-04-02T04:38:39.173+0000 7fe78edca700 1 -- 172.21.15.70:0/1687658891 --> [v2:172.21.15.70:6800/2939436653,v1:172.21.15.70:6801/2939436653] -- mgr_command(tid 0: {"prefix": "orch apply", "service_type": "node-exporter", "target": ["mon-mgr", ""]}) v1 -- 0x7fe788101ed0 con 0x7fe778038370
2024-04-02T04:38:39.721 INFO:teuthology.orchestra.run.smithi070.stdout:/usr/bin/ceph: stderr
2024-04-02T04:38:39.177+0000 7fe785ffb700 1 -- 172.21.15.70:0/1687658891 <== mgr.14120 v2:172.21.15.70:6800/2939436653 1 ==== mgr_command_reply(tid 0: 0 ) v1 ==== 8+0+34 (secure 0 0 0) 0x7fe788101ed0 con 0x7fe778038370
2024-04-02T04:38:39.721 INFO:teuthology.orchestra.run.smithi070.stdout:/usr/bin/ceph: stderr
2024-04-02T04:38:39.179+0000 7fe78edca700 1 -- 172.21.15.70:0/1687658891 >> [v2:172.21.15.70:6800/2939436653,v1:172.21.15.70:6801/2939436653] conn(0x7fe778038370 msgr2=0x7fe77803a830 secure :-1 s=STATE_CONNECTION_ESTABLISHED l=1).mark_down
2024-04-02T04:38:39.722 INFO:teuthology.orchestra.run.smithi070.stdout:/usr/bin/ceph: stderr
2024-04-02T04:38:39.179+0000 7fe78edca700 1 --2- 172.21.15.70:0/1687658891 >> [v2:172.21.15.70:6800/2939436653,v1:172.21.15.70:6801/2939436653] conn(0x7fe778038370 0x7fe77803a830 secure :-1 s=READY pgs=18 cs=0 l=1 rev1=1 crypto rx=0x7fe774006fd0 tx=0x7fe774006e40 comp rx=0 tx=0).stop
2024-04-02T04:38:39.722 INFO:teuthology.orchestra.run.smithi070.stdout:/usr/bin/ceph: stderr
2024-04-02T04:38:39.179+0000 7fe78edca700 1 -- 172.21.15.70:0/1687658891 >> [v2:172.21.15.70:3300/0,v1:172.21.15.70:6789/0] conn(0x7fe788107030 msgr2=0x7fe78819a240 secure :-1 s=STATE_CONNECTION_ESTABLISHED l=1).mark_down
2024-04-02T04:38:39.722 INFO:teuthology.orchestra.run.smithi070.stdout:/usr/bin/ceph: stderr
2024-04-02T04:38:39.179+0000 7fe78edca700 1 --2- 172.21.15.70:0/1687658891 >> [v2:172.21.15.70:3300/0,v1:172.21.15.70:6789/0] conn(0x7fe788107030 0x7fe78819a240 secure :-1 s=READY pgs=60 cs=0 l=1 rev1=1 crypto rx=0x7fe77c011670 tx=0x7fe77c011b50 comp rx=0 tx=0).stop
2024-04-02T04:38:39.722 INFO:teuthology.orchestra.run.smithi070.stdout:/usr/bin/ceph: stderr
2024-04-02T04:38:39.179+0000 7fe78edca700 1 -- 172.21.15.70:0/1687658891 shutdown_connections
2024-04-02T04:38:39.722 INFO:teuthology.orchestra.run.smithi070.stdout:/usr/bin/ceph: stderr
2024-04-02T04:38:39.179+0000 7fe78edca700 1 --2- 172.21.15.70:0/1687658891 >> [v2:172.21.15.70:6800/2939436653,v1:172.21.15.70:6801/2939436653] conn(0x7fe778038370 0x7fe77803a830 unknown :-1 s=CLOSED pgs=18 cs=0 l=1 rev1=1 crypto rx=0 tx=0 comp rx=0 tx=0).stop
2024-04-02T04:38:39.722 INFO:teuthology.orchestra.run.smithi070.stdout:/usr/bin/ceph: stderr
2024-04-02T04:38:39.179+0000 7fe78edca700 1 --2- 172.21.15.70:0/1687658891 >> [v2:172.21.15.70:3300/0,v1:172.21.15.70:6789/0] conn(0x7fe788107030 0x7fe78819a240 unknown :-1 s=CLOSED pgs=60 cs=0 l=1 rev1=1 crypto rx=0 tx=0 comp rx=0 tx=0).stop
2024-04-02T04:38:39.722 INFO:teuthology.orchestra.run.smithi070.stdout:/usr/bin/ceph: stderr
2024-04-02T04:38:39.179+0000 7fe78edca700 1 -- 172.21.15.70:0/1687658891 >> 172.21.15.70:0/1687658891 conn(0x7fe788100a20 msgr2=0x7fe7881017c0 unknown :-1 s=STATE_NONE l=0).mark_down
2024-04-02T04:38:39.722 INFO:teuthology.orchestra.run.smithi070.stdout:/usr/bin/ceph: stderr
2024-04-02T04:38:39.180+0000 7fe78edca700 1 -- 172.21.15.70:0/1687658891 shutdown_connections
2024-04-02T04:38:39.722 INFO:teuthology.orchestra.run.smithi070.stdout:/usr/bin/ceph: stderr
2024-04-02T04:38:39.180+0000 7fe78edca700 1 -- 172.21.15.70:0/1687658891 wait complete.
2024-04-02T04:38:39.722 INFO:teuthology.orchestra.run.smithi070.stdout:Deploying alertmanager service with default placement...
2024-04-02T04:38:40.279 INFO:journalctl@ceph.mon.smithi070.smithi070.stdout:Apr 02 04:38:40 smithi070 ceph-mon[29212]: from='client.14154 -' entity='client.admin' cmd=[{"prefix": "orch apply", "service_type": "node-exporter", "target": ["mon-mgr", ""]}]: dispatch
2024-04-02T04:38:40.279 INFO:journalctl@ceph.mon.smithi070.smithi070.stdout:Apr 02 04:38:40 smithi070 ceph-mon[29212]: Saving service node-exporter spec with placement *
2024-04-02T04:38:40.279 INFO:journalctl@ceph.mon.smithi070.smithi070.stdout:Apr 02 04:38:40 smithi070 ceph-mon[29212]: from='mgr.14120 172.21.15.70:0/1013569447' entity='mgr.smithi070.igidvr'
2024-04-02T04:38:40.967 INFO:teuthology.orchestra.run.smithi070.stdout:/usr/bin/ceph: stdout Scheduled alertmanager update...
2024-04-02T04:38:40.967 INFO:teuthology.orchestra.run.smithi070.stdout:/usr/bin/ceph: stderr
2024-04-02T04:38:40.175+0000 7fb252835700 1 Processor -- start
2024-04-02T04:38:40.967 INFO:teuthology.orchestra.run.smithi070.stdout:/usr/bin/ceph: stderr
2024-04-02T04:38:40.175+0000 7fb252835700 1 -- start start
2024-04-02T04:38:40.967 INFO:teuthology.orchestra.run.smithi070.stdout:/usr/bin/ceph: stderr
2024-04-02T04:38:40.175+0000 7fb252835700 1 --2- >> [v2:172.21.15.70:3300/0,v1:172.21.15.70:6789/0] conn(0x7fb24c07bea0 0x7fb24c07a300 unknown :-1 s=NONE pgs=0 cs=0 l=0 rev1=0 crypto rx=0 tx=0 comp rx=0 tx=0).connect
2024-04-02T04:38:40.967 INFO:teuthology.orchestra.run.smithi070.stdout:/usr/bin/ceph: stderr
2024-04-02T04:38:40.175+0000 7fb252835700 1 -- --> [v2:172.21.15.70:3300/0,v1:172.21.15.70:6789/0] -- mon_getmap magic: 0 v1 -- 0x7fb24c07a8d0 con 0x7fb24c07bea0
2024-04-02T04:38:40.967 INFO:teuthology.orchestra.run.smithi070.stdout:/usr/bin/ceph: stderr
2024-04-02T04:38:40.175+0000 7fb24bfff700 1 --2- >> [v2:172.21.15.70:3300/0,v1:172.21.15.70:6789/0] conn(0x7fb24c07bea0 0x7fb24c07a300 unknown :-1 s=BANNER_CONNECTING pgs=0 cs=0 l=0 rev1=0 crypto rx=0 tx=0 comp rx=0 tx=0)._handle_peer_banner_payload supported=3 required=0
2024-04-02T04:38:40.968 INFO:teuthology.orchestra.run.smithi070.stdout:/usr/bin/ceph: stderr
2024-04-02T04:38:40.175+0000 7fb24bfff700 1 --2- >> [v2:172.21.15.70:3300/0,v1:172.21.15.70:6789/0] conn(0x7fb24c07bea0 0x7fb24c07a300 unknown :-1 s=HELLO_CONNECTING pgs=0 cs=0 l=0 rev1=1 crypto rx=0 tx=0 comp rx=0 tx=0).handle_hello peer v2:172.21.15.70:3300/0 says I am v2:172.21.15.70:57320/0 (socket says 172.21.15.70:57320)
2024-04-02T04:38:40.968 INFO:teuthology.orchestra.run.smithi070.stdout:/usr/bin/ceph: stderr
2024-04-02T04:38:40.175+0000 7fb24bfff700 1 -- 172.21.15.70:0/783384882 learned_addr learned my addr 172.21.15.70:0/783384882 (peer_addr_for_me v2:172.21.15.70:0/0)
2024-04-02T04:38:40.968 INFO:teuthology.orchestra.run.smithi070.stdout:/usr/bin/ceph: stderr
2024-04-02T04:38:40.175+0000 7fb24bfff700 1 -- 172.21.15.70:0/783384882 --> [v2:172.21.15.70:3300/0,v1:172.21.15.70:6789/0] -- mon_subscribe({config=0+,monmap=0+}) v3 -- 0x7fb24c07aa10 con 0x7fb24c07bea0
2024-04-02T04:38:40.968 INFO:teuthology.orchestra.run.smithi070.stdout:/usr/bin/ceph: stderr
2024-04-02T04:38:40.175+0000 7fb24bfff700 1 --2- 172.21.15.70:0/783384882 >> [v2:172.21.15.70:3300/0,v1:172.21.15.70:6789/0] conn(0x7fb24c07bea0 0x7fb24c07a300 secure :-1 s=READY pgs=61 cs=0 l=1 rev1=1 crypto rx=0x7fb23c0098a0 tx=0x7fb23c009bb0 comp rx=0 tx=0).ready entity=mon.0 client_cookie=357f47689855d7e1 server_cookie=0 in_seq=0 out_seq=0
2024-04-02T04:38:40.968 INFO:teuthology.orchestra.run.smithi070.stdout:/usr/bin/ceph: stderr
2024-04-02T04:38:40.176+0000 7fb24affd700 1 -- 172.21.15.70:0/783384882 <== mon.0 v2:172.21.15.70:3300/0 1 ==== mon_map magic: 0 v1 ==== 229+0+0 (secure 0 0 0) 0x7fb23c004180 con 0x7fb24c07bea0
2024-04-02T04:38:40.968 INFO:teuthology.orchestra.run.smithi070.stdout:/usr/bin/ceph: stderr
2024-04-02T04:38:40.176+0000 7fb24affd700 1 -- 172.21.15.70:0/783384882 <== mon.0 v2:172.21.15.70:3300/0 2 ==== config(27 keys) v1 ==== 1101+0+0 (secure 0 0 0) 0x7fb23c0042e0 con 0x7fb24c07bea0
2024-04-02T04:38:40.968 INFO:teuthology.orchestra.run.smithi070.stdout:/usr/bin/ceph: stderr
2024-04-02T04:38:40.176+0000 7fb24affd700 1 -- 172.21.15.70:0/783384882 <== mon.0 v2:172.21.15.70:3300/0 3 ==== mon_map magic: 0 v1 ==== 229+0+0 (secure 0 0 0) 0x7fb23c011af0 con 0x7fb24c07bea0
2024-04-02T04:38:40.968 INFO:teuthology.orchestra.run.smithi070.stdout:/usr/bin/ceph: stderr
2024-04-02T04:38:40.176+0000 7fb252835700 1 -- 172.21.15.70:0/783384882 >> [v2:172.21.15.70:3300/0,v1:172.21.15.70:6789/0] conn(0x7fb24c07bea0 msgr2=0x7fb24c07a300 secure :-1 s=STATE_CONNECTION_ESTABLISHED l=1).mark_down
2024-04-02T04:38:40.968 INFO:teuthology.orchestra.run.smithi070.stdout:/usr/bin/ceph: stderr
2024-04-02T04:38:40.176+0000 7fb252835700 1 --2- 172.21.15.70:0/783384882 >> [v2:172.21.15.70:3300/0,v1:172.21.15.70:6789/0] conn(0x7fb24c07bea0 0x7fb24c07a300 secure :-1 s=READY pgs=61 cs=0 l=1 rev1=1 crypto rx=0x7fb23c0098a0 tx=0x7fb23c009bb0 comp rx=0 tx=0).stop
2024-04-02T04:38:40.968 INFO:teuthology.orchestra.run.smithi070.stdout:/usr/bin/ceph: stderr
2024-04-02T04:38:40.176+0000 7fb252835700 1 -- 172.21.15.70:0/783384882 shutdown_connections
2024-04-02T04:38:40.968 INFO:teuthology.orchestra.run.smithi070.stdout:/usr/bin/ceph: stderr
2024-04-02T04:38:40.176+0000 7fb252835700 1 --2- 172.21.15.70:0/783384882 >> [v2:172.21.15.70:3300/0,v1:172.21.15.70:6789/0] conn(0x7fb24c07bea0 0x7fb24c07a300 unknown :-1 s=CLOSED pgs=61 cs=0 l=1 rev1=1 crypto rx=0 tx=0 comp rx=0 tx=0).stop
2024-04-02T04:38:40.968 INFO:teuthology.orchestra.run.smithi070.stdout:/usr/bin/ceph: stderr
2024-04-02T04:38:40.176+0000 7fb252835700 1 -- 172.21.15.70:0/783384882 >> 172.21.15.70:0/783384882 conn(0x7fb24c101b40 msgr2=0x7fb24c103f60 unknown :-1 s=STATE_NONE l=0).mark_down
2024-04-02T04:38:40.968 INFO:teuthology.orchestra.run.smithi070.stdout:/usr/bin/ceph: stderr
2024-04-02T04:38:40.176+0000 7fb252835700 1 -- 172.21.15.70:0/783384882 shutdown_connections
2024-04-02T04:38:40.968 INFO:teuthology.orchestra.run.smithi070.stdout:/usr/bin/ceph: stderr
2024-04-02T04:38:40.176+0000 7fb252835700 1 -- 172.21.15.70:0/783384882 wait complete.
2024-04-02T04:38:40.969 INFO:teuthology.orchestra.run.smithi070.stdout:/usr/bin/ceph: stderr
2024-04-02T04:38:40.177+0000 7fb252835700 1 Processor -- start
2024-04-02T04:38:40.969 INFO:teuthology.orchestra.run.smithi070.stdout:/usr/bin/ceph: stderr
2024-04-02T04:38:40.177+0000 7fb252835700 1 -- start start
2024-04-02T04:38:40.969 INFO:teuthology.orchestra.run.smithi070.stdout:/usr/bin/ceph: stderr
2024-04-02T04:38:40.177+0000 7fb252835700 1 --2- >> [v2:172.21.15.70:3300/0,v1:172.21.15.70:6789/0] conn(0x7fb24c19c650 0x7fb24c19ca70 unknown :-1 s=NONE pgs=0 cs=0 l=1 rev1=0 crypto rx=0 tx=0 comp rx=0 tx=0).connect
2024-04-02T04:38:40.969 INFO:teuthology.orchestra.run.smithi070.stdout:/usr/bin/ceph: stderr
2024-04-02T04:38:40.177+0000 7fb252835700 1 -- --> [v2:172.21.15.70:3300/0,v1:172.21.15.70:6789/0] -- mon_getmap magic: 0 v1 -- 0x7fb24c19cfb0 con 0x7fb24c19c650
2024-04-02T04:38:40.969 INFO:teuthology.orchestra.run.smithi070.stdout:/usr/bin/ceph: stderr
2024-04-02T04:38:40.177+0000 7fb24bfff700 1 --2- >> [v2:172.21.15.70:3300/0,v1:172.21.15.70:6789/0] conn(0x7fb24c19c650 0x7fb24c19ca70 unknown :-1 s=BANNER_CONNECTING pgs=0 cs=0 l=1 rev1=0 crypto rx=0 tx=0 comp rx=0 tx=0)._handle_peer_banner_payload supported=3 required=0
2024-04-02T04:38:40.969 INFO:teuthology.orchestra.run.smithi070.stdout:/usr/bin/ceph: stderr
2024-04-02T04:38:40.177+0000 7fb24bfff700 1 --2- >> [v2:172.21.15.70:3300/0,v1:172.21.15.70:6789/0] conn(0x7fb24c19c650 0x7fb24c19ca70 unknown :-1 s=HELLO_CONNECTING pgs=0 cs=0 l=1 rev1=1 crypto rx=0 tx=0 comp rx=0 tx=0).handle_hello peer v2:172.21.15.70:3300/0 says I am v2:172.21.15.70:57336/0 (socket says 172.21.15.70:57336)
2024-04-02T04:38:40.969 INFO:teuthology.orchestra.run.smithi070.stdout:/usr/bin/ceph: stderr
2024-04-02T04:38:40.177+0000 7fb24bfff700 1 -- 172.21.15.70:0/1358704647 learned_addr learned my addr 172.21.15.70:0/1358704647 (peer_addr_for_me v2:172.21.15.70:0/0)
2024-04-02T04:38:40.969 INFO:teuthology.orchestra.run.smithi070.stdout:/usr/bin/ceph: stderr
2024-04-02T04:38:40.178+0000 7fb24bfff700 1 -- 172.21.15.70:0/1358704647 --> [v2:172.21.15.70:3300/0,v1:172.21.15.70:6789/0] -- mon_subscribe({config=0+,monmap=0+}) v3 -- 0x7fb23c009550 con 0x7fb24c19c650
2024-04-02T04:38:40.969 INFO:teuthology.orchestra.run.smithi070.stdout:/usr/bin/ceph: stderr
2024-04-02T04:38:40.178+0000 7fb24bfff700 1 --2- 172.21.15.70:0/1358704647 >> [v2:172.21.15.70:3300/0,v1:172.21.15.70:6789/0] conn(0x7fb24c19c650 0x7fb24c19ca70 secure :-1 s=READY pgs=62 cs=0 l=1 rev1=1 crypto rx=0x7fb23c0098a0 tx=0x7fb23c011870 comp rx=0 tx=0).ready entity=mon.0 client_cookie=0 server_cookie=0 in_seq=0 out_seq=0
2024-04-02T04:38:40.969 INFO:teuthology.orchestra.run.smithi070.stdout:/usr/bin/ceph: stderr
2024-04-02T04:38:40.178+0000 7fb2497fa700 1 -- 172.21.15.70:0/1358704647 <== mon.0 v2:172.21.15.70:3300/0 1 ==== mon_map magic: 0 v1 ==== 229+0+0 (secure 0 0 0) 0x7fb23c011ba0 con 0x7fb24c19c650
2024-04-02T04:38:40.969 INFO:teuthology.orchestra.run.smithi070.stdout:/usr/bin/ceph: stderr
2024-04-02T04:38:40.178+0000 7fb2497fa700 1 -- 172.21.15.70:0/1358704647 <== mon.0 v2:172.21.15.70:3300/0 2 ==== config(27 keys) v1 ==== 1101+0+0 (secure 0 0 0) 0x7fb23c01f070 con 0x7fb24c19c650
2024-04-02T04:38:40.969 INFO:teuthology.orchestra.run.smithi070.stdout:/usr/bin/ceph: stderr
2024-04-02T04:38:40.178+0000 7fb252835700 1 -- 172.21.15.70:0/1358704647 --> [v2:172.21.15.70:3300/0,v1:172.21.15.70:6789/0] -- mon_subscribe({mgrmap=0+}) v3 -- 0x7fb24c19d1b0 con 0x7fb24c19c650
2024-04-02T04:38:40.969 INFO:teuthology.orchestra.run.smithi070.stdout:/usr/bin/ceph: stderr
2024-04-02T04:38:40.178+0000 7fb2497fa700 1 -- 172.21.15.70:0/1358704647 <== mon.0 v2:172.21.15.70:3300/0 3 ==== mon_map magic: 0 v1 ==== 229+0+0 (secure 0 0 0) 0x7fb23c01ad90 con 0x7fb24c19c650
2024-04-02T04:38:40.970 INFO:teuthology.orchestra.run.smithi070.stdout:/usr/bin/ceph: stderr
2024-04-02T04:38:40.178+0000 7fb252835700 1 -- 172.21.15.70:0/1358704647 --> [v2:172.21.15.70:3300/0,v1:172.21.15.70:6789/0] -- mon_subscribe({osdmap=0}) v3 -- 0x7fb24c19fe00 con 0x7fb24c19c650
2024-04-02T04:38:40.970 INFO:teuthology.orchestra.run.smithi070.stdout:/usr/bin/ceph: stderr
2024-04-02T04:38:40.179+0000 7fb2497fa700 1 -- 172.21.15.70:0/1358704647 <== mon.0 v2:172.21.15.70:3300/0 4 ==== mgrmap(e 8) v1 ==== 45283+0+0 (secure 0 0 0) 0x7fb23c021030 con 0x7fb24c19c650
2024-04-02T04:38:40.970 INFO:teuthology.orchestra.run.smithi070.stdout:/usr/bin/ceph: stderr
2024-04-02T04:38:40.179+0000 7fb2497fa700 1 --2- 172.21.15.70:0/1358704647 >> [v2:172.21.15.70:6800/2939436653,v1:172.21.15.70:6801/2939436653] conn(0x7fb234038320 0x7fb23403a7e0 unknown :-1 s=NONE pgs=0 cs=0 l=1 rev1=0 crypto rx=0 tx=0 comp rx=0 tx=0).connect
2024-04-02T04:38:40.970 INFO:teuthology.orchestra.run.smithi070.stdout:/usr/bin/ceph: stderr
2024-04-02T04:38:40.179+0000 7fb252835700 1 -- 172.21.15.70:0/1358704647 --> [v2:172.21.15.70:3300/0,v1:172.21.15.70:6789/0] -- mon_command({"prefix": "get_command_descriptions"} v 0) v1 -- 0x7fb24c10c900 con 0x7fb24c19c650
2024-04-02T04:38:40.970 INFO:teuthology.orchestra.run.smithi070.stdout:/usr/bin/ceph: stderr
2024-04-02T04:38:40.179+0000 7fb2497fa700 1 -- 172.21.15.70:0/1358704647 <== mon.0 v2:172.21.15.70:3300/0 5 ==== osd_map(2..2 src has 1..2) v4 ==== 940+0+0 (secure 0 0 0) 0x7fb23c04c1f0 con 0x7fb24c19c650
2024-04-02T04:38:40.970 INFO:teuthology.orchestra.run.smithi070.stdout:/usr/bin/ceph: stderr
2024-04-02T04:38:40.179+0000 7fb24b7fe700 1 --2- 172.21.15.70:0/1358704647 >> [v2:172.21.15.70:6800/2939436653,v1:172.21.15.70:6801/2939436653] conn(0x7fb234038320 0x7fb23403a7e0 unknown :-1 s=BANNER_CONNECTING pgs=0 cs=0 l=1 rev1=0 crypto rx=0 tx=0 comp rx=0 tx=0)._handle_peer_banner_payload supported=3 required=0
2024-04-02T04:38:40.970 INFO:teuthology.orchestra.run.smithi070.stdout:/usr/bin/ceph: stderr
2024-04-02T04:38:40.180+0000 7fb24b7fe700 1 --2- 172.21.15.70:0/1358704647 >> [v2:172.21.15.70:6800/2939436653,v1:172.21.15.70:6801/2939436653] conn(0x7fb234038320 0x7fb23403a7e0 secure :-1 s=READY pgs=19 cs=0 l=1 rev1=1 crypto rx=0x7fb240006fd0 tx=0x7fb240006e40 comp rx=0 tx=0).ready entity=mgr.14120 client_cookie=0 server_cookie=0 in_seq=0 out_seq=0
2024-04-02T04:38:40.970 INFO:teuthology.orchestra.run.smithi070.stdout:/usr/bin/ceph: stderr
2024-04-02T04:38:40.184+0000 7fb2497fa700 1 -- 172.21.15.70:0/1358704647 <== mon.0 v2:172.21.15.70:3300/0 6 ==== mon_command_ack([{"prefix": "get_command_descriptions"}]=0 v0) v1 ==== 72+0+180422 (secure 0 0 0) 0x7fb23c02d440 con 0x7fb24c19c650
2024-04-02T04:38:40.970 INFO:teuthology.orchestra.run.smithi070.stdout:/usr/bin/ceph: stderr
2024-04-02T04:38:40.385+0000 7fb252835700 1 -- 172.21.15.70:0/1358704647 --> [v2:172.21.15.70:6800/2939436653,v1:172.21.15.70:6801/2939436653] -- mgr_command(tid 0: {"prefix": "orch apply", "service_type": "alertmanager", "target": ["mon-mgr", ""]}) v1 -- 0x7fb24c103e20 con 0x7fb234038320
2024-04-02T04:38:40.970 INFO:teuthology.orchestra.run.smithi070.stdout:/usr/bin/ceph: stderr
2024-04-02T04:38:40.390+0000 7fb2497fa700 1 -- 172.21.15.70:0/1358704647 <== mgr.14120 v2:172.21.15.70:6800/2939436653 1 ==== mgr_command_reply(tid 0: 0 ) v1 ==== 8+0+33 (secure 0 0 0) 0x7fb24c103e20 con 0x7fb234038320
2024-04-02T04:38:40.970 INFO:teuthology.orchestra.run.smithi070.stdout:/usr/bin/ceph: stderr
2024-04-02T04:38:40.392+0000 7fb252835700 1 -- 172.21.15.70:0/1358704647 >> [v2:172.21.15.70:6800/2939436653,v1:172.21.15.70:6801/2939436653] conn(0x7fb234038320 msgr2=0x7fb23403a7e0 secure :-1 s=STATE_CONNECTION_ESTABLISHED l=1).mark_down
2024-04-02T04:38:40.970 INFO:teuthology.orchestra.run.smithi070.stdout:/usr/bin/ceph: stderr
2024-04-02T04:38:40.392+0000 7fb252835700 1 --2- 172.21.15.70:0/1358704647 >> [v2:172.21.15.70:6800/2939436653,v1:172.21.15.70:6801/2939436653] conn(0x7fb234038320 0x7fb23403a7e0 secure :-1 s=READY pgs=19 cs=0 l=1 rev1=1 crypto rx=0x7fb240006fd0 tx=0x7fb240006e40 comp rx=0 tx=0).stop
2024-04-02T04:38:40.971 INFO:teuthology.orchestra.run.smithi070.stdout:/usr/bin/ceph: stderr
2024-04-02T04:38:40.392+0000 7fb252835700 1 -- 172.21.15.70:0/1358704647 >> [v2:172.21.15.70:3300/0,v1:172.21.15.70:6789/0] conn(0x7fb24c19c650 msgr2=0x7fb24c19ca70 secure :-1 s=STATE_CONNECTION_ESTABLISHED l=1).mark_down
2024-04-02T04:38:40.971 INFO:teuthology.orchestra.run.smithi070.stdout:/usr/bin/ceph: stderr
2024-04-02T04:38:40.392+0000 7fb252835700 1 --2- 172.21.15.70:0/1358704647 >> [v2:172.21.15.70:3300/0,v1:172.21.15.70:6789/0] conn(0x7fb24c19c650 0x7fb24c19ca70 secure :-1 s=READY pgs=62 cs=0 l=1 rev1=1 crypto rx=0x7fb23c0098a0 tx=0x7fb23c011870 comp rx=0 tx=0).stop
2024-04-02T04:38:40.971 INFO:teuthology.orchestra.run.smithi070.stdout:/usr/bin/ceph: stderr
2024-04-02T04:38:40.392+0000 7fb252835700 1 -- 172.21.15.70:0/1358704647 shutdown_connections
2024-04-02T04:38:40.971 INFO:teuthology.orchestra.run.smithi070.stdout:/usr/bin/ceph: stderr
2024-04-02T04:38:40.392+0000 7fb252835700 1 --2- 172.21.15.70:0/1358704647 >> [v2:172.21.15.70:6800/2939436653,v1:172.21.15.70:6801/2939436653] conn(0x7fb234038320 0x7fb23403a7e0 unknown :-1 s=CLOSED pgs=19 cs=0 l=1 rev1=1 crypto rx=0 tx=0 comp rx=0 tx=0).stop
2024-04-02T04:38:40.971 INFO:teuthology.orchestra.run.smithi070.stdout:/usr/bin/ceph: stderr
2024-04-02T04:38:40.392+0000 7fb252835700 1 --2- 172.21.15.70:0/1358704647 >> [v2:172.21.15.70:3300/0,v1:172.21.15.70:6789/0] conn(0x7fb24c19c650 0x7fb24c19ca70 unknown :-1 s=CLOSED pgs=62 cs=0 l=1 rev1=1 crypto rx=0 tx=0 comp rx=0 tx=0).stop
2024-04-02T04:38:40.971 INFO:teuthology.orchestra.run.smithi070.stdout:/usr/bin/ceph: stderr
2024-04-02T04:38:40.392+0000 7fb252835700 1 -- 172.21.15.70:0/1358704647 >> 172.21.15.70:0/1358704647 conn(0x7fb24c101b40 msgr2=0x7fb24c103200 unknown :-1 s=STATE_NONE l=0).mark_down
2024-04-02T04:38:40.971 INFO:teuthology.orchestra.run.smithi070.stdout:/usr/bin/ceph: stderr
2024-04-02T04:38:40.392+0000 7fb252835700 1 -- 172.21.15.70:0/1358704647 shutdown_connections
2024-04-02T04:38:40.971 INFO:teuthology.orchestra.run.smithi070.stdout:/usr/bin/ceph: stderr
2024-04-02T04:38:40.392+0000 7fb252835700 1 -- 172.21.15.70:0/1358704647 wait complete.
2024-04-02T04:38:41.602 INFO:journalctl@ceph.mon.smithi070.smithi070.stdout:Apr 02 04:38:41 smithi070 ceph-mon[29212]: from='client.14156 -' entity='client.admin' cmd=[{"prefix": "orch apply", "service_type": "alertmanager", "target": ["mon-mgr", ""]}]: dispatch
2024-04-02T04:38:41.602 INFO:journalctl@ceph.mon.smithi070.smithi070.stdout:Apr 02 04:38:41 smithi070 ceph-mon[29212]: Saving service alertmanager spec with placement count:1
2024-04-02T04:38:41.602 INFO:journalctl@ceph.mon.smithi070.smithi070.stdout:Apr 02 04:38:41 smithi070 ceph-mon[29212]: from='mgr.14120 172.21.15.70:0/1013569447' entity='mgr.smithi070.igidvr'
2024-04-02T04:38:41.602 INFO:journalctl@ceph.mon.smithi070.smithi070.stdout:Apr 02 04:38:41 smithi070 ceph-mon[29212]: pgmap v4: 0 pgs: ; 0 B data, 0 B used, 0 B / 0 B avail
2024-04-02T04:38:42.230 INFO:teuthology.orchestra.run.smithi070.stdout:/usr/bin/ceph: stderr
2024-04-02T04:38:41.383+0000 7f5fb7a8e700 1 Processor -- start
2024-04-02T04:38:42.231 INFO:teuthology.orchestra.run.smithi070.stdout:/usr/bin/ceph: stderr
2024-04-02T04:38:41.383+0000 7f5fb7a8e700 1 -- start start
2024-04-02T04:38:42.231 INFO:teuthology.orchestra.run.smithi070.stdout:/usr/bin/ceph: stderr
2024-04-02T04:38:41.383+0000 7f5fb7a8e700 1 --2- >> [v2:172.21.15.70:3300/0,v1:172.21.15.70:6789/0] conn(0x7f5fb0104840 0x7f5fb0104c60 unknown :-1 s=NONE pgs=0 cs=0 l=0 rev1=0 crypto rx=0 tx=0 comp rx=0 tx=0).connect
2024-04-02T04:38:42.231 INFO:teuthology.orchestra.run.smithi070.stdout:/usr/bin/ceph: stderr
2024-04-02T04:38:41.383+0000 7f5fb7a8e700 1 -- --> [v2:172.21.15.70:3300/0,v1:172.21.15.70:6789/0] -- mon_getmap magic: 0 v1 -- 0x7f5fb0105230 con 0x7f5fb0104840
2024-04-02T04:38:42.231 INFO:teuthology.orchestra.run.smithi070.stdout:/usr/bin/ceph: stderr
2024-04-02T04:38:41.383+0000 7f5fb582a700 1 --2- >> [v2:172.21.15.70:3300/0,v1:172.21.15.70:6789/0] conn(0x7f5fb0104840 0x7f5fb0104c60 unknown :-1 s=BANNER_CONNECTING pgs=0 cs=0 l=0 rev1=0 crypto rx=0 tx=0 comp rx=0 tx=0)._handle_peer_banner_payload supported=3 required=0
2024-04-02T04:38:42.231 INFO:teuthology.orchestra.run.smithi070.stdout:/usr/bin/ceph: stderr
2024-04-02T04:38:41.383+0000 7f5fb582a700 1 --2- >> [v2:172.21.15.70:3300/0,v1:172.21.15.70:6789/0] conn(0x7f5fb0104840 0x7f5fb0104c60 unknown :-1 s=HELLO_CONNECTING pgs=0 cs=0 l=0 rev1=1 crypto rx=0 tx=0 comp rx=0 tx=0).handle_hello peer v2:172.21.15.70:3300/0 says I am v2:172.21.15.70:57340/0 (socket says 172.21.15.70:57340)
2024-04-02T04:38:42.231 INFO:teuthology.orchestra.run.smithi070.stdout:/usr/bin/ceph: stderr
2024-04-02T04:38:41.383+0000 7f5fb582a700 1 -- 172.21.15.70:0/3301335272 learned_addr learned my addr 172.21.15.70:0/3301335272 (peer_addr_for_me v2:172.21.15.70:0/0)
2024-04-02T04:38:42.231 INFO:teuthology.orchestra.run.smithi070.stdout:/usr/bin/ceph: stderr
2024-04-02T04:38:41.383+0000 7f5fb582a700 1 -- 172.21.15.70:0/3301335272 --> [v2:172.21.15.70:3300/0,v1:172.21.15.70:6789/0] -- mon_subscribe({config=0+,monmap=0+}) v3 -- 0x7f5fb01077d0 con 0x7f5fb0104840
2024-04-02T04:38:42.231 INFO:teuthology.orchestra.run.smithi070.stdout:/usr/bin/ceph: stderr
2024-04-02T04:38:41.383+0000 7f5fb582a700 1 --2- 172.21.15.70:0/3301335272 >> [v2:172.21.15.70:3300/0,v1:172.21.15.70:6789/0] conn(0x7f5fb0104840 0x7f5fb0104c60 secure :-1 s=READY pgs=63 cs=0 l=1 rev1=1 crypto rx=0x7f5fa00098a0 tx=0x7f5fa0009bb0 comp rx=0 tx=0).ready entity=mon.0 client_cookie=1c14da2049a60d5a server_cookie=0 in_seq=0 out_seq=0
2024-04-02T04:38:42.231 INFO:teuthology.orchestra.run.smithi070.stdout:/usr/bin/ceph: stderr
2024-04-02T04:38:41.384+0000 7f5fb4828700 1 -- 172.21.15.70:0/3301335272 <== mon.0 v2:172.21.15.70:3300/0 1 ==== mon_map magic: 0 v1 ==== 229+0+0 (secure 0 0 0) 0x7f5fa0004180 con 0x7f5fb0104840
2024-04-02T04:38:42.231 INFO:teuthology.orchestra.run.smithi070.stdout:/usr/bin/ceph: stderr
2024-04-02T04:38:41.384+0000 7f5fb4828700 1 -- 172.21.15.70:0/3301335272 <== mon.0 v2:172.21.15.70:3300/0 2 ==== config(27 keys) v1 ==== 1101+0+0 (secure 0 0 0) 0x7f5fa00042e0 con 0x7f5fb0104840
2024-04-02T04:38:42.231 INFO:teuthology.orchestra.run.smithi070.stdout:/usr/bin/ceph: stderr
2024-04-02T04:38:41.384+0000 7f5fb4828700 1 -- 172.21.15.70:0/3301335272 <== mon.0 v2:172.21.15.70:3300/0 3 ==== mon_map magic: 0 v1 ==== 229+0+0 (secure 0 0 0) 0x7f5fa0011af0 con 0x7f5fb0104840
2024-04-02T04:38:42.231 INFO:teuthology.orchestra.run.smithi070.stdout:/usr/bin/ceph: stderr
2024-04-02T04:38:41.384+0000 7f5fb7a8e700 1 -- 172.21.15.70:0/3301335272 >> [v2:172.21.15.70:3300/0,v1:172.21.15.70:6789/0] conn(0x7f5fb0104840 msgr2=0x7f5fb0104c60 secure :-1 s=STATE_CONNECTION_ESTABLISHED l=1).mark_down
2024-04-02T04:38:42.231 INFO:teuthology.orchestra.run.smithi070.stdout:/usr/bin/ceph: stderr
2024-04-02T04:38:41.384+0000 7f5fb7a8e700 1 --2- 172.21.15.70:0/3301335272 >> [v2:172.21.15.70:3300/0,v1:172.21.15.70:6789/0] conn(0x7f5fb0104840 0x7f5fb0104c60 secure :-1 s=READY pgs=63 cs=0 l=1 rev1=1 crypto rx=0x7f5fa00098a0 tx=0x7f5fa0009bb0 comp rx=0 tx=0).stop
2024-04-02T04:38:42.232 INFO:teuthology.orchestra.run.smithi070.stdout:/usr/bin/ceph: stderr
2024-04-02T04:38:41.384+0000 7f5fb7a8e700 1 -- 172.21.15.70:0/3301335272 shutdown_connections
2024-04-02T04:38:42.232 INFO:teuthology.orchestra.run.smithi070.stdout:/usr/bin/ceph: stderr
2024-04-02T04:38:41.384+0000 7f5fb7a8e700 1 --2- 172.21.15.70:0/3301335272 >> [v2:172.21.15.70:3300/0,v1:172.21.15.70:6789/0] conn(0x7f5fb0104840 0x7f5fb0104c60 unknown :-1 s=CLOSED pgs=63 cs=0 l=1 rev1=1 crypto rx=0 tx=0 comp rx=0 tx=0).stop
2024-04-02T04:38:42.232 INFO:teuthology.orchestra.run.smithi070.stdout:/usr/bin/ceph: stderr
2024-04-02T04:38:41.384+0000 7f5fb7a8e700 1 -- 172.21.15.70:0/3301335272 >> 172.21.15.70:0/3301335272 conn(0x7f5fb0100190 msgr2=0x7f5fb01025b0 unknown :-1 s=STATE_NONE l=0).mark_down
2024-04-02T04:38:42.232 INFO:teuthology.orchestra.run.smithi070.stdout:/usr/bin/ceph: stderr
2024-04-02T04:38:41.384+0000 7f5fb7a8e700 1 -- 172.21.15.70:0/3301335272 shutdown_connections
2024-04-02T04:38:42.232 INFO:teuthology.orchestra.run.smithi070.stdout:/usr/bin/ceph: stderr
2024-04-02T04:38:41.384+0000 7f5fb7a8e700 1 -- 172.21.15.70:0/3301335272 wait complete.
2024-04-02T04:38:42.232 INFO:teuthology.orchestra.run.smithi070.stdout:/usr/bin/ceph: stderr
2024-04-02T04:38:41.385+0000 7f5fb7a8e700 1 Processor -- start
2024-04-02T04:38:42.232 INFO:teuthology.orchestra.run.smithi070.stdout:/usr/bin/ceph: stderr
2024-04-02T04:38:41.385+0000 7f5fb7a8e700 1 -- start start
2024-04-02T04:38:42.232 INFO:teuthology.orchestra.run.smithi070.stdout:/usr/bin/ceph: stderr
2024-04-02T04:38:41.385+0000 7f5fb7a8e700 1 --2- >> [v2:172.21.15.70:3300/0,v1:172.21.15.70:6789/0] conn(0x7f5fb0104840 0x7f5fb019a2a0 unknown :-1 s=NONE pgs=0 cs=0 l=1 rev1=0 crypto rx=0 tx=0 comp rx=0 tx=0).connect
2024-04-02T04:38:42.232 INFO:teuthology.orchestra.run.smithi070.stdout:/usr/bin/ceph: stderr
2024-04-02T04:38:41.385+0000 7f5fb7a8e700 1 -- --> [v2:172.21.15.70:3300/0,v1:172.21.15.70:6789/0] -- mon_getmap magic: 0 v1 -- 0x7f5fb019a7e0 con 0x7f5fb0104840
2024-04-02T04:38:42.232 INFO:teuthology.orchestra.run.smithi070.stdout:/usr/bin/ceph: stderr
2024-04-02T04:38:41.385+0000 7f5fb582a700 1 --2- >> [v2:172.21.15.70:3300/0,v1:172.21.15.70:6789/0] conn(0x7f5fb0104840 0x7f5fb019a2a0 unknown :-1 s=BANNER_CONNECTING pgs=0 cs=0 l=1 rev1=0 crypto rx=0 tx=0 comp rx=0 tx=0)._handle_peer_banner_payload supported=3 required=0
2024-04-02T04:38:42.232 INFO:teuthology.orchestra.run.smithi070.stdout:/usr/bin/ceph: stderr
2024-04-02T04:38:41.385+0000 7f5fb582a700 1 --2- >> [v2:172.21.15.70:3300/0,v1:172.21.15.70:6789/0] conn(0x7f5fb0104840 0x7f5fb019a2a0 unknown :-1 s=HELLO_CONNECTING pgs=0 cs=0 l=1 rev1=1 crypto rx=0 tx=0 comp rx=0 tx=0).handle_hello peer v2:172.21.15.70:3300/0 says I am v2:172.21.15.70:57344/0 (socket says 172.21.15.70:57344)
2024-04-02T04:38:42.232 INFO:teuthology.orchestra.run.smithi070.stdout:/usr/bin/ceph: stderr
2024-04-02T04:38:41.385+0000 7f5fb582a700 1 -- 172.21.15.70:0/3401937086 learned_addr learned my addr 172.21.15.70:0/3401937086 (peer_addr_for_me v2:172.21.15.70:0/0)
2024-04-02T04:38:42.232 INFO:teuthology.orchestra.run.smithi070.stdout:/usr/bin/ceph: stderr
2024-04-02T04:38:41.386+0000 7f5fb582a700 1 -- 172.21.15.70:0/3401937086 --> [v2:172.21.15.70:3300/0,v1:172.21.15.70:6789/0] -- mon_subscribe({config=0+,monmap=0+}) v3 -- 0x7f5fa0009550 con 0x7f5fb0104840
2024-04-02T04:38:42.233 INFO:teuthology.orchestra.run.smithi070.stdout:/usr/bin/ceph: stderr
2024-04-02T04:38:41.386+0000 7f5fb582a700 1 --2- 172.21.15.70:0/3401937086 >> [v2:172.21.15.70:3300/0,v1:172.21.15.70:6789/0] conn(0x7f5fb0104840 0x7f5fb019a2a0 secure :-1 s=READY pgs=64 cs=0 l=1 rev1=1 crypto rx=0x7f5fa0011670 tx=0x7f5fa0011aa0 comp rx=0 tx=0).ready entity=mon.0 client_cookie=0 server_cookie=0 in_seq=0 out_seq=0
2024-04-02T04:38:42.233 INFO:teuthology.orchestra.run.smithi070.stdout:/usr/bin/ceph: stderr
2024-04-02T04:38:41.386+0000 7f5fa6ffd700 1 -- 172.21.15.70:0/3401937086 <== mon.0 v2:172.21.15.70:3300/0 1 ==== mon_map magic: 0 v1 ==== 229+0+0 (secure 0 0 0) 0x7f5fa00039c0 con 0x7f5fb0104840
2024-04-02T04:38:42.233 INFO:teuthology.orchestra.run.smithi070.stdout:/usr/bin/ceph: stderr
2024-04-02T04:38:41.386+0000 7f5fa6ffd700 1 -- 172.21.15.70:0/3401937086 <== mon.0 v2:172.21.15.70:3300/0 2 ==== config(27 keys) v1 ==== 1101+0+0 (secure 0 0 0) 0x7f5fa0003b20 con 0x7f5fb0104840
2024-04-02T04:38:42.233 INFO:teuthology.orchestra.run.smithi070.stdout:/usr/bin/ceph: stderr
2024-04-02T04:38:41.386+0000 7f5fb7a8e700 1 -- 172.21.15.70:0/3401937086 --> [v2:172.21.15.70:3300/0,v1:172.21.15.70:6789/0] -- mon_subscribe({mgrmap=0+}) v3 -- 0x7f5fb019a9e0 con 0x7f5fb0104840
2024-04-02T04:38:42.233 INFO:teuthology.orchestra.run.smithi070.stdout:/usr/bin/ceph: stderr
2024-04-02T04:38:41.386+0000 7f5fa6ffd700 1 -- 172.21.15.70:0/3401937086 <== mon.0 v2:172.21.15.70:3300/0 3 ==== mon_map magic: 0 v1 ==== 229+0+0 (secure 0 0 0) 0x7f5fa00247f0 con 0x7f5fb0104840
2024-04-02T04:38:42.233 INFO:teuthology.orchestra.run.smithi070.stdout:/usr/bin/ceph: stderr
2024-04-02T04:38:41.386+0000 7f5fb7a8e700 1 -- 172.21.15.70:0/3401937086 --> [v2:172.21.15.70:3300/0,v1:172.21.15.70:6789/0] -- mon_subscribe({osdmap=0}) v3 -- 0x7f5fb019ae80 con 0x7f5fb0104840
2024-04-02T04:38:42.233 INFO:teuthology.orchestra.run.smithi070.stdout:/usr/bin/ceph: stderr
2024-04-02T04:38:41.387+0000 7f5fa6ffd700 1 -- 172.21.15.70:0/3401937086 <== mon.0 v2:172.21.15.70:3300/0 4 ==== mgrmap(e 8) v1 ==== 45283+0+0 (secure 0 0 0) 0x7f5fa001a430 con 0x7f5fb0104840
2024-04-02T04:38:42.233 INFO:teuthology.orchestra.run.smithi070.stdout:/usr/bin/ceph: stderr
2024-04-02T04:38:41.387+0000 7f5fb7a8e700 1 -- 172.21.15.70:0/3401937086 --> [v2:172.21.15.70:3300/0,v1:172.21.15.70:6789/0] -- mon_command({"prefix": "get_command_descriptions"} v 0) v1 -- 0x7f5fb00623c0 con 0x7f5fb0104840
2024-04-02T04:38:42.233 INFO:teuthology.orchestra.run.smithi070.stdout:/usr/bin/ceph: stderr
2024-04-02T04:38:41.387+0000 7f5fa6ffd700 1 --2- 172.21.15.70:0/3401937086 >> [v2:172.21.15.70:6800/2939436653,v1:172.21.15.70:6801/2939436653] conn(0x7f5f9c038330 0x7f5f9c03a7f0 unknown :-1 s=NONE pgs=0 cs=0 l=1 rev1=0 crypto rx=0 tx=0 comp rx=0 tx=0).connect
2024-04-02T04:38:42.233 INFO:teuthology.orchestra.run.smithi070.stdout:/usr/bin/ceph: stderr
2024-04-02T04:38:41.387+0000 7f5fa6ffd700 1 -- 172.21.15.70:0/3401937086 <== mon.0 v2:172.21.15.70:3300/0 5 ==== osd_map(2..2 src has 1..2) v4 ==== 940+0+0 (secure 0 0 0) 0x7f5fa004c470 con 0x7f5fb0104840
2024-04-02T04:38:42.233 INFO:teuthology.orchestra.run.smithi070.stdout:/usr/bin/ceph: stderr
2024-04-02T04:38:41.387+0000 7f5fb5029700 1 --2- 172.21.15.70:0/3401937086 >> [v2:172.21.15.70:6800/2939436653,v1:172.21.15.70:6801/2939436653] conn(0x7f5f9c038330 0x7f5f9c03a7f0 unknown :-1 s=BANNER_CONNECTING pgs=0 cs=0 l=1 rev1=0 crypto rx=0 tx=0 comp rx=0 tx=0)._handle_peer_banner_payload supported=3 required=0
2024-04-02T04:38:42.233 INFO:teuthology.orchestra.run.smithi070.stdout:/usr/bin/ceph: stderr
2024-04-02T04:38:41.387+0000 7f5fb5029700 1 --2- 172.21.15.70:0/3401937086 >> [v2:172.21.15.70:6800/2939436653,v1:172.21.15.70:6801/2939436653] conn(0x7f5f9c038330 0x7f5f9c03a7f0 secure :-1 s=READY pgs=20 cs=0 l=1 rev1=1 crypto rx=0x7f5fac006fd0 tx=0x7f5fac006e40 comp rx=0 tx=0).ready entity=mgr.14120 client_cookie=0 server_cookie=0 in_seq=0 out_seq=0
2024-04-02T04:38:42.233 INFO:teuthology.orchestra.run.smithi070.stdout:/usr/bin/ceph: stderr
2024-04-02T04:38:41.392+0000 7f5fa6ffd700 1 -- 172.21.15.70:0/3401937086 <== mon.0 v2:172.21.15.70:3300/0 6 ==== mon_command_ack([{"prefix": "get_command_descriptions"}]=0 v0) v1 ==== 72+0+180422 (secure 0 0 0) 0x7f5fa001a6e0 con 0x7f5fb0104840
2024-04-02T04:38:42.233 INFO:teuthology.orchestra.run.smithi070.stdout:/usr/bin/ceph: stderr
2024-04-02T04:38:41.581+0000 7f5fb7a8e700 1 -- 172.21.15.70:0/3401937086 --> [v2:172.21.15.70:3300/0,v1:172.21.15.70:6789/0] -- mon_command([{prefix=config set, name=mgr/cephadm/container_init}] v 0) v1 -- 0x7f5fb019dcc0 con 0x7f5fb0104840
2024-04-02T04:38:42.234 INFO:teuthology.orchestra.run.smithi070.stdout:/usr/bin/ceph: stderr
2024-04-02T04:38:41.584+0000 7f5fa6ffd700 1 -- 172.21.15.70:0/3401937086 <== mon.0 v2:172.21.15.70:3300/0 7 ==== mon_command_ack([{prefix=config set, name=mgr/cephadm/container_init}]=0 v7)=0 v7) v1 ==== 142+0+0 (secure 0 0 0) 0x7f5fa0018350 con 0x7f5fb0104840
2024-04-02T04:38:42.234 INFO:teuthology.orchestra.run.smithi070.stdout:/usr/bin/ceph: stderr
2024-04-02T04:38:41.586+0000 7f5fb7a8e700 1 -- 172.21.15.70:0/3401937086 >> [v2:172.21.15.70:6800/2939436653,v1:172.21.15.70:6801/2939436653] conn(0x7f5f9c038330 msgr2=0x7f5f9c03a7f0 secure :-1 s=STATE_CONNECTION_ESTABLISHED l=1).mark_down
2024-04-02T04:38:42.234 INFO:teuthology.orchestra.run.smithi070.stdout:/usr/bin/ceph: stderr
2024-04-02T04:38:41.586+0000 7f5fb7a8e700 1 --2- 172.21.15.70:0/3401937086 >> [v2:172.21.15.70:6800/2939436653,v1:172.21.15.70:6801/2939436653] conn(0x7f5f9c038330 0x7f5f9c03a7f0 secure :-1 s=READY pgs=20 cs=0 l=1 rev1=1 crypto rx=0x7f5fac006fd0 tx=0x7f5fac006e40 comp rx=0 tx=0).stop
2024-04-02T04:38:42.234 INFO:teuthology.orchestra.run.smithi070.stdout:/usr/bin/ceph: stderr
2024-04-02T04:38:41.586+0000 7f5fb7a8e700 1 -- 172.21.15.70:0/3401937086 >> [v2:172.21.15.70:3300/0,v1:172.21.15.70:6789/0] conn(0x7f5fb0104840 msgr2=0x7f5fb019a2a0 secure :-1 s=STATE_CONNECTION_ESTABLISHED l=1).mark_down
2024-04-02T04:38:42.234 INFO:teuthology.orchestra.run.smithi070.stdout:/usr/bin/ceph: stderr
2024-04-02T04:38:41.586+0000 7f5fb7a8e700 1 --2- 172.21.15.70:0/3401937086 >> [v2:172.21.15.70:3300/0,v1:172.21.15.70:6789/0] conn(0x7f5fb0104840 0x7f5fb019a2a0 secure :-1 s=READY pgs=64 cs=0 l=1 rev1=1 crypto rx=0x7f5fa0011670 tx=0x7f5fa0011aa0 comp rx=0 tx=0).stop
2024-04-02T04:38:42.234 INFO:teuthology.orchestra.run.smithi070.stdout:/usr/bin/ceph: stderr
2024-04-02T04:38:41.586+0000 7f5fb7a8e700 1 -- 172.21.15.70:0/3401937086 shutdown_connections
2024-04-02T04:38:42.234 INFO:teuthology.orchestra.run.smithi070.stdout:/usr/bin/ceph: stderr
2024-04-02T04:38:41.586+0000 7f5fb7a8e700 1 --2- 172.21.15.70:0/3401937086 >> [v2:172.21.15.70:6800/2939436653,v1:172.21.15.70:6801/2939436653] conn(0x7f5f9c038330 0x7f5f9c03a7f0 unknown :-1 s=CLOSED pgs=20 cs=0 l=1 rev1=1 crypto rx=0 tx=0 comp rx=0 tx=0).stop
2024-04-02T04:38:42.234 INFO:teuthology.orchestra.run.smithi070.stdout:/usr/bin/ceph: stderr
2024-04-02T04:38:41.586+0000 7f5fb7a8e700 1 --2- 172.21.15.70:0/3401937086 >> [v2:172.21.15.70:3300/0,v1:172.21.15.70:6789/0] conn(0x7f5fb0104840 0x7f5fb019a2a0 unknown :-1 s=CLOSED pgs=64 cs=0 l=1 rev1=1 crypto rx=0 tx=0 comp rx=0 tx=0).stop
2024-04-02T04:38:42.234 INFO:teuthology.orchestra.run.smithi070.stdout:/usr/bin/ceph: stderr
2024-04-02T04:38:41.586+0000 7f5fb7a8e700 1 -- 172.21.15.70:0/3401937086 >> 172.21.15.70:0/3401937086 conn(0x7f5fb0100190 msgr2=0x7f5fb0101850 unknown :-1 s=STATE_NONE l=0).mark_down
2024-04-02T04:38:42.234 INFO:teuthology.orchestra.run.smithi070.stdout:/usr/bin/ceph: stderr
2024-04-02T04:38:41.586+0000 7f5fb7a8e700 1 -- 172.21.15.70:0/3401937086 shutdown_connections
2024-04-02T04:38:42.234 INFO:teuthology.orchestra.run.smithi070.stdout:/usr/bin/ceph: stderr
2024-04-02T04:38:41.586+0000 7f5fb7a8e700 1 -- 172.21.15.70:0/3401937086 wait complete.
2024-04-02T04:38:42.856 INFO:journalctl@ceph.mon.smithi070.smithi070.stdout:Apr 02 04:38:42 smithi070 ceph-mon[29212]: from='client.? 172.21.15.70:0/3401937086' entity='client.admin'
2024-04-02T04:38:43.411 INFO:teuthology.orchestra.run.smithi070.stdout:/usr/bin/ceph: stderr
2024-04-02T04:38:42.655+0000 7fe7f9412700 1 Processor -- start
2024-04-02T04:38:43.411 INFO:teuthology.orchestra.run.smithi070.stdout:/usr/bin/ceph: stderr
2024-04-02T04:38:42.655+0000 7fe7f9412700 1 -- start start
2024-04-02T04:38:43.411 INFO:teuthology.orchestra.run.smithi070.stdout:/usr/bin/ceph: stderr
2024-04-02T04:38:42.655+0000 7fe7f9412700 1 --2- >> [v2:172.21.15.70:3300/0,v1:172.21.15.70:6789/0] conn(0x7fe7f4106fe0 0x7fe7f41093d0 unknown :-1 s=NONE pgs=0 cs=0 l=0 rev1=0 crypto rx=0 tx=0 comp rx=0 tx=0).connect
2024-04-02T04:38:43.411 INFO:teuthology.orchestra.run.smithi070.stdout:/usr/bin/ceph: stderr
2024-04-02T04:38:42.655+0000 7fe7f9412700 1 -- --> [v2:172.21.15.70:3300/0,v1:172.21.15.70:6789/0] -- mon_getmap magic: 0 v1 -- 0x7fe7f4074680 con 0x7fe7f4106fe0
2024-04-02T04:38:43.411 INFO:teuthology.orchestra.run.smithi070.stdout:/usr/bin/ceph: stderr
2024-04-02T04:38:42.656+0000 7fe7f2ffd700 1 --2- >> [v2:172.21.15.70:3300/0,v1:172.21.15.70:6789/0] conn(0x7fe7f4106fe0 0x7fe7f41093d0 unknown :-1 s=BANNER_CONNECTING pgs=0 cs=0 l=0 rev1=0 crypto rx=0 tx=0 comp rx=0 tx=0)._handle_peer_banner_payload supported=3 required=0
2024-04-02T04:38:43.411 INFO:teuthology.orchestra.run.smithi070.stdout:/usr/bin/ceph: stderr
2024-04-02T04:38:42.656+0000 7fe7f2ffd700 1 --2- >> [v2:172.21.15.70:3300/0,v1:172.21.15.70:6789/0] conn(0x7fe7f4106fe0 0x7fe7f41093d0 unknown :-1 s=HELLO_CONNECTING pgs=0 cs=0 l=0 rev1=1 crypto rx=0 tx=0 comp rx=0 tx=0).handle_hello peer v2:172.21.15.70:3300/0 says I am v2:172.21.15.70:57356/0 (socket says 172.21.15.70:57356)
2024-04-02T04:38:43.411 INFO:teuthology.orchestra.run.smithi070.stdout:/usr/bin/ceph: stderr
2024-04-02T04:38:42.656+0000 7fe7f2ffd700 1 -- 172.21.15.70:0/1243631986 learned_addr learned my addr 172.21.15.70:0/1243631986 (peer_addr_for_me v2:172.21.15.70:0/0)
2024-04-02T04:38:43.411 INFO:teuthology.orchestra.run.smithi070.stdout:/usr/bin/ceph: stderr
2024-04-02T04:38:42.656+0000 7fe7f2ffd700 1 -- 172.21.15.70:0/1243631986 --> [v2:172.21.15.70:3300/0,v1:172.21.15.70:6789/0] -- mon_subscribe({config=0+,monmap=0+}) v3 -- 0x7fe7f4109910 con 0x7fe7f4106fe0
2024-04-02T04:38:43.411 INFO:teuthology.orchestra.run.smithi070.stdout:/usr/bin/ceph: stderr
2024-04-02T04:38:42.656+0000 7fe7f2ffd700 1 --2- 172.21.15.70:0/1243631986 >> [v2:172.21.15.70:3300/0,v1:172.21.15.70:6789/0] conn(0x7fe7f4106fe0 0x7fe7f41093d0 secure :-1 s=READY pgs=65 cs=0 l=1 rev1=1 crypto rx=0x7fe7e4009e80 tx=0x7fe7e400b330 comp rx=0 tx=0).ready entity=mon.0 client_cookie=3dc92025c7977fa9 server_cookie=0 in_seq=0 out_seq=0
2024-04-02T04:38:43.412 INFO:teuthology.orchestra.run.smithi070.stdout:/usr/bin/ceph: stderr
2024-04-02T04:38:42.656+0000 7fe7f1ffb700 1 -- 172.21.15.70:0/1243631986 <== mon.0 v2:172.21.15.70:3300/0 1 ==== mon_map magic: 0 v1 ==== 229+0+0 (secure 0 0 0) 0x7fe7e400e070 con 0x7fe7f4106fe0
2024-04-02T04:38:43.412 INFO:teuthology.orchestra.run.smithi070.stdout:/usr/bin/ceph: stderr
2024-04-02T04:38:42.656+0000 7fe7f1ffb700 1 -- 172.21.15.70:0/1243631986 <== mon.0 v2:172.21.15.70:3300/0 2 ==== config(27 keys) v1 ==== 1101+0+0 (secure 0 0 0) 0x7fe7e400b8c0 con 0x7fe7f4106fe0
2024-04-02T04:38:43.412 INFO:teuthology.orchestra.run.smithi070.stdout:/usr/bin/ceph: stderr
2024-04-02T04:38:42.656+0000 7fe7f1ffb700 1 -- 172.21.15.70:0/1243631986 <== mon.0 v2:172.21.15.70:3300/0 3 ==== mon_map magic: 0 v1 ==== 229+0+0 (secure 0 0 0) 0x7fe7e40044d0 con 0x7fe7f4106fe0
2024-04-02T04:38:43.412 INFO:teuthology.orchestra.run.smithi070.stdout:/usr/bin/ceph: stderr
2024-04-02T04:38:42.657+0000 7fe7f9412700 1 -- 172.21.15.70:0/1243631986 >> [v2:172.21.15.70:3300/0,v1:172.21.15.70:6789/0] conn(0x7fe7f4106fe0 msgr2=0x7fe7f41093d0 secure :-1 s=STATE_CONNECTION_ESTABLISHED l=1).mark_down
2024-04-02T04:38:43.412 INFO:teuthology.orchestra.run.smithi070.stdout:/usr/bin/ceph: stderr
2024-04-02T04:38:42.657+0000 7fe7f9412700 1 --2- 172.21.15.70:0/1243631986 >> [v2:172.21.15.70:3300/0,v1:172.21.15.70:6789/0] conn(0x7fe7f4106fe0 0x7fe7f41093d0 secure :-1 s=READY pgs=65 cs=0 l=1 rev1=1 crypto rx=0x7fe7e4009e80 tx=0x7fe7e400b330 comp rx=0 tx=0).stop
2024-04-02T04:38:43.412 INFO:teuthology.orchestra.run.smithi070.stdout:/usr/bin/ceph: stderr
2024-04-02T04:38:42.657+0000 7fe7f9412700 1 -- 172.21.15.70:0/1243631986 shutdown_connections
2024-04-02T04:38:43.412 INFO:teuthology.orchestra.run.smithi070.stdout:/usr/bin/ceph: stderr
2024-04-02T04:38:42.657+0000 7fe7f9412700 1 --2- 172.21.15.70:0/1243631986 >> [v2:172.21.15.70:3300/0,v1:172.21.15.70:6789/0] conn(0x7fe7f4106fe0 0x7fe7f41093d0 unknown :-1 s=CLOSED pgs=65 cs=0 l=1 rev1=1 crypto rx=0 tx=0 comp rx=0 tx=0).stop
2024-04-02T04:38:43.412 INFO:teuthology.orchestra.run.smithi070.stdout:/usr/bin/ceph: stderr
2024-04-02T04:38:42.657+0000 7fe7f9412700 1 -- 172.21.15.70:0/1243631986 >> 172.21.15.70:0/1243631986 conn(0x7fe7f41009f0 msgr2=0x7fe7f4102e50 unknown :-1 s=STATE_NONE l=0).mark_down
2024-04-02T04:38:43.412 INFO:teuthology.orchestra.run.smithi070.stdout:/usr/bin/ceph: stderr
2024-04-02T04:38:42.657+0000 7fe7f9412700 1 -- 172.21.15.70:0/1243631986 shutdown_connections
2024-04-02T04:38:43.413 INFO:teuthology.orchestra.run.smithi070.stdout:/usr/bin/ceph: stderr
2024-04-02T04:38:42.657+0000 7fe7f9412700 1 -- 172.21.15.70:0/1243631986 wait complete.
2024-04-02T04:38:43.413 INFO:teuthology.orchestra.run.smithi070.stdout:/usr/bin/ceph: stderr
2024-04-02T04:38:42.657+0000 7fe7f9412700 1 Processor -- start
2024-04-02T04:38:43.413 INFO:teuthology.orchestra.run.smithi070.stdout:/usr/bin/ceph: stderr
2024-04-02T04:38:42.658+0000 7fe7f9412700 1 -- start start
2024-04-02T04:38:43.413 INFO:teuthology.orchestra.run.smithi070.stdout:/usr/bin/ceph: stderr
2024-04-02T04:38:42.658+0000 7fe7f9412700 1 --2- >> [v2:172.21.15.70:3300/0,v1:172.21.15.70:6789/0] conn(0x7fe7f4106fe0 0x7fe7f419a120 unknown :-1 s=NONE pgs=0 cs=0 l=1 rev1=0 crypto rx=0 tx=0 comp rx=0 tx=0).connect
2024-04-02T04:38:43.413 INFO:teuthology.orchestra.run.smithi070.stdout:/usr/bin/ceph: stderr
2024-04-02T04:38:42.658+0000 7fe7f9412700 1 -- --> [v2:172.21.15.70:3300/0,v1:172.21.15.70:6789/0] -- mon_getmap magic: 0 v1 -- 0x7fe7f419a660 con 0x7fe7f4106fe0
2024-04-02T04:38:43.413 INFO:teuthology.orchestra.run.smithi070.stdout:/usr/bin/ceph: stderr
2024-04-02T04:38:42.658+0000 7fe7f2ffd700 1 --2- >> [v2:172.21.15.70:3300/0,v1:172.21.15.70:6789/0] conn(0x7fe7f4106fe0 0x7fe7f419a120 unknown :-1 s=BANNER_CONNECTING pgs=0 cs=0 l=1 rev1=0 crypto rx=0 tx=0 comp rx=0 tx=0)._handle_peer_banner_payload supported=3 required=0
2024-04-02T04:38:43.413 INFO:teuthology.orchestra.run.smithi070.stdout:/usr/bin/ceph: stderr
2024-04-02T04:38:42.658+0000 7fe7f2ffd700 1 --2- >> [v2:172.21.15.70:3300/0,v1:172.21.15.70:6789/0] conn(0x7fe7f4106fe0 0x7fe7f419a120 unknown :-1 s=HELLO_CONNECTING pgs=0 cs=0 l=1 rev1=1 crypto rx=0 tx=0 comp rx=0 tx=0).handle_hello peer v2:172.21.15.70:3300/0 says I am v2:172.21.15.70:57368/0 (socket says 172.21.15.70:57368)
2024-04-02T04:38:43.413 INFO:teuthology.orchestra.run.smithi070.stdout:/usr/bin/ceph: stderr
