2024-04-02T04:38:29.381+0000 7f5a33b8a700 1 --2- 172.21.15.70:0/2408319682 >> [v2:172.21.15.70:3300/0,v1:172.21.15.70:6789/0] conn(0x7f5a2c106fe0 0x7f5a2c1093d0 secure :-1 s=READY pgs=47 cs=0 l=1 rev1=1 crypto rx=0x7f5a280098a0 tx=0x7f5a28009bb0 comp rx=0 tx=0).stop
2024-04-02T04:38:31.026 INFO:teuthology.orchestra.run.smithi070.stdout:/usr/bin/ceph: stderr
2024-04-02T04:38:29.381+0000 7f5a33b8a700 1 -- 172.21.15.70:0/2408319682 shutdown_connections
2024-04-02T04:38:31.026 INFO:teuthology.orchestra.run.smithi070.stdout:/usr/bin/ceph: stderr
2024-04-02T04:38:29.381+0000 7f5a33b8a700 1 --2- 172.21.15.70:0/2408319682 >> [v2:172.21.15.70:3300/0,v1:172.21.15.70:6789/0] conn(0x7f5a2c106fe0 0x7f5a2c1093d0 unknown :-1 s=CLOSED pgs=47 cs=0 l=1 rev1=1 crypto rx=0 tx=0 comp rx=0 tx=0).stop
2024-04-02T04:38:31.026 INFO:teuthology.orchestra.run.smithi070.stdout:/usr/bin/ceph: stderr
2024-04-02T04:38:29.381+0000 7f5a33b8a700 1 -- 172.21.15.70:0/2408319682 >> 172.21.15.70:0/2408319682 conn(0x7f5a2c1009f0 msgr2=0x7f5a2c102e50 unknown :-1 s=STATE_NONE l=0).mark_down
2024-04-02T04:38:31.026 INFO:teuthology.orchestra.run.smithi070.stdout:/usr/bin/ceph: stderr
2024-04-02T04:38:29.382+0000 7f5a33b8a700 1 -- 172.21.15.70:0/2408319682 shutdown_connections
2024-04-02T04:38:31.026 INFO:teuthology.orchestra.run.smithi070.stdout:/usr/bin/ceph: stderr
2024-04-02T04:38:29.382+0000 7f5a33b8a700 1 -- 172.21.15.70:0/2408319682 wait complete.
2024-04-02T04:38:31.027 INFO:teuthology.orchestra.run.smithi070.stdout:/usr/bin/ceph: stderr
2024-04-02T04:38:29.382+0000 7f5a33b8a700 1 Processor -- start
2024-04-02T04:38:31.027 INFO:teuthology.orchestra.run.smithi070.stdout:/usr/bin/ceph: stderr
2024-04-02T04:38:29.382+0000 7f5a33b8a700 1 -- start start
2024-04-02T04:38:31.027 INFO:teuthology.orchestra.run.smithi070.stdout:/usr/bin/ceph: stderr
2024-04-02T04:38:29.382+0000 7f5a33b8a700 1 --2- >> [v2:172.21.15.70:3300/0,v1:172.21.15.70:6789/0] conn(0x7f5a2c106fe0 0x7f5a2c106940 unknown :-1 s=NONE pgs=0 cs=0 l=1 rev1=0 crypto rx=0 tx=0 comp rx=0 tx=0).connect
2024-04-02T04:38:31.027 INFO:teuthology.orchestra.run.smithi070.stdout:/usr/bin/ceph: stderr
2024-04-02T04:38:29.382+0000 7f5a33b8a700 1 -- --> [v2:172.21.15.70:3300/0,v1:172.21.15.70:6789/0] -- mon_getmap magic: 0 v1 -- 0x7f5a2c106e80 con 0x7f5a2c106fe0
2024-04-02T04:38:31.027 INFO:teuthology.orchestra.run.smithi070.stdout:/usr/bin/ceph: stderr
2024-04-02T04:38:29.382+0000 7f5a31926700 1 --2- >> [v2:172.21.15.70:3300/0,v1:172.21.15.70:6789/0] conn(0x7f5a2c106fe0 0x7f5a2c106940 unknown :-1 s=BANNER_CONNECTING pgs=0 cs=0 l=1 rev1=0 crypto rx=0 tx=0 comp rx=0 tx=0)._handle_peer_banner_payload supported=3 required=0
2024-04-02T04:38:31.027 INFO:teuthology.orchestra.run.smithi070.stdout:/usr/bin/ceph: stderr
2024-04-02T04:38:29.382+0000 7f5a31926700 1 --2- >> [v2:172.21.15.70:3300/0,v1:172.21.15.70:6789/0] conn(0x7f5a2c106fe0 0x7f5a2c106940 unknown :-1 s=HELLO_CONNECTING pgs=0 cs=0 l=1 rev1=1 crypto rx=0 tx=0 comp rx=0 tx=0).handle_hello peer v2:172.21.15.70:3300/0 says I am v2:172.21.15.70:45434/0 (socket says 172.21.15.70:45434)
2024-04-02T04:38:31.027 INFO:teuthology.orchestra.run.smithi070.stdout:/usr/bin/ceph: stderr
2024-04-02T04:38:29.382+0000 7f5a31926700 1 -- 172.21.15.70:0/399844651 learned_addr learned my addr 172.21.15.70:0/399844651 (peer_addr_for_me v2:172.21.15.70:0/0)
2024-04-02T04:38:31.027 INFO:teuthology.orchestra.run.smithi070.stdout:/usr/bin/ceph: stderr
2024-04-02T04:38:29.383+0000 7f5a31926700 1 -- 172.21.15.70:0/399844651 --> [v2:172.21.15.70:3300/0,v1:172.21.15.70:6789/0] -- mon_subscribe({config=0+,monmap=0+}) v3 -- 0x7f5a28009550 con 0x7f5a2c106fe0
2024-04-02T04:38:31.027 INFO:teuthology.orchestra.run.smithi070.stdout:/usr/bin/ceph: stderr
2024-04-02T04:38:29.383+0000 7f5a31926700 1 --2- 172.21.15.70:0/399844651 >> [v2:172.21.15.70:3300/0,v1:172.21.15.70:6789/0] conn(0x7f5a2c106fe0 0x7f5a2c106940 secure :-1 s=READY pgs=48 cs=0 l=1 rev1=1 crypto rx=0x7f5a28000c00 tx=0x7f5a28011ab0 comp rx=0 tx=0).ready entity=mon.0 client_cookie=0 server_cookie=0 in_seq=0 out_seq=0
2024-04-02T04:38:31.027 INFO:teuthology.orchestra.run.smithi070.stdout:/usr/bin/ceph: stderr
2024-04-02T04:38:29.383+0000 7f5a22ffd700 1 -- 172.21.15.70:0/399844651 <== mon.0 v2:172.21.15.70:3300/0 1 ==== mon_map magic: 0 v1 ==== 229+0+0 (secure 0 0 0) 0x7f5a28003b90 con 0x7f5a2c106fe0
2024-04-02T04:38:31.027 INFO:teuthology.orchestra.run.smithi070.stdout:/usr/bin/ceph: stderr
2024-04-02T04:38:29.383+0000 7f5a22ffd700 1 -- 172.21.15.70:0/399844651 <== mon.0 v2:172.21.15.70:3300/0 2 ==== config(27 keys) v1 ==== 1037+0+0 (secure 0 0 0) 0x7f5a280248b0 con 0x7f5a2c106fe0
2024-04-02T04:38:31.027 INFO:teuthology.orchestra.run.smithi070.stdout:/usr/bin/ceph: stderr
2024-04-02T04:38:29.383+0000 7f5a33b8a700 1 -- 172.21.15.70:0/399844651 --> [v2:172.21.15.70:3300/0,v1:172.21.15.70:6789/0] -- mon_subscribe({mgrmap=0+}) v3 -- 0x7f5a2c104f90 con 0x7f5a2c106fe0
2024-04-02T04:38:31.027 INFO:teuthology.orchestra.run.smithi070.stdout:/usr/bin/ceph: stderr
2024-04-02T04:38:29.383+0000 7f5a22ffd700 1 -- 172.21.15.70:0/399844651 <== mon.0 v2:172.21.15.70:3300/0 3 ==== mon_map magic: 0 v1 ==== 229+0+0 (secure 0 0 0) 0x7f5a2801a8e0 con 0x7f5a2c106fe0
2024-04-02T04:38:31.027 INFO:teuthology.orchestra.run.smithi070.stdout:/usr/bin/ceph: stderr
2024-04-02T04:38:29.383+0000 7f5a33b8a700 1 -- 172.21.15.70:0/399844651 --> [v2:172.21.15.70:3300/0,v1:172.21.15.70:6789/0] -- mon_subscribe({osdmap=0}) v3 -- 0x7f5a2c105430 con 0x7f5a2c106fe0
2024-04-02T04:38:31.028 INFO:teuthology.orchestra.run.smithi070.stdout:/usr/bin/ceph: stderr
2024-04-02T04:38:29.384+0000 7f5a22ffd700 1 -- 172.21.15.70:0/399844651 <== mon.0 v2:172.21.15.70:3300/0 4 ==== mgrmap(e 8) v1 ==== 45283+0+0 (secure 0 0 0) 0x7f5a2801ab50 con 0x7f5a2c106fe0
2024-04-02T04:38:31.028 INFO:teuthology.orchestra.run.smithi070.stdout:/usr/bin/ceph: stderr
2024-04-02T04:38:29.384+0000 7f5a22ffd700 1 --2- 172.21.15.70:0/399844651 >> [v2:172.21.15.70:6800/2939436653,v1:172.21.15.70:6801/2939436653] conn(0x7f5a18038370 0x7f5a1803a830 unknown :-1 s=NONE pgs=0 cs=0 l=1 rev1=0 crypto rx=0 tx=0 comp rx=0 tx=0).connect
2024-04-02T04:38:31.028 INFO:teuthology.orchestra.run.smithi070.stdout:/usr/bin/ceph: stderr
2024-04-02T04:38:29.384+0000 7f5a22ffd700 1 -- 172.21.15.70:0/399844651 <== mon.0 v2:172.21.15.70:3300/0 5 ==== osd_map(2..2 src has 1..2) v4 ==== 940+0+0 (secure 0 0 0) 0x7f5a2804c3c0 con 0x7f5a2c106fe0
2024-04-02T04:38:31.028 INFO:teuthology.orchestra.run.smithi070.stdout:/usr/bin/ceph: stderr
2024-04-02T04:38:29.384+0000 7f5a33b8a700 1 -- 172.21.15.70:0/399844651 --> [v2:172.21.15.70:3300/0,v1:172.21.15.70:6789/0] -- mon_command({"prefix": "get_command_descriptions"} v 0) v1 -- 0x7f5a2c10a690 con 0x7f5a2c106fe0
2024-04-02T04:38:31.028 INFO:teuthology.orchestra.run.smithi070.stdout:/usr/bin/ceph: stderr
2024-04-02T04:38:29.384+0000 7f5a31125700 1 --2- 172.21.15.70:0/399844651 >> [v2:172.21.15.70:6800/2939436653,v1:172.21.15.70:6801/2939436653] conn(0x7f5a18038370 0x7f5a1803a830 unknown :-1 s=BANNER_CONNECTING pgs=0 cs=0 l=1 rev1=0 crypto rx=0 tx=0 comp rx=0 tx=0)._handle_peer_banner_payload supported=3 required=0
2024-04-02T04:38:31.028 INFO:teuthology.orchestra.run.smithi070.stdout:/usr/bin/ceph: stderr
2024-04-02T04:38:29.384+0000 7f5a31125700 1 --2- 172.21.15.70:0/399844651 >> [v2:172.21.15.70:6800/2939436653,v1:172.21.15.70:6801/2939436653] conn(0x7f5a18038370 0x7f5a1803a830 secure :-1 s=READY pgs=12 cs=0 l=1 rev1=1 crypto rx=0x7f5a1c006fd0 tx=0x7f5a1c006e40 comp rx=0 tx=0).ready entity=mgr.14120 client_cookie=0 server_cookie=0 in_seq=0 out_seq=0
2024-04-02T04:38:31.028 INFO:teuthology.orchestra.run.smithi070.stdout:/usr/bin/ceph: stderr
2024-04-02T04:38:29.389+0000 7f5a22ffd700 1 -- 172.21.15.70:0/399844651 <== mon.0 v2:172.21.15.70:3300/0 6 ==== mon_command_ack([{"prefix": "get_command_descriptions"}]=0 v0) v1 ==== 72+0+180422 (secure 0 0 0) 0x7f5a2801ae00 con 0x7f5a2c106fe0
2024-04-02T04:38:31.028 INFO:teuthology.orchestra.run.smithi070.stdout:/usr/bin/ceph: stderr
2024-04-02T04:38:29.592+0000 7f5a33b8a700 1 -- 172.21.15.70:0/399844651 --> [v2:172.21.15.70:6800/2939436653,v1:172.21.15.70:6801/2939436653] -- mgr_command(tid 0: {"prefix": "orch apply", "service_type": "mon", "target": ["mon-mgr", ""]}) v1 -- 0x7f5a2c101e20 con 0x7f5a18038370
2024-04-02T04:38:31.028 INFO:teuthology.orchestra.run.smithi070.stdout:/usr/bin/ceph: stderr
2024-04-02T04:38:29.596+0000 7f5a22ffd700 1 -- 172.21.15.70:0/399844651 <== mgr.14120 v2:172.21.15.70:6800/2939436653 1 ==== mgr_command_reply(tid 0: 0 ) v1 ==== 8+0+24 (secure 0 0 0) 0x7f5a2c101e20 con 0x7f5a18038370
2024-04-02T04:38:31.028 INFO:teuthology.orchestra.run.smithi070.stdout:/usr/bin/ceph: stderr
2024-04-02T04:38:29.598+0000 7f5a33b8a700 1 -- 172.21.15.70:0/399844651 >> [v2:172.21.15.70:6800/2939436653,v1:172.21.15.70:6801/2939436653] conn(0x7f5a18038370 msgr2=0x7f5a1803a830 secure :-1 s=STATE_CONNECTION_ESTABLISHED l=1).mark_down
2024-04-02T04:38:31.028 INFO:teuthology.orchestra.run.smithi070.stdout:/usr/bin/ceph: stderr
2024-04-02T04:38:29.598+0000 7f5a33b8a700 1 --2- 172.21.15.70:0/399844651 >> [v2:172.21.15.70:6800/2939436653,v1:172.21.15.70:6801/2939436653] conn(0x7f5a18038370 0x7f5a1803a830 secure :-1 s=READY pgs=12 cs=0 l=1 rev1=1 crypto rx=0x7f5a1c006fd0 tx=0x7f5a1c006e40 comp rx=0 tx=0).stop
2024-04-02T04:38:31.028 INFO:teuthology.orchestra.run.smithi070.stdout:/usr/bin/ceph: stderr
2024-04-02T04:38:29.598+0000 7f5a33b8a700 1 -- 172.21.15.70:0/399844651 >> [v2:172.21.15.70:3300/0,v1:172.21.15.70:6789/0] conn(0x7f5a2c106fe0 msgr2=0x7f5a2c106940 secure :-1 s=STATE_CONNECTION_ESTABLISHED l=1).mark_down
2024-04-02T04:38:31.029 INFO:teuthology.orchestra.run.smithi070.stdout:/usr/bin/ceph: stderr
2024-04-02T04:38:29.598+0000 7f5a33b8a700 1 --2- 172.21.15.70:0/399844651 >> [v2:172.21.15.70:3300/0,v1:172.21.15.70:6789/0] conn(0x7f5a2c106fe0 0x7f5a2c106940 secure :-1 s=READY pgs=48 cs=0 l=1 rev1=1 crypto rx=0x7f5a28000c00 tx=0x7f5a28011ab0 comp rx=0 tx=0).stop
2024-04-02T04:38:31.029 INFO:teuthology.orchestra.run.smithi070.stdout:/usr/bin/ceph: stderr
2024-04-02T04:38:29.598+0000 7f5a33b8a700 1 -- 172.21.15.70:0/399844651 shutdown_connections
2024-04-02T04:38:31.029 INFO:teuthology.orchestra.run.smithi070.stdout:/usr/bin/ceph: stderr
2024-04-02T04:38:29.598+0000 7f5a33b8a700 1 --2- 172.21.15.70:0/399844651 >> [v2:172.21.15.70:6800/2939436653,v1:172.21.15.70:6801/2939436653] conn(0x7f5a18038370 0x7f5a1803a830 unknown :-1 s=CLOSED pgs=12 cs=0 l=1 rev1=1 crypto rx=0 tx=0 comp rx=0 tx=0).stop
2024-04-02T04:38:31.029 INFO:teuthology.orchestra.run.smithi070.stdout:/usr/bin/ceph: stderr
2024-04-02T04:38:29.599+0000 7f5a33b8a700 1 --2- 172.21.15.70:0/399844651 >> [v2:172.21.15.70:3300/0,v1:172.21.15.70:6789/0] conn(0x7f5a2c106fe0 0x7f5a2c106940 unknown :-1 s=CLOSED pgs=48 cs=0 l=1 rev1=1 crypto rx=0 tx=0 comp rx=0 tx=0).stop
2024-04-02T04:38:31.029 INFO:teuthology.orchestra.run.smithi070.stdout:/usr/bin/ceph: stderr
2024-04-02T04:38:29.599+0000 7f5a33b8a700 1 -- 172.21.15.70:0/399844651 >> 172.21.15.70:0/399844651 conn(0x7f5a2c1009f0 msgr2=0x7f5a2c101710 unknown :-1 s=STATE_NONE l=0).mark_down
2024-04-02T04:38:31.029 INFO:teuthology.orchestra.run.smithi070.stdout:/usr/bin/ceph: stderr
2024-04-02T04:38:29.599+0000 7f5a33b8a700 1 -- 172.21.15.70:0/399844651 shutdown_connections
2024-04-02T04:38:31.029 INFO:teuthology.orchestra.run.smithi070.stdout:/usr/bin/ceph: stderr
2024-04-02T04:38:29.599+0000 7f5a33b8a700 1 -- 172.21.15.70:0/399844651 wait complete.
2024-04-02T04:38:31.029 INFO:teuthology.orchestra.run.smithi070.stdout:Deploying mgr service with default placement...
2024-04-02T04:38:32.342 INFO:teuthology.orchestra.run.smithi070.stdout:/usr/bin/ceph: stdout Scheduled mgr update...
2024-04-02T04:38:32.342 INFO:teuthology.orchestra.run.smithi070.stdout:/usr/bin/ceph: stderr
2024-04-02T04:38:31.466+0000 7f1e07e09700 1 Processor -- start
2024-04-02T04:38:32.342 INFO:teuthology.orchestra.run.smithi070.stdout:/usr/bin/ceph: stderr
2024-04-02T04:38:31.467+0000 7f1e07e09700 1 -- start start
2024-04-02T04:38:32.342 INFO:teuthology.orchestra.run.smithi070.stdout:/usr/bin/ceph: stderr
2024-04-02T04:38:31.467+0000 7f1e07e09700 1 --2- >> [v2:172.21.15.70:3300/0,v1:172.21.15.70:6789/0] conn(0x7f1e00106a30 0x7f1e00106e50 unknown :-1 s=NONE pgs=0 cs=0 l=0 rev1=0 crypto rx=0 tx=0 comp rx=0 tx=0).connect
2024-04-02T04:38:32.342 INFO:teuthology.orchestra.run.smithi070.stdout:/usr/bin/ceph: stderr
2024-04-02T04:38:31.467+0000 7f1e07e09700 1 -- --> [v2:172.21.15.70:3300/0,v1:172.21.15.70:6789/0] -- mon_getmap magic: 0 v1 -- 0x7f1e00107420 con 0x7f1e00106a30
2024-04-02T04:38:32.342 INFO:teuthology.orchestra.run.smithi070.stdout:/usr/bin/ceph: stderr
2024-04-02T04:38:31.467+0000 7f1e05ba5700 1 --2- >> [v2:172.21.15.70:3300/0,v1:172.21.15.70:6789/0] conn(0x7f1e00106a30 0x7f1e00106e50 unknown :-1 s=BANNER_CONNECTING pgs=0 cs=0 l=0 rev1=0 crypto rx=0 tx=0 comp rx=0 tx=0)._handle_peer_banner_payload supported=3 required=0
2024-04-02T04:38:32.342 INFO:teuthology.orchestra.run.smithi070.stdout:/usr/bin/ceph: stderr
2024-04-02T04:38:31.467+0000 7f1e05ba5700 1 --2- >> [v2:172.21.15.70:3300/0,v1:172.21.15.70:6789/0] conn(0x7f1e00106a30 0x7f1e00106e50 unknown :-1 s=HELLO_CONNECTING pgs=0 cs=0 l=0 rev1=1 crypto rx=0 tx=0 comp rx=0 tx=0).handle_hello peer v2:172.21.15.70:3300/0 says I am v2:172.21.15.70:45444/0 (socket says 172.21.15.70:45444)
2024-04-02T04:38:32.342 INFO:teuthology.orchestra.run.smithi070.stdout:/usr/bin/ceph: stderr
2024-04-02T04:38:31.467+0000 7f1e05ba5700 1 -- 172.21.15.70:0/800169874 learned_addr learned my addr 172.21.15.70:0/800169874 (peer_addr_for_me v2:172.21.15.70:0/0)
2024-04-02T04:38:32.342 INFO:teuthology.orchestra.run.smithi070.stdout:/usr/bin/ceph: stderr
2024-04-02T04:38:31.467+0000 7f1e05ba5700 1 -- 172.21.15.70:0/800169874 --> [v2:172.21.15.70:3300/0,v1:172.21.15.70:6789/0] -- mon_subscribe({config=0+,monmap=0+}) v3 -- 0x7f1e00105640 con 0x7f1e00106a30
2024-04-02T04:38:32.343 INFO:teuthology.orchestra.run.smithi070.stdout:/usr/bin/ceph: stderr
2024-04-02T04:38:31.467+0000 7f1e05ba5700 1 --2- 172.21.15.70:0/800169874 >> [v2:172.21.15.70:3300/0,v1:172.21.15.70:6789/0] conn(0x7f1e00106a30 0x7f1e00106e50 secure :-1 s=READY pgs=49 cs=0 l=1 rev1=1 crypto rx=0x7f1df000bb40 tx=0x7f1df000be50 comp rx=0 tx=0).ready entity=mon.0 client_cookie=770f393cb4b28501 server_cookie=0 in_seq=0 out_seq=0
2024-04-02T04:38:32.343 INFO:teuthology.orchestra.run.smithi070.stdout:/usr/bin/ceph: stderr
2024-04-02T04:38:31.468+0000 7f1e04ba3700 1 -- 172.21.15.70:0/800169874 <== mon.0 v2:172.21.15.70:3300/0 1 ==== mon_map magic: 0 v1 ==== 229+0+0 (secure 0 0 0) 0x7f1df000dc00 con 0x7f1e00106a30
2024-04-02T04:38:32.343 INFO:teuthology.orchestra.run.smithi070.stdout:/usr/bin/ceph: stderr
2024-04-02T04:38:31.468+0000 7f1e04ba3700 1 -- 172.21.15.70:0/800169874 <== mon.0 v2:172.21.15.70:3300/0 2 ==== config(27 keys) v1 ==== 1101+0+0 (secure 0 0 0) 0x7f1df00044e0 con 0x7f1e00106a30
2024-04-02T04:38:32.343 INFO:teuthology.orchestra.run.smithi070.stdout:/usr/bin/ceph: stderr
2024-04-02T04:38:31.468+0000 7f1e04ba3700 1 -- 172.21.15.70:0/800169874 <== mon.0 v2:172.21.15.70:3300/0 3 ==== mon_map magic: 0 v1 ==== 229+0+0 (secure 0 0 0) 0x7f1df0010470 con 0x7f1e00106a30
2024-04-02T04:38:32.343 INFO:teuthology.orchestra.run.smithi070.stdout:/usr/bin/ceph: stderr
2024-04-02T04:38:31.468+0000 7f1e07e09700 1 -- 172.21.15.70:0/800169874 >> [v2:172.21.15.70:3300/0,v1:172.21.15.70:6789/0] conn(0x7f1e00106a30 msgr2=0x7f1e00106e50 secure :-1 s=STATE_CONNECTION_ESTABLISHED l=1).mark_down
2024-04-02T04:38:32.343 INFO:teuthology.orchestra.run.smithi070.stdout:/usr/bin/ceph: stderr
2024-04-02T04:38:31.468+0000 7f1e07e09700 1 --2- 172.21.15.70:0/800169874 >> [v2:172.21.15.70:3300/0,v1:172.21.15.70:6789/0] conn(0x7f1e00106a30 0x7f1e00106e50 secure :-1 s=READY pgs=49 cs=0 l=1 rev1=1 crypto rx=0x7f1df000bb40 tx=0x7f1df000be50 comp rx=0 tx=0).stop
2024-04-02T04:38:32.343 INFO:teuthology.orchestra.run.smithi070.stdout:/usr/bin/ceph: stderr
2024-04-02T04:38:31.468+0000 7f1e07e09700 1 -- 172.21.15.70:0/800169874 shutdown_connections
2024-04-02T04:38:32.343 INFO:teuthology.orchestra.run.smithi070.stdout:/usr/bin/ceph: stderr
2024-04-02T04:38:31.468+0000 7f1e07e09700 1 --2- 172.21.15.70:0/800169874 >> [v2:172.21.15.70:3300/0,v1:172.21.15.70:6789/0] conn(0x7f1e00106a30 0x7f1e00106e50 unknown :-1 s=CLOSED pgs=49 cs=0 l=1 rev1=1 crypto rx=0 tx=0 comp rx=0 tx=0).stop
2024-04-02T04:38:32.343 INFO:teuthology.orchestra.run.smithi070.stdout:/usr/bin/ceph: stderr
2024-04-02T04:38:31.468+0000 7f1e07e09700 1 -- 172.21.15.70:0/800169874 >> 172.21.15.70:0/800169874 conn(0x7f1e00100190 msgr2=0x7f1e001025b0 unknown :-1 s=STATE_NONE l=0).mark_down
2024-04-02T04:38:32.343 INFO:teuthology.orchestra.run.smithi070.stdout:/usr/bin/ceph: stderr
2024-04-02T04:38:31.468+0000 7f1e07e09700 1 -- 172.21.15.70:0/800169874 shutdown_connections
2024-04-02T04:38:32.344 INFO:teuthology.orchestra.run.smithi070.stdout:/usr/bin/ceph: stderr
2024-04-02T04:38:31.468+0000 7f1e07e09700 1 -- 172.21.15.70:0/800169874 wait complete.
2024-04-02T04:38:32.344 INFO:teuthology.orchestra.run.smithi070.stdout:/usr/bin/ceph: stderr
2024-04-02T04:38:31.469+0000 7f1e07e09700 1 Processor -- start
2024-04-02T04:38:32.344 INFO:teuthology.orchestra.run.smithi070.stdout:/usr/bin/ceph: stderr
2024-04-02T04:38:31.469+0000 7f1e07e09700 1 -- start start
2024-04-02T04:38:32.344 INFO:teuthology.orchestra.run.smithi070.stdout:/usr/bin/ceph: stderr
2024-04-02T04:38:31.469+0000 7f1e07e09700 1 --2- >> [v2:172.21.15.70:3300/0,v1:172.21.15.70:6789/0] conn(0x7f1e00106a30 0x7f1e0019c480 unknown :-1 s=NONE pgs=0 cs=0 l=1 rev1=0 crypto rx=0 tx=0 comp rx=0 tx=0).connect
2024-04-02T04:38:32.344 INFO:teuthology.orchestra.run.smithi070.stdout:/usr/bin/ceph: stderr
2024-04-02T04:38:31.469+0000 7f1e07e09700 1 -- --> [v2:172.21.15.70:3300/0,v1:172.21.15.70:6789/0] -- mon_getmap magic: 0 v1 -- 0x7f1e0019c9c0 con 0x7f1e00106a30
2024-04-02T04:38:32.344 INFO:teuthology.orchestra.run.smithi070.stdout:/usr/bin/ceph: stderr
2024-04-02T04:38:31.469+0000 7f1e05ba5700 1 --2- >> [v2:172.21.15.70:3300/0,v1:172.21.15.70:6789/0] conn(0x7f1e00106a30 0x7f1e0019c480 unknown :-1 s=BANNER_CONNECTING pgs=0 cs=0 l=1 rev1=0 crypto rx=0 tx=0 comp rx=0 tx=0)._handle_peer_banner_payload supported=3 required=0
2024-04-02T04:38:32.344 INFO:teuthology.orchestra.run.smithi070.stdout:/usr/bin/ceph: stderr
2024-04-02T04:38:31.469+0000 7f1e05ba5700 1 --2- >> [v2:172.21.15.70:3300/0,v1:172.21.15.70:6789/0] conn(0x7f1e00106a30 0x7f1e0019c480 unknown :-1 s=HELLO_CONNECTING pgs=0 cs=0 l=1 rev1=1 crypto rx=0 tx=0 comp rx=0 tx=0).handle_hello peer v2:172.21.15.70:3300/0 says I am v2:172.21.15.70:45454/0 (socket says 172.21.15.70:45454)
2024-04-02T04:38:32.344 INFO:teuthology.orchestra.run.smithi070.stdout:/usr/bin/ceph: stderr
2024-04-02T04:38:31.469+0000 7f1e05ba5700 1 -- 172.21.15.70:0/440926014 learned_addr learned my addr 172.21.15.70:0/440926014 (peer_addr_for_me v2:172.21.15.70:0/0)
2024-04-02T04:38:32.344 INFO:teuthology.orchestra.run.smithi070.stdout:/usr/bin/ceph: stderr
2024-04-02T04:38:31.469+0000 7f1e05ba5700 1 -- 172.21.15.70:0/440926014 --> [v2:172.21.15.70:3300/0,v1:172.21.15.70:6789/0] -- mon_subscribe({config=0+,monmap=0+}) v3 -- 0x7f1df000b7f0 con 0x7f1e00106a30
2024-04-02T04:38:32.344 INFO:teuthology.orchestra.run.smithi070.stdout:/usr/bin/ceph: stderr
2024-04-02T04:38:31.469+0000 7f1e05ba5700 1 --2- 172.21.15.70:0/440926014 >> [v2:172.21.15.70:3300/0,v1:172.21.15.70:6789/0] conn(0x7f1e00106a30 0x7f1e0019c480 secure :-1 s=READY pgs=50 cs=0 l=1 rev1=1 crypto rx=0x7f1df0003ba0 tx=0x7f1df0004070 comp rx=0 tx=0).ready entity=mon.0 client_cookie=0 server_cookie=0 in_seq=0 out_seq=0
2024-04-02T04:38:32.344 INFO:teuthology.orchestra.run.smithi070.stdout:/usr/bin/ceph: stderr
2024-04-02T04:38:31.470+0000 7f1df6ffd700 1 -- 172.21.15.70:0/440926014 <== mon.0 v2:172.21.15.70:3300/0 1 ==== mon_map magic: 0 v1 ==== 229+0+0 (secure 0 0 0) 0x7f1df000de00 con 0x7f1e00106a30
2024-04-02T04:38:32.344 INFO:teuthology.orchestra.run.smithi070.stdout:/usr/bin/ceph: stderr
2024-04-02T04:38:31.470+0000 7f1df6ffd700 1 -- 172.21.15.70:0/440926014 <== mon.0 v2:172.21.15.70:3300/0 2 ==== config(27 keys) v1 ==== 1101+0+0 (secure 0 0 0) 0x7f1df0010b90 con 0x7f1e00106a30
2024-04-02T04:38:32.344 INFO:teuthology.orchestra.run.smithi070.stdout:/usr/bin/ceph: stderr
2024-04-02T04:38:31.470+0000 7f1e07e09700 1 -- 172.21.15.70:0/440926014 --> [v2:172.21.15.70:3300/0,v1:172.21.15.70:6789/0] -- mon_subscribe({mgrmap=0+}) v3 -- 0x7f1e0019cbc0 con 0x7f1e00106a30
2024-04-02T04:38:32.345 INFO:teuthology.orchestra.run.smithi070.stdout:/usr/bin/ceph: stderr
2024-04-02T04:38:31.470+0000 7f1df6ffd700 1 -- 172.21.15.70:0/440926014 <== mon.0 v2:172.21.15.70:3300/0 3 ==== mon_map magic: 0 v1 ==== 229+0+0 (secure 0 0 0) 0x7f1df0021a70 con 0x7f1e00106a30
2024-04-02T04:38:32.345 INFO:teuthology.orchestra.run.smithi070.stdout:/usr/bin/ceph: stderr
2024-04-02T04:38:31.470+0000 7f1e07e09700 1 -- 172.21.15.70:0/440926014 --> [v2:172.21.15.70:3300/0,v1:172.21.15.70:6789/0] -- mon_subscribe({osdmap=0}) v3 -- 0x7f1e0019d000 con 0x7f1e00106a30
2024-04-02T04:38:32.345 INFO:teuthology.orchestra.run.smithi070.stdout:/usr/bin/ceph: stderr
2024-04-02T04:38:31.470+0000 7f1df6ffd700 1 -- 172.21.15.70:0/440926014 <== mon.0 v2:172.21.15.70:3300/0 4 ==== mgrmap(e 8) v1 ==== 45283+0+0 (secure 0 0 0) 0x7f1df0021d30 con 0x7f1e00106a30
2024-04-02T04:38:32.345 INFO:teuthology.orchestra.run.smithi070.stdout:/usr/bin/ceph: stderr
2024-04-02T04:38:31.471+0000 7f1df6ffd700 1 --2- 172.21.15.70:0/440926014 >> [v2:172.21.15.70:6800/2939436653,v1:172.21.15.70:6801/2939436653] conn(0x7f1dec038320 0x7f1dec03a7e0 unknown :-1 s=NONE pgs=0 cs=0 l=1 rev1=0 crypto rx=0 tx=0 comp rx=0 tx=0).connect
2024-04-02T04:38:32.345 INFO:teuthology.orchestra.run.smithi070.stdout:/usr/bin/ceph: stderr
2024-04-02T04:38:31.471+0000 7f1df6ffd700 1 -- 172.21.15.70:0/440926014 <== mon.0 v2:172.21.15.70:3300/0 5 ==== osd_map(2..2 src has 1..2) v4 ==== 940+0+0 (secure 0 0 0) 0x7f1df004c420 con 0x7f1e00106a30
2024-04-02T04:38:32.345 INFO:teuthology.orchestra.run.smithi070.stdout:/usr/bin/ceph: stderr
2024-04-02T04:38:31.471+0000 7f1e07e09700 1 -- 172.21.15.70:0/440926014 --> [v2:172.21.15.70:3300/0,v1:172.21.15.70:6789/0] -- mon_command({"prefix": "get_command_descriptions"} v 0) v1 -- 0x7f1e00191ce0 con 0x7f1e00106a30
2024-04-02T04:38:32.345 INFO:teuthology.orchestra.run.smithi070.stdout:/usr/bin/ceph: stderr
2024-04-02T04:38:31.471+0000 7f1e053a4700 1 --2- 172.21.15.70:0/440926014 >> [v2:172.21.15.70:6800/2939436653,v1:172.21.15.70:6801/2939436653] conn(0x7f1dec038320 0x7f1dec03a7e0 unknown :-1 s=BANNER_CONNECTING pgs=0 cs=0 l=1 rev1=0 crypto rx=0 tx=0 comp rx=0 tx=0)._handle_peer_banner_payload supported=3 required=0
2024-04-02T04:38:32.345 INFO:teuthology.orchestra.run.smithi070.stdout:/usr/bin/ceph: stderr
2024-04-02T04:38:31.471+0000 7f1e053a4700 1 --2- 172.21.15.70:0/440926014 >> [v2:172.21.15.70:6800/2939436653,v1:172.21.15.70:6801/2939436653] conn(0x7f1dec038320 0x7f1dec03a7e0 secure :-1 s=READY pgs=13 cs=0 l=1 rev1=1 crypto rx=0x7f1dfc006fd0 tx=0x7f1dfc006e40 comp rx=0 tx=0).ready entity=mgr.14120 client_cookie=0 server_cookie=0 in_seq=0 out_seq=0
2024-04-02T04:38:32.345 INFO:teuthology.orchestra.run.smithi070.stdout:/usr/bin/ceph: stderr
2024-04-02T04:38:31.476+0000 7f1df6ffd700 1 -- 172.21.15.70:0/440926014 <== mon.0 v2:172.21.15.70:3300/0 6 ==== mon_command_ack([{"prefix": "get_command_descriptions"}]=0 v0) v1 ==== 72+0+180422 (secure 0 0 0) 0x7f1df000e770 con 0x7f1e00106a30
2024-04-02T04:38:32.345 INFO:teuthology.orchestra.run.smithi070.stdout:/usr/bin/ceph: stderr
2024-04-02T04:38:31.686+0000 7f1e07e09700 1 -- 172.21.15.70:0/440926014 --> [v2:172.21.15.70:6800/2939436653,v1:172.21.15.70:6801/2939436653] -- mgr_command(tid 0: {"prefix": "orch apply", "service_type": "mgr", "target": ["mon-mgr", ""]}) v1 -- 0x7f1e000611d0 con 0x7f1dec038320
2024-04-02T04:38:32.345 INFO:teuthology.orchestra.run.smithi070.stdout:/usr/bin/ceph: stderr
2024-04-02T04:38:31.691+0000 7f1df6ffd700 1 -- 172.21.15.70:0/440926014 <== mgr.14120 v2:172.21.15.70:6800/2939436653 1 ==== mgr_command_reply(tid 0: 0 ) v1 ==== 8+0+24 (secure 0 0 0) 0x7f1e000611d0 con 0x7f1dec038320
2024-04-02T04:38:32.345 INFO:teuthology.orchestra.run.smithi070.stdout:/usr/bin/ceph: stderr
2024-04-02T04:38:31.693+0000 7f1e07e09700 1 -- 172.21.15.70:0/440926014 >> [v2:172.21.15.70:6800/2939436653,v1:172.21.15.70:6801/2939436653] conn(0x7f1dec038320 msgr2=0x7f1dec03a7e0 secure :-1 s=STATE_CONNECTION_ESTABLISHED l=1).mark_down
2024-04-02T04:38:32.345 INFO:teuthology.orchestra.run.smithi070.stdout:/usr/bin/ceph: stderr
2024-04-02T04:38:31.693+0000 7f1e07e09700 1 --2- 172.21.15.70:0/440926014 >> [v2:172.21.15.70:6800/2939436653,v1:172.21.15.70:6801/2939436653] conn(0x7f1dec038320 0x7f1dec03a7e0 secure :-1 s=READY pgs=13 cs=0 l=1 rev1=1 crypto rx=0x7f1dfc006fd0 tx=0x7f1dfc006e40 comp rx=0 tx=0).stop
2024-04-02T04:38:32.345 INFO:teuthology.orchestra.run.smithi070.stdout:/usr/bin/ceph: stderr
2024-04-02T04:38:31.693+0000 7f1e07e09700 1 -- 172.21.15.70:0/440926014 >> [v2:172.21.15.70:3300/0,v1:172.21.15.70:6789/0] conn(0x7f1e00106a30 msgr2=0x7f1e0019c480 secure :-1 s=STATE_CONNECTION_ESTABLISHED l=1).mark_down
2024-04-02T04:38:32.346 INFO:teuthology.orchestra.run.smithi070.stdout:/usr/bin/ceph: stderr
2024-04-02T04:38:31.693+0000 7f1e07e09700 1 --2- 172.21.15.70:0/440926014 >> [v2:172.21.15.70:3300/0,v1:172.21.15.70:6789/0] conn(0x7f1e00106a30 0x7f1e0019c480 secure :-1 s=READY pgs=50 cs=0 l=1 rev1=1 crypto rx=0x7f1df0003ba0 tx=0x7f1df0004070 comp rx=0 tx=0).stop
2024-04-02T04:38:32.346 INFO:teuthology.orchestra.run.smithi070.stdout:/usr/bin/ceph: stderr
2024-04-02T04:38:31.693+0000 7f1e07e09700 1 -- 172.21.15.70:0/440926014 shutdown_connections
2024-04-02T04:38:32.346 INFO:teuthology.orchestra.run.smithi070.stdout:/usr/bin/ceph: stderr
2024-04-02T04:38:31.693+0000 7f1e07e09700 1 --2- 172.21.15.70:0/440926014 >> [v2:172.21.15.70:6800/2939436653,v1:172.21.15.70:6801/2939436653] conn(0x7f1dec038320 0x7f1dec03a7e0 unknown :-1 s=CLOSED pgs=13 cs=0 l=1 rev1=1 crypto rx=0 tx=0 comp rx=0 tx=0).stop
2024-04-02T04:38:32.346 INFO:teuthology.orchestra.run.smithi070.stdout:/usr/bin/ceph: stderr
2024-04-02T04:38:31.693+0000 7f1e07e09700 1 --2- 172.21.15.70:0/440926014 >> [v2:172.21.15.70:3300/0,v1:172.21.15.70:6789/0] conn(0x7f1e00106a30 0x7f1e0019c480 unknown :-1 s=CLOSED pgs=50 cs=0 l=1 rev1=1 crypto rx=0 tx=0 comp rx=0 tx=0).stop
2024-04-02T04:38:32.346 INFO:teuthology.orchestra.run.smithi070.stdout:/usr/bin/ceph: stderr
2024-04-02T04:38:31.693+0000 7f1e07e09700 1 -- 172.21.15.70:0/440926014 >> 172.21.15.70:0/440926014 conn(0x7f1e00100190 msgr2=0x7f1e0018ee20 unknown :-1 s=STATE_NONE l=0).mark_down
2024-04-02T04:38:32.346 INFO:teuthology.orchestra.run.smithi070.stdout:/usr/bin/ceph: stderr
2024-04-02T04:38:31.693+0000 7f1e07e09700 1 -- 172.21.15.70:0/440926014 shutdown_connections
2024-04-02T04:38:32.346 INFO:teuthology.orchestra.run.smithi070.stdout:/usr/bin/ceph: stderr
2024-04-02T04:38:31.693+0000 7f1e07e09700 1 -- 172.21.15.70:0/440926014 wait complete.
2024-04-02T04:38:32.346 INFO:teuthology.orchestra.run.smithi070.stdout:Deploying crash service with default placement...
2024-04-02T04:38:32.976 INFO:journalctl@ceph.mon.smithi070.smithi070.stdout:Apr 02 04:38:32 smithi070 ceph-mon[29212]: from='mgr.14120 172.21.15.70:0/1013569447' entity='mgr.smithi070.igidvr'
2024-04-02T04:38:32.976 INFO:journalctl@ceph.mon.smithi070.smithi070.stdout:Apr 02 04:38:32 smithi070 ceph-mon[29212]: from='client.14144 -' entity='client.admin' cmd=[{"prefix": "orch apply", "service_type": "mgr", "target": ["mon-mgr", ""]}]: dispatch
2024-04-02T04:38:32.976 INFO:journalctl@ceph.mon.smithi070.smithi070.stdout:Apr 02 04:38:32 smithi070 ceph-mon[29212]: Saving service mgr spec with placement count:2
2024-04-02T04:38:32.976 INFO:journalctl@ceph.mon.smithi070.smithi070.stdout:Apr 02 04:38:32 smithi070 ceph-mon[29212]: from='mgr.14120 172.21.15.70:0/1013569447' entity='mgr.smithi070.igidvr'
2024-04-02T04:38:34.149 INFO:journalctl@ceph.mon.smithi070.smithi070.stdout:Apr 02 04:38:33 smithi070 ceph-mon[29212]: from='client.14146 -' entity='client.admin' cmd=[{"prefix": "orch apply", "service_type": "crash", "target": ["mon-mgr", ""]}]: dispatch
2024-04-02T04:38:34.150 INFO:journalctl@ceph.mon.smithi070.smithi070.stdout:Apr 02 04:38:33 smithi070 ceph-mon[29212]: Saving service crash spec with placement *
2024-04-02T04:38:34.150 INFO:journalctl@ceph.mon.smithi070.smithi070.stdout:Apr 02 04:38:33 smithi070 ceph-mon[29212]: from='mgr.14120 172.21.15.70:0/1013569447' entity='mgr.smithi070.igidvr'
2024-04-02T04:38:34.150 INFO:journalctl@ceph.mon.smithi070.smithi070.stdout:Apr 02 04:38:33 smithi070 ceph-mon[29212]: from='mgr.14120 172.21.15.70:0/1013569447' entity='mgr.smithi070.igidvr'
2024-04-02T04:38:34.157 INFO:teuthology.orchestra.run.smithi070.stdout:/usr/bin/ceph: stdout Scheduled crash update...
2024-04-02T04:38:34.157 INFO:teuthology.orchestra.run.smithi070.stdout:/usr/bin/ceph: stderr
2024-04-02T04:38:32.747+0000 7f729743c700 1 Processor -- start
2024-04-02T04:38:34.157 INFO:teuthology.orchestra.run.smithi070.stdout:/usr/bin/ceph: stderr
2024-04-02T04:38:32.747+0000 7f729743c700 1 -- start start
2024-04-02T04:38:34.157 INFO:teuthology.orchestra.run.smithi070.stdout:/usr/bin/ceph: stderr
2024-04-02T04:38:32.747+0000 7f729743c700 1 --2- >> [v2:172.21.15.70:3300/0,v1:172.21.15.70:6789/0] conn(0x7f7290105970 0x7f7290105d90 unknown :-1 s=NONE pgs=0 cs=0 l=0 rev1=0 crypto rx=0 tx=0 comp rx=0 tx=0).connect
2024-04-02T04:38:34.157 INFO:teuthology.orchestra.run.smithi070.stdout:/usr/bin/ceph: stderr
2024-04-02T04:38:32.747+0000 7f729743c700 1 -- --> [v2:172.21.15.70:3300/0,v1:172.21.15.70:6789/0] -- mon_getmap magic: 0 v1 -- 0x7f7290106360 con 0x7f7290105970
2024-04-02T04:38:34.157 INFO:teuthology.orchestra.run.smithi070.stdout:/usr/bin/ceph: stderr
2024-04-02T04:38:32.747+0000 7f72951d8700 1 --2- >> [v2:172.21.15.70:3300/0,v1:172.21.15.70:6789/0] conn(0x7f7290105970 0x7f7290105d90 unknown :-1 s=BANNER_CONNECTING pgs=0 cs=0 l=0 rev1=0 crypto rx=0 tx=0 comp rx=0 tx=0)._handle_peer_banner_payload supported=3 required=0
2024-04-02T04:38:34.157 INFO:teuthology.orchestra.run.smithi070.stdout:/usr/bin/ceph: stderr
2024-04-02T04:38:32.747+0000 7f72951d8700 1 --2- >> [v2:172.21.15.70:3300/0,v1:172.21.15.70:6789/0] conn(0x7f7290105970 0x7f7290105d90 unknown :-1 s=HELLO_CONNECTING pgs=0 cs=0 l=0 rev1=1 crypto rx=0 tx=0 comp rx=0 tx=0).handle_hello peer v2:172.21.15.70:3300/0 says I am v2:172.21.15.70:45470/0 (socket says 172.21.15.70:45470)
2024-04-02T04:38:34.157 INFO:teuthology.orchestra.run.smithi070.stdout:/usr/bin/ceph: stderr
2024-04-02T04:38:32.747+0000 7f72951d8700 1 -- 172.21.15.70:0/3730975425 learned_addr learned my addr 172.21.15.70:0/3730975425 (peer_addr_for_me v2:172.21.15.70:0/0)
2024-04-02T04:38:34.157 INFO:teuthology.orchestra.run.smithi070.stdout:/usr/bin/ceph: stderr
2024-04-02T04:38:32.748+0000 7f72951d8700 1 -- 172.21.15.70:0/3730975425 --> [v2:172.21.15.70:3300/0,v1:172.21.15.70:6789/0] -- mon_subscribe({config=0+,monmap=0+}) v3 -- 0x7f7290106690 con 0x7f7290105970
2024-04-02T04:38:34.157 INFO:teuthology.orchestra.run.smithi070.stdout:/usr/bin/ceph: stderr
2024-04-02T04:38:32.748+0000 7f72951d8700 1 --2- 172.21.15.70:0/3730975425 >> [v2:172.21.15.70:3300/0,v1:172.21.15.70:6789/0] conn(0x7f7290105970 0x7f7290105d90 secure :-1 s=READY pgs=51 cs=0 l=1 rev1=1 crypto rx=0x7f728000bb40 tx=0x7f728000be50 comp rx=0 tx=0).ready entity=mon.0 client_cookie=b5c20ecfd7af7fc1 server_cookie=0 in_seq=0 out_seq=0
2024-04-02T04:38:34.158 INFO:teuthology.orchestra.run.smithi070.stdout:/usr/bin/ceph: stderr
2024-04-02T04:38:32.748+0000 7f7287fff700 1 -- 172.21.15.70:0/3730975425 <== mon.0 v2:172.21.15.70:3300/0 1 ==== mon_map magic: 0 v1 ==== 229+0+0 (secure 0 0 0) 0x7f728000dc00 con 0x7f7290105970
2024-04-02T04:38:34.158 INFO:teuthology.orchestra.run.smithi070.stdout:/usr/bin/ceph: stderr
2024-04-02T04:38:32.748+0000 7f7287fff700 1 -- 172.21.15.70:0/3730975425 <== mon.0 v2:172.21.15.70:3300/0 2 ==== config(27 keys) v1 ==== 1101+0+0 (secure 0 0 0) 0x7f72800044e0 con 0x7f7290105970
2024-04-02T04:38:34.158 INFO:teuthology.orchestra.run.smithi070.stdout:/usr/bin/ceph: stderr
2024-04-02T04:38:32.748+0000 7f7287fff700 1 -- 172.21.15.70:0/3730975425 <== mon.0 v2:172.21.15.70:3300/0 3 ==== mon_map magic: 0 v1 ==== 229+0+0 (secure 0 0 0) 0x7f7280010470 con 0x7f7290105970
2024-04-02T04:38:34.158 INFO:teuthology.orchestra.run.smithi070.stdout:/usr/bin/ceph: stderr
2024-04-02T04:38:32.749+0000 7f729743c700 1 -- 172.21.15.70:0/3730975425 >> [v2:172.21.15.70:3300/0,v1:172.21.15.70:6789/0] conn(0x7f7290105970 msgr2=0x7f7290105d90 secure :-1 s=STATE_CONNECTION_ESTABLISHED l=1).mark_down
2024-04-02T04:38:34.158 INFO:teuthology.orchestra.run.smithi070.stdout:/usr/bin/ceph: stderr
2024-04-02T04:38:32.749+0000 7f729743c700 1 --2- 172.21.15.70:0/3730975425 >> [v2:172.21.15.70:3300/0,v1:172.21.15.70:6789/0] conn(0x7f7290105970 0x7f7290105d90 secure :-1 s=READY pgs=51 cs=0 l=1 rev1=1 crypto rx=0x7f728000bb40 tx=0x7f728000be50 comp rx=0 tx=0).stop
2024-04-02T04:38:34.158 INFO:teuthology.orchestra.run.smithi070.stdout:/usr/bin/ceph: stderr
2024-04-02T04:38:32.749+0000 7f729743c700 1 -- 172.21.15.70:0/3730975425 shutdown_connections
2024-04-02T04:38:34.158 INFO:teuthology.orchestra.run.smithi070.stdout:/usr/bin/ceph: stderr
2024-04-02T04:38:32.749+0000 7f729743c700 1 --2- 172.21.15.70:0/3730975425 >> [v2:172.21.15.70:3300/0,v1:172.21.15.70:6789/0] conn(0x7f7290105970 0x7f7290105d90 unknown :-1 s=CLOSED pgs=51 cs=0 l=1 rev1=1 crypto rx=0 tx=0 comp rx=0 tx=0).stop
2024-04-02T04:38:34.158 INFO:teuthology.orchestra.run.smithi070.stdout:/usr/bin/ceph: stderr
2024-04-02T04:38:32.749+0000 7f729743c700 1 -- 172.21.15.70:0/3730975425 >> 172.21.15.70:0/3730975425 conn(0x7f7290100190 msgr2=0x7f72901025d0 unknown :-1 s=STATE_NONE l=0).mark_down
2024-04-02T04:38:34.158 INFO:teuthology.orchestra.run.smithi070.stdout:/usr/bin/ceph: stderr
2024-04-02T04:38:32.749+0000 7f729743c700 1 -- 172.21.15.70:0/3730975425 shutdown_connections
2024-04-02T04:38:34.158 INFO:teuthology.orchestra.run.smithi070.stdout:/usr/bin/ceph: stderr
2024-04-02T04:38:32.749+0000 7f729743c700 1 -- 172.21.15.70:0/3730975425 wait complete.
2024-04-02T04:38:34.158 INFO:teuthology.orchestra.run.smithi070.stdout:/usr/bin/ceph: stderr
2024-04-02T04:38:32.749+0000 7f729743c700 1 Processor -- start
2024-04-02T04:38:34.159 INFO:teuthology.orchestra.run.smithi070.stdout:/usr/bin/ceph: stderr
2024-04-02T04:38:32.749+0000 7f729743c700 1 -- start start
2024-04-02T04:38:34.159 INFO:teuthology.orchestra.run.smithi070.stdout:/usr/bin/ceph: stderr
2024-04-02T04:38:32.750+0000 7f729743c700 1 --2- >> [v2:172.21.15.70:3300/0,v1:172.21.15.70:6789/0] conn(0x7f7290105970 0x7f7290197fb0 unknown :-1 s=NONE pgs=0 cs=0 l=1 rev1=0 crypto rx=0 tx=0 comp rx=0 tx=0).connect
2024-04-02T04:38:34.159 INFO:teuthology.orchestra.run.smithi070.stdout:/usr/bin/ceph: stderr
2024-04-02T04:38:32.750+0000 7f729743c700 1 -- --> [v2:172.21.15.70:3300/0,v1:172.21.15.70:6789/0] -- mon_getmap magic: 0 v1 -- 0x7f72901984f0 con 0x7f7290105970
2024-04-02T04:38:34.159 INFO:teuthology.orchestra.run.smithi070.stdout:/usr/bin/ceph: stderr
2024-04-02T04:38:32.750+0000 7f72951d8700 1 --2- >> [v2:172.21.15.70:3300/0,v1:172.21.15.70:6789/0] conn(0x7f7290105970 0x7f7290197fb0 unknown :-1 s=BANNER_CONNECTING pgs=0 cs=0 l=1 rev1=0 crypto rx=0 tx=0 comp rx=0 tx=0)._handle_peer_banner_payload supported=3 required=0
2024-04-02T04:38:34.159 INFO:teuthology.orchestra.run.smithi070.stdout:/usr/bin/ceph: stderr
2024-04-02T04:38:32.750+0000 7f72951d8700 1 --2- >> [v2:172.21.15.70:3300/0,v1:172.21.15.70:6789/0] conn(0x7f7290105970 0x7f7290197fb0 unknown :-1 s=HELLO_CONNECTING pgs=0 cs=0 l=1 rev1=1 crypto rx=0 tx=0 comp rx=0 tx=0).handle_hello peer v2:172.21.15.70:3300/0 says I am v2:172.21.15.70:45476/0 (socket says 172.21.15.70:45476)
2024-04-02T04:38:34.159 INFO:teuthology.orchestra.run.smithi070.stdout:/usr/bin/ceph: stderr
2024-04-02T04:38:32.750+0000 7f72951d8700 1 -- 172.21.15.70:0/3286512242 learned_addr learned my addr 172.21.15.70:0/3286512242 (peer_addr_for_me v2:172.21.15.70:0/0)
2024-04-02T04:38:34.159 INFO:teuthology.orchestra.run.smithi070.stdout:/usr/bin/ceph: stderr
2024-04-02T04:38:32.750+0000 7f72951d8700 1 -- 172.21.15.70:0/3286512242 --> [v2:172.21.15.70:3300/0,v1:172.21.15.70:6789/0] -- mon_subscribe({config=0+,monmap=0+}) v3 -- 0x7f728000b7f0 con 0x7f7290105970
2024-04-02T04:38:34.159 INFO:teuthology.orchestra.run.smithi070.stdout:/usr/bin/ceph: stderr
2024-04-02T04:38:32.750+0000 7f72951d8700 1 --2- 172.21.15.70:0/3286512242 >> [v2:172.21.15.70:3300/0,v1:172.21.15.70:6789/0] conn(0x7f7290105970 0x7f7290197fb0 secure :-1 s=READY pgs=52 cs=0 l=1 rev1=1 crypto rx=0x7f7280003fc0 tx=0x7f72800040a0 comp rx=0 tx=0).ready entity=mon.0 client_cookie=0 server_cookie=0 in_seq=0 out_seq=0
2024-04-02T04:38:34.159 INFO:teuthology.orchestra.run.smithi070.stdout:/usr/bin/ceph: stderr
2024-04-02T04:38:32.750+0000 7f72867fc700 1 -- 172.21.15.70:0/3286512242 <== mon.0 v2:172.21.15.70:3300/0 1 ==== mon_map magic: 0 v1 ==== 229+0+0 (secure 0 0 0) 0x7f728001e070 con 0x7f7290105970
2024-04-02T04:38:34.159 INFO:teuthology.orchestra.run.smithi070.stdout:/usr/bin/ceph: stderr
2024-04-02T04:38:32.750+0000 7f729743c700 1 -- 172.21.15.70:0/3286512242 --> [v2:172.21.15.70:3300/0,v1:172.21.15.70:6789/0] -- mon_subscribe({mgrmap=0+}) v3 -- 0x7f72901986f0 con 0x7f7290105970
2024-04-02T04:38:34.159 INFO:teuthology.orchestra.run.smithi070.stdout:/usr/bin/ceph: stderr
2024-04-02T04:38:32.750+0000 7f72867fc700 1 -- 172.21.15.70:0/3286512242 <== mon.0 v2:172.21.15.70:3300/0 2 ==== config(27 keys) v1 ==== 1101+0+0 (secure 0 0 0) 0x7f728000de20 con 0x7f7290105970
2024-04-02T04:38:34.159 INFO:teuthology.orchestra.run.smithi070.stdout:/usr/bin/ceph: stderr
2024-04-02T04:38:32.750+0000 7f72867fc700 1 -- 172.21.15.70:0/3286512242 <== mon.0 v2:172.21.15.70:3300/0 3 ==== mon_map magic: 0 v1 ==== 229+0+0 (secure 0 0 0) 0x7f7280022b10 con 0x7f7290105970
2024-04-02T04:38:34.159 INFO:teuthology.orchestra.run.smithi070.stdout:/usr/bin/ceph: stderr
2024-04-02T04:38:32.750+0000 7f729743c700 1 -- 172.21.15.70:0/3286512242 --> [v2:172.21.15.70:3300/0,v1:172.21.15.70:6789/0] -- mon_subscribe({osdmap=0}) v3 -- 0x7f7290198b90 con 0x7f7290105970
2024-04-02T04:38:34.159 INFO:teuthology.orchestra.run.smithi070.stdout:/usr/bin/ceph: stderr
2024-04-02T04:38:32.751+0000 7f72867fc700 1 -- 172.21.15.70:0/3286512242 <== mon.0 v2:172.21.15.70:3300/0 4 ==== mgrmap(e 8) v1 ==== 45283+0+0 (secure 0 0 0) 0x7f7280022d50 con 0x7f7290105970
2024-04-02T04:38:34.160 INFO:teuthology.orchestra.run.smithi070.stdout:/usr/bin/ceph: stderr
2024-04-02T04:38:32.751+0000 7f72867fc700 1 --2- 172.21.15.70:0/3286512242 >> [v2:172.21.15.70:6800/2939436653,v1:172.21.15.70:6801/2939436653] conn(0x7f727c0382d0 0x7f727c03a790 unknown :-1 s=NONE pgs=0 cs=0 l=1 rev1=0 crypto rx=0 tx=0 comp rx=0 tx=0).connect
2024-04-02T04:38:34.160 INFO:teuthology.orchestra.run.smithi070.stdout:/usr/bin/ceph: stderr
2024-04-02T04:38:32.751+0000 7f72867fc700 1 -- 172.21.15.70:0/3286512242 <== mon.0 v2:172.21.15.70:3300/0 5 ==== osd_map(2..2 src has 1..2) v4 ==== 940+0+0 (secure 0 0 0) 0x7f728004f700 con 0x7f7290105970
2024-04-02T04:38:34.160 INFO:teuthology.orchestra.run.smithi070.stdout:/usr/bin/ceph: stderr
2024-04-02T04:38:32.751+0000 7f729743c700 1 -- 172.21.15.70:0/3286512242 --> [v2:172.21.15.70:3300/0,v1:172.21.15.70:6789/0] -- mon_command({"prefix": "get_command_descriptions"} v 0) v1 -- 0x7f7290191d20 con 0x7f7290105970
2024-04-02T04:38:34.160 INFO:teuthology.orchestra.run.smithi070.stdout:/usr/bin/ceph: stderr
2024-04-02T04:38:32.751+0000 7f72949d7700 1 --2- 172.21.15.70:0/3286512242 >> [v2:172.21.15.70:6800/2939436653,v1:172.21.15.70:6801/2939436653] conn(0x7f727c0382d0 0x7f727c03a790 unknown :-1 s=BANNER_CONNECTING pgs=0 cs=0 l=1 rev1=0 crypto rx=0 tx=0 comp rx=0 tx=0)._handle_peer_banner_payload supported=3 required=0
2024-04-02T04:38:34.160 INFO:teuthology.orchestra.run.smithi070.stdout:/usr/bin/ceph: stderr
2024-04-02T04:38:32.752+0000 7f72949d7700 1 --2- 172.21.15.70:0/3286512242 >> [v2:172.21.15.70:6800/2939436653,v1:172.21.15.70:6801/2939436653] conn(0x7f727c0382d0 0x7f727c03a790 secure :-1 s=READY pgs=14 cs=0 l=1 rev1=1 crypto rx=0x7f728c006fd0 tx=0x7f728c006e40 comp rx=0 tx=0).ready entity=mgr.14120 client_cookie=0 server_cookie=0 in_seq=0 out_seq=0
2024-04-02T04:38:34.160 INFO:teuthology.orchestra.run.smithi070.stdout:/usr/bin/ceph: stderr
2024-04-02T04:38:32.756+0000 7f72867fc700 1 -- 172.21.15.70:0/3286512242 <== mon.0 v2:172.21.15.70:3300/0 6 ==== mon_command_ack([{"prefix": "get_command_descriptions"}]=0 v0) v1 ==== 72+0+180422 (secure 0 0 0) 0x7f7280027070 con 0x7f7290105970
2024-04-02T04:38:34.160 INFO:teuthology.orchestra.run.smithi070.stdout:/usr/bin/ceph: stderr
2024-04-02T04:38:32.971+0000 7f729743c700 1 -- 172.21.15.70:0/3286512242 --> [v2:172.21.15.70:6800/2939436653,v1:172.21.15.70:6801/2939436653] -- mgr_command(tid 0: {"prefix": "orch apply", "service_type": "crash", "target": ["mon-mgr", ""]}) v1 -- 0x7f72900611d0 con 0x7f727c0382d0
2024-04-02T04:38:34.160 INFO:teuthology.orchestra.run.smithi070.stdout:/usr/bin/ceph: stderr
2024-04-02T04:38:32.975+0000 7f72867fc700 1 -- 172.21.15.70:0/3286512242 <== mgr.14120 v2:172.21.15.70:6800/2939436653 1 ==== mgr_command_reply(tid 0: 0 ) v1 ==== 8+0+26 (secure 0 0 0) 0x7f72900611d0 con 0x7f727c0382d0
2024-04-02T04:38:34.160 INFO:teuthology.orchestra.run.smithi070.stdout:/usr/bin/ceph: stderr
2024-04-02T04:38:32.977+0000 7f729743c700 1 -- 172.21.15.70:0/3286512242 >> [v2:172.21.15.70:6800/2939436653,v1:172.21.15.70:6801/2939436653] conn(0x7f727c0382d0 msgr2=0x7f727c03a790 secure :-1 s=STATE_CONNECTION_ESTABLISHED l=1).mark_down
2024-04-02T04:38:34.160 INFO:teuthology.orchestra.run.smithi070.stdout:/usr/bin/ceph: stderr
2024-04-02T04:38:32.977+0000 7f729743c700 1 --2- 172.21.15.70:0/3286512242 >> [v2:172.21.15.70:6800/2939436653,v1:172.21.15.70:6801/2939436653] conn(0x7f727c0382d0 0x7f727c03a790 secure :-1 s=READY pgs=14 cs=0 l=1 rev1=1 crypto rx=0x7f728c006fd0 tx=0x7f728c006e40 comp rx=0 tx=0).stop
2024-04-02T04:38:34.160 INFO:teuthology.orchestra.run.smithi070.stdout:/usr/bin/ceph: stderr
2024-04-02T04:38:32.977+0000 7f729743c700 1 -- 172.21.15.70:0/3286512242 >> [v2:172.21.15.70:3300/0,v1:172.21.15.70:6789/0] conn(0x7f7290105970 msgr2=0x7f7290197fb0 secure :-1 s=STATE_CONNECTION_ESTABLISHED l=1).mark_down
2024-04-02T04:38:34.160 INFO:teuthology.orchestra.run.smithi070.stdout:/usr/bin/ceph: stderr
2024-04-02T04:38:32.977+0000 7f729743c700 1 --2- 172.21.15.70:0/3286512242 >> [v2:172.21.15.70:3300/0,v1:172.21.15.70:6789/0] conn(0x7f7290105970 0x7f7290197fb0 secure :-1 s=READY pgs=52 cs=0 l=1 rev1=1 crypto rx=0x7f7280003fc0 tx=0x7f72800040a0 comp rx=0 tx=0).stop
2024-04-02T04:38:34.160 INFO:teuthology.orchestra.run.smithi070.stdout:/usr/bin/ceph: stderr
2024-04-02T04:38:32.977+0000 7f729743c700 1 -- 172.21.15.70:0/3286512242 shutdown_connections
2024-04-02T04:38:34.161 INFO:teuthology.orchestra.run.smithi070.stdout:/usr/bin/ceph: stderr
2024-04-02T04:38:32.977+0000 7f729743c700 1 --2- 172.21.15.70:0/3286512242 >> [v2:172.21.15.70:6800/2939436653,v1:172.21.15.70:6801/2939436653] conn(0x7f727c0382d0 0x7f727c03a790 unknown :-1 s=CLOSED pgs=14 cs=0 l=1 rev1=1 crypto rx=0 tx=0 comp rx=0 tx=0).stop
2024-04-02T04:38:34.161 INFO:teuthology.orchestra.run.smithi070.stdout:/usr/bin/ceph: stderr
2024-04-02T04:38:32.977+0000 7f729743c700 1 --2- 172.21.15.70:0/3286512242 >> [v2:172.21.15.70:3300/0,v1:172.21.15.70:6789/0] conn(0x7f7290105970 0x7f7290197fb0 unknown :-1 s=CLOSED pgs=52 cs=0 l=1 rev1=1 crypto rx=0 tx=0 comp rx=0 tx=0).stop
2024-04-02T04:38:34.161 INFO:teuthology.orchestra.run.smithi070.stdout:/usr/bin/ceph: stderr
2024-04-02T04:38:32.977+0000 7f729743c700 1 -- 172.21.15.70:0/3286512242 >> 172.21.15.70:0/3286512242 conn(0x7f7290100190 msgr2=0x7f729018ee60 unknown :-1 s=STATE_NONE l=0).mark_down
2024-04-02T04:38:34.161 INFO:teuthology.orchestra.run.smithi070.stdout:/usr/bin/ceph: stderr
2024-04-02T04:38:32.978+0000 7f729743c700 1 -- 172.21.15.70:0/3286512242 shutdown_connections
2024-04-02T04:38:34.161 INFO:teuthology.orchestra.run.smithi070.stdout:/usr/bin/ceph: stderr
2024-04-02T04:38:32.978+0000 7f729743c700 1 -- 172.21.15.70:0/3286512242 wait complete.
2024-04-02T04:38:34.161 INFO:teuthology.orchestra.run.smithi070.stdout:Deploying ceph-exporter service with default placement...
2024-04-02T04:38:35.749 INFO:journalctl@ceph.mon.smithi070.smithi070.stdout:Apr 02 04:38:35 smithi070 ceph-mon[29212]: from='mgr.14120 172.21.15.70:0/1013569447' entity='mgr.smithi070.igidvr'
2024-04-02T04:38:35.749 INFO:journalctl@ceph.mon.smithi070.smithi070.stdout:Apr 02 04:38:35 smithi070 ceph-mon[29212]: from='mgr.14120 172.21.15.70:0/1013569447' entity='mgr.smithi070.igidvr'
2024-04-02T04:38:35.933 INFO:teuthology.orchestra.run.smithi070.stdout:/usr/bin/ceph: stdout Scheduled ceph-exporter update...
2024-04-02T04:38:35.934 INFO:teuthology.orchestra.run.smithi070.stdout:/usr/bin/ceph: stderr
2024-04-02T04:38:34.636+0000 7faab716f700 1 Processor -- start
2024-04-02T04:38:35.934 INFO:teuthology.orchestra.run.smithi070.stdout:/usr/bin/ceph: stderr
2024-04-02T04:38:34.636+0000 7faab716f700 1 -- start start
2024-04-02T04:38:35.934 INFO:teuthology.orchestra.run.smithi070.stdout:/usr/bin/ceph: stderr
2024-04-02T04:38:34.636+0000 7faab716f700 1 --2- >> [v2:172.21.15.70:3300/0,v1:172.21.15.70:6789/0] conn(0x7faab0106560 0x7faab0106980 unknown :-1 s=NONE pgs=0 cs=0 l=0 rev1=0 crypto rx=0 tx=0 comp rx=0 tx=0).connect
2024-04-02T04:38:35.934 INFO:teuthology.orchestra.run.smithi070.stdout:/usr/bin/ceph: stderr
2024-04-02T04:38:34.636+0000 7faab716f700 1 -- --> [v2:172.21.15.70:3300/0,v1:172.21.15.70:6789/0] -- mon_getmap magic: 0 v1 -- 0x7faab0106f50 con 0x7faab0106560
2024-04-02T04:38:35.934 INFO:teuthology.orchestra.run.smithi070.stdout:/usr/bin/ceph: stderr
2024-04-02T04:38:34.636+0000 7faab4f0b700 1 --2- >> [v2:172.21.15.70:3300/0,v1:172.21.15.70:6789/0] conn(0x7faab0106560 0x7faab0106980 unknown :-1 s=BANNER_CONNECTING pgs=0 cs=0 l=0 rev1=0 crypto rx=0 tx=0 comp rx=0 tx=0)._handle_peer_banner_payload supported=3 required=0
2024-04-02T04:38:35.934 INFO:teuthology.orchestra.run.smithi070.stdout:/usr/bin/ceph: stderr
2024-04-02T04:38:34.636+0000 7faab4f0b700 1 --2- >> [v2:172.21.15.70:3300/0,v1:172.21.15.70:6789/0] conn(0x7faab0106560 0x7faab0106980 unknown :-1 s=HELLO_CONNECTING pgs=0 cs=0 l=0 rev1=1 crypto rx=0 tx=0 comp rx=0 tx=0).handle_hello peer v2:172.21.15.70:3300/0 says I am v2:172.21.15.70:45488/0 (socket says 172.21.15.70:45488)
2024-04-02T04:38:35.934 INFO:teuthology.orchestra.run.smithi070.stdout:/usr/bin/ceph: stderr
2024-04-02T04:38:34.636+0000 7faab4f0b700 1 -- 172.21.15.70:0/3224789412 learned_addr learned my addr 172.21.15.70:0/3224789412 (peer_addr_for_me v2:172.21.15.70:0/0)
2024-04-02T04:38:35.934 INFO:teuthology.orchestra.run.smithi070.stdout:/usr/bin/ceph: stderr
2024-04-02T04:38:34.637+0000 7faab4f0b700 1 -- 172.21.15.70:0/3224789412 --> [v2:172.21.15.70:3300/0,v1:172.21.15.70:6789/0] -- mon_subscribe({config=0+,monmap=0+}) v3 -- 0x7faab0107760 con 0x7faab0106560
2024-04-02T04:38:35.934 INFO:teuthology.orchestra.run.smithi070.stdout:/usr/bin/ceph: stderr
2024-04-02T04:38:34.637+0000 7faab4f0b700 1 --2- 172.21.15.70:0/3224789412 >> [v2:172.21.15.70:3300/0,v1:172.21.15.70:6789/0] conn(0x7faab0106560 0x7faab0106980 secure :-1 s=READY pgs=53 cs=0 l=1 rev1=1 crypto rx=0x7faaa40098a0 tx=0x7faaa4009bb0 comp rx=0 tx=0).ready entity=mon.0 client_cookie=6e0f5bd52c7043b5 server_cookie=0 in_seq=0 out_seq=0
2024-04-02T04:38:35.934 INFO:teuthology.orchestra.run.smithi070.stdout:/usr/bin/ceph: stderr
2024-04-02T04:38:34.637+0000 7faaaf7fe700 1 -- 172.21.15.70:0/3224789412 <== mon.0 v2:172.21.15.70:3300/0 1 ==== mon_map magic: 0 v1 ==== 229+0+0 (secure 0 0 0) 0x7faaa4004180 con 0x7faab0106560
2024-04-02T04:38:35.934 INFO:teuthology.orchestra.run.smithi070.stdout:/usr/bin/ceph: stderr
2024-04-02T04:38:34.637+0000 7faaaf7fe700 1 -- 172.21.15.70:0/3224789412 <== mon.0 v2:172.21.15.70:3300/0 2 ==== config(27 keys) v1 ==== 1101+0+0 (secure 0 0 0) 0x7faaa40042e0 con 0x7faab0106560
2024-04-02T04:38:35.934 INFO:teuthology.orchestra.run.smithi070.stdout:/usr/bin/ceph: stderr
2024-04-02T04:38:34.637+0000 7faaaf7fe700 1 -- 172.21.15.70:0/3224789412 <== mon.0 v2:172.21.15.70:3300/0 3 ==== mon_map magic: 0 v1 ==== 229+0+0 (secure 0 0 0) 0x7faaa4011af0 con 0x7faab0106560
2024-04-02T04:38:35.935 INFO:teuthology.orchestra.run.smithi070.stdout:/usr/bin/ceph: stderr
2024-04-02T04:38:34.637+0000 7faab716f700 1 -- 172.21.15.70:0/3224789412 >> [v2:172.21.15.70:3300/0,v1:172.21.15.70:6789/0] conn(0x7faab0106560 msgr2=0x7faab0106980 secure :-1 s=STATE_CONNECTION_ESTABLISHED l=1).mark_down
2024-04-02T04:38:35.935 INFO:teuthology.orchestra.run.smithi070.stdout:/usr/bin/ceph: stderr
2024-04-02T04:38:34.637+0000 7faab716f700 1 --2- 172.21.15.70:0/3224789412 >> [v2:172.21.15.70:3300/0,v1:172.21.15.70:6789/0] conn(0x7faab0106560 0x7faab0106980 secure :-1 s=READY pgs=53 cs=0 l=1 rev1=1 crypto rx=0x7faaa40098a0 tx=0x7faaa4009bb0 comp rx=0 tx=0).stop
2024-04-02T04:38:35.935 INFO:teuthology.orchestra.run.smithi070.stdout:/usr/bin/ceph: stderr
2024-04-02T04:38:34.638+0000 7faab716f700 1 -- 172.21.15.70:0/3224789412 shutdown_connections
2024-04-02T04:38:35.935 INFO:teuthology.orchestra.run.smithi070.stdout:/usr/bin/ceph: stderr
2024-04-02T04:38:34.638+0000 7faab716f700 1 --2- 172.21.15.70:0/3224789412 >> [v2:172.21.15.70:3300/0,v1:172.21.15.70:6789/0] conn(0x7faab0106560 0x7faab0106980 unknown :-1 s=CLOSED pgs=53 cs=0 l=1 rev1=1 crypto rx=0 tx=0 comp rx=0 tx=0).stop
