2024-04-02T04:50:05.134+0000 7ff39a59c700 1 --2- 172.21.15.152:0/1708123627 >> [v2:172.21.15.152:3300/0,v1:172.21.15.152:6789/0] conn(0x7ff39c101d30 0x7ff39c102140 secure :-1 s=READY pgs=80 cs=0 l=1 rev1=1 crypto rx=0x7ff38c0098e0 tx=0x7ff38c009250 comp rx=0 tx=0).ready entity=mon.0 client_cookie=c8cf9cfc495bb350 server_cookie=0 in_seq=0 out_seq=0
2024-04-02T04:50:06.591 INFO:teuthology.orchestra.run.smithi152.stdout:/usr/bin/ceph: stderr
2024-04-02T04:50:05.134+0000 7ff399d9b700 1 -- 172.21.15.152:0/1708123627 <== mon.0 v2:172.21.15.152:3300/0 1 ==== mon_map magic: 0 v1 ==== 229+0+0 (secure 0 0 0) 0x7ff38c00b860 con 0x7ff39c101d30
2024-04-02T04:50:06.591 INFO:teuthology.orchestra.run.smithi152.stdout:/usr/bin/ceph: stderr
2024-04-02T04:50:05.134+0000 7ff399d9b700 1 -- 172.21.15.152:0/1708123627 <== mon.0 v2:172.21.15.152:3300/0 2 ==== config(27 keys) v1 ==== 1109+0+0 (secure 0 0 0) 0x7ff38c00be90 con 0x7ff39c101d30
2024-04-02T04:50:06.591 INFO:teuthology.orchestra.run.smithi152.stdout:/usr/bin/ceph: stderr
2024-04-02T04:50:05.134+0000 7ff399d9b700 1 -- 172.21.15.152:0/1708123627 <== mon.0 v2:172.21.15.152:3300/0 3 ==== mon_map magic: 0 v1 ==== 229+0+0 (secure 0 0 0) 0x7ff38c0103c0 con 0x7ff39c101d30
2024-04-02T04:50:06.591 INFO:teuthology.orchestra.run.smithi152.stdout:/usr/bin/ceph: stderr
2024-04-02T04:50:05.135+0000 7ff3a0cbc700 1 -- 172.21.15.152:0/1708123627 >> [v2:172.21.15.152:3300/0,v1:172.21.15.152:6789/0] conn(0x7ff39c101d30 msgr2=0x7ff39c102140 secure :-1 s=STATE_CONNECTION_ESTABLISHED l=1).mark_down
2024-04-02T04:50:06.591 INFO:teuthology.orchestra.run.smithi152.stdout:/usr/bin/ceph: stderr
2024-04-02T04:50:05.135+0000 7ff3a0cbc700 1 --2- 172.21.15.152:0/1708123627 >> [v2:172.21.15.152:3300/0,v1:172.21.15.152:6789/0] conn(0x7ff39c101d30 0x7ff39c102140 secure :-1 s=READY pgs=80 cs=0 l=1 rev1=1 crypto rx=0x7ff38c0098e0 tx=0x7ff38c009250 comp rx=0 tx=0).stop
2024-04-02T04:50:06.591 INFO:teuthology.orchestra.run.smithi152.stdout:/usr/bin/ceph: stderr
2024-04-02T04:50:05.135+0000 7ff3a0cbc700 1 -- 172.21.15.152:0/1708123627 shutdown_connections
2024-04-02T04:50:06.591 INFO:teuthology.orchestra.run.smithi152.stdout:/usr/bin/ceph: stderr
2024-04-02T04:50:05.135+0000 7ff3a0cbc700 1 --2- 172.21.15.152:0/1708123627 >> [v2:172.21.15.152:3300/0,v1:172.21.15.152:6789/0] conn(0x7ff39c101d30 0x7ff39c102140 unknown :-1 s=CLOSED pgs=80 cs=0 l=1 rev1=1 crypto rx=0 tx=0 comp rx=0 tx=0).stop
2024-04-02T04:50:06.591 INFO:teuthology.orchestra.run.smithi152.stdout:/usr/bin/ceph: stderr
2024-04-02T04:50:05.135+0000 7ff3a0cbc700 1 -- 172.21.15.152:0/1708123627 >> 172.21.15.152:0/1708123627 conn(0x7ff39c0fc6c0 msgr2=0x7ff39c0fead0 unknown :-1 s=STATE_NONE l=0).mark_down
2024-04-02T04:50:06.591 INFO:teuthology.orchestra.run.smithi152.stdout:/usr/bin/ceph: stderr
2024-04-02T04:50:05.135+0000 7ff3a0cbc700 1 -- 172.21.15.152:0/1708123627 shutdown_connections
2024-04-02T04:50:06.592 INFO:teuthology.orchestra.run.smithi152.stdout:/usr/bin/ceph: stderr
2024-04-02T04:50:05.135+0000 7ff3a0cbc700 1 -- 172.21.15.152:0/1708123627 wait complete.
2024-04-02T04:50:06.592 INFO:teuthology.orchestra.run.smithi152.stdout:/usr/bin/ceph: stderr
2024-04-02T04:50:05.135+0000 7ff3a0cbc700 1 Processor -- start
2024-04-02T04:50:06.592 INFO:teuthology.orchestra.run.smithi152.stdout:/usr/bin/ceph: stderr
2024-04-02T04:50:05.135+0000 7ff3a0cbc700 1 -- start start
2024-04-02T04:50:06.592 INFO:teuthology.orchestra.run.smithi152.stdout:/usr/bin/ceph: stderr
2024-04-02T04:50:05.135+0000 7ff3a0cbc700 1 --2- >> [v2:172.21.15.152:3300/0,v1:172.21.15.152:6789/0] conn(0x7ff39c101d30 0x7ff39c110610 unknown :-1 s=NONE pgs=0 cs=0 l=1 rev1=0 crypto rx=0 tx=0 comp rx=0 tx=0).connect
2024-04-02T04:50:06.592 INFO:teuthology.orchestra.run.smithi152.stdout:/usr/bin/ceph: stderr
2024-04-02T04:50:05.135+0000 7ff3a0cbc700 1 -- --> [v2:172.21.15.152:3300/0,v1:172.21.15.152:6789/0] -- mon_getmap magic: 0 v1 -- 0x7ff39c110b50 con 0x7ff39c101d30
2024-04-02T04:50:06.592 INFO:teuthology.orchestra.run.smithi152.stdout:/usr/bin/ceph: stderr
2024-04-02T04:50:05.136+0000 7ff39a59c700 1 --2- >> [v2:172.21.15.152:3300/0,v1:172.21.15.152:6789/0] conn(0x7ff39c101d30 0x7ff39c110610 unknown :-1 s=BANNER_CONNECTING pgs=0 cs=0 l=1 rev1=0 crypto rx=0 tx=0 comp rx=0 tx=0)._handle_peer_banner_payload supported=3 required=0
2024-04-02T04:50:06.592 INFO:teuthology.orchestra.run.smithi152.stdout:/usr/bin/ceph: stderr
2024-04-02T04:50:05.136+0000 7ff39a59c700 1 --2- >> [v2:172.21.15.152:3300/0,v1:172.21.15.152:6789/0] conn(0x7ff39c101d30 0x7ff39c110610 unknown :-1 s=HELLO_CONNECTING pgs=0 cs=0 l=1 rev1=1 crypto rx=0 tx=0 comp rx=0 tx=0).handle_hello peer v2:172.21.15.152:3300/0 says I am v2:172.21.15.152:34540/0 (socket says 172.21.15.152:34540)
2024-04-02T04:50:06.592 INFO:teuthology.orchestra.run.smithi152.stdout:/usr/bin/ceph: stderr
2024-04-02T04:50:05.136+0000 7ff39a59c700 1 -- 172.21.15.152:0/2039699839 learned_addr learned my addr 172.21.15.152:0/2039699839 (peer_addr_for_me v2:172.21.15.152:0/0)
2024-04-02T04:50:06.592 INFO:teuthology.orchestra.run.smithi152.stdout:/usr/bin/ceph: stderr
2024-04-02T04:50:05.136+0000 7ff39a59c700 1 -- 172.21.15.152:0/2039699839 --> [v2:172.21.15.152:3300/0,v1:172.21.15.152:6789/0] -- mon_subscribe({config=0+,monmap=0+}) v3 -- 0x7ff38c0094f0 con 0x7ff39c101d30
2024-04-02T04:50:06.592 INFO:teuthology.orchestra.run.smithi152.stdout:/usr/bin/ceph: stderr
2024-04-02T04:50:05.136+0000 7ff39a59c700 1 --2- 172.21.15.152:0/2039699839 >> [v2:172.21.15.152:3300/0,v1:172.21.15.152:6789/0] conn(0x7ff39c101d30 0x7ff39c110610 secure :-1 s=READY pgs=81 cs=0 l=1 rev1=1 crypto rx=0x7ff38c006b00 tx=0x7ff38c009250 comp rx=0 tx=0).ready entity=mon.0 client_cookie=0 server_cookie=0 in_seq=0 out_seq=0
2024-04-02T04:50:06.592 INFO:teuthology.orchestra.run.smithi152.stdout:/usr/bin/ceph: stderr
2024-04-02T04:50:05.136+0000 7ff3937fe700 1 -- 172.21.15.152:0/2039699839 <== mon.0 v2:172.21.15.152:3300/0 1 ==== mon_map magic: 0 v1 ==== 229+0+0 (secure 0 0 0) 0x7ff38c010840 con 0x7ff39c101d30
2024-04-02T04:50:06.592 INFO:teuthology.orchestra.run.smithi152.stdout:/usr/bin/ceph: stderr
2024-04-02T04:50:05.136+0000 7ff3937fe700 1 -- 172.21.15.152:0/2039699839 <== mon.0 v2:172.21.15.152:3300/0 2 ==== config(27 keys) v1 ==== 1109+0+0 (secure 0 0 0) 0x7ff38c010e70 con 0x7ff39c101d30
2024-04-02T04:50:06.592 INFO:teuthology.orchestra.run.smithi152.stdout:/usr/bin/ceph: stderr
2024-04-02T04:50:05.136+0000 7ff3a0cbc700 1 -- 172.21.15.152:0/2039699839 --> [v2:172.21.15.152:3300/0,v1:172.21.15.152:6789/0] -- mon_subscribe({mgrmap=0+}) v3 -- 0x7ff39c110d50 con 0x7ff39c101d30
2024-04-02T04:50:06.592 INFO:teuthology.orchestra.run.smithi152.stdout:/usr/bin/ceph: stderr
2024-04-02T04:50:05.136+0000 7ff3937fe700 1 -- 172.21.15.152:0/2039699839 <== mon.0 v2:172.21.15.152:3300/0 3 ==== mon_map magic: 0 v1 ==== 229+0+0 (secure 0 0 0) 0x7ff38c01ae70 con 0x7ff39c101d30
2024-04-02T04:50:06.592 INFO:teuthology.orchestra.run.smithi152.stdout:/usr/bin/ceph: stderr
2024-04-02T04:50:05.136+0000 7ff3a0cbc700 1 -- 172.21.15.152:0/2039699839 --> [v2:172.21.15.152:3300/0,v1:172.21.15.152:6789/0] -- mon_subscribe({osdmap=0}) v3 -- 0x7ff39c1118c0 con 0x7ff39c101d30
2024-04-02T04:50:06.593 INFO:teuthology.orchestra.run.smithi152.stdout:/usr/bin/ceph: stderr
2024-04-02T04:50:05.137+0000 7ff3937fe700 1 -- 172.21.15.152:0/2039699839 <== mon.0 v2:172.21.15.152:3300/0 4 ==== mgrmap(e 12) v1 ==== 43381+0+0 (secure 0 0 0) 0x7ff38c0109a0 con 0x7ff39c101d30
2024-04-02T04:50:06.593 INFO:teuthology.orchestra.run.smithi152.stdout:/usr/bin/ceph: stderr
2024-04-02T04:50:05.137+0000 7ff3a0cbc700 1 -- 172.21.15.152:0/2039699839 --> [v2:172.21.15.152:3300/0,v1:172.21.15.152:6789/0] -- mon_command({"prefix": "get_command_descriptions"} v 0) v1 -- 0x7ff39c05f5f0 con 0x7ff39c101d30
2024-04-02T04:50:06.593 INFO:teuthology.orchestra.run.smithi152.stdout:/usr/bin/ceph: stderr
2024-04-02T04:50:05.137+0000 7ff3937fe700 1 --2- 172.21.15.152:0/2039699839 >> [v2:172.21.15.152:6800/2497421829,v1:172.21.15.152:6801/2497421829] conn(0x7ff3880367e0 0x7ff388038c90 unknown :-1 s=NONE pgs=0 cs=0 l=1 rev1=0 crypto rx=0 tx=0 comp rx=0 tx=0).connect
2024-04-02T04:50:06.593 INFO:teuthology.orchestra.run.smithi152.stdout:/usr/bin/ceph: stderr
2024-04-02T04:50:05.137+0000 7ff3937fe700 1 -- 172.21.15.152:0/2039699839 <== mon.0 v2:172.21.15.152:3300/0 5 ==== osd_map(3..3 src has 1..3) v4 ==== 1151+0+0 (secure 0 0 0) 0x7ff38c04ac60 con 0x7ff39c101d30
2024-04-02T04:50:06.593 INFO:teuthology.orchestra.run.smithi152.stdout:/usr/bin/ceph: stderr
2024-04-02T04:50:05.137+0000 7ff391d9b700 1 --2- 172.21.15.152:0/2039699839 >> [v2:172.21.15.152:6800/2497421829,v1:172.21.15.152:6801/2497421829] conn(0x7ff3880367e0 0x7ff388038c90 unknown :-1 s=BANNER_CONNECTING pgs=0 cs=0 l=1 rev1=0 crypto rx=0 tx=0 comp rx=0 tx=0)._handle_peer_banner_payload supported=3 required=0
2024-04-02T04:50:06.593 INFO:teuthology.orchestra.run.smithi152.stdout:/usr/bin/ceph: stderr
2024-04-02T04:50:05.138+0000 7ff391d9b700 1 --2- 172.21.15.152:0/2039699839 >> [v2:172.21.15.152:6800/2497421829,v1:172.21.15.152:6801/2497421829] conn(0x7ff3880367e0 0x7ff388038c90 secure :-1 s=READY pgs=8 cs=0 l=1 rev1=1 crypto rx=0x7ff384009990 tx=0x7ff384006e40 comp rx=0 tx=0).ready entity=mgr.14160 client_cookie=0 server_cookie=0 in_seq=0 out_seq=0
2024-04-02T04:50:06.593 INFO:teuthology.orchestra.run.smithi152.stdout:/usr/bin/ceph: stderr
2024-04-02T04:50:05.142+0000 7ff3937fe700 1 -- 172.21.15.152:0/2039699839 <== mon.0 v2:172.21.15.152:3300/0 6 ==== mon_command_ack([{"prefix": "get_command_descriptions"}]=0 v0) v1 ==== 72+0+176504 (secure 0 0 0) 0x7ff38c01a430 con 0x7ff39c101d30
2024-04-02T04:50:06.593 INFO:teuthology.orchestra.run.smithi152.stdout:/usr/bin/ceph: stderr
2024-04-02T04:50:05.368+0000 7ff3a0cbc700 1 -- 172.21.15.152:0/2039699839 --> [v2:172.21.15.152:6800/2497421829,v1:172.21.15.152:6801/2497421829] -- mgr_command(tid 0: {"prefix": "dashboard ac-user-create", "username": "admin", "rolename": "administrator", "force_password": true, "pwd_update_required": true, "target": ["mon-mgr", ""]}) v1 -- 0x7ff39c05f410 con 0x7ff3880367e0
2024-04-02T04:50:06.593 INFO:teuthology.orchestra.run.smithi152.stdout:/usr/bin/ceph: stderr
2024-04-02T04:50:05.592+0000 7ff3937fe700 1 -- 172.21.15.152:0/2039699839 <== mgr.14160 v2:172.21.15.152:6800/2497421829 1 ==== mgr_command_reply(tid 0: 0 ) v1 ==== 8+0+252 (secure 0 0 0) 0x7ff39c05f410 con 0x7ff3880367e0
2024-04-02T04:50:06.593 INFO:teuthology.orchestra.run.smithi152.stdout:/usr/bin/ceph: stderr
2024-04-02T04:50:05.594+0000 7ff3a0cbc700 1 -- 172.21.15.152:0/2039699839 >> [v2:172.21.15.152:6800/2497421829,v1:172.21.15.152:6801/2497421829] conn(0x7ff3880367e0 msgr2=0x7ff388038c90 secure :-1 s=STATE_CONNECTION_ESTABLISHED l=1).mark_down
2024-04-02T04:50:06.593 INFO:teuthology.orchestra.run.smithi152.stdout:/usr/bin/ceph: stderr
2024-04-02T04:50:05.594+0000 7ff3a0cbc700 1 --2- 172.21.15.152:0/2039699839 >> [v2:172.21.15.152:6800/2497421829,v1:172.21.15.152:6801/2497421829] conn(0x7ff3880367e0 0x7ff388038c90 secure :-1 s=READY pgs=8 cs=0 l=1 rev1=1 crypto rx=0x7ff384009990 tx=0x7ff384006e40 comp rx=0 tx=0).stop
2024-04-02T04:50:06.593 INFO:teuthology.orchestra.run.smithi152.stdout:/usr/bin/ceph: stderr
2024-04-02T04:50:05.594+0000 7ff3a0cbc700 1 -- 172.21.15.152:0/2039699839 >> [v2:172.21.15.152:3300/0,v1:172.21.15.152:6789/0] conn(0x7ff39c101d30 msgr2=0x7ff39c110610 secure :-1 s=STATE_CONNECTION_ESTABLISHED l=1).mark_down
2024-04-02T04:50:06.593 INFO:teuthology.orchestra.run.smithi152.stdout:/usr/bin/ceph: stderr
2024-04-02T04:50:05.595+0000 7ff3a0cbc700 1 --2- 172.21.15.152:0/2039699839 >> [v2:172.21.15.152:3300/0,v1:172.21.15.152:6789/0] conn(0x7ff39c101d30 0x7ff39c110610 secure :-1 s=READY pgs=81 cs=0 l=1 rev1=1 crypto rx=0x7ff38c006b00 tx=0x7ff38c009250 comp rx=0 tx=0).stop
2024-04-02T04:50:06.593 INFO:teuthology.orchestra.run.smithi152.stdout:/usr/bin/ceph: stderr
2024-04-02T04:50:05.595+0000 7ff3a0cbc700 1 -- 172.21.15.152:0/2039699839 shutdown_connections
2024-04-02T04:50:06.593 INFO:teuthology.orchestra.run.smithi152.stdout:/usr/bin/ceph: stderr
2024-04-02T04:50:05.595+0000 7ff3a0cbc700 1 --2- 172.21.15.152:0/2039699839 >> [v2:172.21.15.152:6800/2497421829,v1:172.21.15.152:6801/2497421829] conn(0x7ff3880367e0 0x7ff388038c90 unknown :-1 s=CLOSED pgs=8 cs=0 l=1 rev1=1 crypto rx=0 tx=0 comp rx=0 tx=0).stop
2024-04-02T04:50:06.593 INFO:teuthology.orchestra.run.smithi152.stdout:/usr/bin/ceph: stderr
2024-04-02T04:50:05.595+0000 7ff3a0cbc700 1 --2- 172.21.15.152:0/2039699839 >> [v2:172.21.15.152:3300/0,v1:172.21.15.152:6789/0] conn(0x7ff39c101d30 0x7ff39c110610 unknown :-1 s=CLOSED pgs=81 cs=0 l=1 rev1=1 crypto rx=0 tx=0 comp rx=0 tx=0).stop
2024-04-02T04:50:06.594 INFO:teuthology.orchestra.run.smithi152.stdout:/usr/bin/ceph: stderr
2024-04-02T04:50:05.595+0000 7ff3a0cbc700 1 -- 172.21.15.152:0/2039699839 >> 172.21.15.152:0/2039699839 conn(0x7ff39c0fc6c0 msgr2=0x7ff39c0fd260 unknown :-1 s=STATE_NONE l=0).mark_down
2024-04-02T04:50:06.594 INFO:teuthology.orchestra.run.smithi152.stdout:/usr/bin/ceph: stderr
2024-04-02T04:50:05.595+0000 7ff3a0cbc700 1 -- 172.21.15.152:0/2039699839 shutdown_connections
2024-04-02T04:50:06.594 INFO:teuthology.orchestra.run.smithi152.stdout:/usr/bin/ceph: stderr
2024-04-02T04:50:05.595+0000 7ff3a0cbc700 1 -- 172.21.15.152:0/2039699839 wait complete.
2024-04-02T04:50:06.594 INFO:teuthology.orchestra.run.smithi152.stdout:Fetching dashboard port number...
2024-04-02T04:50:06.885 INFO:journalctl@ceph.mon.smithi152.smithi152.stdout:Apr 02 04:50:06 smithi152 ceph-mon[29073]: from='client.14174 -' entity='client.admin' cmd=[{"prefix": "dashboard ac-user-create", "username": "admin", "rolename": "administrator", "force_password": true, "pwd_update_required": true, "target": ["mon-mgr", ""]}]: dispatch
2024-04-02T04:50:06.885 INFO:journalctl@ceph.mon.smithi152.smithi152.stdout:Apr 02 04:50:06 smithi152 ceph-mon[29073]: from='mgr.14160 172.21.15.152:0/3235146215' entity='mgr.smithi152.jivdcl'
2024-04-02T04:50:07.814 INFO:teuthology.orchestra.run.smithi152.stdout:/usr/bin/ceph: stdout 8443
2024-04-02T04:50:07.814 INFO:teuthology.orchestra.run.smithi152.stdout:/usr/bin/ceph: stderr
2024-04-02T04:50:06.991+0000 7f162cba2700 1 Processor -- start
2024-04-02T04:50:07.814 INFO:teuthology.orchestra.run.smithi152.stdout:/usr/bin/ceph: stderr
2024-04-02T04:50:06.991+0000 7f162cba2700 1 -- start start
2024-04-02T04:50:07.814 INFO:teuthology.orchestra.run.smithi152.stdout:/usr/bin/ceph: stderr
2024-04-02T04:50:06.991+0000 7f162cba2700 1 --2- >> [v2:172.21.15.152:3300/0,v1:172.21.15.152:6789/0] conn(0x7f16281017f0 0x7f1628101c00 unknown :-1 s=NONE pgs=0 cs=0 l=0 rev1=0 crypto rx=0 tx=0 comp rx=0 tx=0).connect
2024-04-02T04:50:07.814 INFO:teuthology.orchestra.run.smithi152.stdout:/usr/bin/ceph: stderr
2024-04-02T04:50:06.991+0000 7f162cba2700 1 -- --> [v2:172.21.15.152:3300/0,v1:172.21.15.152:6789/0] -- mon_getmap magic: 0 v1 -- 0x7f1628102140 con 0x7f16281017f0
2024-04-02T04:50:07.814 INFO:teuthology.orchestra.run.smithi152.stdout:/usr/bin/ceph: stderr
2024-04-02T04:50:06.992+0000 7f162659c700 1 --2- >> [v2:172.21.15.152:3300/0,v1:172.21.15.152:6789/0] conn(0x7f16281017f0 0x7f1628101c00 unknown :-1 s=BANNER_CONNECTING pgs=0 cs=0 l=0 rev1=0 crypto rx=0 tx=0 comp rx=0 tx=0)._handle_peer_banner_payload supported=3 required=0
2024-04-02T04:50:07.814 INFO:teuthology.orchestra.run.smithi152.stdout:/usr/bin/ceph: stderr
2024-04-02T04:50:06.992+0000 7f162659c700 1 --2- >> [v2:172.21.15.152:3300/0,v1:172.21.15.152:6789/0] conn(0x7f16281017f0 0x7f1628101c00 unknown :-1 s=HELLO_CONNECTING pgs=0 cs=0 l=0 rev1=1 crypto rx=0 tx=0 comp rx=0 tx=0).handle_hello peer v2:172.21.15.152:3300/0 says I am v2:172.21.15.152:34544/0 (socket says 172.21.15.152:34544)
2024-04-02T04:50:07.814 INFO:teuthology.orchestra.run.smithi152.stdout:/usr/bin/ceph: stderr
2024-04-02T04:50:06.992+0000 7f162659c700 1 -- 172.21.15.152:0/2711556101 learned_addr learned my addr 172.21.15.152:0/2711556101 (peer_addr_for_me v2:172.21.15.152:0/0)
2024-04-02T04:50:07.815 INFO:teuthology.orchestra.run.smithi152.stdout:/usr/bin/ceph: stderr
2024-04-02T04:50:06.992+0000 7f162659c700 1 -- 172.21.15.152:0/2711556101 --> [v2:172.21.15.152:3300/0,v1:172.21.15.152:6789/0] -- mon_subscribe({config=0+,monmap=0+}) v3 -- 0x7f1628102280 con 0x7f16281017f0
2024-04-02T04:50:07.815 INFO:teuthology.orchestra.run.smithi152.stdout:/usr/bin/ceph: stderr
2024-04-02T04:50:06.992+0000 7f162659c700 1 --2- 172.21.15.152:0/2711556101 >> [v2:172.21.15.152:3300/0,v1:172.21.15.152:6789/0] conn(0x7f16281017f0 0x7f1628101c00 secure :-1 s=READY pgs=82 cs=0 l=1 rev1=1 crypto rx=0x7f161800bb80 tx=0x7f161800b4f0 comp rx=0 tx=0).ready entity=mon.0 client_cookie=6cb41bfc1663c297 server_cookie=0 in_seq=0 out_seq=0
2024-04-02T04:50:07.815 INFO:teuthology.orchestra.run.smithi152.stdout:/usr/bin/ceph: stderr
2024-04-02T04:50:06.992+0000 7f162559a700 1 -- 172.21.15.152:0/2711556101 <== mon.0 v2:172.21.15.152:3300/0 1 ==== mon_map magic: 0 v1 ==== 229+0+0 (secure 0 0 0) 0x7f161800dd00 con 0x7f16281017f0
2024-04-02T04:50:07.815 INFO:teuthology.orchestra.run.smithi152.stdout:/usr/bin/ceph: stderr
2024-04-02T04:50:06.992+0000 7f162559a700 1 -- 172.21.15.152:0/2711556101 <== mon.0 v2:172.21.15.152:3300/0 2 ==== config(27 keys) v1 ==== 1109+0+0 (secure 0 0 0) 0x7f161800de60 con 0x7f16281017f0
2024-04-02T04:50:07.815 INFO:teuthology.orchestra.run.smithi152.stdout:/usr/bin/ceph: stderr
2024-04-02T04:50:06.992+0000 7f162559a700 1 -- 172.21.15.152:0/2711556101 <== mon.0 v2:172.21.15.152:3300/0 3 ==== mon_map magic: 0 v1 ==== 229+0+0 (secure 0 0 0) 0x7f1618018920 con 0x7f16281017f0
2024-04-02T04:50:07.815 INFO:teuthology.orchestra.run.smithi152.stdout:/usr/bin/ceph: stderr
2024-04-02T04:50:06.993+0000 7f162cba2700 1 -- 172.21.15.152:0/2711556101 >> [v2:172.21.15.152:3300/0,v1:172.21.15.152:6789/0] conn(0x7f16281017f0 msgr2=0x7f1628101c00 secure :-1 s=STATE_CONNECTION_ESTABLISHED l=1).mark_down
2024-04-02T04:50:07.815 INFO:teuthology.orchestra.run.smithi152.stdout:/usr/bin/ceph: stderr
2024-04-02T04:50:06.993+0000 7f162cba2700 1 --2- 172.21.15.152:0/2711556101 >> [v2:172.21.15.152:3300/0,v1:172.21.15.152:6789/0] conn(0x7f16281017f0 0x7f1628101c00 secure :-1 s=READY pgs=82 cs=0 l=1 rev1=1 crypto rx=0x7f161800bb80 tx=0x7f161800b4f0 comp rx=0 tx=0).stop
2024-04-02T04:50:07.815 INFO:teuthology.orchestra.run.smithi152.stdout:/usr/bin/ceph: stderr
2024-04-02T04:50:06.993+0000 7f162cba2700 1 -- 172.21.15.152:0/2711556101 shutdown_connections
2024-04-02T04:50:07.815 INFO:teuthology.orchestra.run.smithi152.stdout:/usr/bin/ceph: stderr
2024-04-02T04:50:06.993+0000 7f162cba2700 1 --2- 172.21.15.152:0/2711556101 >> [v2:172.21.15.152:3300/0,v1:172.21.15.152:6789/0] conn(0x7f16281017f0 0x7f1628101c00 unknown :-1 s=CLOSED pgs=82 cs=0 l=1 rev1=1 crypto rx=0 tx=0 comp rx=0 tx=0).stop
2024-04-02T04:50:07.815 INFO:teuthology.orchestra.run.smithi152.stdout:/usr/bin/ceph: stderr
2024-04-02T04:50:06.993+0000 7f162cba2700 1 -- 172.21.15.152:0/2711556101 >> 172.21.15.152:0/2711556101 conn(0x7f16280fcfb0 msgr2=0x7f16280ff3c0 unknown :-1 s=STATE_NONE l=0).mark_down
2024-04-02T04:50:07.815 INFO:teuthology.orchestra.run.smithi152.stdout:/usr/bin/ceph: stderr
2024-04-02T04:50:06.993+0000 7f162cba2700 1 -- 172.21.15.152:0/2711556101 shutdown_connections
2024-04-02T04:50:07.815 INFO:teuthology.orchestra.run.smithi152.stdout:/usr/bin/ceph: stderr
2024-04-02T04:50:06.993+0000 7f162cba2700 1 -- 172.21.15.152:0/2711556101 wait complete.
2024-04-02T04:50:07.815 INFO:teuthology.orchestra.run.smithi152.stdout:/usr/bin/ceph: stderr
2024-04-02T04:50:06.994+0000 7f162cba2700 1 Processor -- start
2024-04-02T04:50:07.815 INFO:teuthology.orchestra.run.smithi152.stdout:/usr/bin/ceph: stderr
2024-04-02T04:50:06.994+0000 7f162cba2700 1 -- start start
2024-04-02T04:50:07.815 INFO:teuthology.orchestra.run.smithi152.stdout:/usr/bin/ceph: stderr
2024-04-02T04:50:06.994+0000 7f162cba2700 1 --2- >> [v2:172.21.15.152:3300/0,v1:172.21.15.152:6789/0] conn(0x7f16281017f0 0x7f16281138c0 unknown :-1 s=NONE pgs=0 cs=0 l=1 rev1=0 crypto rx=0 tx=0 comp rx=0 tx=0).connect
2024-04-02T04:50:07.816 INFO:teuthology.orchestra.run.smithi152.stdout:/usr/bin/ceph: stderr
2024-04-02T04:50:06.994+0000 7f162cba2700 1 -- --> [v2:172.21.15.152:3300/0,v1:172.21.15.152:6789/0] -- mon_getmap magic: 0 v1 -- 0x7f1628113e00 con 0x7f16281017f0
2024-04-02T04:50:07.816 INFO:teuthology.orchestra.run.smithi152.stdout:/usr/bin/ceph: stderr
2024-04-02T04:50:06.994+0000 7f162659c700 1 --2- >> [v2:172.21.15.152:3300/0,v1:172.21.15.152:6789/0] conn(0x7f16281017f0 0x7f16281138c0 unknown :-1 s=BANNER_CONNECTING pgs=0 cs=0 l=1 rev1=0 crypto rx=0 tx=0 comp rx=0 tx=0)._handle_peer_banner_payload supported=3 required=0
2024-04-02T04:50:07.816 INFO:teuthology.orchestra.run.smithi152.stdout:/usr/bin/ceph: stderr
2024-04-02T04:50:06.994+0000 7f162659c700 1 --2- >> [v2:172.21.15.152:3300/0,v1:172.21.15.152:6789/0] conn(0x7f16281017f0 0x7f16281138c0 unknown :-1 s=HELLO_CONNECTING pgs=0 cs=0 l=1 rev1=1 crypto rx=0 tx=0 comp rx=0 tx=0).handle_hello peer v2:172.21.15.152:3300/0 says I am v2:172.21.15.152:34558/0 (socket says 172.21.15.152:34558)
2024-04-02T04:50:07.816 INFO:teuthology.orchestra.run.smithi152.stdout:/usr/bin/ceph: stderr
2024-04-02T04:50:06.994+0000 7f162659c700 1 -- 172.21.15.152:0/121925111 learned_addr learned my addr 172.21.15.152:0/121925111 (peer_addr_for_me v2:172.21.15.152:0/0)
2024-04-02T04:50:07.816 INFO:teuthology.orchestra.run.smithi152.stdout:/usr/bin/ceph: stderr
2024-04-02T04:50:06.994+0000 7f162659c700 1 -- 172.21.15.152:0/121925111 --> [v2:172.21.15.152:3300/0,v1:172.21.15.152:6789/0] -- mon_subscribe({config=0+,monmap=0+}) v3 -- 0x7f161800b790 con 0x7f16281017f0
2024-04-02T04:50:07.816 INFO:teuthology.orchestra.run.smithi152.stdout:/usr/bin/ceph: stderr
2024-04-02T04:50:06.994+0000 7f162659c700 1 --2- 172.21.15.152:0/121925111 >> [v2:172.21.15.152:3300/0,v1:172.21.15.152:6789/0] conn(0x7f16281017f0 0x7f16281138c0 secure :-1 s=READY pgs=83 cs=0 l=1 rev1=1 crypto rx=0x7f16180106a0 tx=0x7f161800b4f0 comp rx=0 tx=0).ready entity=mon.0 client_cookie=0 server_cookie=0 in_seq=0 out_seq=0
2024-04-02T04:50:07.816 INFO:teuthology.orchestra.run.smithi152.stdout:/usr/bin/ceph: stderr
2024-04-02T04:50:06.995+0000 7f1616ffd700 1 -- 172.21.15.152:0/121925111 <== mon.0 v2:172.21.15.152:3300/0 1 ==== mon_map magic: 0 v1 ==== 229+0+0 (secure 0 0 0) 0x7f1618018e90 con 0x7f16281017f0
2024-04-02T04:50:07.816 INFO:teuthology.orchestra.run.smithi152.stdout:/usr/bin/ceph: stderr
2024-04-02T04:50:06.995+0000 7f1616ffd700 1 -- 172.21.15.152:0/121925111 <== mon.0 v2:172.21.15.152:3300/0 2 ==== config(27 keys) v1 ==== 1109+0+0 (secure 0 0 0) 0x7f161800dc70 con 0x7f16281017f0
2024-04-02T04:50:07.816 INFO:teuthology.orchestra.run.smithi152.stdout:/usr/bin/ceph: stderr
2024-04-02T04:50:06.995+0000 7f162cba2700 1 -- 172.21.15.152:0/121925111 --> [v2:172.21.15.152:3300/0,v1:172.21.15.152:6789/0] -- mon_subscribe({mgrmap=0+}) v3 -- 0x7f1628114000 con 0x7f16281017f0
2024-04-02T04:50:07.816 INFO:teuthology.orchestra.run.smithi152.stdout:/usr/bin/ceph: stderr
2024-04-02T04:50:06.995+0000 7f1616ffd700 1 -- 172.21.15.152:0/121925111 <== mon.0 v2:172.21.15.152:3300/0 3 ==== mon_map magic: 0 v1 ==== 229+0+0 (secure 0 0 0) 0x7f1618021550 con 0x7f16281017f0
2024-04-02T04:50:07.816 INFO:teuthology.orchestra.run.smithi152.stdout:/usr/bin/ceph: stderr
2024-04-02T04:50:06.995+0000 7f1616ffd700 1 -- 172.21.15.152:0/121925111 <== mon.0 v2:172.21.15.152:3300/0 4 ==== mgrmap(e 12) v1 ==== 43381+0+0 (secure 0 0 0) 0x7f1618021780 con 0x7f16281017f0
2024-04-02T04:50:07.816 INFO:teuthology.orchestra.run.smithi152.stdout:/usr/bin/ceph: stderr
2024-04-02T04:50:06.995+0000 7f162cba2700 1 -- 172.21.15.152:0/121925111 --> [v2:172.21.15.152:3300/0,v1:172.21.15.152:6789/0] -- mon_subscribe({osdmap=0}) v3 -- 0x7f1628114b70 con 0x7f16281017f0
2024-04-02T04:50:07.816 INFO:teuthology.orchestra.run.smithi152.stdout:/usr/bin/ceph: stderr
2024-04-02T04:50:06.996+0000 7f1616ffd700 1 --2- 172.21.15.152:0/121925111 >> [v2:172.21.15.152:6800/2497421829,v1:172.21.15.152:6801/2497421829] conn(0x7f1610036830 0x7f1610038ce0 unknown :-1 s=NONE pgs=0 cs=0 l=1 rev1=0 crypto rx=0 tx=0 comp rx=0 tx=0).connect
2024-04-02T04:50:07.816 INFO:teuthology.orchestra.run.smithi152.stdout:/usr/bin/ceph: stderr
2024-04-02T04:50:06.996+0000 7f1616ffd700 1 -- 172.21.15.152:0/121925111 <== mon.0 v2:172.21.15.152:3300/0 5 ==== osd_map(3..3 src has 1..3) v4 ==== 1151+0+0 (secure 0 0 0) 0x7f1618014070 con 0x7f16281017f0
2024-04-02T04:50:07.816 INFO:teuthology.orchestra.run.smithi152.stdout:/usr/bin/ceph: stderr
2024-04-02T04:50:06.996+0000 7f1625d9b700 1 --2- 172.21.15.152:0/121925111 >> [v2:172.21.15.152:6800/2497421829,v1:172.21.15.152:6801/2497421829] conn(0x7f1610036830 0x7f1610038ce0 unknown :-1 s=BANNER_CONNECTING pgs=0 cs=0 l=1 rev1=0 crypto rx=0 tx=0 comp rx=0 tx=0)._handle_peer_banner_payload supported=3 required=0
2024-04-02T04:50:07.817 INFO:teuthology.orchestra.run.smithi152.stdout:/usr/bin/ceph: stderr
2024-04-02T04:50:06.996+0000 7f1625d9b700 1 --2- 172.21.15.152:0/121925111 >> [v2:172.21.15.152:6800/2497421829,v1:172.21.15.152:6801/2497421829] conn(0x7f1610036830 0x7f1610038ce0 secure :-1 s=READY pgs=9 cs=0 l=1 rev1=1 crypto rx=0x7f161c009990 tx=0x7f161c006e40 comp rx=0 tx=0).ready entity=mgr.14160 client_cookie=0 server_cookie=0 in_seq=0 out_seq=0
2024-04-02T04:50:07.817 INFO:teuthology.orchestra.run.smithi152.stdout:/usr/bin/ceph: stderr
2024-04-02T04:50:06.996+0000 7f162cba2700 1 -- 172.21.15.152:0/121925111 --> [v2:172.21.15.152:3300/0,v1:172.21.15.152:6789/0] -- mon_command({"prefix": "get_command_descriptions"} v 0) v1 -- 0x7f162805f5f0 con 0x7f16281017f0
2024-04-02T04:50:07.817 INFO:teuthology.orchestra.run.smithi152.stdout:/usr/bin/ceph: stderr
2024-04-02T04:50:07.001+0000 7f1616ffd700 1 -- 172.21.15.152:0/121925111 <== mon.0 v2:172.21.15.152:3300/0 6 ==== mon_command_ack([{"prefix": "get_command_descriptions"}]=0 v0) v1 ==== 72+0+176504 (secure 0 0 0) 0x7f161800edc0 con 0x7f16281017f0
2024-04-02T04:50:07.817 INFO:teuthology.orchestra.run.smithi152.stdout:/usr/bin/ceph: stderr
2024-04-02T04:50:07.193+0000 7f162cba2700 1 -- 172.21.15.152:0/121925111 --> [v2:172.21.15.152:3300/0,v1:172.21.15.152:6789/0] -- mon_command({"prefix": "config get", "who": "mgr", "key": "mgr/dashboard/ssl_server_port"} v 0) v1 -- 0x7f1628103540 con 0x7f16281017f0
2024-04-02T04:50:07.817 INFO:teuthology.orchestra.run.smithi152.stdout:/usr/bin/ceph: stderr
2024-04-02T04:50:07.193+0000 7f1616ffd700 1 -- 172.21.15.152:0/121925111 <== mon.0 v2:172.21.15.152:3300/0 7 ==== mon_command_ack([{"prefix": "config get", "who": "mgr", "key": "mgr/dashboard/ssl_server_port"}]=0 v8) v1 ==== 112+0+5 (secure 0 0 0) 0x7f16180490b0 con 0x7f16281017f0
2024-04-02T04:50:07.817 INFO:teuthology.orchestra.run.smithi152.stdout:/usr/bin/ceph: stderr
2024-04-02T04:50:07.196+0000 7f162cba2700 1 -- 172.21.15.152:0/121925111 >> [v2:172.21.15.152:6800/2497421829,v1:172.21.15.152:6801/2497421829] conn(0x7f1610036830 msgr2=0x7f1610038ce0 secure :-1 s=STATE_CONNECTION_ESTABLISHED l=1).mark_down
2024-04-02T04:50:07.817 INFO:teuthology.orchestra.run.smithi152.stdout:/usr/bin/ceph: stderr
2024-04-02T04:50:07.196+0000 7f162cba2700 1 --2- 172.21.15.152:0/121925111 >> [v2:172.21.15.152:6800/2497421829,v1:172.21.15.152:6801/2497421829] conn(0x7f1610036830 0x7f1610038ce0 secure :-1 s=READY pgs=9 cs=0 l=1 rev1=1 crypto rx=0x7f161c009990 tx=0x7f161c006e40 comp rx=0 tx=0).stop
2024-04-02T04:50:07.817 INFO:teuthology.orchestra.run.smithi152.stdout:/usr/bin/ceph: stderr
2024-04-02T04:50:07.196+0000 7f162cba2700 1 -- 172.21.15.152:0/121925111 >> [v2:172.21.15.152:3300/0,v1:172.21.15.152:6789/0] conn(0x7f16281017f0 msgr2=0x7f16281138c0 secure :-1 s=STATE_CONNECTION_ESTABLISHED l=1).mark_down
2024-04-02T04:50:07.817 INFO:teuthology.orchestra.run.smithi152.stdout:/usr/bin/ceph: stderr
2024-04-02T04:50:07.196+0000 7f162cba2700 1 --2- 172.21.15.152:0/121925111 >> [v2:172.21.15.152:3300/0,v1:172.21.15.152:6789/0] conn(0x7f16281017f0 0x7f16281138c0 secure :-1 s=READY pgs=83 cs=0 l=1 rev1=1 crypto rx=0x7f16180106a0 tx=0x7f161800b4f0 comp rx=0 tx=0).stop
2024-04-02T04:50:07.817 INFO:teuthology.orchestra.run.smithi152.stdout:/usr/bin/ceph: stderr
2024-04-02T04:50:07.196+0000 7f162cba2700 1 -- 172.21.15.152:0/121925111 shutdown_connections
2024-04-02T04:50:07.817 INFO:teuthology.orchestra.run.smithi152.stdout:/usr/bin/ceph: stderr
2024-04-02T04:50:07.196+0000 7f162cba2700 1 --2- 172.21.15.152:0/121925111 >> [v2:172.21.15.152:6800/2497421829,v1:172.21.15.152:6801/2497421829] conn(0x7f1610036830 0x7f1610038ce0 unknown :-1 s=CLOSED pgs=9 cs=0 l=1 rev1=1 crypto rx=0 tx=0 comp rx=0 tx=0).stop
2024-04-02T04:50:07.817 INFO:teuthology.orchestra.run.smithi152.stdout:/usr/bin/ceph: stderr
2024-04-02T04:50:07.196+0000 7f162cba2700 1 --2- 172.21.15.152:0/121925111 >> [v2:172.21.15.152:3300/0,v1:172.21.15.152:6789/0] conn(0x7f16281017f0 0x7f16281138c0 unknown :-1 s=CLOSED pgs=83 cs=0 l=1 rev1=1 crypto rx=0 tx=0 comp rx=0 tx=0).stop
2024-04-02T04:50:07.817 INFO:teuthology.orchestra.run.smithi152.stdout:/usr/bin/ceph: stderr
2024-04-02T04:50:07.196+0000 7f162cba2700 1 -- 172.21.15.152:0/121925111 >> 172.21.15.152:0/121925111 conn(0x7f16280fcfb0 msgr2=0x7f1628105ca0 unknown :-1 s=STATE_NONE l=0).mark_down
2024-04-02T04:50:07.818 INFO:teuthology.orchestra.run.smithi152.stdout:/usr/bin/ceph: stderr
2024-04-02T04:50:07.196+0000 7f162cba2700 1 -- 172.21.15.152:0/121925111 shutdown_connections
2024-04-02T04:50:07.818 INFO:teuthology.orchestra.run.smithi152.stdout:/usr/bin/ceph: stderr
2024-04-02T04:50:07.196+0000 7f162cba2700 1 -- 172.21.15.152:0/121925111 wait complete.
2024-04-02T04:50:07.820 INFO:teuthology.orchestra.run.smithi152.stdout:Non-zero exit code 1 from systemctl is-enabled firewalld.service
2024-04-02T04:50:07.821 INFO:teuthology.orchestra.run.smithi152.stdout:systemctl: stdout disabled
2024-04-02T04:50:07.828 INFO:teuthology.orchestra.run.smithi152.stdout:Non-zero exit code 3 from systemctl is-active firewalld.service
2024-04-02T04:50:07.828 INFO:teuthology.orchestra.run.smithi152.stdout:systemctl: stdout inactive
2024-04-02T04:50:07.828 INFO:teuthology.orchestra.run.smithi152.stdout:firewalld.service is not enabled
2024-04-02T04:50:07.828 INFO:teuthology.orchestra.run.smithi152.stdout:Not possible to open ports <[8443]>. firewalld.service is not available
2024-04-02T04:50:07.829 INFO:teuthology.orchestra.run.smithi152.stdout:Ceph Dashboard is now available at:
2024-04-02T04:50:07.830 INFO:teuthology.orchestra.run.smithi152.stdout:
2024-04-02T04:50:07.830 INFO:teuthology.orchestra.run.smithi152.stdout: URL: https://smithi152.front.sepia.ceph.com:8443/
2024-04-02T04:50:07.830 INFO:teuthology.orchestra.run.smithi152.stdout: User: admin
2024-04-02T04:50:07.830 INFO:teuthology.orchestra.run.smithi152.stdout: Password: 9kcvtrultq
2024-04-02T04:50:07.830 INFO:teuthology.orchestra.run.smithi152.stdout:
2024-04-02T04:50:07.830 INFO:teuthology.orchestra.run.smithi152.stdout:Saving cluster configuration to /var/lib/ceph/2e0055d0-f0ac-11ee-b647-cb9ed24678a4/config directory
2024-04-02T04:50:07.830 INFO:teuthology.orchestra.run.smithi152.stdout:Enabling autotune for osd_memory_target
2024-04-02T04:50:07.952 INFO:journalctl@ceph.mon.smithi152.smithi152.stdout:Apr 02 04:50:07 smithi152 ceph-mon[29073]: from='client.? 172.21.15.152:0/121925111' entity='client.admin' cmd=[{"prefix": "config get", "who": "mgr", "key": "mgr/dashboard/ssl_server_port"}]: dispatch
2024-04-02T04:50:09.031 INFO:teuthology.orchestra.run.smithi152.stdout:/usr/bin/ceph: stderr
2024-04-02T04:50:08.246+0000 7f3c5fa14700 1 Processor -- start
2024-04-02T04:50:09.031 INFO:teuthology.orchestra.run.smithi152.stdout:/usr/bin/ceph: stderr
2024-04-02T04:50:08.246+0000 7f3c5fa14700 1 -- start start
2024-04-02T04:50:09.031 INFO:teuthology.orchestra.run.smithi152.stdout:/usr/bin/ceph: stderr
2024-04-02T04:50:08.246+0000 7f3c5fa14700 1 --2- >> [v2:172.21.15.152:3300/0,v1:172.21.15.152:6789/0] conn(0x7f3c58076ce0 0x7f3c581054c0 unknown :-1 s=NONE pgs=0 cs=0 l=0 rev1=0 crypto rx=0 tx=0 comp rx=0 tx=0).connect
2024-04-02T04:50:09.031 INFO:teuthology.orchestra.run.smithi152.stdout:/usr/bin/ceph: stderr
2024-04-02T04:50:08.246+0000 7f3c5fa14700 1 -- --> [v2:172.21.15.152:3300/0,v1:172.21.15.152:6789/0] -- mon_getmap magic: 0 v1 -- 0x7f3c58105a00 con 0x7f3c58076ce0
2024-04-02T04:50:09.031 INFO:teuthology.orchestra.run.smithi152.stdout:/usr/bin/ceph: stderr
2024-04-02T04:50:08.247+0000 7f3c5d7b0700 1 --2- >> [v2:172.21.15.152:3300/0,v1:172.21.15.152:6789/0] conn(0x7f3c58076ce0 0x7f3c581054c0 unknown :-1 s=BANNER_CONNECTING pgs=0 cs=0 l=0 rev1=0 crypto rx=0 tx=0 comp rx=0 tx=0)._handle_peer_banner_payload supported=3 required=0
2024-04-02T04:50:09.031 INFO:teuthology.orchestra.run.smithi152.stdout:/usr/bin/ceph: stderr
2024-04-02T04:50:08.247+0000 7f3c5d7b0700 1 --2- >> [v2:172.21.15.152:3300/0,v1:172.21.15.152:6789/0] conn(0x7f3c58076ce0 0x7f3c581054c0 unknown :-1 s=HELLO_CONNECTING pgs=0 cs=0 l=0 rev1=1 crypto rx=0 tx=0 comp rx=0 tx=0).handle_hello peer v2:172.21.15.152:3300/0 says I am v2:172.21.15.152:34574/0 (socket says 172.21.15.152:34574)
2024-04-02T04:50:09.031 INFO:teuthology.orchestra.run.smithi152.stdout:/usr/bin/ceph: stderr
2024-04-02T04:50:08.247+0000 7f3c5d7b0700 1 -- 172.21.15.152:0/569911075 learned_addr learned my addr 172.21.15.152:0/569911075 (peer_addr_for_me v2:172.21.15.152:0/0)
2024-04-02T04:50:09.031 INFO:teuthology.orchestra.run.smithi152.stdout:/usr/bin/ceph: stderr
2024-04-02T04:50:08.247+0000 7f3c5d7b0700 1 -- 172.21.15.152:0/569911075 --> [v2:172.21.15.152:3300/0,v1:172.21.15.152:6789/0] -- mon_subscribe({config=0+,monmap=0+}) v3 -- 0x7f3c58105b40 con 0x7f3c58076ce0
2024-04-02T04:50:09.031 INFO:teuthology.orchestra.run.smithi152.stdout:/usr/bin/ceph: stderr
2024-04-02T04:50:08.247+0000 7f3c5d7b0700 1 --2- 172.21.15.152:0/569911075 >> [v2:172.21.15.152:3300/0,v1:172.21.15.152:6789/0] conn(0x7f3c58076ce0 0x7f3c581054c0 secure :-1 s=READY pgs=84 cs=0 l=1 rev1=1 crypto rx=0x7f3c480098e0 tx=0x7f3c48009250 comp rx=0 tx=0).ready entity=mon.0 client_cookie=fcf040dd0ea7ee1e server_cookie=0 in_seq=0 out_seq=0
2024-04-02T04:50:09.031 INFO:teuthology.orchestra.run.smithi152.stdout:/usr/bin/ceph: stderr
2024-04-02T04:50:08.247+0000 7f3c4ffff700 1 -- 172.21.15.152:0/569911075 <== mon.0 v2:172.21.15.152:3300/0 1 ==== mon_map magic: 0 v1 ==== 229+0+0 (secure 0 0 0) 0x7f3c4800b860 con 0x7f3c58076ce0
2024-04-02T04:50:09.031 INFO:teuthology.orchestra.run.smithi152.stdout:/usr/bin/ceph: stderr
2024-04-02T04:50:08.247+0000 7f3c4ffff700 1 -- 172.21.15.152:0/569911075 <== mon.0 v2:172.21.15.152:3300/0 2 ==== config(27 keys) v1 ==== 1109+0+0 (secure 0 0 0) 0x7f3c4800be90 con 0x7f3c58076ce0
2024-04-02T04:50:09.031 INFO:teuthology.orchestra.run.smithi152.stdout:/usr/bin/ceph: stderr
2024-04-02T04:50:08.247+0000 7f3c4ffff700 1 -- 172.21.15.152:0/569911075 <== mon.0 v2:172.21.15.152:3300/0 3 ==== mon_map magic: 0 v1 ==== 229+0+0 (secure 0 0 0) 0x7f3c480103c0 con 0x7f3c58076ce0
2024-04-02T04:50:09.031 INFO:teuthology.orchestra.run.smithi152.stdout:/usr/bin/ceph: stderr
2024-04-02T04:50:08.248+0000 7f3c5fa14700 1 -- 172.21.15.152:0/569911075 >> [v2:172.21.15.152:3300/0,v1:172.21.15.152:6789/0] conn(0x7f3c58076ce0 msgr2=0x7f3c581054c0 secure :-1 s=STATE_CONNECTION_ESTABLISHED l=1).mark_down
2024-04-02T04:50:09.032 INFO:teuthology.orchestra.run.smithi152.stdout:/usr/bin/ceph: stderr
2024-04-02T04:50:08.248+0000 7f3c5fa14700 1 --2- 172.21.15.152:0/569911075 >> [v2:172.21.15.152:3300/0,v1:172.21.15.152:6789/0] conn(0x7f3c58076ce0 0x7f3c581054c0 secure :-1 s=READY pgs=84 cs=0 l=1 rev1=1 crypto rx=0x7f3c480098e0 tx=0x7f3c48009250 comp rx=0 tx=0).stop
2024-04-02T04:50:09.032 INFO:teuthology.orchestra.run.smithi152.stdout:/usr/bin/ceph: stderr
2024-04-02T04:50:08.248+0000 7f3c5fa14700 1 -- 172.21.15.152:0/569911075 shutdown_connections
2024-04-02T04:50:09.032 INFO:teuthology.orchestra.run.smithi152.stdout:/usr/bin/ceph: stderr
2024-04-02T04:50:08.248+0000 7f3c5fa14700 1 --2- 172.21.15.152:0/569911075 >> [v2:172.21.15.152:3300/0,v1:172.21.15.152:6789/0] conn(0x7f3c58076ce0 0x7f3c581054c0 unknown :-1 s=CLOSED pgs=84 cs=0 l=1 rev1=1 crypto rx=0 tx=0 comp rx=0 tx=0).stop
2024-04-02T04:50:09.032 INFO:teuthology.orchestra.run.smithi152.stdout:/usr/bin/ceph: stderr
2024-04-02T04:50:08.248+0000 7f3c5fa14700 1 -- 172.21.15.152:0/569911075 >> 172.21.15.152:0/569911075 conn(0x7f3c580fcf70 msgr2=0x7f3c580ff380 unknown :-1 s=STATE_NONE l=0).mark_down
2024-04-02T04:50:09.032 INFO:teuthology.orchestra.run.smithi152.stdout:/usr/bin/ceph: stderr
2024-04-02T04:50:08.248+0000 7f3c5fa14700 1 -- 172.21.15.152:0/569911075 shutdown_connections
2024-04-02T04:50:09.032 INFO:teuthology.orchestra.run.smithi152.stdout:/usr/bin/ceph: stderr
2024-04-02T04:50:08.248+0000 7f3c5fa14700 1 -- 172.21.15.152:0/569911075 wait complete.
2024-04-02T04:50:09.032 INFO:teuthology.orchestra.run.smithi152.stdout:/usr/bin/ceph: stderr
2024-04-02T04:50:08.248+0000 7f3c5fa14700 1 Processor -- start
2024-04-02T04:50:09.032 INFO:teuthology.orchestra.run.smithi152.stdout:/usr/bin/ceph: stderr
2024-04-02T04:50:08.248+0000 7f3c5fa14700 1 -- start start
2024-04-02T04:50:09.032 INFO:teuthology.orchestra.run.smithi152.stdout:/usr/bin/ceph: stderr
2024-04-02T04:50:08.249+0000 7f3c5fa14700 1 --2- >> [v2:172.21.15.152:3300/0,v1:172.21.15.152:6789/0] conn(0x7f3c58076ce0 0x7f3c581116e0 unknown :-1 s=NONE pgs=0 cs=0 l=1 rev1=0 crypto rx=0 tx=0 comp rx=0 tx=0).connect
2024-04-02T04:50:09.032 INFO:teuthology.orchestra.run.smithi152.stdout:/usr/bin/ceph: stderr
2024-04-02T04:50:08.249+0000 7f3c5fa14700 1 -- --> [v2:172.21.15.152:3300/0,v1:172.21.15.152:6789/0] -- mon_getmap magic: 0 v1 -- 0x7f3c58111c20 con 0x7f3c58076ce0
2024-04-02T04:50:09.032 INFO:teuthology.orchestra.run.smithi152.stdout:/usr/bin/ceph: stderr
2024-04-02T04:50:08.249+0000 7f3c5d7b0700 1 --2- >> [v2:172.21.15.152:3300/0,v1:172.21.15.152:6789/0] conn(0x7f3c58076ce0 0x7f3c581116e0 unknown :-1 s=BANNER_CONNECTING pgs=0 cs=0 l=1 rev1=0 crypto rx=0 tx=0 comp rx=0 tx=0)._handle_peer_banner_payload supported=3 required=0
2024-04-02T04:50:09.032 INFO:teuthology.orchestra.run.smithi152.stdout:/usr/bin/ceph: stderr
2024-04-02T04:50:08.249+0000 7f3c5d7b0700 1 --2- >> [v2:172.21.15.152:3300/0,v1:172.21.15.152:6789/0] conn(0x7f3c58076ce0 0x7f3c581116e0 unknown :-1 s=HELLO_CONNECTING pgs=0 cs=0 l=1 rev1=1 crypto rx=0 tx=0 comp rx=0 tx=0).handle_hello peer v2:172.21.15.152:3300/0 says I am v2:172.21.15.152:34578/0 (socket says 172.21.15.152:34578)
2024-04-02T04:50:09.032 INFO:teuthology.orchestra.run.smithi152.stdout:/usr/bin/ceph: stderr
2024-04-02T04:50:08.249+0000 7f3c5d7b0700 1 -- 172.21.15.152:0/388859433 learned_addr learned my addr 172.21.15.152:0/388859433 (peer_addr_for_me v2:172.21.15.152:0/0)
2024-04-02T04:50:09.032 INFO:teuthology.orchestra.run.smithi152.stdout:/usr/bin/ceph: stderr
2024-04-02T04:50:08.249+0000 7f3c5d7b0700 1 -- 172.21.15.152:0/388859433 --> [v2:172.21.15.152:3300/0,v1:172.21.15.152:6789/0] -- mon_subscribe({config=0+,monmap=0+}) v3 -- 0x7f3c480094f0 con 0x7f3c58076ce0
2024-04-02T04:50:09.033 INFO:teuthology.orchestra.run.smithi152.stdout:/usr/bin/ceph: stderr
2024-04-02T04:50:08.249+0000 7f3c5d7b0700 1 --2- 172.21.15.152:0/388859433 >> [v2:172.21.15.152:3300/0,v1:172.21.15.152:6789/0] conn(0x7f3c58076ce0 0x7f3c581116e0 secure :-1 s=READY pgs=85 cs=0 l=1 rev1=1 crypto rx=0x7f3c480094c0 tx=0x7f3c48009250 comp rx=0 tx=0).ready entity=mon.0 client_cookie=0 server_cookie=0 in_seq=0 out_seq=0
2024-04-02T04:50:09.033 INFO:teuthology.orchestra.run.smithi152.stdout:/usr/bin/ceph: stderr
2024-04-02T04:50:08.249+0000 7f3c4dffb700 1 -- 172.21.15.152:0/388859433 <== mon.0 v2:172.21.15.152:3300/0 1 ==== mon_map magic: 0 v1 ==== 229+0+0 (secure 0 0 0) 0x7f3c48010890 con 0x7f3c58076ce0
2024-04-02T04:50:09.033 INFO:teuthology.orchestra.run.smithi152.stdout:/usr/bin/ceph: stderr
2024-04-02T04:50:08.249+0000 7f3c5fa14700 1 -- 172.21.15.152:0/388859433 --> [v2:172.21.15.152:3300/0,v1:172.21.15.152:6789/0] -- mon_subscribe({mgrmap=0+}) v3 -- 0x7f3c58111e20 con 0x7f3c58076ce0
2024-04-02T04:50:09.033 INFO:teuthology.orchestra.run.smithi152.stdout:/usr/bin/ceph: stderr
2024-04-02T04:50:08.249+0000 7f3c4dffb700 1 -- 172.21.15.152:0/388859433 <== mon.0 v2:172.21.15.152:3300/0 2 ==== config(27 keys) v1 ==== 1109+0+0 (secure 0 0 0) 0x7f3c48010ec0 con 0x7f3c58076ce0
2024-04-02T04:50:09.033 INFO:teuthology.orchestra.run.smithi152.stdout:/usr/bin/ceph: stderr
2024-04-02T04:50:08.249+0000 7f3c4dffb700 1 -- 172.21.15.152:0/388859433 <== mon.0 v2:172.21.15.152:3300/0 3 ==== mon_map magic: 0 v1 ==== 229+0+0 (secure 0 0 0) 0x7f3c480243f0 con 0x7f3c58076ce0
2024-04-02T04:50:09.033 INFO:teuthology.orchestra.run.smithi152.stdout:/usr/bin/ceph: stderr
2024-04-02T04:50:08.249+0000 7f3c5fa14700 1 -- 172.21.15.152:0/388859433 --> [v2:172.21.15.152:3300/0,v1:172.21.15.152:6789/0] -- mon_subscribe({osdmap=0}) v3 -- 0x7f3c58112990 con 0x7f3c58076ce0
2024-04-02T04:50:09.033 INFO:teuthology.orchestra.run.smithi152.stdout:/usr/bin/ceph: stderr
2024-04-02T04:50:08.250+0000 7f3c4dffb700 1 -- 172.21.15.152:0/388859433 <== mon.0 v2:172.21.15.152:3300/0 4 ==== mgrmap(e 12) v1 ==== 43381+0+0 (secure 0 0 0) 0x7f3c4802d3f0 con 0x7f3c58076ce0
2024-04-02T04:50:09.033 INFO:teuthology.orchestra.run.smithi152.stdout:/usr/bin/ceph: stderr
2024-04-02T04:50:08.250+0000 7f3c4dffb700 1 --2- 172.21.15.152:0/388859433 >> [v2:172.21.15.152:6800/2497421829,v1:172.21.15.152:6801/2497421829] conn(0x7f3c44036830 0x7f3c44038ce0 unknown :-1 s=NONE pgs=0 cs=0 l=1 rev1=0 crypto rx=0 tx=0 comp rx=0 tx=0).connect
2024-04-02T04:50:09.033 INFO:teuthology.orchestra.run.smithi152.stdout:/usr/bin/ceph: stderr
2024-04-02T04:50:08.250+0000 7f3c5fa14700 1 -- 172.21.15.152:0/388859433 --> [v2:172.21.15.152:3300/0,v1:172.21.15.152:6789/0] -- mon_command({"prefix": "get_command_descriptions"} v 0) v1 -- 0x7f3c581122b0 con 0x7f3c58076ce0
2024-04-02T04:50:09.033 INFO:teuthology.orchestra.run.smithi152.stdout:/usr/bin/ceph: stderr
2024-04-02T04:50:08.250+0000 7f3c4dffb700 1 -- 172.21.15.152:0/388859433 <== mon.0 v2:172.21.15.152:3300/0 5 ==== osd_map(3..3 src has 1..3) v4 ==== 1151+0+0 (secure 0 0 0) 0x7f3c4804a520 con 0x7f3c58076ce0
2024-04-02T04:50:09.033 INFO:teuthology.orchestra.run.smithi152.stdout:/usr/bin/ceph: stderr
2024-04-02T04:50:08.251+0000 7f3c5cfaf700 1 --2- 172.21.15.152:0/388859433 >> [v2:172.21.15.152:6800/2497421829,v1:172.21.15.152:6801/2497421829] conn(0x7f3c44036830 0x7f3c44038ce0 unknown :-1 s=BANNER_CONNECTING pgs=0 cs=0 l=1 rev1=0 crypto rx=0 tx=0 comp rx=0 tx=0)._handle_peer_banner_payload supported=3 required=0
2024-04-02T04:50:09.033 INFO:teuthology.orchestra.run.smithi152.stdout:/usr/bin/ceph: stderr
2024-04-02T04:50:08.251+0000 7f3c5cfaf700 1 --2- 172.21.15.152:0/388859433 >> [v2:172.21.15.152:6800/2497421829,v1:172.21.15.152:6801/2497421829] conn(0x7f3c44036830 0x7f3c44038ce0 secure :-1 s=READY pgs=10 cs=0 l=1 rev1=1 crypto rx=0x7f3c54009990 tx=0x7f3c54006e40 comp rx=0 tx=0).ready entity=mgr.14160 client_cookie=0 server_cookie=0 in_seq=0 out_seq=0
2024-04-02T04:50:09.033 INFO:teuthology.orchestra.run.smithi152.stdout:/usr/bin/ceph: stderr
2024-04-02T04:50:08.255+0000 7f3c4dffb700 1 -- 172.21.15.152:0/388859433 <== mon.0 v2:172.21.15.152:3300/0 6 ==== mon_command_ack([{"prefix": "get_command_descriptions"}]=0 v0) v1 ==== 72+0+176504 (secure 0 0 0) 0x7f3c48018ce0 con 0x7f3c58076ce0
2024-04-02T04:50:09.033 INFO:teuthology.orchestra.run.smithi152.stdout:/usr/bin/ceph: stderr
2024-04-02T04:50:08.442+0000 7f3c5fa14700 1 -- 172.21.15.152:0/388859433 --> [v2:172.21.15.152:3300/0,v1:172.21.15.152:6789/0] -- mon_command([{prefix=config set, name=osd_memory_target_autotune}] v 0) v1 -- 0x7f3c5805f5f0 con 0x7f3c58076ce0
2024-04-02T04:50:09.034 INFO:teuthology.orchestra.run.smithi152.stdout:/usr/bin/ceph: stderr
2024-04-02T04:50:08.442+0000 7f3c4dffb700 1 -- 172.21.15.152:0/388859433 <== mon.0 v2:172.21.15.152:3300/0 7 ==== mon_command_ack([{prefix=config set, name=osd_memory_target_autotune}]=0 v8)=0 v8) v1 ==== 127+0+0 (secure 0 0 0) 0x7f3c48018b00 con 0x7f3c58076ce0
2024-04-02T04:50:09.034 INFO:teuthology.orchestra.run.smithi152.stdout:/usr/bin/ceph: stderr
2024-04-02T04:50:08.444+0000 7f3c5fa14700 1 -- 172.21.15.152:0/388859433 >> [v2:172.21.15.152:6800/2497421829,v1:172.21.15.152:6801/2497421829] conn(0x7f3c44036830 msgr2=0x7f3c44038ce0 secure :-1 s=STATE_CONNECTION_ESTABLISHED l=1).mark_down
2024-04-02T04:50:09.034 INFO:teuthology.orchestra.run.smithi152.stdout:/usr/bin/ceph: stderr
2024-04-02T04:50:08.444+0000 7f3c5fa14700 1 --2- 172.21.15.152:0/388859433 >> [v2:172.21.15.152:6800/2497421829,v1:172.21.15.152:6801/2497421829] conn(0x7f3c44036830 0x7f3c44038ce0 secure :-1 s=READY pgs=10 cs=0 l=1 rev1=1 crypto rx=0x7f3c54009990 tx=0x7f3c54006e40 comp rx=0 tx=0).stop
2024-04-02T04:50:09.034 INFO:teuthology.orchestra.run.smithi152.stdout:/usr/bin/ceph: stderr
2024-04-02T04:50:08.445+0000 7f3c5fa14700 1 -- 172.21.15.152:0/388859433 >> [v2:172.21.15.152:3300/0,v1:172.21.15.152:6789/0] conn(0x7f3c58076ce0 msgr2=0x7f3c581116e0 secure :-1 s=STATE_CONNECTION_ESTABLISHED l=1).mark_down
2024-04-02T04:50:09.034 INFO:teuthology.orchestra.run.smithi152.stdout:/usr/bin/ceph: stderr
2024-04-02T04:50:08.445+0000 7f3c5fa14700 1 --2- 172.21.15.152:0/388859433 >> [v2:172.21.15.152:3300/0,v1:172.21.15.152:6789/0] conn(0x7f3c58076ce0 0x7f3c581116e0 secure :-1 s=READY pgs=85 cs=0 l=1 rev1=1 crypto rx=0x7f3c480094c0 tx=0x7f3c48009250 comp rx=0 tx=0).stop
2024-04-02T04:50:09.034 INFO:teuthology.orchestra.run.smithi152.stdout:/usr/bin/ceph: stderr
2024-04-02T04:50:08.445+0000 7f3c5fa14700 1 -- 172.21.15.152:0/388859433 shutdown_connections
2024-04-02T04:50:09.034 INFO:teuthology.orchestra.run.smithi152.stdout:/usr/bin/ceph: stderr
2024-04-02T04:50:08.445+0000 7f3c5fa14700 1 --2- 172.21.15.152:0/388859433 >> [v2:172.21.15.152:6800/2497421829,v1:172.21.15.152:6801/2497421829] conn(0x7f3c44036830 0x7f3c44038ce0 unknown :-1 s=CLOSED pgs=10 cs=0 l=1 rev1=1 crypto rx=0 tx=0 comp rx=0 tx=0).stop
2024-04-02T04:50:09.034 INFO:teuthology.orchestra.run.smithi152.stdout:/usr/bin/ceph: stderr
2024-04-02T04:50:08.445+0000 7f3c5fa14700 1 --2- 172.21.15.152:0/388859433 >> [v2:172.21.15.152:3300/0,v1:172.21.15.152:6789/0] conn(0x7f3c58076ce0 0x7f3c581116e0 unknown :-1 s=CLOSED pgs=85 cs=0 l=1 rev1=1 crypto rx=0 tx=0 comp rx=0 tx=0).stop
2024-04-02T04:50:09.034 INFO:teuthology.orchestra.run.smithi152.stdout:/usr/bin/ceph: stderr
2024-04-02T04:50:08.445+0000 7f3c5fa14700 1 -- 172.21.15.152:0/388859433 >> 172.21.15.152:0/388859433 conn(0x7f3c580fcf70 msgr2=0x7f3c580fda80 unknown :-1 s=STATE_NONE l=0).mark_down
2024-04-02T04:50:09.034 INFO:teuthology.orchestra.run.smithi152.stdout:/usr/bin/ceph: stderr
2024-04-02T04:50:08.445+0000 7f3c5fa14700 1 -- 172.21.15.152:0/388859433 shutdown_connections
2024-04-02T04:50:09.034 INFO:teuthology.orchestra.run.smithi152.stdout:/usr/bin/ceph: stderr
2024-04-02T04:50:08.445+0000 7f3c5fa14700 1 -- 172.21.15.152:0/388859433 wait complete.
2024-04-02T04:50:10.006 INFO:journalctl@ceph.mon.smithi152.smithi152.stdout:Apr 02 04:50:09 smithi152 ceph-mon[29073]: mgrmap e13: smithi152.jivdcl(active, since 6s)
2024-04-02T04:50:10.355 INFO:teuthology.orchestra.run.smithi152.stdout:/usr/bin/ceph: stderr
2024-04-02T04:50:09.452+0000 7f2f9ec3d700 1 Processor -- start
2024-04-02T04:50:10.355 INFO:teuthology.orchestra.run.smithi152.stdout:/usr/bin/ceph: stderr
2024-04-02T04:50:09.452+0000 7f2f9ec3d700 1 -- start start
2024-04-02T04:50:10.355 INFO:teuthology.orchestra.run.smithi152.stdout:/usr/bin/ceph: stderr
2024-04-02T04:50:09.452+0000 7f2f9ec3d700 1 --2- >> [v2:172.21.15.152:3300/0,v1:172.21.15.152:6789/0] conn(0x7f2f98102920 0x7f2f98102d30 unknown :-1 s=NONE pgs=0 cs=0 l=0 rev1=0 crypto rx=0 tx=0 comp rx=0 tx=0).connect
2024-04-02T04:50:10.355 INFO:teuthology.orchestra.run.smithi152.stdout:/usr/bin/ceph: stderr
2024-04-02T04:50:09.452+0000 7f2f9ec3d700 1 -- --> [v2:172.21.15.152:3300/0,v1:172.21.15.152:6789/0] -- mon_getmap magic: 0 v1 -- 0x7f2f98103270 con 0x7f2f98102920
2024-04-02T04:50:10.355 INFO:teuthology.orchestra.run.smithi152.stdout:/usr/bin/ceph: stderr
2024-04-02T04:50:09.452+0000 7f2f9c9d9700 1 --2- >> [v2:172.21.15.152:3300/0,v1:172.21.15.152:6789/0] conn(0x7f2f98102920 0x7f2f98102d30 unknown :-1 s=BANNER_CONNECTING pgs=0 cs=0 l=0 rev1=0 crypto rx=0 tx=0 comp rx=0 tx=0)._handle_peer_banner_payload supported=3 required=0
2024-04-02T04:50:10.355 INFO:teuthology.orchestra.run.smithi152.stdout:/usr/bin/ceph: stderr
2024-04-02T04:50:09.452+0000 7f2f9c9d9700 1 --2- >> [v2:172.21.15.152:3300/0,v1:172.21.15.152:6789/0] conn(0x7f2f98102920 0x7f2f98102d30 unknown :-1 s=HELLO_CONNECTING pgs=0 cs=0 l=0 rev1=1 crypto rx=0 tx=0 comp rx=0 tx=0).handle_hello peer v2:172.21.15.152:3300/0 says I am v2:172.21.15.152:34586/0 (socket says 172.21.15.152:34586)
2024-04-02T04:50:10.355 INFO:teuthology.orchestra.run.smithi152.stdout:/usr/bin/ceph: stderr
2024-04-02T04:50:09.452+0000 7f2f9c9d9700 1 -- 172.21.15.152:0/2883497628 learned_addr learned my addr 172.21.15.152:0/2883497628 (peer_addr_for_me v2:172.21.15.152:0/0)
2024-04-02T04:50:10.355 INFO:teuthology.orchestra.run.smithi152.stdout:/usr/bin/ceph: stderr
2024-04-02T04:50:09.452+0000 7f2f9c9d9700 1 -- 172.21.15.152:0/2883497628 --> [v2:172.21.15.152:3300/0,v1:172.21.15.152:6789/0] -- mon_subscribe({config=0+,monmap=0+}) v3 -- 0x7f2f981033b0 con 0x7f2f98102920
2024-04-02T04:50:10.355 INFO:teuthology.orchestra.run.smithi152.stdout:/usr/bin/ceph: stderr
2024-04-02T04:50:09.452+0000 7f2f9c9d9700 1 --2- 172.21.15.152:0/2883497628 >> [v2:172.21.15.152:3300/0,v1:172.21.15.152:6789/0] conn(0x7f2f98102920 0x7f2f98102d30 secure :-1 s=READY pgs=86 cs=0 l=1 rev1=1 crypto rx=0x7f2f8c0098e0 tx=0x7f2f8c009250 comp rx=0 tx=0).ready entity=mon.0 client_cookie=e44ca1b4b4e9d7fd server_cookie=0 in_seq=0 out_seq=0
