2024-04-02T04:49:48.012+0000 7fe84cff9700 1 -- 172.21.15.152:0/1609771012 <== mon.0 v2:172.21.15.152:3300/0 6 ==== mon_command_ack([{"prefix": "get_command_descriptions"}]=0 v0) v1 ==== 72+0+176504 (secure 0 0 0) 0x7fe84002b8e0 con 0x7fe850076c70
2024-04-02T04:49:49.132 INFO:teuthology.orchestra.run.smithi152.stdout:/usr/bin/ceph: stderr
2024-04-02T04:49:48.214+0000 7fe8567fe700 1 -- 172.21.15.152:0/1609771012 --> [v2:172.21.15.152:6800/3544077480,v1:172.21.15.152:6801/3544077480] -- mgr_command(tid 0: {"prefix": "orch apply", "service_type": "grafana", "target": ["mon-mgr", ""]}) v1 -- 0x7fe8500fe2d0 con 0x7fe8380367e0
2024-04-02T04:49:49.132 INFO:teuthology.orchestra.run.smithi152.stdout:/usr/bin/ceph: stderr
2024-04-02T04:49:48.218+0000 7fe84cff9700 1 -- 172.21.15.152:0/1609771012 <== mgr.14118 v2:172.21.15.152:6800/3544077480 1 ==== mgr_command_reply(tid 0: 0 ) v1 ==== 8+0+28 (secure 0 0 0) 0x7fe8500fe2d0 con 0x7fe8380367e0
2024-04-02T04:49:49.132 INFO:teuthology.orchestra.run.smithi152.stdout:/usr/bin/ceph: stderr
2024-04-02T04:49:48.220+0000 7fe8567fe700 1 -- 172.21.15.152:0/1609771012 >> [v2:172.21.15.152:6800/3544077480,v1:172.21.15.152:6801/3544077480] conn(0x7fe8380367e0 msgr2=0x7fe838038c90 secure :-1 s=STATE_CONNECTION_ESTABLISHED l=1).mark_down
2024-04-02T04:49:49.132 INFO:teuthology.orchestra.run.smithi152.stdout:/usr/bin/ceph: stderr
2024-04-02T04:49:48.220+0000 7fe8567fe700 1 --2- 172.21.15.152:0/1609771012 >> [v2:172.21.15.152:6800/3544077480,v1:172.21.15.152:6801/3544077480] conn(0x7fe8380367e0 0x7fe838038c90 secure :-1 s=READY pgs=16 cs=0 l=1 rev1=1 crypto rx=0x7fe844009990 tx=0x7fe844006e40 comp rx=0 tx=0).stop
2024-04-02T04:49:49.132 INFO:teuthology.orchestra.run.smithi152.stdout:/usr/bin/ceph: stderr
2024-04-02T04:49:48.220+0000 7fe8567fe700 1 -- 172.21.15.152:0/1609771012 >> [v2:172.21.15.152:3300/0,v1:172.21.15.152:6789/0] conn(0x7fe850076c70 msgr2=0x7fe850111730 secure :-1 s=STATE_CONNECTION_ESTABLISHED l=1).mark_down
2024-04-02T04:49:49.132 INFO:teuthology.orchestra.run.smithi152.stdout:/usr/bin/ceph: stderr
2024-04-02T04:49:48.220+0000 7fe8567fe700 1 --2- 172.21.15.152:0/1609771012 >> [v2:172.21.15.152:3300/0,v1:172.21.15.152:6789/0] conn(0x7fe850076c70 0x7fe850111730 secure :-1 s=READY pgs=54 cs=0 l=1 rev1=1 crypto rx=0x7fe8400105b0 tx=0x7fe840009250 comp rx=0 tx=0).stop
2024-04-02T04:49:49.132 INFO:teuthology.orchestra.run.smithi152.stdout:/usr/bin/ceph: stderr
2024-04-02T04:49:48.220+0000 7fe8567fe700 1 -- 172.21.15.152:0/1609771012 shutdown_connections
2024-04-02T04:49:49.132 INFO:teuthology.orchestra.run.smithi152.stdout:/usr/bin/ceph: stderr
2024-04-02T04:49:48.220+0000 7fe8567fe700 1 --2- 172.21.15.152:0/1609771012 >> [v2:172.21.15.152:6800/3544077480,v1:172.21.15.152:6801/3544077480] conn(0x7fe8380367e0 0x7fe838038c90 unknown :-1 s=CLOSED pgs=16 cs=0 l=1 rev1=1 crypto rx=0 tx=0 comp rx=0 tx=0).stop
2024-04-02T04:49:49.132 INFO:teuthology.orchestra.run.smithi152.stdout:/usr/bin/ceph: stderr
2024-04-02T04:49:48.220+0000 7fe8567fe700 1 --2- 172.21.15.152:0/1609771012 >> [v2:172.21.15.152:3300/0,v1:172.21.15.152:6789/0] conn(0x7fe850076c70 0x7fe850111730 unknown :-1 s=CLOSED pgs=54 cs=0 l=1 rev1=1 crypto rx=0 tx=0 comp rx=0 tx=0).stop
2024-04-02T04:49:49.132 INFO:teuthology.orchestra.run.smithi152.stdout:/usr/bin/ceph: stderr
2024-04-02T04:49:48.220+0000 7fe8567fe700 1 -- 172.21.15.152:0/1609771012 >> 172.21.15.152:0/1609771012 conn(0x7fe8500fcf30 msgr2=0x7fe8500fdb00 unknown :-1 s=STATE_NONE l=0).mark_down
2024-04-02T04:49:49.132 INFO:teuthology.orchestra.run.smithi152.stdout:/usr/bin/ceph: stderr
2024-04-02T04:49:48.220+0000 7fe8567fe700 1 -- 172.21.15.152:0/1609771012 shutdown_connections
2024-04-02T04:49:49.132 INFO:teuthology.orchestra.run.smithi152.stdout:/usr/bin/ceph: stderr
2024-04-02T04:49:48.220+0000 7fe8567fe700 1 -- 172.21.15.152:0/1609771012 wait complete.
2024-04-02T04:49:49.132 INFO:teuthology.orchestra.run.smithi152.stdout:Deploying node-exporter service with default placement...
2024-04-02T04:49:49.399 INFO:journalctl@ceph.mon.smithi152.smithi152.stdout:Apr 02 04:49:49 smithi152 ceph-mon[29073]: from='client.14148 -' entity='client.admin' cmd=[{"prefix": "orch apply", "service_type": "grafana", "target": ["mon-mgr", ""]}]: dispatch
2024-04-02T04:49:49.399 INFO:journalctl@ceph.mon.smithi152.smithi152.stdout:Apr 02 04:49:49 smithi152 ceph-mon[29073]: Saving service grafana spec with placement count:1
2024-04-02T04:49:49.399 INFO:journalctl@ceph.mon.smithi152.smithi152.stdout:Apr 02 04:49:49 smithi152 ceph-mon[29073]: from='mgr.14118 172.21.15.152:0/741958570' entity='mgr.smithi152.jivdcl'
2024-04-02T04:49:50.252 INFO:teuthology.orchestra.run.smithi152.stdout:/usr/bin/ceph: stdout Scheduled node-exporter update...
2024-04-02T04:49:50.253 INFO:teuthology.orchestra.run.smithi152.stdout:/usr/bin/ceph: stderr
2024-04-02T04:49:49.491+0000 7f57da62c700 1 Processor -- start
2024-04-02T04:49:50.253 INFO:teuthology.orchestra.run.smithi152.stdout:/usr/bin/ceph: stderr
2024-04-02T04:49:49.491+0000 7f57da62c700 1 -- start start
2024-04-02T04:49:50.253 INFO:teuthology.orchestra.run.smithi152.stdout:/usr/bin/ceph: stderr
2024-04-02T04:49:49.491+0000 7f57da62c700 1 --2- >> [v2:172.21.15.152:3300/0,v1:172.21.15.152:6789/0] conn(0x7f57d4071250 0x7f57d4105540 unknown :-1 s=NONE pgs=0 cs=0 l=0 rev1=0 crypto rx=0 tx=0 comp rx=0 tx=0).connect
2024-04-02T04:49:50.253 INFO:teuthology.orchestra.run.smithi152.stdout:/usr/bin/ceph: stderr
2024-04-02T04:49:49.491+0000 7f57da62c700 1 -- --> [v2:172.21.15.152:3300/0,v1:172.21.15.152:6789/0] -- mon_getmap magic: 0 v1 -- 0x7f57d4071660 con 0x7f57d4071250
2024-04-02T04:49:50.253 INFO:teuthology.orchestra.run.smithi152.stdout:/usr/bin/ceph: stderr
2024-04-02T04:49:49.492+0000 7f57d3fff700 1 --2- >> [v2:172.21.15.152:3300/0,v1:172.21.15.152:6789/0] conn(0x7f57d4071250 0x7f57d4105540 unknown :-1 s=BANNER_CONNECTING pgs=0 cs=0 l=0 rev1=0 crypto rx=0 tx=0 comp rx=0 tx=0)._handle_peer_banner_payload supported=3 required=0
2024-04-02T04:49:50.253 INFO:teuthology.orchestra.run.smithi152.stdout:/usr/bin/ceph: stderr
2024-04-02T04:49:49.492+0000 7f57d3fff700 1 --2- >> [v2:172.21.15.152:3300/0,v1:172.21.15.152:6789/0] conn(0x7f57d4071250 0x7f57d4105540 unknown :-1 s=HELLO_CONNECTING pgs=0 cs=0 l=0 rev1=1 crypto rx=0 tx=0 comp rx=0 tx=0).handle_hello peer v2:172.21.15.152:3300/0 says I am v2:172.21.15.152:42266/0 (socket says 172.21.15.152:42266)
2024-04-02T04:49:50.253 INFO:teuthology.orchestra.run.smithi152.stdout:/usr/bin/ceph: stderr
2024-04-02T04:49:49.492+0000 7f57d3fff700 1 -- 172.21.15.152:0/3243568385 learned_addr learned my addr 172.21.15.152:0/3243568385 (peer_addr_for_me v2:172.21.15.152:0/0)
2024-04-02T04:49:50.253 INFO:teuthology.orchestra.run.smithi152.stdout:/usr/bin/ceph: stderr
2024-04-02T04:49:49.492+0000 7f57d3fff700 1 -- 172.21.15.152:0/3243568385 --> [v2:172.21.15.152:3300/0,v1:172.21.15.152:6789/0] -- mon_subscribe({config=0+,monmap=0+}) v3 -- 0x7f57d4105a80 con 0x7f57d4071250
2024-04-02T04:49:50.253 INFO:teuthology.orchestra.run.smithi152.stdout:/usr/bin/ceph: stderr
2024-04-02T04:49:49.492+0000 7f57d3fff700 1 --2- 172.21.15.152:0/3243568385 >> [v2:172.21.15.152:3300/0,v1:172.21.15.152:6789/0] conn(0x7f57d4071250 0x7f57d4105540 secure :-1 s=READY pgs=55 cs=0 l=1 rev1=1 crypto rx=0x7f57c40098e0 tx=0x7f57c4009250 comp rx=0 tx=0).ready entity=mon.0 client_cookie=9c2f9377fe397470 server_cookie=0 in_seq=0 out_seq=0
2024-04-02T04:49:50.253 INFO:teuthology.orchestra.run.smithi152.stdout:/usr/bin/ceph: stderr
2024-04-02T04:49:49.492+0000 7f57d2ffd700 1 -- 172.21.15.152:0/3243568385 <== mon.0 v2:172.21.15.152:3300/0 1 ==== mon_map magic: 0 v1 ==== 229+0+0 (secure 0 0 0) 0x7f57c400b860 con 0x7f57d4071250
2024-04-02T04:49:50.253 INFO:teuthology.orchestra.run.smithi152.stdout:/usr/bin/ceph: stderr
2024-04-02T04:49:49.492+0000 7f57d2ffd700 1 -- 172.21.15.152:0/3243568385 <== mon.0 v2:172.21.15.152:3300/0 2 ==== config(27 keys) v1 ==== 1109+0+0 (secure 0 0 0) 0x7f57c400be90 con 0x7f57d4071250
2024-04-02T04:49:50.253 INFO:teuthology.orchestra.run.smithi152.stdout:/usr/bin/ceph: stderr
2024-04-02T04:49:49.492+0000 7f57d2ffd700 1 -- 172.21.15.152:0/3243568385 <== mon.0 v2:172.21.15.152:3300/0 3 ==== mon_map magic: 0 v1 ==== 229+0+0 (secure 0 0 0) 0x7f57c40103c0 con 0x7f57d4071250
2024-04-02T04:49:50.253 INFO:teuthology.orchestra.run.smithi152.stdout:/usr/bin/ceph: stderr
2024-04-02T04:49:49.493+0000 7f57da62c700 1 -- 172.21.15.152:0/3243568385 >> [v2:172.21.15.152:3300/0,v1:172.21.15.152:6789/0] conn(0x7f57d4071250 msgr2=0x7f57d4105540 secure :-1 s=STATE_CONNECTION_ESTABLISHED l=1).mark_down
2024-04-02T04:49:50.253 INFO:teuthology.orchestra.run.smithi152.stdout:/usr/bin/ceph: stderr
2024-04-02T04:49:49.493+0000 7f57da62c700 1 --2- 172.21.15.152:0/3243568385 >> [v2:172.21.15.152:3300/0,v1:172.21.15.152:6789/0] conn(0x7f57d4071250 0x7f57d4105540 secure :-1 s=READY pgs=55 cs=0 l=1 rev1=1 crypto rx=0x7f57c40098e0 tx=0x7f57c4009250 comp rx=0 tx=0).stop
2024-04-02T04:49:50.253 INFO:teuthology.orchestra.run.smithi152.stdout:/usr/bin/ceph: stderr
2024-04-02T04:49:49.493+0000 7f57da62c700 1 -- 172.21.15.152:0/3243568385 shutdown_connections
2024-04-02T04:49:50.254 INFO:teuthology.orchestra.run.smithi152.stdout:/usr/bin/ceph: stderr
2024-04-02T04:49:49.493+0000 7f57da62c700 1 --2- 172.21.15.152:0/3243568385 >> [v2:172.21.15.152:3300/0,v1:172.21.15.152:6789/0] conn(0x7f57d4071250 0x7f57d4105540 unknown :-1 s=CLOSED pgs=55 cs=0 l=1 rev1=1 crypto rx=0 tx=0 comp rx=0 tx=0).stop
2024-04-02T04:49:50.254 INFO:teuthology.orchestra.run.smithi152.stdout:/usr/bin/ceph: stderr
2024-04-02T04:49:49.493+0000 7f57da62c700 1 -- 172.21.15.152:0/3243568385 >> 172.21.15.152:0/3243568385 conn(0x7f57d40fcfb0 msgr2=0x7f57d40ff3c0 unknown :-1 s=STATE_NONE l=0).mark_down
2024-04-02T04:49:50.254 INFO:teuthology.orchestra.run.smithi152.stdout:/usr/bin/ceph: stderr
2024-04-02T04:49:49.493+0000 7f57da62c700 1 -- 172.21.15.152:0/3243568385 shutdown_connections
2024-04-02T04:49:50.254 INFO:teuthology.orchestra.run.smithi152.stdout:/usr/bin/ceph: stderr
2024-04-02T04:49:49.493+0000 7f57da62c700 1 -- 172.21.15.152:0/3243568385 wait complete.
2024-04-02T04:49:50.254 INFO:teuthology.orchestra.run.smithi152.stdout:/usr/bin/ceph: stderr
2024-04-02T04:49:49.493+0000 7f57da62c700 1 Processor -- start
2024-04-02T04:49:50.254 INFO:teuthology.orchestra.run.smithi152.stdout:/usr/bin/ceph: stderr
2024-04-02T04:49:49.494+0000 7f57da62c700 1 -- start start
2024-04-02T04:49:50.254 INFO:teuthology.orchestra.run.smithi152.stdout:/usr/bin/ceph: stderr
2024-04-02T04:49:49.494+0000 7f57da62c700 1 --2- >> [v2:172.21.15.152:3300/0,v1:172.21.15.152:6789/0] conn(0x7f57d4071250 0x7f57d4111760 unknown :-1 s=NONE pgs=0 cs=0 l=1 rev1=0 crypto rx=0 tx=0 comp rx=0 tx=0).connect
2024-04-02T04:49:50.254 INFO:teuthology.orchestra.run.smithi152.stdout:/usr/bin/ceph: stderr
2024-04-02T04:49:49.494+0000 7f57da62c700 1 -- --> [v2:172.21.15.152:3300/0,v1:172.21.15.152:6789/0] -- mon_getmap magic: 0 v1 -- 0x7f57d4111ca0 con 0x7f57d4071250
2024-04-02T04:49:50.254 INFO:teuthology.orchestra.run.smithi152.stdout:/usr/bin/ceph: stderr
2024-04-02T04:49:49.494+0000 7f57d3fff700 1 --2- >> [v2:172.21.15.152:3300/0,v1:172.21.15.152:6789/0] conn(0x7f57d4071250 0x7f57d4111760 unknown :-1 s=BANNER_CONNECTING pgs=0 cs=0 l=1 rev1=0 crypto rx=0 tx=0 comp rx=0 tx=0)._handle_peer_banner_payload supported=3 required=0
2024-04-02T04:49:50.254 INFO:teuthology.orchestra.run.smithi152.stdout:/usr/bin/ceph: stderr
2024-04-02T04:49:49.494+0000 7f57d3fff700 1 --2- >> [v2:172.21.15.152:3300/0,v1:172.21.15.152:6789/0] conn(0x7f57d4071250 0x7f57d4111760 unknown :-1 s=HELLO_CONNECTING pgs=0 cs=0 l=1 rev1=1 crypto rx=0 tx=0 comp rx=0 tx=0).handle_hello peer v2:172.21.15.152:3300/0 says I am v2:172.21.15.152:42274/0 (socket says 172.21.15.152:42274)
2024-04-02T04:49:50.254 INFO:teuthology.orchestra.run.smithi152.stdout:/usr/bin/ceph: stderr
2024-04-02T04:49:49.494+0000 7f57d3fff700 1 -- 172.21.15.152:0/2739048283 learned_addr learned my addr 172.21.15.152:0/2739048283 (peer_addr_for_me v2:172.21.15.152:0/0)
2024-04-02T04:49:50.254 INFO:teuthology.orchestra.run.smithi152.stdout:/usr/bin/ceph: stderr
2024-04-02T04:49:49.494+0000 7f57d3fff700 1 -- 172.21.15.152:0/2739048283 --> [v2:172.21.15.152:3300/0,v1:172.21.15.152:6789/0] -- mon_subscribe({config=0+,monmap=0+}) v3 -- 0x7f57c40094f0 con 0x7f57d4071250
2024-04-02T04:49:50.254 INFO:teuthology.orchestra.run.smithi152.stdout:/usr/bin/ceph: stderr
2024-04-02T04:49:49.494+0000 7f57d3fff700 1 --2- 172.21.15.152:0/2739048283 >> [v2:172.21.15.152:3300/0,v1:172.21.15.152:6789/0] conn(0x7f57d4071250 0x7f57d4111760 secure :-1 s=READY pgs=56 cs=0 l=1 rev1=1 crypto rx=0x7f57c40105b0 tx=0x7f57c4009250 comp rx=0 tx=0).ready entity=mon.0 client_cookie=0 server_cookie=0 in_seq=0 out_seq=0
2024-04-02T04:49:50.254 INFO:teuthology.orchestra.run.smithi152.stdout:/usr/bin/ceph: stderr
2024-04-02T04:49:49.494+0000 7f57d0ff9700 1 -- 172.21.15.152:0/2739048283 <== mon.0 v2:172.21.15.152:3300/0 1 ==== mon_map magic: 0 v1 ==== 229+0+0 (secure 0 0 0) 0x7f57c4010840 con 0x7f57d4071250
2024-04-02T04:49:50.254 INFO:teuthology.orchestra.run.smithi152.stdout:/usr/bin/ceph: stderr
2024-04-02T04:49:49.494+0000 7f57da62c700 1 -- 172.21.15.152:0/2739048283 --> [v2:172.21.15.152:3300/0,v1:172.21.15.152:6789/0] -- mon_subscribe({mgrmap=0+}) v3 -- 0x7f57d4111ea0 con 0x7f57d4071250
2024-04-02T04:49:50.254 INFO:teuthology.orchestra.run.smithi152.stdout:/usr/bin/ceph: stderr
2024-04-02T04:49:49.494+0000 7f57d0ff9700 1 -- 172.21.15.152:0/2739048283 <== mon.0 v2:172.21.15.152:3300/0 2 ==== config(27 keys) v1 ==== 1109+0+0 (secure 0 0 0) 0x7f57c4010e70 con 0x7f57d4071250
2024-04-02T04:49:50.255 INFO:teuthology.orchestra.run.smithi152.stdout:/usr/bin/ceph: stderr
2024-04-02T04:49:49.494+0000 7f57d0ff9700 1 -- 172.21.15.152:0/2739048283 <== mon.0 v2:172.21.15.152:3300/0 3 ==== mon_map magic: 0 v1 ==== 229+0+0 (secure 0 0 0) 0x7f57c401ae30 con 0x7f57d4071250
2024-04-02T04:49:50.255 INFO:teuthology.orchestra.run.smithi152.stdout:/usr/bin/ceph: stderr
2024-04-02T04:49:49.495+0000 7f57da62c700 1 -- 172.21.15.152:0/2739048283 --> [v2:172.21.15.152:3300/0,v1:172.21.15.152:6789/0] -- mon_subscribe({osdmap=0}) v3 -- 0x7f57d4112a10 con 0x7f57d4071250
2024-04-02T04:49:50.255 INFO:teuthology.orchestra.run.smithi152.stdout:/usr/bin/ceph: stderr
2024-04-02T04:49:49.495+0000 7f57d0ff9700 1 -- 172.21.15.152:0/2739048283 <== mon.0 v2:172.21.15.152:3300/0 4 ==== mgrmap(e 8) v1 ==== 43368+0+0 (secure 0 0 0) 0x7f57c402d3f0 con 0x7f57d4071250
2024-04-02T04:49:50.255 INFO:teuthology.orchestra.run.smithi152.stdout:/usr/bin/ceph: stderr
2024-04-02T04:49:49.495+0000 7f57da62c700 1 -- 172.21.15.152:0/2739048283 --> [v2:172.21.15.152:3300/0,v1:172.21.15.152:6789/0] -- mon_command({"prefix": "get_command_descriptions"} v 0) v1 -- 0x7f57d405f5f0 con 0x7f57d4071250
2024-04-02T04:49:50.255 INFO:teuthology.orchestra.run.smithi152.stdout:/usr/bin/ceph: stderr
2024-04-02T04:49:49.496+0000 7f57d0ff9700 1 --2- 172.21.15.152:0/2739048283 >> [v2:172.21.15.152:6800/3544077480,v1:172.21.15.152:6801/3544077480] conn(0x7f57bc036790 0x7f57bc038c40 unknown :-1 s=NONE pgs=0 cs=0 l=1 rev1=0 crypto rx=0 tx=0 comp rx=0 tx=0).connect
2024-04-02T04:49:50.255 INFO:teuthology.orchestra.run.smithi152.stdout:/usr/bin/ceph: stderr
2024-04-02T04:49:49.496+0000 7f57d0ff9700 1 -- 172.21.15.152:0/2739048283 <== mon.0 v2:172.21.15.152:3300/0 5 ==== osd_map(2..2 src has 1..2) v4 ==== 936+0+0 (secure 0 0 0) 0x7f57c404a280 con 0x7f57d4071250
2024-04-02T04:49:50.255 INFO:teuthology.orchestra.run.smithi152.stdout:/usr/bin/ceph: stderr
2024-04-02T04:49:49.496+0000 7f57d37fe700 1 --2- 172.21.15.152:0/2739048283 >> [v2:172.21.15.152:6800/3544077480,v1:172.21.15.152:6801/3544077480] conn(0x7f57bc036790 0x7f57bc038c40 unknown :-1 s=BANNER_CONNECTING pgs=0 cs=0 l=1 rev1=0 crypto rx=0 tx=0 comp rx=0 tx=0)._handle_peer_banner_payload supported=3 required=0
2024-04-02T04:49:50.255 INFO:teuthology.orchestra.run.smithi152.stdout:/usr/bin/ceph: stderr
2024-04-02T04:49:49.496+0000 7f57d37fe700 1 --2- 172.21.15.152:0/2739048283 >> [v2:172.21.15.152:6800/3544077480,v1:172.21.15.152:6801/3544077480] conn(0x7f57bc036790 0x7f57bc038c40 secure :-1 s=READY pgs=17 cs=0 l=1 rev1=1 crypto rx=0x7f57c8009990 tx=0x7f57c8006e40 comp rx=0 tx=0).ready entity=mgr.14118 client_cookie=0 server_cookie=0 in_seq=0 out_seq=0
2024-04-02T04:49:50.255 INFO:teuthology.orchestra.run.smithi152.stdout:/usr/bin/ceph: stderr
2024-04-02T04:49:49.500+0000 7f57d0ff9700 1 -- 172.21.15.152:0/2739048283 <== mon.0 v2:172.21.15.152:3300/0 6 ==== mon_command_ack([{"prefix": "get_command_descriptions"}]=0 v0) v1 ==== 72+0+176504 (secure 0 0 0) 0x7f57c402b8e0 con 0x7f57d4071250
2024-04-02T04:49:50.255 INFO:teuthology.orchestra.run.smithi152.stdout:/usr/bin/ceph: stderr
2024-04-02T04:49:49.694+0000 7f57da62c700 1 -- 172.21.15.152:0/2739048283 --> [v2:172.21.15.152:6800/3544077480,v1:172.21.15.152:6801/3544077480] -- mgr_command(tid 0: {"prefix": "orch apply", "service_type": "node-exporter", "target": ["mon-mgr", ""]}) v1 -- 0x7f57d40fe3a0 con 0x7f57bc036790
2024-04-02T04:49:50.255 INFO:teuthology.orchestra.run.smithi152.stdout:/usr/bin/ceph: stderr
2024-04-02T04:49:49.699+0000 7f57d0ff9700 1 -- 172.21.15.152:0/2739048283 <== mgr.14118 v2:172.21.15.152:6800/3544077480 1 ==== mgr_command_reply(tid 0: 0 ) v1 ==== 8+0+34 (secure 0 0 0) 0x7f57d40fe3a0 con 0x7f57bc036790
2024-04-02T04:49:50.255 INFO:teuthology.orchestra.run.smithi152.stdout:/usr/bin/ceph: stderr
2024-04-02T04:49:49.701+0000 7f57da62c700 1 -- 172.21.15.152:0/2739048283 >> [v2:172.21.15.152:6800/3544077480,v1:172.21.15.152:6801/3544077480] conn(0x7f57bc036790 msgr2=0x7f57bc038c40 secure :-1 s=STATE_CONNECTION_ESTABLISHED l=1).mark_down
2024-04-02T04:49:50.255 INFO:teuthology.orchestra.run.smithi152.stdout:/usr/bin/ceph: stderr
2024-04-02T04:49:49.701+0000 7f57da62c700 1 --2- 172.21.15.152:0/2739048283 >> [v2:172.21.15.152:6800/3544077480,v1:172.21.15.152:6801/3544077480] conn(0x7f57bc036790 0x7f57bc038c40 secure :-1 s=READY pgs=17 cs=0 l=1 rev1=1 crypto rx=0x7f57c8009990 tx=0x7f57c8006e40 comp rx=0 tx=0).stop
2024-04-02T04:49:50.255 INFO:teuthology.orchestra.run.smithi152.stdout:/usr/bin/ceph: stderr
2024-04-02T04:49:49.701+0000 7f57da62c700 1 -- 172.21.15.152:0/2739048283 >> [v2:172.21.15.152:3300/0,v1:172.21.15.152:6789/0] conn(0x7f57d4071250 msgr2=0x7f57d4111760 secure :-1 s=STATE_CONNECTION_ESTABLISHED l=1).mark_down
2024-04-02T04:49:50.255 INFO:teuthology.orchestra.run.smithi152.stdout:/usr/bin/ceph: stderr
2024-04-02T04:49:49.701+0000 7f57da62c700 1 --2- 172.21.15.152:0/2739048283 >> [v2:172.21.15.152:3300/0,v1:172.21.15.152:6789/0] conn(0x7f57d4071250 0x7f57d4111760 secure :-1 s=READY pgs=56 cs=0 l=1 rev1=1 crypto rx=0x7f57c40105b0 tx=0x7f57c4009250 comp rx=0 tx=0).stop
2024-04-02T04:49:50.255 INFO:teuthology.orchestra.run.smithi152.stdout:/usr/bin/ceph: stderr
2024-04-02T04:49:49.701+0000 7f57da62c700 1 -- 172.21.15.152:0/2739048283 shutdown_connections
2024-04-02T04:49:50.256 INFO:teuthology.orchestra.run.smithi152.stdout:/usr/bin/ceph: stderr
2024-04-02T04:49:49.701+0000 7f57da62c700 1 --2- 172.21.15.152:0/2739048283 >> [v2:172.21.15.152:6800/3544077480,v1:172.21.15.152:6801/3544077480] conn(0x7f57bc036790 0x7f57bc038c40 unknown :-1 s=CLOSED pgs=17 cs=0 l=1 rev1=1 crypto rx=0 tx=0 comp rx=0 tx=0).stop
2024-04-02T04:49:50.256 INFO:teuthology.orchestra.run.smithi152.stdout:/usr/bin/ceph: stderr
2024-04-02T04:49:49.701+0000 7f57da62c700 1 --2- 172.21.15.152:0/2739048283 >> [v2:172.21.15.152:3300/0,v1:172.21.15.152:6789/0] conn(0x7f57d4071250 0x7f57d4111760 unknown :-1 s=CLOSED pgs=56 cs=0 l=1 rev1=1 crypto rx=0 tx=0 comp rx=0 tx=0).stop
2024-04-02T04:49:50.256 INFO:teuthology.orchestra.run.smithi152.stdout:/usr/bin/ceph: stderr
2024-04-02T04:49:49.701+0000 7f57da62c700 1 -- 172.21.15.152:0/2739048283 >> 172.21.15.152:0/2739048283 conn(0x7f57d40fcfb0 msgr2=0x7f57d40fdbd0 unknown :-1 s=STATE_NONE l=0).mark_down
2024-04-02T04:49:50.256 INFO:teuthology.orchestra.run.smithi152.stdout:/usr/bin/ceph: stderr
2024-04-02T04:49:49.701+0000 7f57da62c700 1 -- 172.21.15.152:0/2739048283 shutdown_connections
2024-04-02T04:49:50.256 INFO:teuthology.orchestra.run.smithi152.stdout:/usr/bin/ceph: stderr
2024-04-02T04:49:49.701+0000 7f57da62c700 1 -- 172.21.15.152:0/2739048283 wait complete.
2024-04-02T04:49:50.256 INFO:teuthology.orchestra.run.smithi152.stdout:Deploying alertmanager service with default placement...
2024-04-02T04:49:51.006 INFO:journalctl@ceph.mon.smithi152.smithi152.stdout:Apr 02 04:49:50 smithi152 ceph-mon[29073]: from='client.14150 -' entity='client.admin' cmd=[{"prefix": "orch apply", "service_type": "node-exporter", "target": ["mon-mgr", ""]}]: dispatch
2024-04-02T04:49:51.006 INFO:journalctl@ceph.mon.smithi152.smithi152.stdout:Apr 02 04:49:50 smithi152 ceph-mon[29073]: Saving service node-exporter spec with placement *
2024-04-02T04:49:51.007 INFO:journalctl@ceph.mon.smithi152.smithi152.stdout:Apr 02 04:49:50 smithi152 ceph-mon[29073]: from='mgr.14118 172.21.15.152:0/741958570' entity='mgr.smithi152.jivdcl'
2024-04-02T04:49:51.476 INFO:teuthology.orchestra.run.smithi152.stdout:/usr/bin/ceph: stdout Scheduled alertmanager update...
2024-04-02T04:49:51.476 INFO:teuthology.orchestra.run.smithi152.stdout:/usr/bin/ceph: stderr
2024-04-02T04:49:50.658+0000 7fe8b692e700 1 Processor -- start
2024-04-02T04:49:51.477 INFO:teuthology.orchestra.run.smithi152.stdout:/usr/bin/ceph: stderr
2024-04-02T04:49:50.658+0000 7fe8b692e700 1 -- start start
2024-04-02T04:49:51.477 INFO:teuthology.orchestra.run.smithi152.stdout:/usr/bin/ceph: stderr
2024-04-02T04:49:50.658+0000 7fe8b692e700 1 --2- >> [v2:172.21.15.152:3300/0,v1:172.21.15.152:6789/0] conn(0x7fe8b0102920 0x7fe8b0102d30 unknown :-1 s=NONE pgs=0 cs=0 l=0 rev1=0 crypto rx=0 tx=0 comp rx=0 tx=0).connect
2024-04-02T04:49:51.477 INFO:teuthology.orchestra.run.smithi152.stdout:/usr/bin/ceph: stderr
2024-04-02T04:49:50.658+0000 7fe8b692e700 1 -- --> [v2:172.21.15.152:3300/0,v1:172.21.15.152:6789/0] -- mon_getmap magic: 0 v1 -- 0x7fe8b0103270 con 0x7fe8b0102920
2024-04-02T04:49:51.477 INFO:teuthology.orchestra.run.smithi152.stdout:/usr/bin/ceph: stderr
2024-04-02T04:49:50.658+0000 7fe8affff700 1 --2- >> [v2:172.21.15.152:3300/0,v1:172.21.15.152:6789/0] conn(0x7fe8b0102920 0x7fe8b0102d30 unknown :-1 s=BANNER_CONNECTING pgs=0 cs=0 l=0 rev1=0 crypto rx=0 tx=0 comp rx=0 tx=0)._handle_peer_banner_payload supported=3 required=0
2024-04-02T04:49:51.477 INFO:teuthology.orchestra.run.smithi152.stdout:/usr/bin/ceph: stderr
2024-04-02T04:49:50.659+0000 7fe8affff700 1 --2- >> [v2:172.21.15.152:3300/0,v1:172.21.15.152:6789/0] conn(0x7fe8b0102920 0x7fe8b0102d30 unknown :-1 s=HELLO_CONNECTING pgs=0 cs=0 l=0 rev1=1 crypto rx=0 tx=0 comp rx=0 tx=0).handle_hello peer v2:172.21.15.152:3300/0 says I am v2:172.21.15.152:44090/0 (socket says 172.21.15.152:44090)
2024-04-02T04:49:51.477 INFO:teuthology.orchestra.run.smithi152.stdout:/usr/bin/ceph: stderr
2024-04-02T04:49:50.659+0000 7fe8affff700 1 -- 172.21.15.152:0/3481476389 learned_addr learned my addr 172.21.15.152:0/3481476389 (peer_addr_for_me v2:172.21.15.152:0/0)
2024-04-02T04:49:51.477 INFO:teuthology.orchestra.run.smithi152.stdout:/usr/bin/ceph: stderr
2024-04-02T04:49:50.659+0000 7fe8affff700 1 -- 172.21.15.152:0/3481476389 --> [v2:172.21.15.152:3300/0,v1:172.21.15.152:6789/0] -- mon_subscribe({config=0+,monmap=0+}) v3 -- 0x7fe8b01033b0 con 0x7fe8b0102920
2024-04-02T04:49:51.477 INFO:teuthology.orchestra.run.smithi152.stdout:/usr/bin/ceph: stderr
2024-04-02T04:49:50.659+0000 7fe8affff700 1 --2- 172.21.15.152:0/3481476389 >> [v2:172.21.15.152:3300/0,v1:172.21.15.152:6789/0] conn(0x7fe8b0102920 0x7fe8b0102d30 secure :-1 s=READY pgs=57 cs=0 l=1 rev1=1 crypto rx=0x7fe8a00098e0 tx=0x7fe8a0009250 comp rx=0 tx=0).ready entity=mon.0 client_cookie=95c7d2788c78e583 server_cookie=0 in_seq=0 out_seq=0
2024-04-02T04:49:51.477 INFO:teuthology.orchestra.run.smithi152.stdout:/usr/bin/ceph: stderr
2024-04-02T04:49:50.659+0000 7fe8aeffd700 1 -- 172.21.15.152:0/3481476389 <== mon.0 v2:172.21.15.152:3300/0 1 ==== mon_map magic: 0 v1 ==== 229+0+0 (secure 0 0 0) 0x7fe8a000b860 con 0x7fe8b0102920
2024-04-02T04:49:51.477 INFO:teuthology.orchestra.run.smithi152.stdout:/usr/bin/ceph: stderr
2024-04-02T04:49:50.659+0000 7fe8aeffd700 1 -- 172.21.15.152:0/3481476389 <== mon.0 v2:172.21.15.152:3300/0 2 ==== config(27 keys) v1 ==== 1109+0+0 (secure 0 0 0) 0x7fe8a000be90 con 0x7fe8b0102920
2024-04-02T04:49:51.477 INFO:teuthology.orchestra.run.smithi152.stdout:/usr/bin/ceph: stderr
2024-04-02T04:49:50.659+0000 7fe8aeffd700 1 -- 172.21.15.152:0/3481476389 <== mon.0 v2:172.21.15.152:3300/0 3 ==== mon_map magic: 0 v1 ==== 229+0+0 (secure 0 0 0) 0x7fe8a00103c0 con 0x7fe8b0102920
2024-04-02T04:49:51.477 INFO:teuthology.orchestra.run.smithi152.stdout:/usr/bin/ceph: stderr
2024-04-02T04:49:50.660+0000 7fe8b692e700 1 -- 172.21.15.152:0/3481476389 >> [v2:172.21.15.152:3300/0,v1:172.21.15.152:6789/0] conn(0x7fe8b0102920 msgr2=0x7fe8b0102d30 secure :-1 s=STATE_CONNECTION_ESTABLISHED l=1).mark_down
2024-04-02T04:49:51.477 INFO:teuthology.orchestra.run.smithi152.stdout:/usr/bin/ceph: stderr
2024-04-02T04:49:50.660+0000 7fe8b692e700 1 --2- 172.21.15.152:0/3481476389 >> [v2:172.21.15.152:3300/0,v1:172.21.15.152:6789/0] conn(0x7fe8b0102920 0x7fe8b0102d30 secure :-1 s=READY pgs=57 cs=0 l=1 rev1=1 crypto rx=0x7fe8a00098e0 tx=0x7fe8a0009250 comp rx=0 tx=0).stop
2024-04-02T04:49:51.477 INFO:teuthology.orchestra.run.smithi152.stdout:/usr/bin/ceph: stderr
2024-04-02T04:49:50.660+0000 7fe8b692e700 1 -- 172.21.15.152:0/3481476389 shutdown_connections
2024-04-02T04:49:51.478 INFO:teuthology.orchestra.run.smithi152.stdout:/usr/bin/ceph: stderr
2024-04-02T04:49:50.660+0000 7fe8b692e700 1 --2- 172.21.15.152:0/3481476389 >> [v2:172.21.15.152:3300/0,v1:172.21.15.152:6789/0] conn(0x7fe8b0102920 0x7fe8b0102d30 unknown :-1 s=CLOSED pgs=57 cs=0 l=1 rev1=1 crypto rx=0 tx=0 comp rx=0 tx=0).stop
2024-04-02T04:49:51.478 INFO:teuthology.orchestra.run.smithi152.stdout:/usr/bin/ceph: stderr
2024-04-02T04:49:50.660+0000 7fe8b692e700 1 -- 172.21.15.152:0/3481476389 >> 172.21.15.152:0/3481476389 conn(0x7fe8b00fe0a0 msgr2=0x7fe8b01004b0 unknown :-1 s=STATE_NONE l=0).mark_down
2024-04-02T04:49:51.478 INFO:teuthology.orchestra.run.smithi152.stdout:/usr/bin/ceph: stderr
2024-04-02T04:49:50.660+0000 7fe8b692e700 1 -- 172.21.15.152:0/3481476389 shutdown_connections
2024-04-02T04:49:51.478 INFO:teuthology.orchestra.run.smithi152.stdout:/usr/bin/ceph: stderr
2024-04-02T04:49:50.660+0000 7fe8b692e700 1 -- 172.21.15.152:0/3481476389 wait complete.
2024-04-02T04:49:51.478 INFO:teuthology.orchestra.run.smithi152.stdout:/usr/bin/ceph: stderr
2024-04-02T04:49:50.660+0000 7fe8b692e700 1 Processor -- start
2024-04-02T04:49:51.478 INFO:teuthology.orchestra.run.smithi152.stdout:/usr/bin/ceph: stderr
2024-04-02T04:49:50.660+0000 7fe8b692e700 1 -- start start
2024-04-02T04:49:51.478 INFO:teuthology.orchestra.run.smithi152.stdout:/usr/bin/ceph: stderr
2024-04-02T04:49:50.661+0000 7fe8b692e700 1 --2- >> [v2:172.21.15.152:3300/0,v1:172.21.15.152:6789/0] conn(0x7fe8b0102920 0x7fe8b01116e0 unknown :-1 s=NONE pgs=0 cs=0 l=1 rev1=0 crypto rx=0 tx=0 comp rx=0 tx=0).connect
2024-04-02T04:49:51.478 INFO:teuthology.orchestra.run.smithi152.stdout:/usr/bin/ceph: stderr
2024-04-02T04:49:50.661+0000 7fe8b692e700 1 -- --> [v2:172.21.15.152:3300/0,v1:172.21.15.152:6789/0] -- mon_getmap magic: 0 v1 -- 0x7fe8b0111c20 con 0x7fe8b0102920
2024-04-02T04:49:51.478 INFO:teuthology.orchestra.run.smithi152.stdout:/usr/bin/ceph: stderr
2024-04-02T04:49:50.661+0000 7fe8affff700 1 --2- >> [v2:172.21.15.152:3300/0,v1:172.21.15.152:6789/0] conn(0x7fe8b0102920 0x7fe8b01116e0 unknown :-1 s=BANNER_CONNECTING pgs=0 cs=0 l=1 rev1=0 crypto rx=0 tx=0 comp rx=0 tx=0)._handle_peer_banner_payload supported=3 required=0
2024-04-02T04:49:51.478 INFO:teuthology.orchestra.run.smithi152.stdout:/usr/bin/ceph: stderr
2024-04-02T04:49:50.661+0000 7fe8affff700 1 --2- >> [v2:172.21.15.152:3300/0,v1:172.21.15.152:6789/0] conn(0x7fe8b0102920 0x7fe8b01116e0 unknown :-1 s=HELLO_CONNECTING pgs=0 cs=0 l=1 rev1=1 crypto rx=0 tx=0 comp rx=0 tx=0).handle_hello peer v2:172.21.15.152:3300/0 says I am v2:172.21.15.152:44094/0 (socket says 172.21.15.152:44094)
2024-04-02T04:49:51.478 INFO:teuthology.orchestra.run.smithi152.stdout:/usr/bin/ceph: stderr
2024-04-02T04:49:50.661+0000 7fe8affff700 1 -- 172.21.15.152:0/768648546 learned_addr learned my addr 172.21.15.152:0/768648546 (peer_addr_for_me v2:172.21.15.152:0/0)
2024-04-02T04:49:51.478 INFO:teuthology.orchestra.run.smithi152.stdout:/usr/bin/ceph: stderr
2024-04-02T04:49:50.661+0000 7fe8affff700 1 -- 172.21.15.152:0/768648546 --> [v2:172.21.15.152:3300/0,v1:172.21.15.152:6789/0] -- mon_subscribe({config=0+,monmap=0+}) v3 -- 0x7fe8a00094f0 con 0x7fe8b0102920
2024-04-02T04:49:51.478 INFO:teuthology.orchestra.run.smithi152.stdout:/usr/bin/ceph: stderr
2024-04-02T04:49:50.661+0000 7fe8affff700 1 --2- 172.21.15.152:0/768648546 >> [v2:172.21.15.152:3300/0,v1:172.21.15.152:6789/0] conn(0x7fe8b0102920 0x7fe8b01116e0 secure :-1 s=READY pgs=58 cs=0 l=1 rev1=1 crypto rx=0x7fe8a00090b0 tx=0x7fe8a0009250 comp rx=0 tx=0).ready entity=mon.0 client_cookie=0 server_cookie=0 in_seq=0 out_seq=0
2024-04-02T04:49:51.479 INFO:teuthology.orchestra.run.smithi152.stdout:/usr/bin/ceph: stderr
2024-04-02T04:49:50.661+0000 7fe8acff9700 1 -- 172.21.15.152:0/768648546 <== mon.0 v2:172.21.15.152:3300/0 1 ==== mon_map magic: 0 v1 ==== 229+0+0 (secure 0 0 0) 0x7fe8a0010840 con 0x7fe8b0102920
2024-04-02T04:49:51.479 INFO:teuthology.orchestra.run.smithi152.stdout:/usr/bin/ceph: stderr
2024-04-02T04:49:50.661+0000 7fe8acff9700 1 -- 172.21.15.152:0/768648546 <== mon.0 v2:172.21.15.152:3300/0 2 ==== config(27 keys) v1 ==== 1109+0+0 (secure 0 0 0) 0x7fe8a0010e70 con 0x7fe8b0102920
2024-04-02T04:49:51.479 INFO:teuthology.orchestra.run.smithi152.stdout:/usr/bin/ceph: stderr
2024-04-02T04:49:50.661+0000 7fe8b692e700 1 -- 172.21.15.152:0/768648546 --> [v2:172.21.15.152:3300/0,v1:172.21.15.152:6789/0] -- mon_subscribe({mgrmap=0+}) v3 -- 0x7fe8b0111e20 con 0x7fe8b0102920
2024-04-02T04:49:51.479 INFO:teuthology.orchestra.run.smithi152.stdout:/usr/bin/ceph: stderr
2024-04-02T04:49:50.661+0000 7fe8acff9700 1 -- 172.21.15.152:0/768648546 <== mon.0 v2:172.21.15.152:3300/0 3 ==== mon_map magic: 0 v1 ==== 229+0+0 (secure 0 0 0) 0x7fe8a0024e40 con 0x7fe8b0102920
2024-04-02T04:49:51.479 INFO:teuthology.orchestra.run.smithi152.stdout:/usr/bin/ceph: stderr
2024-04-02T04:49:50.661+0000 7fe8b692e700 1 -- 172.21.15.152:0/768648546 --> [v2:172.21.15.152:3300/0,v1:172.21.15.152:6789/0] -- mon_subscribe({osdmap=0}) v3 -- 0x7fe8b0112990 con 0x7fe8b0102920
2024-04-02T04:49:51.479 INFO:teuthology.orchestra.run.smithi152.stdout:/usr/bin/ceph: stderr
2024-04-02T04:49:50.662+0000 7fe8acff9700 1 -- 172.21.15.152:0/768648546 <== mon.0 v2:172.21.15.152:3300/0 4 ==== mgrmap(e 8) v1 ==== 43368+0+0 (secure 0 0 0) 0x7fe8a001a510 con 0x7fe8b0102920
2024-04-02T04:49:51.479 INFO:teuthology.orchestra.run.smithi152.stdout:/usr/bin/ceph: stderr
2024-04-02T04:49:50.662+0000 7fe8acff9700 1 --2- 172.21.15.152:0/768648546 >> [v2:172.21.15.152:6800/3544077480,v1:172.21.15.152:6801/3544077480] conn(0x7fe898036740 0x7fe898038bf0 unknown :-1 s=NONE pgs=0 cs=0 l=1 rev1=0 crypto rx=0 tx=0 comp rx=0 tx=0).connect
2024-04-02T04:49:51.479 INFO:teuthology.orchestra.run.smithi152.stdout:/usr/bin/ceph: stderr
2024-04-02T04:49:50.662+0000 7fe8acff9700 1 -- 172.21.15.152:0/768648546 <== mon.0 v2:172.21.15.152:3300/0 5 ==== osd_map(2..2 src has 1..2) v4 ==== 936+0+0 (secure 0 0 0) 0x7fe8a004a830 con 0x7fe8b0102920
2024-04-02T04:49:51.479 INFO:teuthology.orchestra.run.smithi152.stdout:/usr/bin/ceph: stderr
2024-04-02T04:49:50.662+0000 7fe8af7fe700 1 --2- 172.21.15.152:0/768648546 >> [v2:172.21.15.152:6800/3544077480,v1:172.21.15.152:6801/3544077480] conn(0x7fe898036740 0x7fe898038bf0 unknown :-1 s=BANNER_CONNECTING pgs=0 cs=0 l=1 rev1=0 crypto rx=0 tx=0 comp rx=0 tx=0)._handle_peer_banner_payload supported=3 required=0
2024-04-02T04:49:51.479 INFO:teuthology.orchestra.run.smithi152.stdout:/usr/bin/ceph: stderr
2024-04-02T04:49:50.662+0000 7fe8b692e700 1 -- 172.21.15.152:0/768648546 --> [v2:172.21.15.152:3300/0,v1:172.21.15.152:6789/0] -- mon_command({"prefix": "get_command_descriptions"} v 0) v1 -- 0x7fe8b005f5f0 con 0x7fe8b0102920
2024-04-02T04:49:51.479 INFO:teuthology.orchestra.run.smithi152.stdout:/usr/bin/ceph: stderr
2024-04-02T04:49:50.663+0000 7fe8af7fe700 1 --2- 172.21.15.152:0/768648546 >> [v2:172.21.15.152:6800/3544077480,v1:172.21.15.152:6801/3544077480] conn(0x7fe898036740 0x7fe898038bf0 secure :-1 s=READY pgs=18 cs=0 l=1 rev1=1 crypto rx=0x7fe8a4009990 tx=0x7fe8a4006e40 comp rx=0 tx=0).ready entity=mgr.14118 client_cookie=0 server_cookie=0 in_seq=0 out_seq=0
2024-04-02T04:49:51.479 INFO:teuthology.orchestra.run.smithi152.stdout:/usr/bin/ceph: stderr
2024-04-02T04:49:50.667+0000 7fe8acff9700 1 -- 172.21.15.152:0/768648546 <== mon.0 v2:172.21.15.152:3300/0 6 ==== mon_command_ack([{"prefix": "get_command_descriptions"}]=0 v0) v1 ==== 72+0+176504 (secure 0 0 0) 0x7fe8a0018940 con 0x7fe8b0102920
2024-04-02T04:49:51.479 INFO:teuthology.orchestra.run.smithi152.stdout:/usr/bin/ceph: stderr
2024-04-02T04:49:50.866+0000 7fe8b692e700 1 -- 172.21.15.152:0/768648546 --> [v2:172.21.15.152:6800/3544077480,v1:172.21.15.152:6801/3544077480] -- mgr_command(tid 0: {"prefix": "orch apply", "service_type": "alertmanager", "target": ["mon-mgr", ""]}) v1 -- 0x7fe8b00ff330 con 0x7fe898036740
2024-04-02T04:49:51.479 INFO:teuthology.orchestra.run.smithi152.stdout:/usr/bin/ceph: stderr
2024-04-02T04:49:50.873+0000 7fe8acff9700 1 -- 172.21.15.152:0/768648546 <== mgr.14118 v2:172.21.15.152:6800/3544077480 1 ==== mgr_command_reply(tid 0: 0 ) v1 ==== 8+0+33 (secure 0 0 0) 0x7fe8b00ff330 con 0x7fe898036740
2024-04-02T04:49:51.480 INFO:teuthology.orchestra.run.smithi152.stdout:/usr/bin/ceph: stderr
2024-04-02T04:49:50.875+0000 7fe8b692e700 1 -- 172.21.15.152:0/768648546 >> [v2:172.21.15.152:6800/3544077480,v1:172.21.15.152:6801/3544077480] conn(0x7fe898036740 msgr2=0x7fe898038bf0 secure :-1 s=STATE_CONNECTION_ESTABLISHED l=1).mark_down
2024-04-02T04:49:51.480 INFO:teuthology.orchestra.run.smithi152.stdout:/usr/bin/ceph: stderr
2024-04-02T04:49:50.875+0000 7fe8b692e700 1 --2- 172.21.15.152:0/768648546 >> [v2:172.21.15.152:6800/3544077480,v1:172.21.15.152:6801/3544077480] conn(0x7fe898036740 0x7fe898038bf0 secure :-1 s=READY pgs=18 cs=0 l=1 rev1=1 crypto rx=0x7fe8a4009990 tx=0x7fe8a4006e40 comp rx=0 tx=0).stop
2024-04-02T04:49:51.480 INFO:teuthology.orchestra.run.smithi152.stdout:/usr/bin/ceph: stderr
2024-04-02T04:49:50.875+0000 7fe8b692e700 1 -- 172.21.15.152:0/768648546 >> [v2:172.21.15.152:3300/0,v1:172.21.15.152:6789/0] conn(0x7fe8b0102920 msgr2=0x7fe8b01116e0 secure :-1 s=STATE_CONNECTION_ESTABLISHED l=1).mark_down
2024-04-02T04:49:51.480 INFO:teuthology.orchestra.run.smithi152.stdout:/usr/bin/ceph: stderr
2024-04-02T04:49:50.875+0000 7fe8b692e700 1 --2- 172.21.15.152:0/768648546 >> [v2:172.21.15.152:3300/0,v1:172.21.15.152:6789/0] conn(0x7fe8b0102920 0x7fe8b01116e0 secure :-1 s=READY pgs=58 cs=0 l=1 rev1=1 crypto rx=0x7fe8a00090b0 tx=0x7fe8a0009250 comp rx=0 tx=0).stop
2024-04-02T04:49:51.480 INFO:teuthology.orchestra.run.smithi152.stdout:/usr/bin/ceph: stderr
2024-04-02T04:49:50.875+0000 7fe8b692e700 1 -- 172.21.15.152:0/768648546 shutdown_connections
2024-04-02T04:49:51.480 INFO:teuthology.orchestra.run.smithi152.stdout:/usr/bin/ceph: stderr
2024-04-02T04:49:50.875+0000 7fe8b692e700 1 --2- 172.21.15.152:0/768648546 >> [v2:172.21.15.152:6800/3544077480,v1:172.21.15.152:6801/3544077480] conn(0x7fe898036740 0x7fe898038bf0 unknown :-1 s=CLOSED pgs=18 cs=0 l=1 rev1=1 crypto rx=0 tx=0 comp rx=0 tx=0).stop
2024-04-02T04:49:51.480 INFO:teuthology.orchestra.run.smithi152.stdout:/usr/bin/ceph: stderr
2024-04-02T04:49:50.875+0000 7fe8b692e700 1 --2- 172.21.15.152:0/768648546 >> [v2:172.21.15.152:3300/0,v1:172.21.15.152:6789/0] conn(0x7fe8b0102920 0x7fe8b01116e0 unknown :-1 s=CLOSED pgs=58 cs=0 l=1 rev1=1 crypto rx=0 tx=0 comp rx=0 tx=0).stop
2024-04-02T04:49:51.480 INFO:teuthology.orchestra.run.smithi152.stdout:/usr/bin/ceph: stderr
2024-04-02T04:49:50.875+0000 7fe8b692e700 1 -- 172.21.15.152:0/768648546 >> 172.21.15.152:0/768648546 conn(0x7fe8b00fe0a0 msgr2=0x7fe8b00fec20 unknown :-1 s=STATE_NONE l=0).mark_down
2024-04-02T04:49:51.480 INFO:teuthology.orchestra.run.smithi152.stdout:/usr/bin/ceph: stderr
2024-04-02T04:49:50.875+0000 7fe8b692e700 1 -- 172.21.15.152:0/768648546 shutdown_connections
2024-04-02T04:49:51.480 INFO:teuthology.orchestra.run.smithi152.stdout:/usr/bin/ceph: stderr
2024-04-02T04:49:50.875+0000 7fe8b692e700 1 -- 172.21.15.152:0/768648546 wait complete.
2024-04-02T04:49:52.069 INFO:journalctl@ceph.mon.smithi152.smithi152.stdout:Apr 02 04:49:51 smithi152 ceph-mon[29073]: pgmap v3: 0 pgs: ; 0 B data, 0 B used, 0 B / 0 B avail
2024-04-02T04:49:52.069 INFO:journalctl@ceph.mon.smithi152.smithi152.stdout:Apr 02 04:49:51 smithi152 ceph-mon[29073]: from='client.14152 -' entity='client.admin' cmd=[{"prefix": "orch apply", "service_type": "alertmanager", "target": ["mon-mgr", ""]}]: dispatch
2024-04-02T04:49:52.069 INFO:journalctl@ceph.mon.smithi152.smithi152.stdout:Apr 02 04:49:51 smithi152 ceph-mon[29073]: Saving service alertmanager spec with placement count:1
2024-04-02T04:49:52.070 INFO:journalctl@ceph.mon.smithi152.smithi152.stdout:Apr 02 04:49:51 smithi152 ceph-mon[29073]: from='mgr.14118 172.21.15.152:0/741958570' entity='mgr.smithi152.jivdcl'
2024-04-02T04:49:52.649 INFO:teuthology.orchestra.run.smithi152.stdout:/usr/bin/ceph: stderr
2024-04-02T04:49:51.869+0000 7fccf50fd700 1 Processor -- start
2024-04-02T04:49:52.649 INFO:teuthology.orchestra.run.smithi152.stdout:/usr/bin/ceph: stderr
2024-04-02T04:49:51.869+0000 7fccf50fd700 1 -- start start
2024-04-02T04:49:52.649 INFO:teuthology.orchestra.run.smithi152.stdout:/usr/bin/ceph: stderr
2024-04-02T04:49:51.869+0000 7fccf50fd700 1 --2- >> [v2:172.21.15.152:3300/0,v1:172.21.15.152:6789/0] conn(0x7fccf0076b60 0x7fccf0105540 unknown :-1 s=NONE pgs=0 cs=0 l=0 rev1=0 crypto rx=0 tx=0 comp rx=0 tx=0).connect
2024-04-02T04:49:52.649 INFO:teuthology.orchestra.run.smithi152.stdout:/usr/bin/ceph: stderr
2024-04-02T04:49:51.869+0000 7fccf50fd700 1 -- --> [v2:172.21.15.152:3300/0,v1:172.21.15.152:6789/0] -- mon_getmap magic: 0 v1 -- 0x7fccf0076f70 con 0x7fccf0076b60
2024-04-02T04:49:52.650 INFO:teuthology.orchestra.run.smithi152.stdout:/usr/bin/ceph: stderr
2024-04-02T04:49:51.869+0000 7fcceed9d700 1 --2- >> [v2:172.21.15.152:3300/0,v1:172.21.15.152:6789/0] conn(0x7fccf0076b60 0x7fccf0105540 unknown :-1 s=BANNER_CONNECTING pgs=0 cs=0 l=0 rev1=0 crypto rx=0 tx=0 comp rx=0 tx=0)._handle_peer_banner_payload supported=3 required=0
2024-04-02T04:49:52.650 INFO:teuthology.orchestra.run.smithi152.stdout:/usr/bin/ceph: stderr
2024-04-02T04:49:51.869+0000 7fcceed9d700 1 --2- >> [v2:172.21.15.152:3300/0,v1:172.21.15.152:6789/0] conn(0x7fccf0076b60 0x7fccf0105540 unknown :-1 s=HELLO_CONNECTING pgs=0 cs=0 l=0 rev1=1 crypto rx=0 tx=0 comp rx=0 tx=0).handle_hello peer v2:172.21.15.152:3300/0 says I am v2:172.21.15.152:44110/0 (socket says 172.21.15.152:44110)
2024-04-02T04:49:52.650 INFO:teuthology.orchestra.run.smithi152.stdout:/usr/bin/ceph: stderr
2024-04-02T04:49:51.869+0000 7fcceed9d700 1 -- 172.21.15.152:0/2418032145 learned_addr learned my addr 172.21.15.152:0/2418032145 (peer_addr_for_me v2:172.21.15.152:0/0)
2024-04-02T04:49:52.650 INFO:teuthology.orchestra.run.smithi152.stdout:/usr/bin/ceph: stderr
2024-04-02T04:49:51.869+0000 7fcceed9d700 1 -- 172.21.15.152:0/2418032145 --> [v2:172.21.15.152:3300/0,v1:172.21.15.152:6789/0] -- mon_subscribe({config=0+,monmap=0+}) v3 -- 0x7fccf0105a80 con 0x7fccf0076b60
2024-04-02T04:49:52.650 INFO:teuthology.orchestra.run.smithi152.stdout:/usr/bin/ceph: stderr
2024-04-02T04:49:51.869+0000 7fcceed9d700 1 --2- 172.21.15.152:0/2418032145 >> [v2:172.21.15.152:3300/0,v1:172.21.15.152:6789/0] conn(0x7fccf0076b60 0x7fccf0105540 secure :-1 s=READY pgs=59 cs=0 l=1 rev1=1 crypto rx=0x7fcce00098e0 tx=0x7fcce0009250 comp rx=0 tx=0).ready entity=mon.0 client_cookie=ee62b59ceb7b9d0b server_cookie=0 in_seq=0 out_seq=0
2024-04-02T04:49:52.650 INFO:teuthology.orchestra.run.smithi152.stdout:/usr/bin/ceph: stderr
2024-04-02T04:49:51.870+0000 7fccedd9b700 1 -- 172.21.15.152:0/2418032145 <== mon.0 v2:172.21.15.152:3300/0 1 ==== mon_map magic: 0 v1 ==== 229+0+0 (secure 0 0 0) 0x7fcce000b860 con 0x7fccf0076b60
2024-04-02T04:49:52.650 INFO:teuthology.orchestra.run.smithi152.stdout:/usr/bin/ceph: stderr
2024-04-02T04:49:51.870+0000 7fccedd9b700 1 -- 172.21.15.152:0/2418032145 <== mon.0 v2:172.21.15.152:3300/0 2 ==== config(27 keys) v1 ==== 1109+0+0 (secure 0 0 0) 0x7fcce000be90 con 0x7fccf0076b60
2024-04-02T04:49:52.650 INFO:teuthology.orchestra.run.smithi152.stdout:/usr/bin/ceph: stderr
2024-04-02T04:49:51.870+0000 7fccedd9b700 1 -- 172.21.15.152:0/2418032145 <== mon.0 v2:172.21.15.152:3300/0 3 ==== mon_map magic: 0 v1 ==== 229+0+0 (secure 0 0 0) 0x7fcce00103c0 con 0x7fccf0076b60
2024-04-02T04:49:52.650 INFO:teuthology.orchestra.run.smithi152.stdout:/usr/bin/ceph: stderr
2024-04-02T04:49:51.870+0000 7fccf50fd700 1 -- 172.21.15.152:0/2418032145 >> [v2:172.21.15.152:3300/0,v1:172.21.15.152:6789/0] conn(0x7fccf0076b60 msgr2=0x7fccf0105540 secure :-1 s=STATE_CONNECTION_ESTABLISHED l=1).mark_down
2024-04-02T04:49:52.650 INFO:teuthology.orchestra.run.smithi152.stdout:/usr/bin/ceph: stderr
2024-04-02T04:49:51.870+0000 7fccf50fd700 1 --2- 172.21.15.152:0/2418032145 >> [v2:172.21.15.152:3300/0,v1:172.21.15.152:6789/0] conn(0x7fccf0076b60 0x7fccf0105540 secure :-1 s=READY pgs=59 cs=0 l=1 rev1=1 crypto rx=0x7fcce00098e0 tx=0x7fcce0009250 comp rx=0 tx=0).stop
2024-04-02T04:49:52.650 INFO:teuthology.orchestra.run.smithi152.stdout:/usr/bin/ceph: stderr
2024-04-02T04:49:51.870+0000 7fccf50fd700 1 -- 172.21.15.152:0/2418032145 shutdown_connections
2024-04-02T04:49:52.650 INFO:teuthology.orchestra.run.smithi152.stdout:/usr/bin/ceph: stderr
2024-04-02T04:49:51.870+0000 7fccf50fd700 1 --2- 172.21.15.152:0/2418032145 >> [v2:172.21.15.152:3300/0,v1:172.21.15.152:6789/0] conn(0x7fccf0076b60 0x7fccf0105540 unknown :-1 s=CLOSED pgs=59 cs=0 l=1 rev1=1 crypto rx=0 tx=0 comp rx=0 tx=0).stop
2024-04-02T04:49:52.650 INFO:teuthology.orchestra.run.smithi152.stdout:/usr/bin/ceph: stderr
2024-04-02T04:49:51.870+0000 7fccf50fd700 1 -- 172.21.15.152:0/2418032145 >> 172.21.15.152:0/2418032145 conn(0x7fccf00fcf90 msgr2=0x7fccf00ff3e0 unknown :-1 s=STATE_NONE l=0).mark_down
2024-04-02T04:49:52.650 INFO:teuthology.orchestra.run.smithi152.stdout:/usr/bin/ceph: stderr
2024-04-02T04:49:51.870+0000 7fccf50fd700 1 -- 172.21.15.152:0/2418032145 shutdown_connections
2024-04-02T04:49:52.650 INFO:teuthology.orchestra.run.smithi152.stdout:/usr/bin/ceph: stderr
2024-04-02T04:49:51.870+0000 7fccf50fd700 1 -- 172.21.15.152:0/2418032145 wait complete.
2024-04-02T04:49:52.651 INFO:teuthology.orchestra.run.smithi152.stdout:/usr/bin/ceph: stderr
2024-04-02T04:49:51.871+0000 7fccf50fd700 1 Processor -- start
2024-04-02T04:49:52.651 INFO:teuthology.orchestra.run.smithi152.stdout:/usr/bin/ceph: stderr
2024-04-02T04:49:51.871+0000 7fccf50fd700 1 -- start start
2024-04-02T04:49:52.651 INFO:teuthology.orchestra.run.smithi152.stdout:/usr/bin/ceph: stderr
2024-04-02T04:49:51.871+0000 7fccf50fd700 1 --2- >> [v2:172.21.15.152:3300/0,v1:172.21.15.152:6789/0] conn(0x7fccf0076b60 0x7fccf0102e90 unknown :-1 s=NONE pgs=0 cs=0 l=1 rev1=0 crypto rx=0 tx=0 comp rx=0 tx=0).connect
2024-04-02T04:49:52.651 INFO:teuthology.orchestra.run.smithi152.stdout:/usr/bin/ceph: stderr
2024-04-02T04:49:51.871+0000 7fccf50fd700 1 -- --> [v2:172.21.15.152:3300/0,v1:172.21.15.152:6789/0] -- mon_getmap magic: 0 v1 -- 0x7fccf01033d0 con 0x7fccf0076b60
2024-04-02T04:49:52.651 INFO:teuthology.orchestra.run.smithi152.stdout:/usr/bin/ceph: stderr
2024-04-02T04:49:51.871+0000 7fcceed9d700 1 --2- >> [v2:172.21.15.152:3300/0,v1:172.21.15.152:6789/0] conn(0x7fccf0076b60 0x7fccf0102e90 unknown :-1 s=BANNER_CONNECTING pgs=0 cs=0 l=1 rev1=0 crypto rx=0 tx=0 comp rx=0 tx=0)._handle_peer_banner_payload supported=3 required=0
2024-04-02T04:49:52.651 INFO:teuthology.orchestra.run.smithi152.stdout:/usr/bin/ceph: stderr
2024-04-02T04:49:51.871+0000 7fcceed9d700 1 --2- >> [v2:172.21.15.152:3300/0,v1:172.21.15.152:6789/0] conn(0x7fccf0076b60 0x7fccf0102e90 unknown :-1 s=HELLO_CONNECTING pgs=0 cs=0 l=1 rev1=1 crypto rx=0 tx=0 comp rx=0 tx=0).handle_hello peer v2:172.21.15.152:3300/0 says I am v2:172.21.15.152:44112/0 (socket says 172.21.15.152:44112)
2024-04-02T04:49:52.651 INFO:teuthology.orchestra.run.smithi152.stdout:/usr/bin/ceph: stderr
2024-04-02T04:49:51.871+0000 7fcceed9d700 1 -- 172.21.15.152:0/1575944484 learned_addr learned my addr 172.21.15.152:0/1575944484 (peer_addr_for_me v2:172.21.15.152:0/0)
2024-04-02T04:49:52.651 INFO:teuthology.orchestra.run.smithi152.stdout:/usr/bin/ceph: stderr
2024-04-02T04:49:51.871+0000 7fcceed9d700 1 -- 172.21.15.152:0/1575944484 --> [v2:172.21.15.152:3300/0,v1:172.21.15.152:6789/0] -- mon_subscribe({config=0+,monmap=0+}) v3 -- 0x7fcce00094f0 con 0x7fccf0076b60
2024-04-02T04:49:52.651 INFO:teuthology.orchestra.run.smithi152.stdout:/usr/bin/ceph: stderr
2024-04-02T04:49:51.872+0000 7fcceed9d700 1 --2- 172.21.15.152:0/1575944484 >> [v2:172.21.15.152:3300/0,v1:172.21.15.152:6789/0] conn(0x7fccf0076b60 0x7fccf0102e90 secure :-1 s=READY pgs=60 cs=0 l=1 rev1=1 crypto rx=0x7fcce0006d40 tx=0x7fcce0009250 comp rx=0 tx=0).ready entity=mon.0 client_cookie=0 server_cookie=0 in_seq=0 out_seq=0
2024-04-02T04:49:52.651 INFO:teuthology.orchestra.run.smithi152.stdout:/usr/bin/ceph: stderr
2024-04-02T04:49:51.875+0000 7fccd77fe700 1 -- 172.21.15.152:0/1575944484 <== mon.0 v2:172.21.15.152:3300/0 1 ==== mon_map magic: 0 v1 ==== 229+0+0 (secure 0 0 0) 0x7fcce0010840 con 0x7fccf0076b60
2024-04-02T04:49:52.651 INFO:teuthology.orchestra.run.smithi152.stdout:/usr/bin/ceph: stderr
2024-04-02T04:49:51.875+0000 7fccd77fe700 1 -- 172.21.15.152:0/1575944484 <== mon.0 v2:172.21.15.152:3300/0 2 ==== config(27 keys) v1 ==== 1109+0+0 (secure 0 0 0) 0x7fcce0010e70 con 0x7fccf0076b60
2024-04-02T04:49:52.651 INFO:teuthology.orchestra.run.smithi152.stdout:/usr/bin/ceph: stderr
2024-04-02T04:49:51.876+0000 7fccf50fd700 1 -- 172.21.15.152:0/1575944484 --> [v2:172.21.15.152:3300/0,v1:172.21.15.152:6789/0] -- mon_subscribe({mgrmap=0+}) v3 -- 0x7fccf0101440 con 0x7fccf0076b60
2024-04-02T04:49:52.651 INFO:teuthology.orchestra.run.smithi152.stdout:/usr/bin/ceph: stderr
2024-04-02T04:49:51.876+0000 7fccd77fe700 1 -- 172.21.15.152:0/1575944484 <== mon.0 v2:172.21.15.152:3300/0 3 ==== mon_map magic: 0 v1 ==== 229+0+0 (secure 0 0 0) 0x7fcce0024ea0 con 0x7fccf0076b60
2024-04-02T04:49:52.651 INFO:teuthology.orchestra.run.smithi152.stdout:/usr/bin/ceph: stderr
2024-04-02T04:49:51.876+0000 7fccf50fd700 1 -- 172.21.15.152:0/1575944484 --> [v2:172.21.15.152:3300/0,v1:172.21.15.152:6789/0] -- mon_subscribe({osdmap=0}) v3 -- 0x7fccf0101930 con 0x7fccf0076b60
2024-04-02T04:49:52.651 INFO:teuthology.orchestra.run.smithi152.stdout:/usr/bin/ceph: stderr
2024-04-02T04:49:51.876+0000 7fccf50fd700 1 -- 172.21.15.152:0/1575944484 --> [v2:172.21.15.152:3300/0,v1:172.21.15.152:6789/0] -- mon_command({"prefix": "get_command_descriptions"} v 0) v1 -- 0x7fccf004bed0 con 0x7fccf0076b60
2024-04-02T04:49:52.652 INFO:teuthology.orchestra.run.smithi152.stdout:/usr/bin/ceph: stderr
2024-04-02T04:49:51.877+0000 7fccd77fe700 1 -- 172.21.15.152:0/1575944484 <== mon.0 v2:172.21.15.152:3300/0 4 ==== mgrmap(e 8) v1 ==== 43368+0+0 (secure 0 0 0) 0x7fcce001a510 con 0x7fccf0076b60
2024-04-02T04:49:52.652 INFO:teuthology.orchestra.run.smithi152.stdout:/usr/bin/ceph: stderr
2024-04-02T04:49:51.877+0000 7fccd77fe700 1 --2- 172.21.15.152:0/1575944484 >> [v2:172.21.15.152:6800/3544077480,v1:172.21.15.152:6801/3544077480] conn(0x7fccd8036740 0x7fccd8038bf0 unknown :-1 s=NONE pgs=0 cs=0 l=1 rev1=0 crypto rx=0 tx=0 comp rx=0 tx=0).connect
2024-04-02T04:49:52.652 INFO:teuthology.orchestra.run.smithi152.stdout:/usr/bin/ceph: stderr
2024-04-02T04:49:51.877+0000 7fccd77fe700 1 -- 172.21.15.152:0/1575944484 <== mon.0 v2:172.21.15.152:3300/0 5 ==== osd_map(2..2 src has 1..2) v4 ==== 936+0+0 (secure 0 0 0) 0x7fcce004a870 con 0x7fccf0076b60
2024-04-02T04:49:52.652 INFO:teuthology.orchestra.run.smithi152.stdout:/usr/bin/ceph: stderr
2024-04-02T04:49:51.877+0000 7fccee59c700 1 --2- 172.21.15.152:0/1575944484 >> [v2:172.21.15.152:6800/3544077480,v1:172.21.15.152:6801/3544077480] conn(0x7fccd8036740 0x7fccd8038bf0 unknown :-1 s=BANNER_CONNECTING pgs=0 cs=0 l=1 rev1=0 crypto rx=0 tx=0 comp rx=0 tx=0)._handle_peer_banner_payload supported=3 required=0
2024-04-02T04:49:52.652 INFO:teuthology.orchestra.run.smithi152.stdout:/usr/bin/ceph: stderr
2024-04-02T04:49:51.877+0000 7fccee59c700 1 --2- 172.21.15.152:0/1575944484 >> [v2:172.21.15.152:6800/3544077480,v1:172.21.15.152:6801/3544077480] conn(0x7fccd8036740 0x7fccd8038bf0 secure :-1 s=READY pgs=19 cs=0 l=1 rev1=1 crypto rx=0x7fcce4009990 tx=0x7fcce4006e40 comp rx=0 tx=0).ready entity=mgr.14118 client_cookie=0 server_cookie=0 in_seq=0 out_seq=0
2024-04-02T04:49:52.652 INFO:teuthology.orchestra.run.smithi152.stdout:/usr/bin/ceph: stderr
2024-04-02T04:49:51.881+0000 7fccd77fe700 1 -- 172.21.15.152:0/1575944484 <== mon.0 v2:172.21.15.152:3300/0 6 ==== mon_command_ack([{"prefix": "get_command_descriptions"}]=0 v0) v1 ==== 72+0+176504 (secure 0 0 0) 0x7fcce0018530 con 0x7fccf0076b60
2024-04-02T04:49:52.652 INFO:teuthology.orchestra.run.smithi152.stdout:/usr/bin/ceph: stderr
2024-04-02T04:49:52.066+0000 7fccf50fd700 1 -- 172.21.15.152:0/1575944484 --> [v2:172.21.15.152:3300/0,v1:172.21.15.152:6789/0] -- mon_command([{prefix=config set, name=mgr/cephadm/container_init}] v 0) v1 -- 0x7fccf01068c0 con 0x7fccf0076b60
