2024-04-02T05:05:33.451 INFO:teuthology.orchestra.run.smithi017.stdout:/usr/bin/ceph: stderr
2024-04-02T05:05:32.711+0000 7f2de77fe700 1 -- 172.21.15.17:0/301661622 <== mon.0 v2:172.21.15.17:3300/0 3 ==== mon_map magic: 0 ==== 205+0+0 (secure 0 0 0) 0x7f2dec0248a0 con 0x7f2df0106d10
2024-04-02T05:05:33.451 INFO:teuthology.orchestra.run.smithi017.stdout:/usr/bin/ceph: stderr
2024-04-02T05:05:32.711+0000 7f2df8293700 1 -- 172.21.15.17:0/301661622 --> [v2:172.21.15.17:3300/0,v1:172.21.15.17:6789/0] -- mon_subscribe({osdmap=0}) -- 0x7f2df019d610 con 0x7f2df0106d10
2024-04-02T05:05:33.451 INFO:teuthology.orchestra.run.smithi017.stdout:/usr/bin/ceph: stderr
2024-04-02T05:05:32.711+0000 7f2de77fe700 1 -- 172.21.15.17:0/301661622 <== mon.0 v2:172.21.15.17:3300/0 4 ==== mgrmap(e 1) ==== 807+0+0 (secure 0 0 0) 0x7f2dec022020 con 0x7f2df0106d10
2024-04-02T05:05:33.451 INFO:teuthology.orchestra.run.smithi017.stdout:/usr/bin/ceph: stderr
2024-04-02T05:05:32.711+0000 7f2de77fe700 1 -- 172.21.15.17:0/301661622 <== mon.0 v2:172.21.15.17:3300/0 5 ==== osd_map(1..1 src has 1..1) ==== 725+0+0 (secure 0 0 0) 0x7f2dec0193c0 con 0x7f2df0106d10
2024-04-02T05:05:33.452 INFO:teuthology.orchestra.run.smithi017.stdout:/usr/bin/ceph: stderr
2024-04-02T05:05:32.711+0000 7f2df8293700 1 -- 172.21.15.17:0/301661622 --> [v2:172.21.15.17:3300/0,v1:172.21.15.17:6789/0] -- mon_command({"prefix": "get_command_descriptions"} v 0) -- 0x7f2df0063870 con 0x7f2df0106d10
2024-04-02T05:05:33.452 INFO:teuthology.orchestra.run.smithi017.stdout:/usr/bin/ceph: stderr
2024-04-02T05:05:32.715+0000 7f2de77fe700 1 -- 172.21.15.17:0/301661622 <== mon.0 v2:172.21.15.17:3300/0 6 ==== mon_command_ack([{"prefix": "get_command_descriptions"}]=0 v0) ==== 72+0+73141 (secure 0 0 0) 0x7f2dec042dd0 con 0x7f2df0106d10
2024-04-02T05:05:33.452 INFO:teuthology.orchestra.run.smithi017.stdout:/usr/bin/ceph: stderr
2024-04-02T05:05:32.851+0000 7f2df8293700 1 -- 172.21.15.17:0/301661622 --> [v2:172.21.15.17:3300/0,v1:172.21.15.17:6789/0] -- mon_command({"prefix": "status", "format": "json-pretty"} v 0) -- 0x7f2df019d9f0 con 0x7f2df0106d10
2024-04-02T05:05:33.452 INFO:teuthology.orchestra.run.smithi017.stdout:/usr/bin/ceph: stderr
2024-04-02T05:05:32.851+0000 7f2de77fe700 1 -- 172.21.15.17:0/301661622 <== mon.0 v2:172.21.15.17:3300/0 7 ==== mon_command_ack([{"prefix": "status", "format": "json-pretty"}]=0 v0) ==== 79+0+1240 (secure 0 0 0) 0x7f2dec031020 con 0x7f2df0106d10
2024-04-02T05:05:33.452 INFO:teuthology.orchestra.run.smithi017.stdout:/usr/bin/ceph: stderr
2024-04-02T05:05:32.851+0000 7f2df8293700 1 -- 172.21.15.17:0/301661622 >> [v2:172.21.15.17:3300/0,v1:172.21.15.17:6789/0] conn(0x7f2df0106d10 msgr2=0x7f2df019a150 secure :-1 s=STATE_CONNECTION_ESTABLISHED l=1).mark_down
2024-04-02T05:05:33.452 INFO:teuthology.orchestra.run.smithi017.stdout:/usr/bin/ceph: stderr
2024-04-02T05:05:32.851+0000 7f2df8293700 1 --2- 172.21.15.17:0/301661622 >> [v2:172.21.15.17:3300/0,v1:172.21.15.17:6789/0] conn(0x7f2df0106d10 0x7f2df019a150 secure :-1 s=READY pgs=10 cs=0 l=1 rev1=1 crypto rx=0x7f2dec011700 tx=0x7f2dec011ae0 comp rx=0 tx=0).stop
2024-04-02T05:05:33.452 INFO:teuthology.orchestra.run.smithi017.stdout:/usr/bin/ceph: stderr
2024-04-02T05:05:32.851+0000 7f2df8293700 1 -- 172.21.15.17:0/301661622 shutdown_connections
2024-04-02T05:05:33.452 INFO:teuthology.orchestra.run.smithi017.stdout:/usr/bin/ceph: stderr
2024-04-02T05:05:32.851+0000 7f2df8293700 1 --2- 172.21.15.17:0/301661622 >> [v2:172.21.15.17:3300/0,v1:172.21.15.17:6789/0] conn(0x7f2df0106d10 0x7f2df019a150 unknown :-1 s=CLOSED pgs=10 cs=0 l=1 rev1=1 crypto rx=0 tx=0 comp rx=0 tx=0).stop
2024-04-02T05:05:33.452 INFO:teuthology.orchestra.run.smithi017.stdout:/usr/bin/ceph: stderr
2024-04-02T05:05:32.851+0000 7f2df8293700 1 -- 172.21.15.17:0/301661622 >> 172.21.15.17:0/301661622 conn(0x7f2df0100740 msgr2=0x7f2df01011e0 unknown :-1 s=STATE_NONE l=0).mark_down
2024-04-02T05:05:33.452 INFO:teuthology.orchestra.run.smithi017.stdout:/usr/bin/ceph: stderr
2024-04-02T05:05:32.851+0000 7f2df8293700 1 -- 172.21.15.17:0/301661622 shutdown_connections
2024-04-02T05:05:33.452 INFO:teuthology.orchestra.run.smithi017.stdout:/usr/bin/ceph: stderr
2024-04-02T05:05:32.851+0000 7f2df8293700 1 -- 172.21.15.17:0/301661622 wait complete.
2024-04-02T05:05:33.452 INFO:teuthology.orchestra.run.smithi017.stdout:mgr not available, waiting (3/15)...
2024-04-02T05:05:33.892 INFO:journalctl@ceph.mgr.y.smithi017.stdout:Apr 02 05:05:33 smithi017 bash[21691]: debug
2024-04-02T05:05:33.463+0000 7f2d4337e200 -1 mgr[py] Module prometheus has missing NOTIFY_TYPES member
2024-04-02T05:05:33.892 INFO:journalctl@ceph.mgr.y.smithi017.stdout:Apr 02 05:05:33 smithi017 bash[21691]: debug
2024-04-02T05:05:33.587+0000 7f2d4337e200 -1 mgr[py] Module snap_schedule has missing NOTIFY_TYPES member
2024-04-02T05:05:34.393 INFO:journalctl@ceph.mon.a.smithi017.stdout:Apr 02 05:05:33 smithi017 bash[21439]: cluster
2024-04-02T05:05:33.611509+0000 mon.a (mon.0) 16 : cluster 1 Activating manager daemon y
2024-04-02T05:05:34.393 INFO:journalctl@ceph.mon.a.smithi017.stdout:Apr 02 05:05:33 smithi017 bash[21439]: cluster
2024-04-02T05:05:33.618451+0000 mon.a (mon.0) 17 : cluster 0 mgrmap e2: y(active, starting, since 0.0074411s)
2024-04-02T05:05:34.393 INFO:journalctl@ceph.mon.a.smithi017.stdout:Apr 02 05:05:33 smithi017 bash[21439]: audit
2024-04-02T05:05:33.619460+0000 mon.a (mon.0) 18 : audit 0 from='mgr.14100 172.21.15.17:0/2267246783' entity='mgr.y' cmd=[{"prefix": "mds metadata"}]: dispatch
2024-04-02T05:05:34.393 INFO:journalctl@ceph.mon.a.smithi017.stdout:Apr 02 05:05:33 smithi017 bash[21439]: audit
2024-04-02T05:05:33.619604+0000 mon.a (mon.0) 19 : audit 0 from='mgr.14100 172.21.15.17:0/2267246783' entity='mgr.y' cmd=[{"prefix": "osd metadata"}]: dispatch
2024-04-02T05:05:34.393 INFO:journalctl@ceph.mon.a.smithi017.stdout:Apr 02 05:05:33 smithi017 bash[21439]: audit
2024-04-02T05:05:33.619706+0000 mon.a (mon.0) 20 : audit 0 from='mgr.14100 172.21.15.17:0/2267246783' entity='mgr.y' cmd=[{"prefix": "mon metadata"}]: dispatch
2024-04-02T05:05:34.393 INFO:journalctl@ceph.mon.a.smithi017.stdout:Apr 02 05:05:33 smithi017 bash[21439]: audit
2024-04-02T05:05:33.619835+0000 mon.a (mon.0) 21 : audit 0 from='mgr.14100 172.21.15.17:0/2267246783' entity='mgr.y' cmd=[{"prefix": "mon metadata", "id": "a"}]: dispatch
2024-04-02T05:05:34.393 INFO:journalctl@ceph.mon.a.smithi017.stdout:Apr 02 05:05:33 smithi017 bash[21439]: audit
2024-04-02T05:05:33.620617+0000 mon.a (mon.0) 22 : audit 0 from='mgr.14100 172.21.15.17:0/2267246783' entity='mgr.y' cmd=[{"prefix": "mgr metadata", "who": "y", "id": "y"}]: dispatch
2024-04-02T05:05:34.393 INFO:journalctl@ceph.mon.a.smithi017.stdout:Apr 02 05:05:33 smithi017 bash[21439]: cluster
2024-04-02T05:05:33.626650+0000 mon.a (mon.0) 23 : cluster 1 Manager daemon y is now available
2024-04-02T05:05:34.393 INFO:journalctl@ceph.mon.a.smithi017.stdout:Apr 02 05:05:33 smithi017 bash[21439]: audit
2024-04-02T05:05:33.638822+0000 mon.a (mon.0) 24 : audit 1 from='mgr.14100 172.21.15.17:0/2267246783' entity='mgr.y' cmd=[{"prefix":"config rm","who":"mgr","name":"mgr/rbd_support/y/mirror_snapshot_schedule"}]: dispatch
2024-04-02T05:05:34.393 INFO:journalctl@ceph.mon.a.smithi017.stdout:Apr 02 05:05:33 smithi017 bash[21439]: audit
2024-04-02T05:05:33.641517+0000 mon.a (mon.0) 25 : audit 1 from='mgr.14100 172.21.15.17:0/2267246783' entity='mgr.y' cmd=[{"prefix":"config rm","who":"mgr","name":"mgr/rbd_support/y/trash_purge_schedule"}]: dispatch
2024-04-02T05:05:34.393 INFO:journalctl@ceph.mon.a.smithi017.stdout:Apr 02 05:05:33 smithi017 bash[21439]: audit
2024-04-02T05:05:33.644847+0000 mon.a (mon.0) 26 : audit 1 from='mgr.14100 172.21.15.17:0/2267246783' entity='mgr.y'
2024-04-02T05:05:34.393 INFO:journalctl@ceph.mon.a.smithi017.stdout:Apr 02 05:05:33 smithi017 bash[21439]: audit
2024-04-02T05:05:33.646563+0000 mon.a (mon.0) 27 : audit 1 from='mgr.14100 172.21.15.17:0/2267246783' entity='mgr.y'
2024-04-02T05:05:34.394 INFO:journalctl@ceph.mon.a.smithi017.stdout:Apr 02 05:05:33 smithi017 bash[21439]: audit
2024-04-02T05:05:33.648163+0000 mon.a (mon.0) 28 : audit 1 from='mgr.14100 172.21.15.17:0/2267246783' entity='mgr.y'
2024-04-02T05:05:35.892 INFO:journalctl@ceph.mon.a.smithi017.stdout:Apr 02 05:05:35 smithi017 bash[21439]: cluster
2024-04-02T05:05:34.627228+0000 mon.a (mon.0) 29 : cluster 0 mgrmap e3: y(active, since 1.01622s)
2024-04-02T05:05:37.542 INFO:teuthology.orchestra.run.smithi017.stdout:/usr/bin/ceph: stdout
2024-04-02T05:05:37.542 INFO:teuthology.orchestra.run.smithi017.stdout:/usr/bin/ceph: stdout {
2024-04-02T05:05:37.542 INFO:teuthology.orchestra.run.smithi017.stdout:/usr/bin/ceph: stdout "fsid": "6ffebb14-f0ae-11ee-b647-cb9ed24678a4",
2024-04-02T05:05:37.543 INFO:teuthology.orchestra.run.smithi017.stdout:/usr/bin/ceph: stdout "health": {
2024-04-02T05:05:37.543 INFO:teuthology.orchestra.run.smithi017.stdout:/usr/bin/ceph: stdout "status": "HEALTH_OK",
2024-04-02T05:05:37.543 INFO:teuthology.orchestra.run.smithi017.stdout:/usr/bin/ceph: stdout "checks": {},
2024-04-02T05:05:37.543 INFO:teuthology.orchestra.run.smithi017.stdout:/usr/bin/ceph: stdout "mutes": []
2024-04-02T05:05:37.543 INFO:teuthology.orchestra.run.smithi017.stdout:/usr/bin/ceph: stdout },
2024-04-02T05:05:37.545 INFO:teuthology.orchestra.run.smithi017.stdout:/usr/bin/ceph: stdout "election_epoch": 5,
2024-04-02T05:05:37.545 INFO:teuthology.orchestra.run.smithi017.stdout:/usr/bin/ceph: stdout "quorum": [
2024-04-02T05:05:37.545 INFO:teuthology.orchestra.run.smithi017.stdout:/usr/bin/ceph: stdout 0
2024-04-02T05:05:37.545 INFO:teuthology.orchestra.run.smithi017.stdout:/usr/bin/ceph: stdout ],
2024-04-02T05:05:37.545 INFO:teuthology.orchestra.run.smithi017.stdout:/usr/bin/ceph: stdout "quorum_names": [
2024-04-02T05:05:37.545 INFO:teuthology.orchestra.run.smithi017.stdout:/usr/bin/ceph: stdout "a"
2024-04-02T05:05:37.545 INFO:teuthology.orchestra.run.smithi017.stdout:/usr/bin/ceph: stdout ],
2024-04-02T05:05:37.545 INFO:teuthology.orchestra.run.smithi017.stdout:/usr/bin/ceph: stdout "quorum_age": 14,
2024-04-02T05:05:37.545 INFO:teuthology.orchestra.run.smithi017.stdout:/usr/bin/ceph: stdout "monmap": {
2024-04-02T05:05:37.545 INFO:teuthology.orchestra.run.smithi017.stdout:/usr/bin/ceph: stdout "epoch": 1,
2024-04-02T05:05:37.545 INFO:teuthology.orchestra.run.smithi017.stdout:/usr/bin/ceph: stdout "min_mon_release_name": "squid",
2024-04-02T05:05:37.545 INFO:teuthology.orchestra.run.smithi017.stdout:/usr/bin/ceph: stdout "num_mons": 1
2024-04-02T05:05:37.545 INFO:teuthology.orchestra.run.smithi017.stdout:/usr/bin/ceph: stdout },
2024-04-02T05:05:37.545 INFO:teuthology.orchestra.run.smithi017.stdout:/usr/bin/ceph: stdout "osdmap": {
2024-04-02T05:05:37.546 INFO:teuthology.orchestra.run.smithi017.stdout:/usr/bin/ceph: stdout "epoch": 1,
2024-04-02T05:05:37.546 INFO:teuthology.orchestra.run.smithi017.stdout:/usr/bin/ceph: stdout "num_osds": 0,
2024-04-02T05:05:37.546 INFO:teuthology.orchestra.run.smithi017.stdout:/usr/bin/ceph: stdout "num_up_osds": 0,
2024-04-02T05:05:37.546 INFO:teuthology.orchestra.run.smithi017.stdout:/usr/bin/ceph: stdout "osd_up_since": 0,
2024-04-02T05:05:37.554 INFO:teuthology.orchestra.run.smithi017.stdout:/usr/bin/ceph: stdout "num_in_osds": 0,
2024-04-02T05:05:37.554 INFO:teuthology.orchestra.run.smithi017.stdout:/usr/bin/ceph: stdout "osd_in_since": 0,
2024-04-02T05:05:37.554 INFO:teuthology.orchestra.run.smithi017.stdout:/usr/bin/ceph: stdout "num_remapped_pgs": 0
2024-04-02T05:05:37.554 INFO:teuthology.orchestra.run.smithi017.stdout:/usr/bin/ceph: stdout },
2024-04-02T05:05:37.554 INFO:teuthology.orchestra.run.smithi017.stdout:/usr/bin/ceph: stdout "pgmap": {
2024-04-02T05:05:37.554 INFO:teuthology.orchestra.run.smithi017.stdout:/usr/bin/ceph: stdout "pgs_by_state": [],
2024-04-02T05:05:37.554 INFO:teuthology.orchestra.run.smithi017.stdout:/usr/bin/ceph: stdout "num_pgs": 0,
2024-04-02T05:05:37.554 INFO:teuthology.orchestra.run.smithi017.stdout:/usr/bin/ceph: stdout "num_pools": 0,
2024-04-02T05:05:37.554 INFO:teuthology.orchestra.run.smithi017.stdout:/usr/bin/ceph: stdout "num_objects": 0,
2024-04-02T05:05:37.554 INFO:teuthology.orchestra.run.smithi017.stdout:/usr/bin/ceph: stdout "data_bytes": 0,
2024-04-02T05:05:37.554 INFO:teuthology.orchestra.run.smithi017.stdout:/usr/bin/ceph: stdout "bytes_used": 0,
2024-04-02T05:05:37.554 INFO:teuthology.orchestra.run.smithi017.stdout:/usr/bin/ceph: stdout "bytes_avail": 0,
2024-04-02T05:05:37.555 INFO:teuthology.orchestra.run.smithi017.stdout:/usr/bin/ceph: stdout "bytes_total": 0
2024-04-02T05:05:37.555 INFO:teuthology.orchestra.run.smithi017.stdout:/usr/bin/ceph: stdout },
2024-04-02T05:05:37.555 INFO:teuthology.orchestra.run.smithi017.stdout:/usr/bin/ceph: stdout "fsmap": {
2024-04-02T05:05:37.555 INFO:teuthology.orchestra.run.smithi017.stdout:/usr/bin/ceph: stdout "epoch": 1,
2024-04-02T05:05:37.555 INFO:teuthology.orchestra.run.smithi017.stdout:/usr/bin/ceph: stdout "by_rank": [],
2024-04-02T05:05:37.555 INFO:teuthology.orchestra.run.smithi017.stdout:/usr/bin/ceph: stdout "up:standby": 0
2024-04-02T05:05:37.555 INFO:teuthology.orchestra.run.smithi017.stdout:/usr/bin/ceph: stdout },
2024-04-02T05:05:37.555 INFO:teuthology.orchestra.run.smithi017.stdout:/usr/bin/ceph: stdout "mgrmap": {
2024-04-02T05:05:37.555 INFO:teuthology.orchestra.run.smithi017.stdout:/usr/bin/ceph: stdout "available": true,
2024-04-02T05:05:37.555 INFO:teuthology.orchestra.run.smithi017.stdout:/usr/bin/ceph: stdout "num_standbys": 0,
2024-04-02T05:05:37.555 INFO:teuthology.orchestra.run.smithi017.stdout:/usr/bin/ceph: stdout "modules": [
2024-04-02T05:05:37.555 INFO:teuthology.orchestra.run.smithi017.stdout:/usr/bin/ceph: stdout "iostat",
2024-04-02T05:05:37.555 INFO:teuthology.orchestra.run.smithi017.stdout:/usr/bin/ceph: stdout "nfs",
2024-04-02T05:05:37.555 INFO:teuthology.orchestra.run.smithi017.stdout:/usr/bin/ceph: stdout "restful"
2024-04-02T05:05:37.555 INFO:teuthology.orchestra.run.smithi017.stdout:/usr/bin/ceph: stdout ],
2024-04-02T05:05:37.555 INFO:teuthology.orchestra.run.smithi017.stdout:/usr/bin/ceph: stdout "services": {}
2024-04-02T05:05:37.556 INFO:teuthology.orchestra.run.smithi017.stdout:/usr/bin/ceph: stdout },
2024-04-02T05:05:37.556 INFO:teuthology.orchestra.run.smithi017.stdout:/usr/bin/ceph: stdout "servicemap": {
2024-04-02T05:05:37.556 INFO:teuthology.orchestra.run.smithi017.stdout:/usr/bin/ceph: stdout "epoch": 1,
2024-04-02T05:05:37.556 INFO:teuthology.orchestra.run.smithi017.stdout:/usr/bin/ceph: stdout "modified": "2024-04-02T05:05:17.023520+0000",
2024-04-02T05:05:37.556 INFO:teuthology.orchestra.run.smithi017.stdout:/usr/bin/ceph: stdout "services": {}
2024-04-02T05:05:37.556 INFO:teuthology.orchestra.run.smithi017.stdout:/usr/bin/ceph: stdout },
2024-04-02T05:05:37.556 INFO:teuthology.orchestra.run.smithi017.stdout:/usr/bin/ceph: stdout "progress_events": {}
2024-04-02T05:05:37.556 INFO:teuthology.orchestra.run.smithi017.stdout:/usr/bin/ceph: stdout }
2024-04-02T05:05:37.556 INFO:teuthology.orchestra.run.smithi017.stdout:/usr/bin/ceph: stderr
2024-04-02T05:05:36.411+0000 7f40cb8d4700 1 Processor -- start
2024-04-02T05:05:37.556 INFO:teuthology.orchestra.run.smithi017.stdout:/usr/bin/ceph: stderr
2024-04-02T05:05:36.411+0000 7f40cb8d4700 1 -- start start
2024-04-02T05:05:37.556 INFO:teuthology.orchestra.run.smithi017.stdout:/usr/bin/ceph: stderr
2024-04-02T05:05:36.411+0000 7f40cb8d4700 1 --2- >> [v2:172.21.15.17:3300/0,v1:172.21.15.17:6789/0] conn(0x7f40c4104b70 0x7f40c4104f90 unknown :-1 s=NONE pgs=0 cs=0 l=0 rev1=0 crypto rx=0 tx=0 comp rx=0 tx=0).connect
2024-04-02T05:05:37.556 INFO:teuthology.orchestra.run.smithi017.stdout:/usr/bin/ceph: stderr
2024-04-02T05:05:36.411+0000 7f40cb8d4700 1 -- --> [v2:172.21.15.17:3300/0,v1:172.21.15.17:6789/0] -- mon_getmap magic: 0 -- 0x7f40c4079f50 con 0x7f40c4104b70
2024-04-02T05:05:37.556 INFO:teuthology.orchestra.run.smithi017.stdout:/usr/bin/ceph: stderr
2024-04-02T05:05:36.411+0000 7f40c9670700 1 --2- >> [v2:172.21.15.17:3300/0,v1:172.21.15.17:6789/0] conn(0x7f40c4104b70 0x7f40c4104f90 unknown :-1 s=BANNER_CONNECTING pgs=0 cs=0 l=0 rev1=0 crypto rx=0 tx=0 comp rx=0 tx=0)._handle_peer_banner_payload supported=3 required=0
2024-04-02T05:05:37.556 INFO:teuthology.orchestra.run.smithi017.stdout:/usr/bin/ceph: stderr
2024-04-02T05:05:36.411+0000 7f40c9670700 1 --2- >> [v2:172.21.15.17:3300/0,v1:172.21.15.17:6789/0] conn(0x7f40c4104b70 0x7f40c4104f90 unknown :-1 s=HELLO_CONNECTING pgs=0 cs=0 l=0 rev1=1 crypto rx=0 tx=0 comp rx=0 tx=0).handle_hello peer v2:172.21.15.17:3300/0 says I am v2:172.21.15.17:40346/0 (socket says 172.21.15.17:40346)
2024-04-02T05:05:37.556 INFO:teuthology.orchestra.run.smithi017.stdout:/usr/bin/ceph: stderr
2024-04-02T05:05:36.411+0000 7f40c9670700 1 -- 172.21.15.17:0/1271242454 learned_addr learned my addr 172.21.15.17:0/1271242454 (peer_addr_for_me v2:172.21.15.17:0/0)
2024-04-02T05:05:37.556 INFO:teuthology.orchestra.run.smithi017.stdout:/usr/bin/ceph: stderr
2024-04-02T05:05:36.411+0000 7f40c9670700 1 -- 172.21.15.17:0/1271242454 --> [v2:172.21.15.17:3300/0,v1:172.21.15.17:6789/0] -- mon_subscribe({config=0+,monmap=0+}) -- 0x7f40c41054d0 con 0x7f40c4104b70
2024-04-02T05:05:37.556 INFO:teuthology.orchestra.run.smithi017.stdout:/usr/bin/ceph: stderr
2024-04-02T05:05:36.411+0000 7f40c9670700 1 --2- 172.21.15.17:0/1271242454 >> [v2:172.21.15.17:3300/0,v1:172.21.15.17:6789/0] conn(0x7f40c4104b70 0x7f40c4104f90 secure :-1 s=READY pgs=18 cs=0 l=1 rev1=1 crypto rx=0x7f40b80098a0 tx=0x7f40b8009bb0 comp rx=0 tx=0).ready entity=mon.0 client_cookie=e1164a72f88dd59d server_cookie=0 in_seq=0 out_seq=0
2024-04-02T05:05:37.557 INFO:teuthology.orchestra.run.smithi017.stdout:/usr/bin/ceph: stderr
2024-04-02T05:05:36.411+0000 7f40b7fff700 1 -- 172.21.15.17:0/1271242454 <== mon.0 v2:172.21.15.17:3300/0 1 ==== mon_map magic: 0 ==== 205+0+0 (secure 0 0 0) 0x7f40b8004160 con 0x7f40c4104b70
2024-04-02T05:05:37.557 INFO:teuthology.orchestra.run.smithi017.stdout:/usr/bin/ceph: stderr
2024-04-02T05:05:36.411+0000 7f40b7fff700 1 -- 172.21.15.17:0/1271242454 <== mon.0 v2:172.21.15.17:3300/0 2 ==== config(26 keys) ==== 1062+0+0 (secure 0 0 0) 0x7f40b8004300 con 0x7f40c4104b70
2024-04-02T05:05:37.557 INFO:teuthology.orchestra.run.smithi017.stdout:/usr/bin/ceph: stderr
2024-04-02T05:05:36.411+0000 7f40b7fff700 1 -- 172.21.15.17:0/1271242454 <== mon.0 v2:172.21.15.17:3300/0 3 ==== mon_map magic: 0 ==== 205+0+0 (secure 0 0 0) 0x7f40b8011a60 con 0x7f40c4104b70
2024-04-02T05:05:37.557 INFO:teuthology.orchestra.run.smithi017.stdout:/usr/bin/ceph: stderr
2024-04-02T05:05:36.411+0000 7f40cb8d4700 1 -- 172.21.15.17:0/1271242454 >> [v2:172.21.15.17:3300/0,v1:172.21.15.17:6789/0] conn(0x7f40c4104b70 msgr2=0x7f40c4104f90 secure :-1 s=STATE_CONNECTION_ESTABLISHED l=1).mark_down
2024-04-02T05:05:37.557 INFO:teuthology.orchestra.run.smithi017.stdout:/usr/bin/ceph: stderr
2024-04-02T05:05:36.415+0000 7f40cb8d4700 1 --2- 172.21.15.17:0/1271242454 >> [v2:172.21.15.17:3300/0,v1:172.21.15.17:6789/0] conn(0x7f40c4104b70 0x7f40c4104f90 secure :-1 s=READY pgs=18 cs=0 l=1 rev1=1 crypto rx=0x7f40b80098a0 tx=0x7f40b8009bb0 comp rx=0 tx=0).stop
2024-04-02T05:05:37.557 INFO:teuthology.orchestra.run.smithi017.stdout:/usr/bin/ceph: stderr
2024-04-02T05:05:36.415+0000 7f40cb8d4700 1 -- 172.21.15.17:0/1271242454 shutdown_connections
2024-04-02T05:05:37.557 INFO:teuthology.orchestra.run.smithi017.stdout:/usr/bin/ceph: stderr
2024-04-02T05:05:36.415+0000 7f40cb8d4700 1 --2- 172.21.15.17:0/1271242454 >> [v2:172.21.15.17:3300/0,v1:172.21.15.17:6789/0] conn(0x7f40c4104b70 0x7f40c4104f90 unknown :-1 s=CLOSED pgs=18 cs=0 l=1 rev1=1 crypto rx=0 tx=0 comp rx=0 tx=0).stop
2024-04-02T05:05:37.557 INFO:teuthology.orchestra.run.smithi017.stdout:/usr/bin/ceph: stderr
2024-04-02T05:05:36.415+0000 7f40cb8d4700 1 -- 172.21.15.17:0/1271242454 >> 172.21.15.17:0/1271242454 conn(0x7f40c4100730 msgr2=0x7f40c4102b50 unknown :-1 s=STATE_NONE l=0).mark_down
2024-04-02T05:05:37.557 INFO:teuthology.orchestra.run.smithi017.stdout:/usr/bin/ceph: stderr
2024-04-02T05:05:36.415+0000 7f40cb8d4700 1 -- 172.21.15.17:0/1271242454 shutdown_connections
2024-04-02T05:05:37.557 INFO:teuthology.orchestra.run.smithi017.stdout:/usr/bin/ceph: stderr
2024-04-02T05:05:36.415+0000 7f40cb8d4700 1 -- 172.21.15.17:0/1271242454 wait complete.
2024-04-02T05:05:37.557 INFO:teuthology.orchestra.run.smithi017.stdout:/usr/bin/ceph: stderr
2024-04-02T05:05:36.415+0000 7f40cb8d4700 1 Processor -- start
2024-04-02T05:05:37.557 INFO:teuthology.orchestra.run.smithi017.stdout:/usr/bin/ceph: stderr
2024-04-02T05:05:36.415+0000 7f40cb8d4700 1 -- start start
2024-04-02T05:05:37.557 INFO:teuthology.orchestra.run.smithi017.stdout:/usr/bin/ceph: stderr
2024-04-02T05:05:36.415+0000 7f40cb8d4700 1 --2- >> [v2:172.21.15.17:3300/0,v1:172.21.15.17:6789/0] conn(0x7f40c4104b70 0x7f40c419c370 unknown :-1 s=NONE pgs=0 cs=0 l=1 rev1=0 crypto rx=0 tx=0 comp rx=0 tx=0).connect
2024-04-02T05:05:37.557 INFO:teuthology.orchestra.run.smithi017.stdout:/usr/bin/ceph: stderr
2024-04-02T05:05:36.415+0000 7f40cb8d4700 1 -- --> [v2:172.21.15.17:3300/0,v1:172.21.15.17:6789/0] -- mon_getmap magic: 0 -- 0x7f40c4106500 con 0x7f40c4104b70
2024-04-02T05:05:37.557 INFO:teuthology.orchestra.run.smithi017.stdout:/usr/bin/ceph: stderr
2024-04-02T05:05:36.415+0000 7f40c9670700 1 --2- >> [v2:172.21.15.17:3300/0,v1:172.21.15.17:6789/0] conn(0x7f40c4104b70 0x7f40c419c370 unknown :-1 s=BANNER_CONNECTING pgs=0 cs=0 l=1 rev1=0 crypto rx=0 tx=0 comp rx=0 tx=0)._handle_peer_banner_payload supported=3 required=0
2024-04-02T05:05:37.557 INFO:teuthology.orchestra.run.smithi017.stdout:/usr/bin/ceph: stderr
2024-04-02T05:05:36.415+0000 7f40c9670700 1 --2- >> [v2:172.21.15.17:3300/0,v1:172.21.15.17:6789/0] conn(0x7f40c4104b70 0x7f40c419c370 unknown :-1 s=HELLO_CONNECTING pgs=0 cs=0 l=1 rev1=1 crypto rx=0 tx=0 comp rx=0 tx=0).handle_hello peer v2:172.21.15.17:3300/0 says I am v2:172.21.15.17:40356/0 (socket says 172.21.15.17:40356)
2024-04-02T05:05:37.557 INFO:teuthology.orchestra.run.smithi017.stdout:/usr/bin/ceph: stderr
2024-04-02T05:05:36.415+0000 7f40c9670700 1 -- 172.21.15.17:0/472028758 learned_addr learned my addr 172.21.15.17:0/472028758 (peer_addr_for_me v2:172.21.15.17:0/0)
2024-04-02T05:05:37.558 INFO:teuthology.orchestra.run.smithi017.stdout:/usr/bin/ceph: stderr
2024-04-02T05:05:36.415+0000 7f40c9670700 1 -- 172.21.15.17:0/472028758 --> [v2:172.21.15.17:3300/0,v1:172.21.15.17:6789/0] -- mon_subscribe({config=0+,monmap=0+}) -- 0x7f40c419c8b0 con 0x7f40c4104b70
2024-04-02T05:05:37.558 INFO:teuthology.orchestra.run.smithi017.stdout:/usr/bin/ceph: stderr
2024-04-02T05:05:36.415+0000 7f40c9670700 1 --2- 172.21.15.17:0/472028758 >> [v2:172.21.15.17:3300/0,v1:172.21.15.17:6789/0] conn(0x7f40c4104b70 0x7f40c419c370 secure :-1 s=READY pgs=19 cs=0 l=1 rev1=1 crypto rx=0x7f40b8009870 tx=0x7f40b8011ae0 comp rx=0 tx=0).ready entity=mon.0 client_cookie=0 server_cookie=0 in_seq=0 out_seq=0
2024-04-02T05:05:37.558 INFO:teuthology.orchestra.run.smithi017.stdout:/usr/bin/ceph: stderr
2024-04-02T05:05:36.415+0000 7f40b67fc700 1 -- 172.21.15.17:0/472028758 <== mon.0 v2:172.21.15.17:3300/0 1 ==== mon_map magic: 0 ==== 205+0+0 (secure 0 0 0) 0x7f40b8003af0 con 0x7f40c4104b70
2024-04-02T05:05:37.558 INFO:teuthology.orchestra.run.smithi017.stdout:/usr/bin/ceph: stderr
2024-04-02T05:05:36.415+0000 7f40b67fc700 1 -- 172.21.15.17:0/472028758 <== mon.0 v2:172.21.15.17:3300/0 2 ==== config(26 keys) ==== 1062+0+0 (secure 0 0 0) 0x7f40b801a8c0 con 0x7f40c4104b70
2024-04-02T05:05:37.558 INFO:teuthology.orchestra.run.smithi017.stdout:/usr/bin/ceph: stderr
2024-04-02T05:05:36.415+0000 7f40cb8d4700 1 -- 172.21.15.17:0/472028758 --> [v2:172.21.15.17:3300/0,v1:172.21.15.17:6789/0] -- mon_subscribe({mgrmap=0+}) -- 0x7f40c419cb40 con 0x7f40c4104b70
2024-04-02T05:05:37.558 INFO:teuthology.orchestra.run.smithi017.stdout:/usr/bin/ceph: stderr
2024-04-02T05:05:36.415+0000 7f40b67fc700 1 -- 172.21.15.17:0/472028758 <== mon.0 v2:172.21.15.17:3300/0 3 ==== mon_map magic: 0 ==== 205+0+0 (secure 0 0 0) 0x7f40b8019960 con 0x7f40c4104b70
2024-04-02T05:05:37.558 INFO:teuthology.orchestra.run.smithi017.stdout:/usr/bin/ceph: stderr
2024-04-02T05:05:36.415+0000 7f40cb8d4700 1 -- 172.21.15.17:0/472028758 --> [v2:172.21.15.17:3300/0,v1:172.21.15.17:6789/0] -- mon_subscribe({osdmap=0}) -- 0x7f40c419f830 con 0x7f40c4104b70
2024-04-02T05:05:37.558 INFO:teuthology.orchestra.run.smithi017.stdout:/usr/bin/ceph: stderr
2024-04-02T05:05:36.415+0000 7f40b67fc700 1 -- 172.21.15.17:0/472028758 <== mon.0 v2:172.21.15.17:3300/0 4 ==== mgrmap(e 3) ==== 45964+0+0 (secure 0 0 0) 0x7f40b8022020 con 0x7f40c4104b70
2024-04-02T05:05:37.558 INFO:teuthology.orchestra.run.smithi017.stdout:/usr/bin/ceph: stderr
2024-04-02T05:05:36.415+0000 7f40b67fc700 1 --2- 172.21.15.17:0/472028758 >> v2:172.21.15.17:6800/2408620222 conn(0x7f40b0038c60 0x7f40b003b120 unknown :-1 s=NONE pgs=0 cs=0 l=1 rev1=0 crypto rx=0 tx=0 comp rx=0 tx=0).connect
2024-04-02T05:05:37.558 INFO:teuthology.orchestra.run.smithi017.stdout:/usr/bin/ceph: stderr
2024-04-02T05:05:36.415+0000 7f40b67fc700 1 -- 172.21.15.17:0/472028758 <== mon.0 v2:172.21.15.17:3300/0 5 ==== osd_map(1..1 src has 1..1) ==== 725+0+0 (secure 0 0 0) 0x7f40b804da50 con 0x7f40c4104b70
2024-04-02T05:05:37.558 INFO:teuthology.orchestra.run.smithi017.stdout:/usr/bin/ceph: stderr
2024-04-02T05:05:36.415+0000 7f40c8e6f700 1 --2- 172.21.15.17:0/472028758 >> v2:172.21.15.17:6800/2408620222 conn(0x7f40b0038c60 0x7f40b003b120 unknown :-1 s=BANNER_CONNECTING pgs=0 cs=0 l=1 rev1=0 crypto rx=0 tx=0 comp rx=0 tx=0)._handle_peer_banner_payload supported=3 required=0
2024-04-02T05:05:37.558 INFO:teuthology.orchestra.run.smithi017.stdout:/usr/bin/ceph: stderr
2024-04-02T05:05:36.415+0000 7f40cb8d4700 1 -- 172.21.15.17:0/472028758 --> [v2:172.21.15.17:3300/0,v1:172.21.15.17:6789/0] -- mon_command({"prefix": "get_command_descriptions"} v 0) -- 0x7f40c419d020 con 0x7f40c4104b70
2024-04-02T05:05:37.559 INFO:teuthology.orchestra.run.smithi017.stdout:/usr/bin/ceph: stderr
2024-04-02T05:05:36.419+0000 7f40c8e6f700 1 --2- 172.21.15.17:0/472028758 >> v2:172.21.15.17:6800/2408620222 conn(0x7f40b0038c60 0x7f40b003b120 secure :-1 s=READY pgs=6 cs=0 l=1 rev1=1 crypto rx=0x7f40c0006fd0 tx=0x7f40c0006e40 comp rx=0 tx=0).ready entity=mgr.14100 client_cookie=0 server_cookie=0 in_seq=0 out_seq=0
2024-04-02T05:05:37.559 INFO:teuthology.orchestra.run.smithi017.stdout:/usr/bin/ceph: stderr
2024-04-02T05:05:36.423+0000 7f40b67fc700 1 -- 172.21.15.17:0/472028758 <== mon.0 v2:172.21.15.17:3300/0 6 ==== mon_command_ack([{"prefix": "get_command_descriptions"}]=0 v0) ==== 72+0+184932 (secure 0 0 0) 0x7f40c419d020 con 0x7f40c4104b70
2024-04-02T05:05:37.559 INFO:teuthology.orchestra.run.smithi017.stdout:/usr/bin/ceph: stderr
2024-04-02T05:05:36.619+0000 7f40b67fc700 1 -- 172.21.15.17:0/472028758 <== mon.0 v2:172.21.15.17:3300/0 7 ==== mgrmap(e 4) ==== 46070+0+0 (secure 0 0 0) 0x7f40b802c720 con 0x7f40c4104b70
2024-04-02T05:05:37.559 INFO:teuthology.orchestra.run.smithi017.stdout:/usr/bin/ceph: stderr
2024-04-02T05:05:36.951+0000 7f40cb8d4700 1 -- 172.21.15.17:0/472028758 --> [v2:172.21.15.17:3300/0,v1:172.21.15.17:6789/0] -- mon_command({"prefix": "status", "format": "json-pretty"} v 0) -- 0x7f40c402db30 con 0x7f40c4104b70
2024-04-02T05:05:37.559 INFO:teuthology.orchestra.run.smithi017.stdout:/usr/bin/ceph: stderr
2024-04-02T05:05:36.955+0000 7f40b67fc700 1 -- 172.21.15.17:0/472028758 <== mon.0 v2:172.21.15.17:3300/0 8 ==== mon_command_ack([{"prefix": "status", "format": "json-pretty"}]=0 v0) ==== 79+0+1239 (secure 0 0 0) 0x7f40b8018e20 con 0x7f40c4104b70
2024-04-02T05:05:37.559 INFO:teuthology.orchestra.run.smithi017.stdout:/usr/bin/ceph: stderr
2024-04-02T05:05:36.955+0000 7f40cb8d4700 1 -- 172.21.15.17:0/472028758 >> v2:172.21.15.17:6800/2408620222 conn(0x7f40b0038c60 msgr2=0x7f40b003b120 secure :-1 s=STATE_CONNECTION_ESTABLISHED l=1).mark_down
2024-04-02T05:05:37.559 INFO:teuthology.orchestra.run.smithi017.stdout:/usr/bin/ceph: stderr
2024-04-02T05:05:36.955+0000 7f40cb8d4700 1 --2- 172.21.15.17:0/472028758 >> v2:172.21.15.17:6800/2408620222 conn(0x7f40b0038c60 0x7f40b003b120 secure :-1 s=READY pgs=6 cs=0 l=1 rev1=1 crypto rx=0x7f40c0006fd0 tx=0x7f40c0006e40 comp rx=0 tx=0).stop
2024-04-02T05:05:37.559 INFO:teuthology.orchestra.run.smithi017.stdout:/usr/bin/ceph: stderr
2024-04-02T05:05:36.955+0000 7f40cb8d4700 1 -- 172.21.15.17:0/472028758 >> [v2:172.21.15.17:3300/0,v1:172.21.15.17:6789/0] conn(0x7f40c4104b70 msgr2=0x7f40c419c370 secure :-1 s=STATE_CONNECTION_ESTABLISHED l=1).mark_down
2024-04-02T05:05:37.559 INFO:teuthology.orchestra.run.smithi017.stdout:/usr/bin/ceph: stderr
2024-04-02T05:05:36.955+0000 7f40cb8d4700 1 --2- 172.21.15.17:0/472028758 >> [v2:172.21.15.17:3300/0,v1:172.21.15.17:6789/0] conn(0x7f40c4104b70 0x7f40c419c370 secure :-1 s=READY pgs=19 cs=0 l=1 rev1=1 crypto rx=0x7f40b8009870 tx=0x7f40b8011ae0 comp rx=0 tx=0).stop
2024-04-02T05:05:37.559 INFO:teuthology.orchestra.run.smithi017.stdout:/usr/bin/ceph: stderr
2024-04-02T05:05:36.955+0000 7f40cb8d4700 1 -- 172.21.15.17:0/472028758 shutdown_connections
2024-04-02T05:05:37.559 INFO:teuthology.orchestra.run.smithi017.stdout:/usr/bin/ceph: stderr
2024-04-02T05:05:36.955+0000 7f40cb8d4700 1 --2- 172.21.15.17:0/472028758 >> v2:172.21.15.17:6800/2408620222 conn(0x7f40b0038c60 0x7f40b003b120 unknown :-1 s=CLOSED pgs=6 cs=0 l=1 rev1=1 crypto rx=0 tx=0 comp rx=0 tx=0).stop
2024-04-02T05:05:37.559 INFO:teuthology.orchestra.run.smithi017.stdout:/usr/bin/ceph: stderr
2024-04-02T05:05:36.955+0000 7f40cb8d4700 1 --2- 172.21.15.17:0/472028758 >> [v2:172.21.15.17:3300/0,v1:172.21.15.17:6789/0] conn(0x7f40c4104b70 0x7f40c419c370 unknown :-1 s=CLOSED pgs=19 cs=0 l=1 rev1=1 crypto rx=0 tx=0 comp rx=0 tx=0).stop
2024-04-02T05:05:37.559 INFO:teuthology.orchestra.run.smithi017.stdout:/usr/bin/ceph: stderr
2024-04-02T05:05:36.955+0000 7f40cb8d4700 1 -- 172.21.15.17:0/472028758 >> 172.21.15.17:0/472028758 conn(0x7f40c4100730 msgr2=0x7f40c4192f90 unknown :-1 s=STATE_NONE l=0).mark_down
2024-04-02T05:05:37.559 INFO:teuthology.orchestra.run.smithi017.stdout:/usr/bin/ceph: stderr
2024-04-02T05:05:36.955+0000 7f40cb8d4700 1 -- 172.21.15.17:0/472028758 shutdown_connections
2024-04-02T05:05:37.559 INFO:teuthology.orchestra.run.smithi017.stdout:/usr/bin/ceph: stderr
2024-04-02T05:05:36.955+0000 7f40cb8d4700 1 -- 172.21.15.17:0/472028758 wait complete.
2024-04-02T05:05:37.560 INFO:teuthology.orchestra.run.smithi017.stdout:mgr is available
2024-04-02T05:05:37.892 INFO:journalctl@ceph.mon.a.smithi017.stdout:Apr 02 05:05:37 smithi017 bash[21439]: cluster
2024-04-02T05:05:36.625287+0000 mon.a (mon.0) 30 : cluster 0 mgrmap e4: y(active, since 3s)
2024-04-02T05:05:37.892 INFO:journalctl@ceph.mon.a.smithi017.stdout:Apr 02 05:05:37 smithi017 bash[21439]: audit
2024-04-02T05:05:36.958090+0000 mon.a (mon.0) 31 : audit 0 from='client.? 172.21.15.17:0/472028758' entity='client.admin' cmd=[{"prefix": "status", "format": "json-pretty"}]: dispatch
2024-04-02T05:05:39.142 INFO:journalctl@ceph.mon.a.smithi017.stdout:Apr 02 05:05:38 smithi017 bash[21439]: audit
2024-04-02T05:05:38.810280+0000 mon.a (mon.0) 32 : audit 1 from='client.? 172.21.15.17:0/3881060275' entity='client.admin' cmd=[{"prefix": "config assimilate-conf"}]: dispatch
2024-04-02T05:05:39.428 INFO:teuthology.orchestra.run.smithi017.stdout:/usr/bin/ceph: stdout
2024-04-02T05:05:39.428 INFO:teuthology.orchestra.run.smithi017.stdout:/usr/bin/ceph: stdout [global]
2024-04-02T05:05:39.428 INFO:teuthology.orchestra.run.smithi017.stdout:/usr/bin/ceph: stdout fsid = 6ffebb14-f0ae-11ee-b647-cb9ed24678a4
2024-04-02T05:05:39.428 INFO:teuthology.orchestra.run.smithi017.stdout:/usr/bin/ceph: stdout mon_osd_allow_pg_remap = true
2024-04-02T05:05:39.429 INFO:teuthology.orchestra.run.smithi017.stdout:/usr/bin/ceph: stdout mon_osd_allow_primary_affinity = true
2024-04-02T05:05:39.429 INFO:teuthology.orchestra.run.smithi017.stdout:/usr/bin/ceph: stdout mon_warn_on_no_sortbitwise = false
2024-04-02T05:05:39.429 INFO:teuthology.orchestra.run.smithi017.stdout:/usr/bin/ceph: stdout osd_crush_chooseleaf_type = 0
2024-04-02T05:05:39.429 INFO:teuthology.orchestra.run.smithi017.stdout:/usr/bin/ceph: stdout
2024-04-02T05:05:39.429 INFO:teuthology.orchestra.run.smithi017.stdout:/usr/bin/ceph: stdout [mgr]
2024-04-02T05:05:39.429 INFO:teuthology.orchestra.run.smithi017.stdout:/usr/bin/ceph: stdout mgr/telemetry/nag = false
2024-04-02T05:05:39.429 INFO:teuthology.orchestra.run.smithi017.stdout:/usr/bin/ceph: stdout
2024-04-02T05:05:39.429 INFO:teuthology.orchestra.run.smithi017.stdout:/usr/bin/ceph: stdout [osd]
2024-04-02T05:05:39.429 INFO:teuthology.orchestra.run.smithi017.stdout:/usr/bin/ceph: stdout osd_map_max_advance = 10
2024-04-02T05:05:39.429 INFO:teuthology.orchestra.run.smithi017.stdout:/usr/bin/ceph: stdout osd_sloppy_crc = true
2024-04-02T05:05:39.429 INFO:teuthology.orchestra.run.smithi017.stdout:/usr/bin/ceph: stderr
2024-04-02T05:05:38.423+0000 7f48082d0700 1 Processor -- start
2024-04-02T05:05:39.429 INFO:teuthology.orchestra.run.smithi017.stdout:/usr/bin/ceph: stderr
2024-04-02T05:05:38.423+0000 7f48082d0700 1 -- start start
2024-04-02T05:05:39.429 INFO:teuthology.orchestra.run.smithi017.stdout:/usr/bin/ceph: stderr
2024-04-02T05:05:38.423+0000 7f48082d0700 1 --2- >> [v2:172.21.15.17:3300/0,v1:172.21.15.17:6789/0] conn(0x7f4800108470 0x7f4800108890 unknown :-1 s=NONE pgs=0 cs=0 l=0 rev1=0 crypto rx=0 tx=0 comp rx=0 tx=0).connect
2024-04-02T05:05:39.429 INFO:teuthology.orchestra.run.smithi017.stdout:/usr/bin/ceph: stderr
2024-04-02T05:05:38.423+0000 7f48082d0700 1 -- --> [v2:172.21.15.17:3300/0,v1:172.21.15.17:6789/0] -- mon_getmap magic: 0 -- 0x7f4800108e60 con 0x7f4800108470
2024-04-02T05:05:39.429 INFO:teuthology.orchestra.run.smithi017.stdout:/usr/bin/ceph: stderr
2024-04-02T05:05:38.423+0000 7f480606c700 1 --2- >> [v2:172.21.15.17:3300/0,v1:172.21.15.17:6789/0] conn(0x7f4800108470 0x7f4800108890 unknown :-1 s=BANNER_CONNECTING pgs=0 cs=0 l=0 rev1=0 crypto rx=0 tx=0 comp rx=0 tx=0)._handle_peer_banner_payload supported=3 required=0
2024-04-02T05:05:39.430 INFO:teuthology.orchestra.run.smithi017.stdout:/usr/bin/ceph: stderr
2024-04-02T05:05:38.423+0000 7f480606c700 1 --2- >> [v2:172.21.15.17:3300/0,v1:172.21.15.17:6789/0] conn(0x7f4800108470 0x7f4800108890 unknown :-1 s=HELLO_CONNECTING pgs=0 cs=0 l=0 rev1=1 crypto rx=0 tx=0 comp rx=0 tx=0).handle_hello peer v2:172.21.15.17:3300/0 says I am v2:172.21.15.17:40370/0 (socket says 172.21.15.17:40370)
2024-04-02T05:05:39.430 INFO:teuthology.orchestra.run.smithi017.stdout:/usr/bin/ceph: stderr
2024-04-02T05:05:38.423+0000 7f480606c700 1 -- 172.21.15.17:0/2626855350 learned_addr learned my addr 172.21.15.17:0/2626855350 (peer_addr_for_me v2:172.21.15.17:0/0)
2024-04-02T05:05:39.430 INFO:teuthology.orchestra.run.smithi017.stdout:/usr/bin/ceph: stderr
2024-04-02T05:05:38.423+0000 7f480606c700 1 -- 172.21.15.17:0/2626855350 --> [v2:172.21.15.17:3300/0,v1:172.21.15.17:6789/0] -- mon_subscribe({config=0+,monmap=0+}) -- 0x7f4800109670 con 0x7f4800108470
2024-04-02T05:05:39.430 INFO:teuthology.orchestra.run.smithi017.stdout:/usr/bin/ceph: stderr
2024-04-02T05:05:38.423+0000 7f480606c700 1 --2- 172.21.15.17:0/2626855350 >> [v2:172.21.15.17:3300/0,v1:172.21.15.17:6789/0] conn(0x7f4800108470 0x7f4800108890 secure :-1 s=READY pgs=20 cs=0 l=1 rev1=1 crypto rx=0x7f47f40098a0 tx=0x7f47f4009bb0 comp rx=0 tx=0).ready entity=mon.0 client_cookie=975b54427c86c985 server_cookie=0 in_seq=0 out_seq=0
2024-04-02T05:05:39.430 INFO:teuthology.orchestra.run.smithi017.stdout:/usr/bin/ceph: stderr
2024-04-02T05:05:38.423+0000 7f480506a700 1 -- 172.21.15.17:0/2626855350 <== mon.0 v2:172.21.15.17:3300/0 1 ==== mon_map magic: 0 ==== 205+0+0 (secure 0 0 0) 0x7f47f4004160 con 0x7f4800108470
2024-04-02T05:05:39.430 INFO:teuthology.orchestra.run.smithi017.stdout:/usr/bin/ceph: stderr
2024-04-02T05:05:38.423+0000 7f480506a700 1 -- 172.21.15.17:0/2626855350 <== mon.0 v2:172.21.15.17:3300/0 2 ==== config(26 keys) ==== 1062+0+0 (secure 0 0 0) 0x7f47f4004300 con 0x7f4800108470
2024-04-02T05:05:39.430 INFO:teuthology.orchestra.run.smithi017.stdout:/usr/bin/ceph: stderr
2024-04-02T05:05:38.423+0000 7f480506a700 1 -- 172.21.15.17:0/2626855350 <== mon.0 v2:172.21.15.17:3300/0 3 ==== mon_map magic: 0 ==== 205+0+0 (secure 0 0 0) 0x7f47f4011a60 con 0x7f4800108470
2024-04-02T05:05:39.430 INFO:teuthology.orchestra.run.smithi017.stdout:/usr/bin/ceph: stderr
2024-04-02T05:05:38.427+0000 7f48082d0700 1 -- 172.21.15.17:0/2626855350 >> [v2:172.21.15.17:3300/0,v1:172.21.15.17:6789/0] conn(0x7f4800108470 msgr2=0x7f4800108890 secure :-1 s=STATE_CONNECTION_ESTABLISHED l=1).mark_down
2024-04-02T05:05:39.430 INFO:teuthology.orchestra.run.smithi017.stdout:/usr/bin/ceph: stderr
2024-04-02T05:05:38.427+0000 7f48082d0700 1 --2- 172.21.15.17:0/2626855350 >> [v2:172.21.15.17:3300/0,v1:172.21.15.17:6789/0] conn(0x7f4800108470 0x7f4800108890 secure :-1 s=READY pgs=20 cs=0 l=1 rev1=1 crypto rx=0x7f47f40098a0 tx=0x7f47f4009bb0 comp rx=0 tx=0).stop
2024-04-02T05:05:39.430 INFO:teuthology.orchestra.run.smithi017.stdout:/usr/bin/ceph: stderr
2024-04-02T05:05:38.427+0000 7f48082d0700 1 -- 172.21.15.17:0/2626855350 shutdown_connections
2024-04-02T05:05:39.430 INFO:teuthology.orchestra.run.smithi017.stdout:/usr/bin/ceph: stderr
2024-04-02T05:05:38.427+0000 7f48082d0700 1 --2- 172.21.15.17:0/2626855350 >> [v2:172.21.15.17:3300/0,v1:172.21.15.17:6789/0] conn(0x7f4800108470 0x7f4800108890 unknown :-1 s=CLOSED pgs=20 cs=0 l=1 rev1=1 crypto rx=0 tx=0 comp rx=0 tx=0).stop
2024-04-02T05:05:39.430 INFO:teuthology.orchestra.run.smithi017.stdout:/usr/bin/ceph: stderr
2024-04-02T05:05:38.427+0000 7f48082d0700 1 -- 172.21.15.17:0/2626855350 >> 172.21.15.17:0/2626855350 conn(0x7f480007b880 msgr2=0x7f480007bc90 unknown :-1 s=STATE_NONE l=0).mark_down
2024-04-02T05:05:39.430 INFO:teuthology.orchestra.run.smithi017.stdout:/usr/bin/ceph: stderr
2024-04-02T05:05:38.427+0000 7f48082d0700 1 -- 172.21.15.17:0/2626855350 shutdown_connections
2024-04-02T05:05:39.430 INFO:teuthology.orchestra.run.smithi017.stdout:/usr/bin/ceph: stderr
2024-04-02T05:05:38.427+0000 7f48082d0700 1 -- 172.21.15.17:0/2626855350 wait complete.
2024-04-02T05:05:39.431 INFO:teuthology.orchestra.run.smithi017.stdout:/usr/bin/ceph: stderr
2024-04-02T05:05:38.427+0000 7f48082d0700 1 Processor -- start
2024-04-02T05:05:39.431 INFO:teuthology.orchestra.run.smithi017.stdout:/usr/bin/ceph: stderr
2024-04-02T05:05:38.427+0000 7f48082d0700 1 -- start start
2024-04-02T05:05:39.431 INFO:teuthology.orchestra.run.smithi017.stdout:/usr/bin/ceph: stderr
2024-04-02T05:05:38.427+0000 7f48082d0700 1 --2- >> [v2:172.21.15.17:3300/0,v1:172.21.15.17:6789/0] conn(0x7f4800108470 0x7f480019c3c0 unknown :-1 s=NONE pgs=0 cs=0 l=1 rev1=0 crypto rx=0 tx=0 comp rx=0 tx=0).connect
2024-04-02T05:05:39.431 INFO:teuthology.orchestra.run.smithi017.stdout:/usr/bin/ceph: stderr
2024-04-02T05:05:38.427+0000 7f48082d0700 1 -- --> [v2:172.21.15.17:3300/0,v1:172.21.15.17:6789/0] -- mon_getmap magic: 0 -- 0x7f480010ca20 con 0x7f4800108470
2024-04-02T05:05:39.431 INFO:teuthology.orchestra.run.smithi017.stdout:/usr/bin/ceph: stderr
2024-04-02T05:05:38.427+0000 7f480606c700 1 --2- >> [v2:172.21.15.17:3300/0,v1:172.21.15.17:6789/0] conn(0x7f4800108470 0x7f480019c3c0 unknown :-1 s=BANNER_CONNECTING pgs=0 cs=0 l=1 rev1=0 crypto rx=0 tx=0 comp rx=0 tx=0)._handle_peer_banner_payload supported=3 required=0
2024-04-02T05:05:39.431 INFO:teuthology.orchestra.run.smithi017.stdout:/usr/bin/ceph: stderr
2024-04-02T05:05:38.427+0000 7f480606c700 1 --2- >> [v2:172.21.15.17:3300/0,v1:172.21.15.17:6789/0] conn(0x7f4800108470 0x7f480019c3c0 unknown :-1 s=HELLO_CONNECTING pgs=0 cs=0 l=1 rev1=1 crypto rx=0 tx=0 comp rx=0 tx=0).handle_hello peer v2:172.21.15.17:3300/0 says I am v2:172.21.15.17:40374/0 (socket says 172.21.15.17:40374)
2024-04-02T05:05:39.431 INFO:teuthology.orchestra.run.smithi017.stdout:/usr/bin/ceph: stderr
2024-04-02T05:05:38.427+0000 7f480606c700 1 -- 172.21.15.17:0/3881060275 learned_addr learned my addr 172.21.15.17:0/3881060275 (peer_addr_for_me v2:172.21.15.17:0/0)
2024-04-02T05:05:39.431 INFO:teuthology.orchestra.run.smithi017.stdout:/usr/bin/ceph: stderr
2024-04-02T05:05:38.427+0000 7f480606c700 1 -- 172.21.15.17:0/3881060275 --> [v2:172.21.15.17:3300/0,v1:172.21.15.17:6789/0] -- mon_subscribe({config=0+,monmap=0+}) -- 0x7f480019c900 con 0x7f4800108470
2024-04-02T05:05:39.431 INFO:teuthology.orchestra.run.smithi017.stdout:/usr/bin/ceph: stderr
2024-04-02T05:05:38.427+0000 7f480606c700 1 --2- 172.21.15.17:0/3881060275 >> [v2:172.21.15.17:3300/0,v1:172.21.15.17:6789/0] conn(0x7f4800108470 0x7f480019c3c0 secure :-1 s=READY pgs=21 cs=0 l=1 rev1=1 crypto rx=0x7f47f4009fb0 tx=0x7f47f4011ae0 comp rx=0 tx=0).ready entity=mon.0 client_cookie=0 server_cookie=0 in_seq=0 out_seq=0
2024-04-02T05:05:39.431 INFO:teuthology.orchestra.run.smithi017.stdout:/usr/bin/ceph: stderr
2024-04-02T05:05:38.427+0000 7f47f37fe700 1 -- 172.21.15.17:0/3881060275 <== mon.0 v2:172.21.15.17:3300/0 1 ==== mon_map magic: 0 ==== 205+0+0 (secure 0 0 0) 0x7f47f40039e0 con 0x7f4800108470
2024-04-02T05:05:39.431 INFO:teuthology.orchestra.run.smithi017.stdout:/usr/bin/ceph: stderr
2024-04-02T05:05:38.427+0000 7f47f37fe700 1 -- 172.21.15.17:0/3881060275 <== mon.0 v2:172.21.15.17:3300/0 2 ==== config(26 keys) ==== 1062+0+0 (secure 0 0 0) 0x7f47f401a8c0 con 0x7f4800108470
2024-04-02T05:05:39.431 INFO:teuthology.orchestra.run.smithi017.stdout:/usr/bin/ceph: stderr
2024-04-02T05:05:38.427+0000 7f47f37fe700 1 -- 172.21.15.17:0/3881060275 <== mon.0 v2:172.21.15.17:3300/0 3 ==== mon_map magic: 0 ==== 205+0+0 (secure 0 0 0) 0x7f47f4024800 con 0x7f4800108470
2024-04-02T05:05:39.431 INFO:teuthology.orchestra.run.smithi017.stdout:/usr/bin/ceph: stderr
2024-04-02T05:05:38.427+0000 7f48082d0700 1 -- 172.21.15.17:0/3881060275 --> [v2:172.21.15.17:3300/0,v1:172.21.15.17:6789/0] -- mon_subscribe({mgrmap=0+}) -- 0x7f480019cb90 con 0x7f4800108470
2024-04-02T05:05:39.431 INFO:teuthology.orchestra.run.smithi017.stdout:/usr/bin/ceph: stderr
2024-04-02T05:05:38.427+0000 7f48082d0700 1 -- 172.21.15.17:0/3881060275 --> [v2:172.21.15.17:3300/0,v1:172.21.15.17:6789/0] -- mon_subscribe({osdmap=0}) -- 0x7f480019f880 con 0x7f4800108470
2024-04-02T05:05:39.431 INFO:teuthology.orchestra.run.smithi017.stdout:/usr/bin/ceph: stderr
2024-04-02T05:05:38.427+0000 7f47f37fe700 1 -- 172.21.15.17:0/3881060275 <== mon.0 v2:172.21.15.17:3300/0 4 ==== mgrmap(e 4) ==== 46070+0+0 (secure 0 0 0) 0x7f47f4022020 con 0x7f4800108470
2024-04-02T05:05:39.432 INFO:teuthology.orchestra.run.smithi017.stdout:/usr/bin/ceph: stderr
2024-04-02T05:05:38.427+0000 7f47f37fe700 1 --2- 172.21.15.17:0/3881060275 >> v2:172.21.15.17:6800/2408620222 conn(0x7f47ec038db0 0x7f47ec03b270 unknown :-1 s=NONE pgs=0 cs=0 l=1 rev1=0 crypto rx=0 tx=0 comp rx=0 tx=0).connect
2024-04-02T05:05:39.432 INFO:teuthology.orchestra.run.smithi017.stdout:/usr/bin/ceph: stderr
2024-04-02T05:05:38.427+0000 7f47f37fe700 1 -- 172.21.15.17:0/3881060275 <== mon.0 v2:172.21.15.17:3300/0 5 ==== osd_map(1..1 src has 1..1) ==== 725+0+0 (secure 0 0 0) 0x7f47f404cd00 con 0x7f4800108470
2024-04-02T05:05:39.432 INFO:teuthology.orchestra.run.smithi017.stdout:/usr/bin/ceph: stderr
2024-04-02T05:05:38.427+0000 7f48082d0700 1 -- 172.21.15.17:0/3881060275 --> [v2:172.21.15.17:3300/0,v1:172.21.15.17:6789/0] -- mon_command({"prefix": "get_command_descriptions"} v 0) -- 0x7f4800063870 con 0x7f4800108470
2024-04-02T05:05:39.432 INFO:teuthology.orchestra.run.smithi017.stdout:/usr/bin/ceph: stderr
2024-04-02T05:05:38.427+0000 7f480586b700 1 --2- 172.21.15.17:0/3881060275 >> v2:172.21.15.17:6800/2408620222 conn(0x7f47ec038db0 0x7f47ec03b270 unknown :-1 s=BANNER_CONNECTING pgs=0 cs=0 l=1 rev1=0 crypto rx=0 tx=0 comp rx=0 tx=0)._handle_peer_banner_payload supported=3 required=0
2024-04-02T05:05:39.432 INFO:teuthology.orchestra.run.smithi017.stdout:/usr/bin/ceph: stderr
2024-04-02T05:05:38.431+0000 7f480586b700 1 --2- 172.21.15.17:0/3881060275 >> v2:172.21.15.17:6800/2408620222 conn(0x7f47ec038db0 0x7f47ec03b270 secure :-1 s=READY pgs=7 cs=0 l=1 rev1=1 crypto rx=0x7f47fc006fd0 tx=0x7f47fc006e40 comp rx=0 tx=0).ready entity=mgr.14100 client_cookie=0 server_cookie=0 in_seq=0 out_seq=0
2024-04-02T05:05:39.432 INFO:teuthology.orchestra.run.smithi017.stdout:/usr/bin/ceph: stderr
2024-04-02T05:05:38.435+0000 7f47f37fe700 1 -- 172.21.15.17:0/3881060275 <== mon.0 v2:172.21.15.17:3300/0 6 ==== mon_command_ack([{"prefix": "get_command_descriptions"}]=0 v0) ==== 72+0+184932 (secure 0 0 0) 0x7f47f400be50 con 0x7f4800108470
2024-04-02T05:05:39.432 INFO:teuthology.orchestra.run.smithi017.stdout:/usr/bin/ceph: stderr
2024-04-02T05:05:38.807+0000 7f48082d0700 1 -- 172.21.15.17:0/3881060275 --> [v2:172.21.15.17:3300/0,v1:172.21.15.17:6789/0] -- mon_command({"prefix": "config assimilate-conf"} v 0) -- 0x7f48001a0d60 con 0x7f4800108470
2024-04-02T05:05:39.432 INFO:teuthology.orchestra.run.smithi017.stdout:/usr/bin/ceph: stderr
2024-04-02T05:05:38.807+0000 7f47f37fe700 1 -- 172.21.15.17:0/3881060275 <== mon.0 v2:172.21.15.17:3300/0 7 ==== mon_command_ack([{"prefix": "config assimilate-conf"}]=0 v3) ==== 70+0+282 (secure 0 0 0) 0x7f47f404ca60 con 0x7f4800108470
2024-04-02T05:05:39.432 INFO:teuthology.orchestra.run.smithi017.stdout:/usr/bin/ceph: stderr
2024-04-02T05:05:38.811+0000 7f48082d0700 1 -- 172.21.15.17:0/3881060275 >> v2:172.21.15.17:6800/2408620222 conn(0x7f47ec038db0 msgr2=0x7f47ec03b270 secure :-1 s=STATE_CONNECTION_ESTABLISHED l=1).mark_down
2024-04-02T05:05:39.432 INFO:teuthology.orchestra.run.smithi017.stdout:/usr/bin/ceph: stderr
2024-04-02T05:05:38.811+0000 7f48082d0700 1 --2- 172.21.15.17:0/3881060275 >> v2:172.21.15.17:6800/2408620222 conn(0x7f47ec038db0 0x7f47ec03b270 secure :-1 s=READY pgs=7 cs=0 l=1 rev1=1 crypto rx=0x7f47fc006fd0 tx=0x7f47fc006e40 comp rx=0 tx=0).stop
2024-04-02T05:05:39.432 INFO:teuthology.orchestra.run.smithi017.stdout:/usr/bin/ceph: stderr
2024-04-02T05:05:38.811+0000 7f48082d0700 1 -- 172.21.15.17:0/3881060275 >> [v2:172.21.15.17:3300/0,v1:172.21.15.17:6789/0] conn(0x7f4800108470 msgr2=0x7f480019c3c0 secure :-1 s=STATE_CONNECTION_ESTABLISHED l=1).mark_down
2024-04-02T05:05:39.432 INFO:teuthology.orchestra.run.smithi017.stdout:/usr/bin/ceph: stderr
2024-04-02T05:05:38.811+0000 7f48082d0700 1 --2- 172.21.15.17:0/3881060275 >> [v2:172.21.15.17:3300/0,v1:172.21.15.17:6789/0] conn(0x7f4800108470 0x7f480019c3c0 secure :-1 s=READY pgs=21 cs=0 l=1 rev1=1 crypto rx=0x7f47f4009fb0 tx=0x7f47f4011ae0 comp rx=0 tx=0).stop
2024-04-02T05:05:39.432 INFO:teuthology.orchestra.run.smithi017.stdout:/usr/bin/ceph: stderr
2024-04-02T05:05:38.811+0000 7f48082d0700 1 -- 172.21.15.17:0/3881060275 shutdown_connections
2024-04-02T05:05:39.432 INFO:teuthology.orchestra.run.smithi017.stdout:/usr/bin/ceph: stderr
2024-04-02T05:05:38.811+0000 7f48082d0700 1 --2- 172.21.15.17:0/3881060275 >> v2:172.21.15.17:6800/2408620222 conn(0x7f47ec038db0 0x7f47ec03b270 unknown :-1 s=CLOSED pgs=7 cs=0 l=1 rev1=1 crypto rx=0 tx=0 comp rx=0 tx=0).stop
2024-04-02T05:05:39.433 INFO:teuthology.orchestra.run.smithi017.stdout:/usr/bin/ceph: stderr
2024-04-02T05:05:38.811+0000 7f48082d0700 1 --2- 172.21.15.17:0/3881060275 >> [v2:172.21.15.17:3300/0,v1:172.21.15.17:6789/0] conn(0x7f4800108470 0x7f480019c3c0 unknown :-1 s=CLOSED pgs=21 cs=0 l=1 rev1=1 crypto rx=0 tx=0 comp rx=0 tx=0).stop
2024-04-02T05:05:39.433 INFO:teuthology.orchestra.run.smithi017.stdout:/usr/bin/ceph: stderr
2024-04-02T05:05:38.811+0000 7f48082d0700 1 -- 172.21.15.17:0/3881060275 >> 172.21.15.17:0/3881060275 conn(0x7f480007b880 msgr2=0x7f480010a890 unknown :-1 s=STATE_NONE l=0).mark_down
2024-04-02T05:05:39.433 INFO:teuthology.orchestra.run.smithi017.stdout:/usr/bin/ceph: stderr
2024-04-02T05:05:38.811+0000 7f48082d0700 1 -- 172.21.15.17:0/3881060275 shutdown_connections
2024-04-02T05:05:39.433 INFO:teuthology.orchestra.run.smithi017.stdout:/usr/bin/ceph: stderr
2024-04-02T05:05:38.811+0000 7f48082d0700 1 -- 172.21.15.17:0/3881060275 wait complete.
2024-04-02T05:05:39.433 INFO:teuthology.orchestra.run.smithi017.stdout:Enabling cephadm module...
2024-04-02T05:05:41.142 INFO:journalctl@ceph.mon.a.smithi017.stdout:Apr 02 05:05:40 smithi017 bash[21439]: audit
2024-04-02T05:05:40.787543+0000 mon.a (mon.0) 33 : audit 1 from='client.? 172.21.15.17:0/2969189843' entity='client.admin' cmd=[{"prefix": "mgr module enable", "module": "cephadm"}]: dispatch
2024-04-02T05:05:41.143 INFO:journalctl@ceph.mgr.y.smithi017.stdout:Apr 02 05:05:40 smithi017 bash[21691]: ignoring --setuser ceph since I am not root
2024-04-02T05:05:41.143 INFO:journalctl@ceph.mgr.y.smithi017.stdout:Apr 02 05:05:40 smithi017 bash[21691]: ignoring --setgroup ceph since I am not root
2024-04-02T05:05:41.143 INFO:journalctl@ceph.mgr.y.smithi017.stdout:Apr 02 05:05:41 smithi017 bash[21691]: debug
2024-04-02T05:05:41.023+0000 7fe08f571200 -1 mgr[py] Module devicehealth has missing NOTIFY_TYPES member
2024-04-02T05:05:41.444 INFO:teuthology.orchestra.run.smithi017.stdout:/usr/bin/ceph: stderr
2024-04-02T05:05:40.279+0000 7f1737f65700 1 Processor -- start
2024-04-02T05:05:41.444 INFO:teuthology.orchestra.run.smithi017.stdout:/usr/bin/ceph: stderr
2024-04-02T05:05:40.283+0000 7f1737f65700 1 -- start start
2024-04-02T05:05:41.444 INFO:teuthology.orchestra.run.smithi017.stdout:/usr/bin/ceph: stderr
2024-04-02T05:05:40.283+0000 7f1737f65700 1 --2- >> [v2:172.21.15.17:3300/0,v1:172.21.15.17:6789/0] conn(0x7f173010d070 0x7f173010f460 unknown :-1 s=NONE pgs=0 cs=0 l=0 rev1=0 crypto rx=0 tx=0 comp rx=0 tx=0).connect
2024-04-02T05:05:41.444 INFO:teuthology.orchestra.run.smithi017.stdout:/usr/bin/ceph: stderr
2024-04-02T05:05:40.283+0000 7f1737f65700 1 -- --> [v2:172.21.15.17:3300/0,v1:172.21.15.17:6789/0] -- mon_getmap magic: 0 -- 0x7f173010fa30 con 0x7f173010d070
