2024-04-02T05:06:28.794+0000 7fb3c8445700 1 -- 172.21.15.17:0/3586039984 shutdown_connections
2024-04-02T05:06:30.146 INFO:teuthology.orchestra.run.smithi017.stdout:/usr/bin/ceph: stderr
2024-04-02T05:06:28.794+0000 7fb3c8445700 1 -- 172.21.15.17:0/3586039984 wait complete.
2024-04-02T05:06:30.146 INFO:teuthology.orchestra.run.smithi017.stdout:/usr/bin/ceph: stderr
2024-04-02T05:06:28.794+0000 7fb3c8445700 1 Processor -- start
2024-04-02T05:06:30.146 INFO:teuthology.orchestra.run.smithi017.stdout:/usr/bin/ceph: stderr
2024-04-02T05:06:28.794+0000 7fb3c8445700 1 -- start start
2024-04-02T05:06:30.146 INFO:teuthology.orchestra.run.smithi017.stdout:/usr/bin/ceph: stderr
2024-04-02T05:06:28.794+0000 7fb3c8445700 1 --2- >> [v2:172.21.15.17:3300/0,v1:172.21.15.17:6789/0] conn(0x7fb3c0106ce0 0x7fb3c019a180 unknown :-1 s=NONE pgs=0 cs=0 l=1 rev1=0 crypto rx=0 tx=0 comp rx=0 tx=0).connect
2024-04-02T05:06:30.146 INFO:teuthology.orchestra.run.smithi017.stdout:/usr/bin/ceph: stderr
2024-04-02T05:06:28.794+0000 7fb3c8445700 1 -- --> [v2:172.21.15.17:3300/0,v1:172.21.15.17:6789/0] -- mon_getmap magic: 0 -- 0x7fb3c010a620 con 0x7fb3c0106ce0
2024-04-02T05:06:30.147 INFO:teuthology.orchestra.run.smithi017.stdout:/usr/bin/ceph: stderr
2024-04-02T05:06:28.794+0000 7fb3c61e1700 1 --2- >> [v2:172.21.15.17:3300/0,v1:172.21.15.17:6789/0] conn(0x7fb3c0106ce0 0x7fb3c019a180 unknown :-1 s=BANNER_CONNECTING pgs=0 cs=0 l=1 rev1=0 crypto rx=0 tx=0 comp rx=0 tx=0)._handle_peer_banner_payload supported=3 required=0
2024-04-02T05:06:30.147 INFO:teuthology.orchestra.run.smithi017.stdout:/usr/bin/ceph: stderr
2024-04-02T05:06:28.794+0000 7fb3c61e1700 1 --2- >> [v2:172.21.15.17:3300/0,v1:172.21.15.17:6789/0] conn(0x7fb3c0106ce0 0x7fb3c019a180 unknown :-1 s=HELLO_CONNECTING pgs=0 cs=0 l=1 rev1=1 crypto rx=0 tx=0 comp rx=0 tx=0).handle_hello peer v2:172.21.15.17:3300/0 says I am v2:172.21.15.17:46876/0 (socket says 172.21.15.17:46876)
2024-04-02T05:06:30.147 INFO:teuthology.orchestra.run.smithi017.stdout:/usr/bin/ceph: stderr
2024-04-02T05:06:28.794+0000 7fb3c61e1700 1 -- 172.21.15.17:0/2679578206 learned_addr learned my addr 172.21.15.17:0/2679578206 (peer_addr_for_me v2:172.21.15.17:0/0)
2024-04-02T05:06:30.147 INFO:teuthology.orchestra.run.smithi017.stdout:/usr/bin/ceph: stderr
2024-04-02T05:06:28.794+0000 7fb3c61e1700 1 -- 172.21.15.17:0/2679578206 --> [v2:172.21.15.17:3300/0,v1:172.21.15.17:6789/0] -- mon_subscribe({config=0+,monmap=0+}) -- 0x7fb3c019a6c0 con 0x7fb3c0106ce0
2024-04-02T05:06:30.147 INFO:teuthology.orchestra.run.smithi017.stdout:/usr/bin/ceph: stderr
2024-04-02T05:06:28.794+0000 7fb3c61e1700 1 --2- 172.21.15.17:0/2679578206 >> [v2:172.21.15.17:3300/0,v1:172.21.15.17:6789/0] conn(0x7fb3c0106ce0 0x7fb3c019a180 secure :-1 s=READY pgs=73 cs=0 l=1 rev1=1 crypto rx=0x7fb3b0009870 tx=0x7fb3b0011ac0 comp rx=0 tx=0).ready entity=mon.0 client_cookie=0 server_cookie=0 in_seq=0 out_seq=0
2024-04-02T05:06:30.147 INFO:teuthology.orchestra.run.smithi017.stdout:/usr/bin/ceph: stderr
2024-04-02T05:06:28.794+0000 7fb3bf7fe700 1 -- 172.21.15.17:0/2679578206 <== mon.0 v2:172.21.15.17:3300/0 1 ==== mon_map magic: 0 ==== 205+0+0 (secure 0 0 0) 0x7fb3b00039e0 con 0x7fb3c0106ce0
2024-04-02T05:06:30.147 INFO:teuthology.orchestra.run.smithi017.stdout:/usr/bin/ceph: stderr
2024-04-02T05:06:28.794+0000 7fb3bf7fe700 1 -- 172.21.15.17:0/2679578206 <== mon.0 v2:172.21.15.17:3300/0 2 ==== config(26 keys) ==== 1093+0+0 (secure 0 0 0) 0x7fb3b001a8e0 con 0x7fb3c0106ce0
2024-04-02T05:06:30.147 INFO:teuthology.orchestra.run.smithi017.stdout:/usr/bin/ceph: stderr
2024-04-02T05:06:28.794+0000 7fb3c8445700 1 -- 172.21.15.17:0/2679578206 --> [v2:172.21.15.17:3300/0,v1:172.21.15.17:6789/0] -- mon_subscribe({mgrmap=0+}) -- 0x7fb3c019a950 con 0x7fb3c0106ce0
2024-04-02T05:06:30.147 INFO:teuthology.orchestra.run.smithi017.stdout:/usr/bin/ceph: stderr
2024-04-02T05:06:28.794+0000 7fb3bf7fe700 1 -- 172.21.15.17:0/2679578206 <== mon.0 v2:172.21.15.17:3300/0 3 ==== mon_map magic: 0 ==== 205+0+0 (secure 0 0 0) 0x7fb3b0024850 con 0x7fb3c0106ce0
2024-04-02T05:06:30.147 INFO:teuthology.orchestra.run.smithi017.stdout:/usr/bin/ceph: stderr
2024-04-02T05:06:28.794+0000 7fb3c8445700 1 -- 172.21.15.17:0/2679578206 --> [v2:172.21.15.17:3300/0,v1:172.21.15.17:6789/0] -- mon_subscribe({osdmap=0}) -- 0x7fb3c019d640 con 0x7fb3c0106ce0
2024-04-02T05:06:30.147 INFO:teuthology.orchestra.run.smithi017.stdout:/usr/bin/ceph: stderr
2024-04-02T05:06:28.798+0000 7fb3bf7fe700 1 -- 172.21.15.17:0/2679578206 <== mon.0 v2:172.21.15.17:3300/0 4 ==== mgrmap(e 12) ==== 46094+0+0 (secure 0 0 0) 0x7fb3b0022020 con 0x7fb3c0106ce0
2024-04-02T05:06:30.147 INFO:teuthology.orchestra.run.smithi017.stdout:/usr/bin/ceph: stderr
2024-04-02T05:06:28.798+0000 7fb3c8445700 1 -- 172.21.15.17:0/2679578206 --> [v2:172.21.15.17:3300/0,v1:172.21.15.17:6789/0] -- mon_command({"prefix": "get_command_descriptions"} v 0) -- 0x7fb3c0063870 con 0x7fb3c0106ce0
2024-04-02T05:06:30.147 INFO:teuthology.orchestra.run.smithi017.stdout:/usr/bin/ceph: stderr
2024-04-02T05:06:28.798+0000 7fb3bf7fe700 1 --2- 172.21.15.17:0/2679578206 >> v2:172.21.15.17:6800/2625217742 conn(0x7fb3a8038e00 0x7fb3a803b2c0 unknown :-1 s=NONE pgs=0 cs=0 l=1 rev1=0 crypto rx=0 tx=0 comp rx=0 tx=0).connect
2024-04-02T05:06:30.147 INFO:teuthology.orchestra.run.smithi017.stdout:/usr/bin/ceph: stderr
2024-04-02T05:06:28.798+0000 7fb3bf7fe700 1 -- 172.21.15.17:0/2679578206 <== mon.0 v2:172.21.15.17:3300/0 5 ==== osd_map(3..3 src has 1..3) ==== 1069+0+0 (secure 0 0 0) 0x7fb3b004d490 con 0x7fb3c0106ce0
2024-04-02T05:06:30.148 INFO:teuthology.orchestra.run.smithi017.stdout:/usr/bin/ceph: stderr
2024-04-02T05:06:28.798+0000 7fb3c59e0700 1 --2- 172.21.15.17:0/2679578206 >> v2:172.21.15.17:6800/2625217742 conn(0x7fb3a8038e00 0x7fb3a803b2c0 unknown :-1 s=BANNER_CONNECTING pgs=0 cs=0 l=1 rev1=0 crypto rx=0 tx=0 comp rx=0 tx=0)._handle_peer_banner_payload supported=3 required=0
2024-04-02T05:06:30.148 INFO:teuthology.orchestra.run.smithi017.stdout:/usr/bin/ceph: stderr
2024-04-02T05:06:28.798+0000 7fb3c59e0700 1 --2- 172.21.15.17:0/2679578206 >> v2:172.21.15.17:6800/2625217742 conn(0x7fb3a8038e00 0x7fb3a803b2c0 secure :-1 s=READY pgs=8 cs=0 l=1 rev1=1 crypto rx=0x7fb3b4006fd0 tx=0x7fb3b4006e40 comp rx=0 tx=0).ready entity=mgr.14152 client_cookie=0 server_cookie=0 in_seq=0 out_seq=0
2024-04-02T05:06:30.148 INFO:teuthology.orchestra.run.smithi017.stdout:/usr/bin/ceph: stderr
2024-04-02T05:06:28.802+0000 7fb3bf7fe700 1 -- 172.21.15.17:0/2679578206 <== mon.0 v2:172.21.15.17:3300/0 6 ==== mon_command_ack([{"prefix": "get_command_descriptions"}]=0 v0) ==== 72+0+184932 (secure 0 0 0) 0x7fb3b000f2e0 con 0x7fb3c0106ce0
2024-04-02T05:06:30.148 INFO:teuthology.orchestra.run.smithi017.stdout:/usr/bin/ceph: stderr
2024-04-02T05:06:29.206+0000 7fb3c8445700 1 -- 172.21.15.17:0/2679578206 --> v2:172.21.15.17:6800/2625217742 -- mgr_command(tid 0: {"prefix": "dashboard ac-user-create", "username": "admin", "rolename": "administrator", "force_password": true, "pwd_update_required": true, "target": ["mon-mgr", ""]}) -- 0x7fb3c0101970 con 0x7fb3a8038e00
2024-04-02T05:06:30.148 INFO:teuthology.orchestra.run.smithi017.stdout:/usr/bin/ceph: stderr
2024-04-02T05:06:29.498+0000 7fb3bf7fe700 1 -- 172.21.15.17:0/2679578206 <== mgr.14152 v2:172.21.15.17:6800/2625217742 1 ==== mgr_command_reply(tid 0: 0 ) ==== 8+0+252 (secure 0 0 0) 0x7fb3c0101970 con 0x7fb3a8038e00
2024-04-02T05:06:30.148 INFO:teuthology.orchestra.run.smithi017.stdout:/usr/bin/ceph: stderr
2024-04-02T05:06:29.498+0000 7fb3c8445700 1 -- 172.21.15.17:0/2679578206 >> v2:172.21.15.17:6800/2625217742 conn(0x7fb3a8038e00 msgr2=0x7fb3a803b2c0 secure :-1 s=STATE_CONNECTION_ESTABLISHED l=1).mark_down
2024-04-02T05:06:30.148 INFO:teuthology.orchestra.run.smithi017.stdout:/usr/bin/ceph: stderr
2024-04-02T05:06:29.498+0000 7fb3c8445700 1 --2- 172.21.15.17:0/2679578206 >> v2:172.21.15.17:6800/2625217742 conn(0x7fb3a8038e00 0x7fb3a803b2c0 secure :-1 s=READY pgs=8 cs=0 l=1 rev1=1 crypto rx=0x7fb3b4006fd0 tx=0x7fb3b4006e40 comp rx=0 tx=0).stop
2024-04-02T05:06:30.148 INFO:teuthology.orchestra.run.smithi017.stdout:/usr/bin/ceph: stderr
2024-04-02T05:06:29.498+0000 7fb3c8445700 1 -- 172.21.15.17:0/2679578206 >> [v2:172.21.15.17:3300/0,v1:172.21.15.17:6789/0] conn(0x7fb3c0106ce0 msgr2=0x7fb3c019a180 secure :-1 s=STATE_CONNECTION_ESTABLISHED l=1).mark_down
2024-04-02T05:06:30.148 INFO:teuthology.orchestra.run.smithi017.stdout:/usr/bin/ceph: stderr
2024-04-02T05:06:29.502+0000 7fb3c8445700 1 --2- 172.21.15.17:0/2679578206 >> [v2:172.21.15.17:3300/0,v1:172.21.15.17:6789/0] conn(0x7fb3c0106ce0 0x7fb3c019a180 secure :-1 s=READY pgs=73 cs=0 l=1 rev1=1 crypto rx=0x7fb3b0009870 tx=0x7fb3b0011ac0 comp rx=0 tx=0).stop
2024-04-02T05:06:30.148 INFO:teuthology.orchestra.run.smithi017.stdout:/usr/bin/ceph: stderr
2024-04-02T05:06:29.502+0000 7fb3c8445700 1 -- 172.21.15.17:0/2679578206 shutdown_connections
2024-04-02T05:06:30.148 INFO:teuthology.orchestra.run.smithi017.stdout:/usr/bin/ceph: stderr
2024-04-02T05:06:29.502+0000 7fb3c8445700 1 --2- 172.21.15.17:0/2679578206 >> v2:172.21.15.17:6800/2625217742 conn(0x7fb3a8038e00 0x7fb3a803b2c0 unknown :-1 s=CLOSED pgs=8 cs=0 l=1 rev1=1 crypto rx=0 tx=0 comp rx=0 tx=0).stop
2024-04-02T05:06:30.148 INFO:teuthology.orchestra.run.smithi017.stdout:/usr/bin/ceph: stderr
2024-04-02T05:06:29.502+0000 7fb3c8445700 1 --2- 172.21.15.17:0/2679578206 >> [v2:172.21.15.17:3300/0,v1:172.21.15.17:6789/0] conn(0x7fb3c0106ce0 0x7fb3c019a180 unknown :-1 s=CLOSED pgs=73 cs=0 l=1 rev1=1 crypto rx=0 tx=0 comp rx=0 tx=0).stop
2024-04-02T05:06:30.148 INFO:teuthology.orchestra.run.smithi017.stdout:/usr/bin/ceph: stderr
2024-04-02T05:06:29.502+0000 7fb3c8445700 1 -- 172.21.15.17:0/2679578206 >> 172.21.15.17:0/2679578206 conn(0x7fb3c0100770 msgr2=0x7fb3c0101260 unknown :-1 s=STATE_NONE l=0).mark_down
2024-04-02T05:06:30.148 INFO:teuthology.orchestra.run.smithi017.stdout:/usr/bin/ceph: stderr
2024-04-02T05:06:29.502+0000 7fb3c8445700 1 -- 172.21.15.17:0/2679578206 shutdown_connections
2024-04-02T05:06:30.148 INFO:teuthology.orchestra.run.smithi017.stdout:/usr/bin/ceph: stderr
2024-04-02T05:06:29.502+0000 7fb3c8445700 1 -- 172.21.15.17:0/2679578206 wait complete.
2024-04-02T05:06:30.149 INFO:teuthology.orchestra.run.smithi017.stdout:Fetching dashboard port number...
2024-04-02T05:06:30.809 INFO:journalctl@ceph.mon.a.smithi017.stdout:Apr 02 05:06:30 smithi017 bash[21439]: audit
2024-04-02T05:06:29.212271+0000 mgr.y (mgr.14152) 8 : audit 0 from='client.14166 -' entity='client.admin' cmd=[{"prefix": "dashboard ac-user-create", "username": "admin", "rolename": "administrator", "force_password": true, "pwd_update_required": true, "target": ["mon-mgr", ""]}]: dispatch
2024-04-02T05:06:30.809 INFO:journalctl@ceph.mon.a.smithi017.stdout:Apr 02 05:06:30 smithi017 bash[21439]: audit
2024-04-02T05:06:29.500961+0000 mon.a (mon.0) 91 : audit 1 from='mgr.14152 172.21.15.17:0/202466208' entity='mgr.y'
2024-04-02T05:06:31.892 INFO:journalctl@ceph.mon.a.smithi017.stdout:Apr 02 05:06:31 smithi017 bash[21439]: cluster
2024-04-02T05:06:30.505691+0000 mon.a (mon.0) 92 : cluster 0 mgrmap e13: y(active, since 6s)
2024-04-02T05:06:31.892 INFO:journalctl@ceph.mon.a.smithi017.stdout:Apr 02 05:06:31 smithi017 bash[21439]: audit
2024-04-02T05:06:31.188305+0000 mon.a (mon.0) 93 : audit 1 from='mgr.14152 172.21.15.17:0/202466208' entity='mgr.y'
2024-04-02T05:06:31.892 INFO:journalctl@ceph.mon.a.smithi017.stdout:Apr 02 05:06:31 smithi017 bash[21439]: audit
2024-04-02T05:06:31.390639+0000 mon.a (mon.0) 94 : audit 0 from='client.? 172.21.15.17:0/1458865766' entity='client.admin' cmd=[{"prefix": "config get", "who": "mgr", "key": "mgr/dashboard/ssl_server_port"}]: dispatch
2024-04-02T05:06:32.064 INFO:teuthology.orchestra.run.smithi017.stdout:/usr/bin/ceph: stdout 8443
2024-04-02T05:06:32.064 INFO:teuthology.orchestra.run.smithi017.stdout:/usr/bin/ceph: stderr
2024-04-02T05:06:30.986+0000 7fcaef9cc700 1 Processor -- start
2024-04-02T05:06:32.064 INFO:teuthology.orchestra.run.smithi017.stdout:/usr/bin/ceph: stderr
2024-04-02T05:06:30.986+0000 7fcaef9cc700 1 -- start start
2024-04-02T05:06:32.064 INFO:teuthology.orchestra.run.smithi017.stdout:/usr/bin/ceph: stderr
2024-04-02T05:06:30.986+0000 7fcaef9cc700 1 --2- >> [v2:172.21.15.17:3300/0,v1:172.21.15.17:6789/0] conn(0x7fcae807bfc0 0x7fcae807a420 unknown :-1 s=NONE pgs=0 cs=0 l=0 rev1=0 crypto rx=0 tx=0 comp rx=0 tx=0).connect
2024-04-02T05:06:32.064 INFO:teuthology.orchestra.run.smithi017.stdout:/usr/bin/ceph: stderr
2024-04-02T05:06:30.986+0000 7fcaef9cc700 1 -- --> [v2:172.21.15.17:3300/0,v1:172.21.15.17:6789/0] -- mon_getmap magic: 0 -- 0x7fcae807a9f0 con 0x7fcae807bfc0
2024-04-02T05:06:32.064 INFO:teuthology.orchestra.run.smithi017.stdout:/usr/bin/ceph: stderr
2024-04-02T05:06:30.986+0000 7fcaed768700 1 --2- >> [v2:172.21.15.17:3300/0,v1:172.21.15.17:6789/0] conn(0x7fcae807bfc0 0x7fcae807a420 unknown :-1 s=BANNER_CONNECTING pgs=0 cs=0 l=0 rev1=0 crypto rx=0 tx=0 comp rx=0 tx=0)._handle_peer_banner_payload supported=3 required=0
2024-04-02T05:06:32.064 INFO:teuthology.orchestra.run.smithi017.stdout:/usr/bin/ceph: stderr
2024-04-02T05:06:30.986+0000 7fcaed768700 1 --2- >> [v2:172.21.15.17:3300/0,v1:172.21.15.17:6789/0] conn(0x7fcae807bfc0 0x7fcae807a420 unknown :-1 s=HELLO_CONNECTING pgs=0 cs=0 l=0 rev1=1 crypto rx=0 tx=0 comp rx=0 tx=0).handle_hello peer v2:172.21.15.17:3300/0 says I am v2:172.21.15.17:46886/0 (socket says 172.21.15.17:46886)
2024-04-02T05:06:32.065 INFO:teuthology.orchestra.run.smithi017.stdout:/usr/bin/ceph: stderr
2024-04-02T05:06:30.986+0000 7fcaed768700 1 -- 172.21.15.17:0/1654765629 learned_addr learned my addr 172.21.15.17:0/1654765629 (peer_addr_for_me v2:172.21.15.17:0/0)
2024-04-02T05:06:32.065 INFO:teuthology.orchestra.run.smithi017.stdout:/usr/bin/ceph: stderr
2024-04-02T05:06:30.986+0000 7fcaed768700 1 -- 172.21.15.17:0/1654765629 --> [v2:172.21.15.17:3300/0,v1:172.21.15.17:6789/0] -- mon_subscribe({config=0+,monmap=0+}) -- 0x7fcae807ab70 con 0x7fcae807bfc0
2024-04-02T05:06:32.065 INFO:teuthology.orchestra.run.smithi017.stdout:/usr/bin/ceph: stderr
2024-04-02T05:06:30.986+0000 7fcaed768700 1 --2- 172.21.15.17:0/1654765629 >> [v2:172.21.15.17:3300/0,v1:172.21.15.17:6789/0] conn(0x7fcae807bfc0 0x7fcae807a420 secure :-1 s=READY pgs=74 cs=0 l=1 rev1=1 crypto rx=0x7fcae40098a0 tx=0x7fcae4009bb0 comp rx=0 tx=0).ready entity=mon.0 client_cookie=bd041af73cff411e server_cookie=0 in_seq=0 out_seq=0
2024-04-02T05:06:32.065 INFO:teuthology.orchestra.run.smithi017.stdout:/usr/bin/ceph: stderr
2024-04-02T05:06:30.986+0000 7fcadffff700 1 -- 172.21.15.17:0/1654765629 <== mon.0 v2:172.21.15.17:3300/0 1 ==== mon_map magic: 0 ==== 205+0+0 (secure 0 0 0) 0x7fcae4004160 con 0x7fcae807bfc0
2024-04-02T05:06:32.065 INFO:teuthology.orchestra.run.smithi017.stdout:/usr/bin/ceph: stderr
2024-04-02T05:06:30.986+0000 7fcadffff700 1 -- 172.21.15.17:0/1654765629 <== mon.0 v2:172.21.15.17:3300/0 2 ==== config(26 keys) ==== 1093+0+0 (secure 0 0 0) 0x7fcae4004300 con 0x7fcae807bfc0
2024-04-02T05:06:32.065 INFO:teuthology.orchestra.run.smithi017.stdout:/usr/bin/ceph: stderr
2024-04-02T05:06:30.986+0000 7fcadffff700 1 -- 172.21.15.17:0/1654765629 <== mon.0 v2:172.21.15.17:3300/0 3 ==== mon_map magic: 0 ==== 205+0+0 (secure 0 0 0) 0x7fcae4011a00 con 0x7fcae807bfc0
2024-04-02T05:06:32.065 INFO:teuthology.orchestra.run.smithi017.stdout:/usr/bin/ceph: stderr
2024-04-02T05:06:30.986+0000 7fcaef9cc700 1 -- 172.21.15.17:0/1654765629 >> [v2:172.21.15.17:3300/0,v1:172.21.15.17:6789/0] conn(0x7fcae807bfc0 msgr2=0x7fcae807a420 secure :-1 s=STATE_CONNECTION_ESTABLISHED l=1).mark_down
2024-04-02T05:06:32.065 INFO:teuthology.orchestra.run.smithi017.stdout:/usr/bin/ceph: stderr
2024-04-02T05:06:30.986+0000 7fcaef9cc700 1 --2- 172.21.15.17:0/1654765629 >> [v2:172.21.15.17:3300/0,v1:172.21.15.17:6789/0] conn(0x7fcae807bfc0 0x7fcae807a420 secure :-1 s=READY pgs=74 cs=0 l=1 rev1=1 crypto rx=0x7fcae40098a0 tx=0x7fcae4009bb0 comp rx=0 tx=0).stop
2024-04-02T05:06:32.065 INFO:teuthology.orchestra.run.smithi017.stdout:/usr/bin/ceph: stderr
2024-04-02T05:06:30.986+0000 7fcaef9cc700 1 -- 172.21.15.17:0/1654765629 shutdown_connections
2024-04-02T05:06:32.069 INFO:teuthology.orchestra.run.smithi017.stdout:/usr/bin/ceph: stderr
2024-04-02T05:06:30.986+0000 7fcaef9cc700 1 --2- 172.21.15.17:0/1654765629 >> [v2:172.21.15.17:3300/0,v1:172.21.15.17:6789/0] conn(0x7fcae807bfc0 0x7fcae807a420 unknown :-1 s=CLOSED pgs=74 cs=0 l=1 rev1=1 crypto rx=0 tx=0 comp rx=0 tx=0).stop
2024-04-02T05:06:32.069 INFO:teuthology.orchestra.run.smithi017.stdout:/usr/bin/ceph: stderr
2024-04-02T05:06:30.986+0000 7fcaef9cc700 1 -- 172.21.15.17:0/1654765629 >> 172.21.15.17:0/1654765629 conn(0x7fcae8101800 msgr2=0x7fcae8103c20 unknown :-1 s=STATE_NONE l=0).mark_down
2024-04-02T05:06:32.069 INFO:teuthology.orchestra.run.smithi017.stdout:/usr/bin/ceph: stderr
2024-04-02T05:06:30.986+0000 7fcaef9cc700 1 -- 172.21.15.17:0/1654765629 shutdown_connections
2024-04-02T05:06:32.069 INFO:teuthology.orchestra.run.smithi017.stdout:/usr/bin/ceph: stderr
2024-04-02T05:06:30.986+0000 7fcaef9cc700 1 -- 172.21.15.17:0/1654765629 wait complete.
2024-04-02T05:06:32.069 INFO:teuthology.orchestra.run.smithi017.stdout:/usr/bin/ceph: stderr
2024-04-02T05:06:30.986+0000 7fcaef9cc700 1 Processor -- start
2024-04-02T05:06:32.069 INFO:teuthology.orchestra.run.smithi017.stdout:/usr/bin/ceph: stderr
2024-04-02T05:06:30.986+0000 7fcaef9cc700 1 -- start start
2024-04-02T05:06:32.069 INFO:teuthology.orchestra.run.smithi017.stdout:/usr/bin/ceph: stderr
2024-04-02T05:06:30.986+0000 7fcaef9cc700 1 --2- >> [v2:172.21.15.17:3300/0,v1:172.21.15.17:6789/0] conn(0x7fcae807bfc0 0x7fcae819c2e0 unknown :-1 s=NONE pgs=0 cs=0 l=1 rev1=0 crypto rx=0 tx=0 comp rx=0 tx=0).connect
2024-04-02T05:06:32.070 INFO:teuthology.orchestra.run.smithi017.stdout:/usr/bin/ceph: stderr
2024-04-02T05:06:30.986+0000 7fcaef9cc700 1 -- --> [v2:172.21.15.17:3300/0,v1:172.21.15.17:6789/0] -- mon_getmap magic: 0 -- 0x7fcae810c860 con 0x7fcae807bfc0
2024-04-02T05:06:32.070 INFO:teuthology.orchestra.run.smithi017.stdout:/usr/bin/ceph: stderr
2024-04-02T05:06:30.986+0000 7fcaed768700 1 --2- >> [v2:172.21.15.17:3300/0,v1:172.21.15.17:6789/0] conn(0x7fcae807bfc0 0x7fcae819c2e0 unknown :-1 s=BANNER_CONNECTING pgs=0 cs=0 l=1 rev1=0 crypto rx=0 tx=0 comp rx=0 tx=0)._handle_peer_banner_payload supported=3 required=0
2024-04-02T05:06:32.070 INFO:teuthology.orchestra.run.smithi017.stdout:/usr/bin/ceph: stderr
2024-04-02T05:06:30.986+0000 7fcaed768700 1 --2- >> [v2:172.21.15.17:3300/0,v1:172.21.15.17:6789/0] conn(0x7fcae807bfc0 0x7fcae819c2e0 unknown :-1 s=HELLO_CONNECTING pgs=0 cs=0 l=1 rev1=1 crypto rx=0 tx=0 comp rx=0 tx=0).handle_hello peer v2:172.21.15.17:3300/0 says I am v2:172.21.15.17:46896/0 (socket says 172.21.15.17:46896)
2024-04-02T05:06:32.070 INFO:teuthology.orchestra.run.smithi017.stdout:/usr/bin/ceph: stderr
2024-04-02T05:06:30.986+0000 7fcaed768700 1 -- 172.21.15.17:0/1458865766 learned_addr learned my addr 172.21.15.17:0/1458865766 (peer_addr_for_me v2:172.21.15.17:0/0)
2024-04-02T05:06:32.070 INFO:teuthology.orchestra.run.smithi017.stdout:/usr/bin/ceph: stderr
2024-04-02T05:06:30.986+0000 7fcaed768700 1 -- 172.21.15.17:0/1458865766 --> [v2:172.21.15.17:3300/0,v1:172.21.15.17:6789/0] -- mon_subscribe({config=0+,monmap=0+}) -- 0x7fcae819c820 con 0x7fcae807bfc0
2024-04-02T05:06:32.070 INFO:teuthology.orchestra.run.smithi017.stdout:/usr/bin/ceph: stderr
2024-04-02T05:06:30.990+0000 7fcaed768700 1 --2- 172.21.15.17:0/1458865766 >> [v2:172.21.15.17:3300/0,v1:172.21.15.17:6789/0] conn(0x7fcae807bfc0 0x7fcae819c2e0 secure :-1 s=READY pgs=75 cs=0 l=1 rev1=1 crypto rx=0x7fcae4009870 tx=0x7fcae4011ac0 comp rx=0 tx=0).ready entity=mon.0 client_cookie=0 server_cookie=0 in_seq=0 out_seq=0
2024-04-02T05:06:32.070 INFO:teuthology.orchestra.run.smithi017.stdout:/usr/bin/ceph: stderr
2024-04-02T05:06:30.990+0000 7fcade7fc700 1 -- 172.21.15.17:0/1458865766 <== mon.0 v2:172.21.15.17:3300/0 1 ==== mon_map magic: 0 ==== 205+0+0 (secure 0 0 0) 0x7fcae4003af0 con 0x7fcae807bfc0
2024-04-02T05:06:32.070 INFO:teuthology.orchestra.run.smithi017.stdout:/usr/bin/ceph: stderr
2024-04-02T05:06:30.990+0000 7fcade7fc700 1 -- 172.21.15.17:0/1458865766 <== mon.0 v2:172.21.15.17:3300/0 2 ==== config(26 keys) ==== 1093+0+0 (secure 0 0 0) 0x7fcae401a8e0 con 0x7fcae807bfc0
2024-04-02T05:06:32.070 INFO:teuthology.orchestra.run.smithi017.stdout:/usr/bin/ceph: stderr
2024-04-02T05:06:30.990+0000 7fcaef9cc700 1 -- 172.21.15.17:0/1458865766 --> [v2:172.21.15.17:3300/0,v1:172.21.15.17:6789/0] -- mon_subscribe({mgrmap=0+}) -- 0x7fcae819cab0 con 0x7fcae807bfc0
2024-04-02T05:06:32.070 INFO:teuthology.orchestra.run.smithi017.stdout:/usr/bin/ceph: stderr
2024-04-02T05:06:30.990+0000 7fcade7fc700 1 -- 172.21.15.17:0/1458865766 <== mon.0 v2:172.21.15.17:3300/0 3 ==== mon_map magic: 0 ==== 205+0+0 (secure 0 0 0) 0x7fcae40248d0 con 0x7fcae807bfc0
2024-04-02T05:06:32.070 INFO:teuthology.orchestra.run.smithi017.stdout:/usr/bin/ceph: stderr
2024-04-02T05:06:30.990+0000 7fcaef9cc700 1 -- 172.21.15.17:0/1458865766 --> [v2:172.21.15.17:3300/0,v1:172.21.15.17:6789/0] -- mon_subscribe({osdmap=0}) -- 0x7fcae819f7a0 con 0x7fcae807bfc0
2024-04-02T05:06:32.070 INFO:teuthology.orchestra.run.smithi017.stdout:/usr/bin/ceph: stderr
2024-04-02T05:06:30.990+0000 7fcade7fc700 1 -- 172.21.15.17:0/1458865766 <== mon.0 v2:172.21.15.17:3300/0 4 ==== mgrmap(e 13) ==== 46137+0+0 (secure 0 0 0) 0x7fcae4022020 con 0x7fcae807bfc0
2024-04-02T05:06:32.070 INFO:teuthology.orchestra.run.smithi017.stdout:/usr/bin/ceph: stderr
2024-04-02T05:06:30.990+0000 7fcade7fc700 1 --2- 172.21.15.17:0/1458865766 >> v2:172.21.15.17:6800/2625217742 conn(0x7fcad40390a0 0x7fcad403b560 unknown :-1 s=NONE pgs=0 cs=0 l=1 rev1=0 crypto rx=0 tx=0 comp rx=0 tx=0).connect
2024-04-02T05:06:32.071 INFO:teuthology.orchestra.run.smithi017.stdout:/usr/bin/ceph: stderr
2024-04-02T05:06:30.990+0000 7fcade7fc700 1 -- 172.21.15.17:0/1458865766 <== mon.0 v2:172.21.15.17:3300/0 5 ==== osd_map(3..3 src has 1..3) ==== 1069+0+0 (secure 0 0 0) 0x7fcae404d980 con 0x7fcae807bfc0
2024-04-02T05:06:32.071 INFO:teuthology.orchestra.run.smithi017.stdout:/usr/bin/ceph: stderr
2024-04-02T05:06:30.990+0000 7fcaecf67700 1 --2- 172.21.15.17:0/1458865766 >> v2:172.21.15.17:6800/2625217742 conn(0x7fcad40390a0 0x7fcad403b560 unknown :-1 s=BANNER_CONNECTING pgs=0 cs=0 l=1 rev1=0 crypto rx=0 tx=0 comp rx=0 tx=0)._handle_peer_banner_payload supported=3 required=0
2024-04-02T05:06:32.071 INFO:teuthology.orchestra.run.smithi017.stdout:/usr/bin/ceph: stderr
2024-04-02T05:06:30.990+0000 7fcad3fff700 1 -- 172.21.15.17:0/1458865766 --> [v2:172.21.15.17:3300/0,v1:172.21.15.17:6789/0] -- mon_command({"prefix": "get_command_descriptions"} v 0) -- 0x7fcac8005120 con 0x7fcae807bfc0
2024-04-02T05:06:32.071 INFO:teuthology.orchestra.run.smithi017.stdout:/usr/bin/ceph: stderr
2024-04-02T05:06:30.990+0000 7fcaecf67700 1 --2- 172.21.15.17:0/1458865766 >> v2:172.21.15.17:6800/2625217742 conn(0x7fcad40390a0 0x7fcad403b560 secure :-1 s=READY pgs=9 cs=0 l=1 rev1=1 crypto rx=0x7fcad8006fd0 tx=0x7fcad8006e40 comp rx=0 tx=0).ready entity=mgr.14152 client_cookie=0 server_cookie=0 in_seq=0 out_seq=0
2024-04-02T05:06:32.071 INFO:teuthology.orchestra.run.smithi017.stdout:/usr/bin/ceph: stderr
2024-04-02T05:06:30.998+0000 7fcade7fc700 1 -- 172.21.15.17:0/1458865766 <== mon.0 v2:172.21.15.17:3300/0 6 ==== mon_command_ack([{"prefix": "get_command_descriptions"}]=0 v0) ==== 72+0+184932 (secure 0 0 0) 0x7fcae400b3e0 con 0x7fcae807bfc0
2024-04-02T05:06:32.071 INFO:teuthology.orchestra.run.smithi017.stdout:/usr/bin/ceph: stderr
2024-04-02T05:06:31.386+0000 7fcad3fff700 1 -- 172.21.15.17:0/1458865766 --> [v2:172.21.15.17:3300/0,v1:172.21.15.17:6789/0] -- mon_command({"prefix": "config get", "who": "mgr", "key": "mgr/dashboard/ssl_server_port"} v 0) -- 0x7fcac8005410 con 0x7fcae807bfc0
2024-04-02T05:06:32.071 INFO:teuthology.orchestra.run.smithi017.stdout:/usr/bin/ceph: stderr
2024-04-02T05:06:31.386+0000 7fcade7fc700 1 -- 172.21.15.17:0/1458865766 <== mon.0 v2:172.21.15.17:3300/0 7 ==== mon_command_ack([{"prefix": "config get", "who": "mgr", "key": "mgr/dashboard/ssl_server_port"}]=0 v8) ==== 112+0+5 (secure 0 0 0) 0x7fcae4032030 con 0x7fcae807bfc0
2024-04-02T05:06:32.071 INFO:teuthology.orchestra.run.smithi017.stdout:/usr/bin/ceph: stderr
2024-04-02T05:06:31.386+0000 7fcad3fff700 1 -- 172.21.15.17:0/1458865766 >> v2:172.21.15.17:6800/2625217742 conn(0x7fcad40390a0 msgr2=0x7fcad403b560 secure :-1 s=STATE_CONNECTION_ESTABLISHED l=1).mark_down
2024-04-02T05:06:32.071 INFO:teuthology.orchestra.run.smithi017.stdout:/usr/bin/ceph: stderr
2024-04-02T05:06:31.386+0000 7fcad3fff700 1 --2- 172.21.15.17:0/1458865766 >> v2:172.21.15.17:6800/2625217742 conn(0x7fcad40390a0 0x7fcad403b560 secure :-1 s=READY pgs=9 cs=0 l=1 rev1=1 crypto rx=0x7fcad8006fd0 tx=0x7fcad8006e40 comp rx=0 tx=0).stop
2024-04-02T05:06:32.071 INFO:teuthology.orchestra.run.smithi017.stdout:/usr/bin/ceph: stderr
2024-04-02T05:06:31.386+0000 7fcad3fff700 1 -- 172.21.15.17:0/1458865766 >> [v2:172.21.15.17:3300/0,v1:172.21.15.17:6789/0] conn(0x7fcae807bfc0 msgr2=0x7fcae819c2e0 secure :-1 s=STATE_CONNECTION_ESTABLISHED l=1).mark_down
2024-04-02T05:06:32.071 INFO:teuthology.orchestra.run.smithi017.stdout:/usr/bin/ceph: stderr
2024-04-02T05:06:31.386+0000 7fcad3fff700 1 --2- 172.21.15.17:0/1458865766 >> [v2:172.21.15.17:3300/0,v1:172.21.15.17:6789/0] conn(0x7fcae807bfc0 0x7fcae819c2e0 secure :-1 s=READY pgs=75 cs=0 l=1 rev1=1 crypto rx=0x7fcae4009870 tx=0x7fcae4011ac0 comp rx=0 tx=0).stop
2024-04-02T05:06:32.071 INFO:teuthology.orchestra.run.smithi017.stdout:/usr/bin/ceph: stderr
2024-04-02T05:06:31.386+0000 7fcad3fff700 1 -- 172.21.15.17:0/1458865766 shutdown_connections
2024-04-02T05:06:32.071 INFO:teuthology.orchestra.run.smithi017.stdout:/usr/bin/ceph: stderr
2024-04-02T05:06:31.386+0000 7fcad3fff700 1 --2- 172.21.15.17:0/1458865766 >> v2:172.21.15.17:6800/2625217742 conn(0x7fcad40390a0 0x7fcad403b560 unknown :-1 s=CLOSED pgs=9 cs=0 l=1 rev1=1 crypto rx=0 tx=0 comp rx=0 tx=0).stop
2024-04-02T05:06:32.071 INFO:teuthology.orchestra.run.smithi017.stdout:/usr/bin/ceph: stderr
2024-04-02T05:06:31.386+0000 7fcad3fff700 1 --2- 172.21.15.17:0/1458865766 >> [v2:172.21.15.17:3300/0,v1:172.21.15.17:6789/0] conn(0x7fcae807bfc0 0x7fcae819c2e0 unknown :-1 s=CLOSED pgs=75 cs=0 l=1 rev1=1 crypto rx=0 tx=0 comp rx=0 tx=0).stop
2024-04-02T05:06:32.072 INFO:teuthology.orchestra.run.smithi017.stdout:/usr/bin/ceph: stderr
2024-04-02T05:06:31.386+0000 7fcad3fff700 1 -- 172.21.15.17:0/1458865766 >> 172.21.15.17:0/1458865766 conn(0x7fcae8101800 msgr2=0x7fcae8102260 unknown :-1 s=STATE_NONE l=0).mark_down
2024-04-02T05:06:32.072 INFO:teuthology.orchestra.run.smithi017.stdout:/usr/bin/ceph: stderr
2024-04-02T05:06:31.390+0000 7fcad3fff700 1 -- 172.21.15.17:0/1458865766 shutdown_connections
2024-04-02T05:06:32.072 INFO:teuthology.orchestra.run.smithi017.stdout:/usr/bin/ceph: stderr
2024-04-02T05:06:31.390+0000 7fcad3fff700 1 -- 172.21.15.17:0/1458865766 wait complete.
2024-04-02T05:06:32.072 INFO:teuthology.orchestra.run.smithi017.stdout:firewalld does not appear to be present
2024-04-02T05:06:32.072 INFO:teuthology.orchestra.run.smithi017.stdout:Not possible to open ports <[8443]>. firewalld.service is not available
2024-04-02T05:06:32.072 INFO:teuthology.orchestra.run.smithi017.stdout:Ceph Dashboard is now available at:
2024-04-02T05:06:32.072 INFO:teuthology.orchestra.run.smithi017.stdout:
2024-04-02T05:06:32.072 INFO:teuthology.orchestra.run.smithi017.stdout: URL: https://smithi017.front.sepia.ceph.com:8443/
2024-04-02T05:06:32.073 INFO:teuthology.orchestra.run.smithi017.stdout: User: admin
2024-04-02T05:06:32.073 INFO:teuthology.orchestra.run.smithi017.stdout: Password: c5zw5ff38q
2024-04-02T05:06:32.073 INFO:teuthology.orchestra.run.smithi017.stdout:
2024-04-02T05:06:32.073 INFO:teuthology.orchestra.run.smithi017.stdout:Saving cluster configuration to /var/lib/ceph/6ffebb14-f0ae-11ee-b647-cb9ed24678a4/config directory
2024-04-02T05:06:32.073 INFO:teuthology.orchestra.run.smithi017.stdout:Enabling autotune for osd_memory_target
2024-04-02T05:06:33.642 INFO:journalctl@ceph.mon.a.smithi017.stdout:Apr 02 05:06:33 smithi017 bash[21439]: audit
2024-04-02T05:06:32.282567+0000 mon.a (mon.0) 95 : audit 1 from='mgr.14152 172.21.15.17:0/202466208' entity='mgr.y'
2024-04-02T05:06:33.927 INFO:teuthology.orchestra.run.smithi017.stdout:/usr/bin/ceph: stderr
2024-04-02T05:06:32.926+0000 7ff1dc762700 1 Processor -- start
2024-04-02T05:06:33.927 INFO:teuthology.orchestra.run.smithi017.stdout:/usr/bin/ceph: stderr
2024-04-02T05:06:32.926+0000 7ff1dc762700 1 -- start start
2024-04-02T05:06:33.927 INFO:teuthology.orchestra.run.smithi017.stdout:/usr/bin/ceph: stderr
2024-04-02T05:06:32.926+0000 7ff1dc762700 1 --2- >> [v2:172.21.15.17:3300/0,v1:172.21.15.17:6789/0] conn(0x7ff1d410d070 0x7ff1d410f460 unknown :-1 s=NONE pgs=0 cs=0 l=0 rev1=0 crypto rx=0 tx=0 comp rx=0 tx=0).connect
2024-04-02T05:06:33.927 INFO:teuthology.orchestra.run.smithi017.stdout:/usr/bin/ceph: stderr
2024-04-02T05:06:32.926+0000 7ff1dc762700 1 -- --> [v2:172.21.15.17:3300/0,v1:172.21.15.17:6789/0] -- mon_getmap magic: 0 -- 0x7ff1d410fa30 con 0x7ff1d410d070
2024-04-02T05:06:33.927 INFO:teuthology.orchestra.run.smithi017.stdout:/usr/bin/ceph: stderr
2024-04-02T05:06:32.926+0000 7ff1da4fe700 1 --2- >> [v2:172.21.15.17:3300/0,v1:172.21.15.17:6789/0] conn(0x7ff1d410d070 0x7ff1d410f460 unknown :-1 s=BANNER_CONNECTING pgs=0 cs=0 l=0 rev1=0 crypto rx=0 tx=0 comp rx=0 tx=0)._handle_peer_banner_payload supported=3 required=0
2024-04-02T05:06:33.933 INFO:teuthology.orchestra.run.smithi017.stdout:/usr/bin/ceph: stderr
2024-04-02T05:06:32.926+0000 7ff1da4fe700 1 --2- >> [v2:172.21.15.17:3300/0,v1:172.21.15.17:6789/0] conn(0x7ff1d410d070 0x7ff1d410f460 unknown :-1 s=HELLO_CONNECTING pgs=0 cs=0 l=0 rev1=1 crypto rx=0 tx=0 comp rx=0 tx=0).handle_hello peer v2:172.21.15.17:3300/0 says I am v2:172.21.15.17:46900/0 (socket says 172.21.15.17:46900)
2024-04-02T05:06:33.933 INFO:teuthology.orchestra.run.smithi017.stdout:/usr/bin/ceph: stderr
2024-04-02T05:06:32.926+0000 7ff1da4fe700 1 -- 172.21.15.17:0/2736726940 learned_addr learned my addr 172.21.15.17:0/2736726940 (peer_addr_for_me v2:172.21.15.17:0/0)
2024-04-02T05:06:33.933 INFO:teuthology.orchestra.run.smithi017.stdout:/usr/bin/ceph: stderr
2024-04-02T05:06:32.926+0000 7ff1da4fe700 1 -- 172.21.15.17:0/2736726940 --> [v2:172.21.15.17:3300/0,v1:172.21.15.17:6789/0] -- mon_subscribe({config=0+,monmap=0+}) -- 0x7ff1d410fbb0 con 0x7ff1d410d070
2024-04-02T05:06:33.933 INFO:teuthology.orchestra.run.smithi017.stdout:/usr/bin/ceph: stderr
2024-04-02T05:06:32.926+0000 7ff1da4fe700 1 --2- 172.21.15.17:0/2736726940 >> [v2:172.21.15.17:3300/0,v1:172.21.15.17:6789/0] conn(0x7ff1d410d070 0x7ff1d410f460 secure :-1 s=READY pgs=76 cs=0 l=1 rev1=1 crypto rx=0x7ff1d0009e80 tx=0x7ff1d000b330 comp rx=0 tx=0).ready entity=mon.0 client_cookie=2ca7e94554e8afb2 server_cookie=0 in_seq=0 out_seq=0
2024-04-02T05:06:33.933 INFO:teuthology.orchestra.run.smithi017.stdout:/usr/bin/ceph: stderr
2024-04-02T05:06:32.926+0000 7ff1d94fc700 1 -- 172.21.15.17:0/2736726940 <== mon.0 v2:172.21.15.17:3300/0 1 ==== mon_map magic: 0 ==== 205+0+0 (secure 0 0 0) 0x7ff1d0017070 con 0x7ff1d410d070
2024-04-02T05:06:33.933 INFO:teuthology.orchestra.run.smithi017.stdout:/usr/bin/ceph: stderr
2024-04-02T05:06:32.926+0000 7ff1d94fc700 1 -- 172.21.15.17:0/2736726940 <== mon.0 v2:172.21.15.17:3300/0 2 ==== config(26 keys) ==== 1093+0+0 (secure 0 0 0) 0x7ff1d000b8c0 con 0x7ff1d410d070
2024-04-02T05:06:33.933 INFO:teuthology.orchestra.run.smithi017.stdout:/usr/bin/ceph: stderr
2024-04-02T05:06:32.926+0000 7ff1d94fc700 1 -- 172.21.15.17:0/2736726940 <== mon.0 v2:172.21.15.17:3300/0 3 ==== mon_map magic: 0 ==== 205+0+0 (secure 0 0 0) 0x7ff1d0004470 con 0x7ff1d410d070
2024-04-02T05:06:33.934 INFO:teuthology.orchestra.run.smithi017.stdout:/usr/bin/ceph: stderr
2024-04-02T05:06:32.930+0000 7ff1dc762700 1 -- 172.21.15.17:0/2736726940 >> [v2:172.21.15.17:3300/0,v1:172.21.15.17:6789/0] conn(0x7ff1d410d070 msgr2=0x7ff1d410f460 secure :-1 s=STATE_CONNECTION_ESTABLISHED l=1).mark_down
2024-04-02T05:06:33.934 INFO:teuthology.orchestra.run.smithi017.stdout:/usr/bin/ceph: stderr
2024-04-02T05:06:32.930+0000 7ff1dc762700 1 --2- 172.21.15.17:0/2736726940 >> [v2:172.21.15.17:3300/0,v1:172.21.15.17:6789/0] conn(0x7ff1d410d070 0x7ff1d410f460 secure :-1 s=READY pgs=76 cs=0 l=1 rev1=1 crypto rx=0x7ff1d0009e80 tx=0x7ff1d000b330 comp rx=0 tx=0).stop
2024-04-02T05:06:33.934 INFO:teuthology.orchestra.run.smithi017.stdout:/usr/bin/ceph: stderr
2024-04-02T05:06:32.930+0000 7ff1dc762700 1 -- 172.21.15.17:0/2736726940 shutdown_connections
2024-04-02T05:06:33.934 INFO:teuthology.orchestra.run.smithi017.stdout:/usr/bin/ceph: stderr
2024-04-02T05:06:32.930+0000 7ff1dc762700 1 --2- 172.21.15.17:0/2736726940 >> [v2:172.21.15.17:3300/0,v1:172.21.15.17:6789/0] conn(0x7ff1d410d070 0x7ff1d410f460 unknown :-1 s=CLOSED pgs=76 cs=0 l=1 rev1=1 crypto rx=0 tx=0 comp rx=0 tx=0).stop
2024-04-02T05:06:33.934 INFO:teuthology.orchestra.run.smithi017.stdout:/usr/bin/ceph: stderr
2024-04-02T05:06:32.930+0000 7ff1dc762700 1 -- 172.21.15.17:0/2736726940 >> 172.21.15.17:0/2736726940 conn(0x7ff1d407b8d0 msgr2=0x7ff1d407dcf0 unknown :-1 s=STATE_NONE l=0).mark_down
2024-04-02T05:06:33.934 INFO:teuthology.orchestra.run.smithi017.stdout:/usr/bin/ceph: stderr
2024-04-02T05:06:32.930+0000 7ff1dc762700 1 -- 172.21.15.17:0/2736726940 shutdown_connections
2024-04-02T05:06:33.934 INFO:teuthology.orchestra.run.smithi017.stdout:/usr/bin/ceph: stderr
2024-04-02T05:06:32.930+0000 7ff1dc762700 1 -- 172.21.15.17:0/2736726940 wait complete.
2024-04-02T05:06:33.934 INFO:teuthology.orchestra.run.smithi017.stdout:/usr/bin/ceph: stderr
2024-04-02T05:06:32.930+0000 7ff1dc762700 1 Processor -- start
2024-04-02T05:06:33.934 INFO:teuthology.orchestra.run.smithi017.stdout:/usr/bin/ceph: stderr
2024-04-02T05:06:32.930+0000 7ff1dc762700 1 -- start start
2024-04-02T05:06:33.934 INFO:teuthology.orchestra.run.smithi017.stdout:/usr/bin/ceph: stderr
2024-04-02T05:06:32.930+0000 7ff1dc762700 1 --2- >> [v2:172.21.15.17:3300/0,v1:172.21.15.17:6789/0] conn(0x7ff1d410d070 0x7ff1d41a0780 unknown :-1 s=NONE pgs=0 cs=0 l=1 rev1=0 crypto rx=0 tx=0 comp rx=0 tx=0).connect
2024-04-02T05:06:33.934 INFO:teuthology.orchestra.run.smithi017.stdout:/usr/bin/ceph: stderr
2024-04-02T05:06:32.930+0000 7ff1dc762700 1 -- --> [v2:172.21.15.17:3300/0,v1:172.21.15.17:6789/0] -- mon_getmap magic: 0 -- 0x7ff1d4110c70 con 0x7ff1d410d070
2024-04-02T05:06:33.935 INFO:teuthology.orchestra.run.smithi017.stdout:/usr/bin/ceph: stderr
2024-04-02T05:06:32.930+0000 7ff1da4fe700 1 --2- >> [v2:172.21.15.17:3300/0,v1:172.21.15.17:6789/0] conn(0x7ff1d410d070 0x7ff1d41a0780 unknown :-1 s=BANNER_CONNECTING pgs=0 cs=0 l=1 rev1=0 crypto rx=0 tx=0 comp rx=0 tx=0)._handle_peer_banner_payload supported=3 required=0
2024-04-02T05:06:33.935 INFO:teuthology.orchestra.run.smithi017.stdout:/usr/bin/ceph: stderr
2024-04-02T05:06:32.930+0000 7ff1da4fe700 1 --2- >> [v2:172.21.15.17:3300/0,v1:172.21.15.17:6789/0] conn(0x7ff1d410d070 0x7ff1d41a0780 unknown :-1 s=HELLO_CONNECTING pgs=0 cs=0 l=1 rev1=1 crypto rx=0 tx=0 comp rx=0 tx=0).handle_hello peer v2:172.21.15.17:3300/0 says I am v2:172.21.15.17:46906/0 (socket says 172.21.15.17:46906)
2024-04-02T05:06:33.935 INFO:teuthology.orchestra.run.smithi017.stdout:/usr/bin/ceph: stderr
2024-04-02T05:06:32.930+0000 7ff1da4fe700 1 -- 172.21.15.17:0/3607886046 learned_addr learned my addr 172.21.15.17:0/3607886046 (peer_addr_for_me v2:172.21.15.17:0/0)
2024-04-02T05:06:33.935 INFO:teuthology.orchestra.run.smithi017.stdout:/usr/bin/ceph: stderr
2024-04-02T05:06:32.930+0000 7ff1da4fe700 1 -- 172.21.15.17:0/3607886046 --> [v2:172.21.15.17:3300/0,v1:172.21.15.17:6789/0] -- mon_subscribe({config=0+,monmap=0+}) -- 0x7ff1d41a0cc0 con 0x7ff1d410d070
2024-04-02T05:06:33.935 INFO:teuthology.orchestra.run.smithi017.stdout:/usr/bin/ceph: stderr
2024-04-02T05:06:32.930+0000 7ff1da4fe700 1 --2- 172.21.15.17:0/3607886046 >> [v2:172.21.15.17:3300/0,v1:172.21.15.17:6789/0] conn(0x7ff1d410d070 0x7ff1d41a0780 secure :-1 s=READY pgs=77 cs=0 l=1 rev1=1 crypto rx=0x7ff1d00041e0 tx=0x7ff1d0003ce0 comp rx=0 tx=0).ready entity=mon.0 client_cookie=0 server_cookie=0 in_seq=0 out_seq=0
2024-04-02T05:06:33.935 INFO:teuthology.orchestra.run.smithi017.stdout:/usr/bin/ceph: stderr
2024-04-02T05:06:32.930+0000 7ff1cb7fe700 1 -- 172.21.15.17:0/3607886046 <== mon.0 v2:172.21.15.17:3300/0 1 ==== mon_map magic: 0 ==== 205+0+0 (secure 0 0 0) 0x7ff1d0021020 con 0x7ff1d410d070
2024-04-02T05:06:33.935 INFO:teuthology.orchestra.run.smithi017.stdout:/usr/bin/ceph: stderr
2024-04-02T05:06:32.930+0000 7ff1cb7fe700 1 -- 172.21.15.17:0/3607886046 <== mon.0 v2:172.21.15.17:3300/0 2 ==== config(26 keys) ==== 1093+0+0 (secure 0 0 0) 0x7ff1d000ba70 con 0x7ff1d410d070
2024-04-02T05:06:33.935 INFO:teuthology.orchestra.run.smithi017.stdout:/usr/bin/ceph: stderr
2024-04-02T05:06:32.930+0000 7ff1cb7fe700 1 -- 172.21.15.17:0/3607886046 <== mon.0 v2:172.21.15.17:3300/0 3 ==== mon_map magic: 0 ==== 205+0+0 (secure 0 0 0) 0x7ff1d0017040 con 0x7ff1d410d070
2024-04-02T05:06:33.935 INFO:teuthology.orchestra.run.smithi017.stdout:/usr/bin/ceph: stderr
2024-04-02T05:06:32.930+0000 7ff1dc762700 1 -- 172.21.15.17:0/3607886046 --> [v2:172.21.15.17:3300/0,v1:172.21.15.17:6789/0] -- mon_subscribe({mgrmap=0+}) -- 0x7ff1d41a0f50 con 0x7ff1d410d070
2024-04-02T05:06:33.935 INFO:teuthology.orchestra.run.smithi017.stdout:/usr/bin/ceph: stderr
2024-04-02T05:06:32.930+0000 7ff1dc762700 1 -- 172.21.15.17:0/3607886046 --> [v2:172.21.15.17:3300/0,v1:172.21.15.17:6789/0] -- mon_subscribe({osdmap=0}) -- 0x7ff1d41a3c40 con 0x7ff1d410d070
2024-04-02T05:06:33.935 INFO:teuthology.orchestra.run.smithi017.stdout:/usr/bin/ceph: stderr
2024-04-02T05:06:32.930+0000 7ff1cb7fe700 1 -- 172.21.15.17:0/3607886046 <== mon.0 v2:172.21.15.17:3300/0 4 ==== mgrmap(e 13) ==== 46137+0+0 (secure 0 0 0) 0x7ff1d0024020 con 0x7ff1d410d070
2024-04-02T05:06:33.935 INFO:teuthology.orchestra.run.smithi017.stdout:/usr/bin/ceph: stderr
2024-04-02T05:06:32.930+0000 7ff1cb7fe700 1 --2- 172.21.15.17:0/3607886046 >> v2:172.21.15.17:6800/2625217742 conn(0x7ff1c0038e60 0x7ff1c003b320 unknown :-1 s=NONE pgs=0 cs=0 l=1 rev1=0 crypto rx=0 tx=0 comp rx=0 tx=0).connect
2024-04-02T05:06:33.935 INFO:teuthology.orchestra.run.smithi017.stdout:/usr/bin/ceph: stderr
2024-04-02T05:06:32.930+0000 7ff1dc762700 1 -- 172.21.15.17:0/3607886046 --> [v2:172.21.15.17:3300/0,v1:172.21.15.17:6789/0] -- mon_command({"prefix": "get_command_descriptions"} v 0) -- 0x7ff1d4063870 con 0x7ff1d410d070
2024-04-02T05:06:33.936 INFO:teuthology.orchestra.run.smithi017.stdout:/usr/bin/ceph: stderr
2024-04-02T05:06:32.930+0000 7ff1cb7fe700 1 -- 172.21.15.17:0/3607886046 <== mon.0 v2:172.21.15.17:3300/0 5 ==== osd_map(3..3 src has 1..3) ==== 1069+0+0 (secure 0 0 0) 0x7ff1d000f050 con 0x7ff1d410d070
2024-04-02T05:06:33.936 INFO:teuthology.orchestra.run.smithi017.stdout:/usr/bin/ceph: stderr
2024-04-02T05:06:32.930+0000 7ff1d9cfd700 1 --2- 172.21.15.17:0/3607886046 >> v2:172.21.15.17:6800/2625217742 conn(0x7ff1c0038e60 0x7ff1c003b320 unknown :-1 s=BANNER_CONNECTING pgs=0 cs=0 l=1 rev1=0 crypto rx=0 tx=0 comp rx=0 tx=0)._handle_peer_banner_payload supported=3 required=0
2024-04-02T05:06:33.936 INFO:teuthology.orchestra.run.smithi017.stdout:/usr/bin/ceph: stderr
2024-04-02T05:06:32.934+0000 7ff1d9cfd700 1 --2- 172.21.15.17:0/3607886046 >> v2:172.21.15.17:6800/2625217742 conn(0x7ff1c0038e60 0x7ff1c003b320 secure :-1 s=READY pgs=10 cs=0 l=1 rev1=1 crypto rx=0x7ff1c4006fd0 tx=0x7ff1c4006e40 comp rx=0 tx=0).ready entity=mgr.14152 client_cookie=0 server_cookie=0 in_seq=0 out_seq=0
2024-04-02T05:06:33.936 INFO:teuthology.orchestra.run.smithi017.stdout:/usr/bin/ceph: stderr
2024-04-02T05:06:32.938+0000 7ff1cb7fe700 1 -- 172.21.15.17:0/3607886046 <== mon.0 v2:172.21.15.17:3300/0 6 ==== mon_command_ack([{"prefix": "get_command_descriptions"}]=0 v0) ==== 72+0+184932 (secure 0 0 0) 0x7ff1d002b020 con 0x7ff1d410d070
2024-04-02T05:06:33.936 INFO:teuthology.orchestra.run.smithi017.stdout:/usr/bin/ceph: stderr
2024-04-02T05:06:33.310+0000 7ff1dc762700 1 -- 172.21.15.17:0/3607886046 --> [v2:172.21.15.17:3300/0,v1:172.21.15.17:6789/0] -- mon_command([{prefix=config set, name=osd_memory_target_autotune}] v 0) -- 0x7ff1d41a4050 con 0x7ff1d410d070
2024-04-02T05:06:33.936 INFO:teuthology.orchestra.run.smithi017.stdout:/usr/bin/ceph: stderr
2024-04-02T05:06:33.310+0000 7ff1cb7fe700 1 -- 172.21.15.17:0/3607886046 <== mon.0 v2:172.21.15.17:3300/0 7 ==== mon_command_ack([{prefix=config set, name=osd_memory_target_autotune}]=0 v8)=0 v8) ==== 127+0+0 (secure 0 0 0) 0x7ff1d002e5b0 con 0x7ff1d410d070
2024-04-02T05:06:33.936 INFO:teuthology.orchestra.run.smithi017.stdout:/usr/bin/ceph: stderr
2024-04-02T05:06:33.314+0000 7ff1dc762700 1 -- 172.21.15.17:0/3607886046 >> v2:172.21.15.17:6800/2625217742 conn(0x7ff1c0038e60 msgr2=0x7ff1c003b320 secure :-1 s=STATE_CONNECTION_ESTABLISHED l=1).mark_down
2024-04-02T05:06:33.936 INFO:teuthology.orchestra.run.smithi017.stdout:/usr/bin/ceph: stderr
2024-04-02T05:06:33.314+0000 7ff1dc762700 1 --2- 172.21.15.17:0/3607886046 >> v2:172.21.15.17:6800/2625217742 conn(0x7ff1c0038e60 0x7ff1c003b320 secure :-1 s=READY pgs=10 cs=0 l=1 rev1=1 crypto rx=0x7ff1c4006fd0 tx=0x7ff1c4006e40 comp rx=0 tx=0).stop
2024-04-02T05:06:33.936 INFO:teuthology.orchestra.run.smithi017.stdout:/usr/bin/ceph: stderr
2024-04-02T05:06:33.314+0000 7ff1dc762700 1 -- 172.21.15.17:0/3607886046 >> [v2:172.21.15.17:3300/0,v1:172.21.15.17:6789/0] conn(0x7ff1d410d070 msgr2=0x7ff1d41a0780 secure :-1 s=STATE_CONNECTION_ESTABLISHED l=1).mark_down
2024-04-02T05:06:33.936 INFO:teuthology.orchestra.run.smithi017.stdout:/usr/bin/ceph: stderr
2024-04-02T05:06:33.314+0000 7ff1dc762700 1 --2- 172.21.15.17:0/3607886046 >> [v2:172.21.15.17:3300/0,v1:172.21.15.17:6789/0] conn(0x7ff1d410d070 0x7ff1d41a0780 secure :-1 s=READY pgs=77 cs=0 l=1 rev1=1 crypto rx=0x7ff1d00041e0 tx=0x7ff1d0003ce0 comp rx=0 tx=0).stop
2024-04-02T05:06:33.936 INFO:teuthology.orchestra.run.smithi017.stdout:/usr/bin/ceph: stderr
2024-04-02T05:06:33.314+0000 7ff1dc762700 1 -- 172.21.15.17:0/3607886046 shutdown_connections
2024-04-02T05:06:33.936 INFO:teuthology.orchestra.run.smithi017.stdout:/usr/bin/ceph: stderr
2024-04-02T05:06:33.314+0000 7ff1dc762700 1 --2- 172.21.15.17:0/3607886046 >> v2:172.21.15.17:6800/2625217742 conn(0x7ff1c0038e60 0x7ff1c003b320 unknown :-1 s=CLOSED pgs=10 cs=0 l=1 rev1=1 crypto rx=0 tx=0 comp rx=0 tx=0).stop
2024-04-02T05:06:33.937 INFO:teuthology.orchestra.run.smithi017.stdout:/usr/bin/ceph: stderr
2024-04-02T05:06:33.314+0000 7ff1dc762700 1 --2- 172.21.15.17:0/3607886046 >> [v2:172.21.15.17:3300/0,v1:172.21.15.17:6789/0] conn(0x7ff1d410d070 0x7ff1d41a0780 unknown :-1 s=CLOSED pgs=77 cs=0 l=1 rev1=1 crypto rx=0 tx=0 comp rx=0 tx=0).stop
2024-04-02T05:06:33.937 INFO:teuthology.orchestra.run.smithi017.stdout:/usr/bin/ceph: stderr
2024-04-02T05:06:33.314+0000 7ff1dc762700 1 -- 172.21.15.17:0/3607886046 >> 172.21.15.17:0/3607886046 conn(0x7ff1d407b8d0 msgr2=0x7ff1d407c370 unknown :-1 s=STATE_NONE l=0).mark_down
2024-04-02T05:06:33.937 INFO:teuthology.orchestra.run.smithi017.stdout:/usr/bin/ceph: stderr
2024-04-02T05:06:33.314+0000 7ff1dc762700 1 -- 172.21.15.17:0/3607886046 shutdown_connections
2024-04-02T05:06:33.937 INFO:teuthology.orchestra.run.smithi017.stdout:/usr/bin/ceph: stderr
2024-04-02T05:06:33.314+0000 7ff1dc762700 1 -- 172.21.15.17:0/3607886046 wait complete.
2024-04-02T05:06:35.947 INFO:teuthology.orchestra.run.smithi017.stdout:/usr/bin/ceph: stderr
2024-04-02T05:06:34.774+0000 7f476fc35700 1 Processor -- start
2024-04-02T05:06:35.947 INFO:teuthology.orchestra.run.smithi017.stdout:/usr/bin/ceph: stderr
2024-04-02T05:06:34.774+0000 7f476fc35700 1 -- start start
2024-04-02T05:06:35.947 INFO:teuthology.orchestra.run.smithi017.stdout:/usr/bin/ceph: stderr
2024-04-02T05:06:34.774+0000 7f476fc35700 1 --2- >> [v2:172.21.15.17:3300/0,v1:172.21.15.17:6789/0] conn(0x7f4768107830 0x7f4768107c50 unknown :-1 s=NONE pgs=0 cs=0 l=0 rev1=0 crypto rx=0 tx=0 comp rx=0 tx=0).connect
2024-04-02T05:06:35.948 INFO:teuthology.orchestra.run.smithi017.stdout:/usr/bin/ceph: stderr
2024-04-02T05:06:34.774+0000 7f476fc35700 1 -- --> [v2:172.21.15.17:3300/0,v1:172.21.15.17:6789/0] -- mon_getmap magic: 0 -- 0x7f4768108220 con 0x7f4768107830
2024-04-02T05:06:35.948 INFO:teuthology.orchestra.run.smithi017.stdout:/usr/bin/ceph: stderr
2024-04-02T05:06:34.774+0000 7f476d9d1700 1 --2- >> [v2:172.21.15.17:3300/0,v1:172.21.15.17:6789/0] conn(0x7f4768107830 0x7f4768107c50 unknown :-1 s=BANNER_CONNECTING pgs=0 cs=0 l=0 rev1=0 crypto rx=0 tx=0 comp rx=0 tx=0)._handle_peer_banner_payload supported=3 required=0
2024-04-02T05:06:35.948 INFO:teuthology.orchestra.run.smithi017.stdout:/usr/bin/ceph: stderr
2024-04-02T05:06:34.774+0000 7f476d9d1700 1 --2- >> [v2:172.21.15.17:3300/0,v1:172.21.15.17:6789/0] conn(0x7f4768107830 0x7f4768107c50 unknown :-1 s=HELLO_CONNECTING pgs=0 cs=0 l=0 rev1=1 crypto rx=0 tx=0 comp rx=0 tx=0).handle_hello peer v2:172.21.15.17:3300/0 says I am v2:172.21.15.17:38152/0 (socket says 172.21.15.17:38152)
2024-04-02T05:06:35.948 INFO:teuthology.orchestra.run.smithi017.stdout:/usr/bin/ceph: stderr
2024-04-02T05:06:34.774+0000 7f476d9d1700 1 -- 172.21.15.17:0/3024201925 learned_addr learned my addr 172.21.15.17:0/3024201925 (peer_addr_for_me v2:172.21.15.17:0/0)
2024-04-02T05:06:35.948 INFO:teuthology.orchestra.run.smithi017.stdout:/usr/bin/ceph: stderr
2024-04-02T05:06:34.778+0000 7f476d9d1700 1 -- 172.21.15.17:0/3024201925 --> [v2:172.21.15.17:3300/0,v1:172.21.15.17:6789/0] -- mon_subscribe({config=0+,monmap=0+}) -- 0x7f47681083a0 con 0x7f4768107830
2024-04-02T05:06:35.948 INFO:teuthology.orchestra.run.smithi017.stdout:/usr/bin/ceph: stderr
2024-04-02T05:06:34.778+0000 7f476d9d1700 1 --2- 172.21.15.17:0/3024201925 >> [v2:172.21.15.17:3300/0,v1:172.21.15.17:6789/0] conn(0x7f4768107830 0x7f4768107c50 secure :-1 s=READY pgs=78 cs=0 l=1 rev1=1 crypto rx=0x7f47640098a0 tx=0x7f4764009bb0 comp rx=0 tx=0).ready entity=mon.0 client_cookie=514ea6f6402dc0c1 server_cookie=0 in_seq=0 out_seq=0
2024-04-02T05:06:35.948 INFO:teuthology.orchestra.run.smithi017.stdout:/usr/bin/ceph: stderr
2024-04-02T05:06:34.778+0000 7f476c9cf700 1 -- 172.21.15.17:0/3024201925 <== mon.0 v2:172.21.15.17:3300/0 1 ==== mon_map magic: 0 ==== 205+0+0 (secure 0 0 0) 0x7f4764004160 con 0x7f4768107830
2024-04-02T05:06:35.948 INFO:teuthology.orchestra.run.smithi017.stdout:/usr/bin/ceph: stderr
2024-04-02T05:06:34.778+0000 7f476c9cf700 1 -- 172.21.15.17:0/3024201925 <== mon.0 v2:172.21.15.17:3300/0 2 ==== config(26 keys) ==== 1093+0+0 (secure 0 0 0) 0x7f4764004300 con 0x7f4768107830
2024-04-02T05:06:35.948 INFO:teuthology.orchestra.run.smithi017.stdout:/usr/bin/ceph: stderr
2024-04-02T05:06:34.778+0000 7f476c9cf700 1 -- 172.21.15.17:0/3024201925 <== mon.0 v2:172.21.15.17:3300/0 3 ==== mon_map magic: 0 ==== 205+0+0 (secure 0 0 0) 0x7f4764011a00 con 0x7f4768107830
2024-04-02T05:06:35.948 INFO:teuthology.orchestra.run.smithi017.stdout:/usr/bin/ceph: stderr
2024-04-02T05:06:34.778+0000 7f476fc35700 1 -- 172.21.15.17:0/3024201925 >> [v2:172.21.15.17:3300/0,v1:172.21.15.17:6789/0] conn(0x7f4768107830 msgr2=0x7f4768107c50 secure :-1 s=STATE_CONNECTION_ESTABLISHED l=1).mark_down
2024-04-02T05:06:35.948 INFO:teuthology.orchestra.run.smithi017.stdout:/usr/bin/ceph: stderr
2024-04-02T05:06:34.778+0000 7f476fc35700 1 --2- 172.21.15.17:0/3024201925 >> [v2:172.21.15.17:3300/0,v1:172.21.15.17:6789/0] conn(0x7f4768107830 0x7f4768107c50 secure :-1 s=READY pgs=78 cs=0 l=1 rev1=1 crypto rx=0x7f47640098a0 tx=0x7f4764009bb0 comp rx=0 tx=0).stop
2024-04-02T05:06:35.948 INFO:teuthology.orchestra.run.smithi017.stdout:/usr/bin/ceph: stderr
2024-04-02T05:06:34.778+0000 7f476fc35700 1 -- 172.21.15.17:0/3024201925 shutdown_connections
2024-04-02T05:06:35.949 INFO:teuthology.orchestra.run.smithi017.stdout:/usr/bin/ceph: stderr
2024-04-02T05:06:34.778+0000 7f476fc35700 1 --2- 172.21.15.17:0/3024201925 >> [v2:172.21.15.17:3300/0,v1:172.21.15.17:6789/0] conn(0x7f4768107830 0x7f4768107c50 unknown :-1 s=CLOSED pgs=78 cs=0 l=1 rev1=1 crypto rx=0 tx=0 comp rx=0 tx=0).stop
2024-04-02T05:06:35.949 INFO:teuthology.orchestra.run.smithi017.stdout:/usr/bin/ceph: stderr
2024-04-02T05:06:34.778+0000 7f476fc35700 1 -- 172.21.15.17:0/3024201925 >> 172.21.15.17:0/3024201925 conn(0x7f47680ffe90 msgr2=0x7f47681022b0 unknown :-1 s=STATE_NONE l=0).mark_down
2024-04-02T05:06:35.949 INFO:teuthology.orchestra.run.smithi017.stdout:/usr/bin/ceph: stderr
2024-04-02T05:06:34.778+0000 7f476fc35700 1 -- 172.21.15.17:0/3024201925 shutdown_connections
2024-04-02T05:06:35.949 INFO:teuthology.orchestra.run.smithi017.stdout:/usr/bin/ceph: stderr
2024-04-02T05:06:34.778+0000 7f476fc35700 1 -- 172.21.15.17:0/3024201925 wait complete.
2024-04-02T05:06:35.949 INFO:teuthology.orchestra.run.smithi017.stdout:/usr/bin/ceph: stderr
2024-04-02T05:06:34.778+0000 7f476fc35700 1 Processor -- start
2024-04-02T05:06:35.949 INFO:teuthology.orchestra.run.smithi017.stdout:/usr/bin/ceph: stderr
2024-04-02T05:06:34.778+0000 7f476fc35700 1 -- start start
2024-04-02T05:06:35.949 INFO:teuthology.orchestra.run.smithi017.stdout:/usr/bin/ceph: stderr
2024-04-02T05:06:34.778+0000 7f476fc35700 1 --2- >> [v2:172.21.15.17:3300/0,v1:172.21.15.17:6789/0] conn(0x7f4768107830 0x7f476819a0c0 unknown :-1 s=NONE pgs=0 cs=0 l=1 rev1=0 crypto rx=0 tx=0 comp rx=0 tx=0).connect
2024-04-02T05:06:35.949 INFO:teuthology.orchestra.run.smithi017.stdout:/usr/bin/ceph: stderr
2024-04-02T05:06:34.778+0000 7f476fc35700 1 -- --> [v2:172.21.15.17:3300/0,v1:172.21.15.17:6789/0] -- mon_getmap magic: 0 -- 0x7f47681050e0 con 0x7f4768107830
2024-04-02T05:06:35.949 INFO:teuthology.orchestra.run.smithi017.stdout:/usr/bin/ceph: stderr
