2024-04-02T06:38:35.390 INFO:teuthology.orchestra.run.smithi099.stdout:/usr/bin/ceph: stderr
2024-04-02T06:38:34.777+0000 7fece1b4f700 1 -- 172.21.15.99:0/345908131 --> [v2:172.21.15.99:3300/0,v1:172.21.15.99:6789/0] -- mon_command({"prefix": "status", "format": "json-pretty"} v 0) v1 -- 0x7fecdc077e30 con 0x7fecdc102920
2024-04-02T06:38:35.390 INFO:teuthology.orchestra.run.smithi099.stdout:/usr/bin/ceph: stderr
2024-04-02T06:38:34.777+0000 7fecd8ff9700 1 -- 172.21.15.99:0/345908131 <== mon.0 v2:172.21.15.99:3300/0 7 ==== mon_command_ack([{"prefix": "status", "format": "json-pretty"}]=0 v0) v1 ==== 79+0+1248 (secure 0 0 0) 0x7feccc018350 con 0x7fecdc102920
2024-04-02T06:38:35.390 INFO:teuthology.orchestra.run.smithi099.stdout:/usr/bin/ceph: stderr
2024-04-02T06:38:34.778+0000 7fece1b4f700 1 -- 172.21.15.99:0/345908131 >> [v2:172.21.15.99:3300/0,v1:172.21.15.99:6789/0] conn(0x7fecdc102920 msgr2=0x7fecdc078c40 secure :-1 s=STATE_CONNECTION_ESTABLISHED l=1).mark_down
2024-04-02T06:38:35.391 INFO:teuthology.orchestra.run.smithi099.stdout:/usr/bin/ceph: stderr
2024-04-02T06:38:34.778+0000 7fece1b4f700 1 --2- 172.21.15.99:0/345908131 >> [v2:172.21.15.99:3300/0,v1:172.21.15.99:6789/0] conn(0x7fecdc102920 0x7fecdc078c40 secure :-1 s=READY pgs=17 cs=0 l=1 rev1=1 crypto rx=0x7feccc00b440 tx=0x7feccc009250 comp rx=0 tx=0).stop
2024-04-02T06:38:35.391 INFO:teuthology.orchestra.run.smithi099.stdout:/usr/bin/ceph: stderr
2024-04-02T06:38:34.778+0000 7fece1b4f700 1 -- 172.21.15.99:0/345908131 shutdown_connections
2024-04-02T06:38:35.391 INFO:teuthology.orchestra.run.smithi099.stdout:/usr/bin/ceph: stderr
2024-04-02T06:38:34.778+0000 7fece1b4f700 1 --2- 172.21.15.99:0/345908131 >> [v2:172.21.15.99:3300/0,v1:172.21.15.99:6789/0] conn(0x7fecdc102920 0x7fecdc078c40 unknown :-1 s=CLOSED pgs=17 cs=0 l=1 rev1=1 crypto rx=0 tx=0 comp rx=0 tx=0).stop
2024-04-02T06:38:35.391 INFO:teuthology.orchestra.run.smithi099.stdout:/usr/bin/ceph: stderr
2024-04-02T06:38:34.778+0000 7fece1b4f700 1 -- 172.21.15.99:0/345908131 >> 172.21.15.99:0/345908131 conn(0x7fecdc0fe0a0 msgr2=0x7fecdc0fec00 unknown :-1 s=STATE_NONE l=0).mark_down
2024-04-02T06:38:35.391 INFO:teuthology.orchestra.run.smithi099.stdout:/usr/bin/ceph: stderr
2024-04-02T06:38:34.778+0000 7fece1b4f700 1 -- 172.21.15.99:0/345908131 shutdown_connections
2024-04-02T06:38:35.391 INFO:teuthology.orchestra.run.smithi099.stdout:/usr/bin/ceph: stderr
2024-04-02T06:38:34.778+0000 7fece1b4f700 1 -- 172.21.15.99:0/345908131 wait complete.
2024-04-02T06:38:35.391 INFO:teuthology.orchestra.run.smithi099.stdout:mgr not available, waiting (3/15)...
2024-04-02T06:38:35.753 INFO:journalctl@ceph.mon.smithi099.smithi099.stdout:Apr 02 06:38:35 smithi099 ceph-mon[29363]: from='client.? 172.21.15.99:0/345908131' entity='client.admin' cmd=[{"prefix": "status", "format": "json-pretty"}]: dispatch
2024-04-02T06:38:35.753 INFO:journalctl@ceph.mon.smithi099.smithi099.stdout:Apr 02 06:38:35 smithi099 ceph-mon[29363]: mgrmap e3: smithi099.xgwgzf(active, since 1.0061s)
2024-04-02T06:38:37.600 INFO:journalctl@ceph.mon.smithi099.smithi099.stdout:Apr 02 06:38:37 smithi099 ceph-mon[29363]: mgrmap e4: smithi099.xgwgzf(active, since 2s)
2024-04-02T06:38:38.503 INFO:journalctl@ceph.mon.smithi099.smithi099.stdout:Apr 02 06:38:38 smithi099 ceph-mon[29363]: from='client.? 172.21.15.99:0/3377485389' entity='client.admin' cmd=[{"prefix": "status", "format": "json-pretty"}]: dispatch
2024-04-02T06:38:38.732 INFO:teuthology.orchestra.run.smithi099.stdout:/usr/bin/ceph: stdout
2024-04-02T06:38:38.732 INFO:teuthology.orchestra.run.smithi099.stdout:/usr/bin/ceph: stdout {
2024-04-02T06:38:38.732 INFO:teuthology.orchestra.run.smithi099.stdout:/usr/bin/ceph: stdout "fsid": "684526f8-f0bb-11ee-b647-cb9ed24678a4",
2024-04-02T06:38:38.733 INFO:teuthology.orchestra.run.smithi099.stdout:/usr/bin/ceph: stdout "health": {
2024-04-02T06:38:38.733 INFO:teuthology.orchestra.run.smithi099.stdout:/usr/bin/ceph: stdout "status": "HEALTH_OK",
2024-04-02T06:38:38.733 INFO:teuthology.orchestra.run.smithi099.stdout:/usr/bin/ceph: stdout "checks": {},
2024-04-02T06:38:38.733 INFO:teuthology.orchestra.run.smithi099.stdout:/usr/bin/ceph: stdout "mutes": []
2024-04-02T06:38:38.733 INFO:teuthology.orchestra.run.smithi099.stdout:/usr/bin/ceph: stdout },
2024-04-02T06:38:38.733 INFO:teuthology.orchestra.run.smithi099.stdout:/usr/bin/ceph: stdout "election_epoch": 5,
2024-04-02T06:38:38.733 INFO:teuthology.orchestra.run.smithi099.stdout:/usr/bin/ceph: stdout "quorum": [
2024-04-02T06:38:38.733 INFO:teuthology.orchestra.run.smithi099.stdout:/usr/bin/ceph: stdout 0
2024-04-02T06:38:38.733 INFO:teuthology.orchestra.run.smithi099.stdout:/usr/bin/ceph: stdout ],
2024-04-02T06:38:38.733 INFO:teuthology.orchestra.run.smithi099.stdout:/usr/bin/ceph: stdout "quorum_names": [
2024-04-02T06:38:38.733 INFO:teuthology.orchestra.run.smithi099.stdout:/usr/bin/ceph: stdout "smithi099"
2024-04-02T06:38:38.733 INFO:teuthology.orchestra.run.smithi099.stdout:/usr/bin/ceph: stdout ],
2024-04-02T06:38:38.733 INFO:teuthology.orchestra.run.smithi099.stdout:/usr/bin/ceph: stdout "quorum_age": 12,
2024-04-02T06:38:38.734 INFO:teuthology.orchestra.run.smithi099.stdout:/usr/bin/ceph: stdout "monmap": {
2024-04-02T06:38:38.734 INFO:teuthology.orchestra.run.smithi099.stdout:/usr/bin/ceph: stdout "epoch": 1,
2024-04-02T06:38:38.734 INFO:teuthology.orchestra.run.smithi099.stdout:/usr/bin/ceph: stdout "min_mon_release_name": "quincy",
2024-04-02T06:38:38.734 INFO:teuthology.orchestra.run.smithi099.stdout:/usr/bin/ceph: stdout "num_mons": 1
2024-04-02T06:38:38.734 INFO:teuthology.orchestra.run.smithi099.stdout:/usr/bin/ceph: stdout },
2024-04-02T06:38:38.734 INFO:teuthology.orchestra.run.smithi099.stdout:/usr/bin/ceph: stdout "osdmap": {
2024-04-02T06:38:38.734 INFO:teuthology.orchestra.run.smithi099.stdout:/usr/bin/ceph: stdout "epoch": 1,
2024-04-02T06:38:38.734 INFO:teuthology.orchestra.run.smithi099.stdout:/usr/bin/ceph: stdout "num_osds": 0,
2024-04-02T06:38:38.734 INFO:teuthology.orchestra.run.smithi099.stdout:/usr/bin/ceph: stdout "num_up_osds": 0,
2024-04-02T06:38:38.734 INFO:teuthology.orchestra.run.smithi099.stdout:/usr/bin/ceph: stdout "osd_up_since": 0,
2024-04-02T06:38:38.742 INFO:teuthology.orchestra.run.smithi099.stdout:/usr/bin/ceph: stdout "num_in_osds": 0,
2024-04-02T06:38:38.742 INFO:teuthology.orchestra.run.smithi099.stdout:/usr/bin/ceph: stdout "osd_in_since": 0,
2024-04-02T06:38:38.742 INFO:teuthology.orchestra.run.smithi099.stdout:/usr/bin/ceph: stdout "num_remapped_pgs": 0
2024-04-02T06:38:38.742 INFO:teuthology.orchestra.run.smithi099.stdout:/usr/bin/ceph: stdout },
2024-04-02T06:38:38.742 INFO:teuthology.orchestra.run.smithi099.stdout:/usr/bin/ceph: stdout "pgmap": {
2024-04-02T06:38:38.742 INFO:teuthology.orchestra.run.smithi099.stdout:/usr/bin/ceph: stdout "pgs_by_state": [],
2024-04-02T06:38:38.743 INFO:teuthology.orchestra.run.smithi099.stdout:/usr/bin/ceph: stdout "num_pgs": 0,
2024-04-02T06:38:38.743 INFO:teuthology.orchestra.run.smithi099.stdout:/usr/bin/ceph: stdout "num_pools": 0,
2024-04-02T06:38:38.743 INFO:teuthology.orchestra.run.smithi099.stdout:/usr/bin/ceph: stdout "num_objects": 0,
2024-04-02T06:38:38.743 INFO:teuthology.orchestra.run.smithi099.stdout:/usr/bin/ceph: stdout "data_bytes": 0,
2024-04-02T06:38:38.743 INFO:teuthology.orchestra.run.smithi099.stdout:/usr/bin/ceph: stdout "bytes_used": 0,
2024-04-02T06:38:38.743 INFO:teuthology.orchestra.run.smithi099.stdout:/usr/bin/ceph: stdout "bytes_avail": 0,
2024-04-02T06:38:38.743 INFO:teuthology.orchestra.run.smithi099.stdout:/usr/bin/ceph: stdout "bytes_total": 0
2024-04-02T06:38:38.743 INFO:teuthology.orchestra.run.smithi099.stdout:/usr/bin/ceph: stdout },
2024-04-02T06:38:38.743 INFO:teuthology.orchestra.run.smithi099.stdout:/usr/bin/ceph: stdout "fsmap": {
2024-04-02T06:38:38.743 INFO:teuthology.orchestra.run.smithi099.stdout:/usr/bin/ceph: stdout "epoch": 1,
2024-04-02T06:38:38.743 INFO:teuthology.orchestra.run.smithi099.stdout:/usr/bin/ceph: stdout "by_rank": [],
2024-04-02T06:38:38.743 INFO:teuthology.orchestra.run.smithi099.stdout:/usr/bin/ceph: stdout "up:standby": 0
2024-04-02T06:38:38.743 INFO:teuthology.orchestra.run.smithi099.stdout:/usr/bin/ceph: stdout },
2024-04-02T06:38:38.743 INFO:teuthology.orchestra.run.smithi099.stdout:/usr/bin/ceph: stdout "mgrmap": {
2024-04-02T06:38:38.743 INFO:teuthology.orchestra.run.smithi099.stdout:/usr/bin/ceph: stdout "available": true,
2024-04-02T06:38:38.743 INFO:teuthology.orchestra.run.smithi099.stdout:/usr/bin/ceph: stdout "num_standbys": 0,
2024-04-02T06:38:38.744 INFO:teuthology.orchestra.run.smithi099.stdout:/usr/bin/ceph: stdout "modules": [
2024-04-02T06:38:38.744 INFO:teuthology.orchestra.run.smithi099.stdout:/usr/bin/ceph: stdout "iostat",
2024-04-02T06:38:38.744 INFO:teuthology.orchestra.run.smithi099.stdout:/usr/bin/ceph: stdout "nfs",
2024-04-02T06:38:38.744 INFO:teuthology.orchestra.run.smithi099.stdout:/usr/bin/ceph: stdout "restful"
2024-04-02T06:38:38.744 INFO:teuthology.orchestra.run.smithi099.stdout:/usr/bin/ceph: stdout ],
2024-04-02T06:38:38.744 INFO:teuthology.orchestra.run.smithi099.stdout:/usr/bin/ceph: stdout "services": {}
2024-04-02T06:38:38.744 INFO:teuthology.orchestra.run.smithi099.stdout:/usr/bin/ceph: stdout },
2024-04-02T06:38:38.744 INFO:teuthology.orchestra.run.smithi099.stdout:/usr/bin/ceph: stdout "servicemap": {
2024-04-02T06:38:38.744 INFO:teuthology.orchestra.run.smithi099.stdout:/usr/bin/ceph: stdout "epoch": 1,
2024-04-02T06:38:38.744 INFO:teuthology.orchestra.run.smithi099.stdout:/usr/bin/ceph: stdout "modified": "2024-04-02T06:38:21.089675+0000",
2024-04-02T06:38:38.744 INFO:teuthology.orchestra.run.smithi099.stdout:/usr/bin/ceph: stdout "services": {}
2024-04-02T06:38:38.744 INFO:teuthology.orchestra.run.smithi099.stdout:/usr/bin/ceph: stdout },
2024-04-02T06:38:38.744 INFO:teuthology.orchestra.run.smithi099.stdout:/usr/bin/ceph: stdout "progress_events": {}
2024-04-02T06:38:38.744 INFO:teuthology.orchestra.run.smithi099.stdout:/usr/bin/ceph: stdout }
2024-04-02T06:38:38.744 INFO:teuthology.orchestra.run.smithi099.stdout:/usr/bin/ceph: stderr
2024-04-02T06:38:37.804+0000 7f5306b59700 1 Processor -- start
2024-04-02T06:38:38.744 INFO:teuthology.orchestra.run.smithi099.stdout:/usr/bin/ceph: stderr
2024-04-02T06:38:37.804+0000 7f5306b59700 1 -- start start
2024-04-02T06:38:38.745 INFO:teuthology.orchestra.run.smithi099.stdout:/usr/bin/ceph: stderr
2024-04-02T06:38:37.804+0000 7f5306b59700 1 --2- >> [v2:172.21.15.99:3300/0,v1:172.21.15.99:6789/0] conn(0x7f5300102920 0x7f5300102d30 unknown :-1 s=NONE pgs=0 cs=0 l=0 rev1=0 crypto rx=0 tx=0 comp rx=0 tx=0).connect
2024-04-02T06:38:38.745 INFO:teuthology.orchestra.run.smithi099.stdout:/usr/bin/ceph: stderr
2024-04-02T06:38:37.804+0000 7f5306b59700 1 -- --> [v2:172.21.15.99:3300/0,v1:172.21.15.99:6789/0] -- mon_getmap magic: 0 v1 -- 0x7f5300103270 con 0x7f5300102920
2024-04-02T06:38:38.745 INFO:teuthology.orchestra.run.smithi099.stdout:/usr/bin/ceph: stderr
2024-04-02T06:38:37.805+0000 7f53048f5700 1 --2- >> [v2:172.21.15.99:3300/0,v1:172.21.15.99:6789/0] conn(0x7f5300102920 0x7f5300102d30 unknown :-1 s=BANNER_CONNECTING pgs=0 cs=0 l=0 rev1=0 crypto rx=0 tx=0 comp rx=0 tx=0)._handle_peer_banner_payload supported=3 required=0
2024-04-02T06:38:38.745 INFO:teuthology.orchestra.run.smithi099.stdout:/usr/bin/ceph: stderr
2024-04-02T06:38:37.805+0000 7f53048f5700 1 --2- >> [v2:172.21.15.99:3300/0,v1:172.21.15.99:6789/0] conn(0x7f5300102920 0x7f5300102d30 unknown :-1 s=HELLO_CONNECTING pgs=0 cs=0 l=0 rev1=1 crypto rx=0 tx=0 comp rx=0 tx=0).handle_hello peer v2:172.21.15.99:3300/0 says I am v2:172.21.15.99:59168/0 (socket says 172.21.15.99:59168)
2024-04-02T06:38:38.745 INFO:teuthology.orchestra.run.smithi099.stdout:/usr/bin/ceph: stderr
2024-04-02T06:38:37.805+0000 7f53048f5700 1 -- 172.21.15.99:0/1450040894 learned_addr learned my addr 172.21.15.99:0/1450040894 (peer_addr_for_me v2:172.21.15.99:0/0)
2024-04-02T06:38:38.745 INFO:teuthology.orchestra.run.smithi099.stdout:/usr/bin/ceph: stderr
2024-04-02T06:38:37.805+0000 7f53048f5700 1 -- 172.21.15.99:0/1450040894 --> [v2:172.21.15.99:3300/0,v1:172.21.15.99:6789/0] -- mon_subscribe({config=0+,monmap=0+}) v3 -- 0x7f53001033b0 con 0x7f5300102920
2024-04-02T06:38:38.745 INFO:teuthology.orchestra.run.smithi099.stdout:/usr/bin/ceph: stderr
2024-04-02T06:38:37.805+0000 7f53048f5700 1 --2- 172.21.15.99:0/1450040894 >> [v2:172.21.15.99:3300/0,v1:172.21.15.99:6789/0] conn(0x7f5300102920 0x7f5300102d30 secure :-1 s=READY pgs=18 cs=0 l=1 rev1=1 crypto rx=0x7f52f8009e50 tx=0x7f52f8009840 comp rx=0 tx=0).ready entity=mon.0 client_cookie=936d98a5b2cd74c1 server_cookie=0 in_seq=0 out_seq=0
2024-04-02T06:38:38.745 INFO:teuthology.orchestra.run.smithi099.stdout:/usr/bin/ceph: stderr
2024-04-02T06:38:37.805+0000 7f52ff7fe700 1 -- 172.21.15.99:0/1450040894 <== mon.0 v2:172.21.15.99:3300/0 1 ==== mon_map magic: 0 v1 ==== 229+0+0 (secure 0 0 0) 0x7f52f80092e0 con 0x7f5300102920
2024-04-02T06:38:38.745 INFO:teuthology.orchestra.run.smithi099.stdout:/usr/bin/ceph: stderr
2024-04-02T06:38:37.805+0000 7f52ff7fe700 1 -- 172.21.15.99:0/1450040894 <== mon.0 v2:172.21.15.99:3300/0 2 ==== config(27 keys) v1 ==== 1044+0+0 (secure 0 0 0) 0x7f52f8012430 con 0x7f5300102920
2024-04-02T06:38:38.745 INFO:teuthology.orchestra.run.smithi099.stdout:/usr/bin/ceph: stderr
2024-04-02T06:38:37.805+0000 7f52ff7fe700 1 -- 172.21.15.99:0/1450040894 <== mon.0 v2:172.21.15.99:3300/0 3 ==== mon_map magic: 0 v1 ==== 229+0+0 (secure 0 0 0) 0x7f52f80075c0 con 0x7f5300102920
2024-04-02T06:38:38.745 INFO:teuthology.orchestra.run.smithi099.stdout:/usr/bin/ceph: stderr
2024-04-02T06:38:37.806+0000 7f5306b59700 1 -- 172.21.15.99:0/1450040894 >> [v2:172.21.15.99:3300/0,v1:172.21.15.99:6789/0] conn(0x7f5300102920 msgr2=0x7f5300102d30 secure :-1 s=STATE_CONNECTION_ESTABLISHED l=1).mark_down
2024-04-02T06:38:38.745 INFO:teuthology.orchestra.run.smithi099.stdout:/usr/bin/ceph: stderr
2024-04-02T06:38:37.806+0000 7f5306b59700 1 --2- 172.21.15.99:0/1450040894 >> [v2:172.21.15.99:3300/0,v1:172.21.15.99:6789/0] conn(0x7f5300102920 0x7f5300102d30 secure :-1 s=READY pgs=18 cs=0 l=1 rev1=1 crypto rx=0x7f52f8009e50 tx=0x7f52f8009840 comp rx=0 tx=0).stop
2024-04-02T06:38:38.745 INFO:teuthology.orchestra.run.smithi099.stdout:/usr/bin/ceph: stderr
2024-04-02T06:38:37.806+0000 7f5306b59700 1 -- 172.21.15.99:0/1450040894 shutdown_connections
2024-04-02T06:38:38.745 INFO:teuthology.orchestra.run.smithi099.stdout:/usr/bin/ceph: stderr
2024-04-02T06:38:37.806+0000 7f5306b59700 1 --2- 172.21.15.99:0/1450040894 >> [v2:172.21.15.99:3300/0,v1:172.21.15.99:6789/0] conn(0x7f5300102920 0x7f5300102d30 unknown :-1 s=CLOSED pgs=18 cs=0 l=1 rev1=1 crypto rx=0 tx=0 comp rx=0 tx=0).stop
2024-04-02T06:38:38.746 INFO:teuthology.orchestra.run.smithi099.stdout:/usr/bin/ceph: stderr
2024-04-02T06:38:37.806+0000 7f5306b59700 1 -- 172.21.15.99:0/1450040894 >> 172.21.15.99:0/1450040894 conn(0x7f53000fe0a0 msgr2=0x7f53001004b0 unknown :-1 s=STATE_NONE l=0).mark_down
2024-04-02T06:38:38.746 INFO:teuthology.orchestra.run.smithi099.stdout:/usr/bin/ceph: stderr
2024-04-02T06:38:37.806+0000 7f5306b59700 1 -- 172.21.15.99:0/1450040894 shutdown_connections
2024-04-02T06:38:38.746 INFO:teuthology.orchestra.run.smithi099.stdout:/usr/bin/ceph: stderr
2024-04-02T06:38:37.806+0000 7f5306b59700 1 -- 172.21.15.99:0/1450040894 wait complete.
2024-04-02T06:38:38.746 INFO:teuthology.orchestra.run.smithi099.stdout:/usr/bin/ceph: stderr
2024-04-02T06:38:37.806+0000 7f5306b59700 1 Processor -- start
2024-04-02T06:38:38.746 INFO:teuthology.orchestra.run.smithi099.stdout:/usr/bin/ceph: stderr
2024-04-02T06:38:37.806+0000 7f5306b59700 1 -- start start
2024-04-02T06:38:38.746 INFO:teuthology.orchestra.run.smithi099.stdout:/usr/bin/ceph: stderr
2024-04-02T06:38:37.807+0000 7f5306b59700 1 --2- >> [v2:172.21.15.99:3300/0,v1:172.21.15.99:6789/0] conn(0x7f5300102920 0x7f53001116e0 unknown :-1 s=NONE pgs=0 cs=0 l=1 rev1=0 crypto rx=0 tx=0 comp rx=0 tx=0).connect
2024-04-02T06:38:38.746 INFO:teuthology.orchestra.run.smithi099.stdout:/usr/bin/ceph: stderr
2024-04-02T06:38:37.807+0000 7f5306b59700 1 -- --> [v2:172.21.15.99:3300/0,v1:172.21.15.99:6789/0] -- mon_getmap magic: 0 v1 -- 0x7f5300111c20 con 0x7f5300102920
2024-04-02T06:38:38.746 INFO:teuthology.orchestra.run.smithi099.stdout:/usr/bin/ceph: stderr
2024-04-02T06:38:37.807+0000 7f53048f5700 1 --2- >> [v2:172.21.15.99:3300/0,v1:172.21.15.99:6789/0] conn(0x7f5300102920 0x7f53001116e0 unknown :-1 s=BANNER_CONNECTING pgs=0 cs=0 l=1 rev1=0 crypto rx=0 tx=0 comp rx=0 tx=0)._handle_peer_banner_payload supported=3 required=0
2024-04-02T06:38:38.746 INFO:teuthology.orchestra.run.smithi099.stdout:/usr/bin/ceph: stderr
2024-04-02T06:38:37.807+0000 7f53048f5700 1 --2- >> [v2:172.21.15.99:3300/0,v1:172.21.15.99:6789/0] conn(0x7f5300102920 0x7f53001116e0 unknown :-1 s=HELLO_CONNECTING pgs=0 cs=0 l=1 rev1=1 crypto rx=0 tx=0 comp rx=0 tx=0).handle_hello peer v2:172.21.15.99:3300/0 says I am v2:172.21.15.99:59170/0 (socket says 172.21.15.99:59170)
2024-04-02T06:38:38.746 INFO:teuthology.orchestra.run.smithi099.stdout:/usr/bin/ceph: stderr
2024-04-02T06:38:37.807+0000 7f53048f5700 1 -- 172.21.15.99:0/3377485389 learned_addr learned my addr 172.21.15.99:0/3377485389 (peer_addr_for_me v2:172.21.15.99:0/0)
2024-04-02T06:38:38.746 INFO:teuthology.orchestra.run.smithi099.stdout:/usr/bin/ceph: stderr
2024-04-02T06:38:37.807+0000 7f53048f5700 1 -- 172.21.15.99:0/3377485389 --> [v2:172.21.15.99:3300/0,v1:172.21.15.99:6789/0] -- mon_subscribe({config=0+,monmap=0+}) v3 -- 0x7f52f8009ae0 con 0x7f5300102920
2024-04-02T06:38:38.746 INFO:teuthology.orchestra.run.smithi099.stdout:/usr/bin/ceph: stderr
2024-04-02T06:38:37.807+0000 7f53048f5700 1 --2- 172.21.15.99:0/3377485389 >> [v2:172.21.15.99:3300/0,v1:172.21.15.99:6789/0] conn(0x7f5300102920 0x7f53001116e0 secure :-1 s=READY pgs=19 cs=0 l=1 rev1=1 crypto rx=0x7f52f8009ab0 tx=0x7f52f8009840 comp rx=0 tx=0).ready entity=mon.0 client_cookie=0 server_cookie=0 in_seq=0 out_seq=0
2024-04-02T06:38:38.746 INFO:teuthology.orchestra.run.smithi099.stdout:/usr/bin/ceph: stderr
2024-04-02T06:38:37.807+0000 7f52fd7fa700 1 -- 172.21.15.99:0/3377485389 <== mon.0 v2:172.21.15.99:3300/0 1 ==== mon_map magic: 0 v1 ==== 229+0+0 (secure 0 0 0) 0x7f52f80092e0 con 0x7f5300102920
2024-04-02T06:38:38.746 INFO:teuthology.orchestra.run.smithi099.stdout:/usr/bin/ceph: stderr
2024-04-02T06:38:37.807+0000 7f52fd7fa700 1 -- 172.21.15.99:0/3377485389 <== mon.0 v2:172.21.15.99:3300/0 2 ==== config(27 keys) v1 ==== 1044+0+0 (secure 0 0 0) 0x7f52f8007d10 con 0x7f5300102920
2024-04-02T06:38:38.747 INFO:teuthology.orchestra.run.smithi099.stdout:/usr/bin/ceph: stderr
2024-04-02T06:38:37.807+0000 7f5306b59700 1 -- 172.21.15.99:0/3377485389 --> [v2:172.21.15.99:3300/0,v1:172.21.15.99:6789/0] -- mon_subscribe({mgrmap=0+}) v3 -- 0x7f5300111e20 con 0x7f5300102920
2024-04-02T06:38:38.747 INFO:teuthology.orchestra.run.smithi099.stdout:/usr/bin/ceph: stderr
2024-04-02T06:38:37.808+0000 7f52fd7fa700 1 -- 172.21.15.99:0/3377485389 <== mon.0 v2:172.21.15.99:3300/0 3 ==== mon_map magic: 0 v1 ==== 229+0+0 (secure 0 0 0) 0x7f52f801c990 con 0x7f5300102920
2024-04-02T06:38:38.747 INFO:teuthology.orchestra.run.smithi099.stdout:/usr/bin/ceph: stderr
2024-04-02T06:38:37.808+0000 7f5306b59700 1 -- 172.21.15.99:0/3377485389 --> [v2:172.21.15.99:3300/0,v1:172.21.15.99:6789/0] -- mon_subscribe({osdmap=0}) v3 -- 0x7f5300112990 con 0x7f5300102920
2024-04-02T06:38:38.747 INFO:teuthology.orchestra.run.smithi099.stdout:/usr/bin/ceph: stderr
2024-04-02T06:38:37.808+0000 7f52fd7fa700 1 -- 172.21.15.99:0/3377485389 <== mon.0 v2:172.21.15.99:3300/0 4 ==== mgrmap(e 4) v1 ==== 43357+0+0 (secure 0 0 0) 0x7f52f8019070 con 0x7f5300102920
2024-04-02T06:38:38.747 INFO:teuthology.orchestra.run.smithi099.stdout:/usr/bin/ceph: stderr
2024-04-02T06:38:37.808+0000 7f52fd7fa700 1 --2- 172.21.15.99:0/3377485389 >> [v2:172.21.15.99:6800/3006451629,v1:172.21.15.99:6801/3006451629] conn(0x7f52e8036790 0x7f52e8038c40 unknown :-1 s=NONE pgs=0 cs=0 l=1 rev1=0 crypto rx=0 tx=0 comp rx=0 tx=0).connect
2024-04-02T06:38:38.747 INFO:teuthology.orchestra.run.smithi099.stdout:/usr/bin/ceph: stderr
2024-04-02T06:38:37.808+0000 7f5306b59700 1 -- 172.21.15.99:0/3377485389 --> [v2:172.21.15.99:3300/0,v1:172.21.15.99:6789/0] -- mon_command({"prefix": "get_command_descriptions"} v 0) v1 -- 0x7f530005f5f0 con 0x7f5300102920
2024-04-02T06:38:38.747 INFO:teuthology.orchestra.run.smithi099.stdout:/usr/bin/ceph: stderr
2024-04-02T06:38:37.809+0000 7f52fd7fa700 1 -- 172.21.15.99:0/3377485389 <== mon.0 v2:172.21.15.99:3300/0 5 ==== osd_map(1..1 src has 1..1) v4 ==== 721+0+0 (secure 0 0 0) 0x7f52f8049dc0 con 0x7f5300102920
2024-04-02T06:38:38.747 INFO:teuthology.orchestra.run.smithi099.stdout:/usr/bin/ceph: stderr
2024-04-02T06:38:37.809+0000 7f52fffff700 1 --2- 172.21.15.99:0/3377485389 >> [v2:172.21.15.99:6800/3006451629,v1:172.21.15.99:6801/3006451629] conn(0x7f52e8036790 0x7f52e8038c40 unknown :-1 s=BANNER_CONNECTING pgs=0 cs=0 l=1 rev1=0 crypto rx=0 tx=0 comp rx=0 tx=0)._handle_peer_banner_payload supported=3 required=0
2024-04-02T06:38:38.747 INFO:teuthology.orchestra.run.smithi099.stdout:/usr/bin/ceph: stderr
2024-04-02T06:38:37.809+0000 7f52fffff700 1 --2- 172.21.15.99:0/3377485389 >> [v2:172.21.15.99:6800/3006451629,v1:172.21.15.99:6801/3006451629] conn(0x7f52e8036790 0x7f52e8038c40 secure :-1 s=READY pgs=6 cs=0 l=1 rev1=1 crypto rx=0x7f52f4009990 tx=0x7f52f4006e40 comp rx=0 tx=0).ready entity=mgr.14100 client_cookie=0 server_cookie=0 in_seq=0 out_seq=0
2024-04-02T06:38:38.747 INFO:teuthology.orchestra.run.smithi099.stdout:/usr/bin/ceph: stderr
2024-04-02T06:38:37.813+0000 7f52fd7fa700 1 -- 172.21.15.99:0/3377485389 <== mon.0 v2:172.21.15.99:3300/0 6 ==== mon_command_ack([{"prefix": "get_command_descriptions"}]=0 v0) v1 ==== 72+0+176504 (secure 0 0 0) 0x7f52f8019910 con 0x7f5300102920
2024-04-02T06:38:38.747 INFO:teuthology.orchestra.run.smithi099.stdout:/usr/bin/ceph: stderr
2024-04-02T06:38:38.071+0000 7f5306b59700 1 -- 172.21.15.99:0/3377485389 --> [v2:172.21.15.99:3300/0,v1:172.21.15.99:6789/0] -- mon_command({"prefix": "status", "format": "json-pretty"} v 0) v1 -- 0x7f5300112d10 con 0x7f5300102920
2024-04-02T06:38:38.747 INFO:teuthology.orchestra.run.smithi099.stdout:/usr/bin/ceph: stderr
2024-04-02T06:38:38.072+0000 7f52fd7fa700 1 -- 172.21.15.99:0/3377485389 <== mon.0 v2:172.21.15.99:3300/0 7 ==== mon_command_ack([{"prefix": "status", "format": "json-pretty"}]=0 v0) v1 ==== 79+0+1248 (secure 0 0 0) 0x7f52f8017090 con 0x7f5300102920
2024-04-02T06:38:38.747 INFO:teuthology.orchestra.run.smithi099.stdout:/usr/bin/ceph: stderr
2024-04-02T06:38:38.073+0000 7f5306b59700 1 -- 172.21.15.99:0/3377485389 >> [v2:172.21.15.99:6800/3006451629,v1:172.21.15.99:6801/3006451629] conn(0x7f52e8036790 msgr2=0x7f52e8038c40 secure :-1 s=STATE_CONNECTION_ESTABLISHED l=1).mark_down
2024-04-02T06:38:38.747 INFO:teuthology.orchestra.run.smithi099.stdout:/usr/bin/ceph: stderr
2024-04-02T06:38:38.073+0000 7f5306b59700 1 --2- 172.21.15.99:0/3377485389 >> [v2:172.21.15.99:6800/3006451629,v1:172.21.15.99:6801/3006451629] conn(0x7f52e8036790 0x7f52e8038c40 secure :-1 s=READY pgs=6 cs=0 l=1 rev1=1 crypto rx=0x7f52f4009990 tx=0x7f52f4006e40 comp rx=0 tx=0).stop
2024-04-02T06:38:38.748 INFO:teuthology.orchestra.run.smithi099.stdout:/usr/bin/ceph: stderr
2024-04-02T06:38:38.074+0000 7f5306b59700 1 -- 172.21.15.99:0/3377485389 >> [v2:172.21.15.99:3300/0,v1:172.21.15.99:6789/0] conn(0x7f5300102920 msgr2=0x7f53001116e0 secure :-1 s=STATE_CONNECTION_ESTABLISHED l=1).mark_down
2024-04-02T06:38:38.748 INFO:teuthology.orchestra.run.smithi099.stdout:/usr/bin/ceph: stderr
2024-04-02T06:38:38.074+0000 7f5306b59700 1 --2- 172.21.15.99:0/3377485389 >> [v2:172.21.15.99:3300/0,v1:172.21.15.99:6789/0] conn(0x7f5300102920 0x7f53001116e0 secure :-1 s=READY pgs=19 cs=0 l=1 rev1=1 crypto rx=0x7f52f8009ab0 tx=0x7f52f8009840 comp rx=0 tx=0).stop
2024-04-02T06:38:38.748 INFO:teuthology.orchestra.run.smithi099.stdout:/usr/bin/ceph: stderr
2024-04-02T06:38:38.074+0000 7f5306b59700 1 -- 172.21.15.99:0/3377485389 shutdown_connections
2024-04-02T06:38:38.748 INFO:teuthology.orchestra.run.smithi099.stdout:/usr/bin/ceph: stderr
2024-04-02T06:38:38.074+0000 7f5306b59700 1 --2- 172.21.15.99:0/3377485389 >> [v2:172.21.15.99:6800/3006451629,v1:172.21.15.99:6801/3006451629] conn(0x7f52e8036790 0x7f52e8038c40 unknown :-1 s=CLOSED pgs=6 cs=0 l=1 rev1=1 crypto rx=0 tx=0 comp rx=0 tx=0).stop
2024-04-02T06:38:38.748 INFO:teuthology.orchestra.run.smithi099.stdout:/usr/bin/ceph: stderr
2024-04-02T06:38:38.074+0000 7f5306b59700 1 --2- 172.21.15.99:0/3377485389 >> [v2:172.21.15.99:3300/0,v1:172.21.15.99:6789/0] conn(0x7f5300102920 0x7f53001116e0 unknown :-1 s=CLOSED pgs=19 cs=0 l=1 rev1=1 crypto rx=0 tx=0 comp rx=0 tx=0).stop
2024-04-02T06:38:38.748 INFO:teuthology.orchestra.run.smithi099.stdout:/usr/bin/ceph: stderr
2024-04-02T06:38:38.074+0000 7f5306b59700 1 -- 172.21.15.99:0/3377485389 >> 172.21.15.99:0/3377485389 conn(0x7f53000fe0a0 msgr2=0x7f53000febc0 unknown :-1 s=STATE_NONE l=0).mark_down
2024-04-02T06:38:38.748 INFO:teuthology.orchestra.run.smithi099.stdout:/usr/bin/ceph: stderr
2024-04-02T06:38:38.074+0000 7f5306b59700 1 -- 172.21.15.99:0/3377485389 shutdown_connections
2024-04-02T06:38:38.748 INFO:teuthology.orchestra.run.smithi099.stdout:/usr/bin/ceph: stderr
2024-04-02T06:38:38.074+0000 7f5306b59700 1 -- 172.21.15.99:0/3377485389 wait complete.
2024-04-02T06:38:38.748 INFO:teuthology.orchestra.run.smithi099.stdout:mgr is available
2024-04-02T06:38:39.659 INFO:journalctl@ceph.mon.smithi099.smithi099.stdout:Apr 02 06:38:39 smithi099 ceph-mon[29363]: from='client.? 172.21.15.99:0/576210025' entity='client.admin' cmd=[{"prefix": "config assimilate-conf"}]: dispatch
2024-04-02T06:38:39.895 INFO:teuthology.orchestra.run.smithi099.stdout:/usr/bin/ceph: stdout
2024-04-02T06:38:39.895 INFO:teuthology.orchestra.run.smithi099.stdout:/usr/bin/ceph: stdout [global]
2024-04-02T06:38:39.895 INFO:teuthology.orchestra.run.smithi099.stdout:/usr/bin/ceph: stdout fsid = 684526f8-f0bb-11ee-b647-cb9ed24678a4
2024-04-02T06:38:39.895 INFO:teuthology.orchestra.run.smithi099.stdout:/usr/bin/ceph: stdout mon_osd_allow_pg_remap = true
2024-04-02T06:38:39.895 INFO:teuthology.orchestra.run.smithi099.stdout:/usr/bin/ceph: stdout mon_osd_allow_primary_affinity = true
2024-04-02T06:38:39.895 INFO:teuthology.orchestra.run.smithi099.stdout:/usr/bin/ceph: stdout mon_warn_on_no_sortbitwise = false
2024-04-02T06:38:39.895 INFO:teuthology.orchestra.run.smithi099.stdout:/usr/bin/ceph: stdout osd_crush_chooseleaf_type = 0
2024-04-02T06:38:39.896 INFO:teuthology.orchestra.run.smithi099.stdout:/usr/bin/ceph: stdout
2024-04-02T06:38:39.896 INFO:teuthology.orchestra.run.smithi099.stdout:/usr/bin/ceph: stdout [mgr]
2024-04-02T06:38:39.896 INFO:teuthology.orchestra.run.smithi099.stdout:/usr/bin/ceph: stdout mgr/telemetry/nag = false
2024-04-02T06:38:39.896 INFO:teuthology.orchestra.run.smithi099.stdout:/usr/bin/ceph: stdout
2024-04-02T06:38:39.896 INFO:teuthology.orchestra.run.smithi099.stdout:/usr/bin/ceph: stdout [osd]
2024-04-02T06:38:39.896 INFO:teuthology.orchestra.run.smithi099.stdout:/usr/bin/ceph: stdout mon_osd_backfillfull_ratio = 0.85
2024-04-02T06:38:39.896 INFO:teuthology.orchestra.run.smithi099.stdout:/usr/bin/ceph: stdout mon_osd_full_ratio = 0.9
2024-04-02T06:38:39.896 INFO:teuthology.orchestra.run.smithi099.stdout:/usr/bin/ceph: stdout mon_osd_nearfull_ratio = 0.8
2024-04-02T06:38:39.896 INFO:teuthology.orchestra.run.smithi099.stdout:/usr/bin/ceph: stdout osd_map_max_advance = 10
2024-04-02T06:38:39.896 INFO:teuthology.orchestra.run.smithi099.stdout:/usr/bin/ceph: stdout osd_sloppy_crc = true
2024-04-02T06:38:39.896 INFO:teuthology.orchestra.run.smithi099.stdout:/usr/bin/ceph: stderr
2024-04-02T06:38:39.122+0000 7f16f322c700 1 Processor -- start
2024-04-02T06:38:39.896 INFO:teuthology.orchestra.run.smithi099.stdout:/usr/bin/ceph: stderr
2024-04-02T06:38:39.122+0000 7f16f322c700 1 -- start start
2024-04-02T06:38:39.896 INFO:teuthology.orchestra.run.smithi099.stdout:/usr/bin/ceph: stderr
2024-04-02T06:38:39.122+0000 7f16f322c700 1 --2- >> [v2:172.21.15.99:3300/0,v1:172.21.15.99:6789/0] conn(0x7f16ec102920 0x7f16ec102d30 unknown :-1 s=NONE pgs=0 cs=0 l=0 rev1=0 crypto rx=0 tx=0 comp rx=0 tx=0).connect
2024-04-02T06:38:39.896 INFO:teuthology.orchestra.run.smithi099.stdout:/usr/bin/ceph: stderr
2024-04-02T06:38:39.122+0000 7f16f322c700 1 -- --> [v2:172.21.15.99:3300/0,v1:172.21.15.99:6789/0] -- mon_getmap magic: 0 v1 -- 0x7f16ec103270 con 0x7f16ec102920
2024-04-02T06:38:39.896 INFO:teuthology.orchestra.run.smithi099.stdout:/usr/bin/ceph: stderr
2024-04-02T06:38:39.122+0000 7f16f0fc8700 1 --2- >> [v2:172.21.15.99:3300/0,v1:172.21.15.99:6789/0] conn(0x7f16ec102920 0x7f16ec102d30 unknown :-1 s=BANNER_CONNECTING pgs=0 cs=0 l=0 rev1=0 crypto rx=0 tx=0 comp rx=0 tx=0)._handle_peer_banner_payload supported=3 required=0
2024-04-02T06:38:39.896 INFO:teuthology.orchestra.run.smithi099.stdout:/usr/bin/ceph: stderr
2024-04-02T06:38:39.122+0000 7f16f0fc8700 1 --2- >> [v2:172.21.15.99:3300/0,v1:172.21.15.99:6789/0] conn(0x7f16ec102920 0x7f16ec102d30 unknown :-1 s=HELLO_CONNECTING pgs=0 cs=0 l=0 rev1=1 crypto rx=0 tx=0 comp rx=0 tx=0).handle_hello peer v2:172.21.15.99:3300/0 says I am v2:172.21.15.99:59186/0 (socket says 172.21.15.99:59186)
2024-04-02T06:38:39.897 INFO:teuthology.orchestra.run.smithi099.stdout:/usr/bin/ceph: stderr
2024-04-02T06:38:39.122+0000 7f16f0fc8700 1 -- 172.21.15.99:0/3294334052 learned_addr learned my addr 172.21.15.99:0/3294334052 (peer_addr_for_me v2:172.21.15.99:0/0)
2024-04-02T06:38:39.897 INFO:teuthology.orchestra.run.smithi099.stdout:/usr/bin/ceph: stderr
2024-04-02T06:38:39.122+0000 7f16f0fc8700 1 -- 172.21.15.99:0/3294334052 --> [v2:172.21.15.99:3300/0,v1:172.21.15.99:6789/0] -- mon_subscribe({config=0+,monmap=0+}) v3 -- 0x7f16ec1033b0 con 0x7f16ec102920
2024-04-02T06:38:39.897 INFO:teuthology.orchestra.run.smithi099.stdout:/usr/bin/ceph: stderr
2024-04-02T06:38:39.123+0000 7f16f0fc8700 1 --2- 172.21.15.99:0/3294334052 >> [v2:172.21.15.99:3300/0,v1:172.21.15.99:6789/0] conn(0x7f16ec102920 0x7f16ec102d30 secure :-1 s=READY pgs=20 cs=0 l=1 rev1=1 crypto rx=0x7f16e00098e0 tx=0x7f16e0009250 comp rx=0 tx=0).ready entity=mon.0 client_cookie=4dd4ff1a7e1f6f3 server_cookie=0 in_seq=0 out_seq=0
2024-04-02T06:38:39.897 INFO:teuthology.orchestra.run.smithi099.stdout:/usr/bin/ceph: stderr
2024-04-02T06:38:39.123+0000 7f16eb7fe700 1 -- 172.21.15.99:0/3294334052 <== mon.0 v2:172.21.15.99:3300/0 1 ==== mon_map magic: 0 v1 ==== 229+0+0 (secure 0 0 0) 0x7f16e000b860 con 0x7f16ec102920
2024-04-02T06:38:39.897 INFO:teuthology.orchestra.run.smithi099.stdout:/usr/bin/ceph: stderr
2024-04-02T06:38:39.123+0000 7f16eb7fe700 1 -- 172.21.15.99:0/3294334052 <== mon.0 v2:172.21.15.99:3300/0 2 ==== config(27 keys) v1 ==== 1044+0+0 (secure 0 0 0) 0x7f16e000be50 con 0x7f16ec102920
2024-04-02T06:38:39.897 INFO:teuthology.orchestra.run.smithi099.stdout:/usr/bin/ceph: stderr
2024-04-02T06:38:39.123+0000 7f16eb7fe700 1 -- 172.21.15.99:0/3294334052 <== mon.0 v2:172.21.15.99:3300/0 3 ==== mon_map magic: 0 v1 ==== 229+0+0 (secure 0 0 0) 0x7f16e0010380 con 0x7f16ec102920
2024-04-02T06:38:39.897 INFO:teuthology.orchestra.run.smithi099.stdout:/usr/bin/ceph: stderr
2024-04-02T06:38:39.123+0000 7f16f322c700 1 -- 172.21.15.99:0/3294334052 >> [v2:172.21.15.99:3300/0,v1:172.21.15.99:6789/0] conn(0x7f16ec102920 msgr2=0x7f16ec102d30 secure :-1 s=STATE_CONNECTION_ESTABLISHED l=1).mark_down
2024-04-02T06:38:39.897 INFO:teuthology.orchestra.run.smithi099.stdout:/usr/bin/ceph: stderr
2024-04-02T06:38:39.123+0000 7f16f322c700 1 --2- 172.21.15.99:0/3294334052 >> [v2:172.21.15.99:3300/0,v1:172.21.15.99:6789/0] conn(0x7f16ec102920 0x7f16ec102d30 secure :-1 s=READY pgs=20 cs=0 l=1 rev1=1 crypto rx=0x7f16e00098e0 tx=0x7f16e0009250 comp rx=0 tx=0).stop
2024-04-02T06:38:39.897 INFO:teuthology.orchestra.run.smithi099.stdout:/usr/bin/ceph: stderr
2024-04-02T06:38:39.123+0000 7f16f322c700 1 -- 172.21.15.99:0/3294334052 shutdown_connections
2024-04-02T06:38:39.897 INFO:teuthology.orchestra.run.smithi099.stdout:/usr/bin/ceph: stderr
2024-04-02T06:38:39.123+0000 7f16f322c700 1 --2- 172.21.15.99:0/3294334052 >> [v2:172.21.15.99:3300/0,v1:172.21.15.99:6789/0] conn(0x7f16ec102920 0x7f16ec102d30 unknown :-1 s=CLOSED pgs=20 cs=0 l=1 rev1=1 crypto rx=0 tx=0 comp rx=0 tx=0).stop
2024-04-02T06:38:39.897 INFO:teuthology.orchestra.run.smithi099.stdout:/usr/bin/ceph: stderr
2024-04-02T06:38:39.123+0000 7f16f322c700 1 -- 172.21.15.99:0/3294334052 >> 172.21.15.99:0/3294334052 conn(0x7f16ec0fe0a0 msgr2=0x7f16ec1004b0 unknown :-1 s=STATE_NONE l=0).mark_down
2024-04-02T06:38:39.897 INFO:teuthology.orchestra.run.smithi099.stdout:/usr/bin/ceph: stderr
2024-04-02T06:38:39.123+0000 7f16f322c700 1 -- 172.21.15.99:0/3294334052 shutdown_connections
2024-04-02T06:38:39.897 INFO:teuthology.orchestra.run.smithi099.stdout:/usr/bin/ceph: stderr
2024-04-02T06:38:39.123+0000 7f16f322c700 1 -- 172.21.15.99:0/3294334052 wait complete.
2024-04-02T06:38:39.897 INFO:teuthology.orchestra.run.smithi099.stdout:/usr/bin/ceph: stderr
2024-04-02T06:38:39.124+0000 7f16f322c700 1 Processor -- start
2024-04-02T06:38:39.897 INFO:teuthology.orchestra.run.smithi099.stdout:/usr/bin/ceph: stderr
2024-04-02T06:38:39.124+0000 7f16f322c700 1 -- start start
2024-04-02T06:38:39.898 INFO:teuthology.orchestra.run.smithi099.stdout:/usr/bin/ceph: stderr
2024-04-02T06:38:39.124+0000 7f16f322c700 1 --2- >> [v2:172.21.15.99:3300/0,v1:172.21.15.99:6789/0] conn(0x7f16ec102920 0x7f16ec078c40 unknown :-1 s=NONE pgs=0 cs=0 l=1 rev1=0 crypto rx=0 tx=0 comp rx=0 tx=0).connect
2024-04-02T06:38:39.898 INFO:teuthology.orchestra.run.smithi099.stdout:/usr/bin/ceph: stderr
2024-04-02T06:38:39.124+0000 7f16f322c700 1 -- --> [v2:172.21.15.99:3300/0,v1:172.21.15.99:6789/0] -- mon_getmap magic: 0 v1 -- 0x7f16ec079180 con 0x7f16ec102920
2024-04-02T06:38:39.898 INFO:teuthology.orchestra.run.smithi099.stdout:/usr/bin/ceph: stderr
2024-04-02T06:38:39.124+0000 7f16f0fc8700 1 --2- >> [v2:172.21.15.99:3300/0,v1:172.21.15.99:6789/0] conn(0x7f16ec102920 0x7f16ec078c40 unknown :-1 s=BANNER_CONNECTING pgs=0 cs=0 l=1 rev1=0 crypto rx=0 tx=0 comp rx=0 tx=0)._handle_peer_banner_payload supported=3 required=0
2024-04-02T06:38:39.898 INFO:teuthology.orchestra.run.smithi099.stdout:/usr/bin/ceph: stderr
2024-04-02T06:38:39.124+0000 7f16f0fc8700 1 --2- >> [v2:172.21.15.99:3300/0,v1:172.21.15.99:6789/0] conn(0x7f16ec102920 0x7f16ec078c40 unknown :-1 s=HELLO_CONNECTING pgs=0 cs=0 l=1 rev1=1 crypto rx=0 tx=0 comp rx=0 tx=0).handle_hello peer v2:172.21.15.99:3300/0 says I am v2:172.21.15.99:59194/0 (socket says 172.21.15.99:59194)
2024-04-02T06:38:39.898 INFO:teuthology.orchestra.run.smithi099.stdout:/usr/bin/ceph: stderr
2024-04-02T06:38:39.124+0000 7f16f0fc8700 1 -- 172.21.15.99:0/576210025 learned_addr learned my addr 172.21.15.99:0/576210025 (peer_addr_for_me v2:172.21.15.99:0/0)
2024-04-02T06:38:39.898 INFO:teuthology.orchestra.run.smithi099.stdout:/usr/bin/ceph: stderr
2024-04-02T06:38:39.125+0000 7f16f0fc8700 1 -- 172.21.15.99:0/576210025 --> [v2:172.21.15.99:3300/0,v1:172.21.15.99:6789/0] -- mon_subscribe({config=0+,monmap=0+}) v3 -- 0x7f16e00094f0 con 0x7f16ec102920
2024-04-02T06:38:39.898 INFO:teuthology.orchestra.run.smithi099.stdout:/usr/bin/ceph: stderr
2024-04-02T06:38:39.125+0000 7f16f0fc8700 1 --2- 172.21.15.99:0/576210025 >> [v2:172.21.15.99:3300/0,v1:172.21.15.99:6789/0] conn(0x7f16ec102920 0x7f16ec078c40 secure :-1 s=READY pgs=21 cs=0 l=1 rev1=1 crypto rx=0x7f16e000b440 tx=0x7f16e0009250 comp rx=0 tx=0).ready entity=mon.0 client_cookie=0 server_cookie=0 in_seq=0 out_seq=0
2024-04-02T06:38:39.898 INFO:teuthology.orchestra.run.smithi099.stdout:/usr/bin/ceph: stderr
2024-04-02T06:38:39.125+0000 7f16e97fa700 1 -- 172.21.15.99:0/576210025 <== mon.0 v2:172.21.15.99:3300/0 1 ==== mon_map magic: 0 v1 ==== 229+0+0 (secure 0 0 0) 0x7f16e0010760 con 0x7f16ec102920
2024-04-02T06:38:39.898 INFO:teuthology.orchestra.run.smithi099.stdout:/usr/bin/ceph: stderr
2024-04-02T06:38:39.125+0000 7f16e97fa700 1 -- 172.21.15.99:0/576210025 <== mon.0 v2:172.21.15.99:3300/0 2 ==== config(27 keys) v1 ==== 1044+0+0 (secure 0 0 0) 0x7f16e0010d50 con 0x7f16ec102920
2024-04-02T06:38:39.898 INFO:teuthology.orchestra.run.smithi099.stdout:/usr/bin/ceph: stderr
2024-04-02T06:38:39.125+0000 7f16e97fa700 1 -- 172.21.15.99:0/576210025 <== mon.0 v2:172.21.15.99:3300/0 3 ==== mon_map magic: 0 v1 ==== 229+0+0 (secure 0 0 0) 0x7f16e001ae20 con 0x7f16ec102920
2024-04-02T06:38:39.898 INFO:teuthology.orchestra.run.smithi099.stdout:/usr/bin/ceph: stderr
2024-04-02T06:38:39.125+0000 7f16f322c700 1 -- 172.21.15.99:0/576210025 --> [v2:172.21.15.99:3300/0,v1:172.21.15.99:6789/0] -- mon_subscribe({mgrmap=0+}) v3 -- 0x7f16ec0771f0 con 0x7f16ec102920
2024-04-02T06:38:39.898 INFO:teuthology.orchestra.run.smithi099.stdout:/usr/bin/ceph: stderr
2024-04-02T06:38:39.125+0000 7f16f322c700 1 -- 172.21.15.99:0/576210025 --> [v2:172.21.15.99:3300/0,v1:172.21.15.99:6789/0] -- mon_subscribe({osdmap=0}) v3 -- 0x7f16ec0776e0 con 0x7f16ec102920
2024-04-02T06:38:39.898 INFO:teuthology.orchestra.run.smithi099.stdout:/usr/bin/ceph: stderr
2024-04-02T06:38:39.126+0000 7f16e97fa700 1 -- 172.21.15.99:0/576210025 <== mon.0 v2:172.21.15.99:3300/0 4 ==== mgrmap(e 4) v1 ==== 43357+0+0 (secure 0 0 0) 0x7f16e002e440 con 0x7f16ec102920
2024-04-02T06:38:39.899 INFO:teuthology.orchestra.run.smithi099.stdout:/usr/bin/ceph: stderr
2024-04-02T06:38:39.126+0000 7f16e97fa700 1 --2- 172.21.15.99:0/576210025 >> [v2:172.21.15.99:6800/3006451629,v1:172.21.15.99:6801/3006451629] conn(0x7f16dc036720 0x7f16dc038bd0 unknown :-1 s=NONE pgs=0 cs=0 l=1 rev1=0 crypto rx=0 tx=0 comp rx=0 tx=0).connect
2024-04-02T06:38:39.899 INFO:teuthology.orchestra.run.smithi099.stdout:/usr/bin/ceph: stderr
2024-04-02T06:38:39.126+0000 7f16e97fa700 1 -- 172.21.15.99:0/576210025 <== mon.0 v2:172.21.15.99:3300/0 5 ==== osd_map(1..1 src has 1..1) v4 ==== 721+0+0 (secure 0 0 0) 0x7f16e004b530 con 0x7f16ec102920
2024-04-02T06:38:39.899 INFO:teuthology.orchestra.run.smithi099.stdout:/usr/bin/ceph: stderr
2024-04-02T06:38:39.126+0000 7f16ebfff700 1 --2- 172.21.15.99:0/576210025 >> [v2:172.21.15.99:6800/3006451629,v1:172.21.15.99:6801/3006451629] conn(0x7f16dc036720 0x7f16dc038bd0 unknown :-1 s=BANNER_CONNECTING pgs=0 cs=0 l=1 rev1=0 crypto rx=0 tx=0 comp rx=0 tx=0)._handle_peer_banner_payload supported=3 required=0
2024-04-02T06:38:39.899 INFO:teuthology.orchestra.run.smithi099.stdout:/usr/bin/ceph: stderr
2024-04-02T06:38:39.126+0000 7f16f322c700 1 -- 172.21.15.99:0/576210025 --> [v2:172.21.15.99:3300/0,v1:172.21.15.99:6789/0] -- mon_command({"prefix": "get_command_descriptions"} v 0) v1 -- 0x7f16ec04bed0 con 0x7f16ec102920
2024-04-02T06:38:39.899 INFO:teuthology.orchestra.run.smithi099.stdout:/usr/bin/ceph: stderr
2024-04-02T06:38:39.126+0000 7f16ebfff700 1 --2- 172.21.15.99:0/576210025 >> [v2:172.21.15.99:6800/3006451629,v1:172.21.15.99:6801/3006451629] conn(0x7f16dc036720 0x7f16dc038bd0 secure :-1 s=READY pgs=7 cs=0 l=1 rev1=1 crypto rx=0x7f16d8009990 tx=0x7f16d8006e40 comp rx=0 tx=0).ready entity=mgr.14100 client_cookie=0 server_cookie=0 in_seq=0 out_seq=0
2024-04-02T06:38:39.899 INFO:teuthology.orchestra.run.smithi099.stdout:/usr/bin/ceph: stderr
2024-04-02T06:38:39.131+0000 7f16e97fa700 1 -- 172.21.15.99:0/576210025 <== mon.0 v2:172.21.15.99:3300/0 6 ==== mon_command_ack([{"prefix": "get_command_descriptions"}]=0 v0) v1 ==== 72+0+176504 (secure 0 0 0) 0x7f16e0018940 con 0x7f16ec102920
2024-04-02T06:38:39.899 INFO:teuthology.orchestra.run.smithi099.stdout:/usr/bin/ceph: stderr
2024-04-02T06:38:39.315+0000 7f16f322c700 1 -- 172.21.15.99:0/576210025 --> [v2:172.21.15.99:3300/0,v1:172.21.15.99:6789/0] -- mon_command({"prefix": "config assimilate-conf"} v 0) v1 -- 0x7f16ec077ae0 con 0x7f16ec102920
2024-04-02T06:38:39.899 INFO:teuthology.orchestra.run.smithi099.stdout:/usr/bin/ceph: stderr
2024-04-02T06:38:39.316+0000 7f16e97fa700 1 -- 172.21.15.99:0/576210025 <== mon.0 v2:172.21.15.99:3300/0 7 ==== mon_command_ack([{"prefix": "config assimilate-conf"}]=0 v3) v1 ==== 70+0+373 (secure 0 0 0) 0x7f16e0018350 con 0x7f16ec102920
2024-04-02T06:38:39.899 INFO:teuthology.orchestra.run.smithi099.stdout:/usr/bin/ceph: stderr
2024-04-02T06:38:39.318+0000 7f16f322c700 1 -- 172.21.15.99:0/576210025 >> [v2:172.21.15.99:6800/3006451629,v1:172.21.15.99:6801/3006451629] conn(0x7f16dc036720 msgr2=0x7f16dc038bd0 secure :-1 s=STATE_CONNECTION_ESTABLISHED l=1).mark_down
2024-04-02T06:38:39.899 INFO:teuthology.orchestra.run.smithi099.stdout:/usr/bin/ceph: stderr
2024-04-02T06:38:39.318+0000 7f16f322c700 1 --2- 172.21.15.99:0/576210025 >> [v2:172.21.15.99:6800/3006451629,v1:172.21.15.99:6801/3006451629] conn(0x7f16dc036720 0x7f16dc038bd0 secure :-1 s=READY pgs=7 cs=0 l=1 rev1=1 crypto rx=0x7f16d8009990 tx=0x7f16d8006e40 comp rx=0 tx=0).stop
2024-04-02T06:38:39.899 INFO:teuthology.orchestra.run.smithi099.stdout:/usr/bin/ceph: stderr
2024-04-02T06:38:39.318+0000 7f16f322c700 1 -- 172.21.15.99:0/576210025 >> [v2:172.21.15.99:3300/0,v1:172.21.15.99:6789/0] conn(0x7f16ec102920 msgr2=0x7f16ec078c40 secure :-1 s=STATE_CONNECTION_ESTABLISHED l=1).mark_down
2024-04-02T06:38:39.899 INFO:teuthology.orchestra.run.smithi099.stdout:/usr/bin/ceph: stderr
2024-04-02T06:38:39.318+0000 7f16f322c700 1 --2- 172.21.15.99:0/576210025 >> [v2:172.21.15.99:3300/0,v1:172.21.15.99:6789/0] conn(0x7f16ec102920 0x7f16ec078c40 secure :-1 s=READY pgs=21 cs=0 l=1 rev1=1 crypto rx=0x7f16e000b440 tx=0x7f16e0009250 comp rx=0 tx=0).stop
2024-04-02T06:38:39.899 INFO:teuthology.orchestra.run.smithi099.stdout:/usr/bin/ceph: stderr
2024-04-02T06:38:39.318+0000 7f16f322c700 1 -- 172.21.15.99:0/576210025 shutdown_connections
2024-04-02T06:38:39.899 INFO:teuthology.orchestra.run.smithi099.stdout:/usr/bin/ceph: stderr
2024-04-02T06:38:39.318+0000 7f16f322c700 1 --2- 172.21.15.99:0/576210025 >> [v2:172.21.15.99:6800/3006451629,v1:172.21.15.99:6801/3006451629] conn(0x7f16dc036720 0x7f16dc038bd0 unknown :-1 s=CLOSED pgs=7 cs=0 l=1 rev1=1 crypto rx=0 tx=0 comp rx=0 tx=0).stop
2024-04-02T06:38:39.899 INFO:teuthology.orchestra.run.smithi099.stdout:/usr/bin/ceph: stderr
2024-04-02T06:38:39.318+0000 7f16f322c700 1 --2- 172.21.15.99:0/576210025 >> [v2:172.21.15.99:3300/0,v1:172.21.15.99:6789/0] conn(0x7f16ec102920 0x7f16ec078c40 unknown :-1 s=CLOSED pgs=21 cs=0 l=1 rev1=1 crypto rx=0 tx=0 comp rx=0 tx=0).stop
2024-04-02T06:38:39.900 INFO:teuthology.orchestra.run.smithi099.stdout:/usr/bin/ceph: stderr
2024-04-02T06:38:39.318+0000 7f16f322c700 1 -- 172.21.15.99:0/576210025 >> 172.21.15.99:0/576210025 conn(0x7f16ec0fe0a0 msgr2=0x7f16ec0fec00 unknown :-1 s=STATE_NONE l=0).mark_down
2024-04-02T06:38:39.900 INFO:teuthology.orchestra.run.smithi099.stdout:/usr/bin/ceph: stderr
2024-04-02T06:38:39.318+0000 7f16f322c700 1 -- 172.21.15.99:0/576210025 shutdown_connections
2024-04-02T06:38:39.900 INFO:teuthology.orchestra.run.smithi099.stdout:/usr/bin/ceph: stderr
2024-04-02T06:38:39.318+0000 7f16f322c700 1 -- 172.21.15.99:0/576210025 wait complete.
2024-04-02T06:38:39.900 INFO:teuthology.orchestra.run.smithi099.stdout:Enabling cephadm module...
2024-04-02T06:38:40.849 INFO:journalctl@ceph.mon.smithi099.smithi099.stdout:Apr 02 06:38:40 smithi099 ceph-mon[29363]: from='client.? 172.21.15.99:0/1417339918' entity='client.admin' cmd=[{"prefix": "mgr module enable", "module": "cephadm"}]: dispatch
2024-04-02T06:38:41.148 INFO:teuthology.orchestra.run.smithi099.stdout:/usr/bin/ceph: stderr
2024-04-02T06:38:40.325+0000 7f85ae9ee700 1 Processor -- start
2024-04-02T06:38:41.149 INFO:teuthology.orchestra.run.smithi099.stdout:/usr/bin/ceph: stderr
2024-04-02T06:38:40.325+0000 7f85ae9ee700 1 -- start start
2024-04-02T06:38:41.149 INFO:teuthology.orchestra.run.smithi099.stdout:/usr/bin/ceph: stderr
2024-04-02T06:38:40.325+0000 7f85ae9ee700 1 --2- >> [v2:172.21.15.99:3300/0,v1:172.21.15.99:6789/0] conn(0x7f85a8071220 0x7f85a8105580 unknown :-1 s=NONE pgs=0 cs=0 l=0 rev1=0 crypto rx=0 tx=0 comp rx=0 tx=0).connect
2024-04-02T06:38:41.149 INFO:teuthology.orchestra.run.smithi099.stdout:/usr/bin/ceph: stderr
2024-04-02T06:38:40.325+0000 7f85ae9ee700 1 -- --> [v2:172.21.15.99:3300/0,v1:172.21.15.99:6789/0] -- mon_getmap magic: 0 v1 -- 0x7f85a8071630 con 0x7f85a8071220
2024-04-02T06:38:41.149 INFO:teuthology.orchestra.run.smithi099.stdout:/usr/bin/ceph: stderr
2024-04-02T06:38:40.325+0000 7f85a7fff700 1 --2- >> [v2:172.21.15.99:3300/0,v1:172.21.15.99:6789/0] conn(0x7f85a8071220 0x7f85a8105580 unknown :-1 s=BANNER_CONNECTING pgs=0 cs=0 l=0 rev1=0 crypto rx=0 tx=0 comp rx=0 tx=0)._handle_peer_banner_payload supported=3 required=0
2024-04-02T06:38:41.149 INFO:teuthology.orchestra.run.smithi099.stdout:/usr/bin/ceph: stderr
2024-04-02T06:38:40.325+0000 7f85a7fff700 1 --2- >> [v2:172.21.15.99:3300/0,v1:172.21.15.99:6789/0] conn(0x7f85a8071220 0x7f85a8105580 unknown :-1 s=HELLO_CONNECTING pgs=0 cs=0 l=0 rev1=1 crypto rx=0 tx=0 comp rx=0 tx=0).handle_hello peer v2:172.21.15.99:3300/0 says I am v2:172.21.15.99:35996/0 (socket says 172.21.15.99:35996)
2024-04-02T06:38:41.149 INFO:teuthology.orchestra.run.smithi099.stdout:/usr/bin/ceph: stderr
2024-04-02T06:38:40.325+0000 7f85a7fff700 1 -- 172.21.15.99:0/1170435431 learned_addr learned my addr 172.21.15.99:0/1170435431 (peer_addr_for_me v2:172.21.15.99:0/0)
2024-04-02T06:38:41.149 INFO:teuthology.orchestra.run.smithi099.stdout:/usr/bin/ceph: stderr
2024-04-02T06:38:40.326+0000 7f85a7fff700 1 -- 172.21.15.99:0/1170435431 --> [v2:172.21.15.99:3300/0,v1:172.21.15.99:6789/0] -- mon_subscribe({config=0+,monmap=0+}) v3 -- 0x7f85a8105ac0 con 0x7f85a8071220
2024-04-02T06:38:41.149 INFO:teuthology.orchestra.run.smithi099.stdout:/usr/bin/ceph: stderr
2024-04-02T06:38:40.326+0000 7f85a7fff700 1 --2- 172.21.15.99:0/1170435431 >> [v2:172.21.15.99:3300/0,v1:172.21.15.99:6789/0] conn(0x7f85a8071220 0x7f85a8105580 secure :-1 s=READY pgs=22 cs=0 l=1 rev1=1 crypto rx=0x7f85980098e0 tx=0x7f8598009250 comp rx=0 tx=0).ready entity=mon.0 client_cookie=c071735daed7876a server_cookie=0 in_seq=0 out_seq=0
2024-04-02T06:38:41.149 INFO:teuthology.orchestra.run.smithi099.stdout:/usr/bin/ceph: stderr
2024-04-02T06:38:40.326+0000 7f85a6ffd700 1 -- 172.21.15.99:0/1170435431 <== mon.0 v2:172.21.15.99:3300/0 1 ==== mon_map magic: 0 v1 ==== 229+0+0 (secure 0 0 0) 0x7f859800b860 con 0x7f85a8071220
2024-04-02T06:38:41.149 INFO:teuthology.orchestra.run.smithi099.stdout:/usr/bin/ceph: stderr
2024-04-02T06:38:40.326+0000 7f85a6ffd700 1 -- 172.21.15.99:0/1170435431 <== mon.0 v2:172.21.15.99:3300/0 2 ==== config(27 keys) v1 ==== 1044+0+0 (secure 0 0 0) 0x7f859800be50 con 0x7f85a8071220
2024-04-02T06:38:41.149 INFO:teuthology.orchestra.run.smithi099.stdout:/usr/bin/ceph: stderr
2024-04-02T06:38:40.326+0000 7f85a6ffd700 1 -- 172.21.15.99:0/1170435431 <== mon.0 v2:172.21.15.99:3300/0 3 ==== mon_map magic: 0 v1 ==== 229+0+0 (secure 0 0 0) 0x7f8598010380 con 0x7f85a8071220
2024-04-02T06:38:41.149 INFO:teuthology.orchestra.run.smithi099.stdout:/usr/bin/ceph: stderr
2024-04-02T06:38:40.327+0000 7f85ae9ee700 1 -- 172.21.15.99:0/1170435431 >> [v2:172.21.15.99:3300/0,v1:172.21.15.99:6789/0] conn(0x7f85a8071220 msgr2=0x7f85a8105580 secure :-1 s=STATE_CONNECTION_ESTABLISHED l=1).mark_down
2024-04-02T06:38:41.150 INFO:teuthology.orchestra.run.smithi099.stdout:/usr/bin/ceph: stderr
2024-04-02T06:38:40.327+0000 7f85ae9ee700 1 --2- 172.21.15.99:0/1170435431 >> [v2:172.21.15.99:3300/0,v1:172.21.15.99:6789/0] conn(0x7f85a8071220 0x7f85a8105580 secure :-1 s=READY pgs=22 cs=0 l=1 rev1=1 crypto rx=0x7f85980098e0 tx=0x7f8598009250 comp rx=0 tx=0).stop
2024-04-02T06:38:41.150 INFO:teuthology.orchestra.run.smithi099.stdout:/usr/bin/ceph: stderr
2024-04-02T06:38:40.327+0000 7f85ae9ee700 1 -- 172.21.15.99:0/1170435431 shutdown_connections
2024-04-02T06:38:41.150 INFO:teuthology.orchestra.run.smithi099.stdout:/usr/bin/ceph: stderr
2024-04-02T06:38:40.327+0000 7f85ae9ee700 1 --2- 172.21.15.99:0/1170435431 >> [v2:172.21.15.99:3300/0,v1:172.21.15.99:6789/0] conn(0x7f85a8071220 0x7f85a8105580 unknown :-1 s=CLOSED pgs=22 cs=0 l=1 rev1=1 crypto rx=0 tx=0 comp rx=0 tx=0).stop
2024-04-02T06:38:41.150 INFO:teuthology.orchestra.run.smithi099.stdout:/usr/bin/ceph: stderr
2024-04-02T06:38:40.327+0000 7f85ae9ee700 1 -- 172.21.15.99:0/1170435431 >> 172.21.15.99:0/1170435431 conn(0x7f85a80fcfb0 msgr2=0x7f85a80ff3c0 unknown :-1 s=STATE_NONE l=0).mark_down
2024-04-02T06:38:41.150 INFO:teuthology.orchestra.run.smithi099.stdout:/usr/bin/ceph: stderr
2024-04-02T06:38:40.327+0000 7f85ae9ee700 1 -- 172.21.15.99:0/1170435431 shutdown_connections
2024-04-02T06:38:41.150 INFO:teuthology.orchestra.run.smithi099.stdout:/usr/bin/ceph: stderr
2024-04-02T06:38:40.327+0000 7f85ae9ee700 1 -- 172.21.15.99:0/1170435431 wait complete.
2024-04-02T06:38:41.150 INFO:teuthology.orchestra.run.smithi099.stdout:/usr/bin/ceph: stderr
2024-04-02T06:38:40.327+0000 7f85ae9ee700 1 Processor -- start
2024-04-02T06:38:41.150 INFO:teuthology.orchestra.run.smithi099.stdout:/usr/bin/ceph: stderr
2024-04-02T06:38:40.327+0000 7f85ae9ee700 1 -- start start
2024-04-02T06:38:41.150 INFO:teuthology.orchestra.run.smithi099.stdout:/usr/bin/ceph: stderr
2024-04-02T06:38:40.328+0000 7f85ae9ee700 1 --2- >> [v2:172.21.15.99:3300/0,v1:172.21.15.99:6789/0] conn(0x7f85a8071220 0x7f85a81116d0 unknown :-1 s=NONE pgs=0 cs=0 l=1 rev1=0 crypto rx=0 tx=0 comp rx=0 tx=0).connect
2024-04-02T06:38:41.150 INFO:teuthology.orchestra.run.smithi099.stdout:/usr/bin/ceph: stderr
2024-04-02T06:38:40.328+0000 7f85ae9ee700 1 -- --> [v2:172.21.15.99:3300/0,v1:172.21.15.99:6789/0] -- mon_getmap magic: 0 v1 -- 0x7f85a8111c10 con 0x7f85a8071220
2024-04-02T06:38:41.150 INFO:teuthology.orchestra.run.smithi099.stdout:/usr/bin/ceph: stderr
