2024-04-06T12:49:58.510+0000 7f4d0e047700 1 -- 172.21.15.135:0/2379414413 --> [v2:172.21.15.135:3300/0,v1:172.21.15.135:6789/0] -- mon_subscribe({mgrmap=0+}) v3 -- 0x7f4d081995c0 con 0x7f4d081050e0
2024-04-06T12:50:00.030 INFO:teuthology.orchestra.run.smithi135.stdout:/usr/bin/ceph: stderr
2024-04-06T12:49:58.510+0000 7f4d04ff9700 1 -- 172.21.15.135:0/2379414413 <== mon.0 v2:172.21.15.135:3300/0 3 ==== mon_map magic: 0 v1 ==== 229+0+0 (secure 0 0 0) 0x7f4cfc01c670 con 0x7f4d081050e0
2024-04-06T12:50:00.031 INFO:teuthology.orchestra.run.smithi135.stdout:/usr/bin/ceph: stderr
2024-04-06T12:49:58.510+0000 7f4d0e047700 1 -- 172.21.15.135:0/2379414413 --> [v2:172.21.15.135:3300/0,v1:172.21.15.135:6789/0] -- mon_subscribe({osdmap=0}) v3 -- 0x7f4d08199a60 con 0x7f4d081050e0
2024-04-06T12:50:00.031 INFO:teuthology.orchestra.run.smithi135.stdout:/usr/bin/ceph: stderr
2024-04-06T12:49:58.511+0000 7f4d04ff9700 1 -- 172.21.15.135:0/2379414413 <== mon.0 v2:172.21.15.135:3300/0 4 ==== mgrmap(e 8) v1 ==== 45556+0+0 (secure 0 0 0) 0x7f4cfc022030 con 0x7f4d081050e0
2024-04-06T12:50:00.031 INFO:teuthology.orchestra.run.smithi135.stdout:/usr/bin/ceph: stderr
2024-04-06T12:49:58.511+0000 7f4d04ff9700 1 --2- 172.21.15.135:0/2379414413 >> [v2:172.21.15.135:6800/4279894650,v1:172.21.15.135:6801/4279894650] conn(0x7f4cf00386e0 0x7f4cf003aba0 unknown :-1 s=NONE pgs=0 cs=0 l=1 rev1=0 crypto rx=0 tx=0 comp rx=0 tx=0).connect
2024-04-06T12:50:00.031 INFO:teuthology.orchestra.run.smithi135.stdout:/usr/bin/ceph: stderr
2024-04-06T12:49:58.511+0000 7f4d0e047700 1 -- 172.21.15.135:0/2379414413 --> [v2:172.21.15.135:3300/0,v1:172.21.15.135:6789/0] -- mon_command({"prefix": "get_command_descriptions"} v 0) v1 -- 0x7f4d08109510 con 0x7f4d081050e0
2024-04-06T12:50:00.031 INFO:teuthology.orchestra.run.smithi135.stdout:/usr/bin/ceph: stderr
2024-04-06T12:49:58.511+0000 7f4d04ff9700 1 -- 172.21.15.135:0/2379414413 <== mon.0 v2:172.21.15.135:3300/0 5 ==== osd_map(2..2 src has 1..2) v4 ==== 940+0+0 (secure 0 0 0) 0x7f4cfc04ede0 con 0x7f4d081050e0
2024-04-06T12:50:00.031 INFO:teuthology.orchestra.run.smithi135.stdout:/usr/bin/ceph: stderr
2024-04-06T12:49:58.511+0000 7f4d06ffd700 1 --2- 172.21.15.135:0/2379414413 >> [v2:172.21.15.135:6800/4279894650,v1:172.21.15.135:6801/4279894650] conn(0x7f4cf00386e0 0x7f4cf003aba0 unknown :-1 s=BANNER_CONNECTING pgs=0 cs=0 l=1 rev1=0 crypto rx=0 tx=0 comp rx=0 tx=0)._handle_peer_banner_payload supported=3 required=0
2024-04-06T12:50:00.031 INFO:teuthology.orchestra.run.smithi135.stdout:/usr/bin/ceph: stderr
2024-04-06T12:49:58.512+0000 7f4d06ffd700 1 --2- 172.21.15.135:0/2379414413 >> [v2:172.21.15.135:6800/4279894650,v1:172.21.15.135:6801/4279894650] conn(0x7f4cf00386e0 0x7f4cf003aba0 secure :-1 s=READY pgs=13 cs=0 l=1 rev1=1 crypto rx=0x7f4cf8006fd0 tx=0x7f4cf8006e40 comp rx=0 tx=0).ready entity=mgr.14118 client_cookie=0 server_cookie=0 in_seq=0 out_seq=0
2024-04-06T12:50:00.031 INFO:teuthology.orchestra.run.smithi135.stdout:/usr/bin/ceph: stderr
2024-04-06T12:49:58.516+0000 7f4d04ff9700 1 -- 172.21.15.135:0/2379414413 <== mon.0 v2:172.21.15.135:3300/0 6 ==== mon_command_ack([{"prefix": "get_command_descriptions"}]=0 v0) v1 ==== 72+0+182936 (secure 0 0 0) 0x7f4cfc02e440 con 0x7f4d081050e0
2024-04-06T12:50:00.031 INFO:teuthology.orchestra.run.smithi135.stdout:/usr/bin/ceph: stderr
2024-04-06T12:49:58.738+0000 7f4d0e047700 1 -- 172.21.15.135:0/2379414413 --> [v2:172.21.15.135:6800/4279894650,v1:172.21.15.135:6801/4279894650] -- mgr_command(tid 0: {"prefix": "orch apply", "service_type": "mgr", "target": ["mon-mgr", ""]}) v1 -- 0x7f4d08101970 con 0x7f4cf00386e0
2024-04-06T12:50:00.031 INFO:teuthology.orchestra.run.smithi135.stdout:/usr/bin/ceph: stderr
2024-04-06T12:49:58.743+0000 7f4d04ff9700 1 -- 172.21.15.135:0/2379414413 <== mgr.14118 v2:172.21.15.135:6800/4279894650 1 ==== mgr_command_reply(tid 0: 0 ) v1 ==== 8+0+24 (secure 0 0 0) 0x7f4d08101970 con 0x7f4cf00386e0
2024-04-06T12:50:00.031 INFO:teuthology.orchestra.run.smithi135.stdout:/usr/bin/ceph: stderr
2024-04-06T12:49:58.745+0000 7f4d0e047700 1 -- 172.21.15.135:0/2379414413 >> [v2:172.21.15.135:6800/4279894650,v1:172.21.15.135:6801/4279894650] conn(0x7f4cf00386e0 msgr2=0x7f4cf003aba0 secure :-1 s=STATE_CONNECTION_ESTABLISHED l=1).mark_down
2024-04-06T12:50:00.032 INFO:teuthology.orchestra.run.smithi135.stdout:/usr/bin/ceph: stderr
2024-04-06T12:49:58.745+0000 7f4d0e047700 1 --2- 172.21.15.135:0/2379414413 >> [v2:172.21.15.135:6800/4279894650,v1:172.21.15.135:6801/4279894650] conn(0x7f4cf00386e0 0x7f4cf003aba0 secure :-1 s=READY pgs=13 cs=0 l=1 rev1=1 crypto rx=0x7f4cf8006fd0 tx=0x7f4cf8006e40 comp rx=0 tx=0).stop
2024-04-06T12:50:00.032 INFO:teuthology.orchestra.run.smithi135.stdout:/usr/bin/ceph: stderr
2024-04-06T12:49:58.745+0000 7f4d0e047700 1 -- 172.21.15.135:0/2379414413 >> [v2:172.21.15.135:3300/0,v1:172.21.15.135:6789/0] conn(0x7f4d081050e0 msgr2=0x7f4d08198e80 secure :-1 s=STATE_CONNECTION_ESTABLISHED l=1).mark_down
2024-04-06T12:50:00.032 INFO:teuthology.orchestra.run.smithi135.stdout:/usr/bin/ceph: stderr
2024-04-06T12:49:58.745+0000 7f4d0e047700 1 --2- 172.21.15.135:0/2379414413 >> [v2:172.21.15.135:3300/0,v1:172.21.15.135:6789/0] conn(0x7f4d081050e0 0x7f4d08198e80 secure :-1 s=READY pgs=48 cs=0 l=1 rev1=1 crypto rx=0x7f4cfc006af0 tx=0x7f4cfc003980 comp rx=0 tx=0).stop
2024-04-06T12:50:00.032 INFO:teuthology.orchestra.run.smithi135.stdout:/usr/bin/ceph: stderr
2024-04-06T12:49:58.745+0000 7f4d0e047700 1 -- 172.21.15.135:0/2379414413 shutdown_connections
2024-04-06T12:50:00.032 INFO:teuthology.orchestra.run.smithi135.stdout:/usr/bin/ceph: stderr
2024-04-06T12:49:58.745+0000 7f4d0e047700 1 --2- 172.21.15.135:0/2379414413 >> [v2:172.21.15.135:6800/4279894650,v1:172.21.15.135:6801/4279894650] conn(0x7f4cf00386e0 0x7f4cf003aba0 unknown :-1 s=CLOSED pgs=13 cs=0 l=1 rev1=1 crypto rx=0 tx=0 comp rx=0 tx=0).stop
2024-04-06T12:50:00.032 INFO:teuthology.orchestra.run.smithi135.stdout:/usr/bin/ceph: stderr
2024-04-06T12:49:58.745+0000 7f4d0e047700 1 --2- 172.21.15.135:0/2379414413 >> [v2:172.21.15.135:3300/0,v1:172.21.15.135:6789/0] conn(0x7f4d081050e0 0x7f4d08198e80 unknown :-1 s=CLOSED pgs=48 cs=0 l=1 rev1=1 crypto rx=0 tx=0 comp rx=0 tx=0).stop
2024-04-06T12:50:00.032 INFO:teuthology.orchestra.run.smithi135.stdout:/usr/bin/ceph: stderr
2024-04-06T12:49:58.745+0000 7f4d0e047700 1 -- 172.21.15.135:0/2379414413 >> 172.21.15.135:0/2379414413 conn(0x7f4d081006a0 msgr2=0x7f4d08101260 unknown :-1 s=STATE_NONE l=0).mark_down
2024-04-06T12:50:00.032 INFO:teuthology.orchestra.run.smithi135.stdout:/usr/bin/ceph: stderr
2024-04-06T12:49:58.745+0000 7f4d0e047700 1 -- 172.21.15.135:0/2379414413 shutdown_connections
2024-04-06T12:50:00.032 INFO:teuthology.orchestra.run.smithi135.stdout:/usr/bin/ceph: stderr
2024-04-06T12:49:58.745+0000 7f4d0e047700 1 -- 172.21.15.135:0/2379414413 wait complete.
2024-04-06T12:50:00.032 INFO:teuthology.orchestra.run.smithi135.stdout:Deploying crash service with default placement...
2024-04-06T12:50:01.656 INFO:journalctl@ceph.mon.smithi135.smithi135.stdout:Apr 06 12:50:01 smithi135 ceph-mon[39714]: from='mgr.14118 172.21.15.135:0/1538682846' entity='mgr.smithi135.cigmae'
2024-04-06T12:50:01.657 INFO:journalctl@ceph.mon.smithi135.smithi135.stdout:Apr 06 12:50:01 smithi135 ceph-mon[39714]: from='client.14144 -' entity='client.admin' cmd=[{"prefix": "orch apply", "service_type": "crash", "target": ["mon-mgr", ""]}]: dispatch
2024-04-06T12:50:01.657 INFO:journalctl@ceph.mon.smithi135.smithi135.stdout:Apr 06 12:50:01 smithi135 ceph-mon[39714]: Saving service crash spec with placement *
2024-04-06T12:50:01.657 INFO:journalctl@ceph.mon.smithi135.smithi135.stdout:Apr 06 12:50:01 smithi135 ceph-mon[39714]: from='mgr.14118 172.21.15.135:0/1538682846' entity='mgr.smithi135.cigmae'
2024-04-06T12:50:01.945 INFO:teuthology.orchestra.run.smithi135.stdout:/usr/bin/ceph: stdout Scheduled crash update...
2024-04-06T12:50:01.945 INFO:teuthology.orchestra.run.smithi135.stdout:/usr/bin/ceph: stderr
2024-04-06T12:50:00.614+0000 7f6a0ca80700 1 Processor -- start
2024-04-06T12:50:01.945 INFO:teuthology.orchestra.run.smithi135.stdout:/usr/bin/ceph: stderr
2024-04-06T12:50:00.614+0000 7f6a0ca80700 1 -- start start
2024-04-06T12:50:01.946 INFO:teuthology.orchestra.run.smithi135.stdout:/usr/bin/ceph: stderr
2024-04-06T12:50:00.614+0000 7f6a0ca80700 1 --2- >> [v2:172.21.15.135:3300/0,v1:172.21.15.135:6789/0] conn(0x7f6a08106cf0 0x7f6a081090e0 unknown :-1 s=NONE pgs=0 cs=0 l=0 rev1=0 crypto rx=0 tx=0 comp rx=0 tx=0).connect
2024-04-06T12:50:01.946 INFO:teuthology.orchestra.run.smithi135.stdout:/usr/bin/ceph: stderr
2024-04-06T12:50:00.614+0000 7f6a0ca80700 1 -- --> [v2:172.21.15.135:3300/0,v1:172.21.15.135:6789/0] -- mon_getmap magic: 0 v1 -- 0x7f6a08079e50 con 0x7f6a08106cf0
2024-04-06T12:50:01.946 INFO:teuthology.orchestra.run.smithi135.stdout:/usr/bin/ceph: stderr
2024-04-06T12:50:00.615+0000 7f6a0659c700 1 --2- >> [v2:172.21.15.135:3300/0,v1:172.21.15.135:6789/0] conn(0x7f6a08106cf0 0x7f6a081090e0 unknown :-1 s=BANNER_CONNECTING pgs=0 cs=0 l=0 rev1=0 crypto rx=0 tx=0 comp rx=0 tx=0)._handle_peer_banner_payload supported=3 required=0
2024-04-06T12:50:01.946 INFO:teuthology.orchestra.run.smithi135.stdout:/usr/bin/ceph: stderr
2024-04-06T12:50:00.615+0000 7f6a0659c700 1 --2- >> [v2:172.21.15.135:3300/0,v1:172.21.15.135:6789/0] conn(0x7f6a08106cf0 0x7f6a081090e0 unknown :-1 s=HELLO_CONNECTING pgs=0 cs=0 l=0 rev1=1 crypto rx=0 tx=0 comp rx=0 tx=0).handle_hello peer v2:172.21.15.135:3300/0 says I am v2:172.21.15.135:46284/0 (socket says 172.21.15.135:46284)
2024-04-06T12:50:01.946 INFO:teuthology.orchestra.run.smithi135.stdout:/usr/bin/ceph: stderr
2024-04-06T12:50:00.615+0000 7f6a0659c700 1 -- 172.21.15.135:0/810840887 learned_addr learned my addr 172.21.15.135:0/810840887 (peer_addr_for_me v2:172.21.15.135:0/0)
2024-04-06T12:50:01.946 INFO:teuthology.orchestra.run.smithi135.stdout:/usr/bin/ceph: stderr
2024-04-06T12:50:00.615+0000 7f6a0659c700 1 -- 172.21.15.135:0/810840887 --> [v2:172.21.15.135:3300/0,v1:172.21.15.135:6789/0] -- mon_subscribe({config=0+,monmap=0+}) v3 -- 0x7f6a08109620 con 0x7f6a08106cf0
2024-04-06T12:50:01.946 INFO:teuthology.orchestra.run.smithi135.stdout:/usr/bin/ceph: stderr
2024-04-06T12:50:00.615+0000 7f6a0659c700 1 --2- 172.21.15.135:0/810840887 >> [v2:172.21.15.135:3300/0,v1:172.21.15.135:6789/0] conn(0x7f6a08106cf0 0x7f6a081090e0 secure :-1 s=READY pgs=49 cs=0 l=1 rev1=1 crypto rx=0x7f69f80098a0 tx=0x7f69f8009bb0 comp rx=0 tx=0).ready entity=mon.0 client_cookie=8a732003eeaba6b7 server_cookie=0 in_seq=0 out_seq=0
2024-04-06T12:50:01.946 INFO:teuthology.orchestra.run.smithi135.stdout:/usr/bin/ceph: stderr
2024-04-06T12:50:00.615+0000 7f6a0559a700 1 -- 172.21.15.135:0/810840887 <== mon.0 v2:172.21.15.135:3300/0 1 ==== mon_map magic: 0 v1 ==== 229+0+0 (secure 0 0 0) 0x7f69f8004180 con 0x7f6a08106cf0
2024-04-06T12:50:01.946 INFO:teuthology.orchestra.run.smithi135.stdout:/usr/bin/ceph: stderr
2024-04-06T12:50:00.615+0000 7f6a0559a700 1 -- 172.21.15.135:0/810840887 <== mon.0 v2:172.21.15.135:3300/0 2 ==== config(26 keys) v1 ==== 1074+0+0 (secure 0 0 0) 0x7f69f80042e0 con 0x7f6a08106cf0
2024-04-06T12:50:01.946 INFO:teuthology.orchestra.run.smithi135.stdout:/usr/bin/ceph: stderr
2024-04-06T12:50:00.615+0000 7f6a0559a700 1 -- 172.21.15.135:0/810840887 <== mon.0 v2:172.21.15.135:3300/0 3 ==== mon_map magic: 0 v1 ==== 229+0+0 (secure 0 0 0) 0x7f69f8011a40 con 0x7f6a08106cf0
2024-04-06T12:50:01.946 INFO:teuthology.orchestra.run.smithi135.stdout:/usr/bin/ceph: stderr
2024-04-06T12:50:00.616+0000 7f6a0ca80700 1 -- 172.21.15.135:0/810840887 >> [v2:172.21.15.135:3300/0,v1:172.21.15.135:6789/0] conn(0x7f6a08106cf0 msgr2=0x7f6a081090e0 secure :-1 s=STATE_CONNECTION_ESTABLISHED l=1).mark_down
2024-04-06T12:50:01.946 INFO:teuthology.orchestra.run.smithi135.stdout:/usr/bin/ceph: stderr
2024-04-06T12:50:00.616+0000 7f6a0ca80700 1 --2- 172.21.15.135:0/810840887 >> [v2:172.21.15.135:3300/0,v1:172.21.15.135:6789/0] conn(0x7f6a08106cf0 0x7f6a081090e0 secure :-1 s=READY pgs=49 cs=0 l=1 rev1=1 crypto rx=0x7f69f80098a0 tx=0x7f69f8009bb0 comp rx=0 tx=0).stop
2024-04-06T12:50:01.946 INFO:teuthology.orchestra.run.smithi135.stdout:/usr/bin/ceph: stderr
2024-04-06T12:50:00.616+0000 7f6a0ca80700 1 -- 172.21.15.135:0/810840887 shutdown_connections
2024-04-06T12:50:01.947 INFO:teuthology.orchestra.run.smithi135.stdout:/usr/bin/ceph: stderr
2024-04-06T12:50:00.616+0000 7f6a0ca80700 1 --2- 172.21.15.135:0/810840887 >> [v2:172.21.15.135:3300/0,v1:172.21.15.135:6789/0] conn(0x7f6a08106cf0 0x7f6a081090e0 unknown :-1 s=CLOSED pgs=49 cs=0 l=1 rev1=1 crypto rx=0 tx=0 comp rx=0 tx=0).stop
2024-04-06T12:50:01.947 INFO:teuthology.orchestra.run.smithi135.stdout:/usr/bin/ceph: stderr
2024-04-06T12:50:00.616+0000 7f6a0ca80700 1 -- 172.21.15.135:0/810840887 >> 172.21.15.135:0/810840887 conn(0x7f6a08100720 msgr2=0x7f6a08102b40 unknown :-1 s=STATE_NONE l=0).mark_down
2024-04-06T12:50:01.947 INFO:teuthology.orchestra.run.smithi135.stdout:/usr/bin/ceph: stderr
2024-04-06T12:50:00.616+0000 7f6a0ca80700 1 -- 172.21.15.135:0/810840887 shutdown_connections
2024-04-06T12:50:01.947 INFO:teuthology.orchestra.run.smithi135.stdout:/usr/bin/ceph: stderr
2024-04-06T12:50:00.616+0000 7f6a0ca80700 1 -- 172.21.15.135:0/810840887 wait complete.
2024-04-06T12:50:01.947 INFO:teuthology.orchestra.run.smithi135.stdout:/usr/bin/ceph: stderr
2024-04-06T12:50:00.617+0000 7f6a0ca80700 1 Processor -- start
2024-04-06T12:50:01.947 INFO:teuthology.orchestra.run.smithi135.stdout:/usr/bin/ceph: stderr
2024-04-06T12:50:00.617+0000 7f6a0ca80700 1 -- start start
2024-04-06T12:50:01.947 INFO:teuthology.orchestra.run.smithi135.stdout:/usr/bin/ceph: stderr
2024-04-06T12:50:00.617+0000 7f6a0ca80700 1 --2- >> [v2:172.21.15.135:3300/0,v1:172.21.15.135:6789/0] conn(0x7f6a08106cf0 0x7f6a08106520 unknown :-1 s=NONE pgs=0 cs=0 l=1 rev1=0 crypto rx=0 tx=0 comp rx=0 tx=0).connect
2024-04-06T12:50:01.947 INFO:teuthology.orchestra.run.smithi135.stdout:/usr/bin/ceph: stderr
2024-04-06T12:50:00.617+0000 7f6a0ca80700 1 -- --> [v2:172.21.15.135:3300/0,v1:172.21.15.135:6789/0] -- mon_getmap magic: 0 v1 -- 0x7f6a08106a60 con 0x7f6a08106cf0
2024-04-06T12:50:01.947 INFO:teuthology.orchestra.run.smithi135.stdout:/usr/bin/ceph: stderr
2024-04-06T12:50:00.617+0000 7f6a0659c700 1 --2- >> [v2:172.21.15.135:3300/0,v1:172.21.15.135:6789/0] conn(0x7f6a08106cf0 0x7f6a08106520 unknown :-1 s=BANNER_CONNECTING pgs=0 cs=0 l=1 rev1=0 crypto rx=0 tx=0 comp rx=0 tx=0)._handle_peer_banner_payload supported=3 required=0
2024-04-06T12:50:01.947 INFO:teuthology.orchestra.run.smithi135.stdout:/usr/bin/ceph: stderr
2024-04-06T12:50:00.617+0000 7f6a0659c700 1 --2- >> [v2:172.21.15.135:3300/0,v1:172.21.15.135:6789/0] conn(0x7f6a08106cf0 0x7f6a08106520 unknown :-1 s=HELLO_CONNECTING pgs=0 cs=0 l=1 rev1=1 crypto rx=0 tx=0 comp rx=0 tx=0).handle_hello peer v2:172.21.15.135:3300/0 says I am v2:172.21.15.135:46286/0 (socket says 172.21.15.135:46286)
2024-04-06T12:50:01.947 INFO:teuthology.orchestra.run.smithi135.stdout:/usr/bin/ceph: stderr
2024-04-06T12:50:00.617+0000 7f6a0659c700 1 -- 172.21.15.135:0/722546001 learned_addr learned my addr 172.21.15.135:0/722546001 (peer_addr_for_me v2:172.21.15.135:0/0)
2024-04-06T12:50:01.947 INFO:teuthology.orchestra.run.smithi135.stdout:/usr/bin/ceph: stderr
2024-04-06T12:50:00.617+0000 7f6a0659c700 1 -- 172.21.15.135:0/722546001 --> [v2:172.21.15.135:3300/0,v1:172.21.15.135:6789/0] -- mon_subscribe({config=0+,monmap=0+}) v3 -- 0x7f69f8009550 con 0x7f6a08106cf0
2024-04-06T12:50:01.947 INFO:teuthology.orchestra.run.smithi135.stdout:/usr/bin/ceph: stderr
2024-04-06T12:50:00.617+0000 7f6a0659c700 1 --2- 172.21.15.135:0/722546001 >> [v2:172.21.15.135:3300/0,v1:172.21.15.135:6789/0] conn(0x7f6a08106cf0 0x7f6a08106520 secure :-1 s=READY pgs=50 cs=0 l=1 rev1=1 crypto rx=0x7f69f8006af0 tx=0x7f69f8011b10 comp rx=0 tx=0).ready entity=mon.0 client_cookie=0 server_cookie=0 in_seq=0 out_seq=0
2024-04-06T12:50:01.947 INFO:teuthology.orchestra.run.smithi135.stdout:/usr/bin/ceph: stderr
2024-04-06T12:50:00.618+0000 7f69f77fe700 1 -- 172.21.15.135:0/722546001 <== mon.0 v2:172.21.15.135:3300/0 1 ==== mon_map magic: 0 v1 ==== 229+0+0 (secure 0 0 0) 0x7f69f8003a80 con 0x7f6a08106cf0
2024-04-06T12:50:01.948 INFO:teuthology.orchestra.run.smithi135.stdout:/usr/bin/ceph: stderr
2024-04-06T12:50:00.618+0000 7f69f77fe700 1 -- 172.21.15.135:0/722546001 <== mon.0 v2:172.21.15.135:3300/0 2 ==== config(26 keys) v1 ==== 1074+0+0 (secure 0 0 0) 0x7f69f8003be0 con 0x7f6a08106cf0
2024-04-06T12:50:01.948 INFO:teuthology.orchestra.run.smithi135.stdout:/usr/bin/ceph: stderr
2024-04-06T12:50:00.618+0000 7f6a0ca80700 1 -- 172.21.15.135:0/722546001 --> [v2:172.21.15.135:3300/0,v1:172.21.15.135:6789/0] -- mon_subscribe({mgrmap=0+}) v3 -- 0x7f6a08104ca0 con 0x7f6a08106cf0
2024-04-06T12:50:01.948 INFO:teuthology.orchestra.run.smithi135.stdout:/usr/bin/ceph: stderr
2024-04-06T12:50:00.618+0000 7f69f77fe700 1 -- 172.21.15.135:0/722546001 <== mon.0 v2:172.21.15.135:3300/0 3 ==== mon_map magic: 0 v1 ==== 229+0+0 (secure 0 0 0) 0x7f69f80197f0 con 0x7f6a08106cf0
2024-04-06T12:50:01.948 INFO:teuthology.orchestra.run.smithi135.stdout:/usr/bin/ceph: stderr
2024-04-06T12:50:00.618+0000 7f6a0ca80700 1 -- 172.21.15.135:0/722546001 --> [v2:172.21.15.135:3300/0,v1:172.21.15.135:6789/0] -- mon_subscribe({osdmap=0}) v3 -- 0x7f6a08105140 con 0x7f6a08106cf0
2024-04-06T12:50:01.948 INFO:teuthology.orchestra.run.smithi135.stdout:/usr/bin/ceph: stderr
2024-04-06T12:50:00.619+0000 7f69f77fe700 1 -- 172.21.15.135:0/722546001 <== mon.0 v2:172.21.15.135:3300/0 4 ==== mgrmap(e 8) v1 ==== 45556+0+0 (secure 0 0 0) 0x7f69f8019a30 con 0x7f6a08106cf0
2024-04-06T12:50:01.948 INFO:teuthology.orchestra.run.smithi135.stdout:/usr/bin/ceph: stderr
2024-04-06T12:50:00.619+0000 7f6a0ca80700 1 -- 172.21.15.135:0/722546001 --> [v2:172.21.15.135:3300/0,v1:172.21.15.135:6789/0] -- mon_command({"prefix": "get_command_descriptions"} v 0) v1 -- 0x7f6a0810a350 con 0x7f6a08106cf0
2024-04-06T12:50:01.948 INFO:teuthology.orchestra.run.smithi135.stdout:/usr/bin/ceph: stderr
2024-04-06T12:50:00.619+0000 7f69f77fe700 1 --2- 172.21.15.135:0/722546001 >> [v2:172.21.15.135:6800/4279894650,v1:172.21.15.135:6801/4279894650] conn(0x7f69f00386e0 0x7f69f003aba0 unknown :-1 s=NONE pgs=0 cs=0 l=1 rev1=0 crypto rx=0 tx=0 comp rx=0 tx=0).connect
2024-04-06T12:50:01.948 INFO:teuthology.orchestra.run.smithi135.stdout:/usr/bin/ceph: stderr
2024-04-06T12:50:00.619+0000 7f69f77fe700 1 -- 172.21.15.135:0/722546001 <== mon.0 v2:172.21.15.135:3300/0 5 ==== osd_map(2..2 src has 1..2) v4 ==== 940+0+0 (secure 0 0 0) 0x7f69f804ca20 con 0x7f6a08106cf0
2024-04-06T12:50:01.948 INFO:teuthology.orchestra.run.smithi135.stdout:/usr/bin/ceph: stderr
2024-04-06T12:50:00.619+0000 7f6a05d9b700 1 --2- 172.21.15.135:0/722546001 >> [v2:172.21.15.135:6800/4279894650,v1:172.21.15.135:6801/4279894650] conn(0x7f69f00386e0 0x7f69f003aba0 unknown :-1 s=BANNER_CONNECTING pgs=0 cs=0 l=1 rev1=0 crypto rx=0 tx=0 comp rx=0 tx=0)._handle_peer_banner_payload supported=3 required=0
2024-04-06T12:50:01.948 INFO:teuthology.orchestra.run.smithi135.stdout:/usr/bin/ceph: stderr
2024-04-06T12:50:00.619+0000 7f6a05d9b700 1 --2- 172.21.15.135:0/722546001 >> [v2:172.21.15.135:6800/4279894650,v1:172.21.15.135:6801/4279894650] conn(0x7f69f00386e0 0x7f69f003aba0 secure :-1 s=READY pgs=14 cs=0 l=1 rev1=1 crypto rx=0x7f69fc006fd0 tx=0x7f69fc006e40 comp rx=0 tx=0).ready entity=mgr.14118 client_cookie=0 server_cookie=0 in_seq=0 out_seq=0
2024-04-06T12:50:01.948 INFO:teuthology.orchestra.run.smithi135.stdout:/usr/bin/ceph: stderr
2024-04-06T12:50:00.624+0000 7f69f77fe700 1 -- 172.21.15.135:0/722546001 <== mon.0 v2:172.21.15.135:3300/0 6 ==== mon_command_ack([{"prefix": "get_command_descriptions"}]=0 v0) v1 ==== 72+0+182936 (secure 0 0 0) 0x7f69f802b750 con 0x7f6a08106cf0
2024-04-06T12:50:01.948 INFO:teuthology.orchestra.run.smithi135.stdout:/usr/bin/ceph: stderr
2024-04-06T12:50:00.842+0000 7f6a0ca80700 1 -- 172.21.15.135:0/722546001 --> [v2:172.21.15.135:6800/4279894650,v1:172.21.15.135:6801/4279894650] -- mgr_command(tid 0: {"prefix": "orch apply", "service_type": "crash", "target": ["mon-mgr", ""]}) v1 -- 0x7f6a08105930 con 0x7f69f00386e0
2024-04-06T12:50:01.948 INFO:teuthology.orchestra.run.smithi135.stdout:/usr/bin/ceph: stderr
2024-04-06T12:50:00.850+0000 7f69f77fe700 1 -- 172.21.15.135:0/722546001 <== mgr.14118 v2:172.21.15.135:6800/4279894650 1 ==== mgr_command_reply(tid 0: 0 ) v1 ==== 8+0+26 (secure 0 0 0) 0x7f6a08105930 con 0x7f69f00386e0
2024-04-06T12:50:01.948 INFO:teuthology.orchestra.run.smithi135.stdout:/usr/bin/ceph: stderr
2024-04-06T12:50:00.852+0000 7f6a0ca80700 1 -- 172.21.15.135:0/722546001 >> [v2:172.21.15.135:6800/4279894650,v1:172.21.15.135:6801/4279894650] conn(0x7f69f00386e0 msgr2=0x7f69f003aba0 secure :-1 s=STATE_CONNECTION_ESTABLISHED l=1).mark_down
2024-04-06T12:50:01.949 INFO:teuthology.orchestra.run.smithi135.stdout:/usr/bin/ceph: stderr
2024-04-06T12:50:00.852+0000 7f6a0ca80700 1 --2- 172.21.15.135:0/722546001 >> [v2:172.21.15.135:6800/4279894650,v1:172.21.15.135:6801/4279894650] conn(0x7f69f00386e0 0x7f69f003aba0 secure :-1 s=READY pgs=14 cs=0 l=1 rev1=1 crypto rx=0x7f69fc006fd0 tx=0x7f69fc006e40 comp rx=0 tx=0).stop
2024-04-06T12:50:01.949 INFO:teuthology.orchestra.run.smithi135.stdout:/usr/bin/ceph: stderr
2024-04-06T12:50:00.852+0000 7f6a0ca80700 1 -- 172.21.15.135:0/722546001 >> [v2:172.21.15.135:3300/0,v1:172.21.15.135:6789/0] conn(0x7f6a08106cf0 msgr2=0x7f6a08106520 secure :-1 s=STATE_CONNECTION_ESTABLISHED l=1).mark_down
2024-04-06T12:50:01.949 INFO:teuthology.orchestra.run.smithi135.stdout:/usr/bin/ceph: stderr
2024-04-06T12:50:00.852+0000 7f6a0ca80700 1 --2- 172.21.15.135:0/722546001 >> [v2:172.21.15.135:3300/0,v1:172.21.15.135:6789/0] conn(0x7f6a08106cf0 0x7f6a08106520 secure :-1 s=READY pgs=50 cs=0 l=1 rev1=1 crypto rx=0x7f69f8006af0 tx=0x7f69f8011b10 comp rx=0 tx=0).stop
2024-04-06T12:50:01.949 INFO:teuthology.orchestra.run.smithi135.stdout:/usr/bin/ceph: stderr
2024-04-06T12:50:00.852+0000 7f6a0ca80700 1 -- 172.21.15.135:0/722546001 shutdown_connections
2024-04-06T12:50:01.949 INFO:teuthology.orchestra.run.smithi135.stdout:/usr/bin/ceph: stderr
2024-04-06T12:50:00.852+0000 7f6a0ca80700 1 --2- 172.21.15.135:0/722546001 >> [v2:172.21.15.135:6800/4279894650,v1:172.21.15.135:6801/4279894650] conn(0x7f69f00386e0 0x7f69f003aba0 unknown :-1 s=CLOSED pgs=14 cs=0 l=1 rev1=1 crypto rx=0 tx=0 comp rx=0 tx=0).stop
2024-04-06T12:50:01.949 INFO:teuthology.orchestra.run.smithi135.stdout:/usr/bin/ceph: stderr
2024-04-06T12:50:00.852+0000 7f6a0ca80700 1 --2- 172.21.15.135:0/722546001 >> [v2:172.21.15.135:3300/0,v1:172.21.15.135:6789/0] conn(0x7f6a08106cf0 0x7f6a08106520 unknown :-1 s=CLOSED pgs=50 cs=0 l=1 rev1=1 crypto rx=0 tx=0 comp rx=0 tx=0).stop
2024-04-06T12:50:01.949 INFO:teuthology.orchestra.run.smithi135.stdout:/usr/bin/ceph: stderr
2024-04-06T12:50:00.852+0000 7f6a0ca80700 1 -- 172.21.15.135:0/722546001 >> 172.21.15.135:0/722546001 conn(0x7f6a08100720 msgr2=0x7f6a081012b0 unknown :-1 s=STATE_NONE l=0).mark_down
2024-04-06T12:50:01.949 INFO:teuthology.orchestra.run.smithi135.stdout:/usr/bin/ceph: stderr
2024-04-06T12:50:00.852+0000 7f6a0ca80700 1 -- 172.21.15.135:0/722546001 shutdown_connections
2024-04-06T12:50:01.949 INFO:teuthology.orchestra.run.smithi135.stdout:/usr/bin/ceph: stderr
2024-04-06T12:50:00.852+0000 7f6a0ca80700 1 -- 172.21.15.135:0/722546001 wait complete.
2024-04-06T12:50:01.949 INFO:teuthology.orchestra.run.smithi135.stdout:Deploying ceph-exporter service with default placement...
2024-04-06T12:50:03.446 INFO:teuthology.orchestra.run.smithi135.stdout:/usr/bin/ceph: stdout Scheduled ceph-exporter update...
2024-04-06T12:50:03.446 INFO:teuthology.orchestra.run.smithi135.stdout:/usr/bin/ceph: stderr
2024-04-06T12:50:02.478+0000 7f5de4575700 1 Processor -- start
2024-04-06T12:50:03.446 INFO:teuthology.orchestra.run.smithi135.stdout:/usr/bin/ceph: stderr
2024-04-06T12:50:02.478+0000 7f5de4575700 1 -- start start
2024-04-06T12:50:03.446 INFO:teuthology.orchestra.run.smithi135.stdout:/usr/bin/ceph: stderr
2024-04-06T12:50:02.478+0000 7f5de4575700 1 --2- >> [v2:172.21.15.135:3300/0,v1:172.21.15.135:6789/0] conn(0x7f5ddc104af0 0x7f5ddc104f10 unknown :-1 s=NONE pgs=0 cs=0 l=0 rev1=0 crypto rx=0 tx=0 comp rx=0 tx=0).connect
2024-04-06T12:50:03.446 INFO:teuthology.orchestra.run.smithi135.stdout:/usr/bin/ceph: stderr
2024-04-06T12:50:02.478+0000 7f5de4575700 1 -- --> [v2:172.21.15.135:3300/0,v1:172.21.15.135:6789/0] -- mon_getmap magic: 0 v1 -- 0x7f5ddc079e30 con 0x7f5ddc104af0
2024-04-06T12:50:03.446 INFO:teuthology.orchestra.run.smithi135.stdout:/usr/bin/ceph: stderr
2024-04-06T12:50:02.479+0000 7f5de2311700 1 --2- >> [v2:172.21.15.135:3300/0,v1:172.21.15.135:6789/0] conn(0x7f5ddc104af0 0x7f5ddc104f10 unknown :-1 s=BANNER_CONNECTING pgs=0 cs=0 l=0 rev1=0 crypto rx=0 tx=0 comp rx=0 tx=0)._handle_peer_banner_payload supported=3 required=0
2024-04-06T12:50:03.446 INFO:teuthology.orchestra.run.smithi135.stdout:/usr/bin/ceph: stderr
2024-04-06T12:50:02.479+0000 7f5de2311700 1 --2- >> [v2:172.21.15.135:3300/0,v1:172.21.15.135:6789/0] conn(0x7f5ddc104af0 0x7f5ddc104f10 unknown :-1 s=HELLO_CONNECTING pgs=0 cs=0 l=0 rev1=1 crypto rx=0 tx=0 comp rx=0 tx=0).handle_hello peer v2:172.21.15.135:3300/0 says I am v2:172.21.15.135:47626/0 (socket says 172.21.15.135:47626)
2024-04-06T12:50:03.446 INFO:teuthology.orchestra.run.smithi135.stdout:/usr/bin/ceph: stderr
2024-04-06T12:50:02.479+0000 7f5de2311700 1 -- 172.21.15.135:0/2085816391 learned_addr learned my addr 172.21.15.135:0/2085816391 (peer_addr_for_me v2:172.21.15.135:0/0)
2024-04-06T12:50:03.446 INFO:teuthology.orchestra.run.smithi135.stdout:/usr/bin/ceph: stderr
2024-04-06T12:50:02.479+0000 7f5de2311700 1 -- 172.21.15.135:0/2085816391 --> [v2:172.21.15.135:3300/0,v1:172.21.15.135:6789/0] -- mon_subscribe({config=0+,monmap=0+}) v3 -- 0x7f5ddc105450 con 0x7f5ddc104af0
2024-04-06T12:50:03.446 INFO:teuthology.orchestra.run.smithi135.stdout:/usr/bin/ceph: stderr
2024-04-06T12:50:02.479+0000 7f5de2311700 1 --2- 172.21.15.135:0/2085816391 >> [v2:172.21.15.135:3300/0,v1:172.21.15.135:6789/0] conn(0x7f5ddc104af0 0x7f5ddc104f10 secure :-1 s=READY pgs=51 cs=0 l=1 rev1=1 crypto rx=0x7f5dcc0098a0 tx=0x7f5dcc009bb0 comp rx=0 tx=0).ready entity=mon.0 client_cookie=9cda1e70f4a4d7b server_cookie=0 in_seq=0 out_seq=0
2024-04-06T12:50:03.447 INFO:teuthology.orchestra.run.smithi135.stdout:/usr/bin/ceph: stderr
2024-04-06T12:50:02.479+0000 7f5de130f700 1 -- 172.21.15.135:0/2085816391 <== mon.0 v2:172.21.15.135:3300/0 1 ==== mon_map magic: 0 v1 ==== 229+0+0 (secure 0 0 0) 0x7f5dcc004180 con 0x7f5ddc104af0
2024-04-06T12:50:03.447 INFO:teuthology.orchestra.run.smithi135.stdout:/usr/bin/ceph: stderr
2024-04-06T12:50:02.479+0000 7f5de130f700 1 -- 172.21.15.135:0/2085816391 <== mon.0 v2:172.21.15.135:3300/0 2 ==== config(26 keys) v1 ==== 1074+0+0 (secure 0 0 0) 0x7f5dcc0042e0 con 0x7f5ddc104af0
2024-04-06T12:50:03.447 INFO:teuthology.orchestra.run.smithi135.stdout:/usr/bin/ceph: stderr
2024-04-06T12:50:02.479+0000 7f5de130f700 1 -- 172.21.15.135:0/2085816391 <== mon.0 v2:172.21.15.135:3300/0 3 ==== mon_map magic: 0 v1 ==== 229+0+0 (secure 0 0 0) 0x7f5dcc011a40 con 0x7f5ddc104af0
2024-04-06T12:50:03.447 INFO:teuthology.orchestra.run.smithi135.stdout:/usr/bin/ceph: stderr
2024-04-06T12:50:02.480+0000 7f5de4575700 1 -- 172.21.15.135:0/2085816391 >> [v2:172.21.15.135:3300/0,v1:172.21.15.135:6789/0] conn(0x7f5ddc104af0 msgr2=0x7f5ddc104f10 secure :-1 s=STATE_CONNECTION_ESTABLISHED l=1).mark_down
2024-04-06T12:50:03.447 INFO:teuthology.orchestra.run.smithi135.stdout:/usr/bin/ceph: stderr
2024-04-06T12:50:02.480+0000 7f5de4575700 1 --2- 172.21.15.135:0/2085816391 >> [v2:172.21.15.135:3300/0,v1:172.21.15.135:6789/0] conn(0x7f5ddc104af0 0x7f5ddc104f10 secure :-1 s=READY pgs=51 cs=0 l=1 rev1=1 crypto rx=0x7f5dcc0098a0 tx=0x7f5dcc009bb0 comp rx=0 tx=0).stop
2024-04-06T12:50:03.447 INFO:teuthology.orchestra.run.smithi135.stdout:/usr/bin/ceph: stderr
2024-04-06T12:50:02.480+0000 7f5de4575700 1 -- 172.21.15.135:0/2085816391 shutdown_connections
2024-04-06T12:50:03.447 INFO:teuthology.orchestra.run.smithi135.stdout:/usr/bin/ceph: stderr
2024-04-06T12:50:02.480+0000 7f5de4575700 1 --2- 172.21.15.135:0/2085816391 >> [v2:172.21.15.135:3300/0,v1:172.21.15.135:6789/0] conn(0x7f5ddc104af0 0x7f5ddc104f10 unknown :-1 s=CLOSED pgs=51 cs=0 l=1 rev1=1 crypto rx=0 tx=0 comp rx=0 tx=0).stop
2024-04-06T12:50:03.447 INFO:teuthology.orchestra.run.smithi135.stdout:/usr/bin/ceph: stderr
2024-04-06T12:50:02.480+0000 7f5de4575700 1 -- 172.21.15.135:0/2085816391 >> 172.21.15.135:0/2085816391 conn(0x7f5ddc1006b0 msgr2=0x7f5ddc102af0 unknown :-1 s=STATE_NONE l=0).mark_down
2024-04-06T12:50:03.447 INFO:teuthology.orchestra.run.smithi135.stdout:/usr/bin/ceph: stderr
2024-04-06T12:50:02.480+0000 7f5de4575700 1 -- 172.21.15.135:0/2085816391 shutdown_connections
2024-04-06T12:50:03.447 INFO:teuthology.orchestra.run.smithi135.stdout:/usr/bin/ceph: stderr
2024-04-06T12:50:02.480+0000 7f5de4575700 1 -- 172.21.15.135:0/2085816391 wait complete.
2024-04-06T12:50:03.447 INFO:teuthology.orchestra.run.smithi135.stdout:/usr/bin/ceph: stderr
2024-04-06T12:50:02.480+0000 7f5de4575700 1 Processor -- start
2024-04-06T12:50:03.447 INFO:teuthology.orchestra.run.smithi135.stdout:/usr/bin/ceph: stderr
2024-04-06T12:50:02.480+0000 7f5de4575700 1 -- start start
2024-04-06T12:50:03.447 INFO:teuthology.orchestra.run.smithi135.stdout:/usr/bin/ceph: stderr
2024-04-06T12:50:02.481+0000 7f5de4575700 1 --2- >> [v2:172.21.15.135:3300/0,v1:172.21.15.135:6789/0] conn(0x7f5ddc104af0 0x7f5ddc19c190 unknown :-1 s=NONE pgs=0 cs=0 l=1 rev1=0 crypto rx=0 tx=0 comp rx=0 tx=0).connect
2024-04-06T12:50:03.448 INFO:teuthology.orchestra.run.smithi135.stdout:/usr/bin/ceph: stderr
2024-04-06T12:50:02.481+0000 7f5de4575700 1 -- --> [v2:172.21.15.135:3300/0,v1:172.21.15.135:6789/0] -- mon_getmap magic: 0 v1 -- 0x7f5ddc19c6d0 con 0x7f5ddc104af0
2024-04-06T12:50:03.448 INFO:teuthology.orchestra.run.smithi135.stdout:/usr/bin/ceph: stderr
2024-04-06T12:50:02.481+0000 7f5de2311700 1 --2- >> [v2:172.21.15.135:3300/0,v1:172.21.15.135:6789/0] conn(0x7f5ddc104af0 0x7f5ddc19c190 unknown :-1 s=BANNER_CONNECTING pgs=0 cs=0 l=1 rev1=0 crypto rx=0 tx=0 comp rx=0 tx=0)._handle_peer_banner_payload supported=3 required=0
2024-04-06T12:50:03.448 INFO:teuthology.orchestra.run.smithi135.stdout:/usr/bin/ceph: stderr
2024-04-06T12:50:02.481+0000 7f5de2311700 1 --2- >> [v2:172.21.15.135:3300/0,v1:172.21.15.135:6789/0] conn(0x7f5ddc104af0 0x7f5ddc19c190 unknown :-1 s=HELLO_CONNECTING pgs=0 cs=0 l=1 rev1=1 crypto rx=0 tx=0 comp rx=0 tx=0).handle_hello peer v2:172.21.15.135:3300/0 says I am v2:172.21.15.135:47636/0 (socket says 172.21.15.135:47636)
2024-04-06T12:50:03.448 INFO:teuthology.orchestra.run.smithi135.stdout:/usr/bin/ceph: stderr
2024-04-06T12:50:02.481+0000 7f5de2311700 1 -- 172.21.15.135:0/4068236921 learned_addr learned my addr 172.21.15.135:0/4068236921 (peer_addr_for_me v2:172.21.15.135:0/0)
2024-04-06T12:50:03.448 INFO:teuthology.orchestra.run.smithi135.stdout:/usr/bin/ceph: stderr
2024-04-06T12:50:02.481+0000 7f5de2311700 1 -- 172.21.15.135:0/4068236921 --> [v2:172.21.15.135:3300/0,v1:172.21.15.135:6789/0] -- mon_subscribe({config=0+,monmap=0+}) v3 -- 0x7f5dcc009550 con 0x7f5ddc104af0
2024-04-06T12:50:03.448 INFO:teuthology.orchestra.run.smithi135.stdout:/usr/bin/ceph: stderr
2024-04-06T12:50:02.481+0000 7f5de2311700 1 --2- 172.21.15.135:0/4068236921 >> [v2:172.21.15.135:3300/0,v1:172.21.15.135:6789/0] conn(0x7f5ddc104af0 0x7f5ddc19c190 secure :-1 s=READY pgs=52 cs=0 l=1 rev1=1 crypto rx=0x7f5dcc003f70 tx=0x7f5dcc011a80 comp rx=0 tx=0).ready entity=mon.0 client_cookie=0 server_cookie=0 in_seq=0 out_seq=0
2024-04-06T12:50:03.448 INFO:teuthology.orchestra.run.smithi135.stdout:/usr/bin/ceph: stderr
2024-04-06T12:50:02.481+0000 7f5dd37fe700 1 -- 172.21.15.135:0/4068236921 <== mon.0 v2:172.21.15.135:3300/0 1 ==== mon_map magic: 0 v1 ==== 229+0+0 (secure 0 0 0) 0x7f5dcc003b10 con 0x7f5ddc104af0
2024-04-06T12:50:03.448 INFO:teuthology.orchestra.run.smithi135.stdout:/usr/bin/ceph: stderr
2024-04-06T12:50:02.481+0000 7f5dd37fe700 1 -- 172.21.15.135:0/4068236921 <== mon.0 v2:172.21.15.135:3300/0 2 ==== config(26 keys) v1 ==== 1074+0+0 (secure 0 0 0) 0x7f5dcc003c70 con 0x7f5ddc104af0
2024-04-06T12:50:03.448 INFO:teuthology.orchestra.run.smithi135.stdout:/usr/bin/ceph: stderr
2024-04-06T12:50:02.481+0000 7f5de4575700 1 -- 172.21.15.135:0/4068236921 --> [v2:172.21.15.135:3300/0,v1:172.21.15.135:6789/0] -- mon_subscribe({mgrmap=0+}) v3 -- 0x7f5ddc19c8d0 con 0x7f5ddc104af0
2024-04-06T12:50:03.448 INFO:teuthology.orchestra.run.smithi135.stdout:/usr/bin/ceph: stderr
2024-04-06T12:50:02.481+0000 7f5dd37fe700 1 -- 172.21.15.135:0/4068236921 <== mon.0 v2:172.21.15.135:3300/0 3 ==== mon_map magic: 0 v1 ==== 229+0+0 (secure 0 0 0) 0x7f5dcc0198b0 con 0x7f5ddc104af0
2024-04-06T12:50:03.448 INFO:teuthology.orchestra.run.smithi135.stdout:/usr/bin/ceph: stderr
2024-04-06T12:50:02.481+0000 7f5de4575700 1 -- 172.21.15.135:0/4068236921 --> [v2:172.21.15.135:3300/0,v1:172.21.15.135:6789/0] -- mon_subscribe({osdmap=0}) v3 -- 0x7f5ddc19cd70 con 0x7f5ddc104af0
2024-04-06T12:50:03.448 INFO:teuthology.orchestra.run.smithi135.stdout:/usr/bin/ceph: stderr
2024-04-06T12:50:02.482+0000 7f5dd37fe700 1 -- 172.21.15.135:0/4068236921 <== mon.0 v2:172.21.15.135:3300/0 4 ==== mgrmap(e 8) v1 ==== 45556+0+0 (secure 0 0 0) 0x7f5dcc019b20 con 0x7f5ddc104af0
2024-04-06T12:50:03.448 INFO:teuthology.orchestra.run.smithi135.stdout:/usr/bin/ceph: stderr
2024-04-06T12:50:02.482+0000 7f5de4575700 1 -- 172.21.15.135:0/4068236921 --> [v2:172.21.15.135:3300/0,v1:172.21.15.135:6789/0] -- mon_command({"prefix": "get_command_descriptions"} v 0) v1 -- 0x7f5ddc195e20 con 0x7f5ddc104af0
2024-04-06T12:50:03.448 INFO:teuthology.orchestra.run.smithi135.stdout:/usr/bin/ceph: stderr
2024-04-06T12:50:02.482+0000 7f5dd37fe700 1 --2- 172.21.15.135:0/4068236921 >> [v2:172.21.15.135:6800/4279894650,v1:172.21.15.135:6801/4279894650] conn(0x7f5dc8038730 0x7f5dc803abf0 unknown :-1 s=NONE pgs=0 cs=0 l=1 rev1=0 crypto rx=0 tx=0 comp rx=0 tx=0).connect
2024-04-06T12:50:03.449 INFO:teuthology.orchestra.run.smithi135.stdout:/usr/bin/ceph: stderr
2024-04-06T12:50:02.482+0000 7f5dd37fe700 1 -- 172.21.15.135:0/4068236921 <== mon.0 v2:172.21.15.135:3300/0 5 ==== osd_map(2..2 src has 1..2) v4 ==== 940+0+0 (secure 0 0 0) 0x7f5dcc04c750 con 0x7f5ddc104af0
2024-04-06T12:50:03.449 INFO:teuthology.orchestra.run.smithi135.stdout:/usr/bin/ceph: stderr
2024-04-06T12:50:02.482+0000 7f5de1b10700 1 --2- 172.21.15.135:0/4068236921 >> [v2:172.21.15.135:6800/4279894650,v1:172.21.15.135:6801/4279894650] conn(0x7f5dc8038730 0x7f5dc803abf0 unknown :-1 s=BANNER_CONNECTING pgs=0 cs=0 l=1 rev1=0 crypto rx=0 tx=0 comp rx=0 tx=0)._handle_peer_banner_payload supported=3 required=0
2024-04-06T12:50:03.449 INFO:teuthology.orchestra.run.smithi135.stdout:/usr/bin/ceph: stderr
2024-04-06T12:50:02.483+0000 7f5de1b10700 1 --2- 172.21.15.135:0/4068236921 >> [v2:172.21.15.135:6800/4279894650,v1:172.21.15.135:6801/4279894650] conn(0x7f5dc8038730 0x7f5dc803abf0 secure :-1 s=READY pgs=15 cs=0 l=1 rev1=1 crypto rx=0x7f5dd8006fd0 tx=0x7f5dd8006e40 comp rx=0 tx=0).ready entity=mgr.14118 client_cookie=0 server_cookie=0 in_seq=0 out_seq=0
2024-04-06T12:50:03.449 INFO:teuthology.orchestra.run.smithi135.stdout:/usr/bin/ceph: stderr
2024-04-06T12:50:02.487+0000 7f5dd37fe700 1 -- 172.21.15.135:0/4068236921 <== mon.0 v2:172.21.15.135:3300/0 6 ==== mon_command_ack([{"prefix": "get_command_descriptions"}]=0 v0) v1 ==== 72+0+182936 (secure 0 0 0) 0x7f5dcc02d430 con 0x7f5ddc104af0
2024-04-06T12:50:03.449 INFO:teuthology.orchestra.run.smithi135.stdout:/usr/bin/ceph: stderr
2024-04-06T12:50:02.694+0000 7f5de4575700 1 -- 172.21.15.135:0/4068236921 --> [v2:172.21.15.135:6800/4279894650,v1:172.21.15.135:6801/4279894650] -- mgr_command(tid 0: {"prefix": "orch apply", "service_type": "ceph-exporter", "target": ["mon-mgr", ""]}) v1 -- 0x7f5ddc02cf20 con 0x7f5dc8038730
2024-04-06T12:50:03.449 INFO:teuthology.orchestra.run.smithi135.stdout:/usr/bin/ceph: stderr
2024-04-06T12:50:02.699+0000 7f5dd37fe700 1 -- 172.21.15.135:0/4068236921 <== mgr.14118 v2:172.21.15.135:6800/4279894650 1 ==== mgr_command_reply(tid 0: 0 ) v1 ==== 8+0+34 (secure 0 0 0) 0x7f5ddc02cf20 con 0x7f5dc8038730
2024-04-06T12:50:03.449 INFO:teuthology.orchestra.run.smithi135.stdout:/usr/bin/ceph: stderr
2024-04-06T12:50:02.701+0000 7f5de4575700 1 -- 172.21.15.135:0/4068236921 >> [v2:172.21.15.135:6800/4279894650,v1:172.21.15.135:6801/4279894650] conn(0x7f5dc8038730 msgr2=0x7f5dc803abf0 secure :-1 s=STATE_CONNECTION_ESTABLISHED l=1).mark_down
2024-04-06T12:50:03.449 INFO:teuthology.orchestra.run.smithi135.stdout:/usr/bin/ceph: stderr
2024-04-06T12:50:02.701+0000 7f5de4575700 1 --2- 172.21.15.135:0/4068236921 >> [v2:172.21.15.135:6800/4279894650,v1:172.21.15.135:6801/4279894650] conn(0x7f5dc8038730 0x7f5dc803abf0 secure :-1 s=READY pgs=15 cs=0 l=1 rev1=1 crypto rx=0x7f5dd8006fd0 tx=0x7f5dd8006e40 comp rx=0 tx=0).stop
2024-04-06T12:50:03.449 INFO:teuthology.orchestra.run.smithi135.stdout:/usr/bin/ceph: stderr
2024-04-06T12:50:02.701+0000 7f5de4575700 1 -- 172.21.15.135:0/4068236921 >> [v2:172.21.15.135:3300/0,v1:172.21.15.135:6789/0] conn(0x7f5ddc104af0 msgr2=0x7f5ddc19c190 secure :-1 s=STATE_CONNECTION_ESTABLISHED l=1).mark_down
2024-04-06T12:50:03.449 INFO:teuthology.orchestra.run.smithi135.stdout:/usr/bin/ceph: stderr
2024-04-06T12:50:02.701+0000 7f5de4575700 1 --2- 172.21.15.135:0/4068236921 >> [v2:172.21.15.135:3300/0,v1:172.21.15.135:6789/0] conn(0x7f5ddc104af0 0x7f5ddc19c190 secure :-1 s=READY pgs=52 cs=0 l=1 rev1=1 crypto rx=0x7f5dcc003f70 tx=0x7f5dcc011a80 comp rx=0 tx=0).stop
2024-04-06T12:50:03.449 INFO:teuthology.orchestra.run.smithi135.stdout:/usr/bin/ceph: stderr
2024-04-06T12:50:02.701+0000 7f5de4575700 1 -- 172.21.15.135:0/4068236921 shutdown_connections
2024-04-06T12:50:03.449 INFO:teuthology.orchestra.run.smithi135.stdout:/usr/bin/ceph: stderr
2024-04-06T12:50:02.701+0000 7f5de4575700 1 --2- 172.21.15.135:0/4068236921 >> [v2:172.21.15.135:6800/4279894650,v1:172.21.15.135:6801/4279894650] conn(0x7f5dc8038730 0x7f5dc803abf0 unknown :-1 s=CLOSED pgs=15 cs=0 l=1 rev1=1 crypto rx=0 tx=0 comp rx=0 tx=0).stop
2024-04-06T12:50:03.449 INFO:teuthology.orchestra.run.smithi135.stdout:/usr/bin/ceph: stderr
2024-04-06T12:50:02.701+0000 7f5de4575700 1 --2- 172.21.15.135:0/4068236921 >> [v2:172.21.15.135:3300/0,v1:172.21.15.135:6789/0] conn(0x7f5ddc104af0 0x7f5ddc19c190 unknown :-1 s=CLOSED pgs=52 cs=0 l=1 rev1=1 crypto rx=0 tx=0 comp rx=0 tx=0).stop
2024-04-06T12:50:03.449 INFO:teuthology.orchestra.run.smithi135.stdout:/usr/bin/ceph: stderr
2024-04-06T12:50:02.701+0000 7f5de4575700 1 -- 172.21.15.135:0/4068236921 >> 172.21.15.135:0/4068236921 conn(0x7f5ddc1006b0 msgr2=0x7f5ddc192f60 unknown :-1 s=STATE_NONE l=0).mark_down
2024-04-06T12:50:03.450 INFO:teuthology.orchestra.run.smithi135.stdout:/usr/bin/ceph: stderr
2024-04-06T12:50:02.701+0000 7f5de4575700 1 -- 172.21.15.135:0/4068236921 shutdown_connections
2024-04-06T12:50:03.450 INFO:teuthology.orchestra.run.smithi135.stdout:/usr/bin/ceph: stderr
2024-04-06T12:50:02.701+0000 7f5de4575700 1 -- 172.21.15.135:0/4068236921 wait complete.
2024-04-06T12:50:03.450 INFO:teuthology.orchestra.run.smithi135.stdout:Deploying prometheus service with default placement...
2024-04-06T12:50:04.157 INFO:journalctl@ceph.mon.smithi135.smithi135.stdout:Apr 06 12:50:03 smithi135 ceph-mon[39714]: from='client.14146 -' entity='client.admin' cmd=[{"prefix": "orch apply", "service_type": "ceph-exporter", "target": ["mon-mgr", ""]}]: dispatch
2024-04-06T12:50:04.157 INFO:journalctl@ceph.mon.smithi135.smithi135.stdout:Apr 06 12:50:03 smithi135 ceph-mon[39714]: Saving service ceph-exporter spec with placement *
2024-04-06T12:50:04.157 INFO:journalctl@ceph.mon.smithi135.smithi135.stdout:Apr 06 12:50:03 smithi135 ceph-mon[39714]: from='mgr.14118 172.21.15.135:0/1538682846' entity='mgr.smithi135.cigmae'
2024-04-06T12:50:04.835 INFO:teuthology.orchestra.run.smithi135.stdout:/usr/bin/ceph: stdout Scheduled prometheus update...
2024-04-06T12:50:04.836 INFO:teuthology.orchestra.run.smithi135.stdout:/usr/bin/ceph: stderr
2024-04-06T12:50:03.944+0000 7efc43009700 1 Processor -- start
2024-04-06T12:50:04.836 INFO:teuthology.orchestra.run.smithi135.stdout:/usr/bin/ceph: stderr
2024-04-06T12:50:03.944+0000 7efc43009700 1 -- start start
2024-04-06T12:50:04.836 INFO:teuthology.orchestra.run.smithi135.stdout:/usr/bin/ceph: stderr
2024-04-06T12:50:03.945+0000 7efc43009700 1 --2- >> [v2:172.21.15.135:3300/0,v1:172.21.15.135:6789/0] conn(0x7efc3c106230 0x7efc3c106650 unknown :-1 s=NONE pgs=0 cs=0 l=0 rev1=0 crypto rx=0 tx=0 comp rx=0 tx=0).connect
2024-04-06T12:50:04.836 INFO:teuthology.orchestra.run.smithi135.stdout:/usr/bin/ceph: stderr
2024-04-06T12:50:03.945+0000 7efc43009700 1 -- --> [v2:172.21.15.135:3300/0,v1:172.21.15.135:6789/0] -- mon_getmap magic: 0 v1 -- 0x7efc3c106c20 con 0x7efc3c106230
2024-04-06T12:50:04.836 INFO:teuthology.orchestra.run.smithi135.stdout:/usr/bin/ceph: stderr
2024-04-06T12:50:03.945+0000 7efc40da5700 1 --2- >> [v2:172.21.15.135:3300/0,v1:172.21.15.135:6789/0] conn(0x7efc3c106230 0x7efc3c106650 unknown :-1 s=BANNER_CONNECTING pgs=0 cs=0 l=0 rev1=0 crypto rx=0 tx=0 comp rx=0 tx=0)._handle_peer_banner_payload supported=3 required=0
2024-04-06T12:50:04.836 INFO:teuthology.orchestra.run.smithi135.stdout:/usr/bin/ceph: stderr
2024-04-06T12:50:03.945+0000 7efc40da5700 1 --2- >> [v2:172.21.15.135:3300/0,v1:172.21.15.135:6789/0] conn(0x7efc3c106230 0x7efc3c106650 unknown :-1 s=HELLO_CONNECTING pgs=0 cs=0 l=0 rev1=1 crypto rx=0 tx=0 comp rx=0 tx=0).handle_hello peer v2:172.21.15.135:3300/0 says I am v2:172.21.15.135:47644/0 (socket says 172.21.15.135:47644)
2024-04-06T12:50:04.836 INFO:teuthology.orchestra.run.smithi135.stdout:/usr/bin/ceph: stderr
2024-04-06T12:50:03.945+0000 7efc40da5700 1 -- 172.21.15.135:0/4082369065 learned_addr learned my addr 172.21.15.135:0/4082369065 (peer_addr_for_me v2:172.21.15.135:0/0)
2024-04-06T12:50:04.836 INFO:teuthology.orchestra.run.smithi135.stdout:/usr/bin/ceph: stderr
2024-04-06T12:50:03.945+0000 7efc40da5700 1 -- 172.21.15.135:0/4082369065 --> [v2:172.21.15.135:3300/0,v1:172.21.15.135:6789/0] -- mon_subscribe({config=0+,monmap=0+}) v3 -- 0x7efc3c1073e0 con 0x7efc3c106230
2024-04-06T12:50:04.836 INFO:teuthology.orchestra.run.smithi135.stdout:/usr/bin/ceph: stderr
2024-04-06T12:50:03.945+0000 7efc40da5700 1 --2- 172.21.15.135:0/4082369065 >> [v2:172.21.15.135:3300/0,v1:172.21.15.135:6789/0] conn(0x7efc3c106230 0x7efc3c106650 secure :-1 s=READY pgs=53 cs=0 l=1 rev1=1 crypto rx=0x7efc300098a0 tx=0x7efc30009bb0 comp rx=0 tx=0).ready entity=mon.0 client_cookie=c39f76eb25f5fa14 server_cookie=0 in_seq=0 out_seq=0
2024-04-06T12:50:04.836 INFO:teuthology.orchestra.run.smithi135.stdout:/usr/bin/ceph: stderr
2024-04-06T12:50:03.945+0000 7efc3b7fe700 1 -- 172.21.15.135:0/4082369065 <== mon.0 v2:172.21.15.135:3300/0 1 ==== mon_map magic: 0 v1 ==== 229+0+0 (secure 0 0 0) 0x7efc30004180 con 0x7efc3c106230
2024-04-06T12:50:04.836 INFO:teuthology.orchestra.run.smithi135.stdout:/usr/bin/ceph: stderr
2024-04-06T12:50:03.945+0000 7efc3b7fe700 1 -- 172.21.15.135:0/4082369065 <== mon.0 v2:172.21.15.135:3300/0 2 ==== config(26 keys) v1 ==== 1074+0+0 (secure 0 0 0) 0x7efc300042e0 con 0x7efc3c106230
2024-04-06T12:50:04.836 INFO:teuthology.orchestra.run.smithi135.stdout:/usr/bin/ceph: stderr
2024-04-06T12:50:03.945+0000 7efc3b7fe700 1 -- 172.21.15.135:0/4082369065 <== mon.0 v2:172.21.15.135:3300/0 3 ==== mon_map magic: 0 v1 ==== 229+0+0 (secure 0 0 0) 0x7efc30011a40 con 0x7efc3c106230
2024-04-06T12:50:04.836 INFO:teuthology.orchestra.run.smithi135.stdout:/usr/bin/ceph: stderr
2024-04-06T12:50:03.946+0000 7efc43009700 1 -- 172.21.15.135:0/4082369065 >> [v2:172.21.15.135:3300/0,v1:172.21.15.135:6789/0] conn(0x7efc3c106230 msgr2=0x7efc3c106650 secure :-1 s=STATE_CONNECTION_ESTABLISHED l=1).mark_down
2024-04-06T12:50:04.837 INFO:teuthology.orchestra.run.smithi135.stdout:/usr/bin/ceph: stderr
2024-04-06T12:50:03.946+0000 7efc43009700 1 --2- 172.21.15.135:0/4082369065 >> [v2:172.21.15.135:3300/0,v1:172.21.15.135:6789/0] conn(0x7efc3c106230 0x7efc3c106650 secure :-1 s=READY pgs=53 cs=0 l=1 rev1=1 crypto rx=0x7efc300098a0 tx=0x7efc30009bb0 comp rx=0 tx=0).stop
2024-04-06T12:50:04.837 INFO:teuthology.orchestra.run.smithi135.stdout:/usr/bin/ceph: stderr
2024-04-06T12:50:03.946+0000 7efc43009700 1 -- 172.21.15.135:0/4082369065 shutdown_connections
2024-04-06T12:50:04.837 INFO:teuthology.orchestra.run.smithi135.stdout:/usr/bin/ceph: stderr
2024-04-06T12:50:03.946+0000 7efc43009700 1 --2- 172.21.15.135:0/4082369065 >> [v2:172.21.15.135:3300/0,v1:172.21.15.135:6789/0] conn(0x7efc3c106230 0x7efc3c106650 unknown :-1 s=CLOSED pgs=53 cs=0 l=1 rev1=1 crypto rx=0 tx=0 comp rx=0 tx=0).stop
2024-04-06T12:50:04.837 INFO:teuthology.orchestra.run.smithi135.stdout:/usr/bin/ceph: stderr
2024-04-06T12:50:03.946+0000 7efc43009700 1 -- 172.21.15.135:0/4082369065 >> 172.21.15.135:0/4082369065 conn(0x7efc3c1017b0 msgr2=0x7efc3c103c10 unknown :-1 s=STATE_NONE l=0).mark_down
2024-04-06T12:50:04.837 INFO:teuthology.orchestra.run.smithi135.stdout:/usr/bin/ceph: stderr
2024-04-06T12:50:03.946+0000 7efc43009700 1 -- 172.21.15.135:0/4082369065 shutdown_connections
2024-04-06T12:50:04.837 INFO:teuthology.orchestra.run.smithi135.stdout:/usr/bin/ceph: stderr
2024-04-06T12:50:03.946+0000 7efc43009700 1 -- 172.21.15.135:0/4082369065 wait complete.
2024-04-06T12:50:04.837 INFO:teuthology.orchestra.run.smithi135.stdout:/usr/bin/ceph: stderr
2024-04-06T12:50:03.947+0000 7efc43009700 1 Processor -- start
2024-04-06T12:50:04.837 INFO:teuthology.orchestra.run.smithi135.stdout:/usr/bin/ceph: stderr
2024-04-06T12:50:03.947+0000 7efc43009700 1 -- start start
2024-04-06T12:50:04.837 INFO:teuthology.orchestra.run.smithi135.stdout:/usr/bin/ceph: stderr
2024-04-06T12:50:03.947+0000 7efc43009700 1 --2- >> [v2:172.21.15.135:3300/0,v1:172.21.15.135:6789/0] conn(0x7efc3c106230 0x7efc3c199f50 unknown :-1 s=NONE pgs=0 cs=0 l=1 rev1=0 crypto rx=0 tx=0 comp rx=0 tx=0).connect
2024-04-06T12:50:04.837 INFO:teuthology.orchestra.run.smithi135.stdout:/usr/bin/ceph: stderr
2024-04-06T12:50:03.947+0000 7efc43009700 1 -- --> [v2:172.21.15.135:3300/0,v1:172.21.15.135:6789/0] -- mon_getmap magic: 0 v1 -- 0x7efc3c19a490 con 0x7efc3c106230
2024-04-06T12:50:04.837 INFO:teuthology.orchestra.run.smithi135.stdout:/usr/bin/ceph: stderr
2024-04-06T12:50:03.947+0000 7efc40da5700 1 --2- >> [v2:172.21.15.135:3300/0,v1:172.21.15.135:6789/0] conn(0x7efc3c106230 0x7efc3c199f50 unknown :-1 s=BANNER_CONNECTING pgs=0 cs=0 l=1 rev1=0 crypto rx=0 tx=0 comp rx=0 tx=0)._handle_peer_banner_payload supported=3 required=0
2024-04-06T12:50:04.837 INFO:teuthology.orchestra.run.smithi135.stdout:/usr/bin/ceph: stderr
2024-04-06T12:50:03.947+0000 7efc40da5700 1 --2- >> [v2:172.21.15.135:3300/0,v1:172.21.15.135:6789/0] conn(0x7efc3c106230 0x7efc3c199f50 unknown :-1 s=HELLO_CONNECTING pgs=0 cs=0 l=1 rev1=1 crypto rx=0 tx=0 comp rx=0 tx=0).handle_hello peer v2:172.21.15.135:3300/0 says I am v2:172.21.15.135:47646/0 (socket says 172.21.15.135:47646)
2024-04-06T12:50:04.837 INFO:teuthology.orchestra.run.smithi135.stdout:/usr/bin/ceph: stderr
2024-04-06T12:50:03.947+0000 7efc40da5700 1 -- 172.21.15.135:0/835638054 learned_addr learned my addr 172.21.15.135:0/835638054 (peer_addr_for_me v2:172.21.15.135:0/0)
2024-04-06T12:50:04.837 INFO:teuthology.orchestra.run.smithi135.stdout:/usr/bin/ceph: stderr
2024-04-06T12:50:03.947+0000 7efc40da5700 1 -- 172.21.15.135:0/835638054 --> [v2:172.21.15.135:3300/0,v1:172.21.15.135:6789/0] -- mon_subscribe({config=0+,monmap=0+}) v3 -- 0x7efc30009550 con 0x7efc3c106230
2024-04-06T12:50:04.838 INFO:teuthology.orchestra.run.smithi135.stdout:/usr/bin/ceph: stderr
2024-04-06T12:50:03.947+0000 7efc40da5700 1 --2- 172.21.15.135:0/835638054 >> [v2:172.21.15.135:3300/0,v1:172.21.15.135:6789/0] conn(0x7efc3c106230 0x7efc3c199f50 secure :-1 s=READY pgs=54 cs=0 l=1 rev1=1 crypto rx=0x7efc30006af0 tx=0x7efc30011b10 comp rx=0 tx=0).ready entity=mon.0 client_cookie=0 server_cookie=0 in_seq=0 out_seq=0
2024-04-06T12:50:04.838 INFO:teuthology.orchestra.run.smithi135.stdout:/usr/bin/ceph: stderr
2024-04-06T12:50:03.948+0000 7efc39ffb700 1 -- 172.21.15.135:0/835638054 <== mon.0 v2:172.21.15.135:3300/0 1 ==== mon_map magic: 0 v1 ==== 229+0+0 (secure 0 0 0) 0x7efc30003a80 con 0x7efc3c106230
2024-04-06T12:50:04.838 INFO:teuthology.orchestra.run.smithi135.stdout:/usr/bin/ceph: stderr
2024-04-06T12:50:03.948+0000 7efc43009700 1 -- 172.21.15.135:0/835638054 --> [v2:172.21.15.135:3300/0,v1:172.21.15.135:6789/0] -- mon_subscribe({mgrmap=0+}) v3 -- 0x7efc3c19a690 con 0x7efc3c106230
2024-04-06T12:50:04.838 INFO:teuthology.orchestra.run.smithi135.stdout:/usr/bin/ceph: stderr
2024-04-06T12:50:03.948+0000 7efc39ffb700 1 -- 172.21.15.135:0/835638054 <== mon.0 v2:172.21.15.135:3300/0 2 ==== config(26 keys) v1 ==== 1074+0+0 (secure 0 0 0) 0x7efc30003be0 con 0x7efc3c106230
2024-04-06T12:50:04.838 INFO:teuthology.orchestra.run.smithi135.stdout:/usr/bin/ceph: stderr
2024-04-06T12:50:03.948+0000 7efc39ffb700 1 -- 172.21.15.135:0/835638054 <== mon.0 v2:172.21.15.135:3300/0 3 ==== mon_map magic: 0 v1 ==== 229+0+0 (secure 0 0 0) 0x7efc300197f0 con 0x7efc3c106230
2024-04-06T12:50:04.838 INFO:teuthology.orchestra.run.smithi135.stdout:/usr/bin/ceph: stderr
2024-04-06T12:50:03.948+0000 7efc43009700 1 -- 172.21.15.135:0/835638054 --> [v2:172.21.15.135:3300/0,v1:172.21.15.135:6789/0] -- mon_subscribe({osdmap=0}) v3 -- 0x7efc3c19ab30 con 0x7efc3c106230
2024-04-06T12:50:04.838 INFO:teuthology.orchestra.run.smithi135.stdout:/usr/bin/ceph: stderr
