2024-04-06T12:49:46.924+0000 7f2a41ab2700 1 -- 172.21.15.135:0/3966566718 --> [v2:172.21.15.135:3300/0,v1:172.21.15.135:6789/0] -- mon_command({"prefix": "get_command_descriptions"} v 0) v1 -- 0x7f2a3c10a630 con 0x7f2a3c106200
2024-04-06T12:49:47.788 INFO:teuthology.orchestra.run.smithi135.stdout:/usr/bin/ceph: stderr
2024-04-06T12:49:46.925+0000 7f2a38ff9700 1 -- 172.21.15.135:0/3966566718 <== mon.0 v2:172.21.15.135:3300/0 4 ==== mgrmap(e 8) v1 ==== 45556+0+0 (secure 0 0 0) 0x7f2a3001ab80 con 0x7f2a3c106200
2024-04-06T12:49:47.788 INFO:teuthology.orchestra.run.smithi135.stdout:/usr/bin/ceph: stderr
2024-04-06T12:49:46.925+0000 7f2a38ff9700 1 --2- 172.21.15.135:0/3966566718 >> [v2:172.21.15.135:6800/4279894650,v1:172.21.15.135:6801/4279894650] conn(0x7f2a24038720 0x7f2a2403abe0 unknown :-1 s=NONE pgs=0 cs=0 l=1 rev1=0 crypto rx=0 tx=0 comp rx=0 tx=0).connect
2024-04-06T12:49:47.788 INFO:teuthology.orchestra.run.smithi135.stdout:/usr/bin/ceph: stderr
2024-04-06T12:49:46.925+0000 7f2a38ff9700 1 -- 172.21.15.135:0/3966566718 <== mon.0 v2:172.21.15.135:3300/0 5 ==== osd_map(2..2 src has 1..2) v4 ==== 940+0+0 (secure 0 0 0) 0x7f2a3004cde0 con 0x7f2a3c106200
2024-04-06T12:49:47.788 INFO:teuthology.orchestra.run.smithi135.stdout:/usr/bin/ceph: stderr
2024-04-06T12:49:46.925+0000 7f2a3affd700 1 --2- 172.21.15.135:0/3966566718 >> [v2:172.21.15.135:6800/4279894650,v1:172.21.15.135:6801/4279894650] conn(0x7f2a24038720 0x7f2a2403abe0 unknown :-1 s=BANNER_CONNECTING pgs=0 cs=0 l=1 rev1=0 crypto rx=0 tx=0 comp rx=0 tx=0)._handle_peer_banner_payload supported=3 required=0
2024-04-06T12:49:47.788 INFO:teuthology.orchestra.run.smithi135.stdout:/usr/bin/ceph: stderr
2024-04-06T12:49:46.925+0000 7f2a3affd700 1 --2- 172.21.15.135:0/3966566718 >> [v2:172.21.15.135:6800/4279894650,v1:172.21.15.135:6801/4279894650] conn(0x7f2a24038720 0x7f2a2403abe0 secure :-1 s=READY pgs=7 cs=0 l=1 rev1=1 crypto rx=0x7f2a2c006fd0 tx=0x7f2a2c006e40 comp rx=0 tx=0).ready entity=mgr.14118 client_cookie=0 server_cookie=0 in_seq=0 out_seq=0
2024-04-06T12:49:47.788 INFO:teuthology.orchestra.run.smithi135.stdout:/usr/bin/ceph: stderr
2024-04-06T12:49:46.930+0000 7f2a38ff9700 1 -- 172.21.15.135:0/3966566718 <== mon.0 v2:172.21.15.135:3300/0 6 ==== mon_command_ack([{"prefix": "get_command_descriptions"}]=0 v0) v1 ==== 72+0+182936 (secure 0 0 0) 0x7f2a3001a950 con 0x7f2a3c106200
2024-04-06T12:49:47.789 INFO:teuthology.orchestra.run.smithi135.stdout:/usr/bin/ceph: stderr
2024-04-06T12:49:47.136+0000 7f2a41ab2700 1 -- 172.21.15.135:0/3966566718 --> [v2:172.21.15.135:6800/4279894650,v1:172.21.15.135:6801/4279894650] -- mgr_command(tid 0: {"prefix": "orch set backend", "module_name": "cephadm", "target": ["mon-mgr", ""]}) v1 -- 0x7f2a3c1029e0 con 0x7f2a24038720
2024-04-06T12:49:47.789 INFO:teuthology.orchestra.run.smithi135.stdout:/usr/bin/ceph: stderr
2024-04-06T12:49:47.143+0000 7f2a38ff9700 1 -- 172.21.15.135:0/3966566718 <== mgr.14118 v2:172.21.15.135:6800/4279894650 1 ==== mgr_command_reply(tid 0: 0 ) v1 ==== 8+0+0 (secure 0 0 0) 0x7f2a3c1029e0 con 0x7f2a24038720
2024-04-06T12:49:47.789 INFO:teuthology.orchestra.run.smithi135.stdout:/usr/bin/ceph: stderr
2024-04-06T12:49:47.145+0000 7f2a41ab2700 1 -- 172.21.15.135:0/3966566718 >> [v2:172.21.15.135:6800/4279894650,v1:172.21.15.135:6801/4279894650] conn(0x7f2a24038720 msgr2=0x7f2a2403abe0 secure :-1 s=STATE_CONNECTION_ESTABLISHED l=1).mark_down
2024-04-06T12:49:47.789 INFO:teuthology.orchestra.run.smithi135.stdout:/usr/bin/ceph: stderr
2024-04-06T12:49:47.145+0000 7f2a41ab2700 1 --2- 172.21.15.135:0/3966566718 >> [v2:172.21.15.135:6800/4279894650,v1:172.21.15.135:6801/4279894650] conn(0x7f2a24038720 0x7f2a2403abe0 secure :-1 s=READY pgs=7 cs=0 l=1 rev1=1 crypto rx=0x7f2a2c006fd0 tx=0x7f2a2c006e40 comp rx=0 tx=0).stop
2024-04-06T12:49:47.789 INFO:teuthology.orchestra.run.smithi135.stdout:/usr/bin/ceph: stderr
2024-04-06T12:49:47.146+0000 7f2a41ab2700 1 -- 172.21.15.135:0/3966566718 >> [v2:172.21.15.135:3300/0,v1:172.21.15.135:6789/0] conn(0x7f2a3c106200 msgr2=0x7f2a3c199ef0 secure :-1 s=STATE_CONNECTION_ESTABLISHED l=1).mark_down
2024-04-06T12:49:47.789 INFO:teuthology.orchestra.run.smithi135.stdout:/usr/bin/ceph: stderr
2024-04-06T12:49:47.146+0000 7f2a41ab2700 1 --2- 172.21.15.135:0/3966566718 >> [v2:172.21.15.135:3300/0,v1:172.21.15.135:6789/0] conn(0x7f2a3c106200 0x7f2a3c199ef0 secure :-1 s=READY pgs=36 cs=0 l=1 rev1=1 crypto rx=0x7f2a30009130 tx=0x7f2a30011a30 comp rx=0 tx=0).stop
2024-04-06T12:49:47.789 INFO:teuthology.orchestra.run.smithi135.stdout:/usr/bin/ceph: stderr
2024-04-06T12:49:47.146+0000 7f2a41ab2700 1 -- 172.21.15.135:0/3966566718 shutdown_connections
2024-04-06T12:49:47.789 INFO:teuthology.orchestra.run.smithi135.stdout:/usr/bin/ceph: stderr
2024-04-06T12:49:47.146+0000 7f2a41ab2700 1 --2- 172.21.15.135:0/3966566718 >> [v2:172.21.15.135:6800/4279894650,v1:172.21.15.135:6801/4279894650] conn(0x7f2a24038720 0x7f2a2403abe0 unknown :-1 s=CLOSED pgs=7 cs=0 l=1 rev1=1 crypto rx=0 tx=0 comp rx=0 tx=0).stop
2024-04-06T12:49:47.789 INFO:teuthology.orchestra.run.smithi135.stdout:/usr/bin/ceph: stderr
2024-04-06T12:49:47.146+0000 7f2a41ab2700 1 --2- 172.21.15.135:0/3966566718 >> [v2:172.21.15.135:3300/0,v1:172.21.15.135:6789/0] conn(0x7f2a3c106200 0x7f2a3c199ef0 unknown :-1 s=CLOSED pgs=36 cs=0 l=1 rev1=1 crypto rx=0 tx=0 comp rx=0 tx=0).stop
2024-04-06T12:49:47.789 INFO:teuthology.orchestra.run.smithi135.stdout:/usr/bin/ceph: stderr
2024-04-06T12:49:47.146+0000 7f2a41ab2700 1 -- 172.21.15.135:0/3966566718 >> 172.21.15.135:0/3966566718 conn(0x7f2a3c1017e0 msgr2=0x7f2a3c1022d0 unknown :-1 s=STATE_NONE l=0).mark_down
2024-04-06T12:49:47.789 INFO:teuthology.orchestra.run.smithi135.stdout:/usr/bin/ceph: stderr
2024-04-06T12:49:47.146+0000 7f2a41ab2700 1 -- 172.21.15.135:0/3966566718 shutdown_connections
2024-04-06T12:49:47.789 INFO:teuthology.orchestra.run.smithi135.stdout:/usr/bin/ceph: stderr
2024-04-06T12:49:47.146+0000 7f2a41ab2700 1 -- 172.21.15.135:0/3966566718 wait complete.
2024-04-06T12:49:48.157 INFO:journalctl@ceph.mon.smithi135.smithi135.stdout:Apr 06 12:49:47 smithi135 ceph-mon[39714]: [06/Apr/2024:12:49:46] ENGINE Serving on http://172.21.15.135:8765
2024-04-06T12:49:48.157 INFO:journalctl@ceph.mon.smithi135.smithi135.stdout:Apr 06 12:49:47 smithi135 ceph-mon[39714]: [06/Apr/2024:12:49:46] ENGINE Bus STARTED
2024-04-06T12:49:48.157 INFO:journalctl@ceph.mon.smithi135.smithi135.stdout:Apr 06 12:49:47 smithi135 ceph-mon[39714]: mgrmap e8: smithi135.cigmae(active, since 2s)
2024-04-06T12:49:48.157 INFO:journalctl@ceph.mon.smithi135.smithi135.stdout:Apr 06 12:49:47 smithi135 ceph-mon[39714]: from='mgr.14118 172.21.15.135:0/1538682846' entity='mgr.smithi135.cigmae'
2024-04-06T12:49:48.157 INFO:journalctl@ceph.mon.smithi135.smithi135.stdout:Apr 06 12:49:47 smithi135 ceph-mon[39714]: from='mgr.14118 172.21.15.135:0/1538682846' entity='mgr.smithi135.cigmae' cmd=[{"prefix": "config dump", "format": "json"}]: dispatch
2024-04-06T12:49:49.125 INFO:journalctl@ceph.mon.smithi135.smithi135.stdout:Apr 06 12:49:48 smithi135 ceph-mon[39714]: from='client.14130 -' entity='client.admin' cmd=[{"prefix": "orch set backend", "module_name": "cephadm", "target": ["mon-mgr", ""]}]: dispatch
2024-04-06T12:49:49.417 INFO:teuthology.orchestra.run.smithi135.stdout:/usr/bin/ceph: stdout value unchanged
2024-04-06T12:49:49.417 INFO:teuthology.orchestra.run.smithi135.stdout:/usr/bin/ceph: stderr
2024-04-06T12:49:48.283+0000 7f0eb0e33700 1 Processor -- start
2024-04-06T12:49:49.417 INFO:teuthology.orchestra.run.smithi135.stdout:/usr/bin/ceph: stderr
2024-04-06T12:49:48.283+0000 7f0eb0e33700 1 -- start start
2024-04-06T12:49:49.417 INFO:teuthology.orchestra.run.smithi135.stdout:/usr/bin/ceph: stderr
2024-04-06T12:49:48.283+0000 7f0eb0e33700 1 --2- >> [v2:172.21.15.135:3300/0,v1:172.21.15.135:6789/0] conn(0x7f0eac106210 0x7f0eac106630 unknown :-1 s=NONE pgs=0 cs=0 l=0 rev1=0 crypto rx=0 tx=0 comp rx=0 tx=0).connect
2024-04-06T12:49:49.417 INFO:teuthology.orchestra.run.smithi135.stdout:/usr/bin/ceph: stderr
2024-04-06T12:49:48.283+0000 7f0eb0e33700 1 -- --> [v2:172.21.15.135:3300/0,v1:172.21.15.135:6789/0] -- mon_getmap magic: 0 v1 -- 0x7f0eac106c00 con 0x7f0eac106210
2024-04-06T12:49:49.417 INFO:teuthology.orchestra.run.smithi135.stdout:/usr/bin/ceph: stderr
2024-04-06T12:49:48.284+0000 7f0eaa59c700 1 --2- >> [v2:172.21.15.135:3300/0,v1:172.21.15.135:6789/0] conn(0x7f0eac106210 0x7f0eac106630 unknown :-1 s=BANNER_CONNECTING pgs=0 cs=0 l=0 rev1=0 crypto rx=0 tx=0 comp rx=0 tx=0)._handle_peer_banner_payload supported=3 required=0
2024-04-06T12:49:49.418 INFO:teuthology.orchestra.run.smithi135.stdout:/usr/bin/ceph: stderr
2024-04-06T12:49:48.284+0000 7f0eaa59c700 1 --2- >> [v2:172.21.15.135:3300/0,v1:172.21.15.135:6789/0] conn(0x7f0eac106210 0x7f0eac106630 unknown :-1 s=HELLO_CONNECTING pgs=0 cs=0 l=0 rev1=1 crypto rx=0 tx=0 comp rx=0 tx=0).handle_hello peer v2:172.21.15.135:3300/0 says I am v2:172.21.15.135:52246/0 (socket says 172.21.15.135:52246)
2024-04-06T12:49:49.418 INFO:teuthology.orchestra.run.smithi135.stdout:/usr/bin/ceph: stderr
2024-04-06T12:49:48.284+0000 7f0eaa59c700 1 -- 172.21.15.135:0/4256477286 learned_addr learned my addr 172.21.15.135:0/4256477286 (peer_addr_for_me v2:172.21.15.135:0/0)
2024-04-06T12:49:49.418 INFO:teuthology.orchestra.run.smithi135.stdout:/usr/bin/ceph: stderr
2024-04-06T12:49:48.284+0000 7f0eaa59c700 1 -- 172.21.15.135:0/4256477286 --> [v2:172.21.15.135:3300/0,v1:172.21.15.135:6789/0] -- mon_subscribe({config=0+,monmap=0+}) v3 -- 0x7f0eac107410 con 0x7f0eac106210
2024-04-06T12:49:49.418 INFO:teuthology.orchestra.run.smithi135.stdout:/usr/bin/ceph: stderr
2024-04-06T12:49:48.284+0000 7f0eaa59c700 1 --2- 172.21.15.135:0/4256477286 >> [v2:172.21.15.135:3300/0,v1:172.21.15.135:6789/0] conn(0x7f0eac106210 0x7f0eac106630 secure :-1 s=READY pgs=37 cs=0 l=1 rev1=1 crypto rx=0x7f0ea00098a0 tx=0x7f0ea0009bb0 comp rx=0 tx=0).ready entity=mon.0 client_cookie=812351e9e7227a00 server_cookie=0 in_seq=0 out_seq=0
2024-04-06T12:49:49.418 INFO:teuthology.orchestra.run.smithi135.stdout:/usr/bin/ceph: stderr
2024-04-06T12:49:48.284+0000 7f0ea959a700 1 -- 172.21.15.135:0/4256477286 <== mon.0 v2:172.21.15.135:3300/0 1 ==== mon_map magic: 0 v1 ==== 229+0+0 (secure 0 0 0) 0x7f0ea0004180 con 0x7f0eac106210
2024-04-06T12:49:49.418 INFO:teuthology.orchestra.run.smithi135.stdout:/usr/bin/ceph: stderr
2024-04-06T12:49:48.284+0000 7f0ea959a700 1 -- 172.21.15.135:0/4256477286 <== mon.0 v2:172.21.15.135:3300/0 2 ==== config(26 keys) v1 ==== 1007+0+0 (secure 0 0 0) 0x7f0ea00042e0 con 0x7f0eac106210
2024-04-06T12:49:49.418 INFO:teuthology.orchestra.run.smithi135.stdout:/usr/bin/ceph: stderr
2024-04-06T12:49:48.284+0000 7f0ea959a700 1 -- 172.21.15.135:0/4256477286 <== mon.0 v2:172.21.15.135:3300/0 3 ==== mon_map magic: 0 v1 ==== 229+0+0 (secure 0 0 0) 0x7f0ea00119d0 con 0x7f0eac106210
2024-04-06T12:49:49.418 INFO:teuthology.orchestra.run.smithi135.stdout:/usr/bin/ceph: stderr
2024-04-06T12:49:48.285+0000 7f0eb0e33700 1 -- 172.21.15.135:0/4256477286 >> [v2:172.21.15.135:3300/0,v1:172.21.15.135:6789/0] conn(0x7f0eac106210 msgr2=0x7f0eac106630 secure :-1 s=STATE_CONNECTION_ESTABLISHED l=1).mark_down
2024-04-06T12:49:49.418 INFO:teuthology.orchestra.run.smithi135.stdout:/usr/bin/ceph: stderr
2024-04-06T12:49:48.285+0000 7f0eb0e33700 1 --2- 172.21.15.135:0/4256477286 >> [v2:172.21.15.135:3300/0,v1:172.21.15.135:6789/0] conn(0x7f0eac106210 0x7f0eac106630 secure :-1 s=READY pgs=37 cs=0 l=1 rev1=1 crypto rx=0x7f0ea00098a0 tx=0x7f0ea0009bb0 comp rx=0 tx=0).stop
2024-04-06T12:49:49.418 INFO:teuthology.orchestra.run.smithi135.stdout:/usr/bin/ceph: stderr
2024-04-06T12:49:48.285+0000 7f0eb0e33700 1 -- 172.21.15.135:0/4256477286 shutdown_connections
2024-04-06T12:49:49.418 INFO:teuthology.orchestra.run.smithi135.stdout:/usr/bin/ceph: stderr
2024-04-06T12:49:48.285+0000 7f0eb0e33700 1 --2- 172.21.15.135:0/4256477286 >> [v2:172.21.15.135:3300/0,v1:172.21.15.135:6789/0] conn(0x7f0eac106210 0x7f0eac106630 unknown :-1 s=CLOSED pgs=37 cs=0 l=1 rev1=1 crypto rx=0 tx=0 comp rx=0 tx=0).stop
2024-04-06T12:49:49.418 INFO:teuthology.orchestra.run.smithi135.stdout:/usr/bin/ceph: stderr
2024-04-06T12:49:48.285+0000 7f0eb0e33700 1 -- 172.21.15.135:0/4256477286 >> 172.21.15.135:0/4256477286 conn(0x7f0eac1017b0 msgr2=0x7f0eac103bf0 unknown :-1 s=STATE_NONE l=0).mark_down
2024-04-06T12:49:49.419 INFO:teuthology.orchestra.run.smithi135.stdout:/usr/bin/ceph: stderr
2024-04-06T12:49:48.285+0000 7f0eb0e33700 1 -- 172.21.15.135:0/4256477286 shutdown_connections
2024-04-06T12:49:49.419 INFO:teuthology.orchestra.run.smithi135.stdout:/usr/bin/ceph: stderr
2024-04-06T12:49:48.285+0000 7f0eb0e33700 1 -- 172.21.15.135:0/4256477286 wait complete.
2024-04-06T12:49:49.419 INFO:teuthology.orchestra.run.smithi135.stdout:/usr/bin/ceph: stderr
2024-04-06T12:49:48.285+0000 7f0eb0e33700 1 Processor -- start
2024-04-06T12:49:49.419 INFO:teuthology.orchestra.run.smithi135.stdout:/usr/bin/ceph: stderr
2024-04-06T12:49:48.285+0000 7f0eb0e33700 1 -- start start
2024-04-06T12:49:49.419 INFO:teuthology.orchestra.run.smithi135.stdout:/usr/bin/ceph: stderr
2024-04-06T12:49:48.286+0000 7f0eb0e33700 1 --2- >> [v2:172.21.15.135:3300/0,v1:172.21.15.135:6789/0] conn(0x7f0eac106210 0x7f0eac199f00 unknown :-1 s=NONE pgs=0 cs=0 l=1 rev1=0 crypto rx=0 tx=0 comp rx=0 tx=0).connect
2024-04-06T12:49:49.419 INFO:teuthology.orchestra.run.smithi135.stdout:/usr/bin/ceph: stderr
2024-04-06T12:49:48.286+0000 7f0eb0e33700 1 -- --> [v2:172.21.15.135:3300/0,v1:172.21.15.135:6789/0] -- mon_getmap magic: 0 v1 -- 0x7f0eac19a440 con 0x7f0eac106210
2024-04-06T12:49:49.419 INFO:teuthology.orchestra.run.smithi135.stdout:/usr/bin/ceph: stderr
2024-04-06T12:49:48.286+0000 7f0eaa59c700 1 --2- >> [v2:172.21.15.135:3300/0,v1:172.21.15.135:6789/0] conn(0x7f0eac106210 0x7f0eac199f00 unknown :-1 s=BANNER_CONNECTING pgs=0 cs=0 l=1 rev1=0 crypto rx=0 tx=0 comp rx=0 tx=0)._handle_peer_banner_payload supported=3 required=0
2024-04-06T12:49:49.419 INFO:teuthology.orchestra.run.smithi135.stdout:/usr/bin/ceph: stderr
2024-04-06T12:49:48.286+0000 7f0eaa59c700 1 --2- >> [v2:172.21.15.135:3300/0,v1:172.21.15.135:6789/0] conn(0x7f0eac106210 0x7f0eac199f00 unknown :-1 s=HELLO_CONNECTING pgs=0 cs=0 l=1 rev1=1 crypto rx=0 tx=0 comp rx=0 tx=0).handle_hello peer v2:172.21.15.135:3300/0 says I am v2:172.21.15.135:52258/0 (socket says 172.21.15.135:52258)
2024-04-06T12:49:49.419 INFO:teuthology.orchestra.run.smithi135.stdout:/usr/bin/ceph: stderr
2024-04-06T12:49:48.286+0000 7f0eaa59c700 1 -- 172.21.15.135:0/2234450393 learned_addr learned my addr 172.21.15.135:0/2234450393 (peer_addr_for_me v2:172.21.15.135:0/0)
2024-04-06T12:49:49.419 INFO:teuthology.orchestra.run.smithi135.stdout:/usr/bin/ceph: stderr
2024-04-06T12:49:48.286+0000 7f0eaa59c700 1 -- 172.21.15.135:0/2234450393 --> [v2:172.21.15.135:3300/0,v1:172.21.15.135:6789/0] -- mon_subscribe({config=0+,monmap=0+}) v3 -- 0x7f0ea0009550 con 0x7f0eac106210
2024-04-06T12:49:49.419 INFO:teuthology.orchestra.run.smithi135.stdout:/usr/bin/ceph: stderr
2024-04-06T12:49:48.286+0000 7f0eaa59c700 1 --2- 172.21.15.135:0/2234450393 >> [v2:172.21.15.135:3300/0,v1:172.21.15.135:6789/0] conn(0x7f0eac106210 0x7f0eac199f00 secure :-1 s=READY pgs=38 cs=0 l=1 rev1=1 crypto rx=0x7f0ea0009130 tx=0x7f0ea0011a30 comp rx=0 tx=0).ready entity=mon.0 client_cookie=0 server_cookie=0 in_seq=0 out_seq=0
2024-04-06T12:49:49.419 INFO:teuthology.orchestra.run.smithi135.stdout:/usr/bin/ceph: stderr
2024-04-06T12:49:48.286+0000 7f0e9b7fe700 1 -- 172.21.15.135:0/2234450393 <== mon.0 v2:172.21.15.135:3300/0 1 ==== mon_map magic: 0 v1 ==== 229+0+0 (secure 0 0 0) 0x7f0ea0003a00 con 0x7f0eac106210
2024-04-06T12:49:49.419 INFO:teuthology.orchestra.run.smithi135.stdout:/usr/bin/ceph: stderr
2024-04-06T12:49:48.286+0000 7f0eb0e33700 1 -- 172.21.15.135:0/2234450393 --> [v2:172.21.15.135:3300/0,v1:172.21.15.135:6789/0] -- mon_subscribe({mgrmap=0+}) v3 -- 0x7f0eac19a640 con 0x7f0eac106210
2024-04-06T12:49:49.419 INFO:teuthology.orchestra.run.smithi135.stdout:/usr/bin/ceph: stderr
2024-04-06T12:49:48.286+0000 7f0e9b7fe700 1 -- 172.21.15.135:0/2234450393 <== mon.0 v2:172.21.15.135:3300/0 2 ==== config(26 keys) v1 ==== 1007+0+0 (secure 0 0 0) 0x7f0ea001a880 con 0x7f0eac106210
2024-04-06T12:49:49.419 INFO:teuthology.orchestra.run.smithi135.stdout:/usr/bin/ceph: stderr
2024-04-06T12:49:48.286+0000 7f0e9b7fe700 1 -- 172.21.15.135:0/2234450393 <== mon.0 v2:172.21.15.135:3300/0 3 ==== mon_map magic: 0 v1 ==== 229+0+0 (secure 0 0 0) 0x7f0ea0019760 con 0x7f0eac106210
2024-04-06T12:49:49.420 INFO:teuthology.orchestra.run.smithi135.stdout:/usr/bin/ceph: stderr
2024-04-06T12:49:48.286+0000 7f0eb0e33700 1 -- 172.21.15.135:0/2234450393 --> [v2:172.21.15.135:3300/0,v1:172.21.15.135:6789/0] -- mon_subscribe({osdmap=0}) v3 -- 0x7f0eac19aae0 con 0x7f0eac106210
2024-04-06T12:49:49.420 INFO:teuthology.orchestra.run.smithi135.stdout:/usr/bin/ceph: stderr
2024-04-06T12:49:48.287+0000 7f0e9b7fe700 1 -- 172.21.15.135:0/2234450393 <== mon.0 v2:172.21.15.135:3300/0 4 ==== mgrmap(e 8) v1 ==== 45556+0+0 (secure 0 0 0) 0x7f0ea0019a20 con 0x7f0eac106210
2024-04-06T12:49:49.420 INFO:teuthology.orchestra.run.smithi135.stdout:/usr/bin/ceph: stderr
2024-04-06T12:49:48.287+0000 7f0eb0e33700 1 -- 172.21.15.135:0/2234450393 --> [v2:172.21.15.135:3300/0,v1:172.21.15.135:6789/0] -- mon_command({"prefix": "get_command_descriptions"} v 0) v1 -- 0x7f0eac10a640 con 0x7f0eac106210
2024-04-06T12:49:49.420 INFO:teuthology.orchestra.run.smithi135.stdout:/usr/bin/ceph: stderr
2024-04-06T12:49:48.287+0000 7f0e9b7fe700 1 --2- 172.21.15.135:0/2234450393 >> [v2:172.21.15.135:6800/4279894650,v1:172.21.15.135:6801/4279894650] conn(0x7f0e940386e0 0x7f0e9403aba0 unknown :-1 s=NONE pgs=0 cs=0 l=1 rev1=0 crypto rx=0 tx=0 comp rx=0 tx=0).connect
2024-04-06T12:49:49.420 INFO:teuthology.orchestra.run.smithi135.stdout:/usr/bin/ceph: stderr
2024-04-06T12:49:48.287+0000 7f0e9b7fe700 1 -- 172.21.15.135:0/2234450393 <== mon.0 v2:172.21.15.135:3300/0 5 ==== osd_map(2..2 src has 1..2) v4 ==== 940+0+0 (secure 0 0 0) 0x7f0ea004cb20 con 0x7f0eac106210
2024-04-06T12:49:49.420 INFO:teuthology.orchestra.run.smithi135.stdout:/usr/bin/ceph: stderr
2024-04-06T12:49:48.288+0000 7f0ea9d9b700 1 --2- 172.21.15.135:0/2234450393 >> [v2:172.21.15.135:6800/4279894650,v1:172.21.15.135:6801/4279894650] conn(0x7f0e940386e0 0x7f0e9403aba0 unknown :-1 s=BANNER_CONNECTING pgs=0 cs=0 l=1 rev1=0 crypto rx=0 tx=0 comp rx=0 tx=0)._handle_peer_banner_payload supported=3 required=0
2024-04-06T12:49:49.420 INFO:teuthology.orchestra.run.smithi135.stdout:/usr/bin/ceph: stderr
2024-04-06T12:49:48.288+0000 7f0ea9d9b700 1 --2- 172.21.15.135:0/2234450393 >> [v2:172.21.15.135:6800/4279894650,v1:172.21.15.135:6801/4279894650] conn(0x7f0e940386e0 0x7f0e9403aba0 secure :-1 s=READY pgs=8 cs=0 l=1 rev1=1 crypto rx=0x7f0e9c006fd0 tx=0x7f0e9c006e40 comp rx=0 tx=0).ready entity=mgr.14118 client_cookie=0 server_cookie=0 in_seq=0 out_seq=0
2024-04-06T12:49:49.420 INFO:teuthology.orchestra.run.smithi135.stdout:/usr/bin/ceph: stderr
2024-04-06T12:49:48.292+0000 7f0e9b7fe700 1 -- 172.21.15.135:0/2234450393 <== mon.0 v2:172.21.15.135:3300/0 6 ==== mon_command_ack([{"prefix": "get_command_descriptions"}]=0 v0) v1 ==== 72+0+182936 (secure 0 0 0) 0x7f0ea002b750 con 0x7f0eac106210
2024-04-06T12:49:49.420 INFO:teuthology.orchestra.run.smithi135.stdout:/usr/bin/ceph: stderr
2024-04-06T12:49:48.484+0000 7f0eb0e33700 1 -- 172.21.15.135:0/2234450393 --> [v2:172.21.15.135:6800/4279894650,v1:172.21.15.135:6801/4279894650] -- mgr_command(tid 0: {"prefix": "cephadm set-user", "user": "root", "target": ["mon-mgr", ""]}) v1 -- 0x7f0eac19d430 con 0x7f0e940386e0
2024-04-06T12:49:49.420 INFO:teuthology.orchestra.run.smithi135.stdout:/usr/bin/ceph: stderr
2024-04-06T12:49:48.485+0000 7f0e9b7fe700 1 -- 172.21.15.135:0/2234450393 <== mgr.14118 v2:172.21.15.135:6800/4279894650 1 ==== mgr_command_reply(tid 0: 0 ) v1 ==== 8+0+16 (secure 0 0 0) 0x7f0eac19d430 con 0x7f0e940386e0
2024-04-06T12:49:49.420 INFO:teuthology.orchestra.run.smithi135.stdout:/usr/bin/ceph: stderr
2024-04-06T12:49:48.486+0000 7f0eb0e33700 1 -- 172.21.15.135:0/2234450393 >> [v2:172.21.15.135:6800/4279894650,v1:172.21.15.135:6801/4279894650] conn(0x7f0e940386e0 msgr2=0x7f0e9403aba0 secure :-1 s=STATE_CONNECTION_ESTABLISHED l=1).mark_down
2024-04-06T12:49:49.421 INFO:teuthology.orchestra.run.smithi135.stdout:/usr/bin/ceph: stderr
2024-04-06T12:49:48.486+0000 7f0eb0e33700 1 --2- 172.21.15.135:0/2234450393 >> [v2:172.21.15.135:6800/4279894650,v1:172.21.15.135:6801/4279894650] conn(0x7f0e940386e0 0x7f0e9403aba0 secure :-1 s=READY pgs=8 cs=0 l=1 rev1=1 crypto rx=0x7f0e9c006fd0 tx=0x7f0e9c006e40 comp rx=0 tx=0).stop
2024-04-06T12:49:49.421 INFO:teuthology.orchestra.run.smithi135.stdout:/usr/bin/ceph: stderr
2024-04-06T12:49:48.487+0000 7f0eb0e33700 1 -- 172.21.15.135:0/2234450393 >> [v2:172.21.15.135:3300/0,v1:172.21.15.135:6789/0] conn(0x7f0eac106210 msgr2=0x7f0eac199f00 secure :-1 s=STATE_CONNECTION_ESTABLISHED l=1).mark_down
2024-04-06T12:49:49.421 INFO:teuthology.orchestra.run.smithi135.stdout:/usr/bin/ceph: stderr
2024-04-06T12:49:48.487+0000 7f0eb0e33700 1 --2- 172.21.15.135:0/2234450393 >> [v2:172.21.15.135:3300/0,v1:172.21.15.135:6789/0] conn(0x7f0eac106210 0x7f0eac199f00 secure :-1 s=READY pgs=38 cs=0 l=1 rev1=1 crypto rx=0x7f0ea0009130 tx=0x7f0ea0011a30 comp rx=0 tx=0).stop
2024-04-06T12:49:49.421 INFO:teuthology.orchestra.run.smithi135.stdout:/usr/bin/ceph: stderr
2024-04-06T12:49:48.487+0000 7f0eb0e33700 1 -- 172.21.15.135:0/2234450393 shutdown_connections
2024-04-06T12:49:49.421 INFO:teuthology.orchestra.run.smithi135.stdout:/usr/bin/ceph: stderr
2024-04-06T12:49:48.487+0000 7f0eb0e33700 1 --2- 172.21.15.135:0/2234450393 >> [v2:172.21.15.135:6800/4279894650,v1:172.21.15.135:6801/4279894650] conn(0x7f0e940386e0 0x7f0e9403aba0 unknown :-1 s=CLOSED pgs=8 cs=0 l=1 rev1=1 crypto rx=0 tx=0 comp rx=0 tx=0).stop
2024-04-06T12:49:49.421 INFO:teuthology.orchestra.run.smithi135.stdout:/usr/bin/ceph: stderr
2024-04-06T12:49:48.487+0000 7f0eb0e33700 1 --2- 172.21.15.135:0/2234450393 >> [v2:172.21.15.135:3300/0,v1:172.21.15.135:6789/0] conn(0x7f0eac106210 0x7f0eac199f00 unknown :-1 s=CLOSED pgs=38 cs=0 l=1 rev1=1 crypto rx=0 tx=0 comp rx=0 tx=0).stop
2024-04-06T12:49:49.421 INFO:teuthology.orchestra.run.smithi135.stdout:/usr/bin/ceph: stderr
2024-04-06T12:49:48.487+0000 7f0eb0e33700 1 -- 172.21.15.135:0/2234450393 >> 172.21.15.135:0/2234450393 conn(0x7f0eac1017b0 msgr2=0x7f0eac1022a0 unknown :-1 s=STATE_NONE l=0).mark_down
2024-04-06T12:49:49.421 INFO:teuthology.orchestra.run.smithi135.stdout:/usr/bin/ceph: stderr
2024-04-06T12:49:48.487+0000 7f0eb0e33700 1 -- 172.21.15.135:0/2234450393 shutdown_connections
2024-04-06T12:49:49.421 INFO:teuthology.orchestra.run.smithi135.stdout:/usr/bin/ceph: stderr
2024-04-06T12:49:48.487+0000 7f0eb0e33700 1 -- 172.21.15.135:0/2234450393 wait complete.
2024-04-06T12:49:49.421 INFO:teuthology.orchestra.run.smithi135.stdout:Generating ssh key...
2024-04-06T12:49:50.156 INFO:journalctl@ceph.mon.smithi135.smithi135.stdout:Apr 06 12:49:49 smithi135 ceph-mon[39714]: from='client.14132 -' entity='client.admin' cmd=[{"prefix": "cephadm set-user", "user": "root", "target": ["mon-mgr", ""]}]: dispatch
2024-04-06T12:49:50.882 INFO:teuthology.orchestra.run.smithi135.stdout:/usr/bin/ceph: stderr
2024-04-06T12:49:49.895+0000 7f424071a700 1 Processor -- start
2024-04-06T12:49:50.882 INFO:teuthology.orchestra.run.smithi135.stdout:/usr/bin/ceph: stderr
2024-04-06T12:49:49.895+0000 7f424071a700 1 -- start start
2024-04-06T12:49:50.882 INFO:teuthology.orchestra.run.smithi135.stdout:/usr/bin/ceph: stderr
2024-04-06T12:49:49.895+0000 7f424071a700 1 --2- >> [v2:172.21.15.135:3300/0,v1:172.21.15.135:6789/0] conn(0x7f423807ad70 0x7f42380791d0 unknown :-1 s=NONE pgs=0 cs=0 l=0 rev1=0 crypto rx=0 tx=0 comp rx=0 tx=0).connect
2024-04-06T12:49:50.882 INFO:teuthology.orchestra.run.smithi135.stdout:/usr/bin/ceph: stderr
2024-04-06T12:49:49.895+0000 7f424071a700 1 -- --> [v2:172.21.15.135:3300/0,v1:172.21.15.135:6789/0] -- mon_getmap magic: 0 v1 -- 0x7f42380797a0 con 0x7f423807ad70
2024-04-06T12:49:50.882 INFO:teuthology.orchestra.run.smithi135.stdout:/usr/bin/ceph: stderr
2024-04-06T12:49:49.896+0000 7f423e4b6700 1 --2- >> [v2:172.21.15.135:3300/0,v1:172.21.15.135:6789/0] conn(0x7f423807ad70 0x7f42380791d0 unknown :-1 s=BANNER_CONNECTING pgs=0 cs=0 l=0 rev1=0 crypto rx=0 tx=0 comp rx=0 tx=0)._handle_peer_banner_payload supported=3 required=0
2024-04-06T12:49:50.882 INFO:teuthology.orchestra.run.smithi135.stdout:/usr/bin/ceph: stderr
2024-04-06T12:49:49.896+0000 7f423e4b6700 1 --2- >> [v2:172.21.15.135:3300/0,v1:172.21.15.135:6789/0] conn(0x7f423807ad70 0x7f42380791d0 unknown :-1 s=HELLO_CONNECTING pgs=0 cs=0 l=0 rev1=1 crypto rx=0 tx=0 comp rx=0 tx=0).handle_hello peer v2:172.21.15.135:3300/0 says I am v2:172.21.15.135:52266/0 (socket says 172.21.15.135:52266)
2024-04-06T12:49:50.882 INFO:teuthology.orchestra.run.smithi135.stdout:/usr/bin/ceph: stderr
2024-04-06T12:49:49.896+0000 7f423e4b6700 1 -- 172.21.15.135:0/2816699135 learned_addr learned my addr 172.21.15.135:0/2816699135 (peer_addr_for_me v2:172.21.15.135:0/0)
2024-04-06T12:49:50.882 INFO:teuthology.orchestra.run.smithi135.stdout:/usr/bin/ceph: stderr
2024-04-06T12:49:49.896+0000 7f423e4b6700 1 -- 172.21.15.135:0/2816699135 --> [v2:172.21.15.135:3300/0,v1:172.21.15.135:6789/0] -- mon_subscribe({config=0+,monmap=0+}) v3 -- 0x7f42380798e0 con 0x7f423807ad70
2024-04-06T12:49:50.882 INFO:teuthology.orchestra.run.smithi135.stdout:/usr/bin/ceph: stderr
2024-04-06T12:49:49.896+0000 7f423e4b6700 1 --2- 172.21.15.135:0/2816699135 >> [v2:172.21.15.135:3300/0,v1:172.21.15.135:6789/0] conn(0x7f423807ad70 0x7f42380791d0 secure :-1 s=READY pgs=39 cs=0 l=1 rev1=1 crypto rx=0x7f42280098a0 tx=0x7f4228009bb0 comp rx=0 tx=0).ready entity=mon.0 client_cookie=f43d3adceed5e78c server_cookie=0 in_seq=0 out_seq=0
2024-04-06T12:49:50.882 INFO:teuthology.orchestra.run.smithi135.stdout:/usr/bin/ceph: stderr
2024-04-06T12:49:49.896+0000 7f423d4b4700 1 -- 172.21.15.135:0/2816699135 <== mon.0 v2:172.21.15.135:3300/0 1 ==== mon_map magic: 0 v1 ==== 229+0+0 (secure 0 0 0) 0x7f4228004180 con 0x7f423807ad70
2024-04-06T12:49:50.883 INFO:teuthology.orchestra.run.smithi135.stdout:/usr/bin/ceph: stderr
2024-04-06T12:49:49.896+0000 7f423d4b4700 1 -- 172.21.15.135:0/2816699135 <== mon.0 v2:172.21.15.135:3300/0 2 ==== config(26 keys) v1 ==== 1007+0+0 (secure 0 0 0) 0x7f42280042e0 con 0x7f423807ad70
2024-04-06T12:49:50.883 INFO:teuthology.orchestra.run.smithi135.stdout:/usr/bin/ceph: stderr
2024-04-06T12:49:49.896+0000 7f423d4b4700 1 -- 172.21.15.135:0/2816699135 <== mon.0 v2:172.21.15.135:3300/0 3 ==== mon_map magic: 0 v1 ==== 229+0+0 (secure 0 0 0) 0x7f42280119d0 con 0x7f423807ad70
2024-04-06T12:49:50.883 INFO:teuthology.orchestra.run.smithi135.stdout:/usr/bin/ceph: stderr
2024-04-06T12:49:49.897+0000 7f424071a700 1 -- 172.21.15.135:0/2816699135 >> [v2:172.21.15.135:3300/0,v1:172.21.15.135:6789/0] conn(0x7f423807ad70 msgr2=0x7f42380791d0 secure :-1 s=STATE_CONNECTION_ESTABLISHED l=1).mark_down
2024-04-06T12:49:50.883 INFO:teuthology.orchestra.run.smithi135.stdout:/usr/bin/ceph: stderr
2024-04-06T12:49:49.897+0000 7f424071a700 1 --2- 172.21.15.135:0/2816699135 >> [v2:172.21.15.135:3300/0,v1:172.21.15.135:6789/0] conn(0x7f423807ad70 0x7f42380791d0 secure :-1 s=READY pgs=39 cs=0 l=1 rev1=1 crypto rx=0x7f42280098a0 tx=0x7f4228009bb0 comp rx=0 tx=0).stop
2024-04-06T12:49:50.883 INFO:teuthology.orchestra.run.smithi135.stdout:/usr/bin/ceph: stderr
2024-04-06T12:49:49.897+0000 7f424071a700 1 -- 172.21.15.135:0/2816699135 shutdown_connections
2024-04-06T12:49:50.883 INFO:teuthology.orchestra.run.smithi135.stdout:/usr/bin/ceph: stderr
2024-04-06T12:49:49.897+0000 7f424071a700 1 --2- 172.21.15.135:0/2816699135 >> [v2:172.21.15.135:3300/0,v1:172.21.15.135:6789/0] conn(0x7f423807ad70 0x7f42380791d0 unknown :-1 s=CLOSED pgs=39 cs=0 l=1 rev1=1 crypto rx=0 tx=0 comp rx=0 tx=0).stop
2024-04-06T12:49:50.883 INFO:teuthology.orchestra.run.smithi135.stdout:/usr/bin/ceph: stderr
2024-04-06T12:49:49.897+0000 7f424071a700 1 -- 172.21.15.135:0/2816699135 >> 172.21.15.135:0/2816699135 conn(0x7f42381017b0 msgr2=0x7f4238103bf0 unknown :-1 s=STATE_NONE l=0).mark_down
2024-04-06T12:49:50.883 INFO:teuthology.orchestra.run.smithi135.stdout:/usr/bin/ceph: stderr
2024-04-06T12:49:49.897+0000 7f424071a700 1 -- 172.21.15.135:0/2816699135 shutdown_connections
2024-04-06T12:49:50.883 INFO:teuthology.orchestra.run.smithi135.stdout:/usr/bin/ceph: stderr
2024-04-06T12:49:49.897+0000 7f424071a700 1 -- 172.21.15.135:0/2816699135 wait complete.
2024-04-06T12:49:50.883 INFO:teuthology.orchestra.run.smithi135.stdout:/usr/bin/ceph: stderr
2024-04-06T12:49:49.897+0000 7f424071a700 1 Processor -- start
2024-04-06T12:49:50.883 INFO:teuthology.orchestra.run.smithi135.stdout:/usr/bin/ceph: stderr
2024-04-06T12:49:49.897+0000 7f424071a700 1 -- start start
2024-04-06T12:49:50.883 INFO:teuthology.orchestra.run.smithi135.stdout:/usr/bin/ceph: stderr
2024-04-06T12:49:49.898+0000 7f424071a700 1 --2- >> [v2:172.21.15.135:3300/0,v1:172.21.15.135:6789/0] conn(0x7f423807ad70 0x7f423819c0b0 unknown :-1 s=NONE pgs=0 cs=0 l=1 rev1=0 crypto rx=0 tx=0 comp rx=0 tx=0).connect
2024-04-06T12:49:50.883 INFO:teuthology.orchestra.run.smithi135.stdout:/usr/bin/ceph: stderr
2024-04-06T12:49:49.898+0000 7f424071a700 1 -- --> [v2:172.21.15.135:3300/0,v1:172.21.15.135:6789/0] -- mon_getmap magic: 0 v1 -- 0x7f423819c5f0 con 0x7f423807ad70
2024-04-06T12:49:50.883 INFO:teuthology.orchestra.run.smithi135.stdout:/usr/bin/ceph: stderr
2024-04-06T12:49:49.898+0000 7f423e4b6700 1 --2- >> [v2:172.21.15.135:3300/0,v1:172.21.15.135:6789/0] conn(0x7f423807ad70 0x7f423819c0b0 unknown :-1 s=BANNER_CONNECTING pgs=0 cs=0 l=1 rev1=0 crypto rx=0 tx=0 comp rx=0 tx=0)._handle_peer_banner_payload supported=3 required=0
2024-04-06T12:49:50.884 INFO:teuthology.orchestra.run.smithi135.stdout:/usr/bin/ceph: stderr
2024-04-06T12:49:49.898+0000 7f423e4b6700 1 --2- >> [v2:172.21.15.135:3300/0,v1:172.21.15.135:6789/0] conn(0x7f423807ad70 0x7f423819c0b0 unknown :-1 s=HELLO_CONNECTING pgs=0 cs=0 l=1 rev1=1 crypto rx=0 tx=0 comp rx=0 tx=0).handle_hello peer v2:172.21.15.135:3300/0 says I am v2:172.21.15.135:52270/0 (socket says 172.21.15.135:52270)
2024-04-06T12:49:50.884 INFO:teuthology.orchestra.run.smithi135.stdout:/usr/bin/ceph: stderr
2024-04-06T12:49:49.898+0000 7f423e4b6700 1 -- 172.21.15.135:0/202006404 learned_addr learned my addr 172.21.15.135:0/202006404 (peer_addr_for_me v2:172.21.15.135:0/0)
2024-04-06T12:49:50.884 INFO:teuthology.orchestra.run.smithi135.stdout:/usr/bin/ceph: stderr
2024-04-06T12:49:49.898+0000 7f423e4b6700 1 -- 172.21.15.135:0/202006404 --> [v2:172.21.15.135:3300/0,v1:172.21.15.135:6789/0] -- mon_subscribe({config=0+,monmap=0+}) v3 -- 0x7f4228009550 con 0x7f423807ad70
2024-04-06T12:49:50.884 INFO:teuthology.orchestra.run.smithi135.stdout:/usr/bin/ceph: stderr
2024-04-06T12:49:49.898+0000 7f423e4b6700 1 --2- 172.21.15.135:0/202006404 >> [v2:172.21.15.135:3300/0,v1:172.21.15.135:6789/0] conn(0x7f423807ad70 0x7f423819c0b0 secure :-1 s=READY pgs=40 cs=0 l=1 rev1=1 crypto rx=0x7f4228009130 tx=0x7f4228011a30 comp rx=0 tx=0).ready entity=mon.0 client_cookie=0 server_cookie=0 in_seq=0 out_seq=0
2024-04-06T12:49:50.884 INFO:teuthology.orchestra.run.smithi135.stdout:/usr/bin/ceph: stderr
2024-04-06T12:49:49.898+0000 7f422f7fe700 1 -- 172.21.15.135:0/202006404 <== mon.0 v2:172.21.15.135:3300/0 1 ==== mon_map magic: 0 v1 ==== 229+0+0 (secure 0 0 0) 0x7f4228003a00 con 0x7f423807ad70
2024-04-06T12:49:50.884 INFO:teuthology.orchestra.run.smithi135.stdout:/usr/bin/ceph: stderr
2024-04-06T12:49:49.898+0000 7f422f7fe700 1 -- 172.21.15.135:0/202006404 <== mon.0 v2:172.21.15.135:3300/0 2 ==== config(26 keys) v1 ==== 1007+0+0 (secure 0 0 0) 0x7f422801a880 con 0x7f423807ad70
2024-04-06T12:49:50.884 INFO:teuthology.orchestra.run.smithi135.stdout:/usr/bin/ceph: stderr
2024-04-06T12:49:49.898+0000 7f424071a700 1 -- 172.21.15.135:0/202006404 --> [v2:172.21.15.135:3300/0,v1:172.21.15.135:6789/0] -- mon_subscribe({mgrmap=0+}) v3 -- 0x7f423819c7f0 con 0x7f423807ad70
2024-04-06T12:49:50.884 INFO:teuthology.orchestra.run.smithi135.stdout:/usr/bin/ceph: stderr
2024-04-06T12:49:49.898+0000 7f422f7fe700 1 -- 172.21.15.135:0/202006404 <== mon.0 v2:172.21.15.135:3300/0 3 ==== mon_map magic: 0 v1 ==== 229+0+0 (secure 0 0 0) 0x7f42280197b0 con 0x7f423807ad70
2024-04-06T12:49:50.884 INFO:teuthology.orchestra.run.smithi135.stdout:/usr/bin/ceph: stderr
2024-04-06T12:49:49.898+0000 7f424071a700 1 -- 172.21.15.135:0/202006404 --> [v2:172.21.15.135:3300/0,v1:172.21.15.135:6789/0] -- mon_subscribe({osdmap=0}) v3 -- 0x7f423819cc90 con 0x7f423807ad70
2024-04-06T12:49:50.884 INFO:teuthology.orchestra.run.smithi135.stdout:/usr/bin/ceph: stderr
2024-04-06T12:49:49.899+0000 7f422f7fe700 1 -- 172.21.15.135:0/202006404 <== mon.0 v2:172.21.15.135:3300/0 4 ==== mgrmap(e 8) v1 ==== 45556+0+0 (secure 0 0 0) 0x7f4228019a20 con 0x7f423807ad70
2024-04-06T12:49:50.884 INFO:teuthology.orchestra.run.smithi135.stdout:/usr/bin/ceph: stderr
2024-04-06T12:49:49.899+0000 7f424071a700 1 -- 172.21.15.135:0/202006404 --> [v2:172.21.15.135:3300/0,v1:172.21.15.135:6789/0] -- mon_command({"prefix": "get_command_descriptions"} v 0) v1 -- 0x7f423810c530 con 0x7f423807ad70
2024-04-06T12:49:50.884 INFO:teuthology.orchestra.run.smithi135.stdout:/usr/bin/ceph: stderr
2024-04-06T12:49:49.899+0000 7f422f7fe700 1 --2- 172.21.15.135:0/202006404 >> [v2:172.21.15.135:6800/4279894650,v1:172.21.15.135:6801/4279894650] conn(0x7f4224038720 0x7f422403abe0 unknown :-1 s=NONE pgs=0 cs=0 l=1 rev1=0 crypto rx=0 tx=0 comp rx=0 tx=0).connect
2024-04-06T12:49:50.884 INFO:teuthology.orchestra.run.smithi135.stdout:/usr/bin/ceph: stderr
2024-04-06T12:49:49.899+0000 7f422f7fe700 1 -- 172.21.15.135:0/202006404 <== mon.0 v2:172.21.15.135:3300/0 5 ==== osd_map(2..2 src has 1..2) v4 ==== 940+0+0 (secure 0 0 0) 0x7f422804cb70 con 0x7f423807ad70
2024-04-06T12:49:50.885 INFO:teuthology.orchestra.run.smithi135.stdout:/usr/bin/ceph: stderr
2024-04-06T12:49:49.899+0000 7f423dcb5700 1 --2- 172.21.15.135:0/202006404 >> [v2:172.21.15.135:6800/4279894650,v1:172.21.15.135:6801/4279894650] conn(0x7f4224038720 0x7f422403abe0 unknown :-1 s=BANNER_CONNECTING pgs=0 cs=0 l=1 rev1=0 crypto rx=0 tx=0 comp rx=0 tx=0)._handle_peer_banner_payload supported=3 required=0
2024-04-06T12:49:50.885 INFO:teuthology.orchestra.run.smithi135.stdout:/usr/bin/ceph: stderr
2024-04-06T12:49:49.900+0000 7f423dcb5700 1 --2- 172.21.15.135:0/202006404 >> [v2:172.21.15.135:6800/4279894650,v1:172.21.15.135:6801/4279894650] conn(0x7f4224038720 0x7f422403abe0 secure :-1 s=READY pgs=9 cs=0 l=1 rev1=1 crypto rx=0x7f4234006fd0 tx=0x7f4234006e40 comp rx=0 tx=0).ready entity=mgr.14118 client_cookie=0 server_cookie=0 in_seq=0 out_seq=0
2024-04-06T12:49:50.885 INFO:teuthology.orchestra.run.smithi135.stdout:/usr/bin/ceph: stderr
2024-04-06T12:49:49.904+0000 7f422f7fe700 1 -- 172.21.15.135:0/202006404 <== mon.0 v2:172.21.15.135:3300/0 6 ==== mon_command_ack([{"prefix": "get_command_descriptions"}]=0 v0) v1 ==== 72+0+182936 (secure 0 0 0) 0x7f422802b750 con 0x7f423807ad70
2024-04-06T12:49:50.885 INFO:teuthology.orchestra.run.smithi135.stdout:/usr/bin/ceph: stderr
2024-04-06T12:49:50.095+0000 7f424071a700 1 -- 172.21.15.135:0/202006404 --> [v2:172.21.15.135:6800/4279894650,v1:172.21.15.135:6801/4279894650] -- mgr_command(tid 0: {"prefix": "cephadm generate-key", "target": ["mon-mgr", ""]}) v1 -- 0x7f4238102a40 con 0x7f4224038720
2024-04-06T12:49:50.885 INFO:teuthology.orchestra.run.smithi135.stdout:/usr/bin/ceph: stderr
2024-04-06T12:49:50.236+0000 7f422f7fe700 1 -- 172.21.15.135:0/202006404 <== mgr.14118 v2:172.21.15.135:6800/4279894650 1 ==== mgr_command_reply(tid 0: 0 ) v1 ==== 8+0+0 (secure 0 0 0) 0x7f4238102a40 con 0x7f4224038720
2024-04-06T12:49:50.885 INFO:teuthology.orchestra.run.smithi135.stdout:/usr/bin/ceph: stderr
2024-04-06T12:49:50.238+0000 7f424071a700 1 -- 172.21.15.135:0/202006404 >> [v2:172.21.15.135:6800/4279894650,v1:172.21.15.135:6801/4279894650] conn(0x7f4224038720 msgr2=0x7f422403abe0 secure :-1 s=STATE_CONNECTION_ESTABLISHED l=1).mark_down
2024-04-06T12:49:50.885 INFO:teuthology.orchestra.run.smithi135.stdout:/usr/bin/ceph: stderr
2024-04-06T12:49:50.238+0000 7f424071a700 1 --2- 172.21.15.135:0/202006404 >> [v2:172.21.15.135:6800/4279894650,v1:172.21.15.135:6801/4279894650] conn(0x7f4224038720 0x7f422403abe0 secure :-1 s=READY pgs=9 cs=0 l=1 rev1=1 crypto rx=0x7f4234006fd0 tx=0x7f4234006e40 comp rx=0 tx=0).stop
2024-04-06T12:49:50.885 INFO:teuthology.orchestra.run.smithi135.stdout:/usr/bin/ceph: stderr
2024-04-06T12:49:50.238+0000 7f424071a700 1 -- 172.21.15.135:0/202006404 >> [v2:172.21.15.135:3300/0,v1:172.21.15.135:6789/0] conn(0x7f423807ad70 msgr2=0x7f423819c0b0 secure :-1 s=STATE_CONNECTION_ESTABLISHED l=1).mark_down
2024-04-06T12:49:50.885 INFO:teuthology.orchestra.run.smithi135.stdout:/usr/bin/ceph: stderr
2024-04-06T12:49:50.238+0000 7f424071a700 1 --2- 172.21.15.135:0/202006404 >> [v2:172.21.15.135:3300/0,v1:172.21.15.135:6789/0] conn(0x7f423807ad70 0x7f423819c0b0 secure :-1 s=READY pgs=40 cs=0 l=1 rev1=1 crypto rx=0x7f4228009130 tx=0x7f4228011a30 comp rx=0 tx=0).stop
2024-04-06T12:49:50.885 INFO:teuthology.orchestra.run.smithi135.stdout:/usr/bin/ceph: stderr
2024-04-06T12:49:50.238+0000 7f424071a700 1 -- 172.21.15.135:0/202006404 shutdown_connections
2024-04-06T12:49:50.885 INFO:teuthology.orchestra.run.smithi135.stdout:/usr/bin/ceph: stderr
2024-04-06T12:49:50.238+0000 7f424071a700 1 --2- 172.21.15.135:0/202006404 >> [v2:172.21.15.135:6800/4279894650,v1:172.21.15.135:6801/4279894650] conn(0x7f4224038720 0x7f422403abe0 unknown :-1 s=CLOSED pgs=9 cs=0 l=1 rev1=1 crypto rx=0 tx=0 comp rx=0 tx=0).stop
2024-04-06T12:49:50.885 INFO:teuthology.orchestra.run.smithi135.stdout:/usr/bin/ceph: stderr
2024-04-06T12:49:50.238+0000 7f424071a700 1 --2- 172.21.15.135:0/202006404 >> [v2:172.21.15.135:3300/0,v1:172.21.15.135:6789/0] conn(0x7f423807ad70 0x7f423819c0b0 unknown :-1 s=CLOSED pgs=40 cs=0 l=1 rev1=1 crypto rx=0 tx=0 comp rx=0 tx=0).stop
2024-04-06T12:49:50.885 INFO:teuthology.orchestra.run.smithi135.stdout:/usr/bin/ceph: stderr
2024-04-06T12:49:50.238+0000 7f424071a700 1 -- 172.21.15.135:0/202006404 >> 172.21.15.135:0/202006404 conn(0x7f42381017b0 msgr2=0x7f4238102330 unknown :-1 s=STATE_NONE l=0).mark_down
2024-04-06T12:49:50.885 INFO:teuthology.orchestra.run.smithi135.stdout:/usr/bin/ceph: stderr
2024-04-06T12:49:50.238+0000 7f424071a700 1 -- 172.21.15.135:0/202006404 shutdown_connections
2024-04-06T12:49:50.886 INFO:teuthology.orchestra.run.smithi135.stdout:/usr/bin/ceph: stderr
2024-04-06T12:49:50.238+0000 7f424071a700 1 -- 172.21.15.135:0/202006404 wait complete.
2024-04-06T12:49:51.406 INFO:journalctl@ceph.mon.smithi135.smithi135.stdout:Apr 06 12:49:51 smithi135 ceph-mon[39714]: from='client.14134 -' entity='client.admin' cmd=[{"prefix": "cephadm generate-key", "target": ["mon-mgr", ""]}]: dispatch
2024-04-06T12:49:51.407 INFO:journalctl@ceph.mon.smithi135.smithi135.stdout:Apr 06 12:49:51 smithi135 ceph-mon[39714]: Generating ssh key...
2024-04-06T12:49:51.407 INFO:journalctl@ceph.mon.smithi135.smithi135.stdout:Apr 06 12:49:51 smithi135 ceph-mon[39714]: from='mgr.14118 172.21.15.135:0/1538682846' entity='mgr.smithi135.cigmae'
2024-04-06T12:49:51.407 INFO:journalctl@ceph.mon.smithi135.smithi135.stdout:Apr 06 12:49:51 smithi135 ceph-mon[39714]: from='mgr.14118 172.21.15.135:0/1538682846' entity='mgr.smithi135.cigmae'
2024-04-06T12:49:52.363 INFO:teuthology.orchestra.run.smithi135.stdout:/usr/bin/ceph: stdout ssh-rsa AAAAB3NzaC1yc2EAAAADAQABAAABgQDExEN/K+zgVXUHnqV5sQuh1DerQMFJoPt9CpG/la3OonGt1oWj80BYwpAX3eEmAbsGK3J+ky6qlLJU5l12lu5QfdIl17SrfGbD8OUeg8HVsAy1baW4U2+RDDubdESu2tvbZS7OAl5T0LBb0MfSUqyPKANB2biCtICO49hI40KPBRSQWZ1VR8HNKMyLF5rh/jiae3nthS4lC1ELcFt0H+OdWeI5QUfIrZpzvFLNYdkApQL0QDYtyJ3ia0eVCwYwouJ/jzSnee+LOMPQ581qwUQ3/lreLBECfhv0J5C/HmPeT37fb+er62OWnsBYOFYdNt0UOK0bsyoVVrhOBBWYehYhgQmT0WkA/u2XsXjiIfe49Ahl1OUdFxHl//bf/hFwThC4xVTf1LF9oLW/7ecFoDRRQq56MOUFsKUBrngQsUDm+F6A8aQLNNfr2J8yhrB5WyWForQB+4tbWtEz7fNVvQu/bNBcsOhw/syrBuURXMucAcAd0vb3enOv9mxDtui3Ogc= ceph-f4af9672-f413-11ee-b649-cb9ed24678a4
2024-04-06T12:49:52.365 INFO:teuthology.orchestra.run.smithi135.stdout:/usr/bin/ceph: stderr
2024-04-06T12:49:51.450+0000 7f1f1e9fe700 1 Processor -- start
2024-04-06T12:49:52.366 INFO:teuthology.orchestra.run.smithi135.stdout:/usr/bin/ceph: stderr
2024-04-06T12:49:51.450+0000 7f1f1e9fe700 1 -- start start
2024-04-06T12:49:52.366 INFO:teuthology.orchestra.run.smithi135.stdout:/usr/bin/ceph: stderr
2024-04-06T12:49:51.450+0000 7f1f1e9fe700 1 --2- >> [v2:172.21.15.135:3300/0,v1:172.21.15.135:6789/0] conn(0x7f1f18106c90 0x7f1f18109080 unknown :-1 s=NONE pgs=0 cs=0 l=0 rev1=0 crypto rx=0 tx=0 comp rx=0 tx=0).connect
2024-04-06T12:49:52.366 INFO:teuthology.orchestra.run.smithi135.stdout:/usr/bin/ceph: stderr
2024-04-06T12:49:51.450+0000 7f1f1e9fe700 1 -- --> [v2:172.21.15.135:3300/0,v1:172.21.15.135:6789/0] -- mon_getmap magic: 0 v1 -- 0x7f1f18074410 con 0x7f1f18106c90
2024-04-06T12:49:52.366 INFO:teuthology.orchestra.run.smithi135.stdout:/usr/bin/ceph: stderr
2024-04-06T12:49:51.450+0000 7f1f17fff700 1 --2- >> [v2:172.21.15.135:3300/0,v1:172.21.15.135:6789/0] conn(0x7f1f18106c90 0x7f1f18109080 unknown :-1 s=BANNER_CONNECTING pgs=0 cs=0 l=0 rev1=0 crypto rx=0 tx=0 comp rx=0 tx=0)._handle_peer_banner_payload supported=3 required=0
2024-04-06T12:49:52.366 INFO:teuthology.orchestra.run.smithi135.stdout:/usr/bin/ceph: stderr
2024-04-06T12:49:51.450+0000 7f1f17fff700 1 --2- >> [v2:172.21.15.135:3300/0,v1:172.21.15.135:6789/0] conn(0x7f1f18106c90 0x7f1f18109080 unknown :-1 s=HELLO_CONNECTING pgs=0 cs=0 l=0 rev1=1 crypto rx=0 tx=0 comp rx=0 tx=0).handle_hello peer v2:172.21.15.135:3300/0 says I am v2:172.21.15.135:52274/0 (socket says 172.21.15.135:52274)
2024-04-06T12:49:52.366 INFO:teuthology.orchestra.run.smithi135.stdout:/usr/bin/ceph: stderr
2024-04-06T12:49:51.450+0000 7f1f17fff700 1 -- 172.21.15.135:0/3980825967 learned_addr learned my addr 172.21.15.135:0/3980825967 (peer_addr_for_me v2:172.21.15.135:0/0)
2024-04-06T12:49:52.366 INFO:teuthology.orchestra.run.smithi135.stdout:/usr/bin/ceph: stderr
2024-04-06T12:49:51.450+0000 7f1f17fff700 1 -- 172.21.15.135:0/3980825967 --> [v2:172.21.15.135:3300/0,v1:172.21.15.135:6789/0] -- mon_subscribe({config=0+,monmap=0+}) v3 -- 0x7f1f181095c0 con 0x7f1f18106c90
2024-04-06T12:49:52.366 INFO:teuthology.orchestra.run.smithi135.stdout:/usr/bin/ceph: stderr
2024-04-06T12:49:51.451+0000 7f1f17fff700 1 --2- 172.21.15.135:0/3980825967 >> [v2:172.21.15.135:3300/0,v1:172.21.15.135:6789/0] conn(0x7f1f18106c90 0x7f1f18109080 secure :-1 s=READY pgs=41 cs=0 l=1 rev1=1 crypto rx=0x7f1f080098a0 tx=0x7f1f08009bb0 comp rx=0 tx=0).ready entity=mon.0 client_cookie=763036e0d606c184 server_cookie=0 in_seq=0 out_seq=0
2024-04-06T12:49:52.366 INFO:teuthology.orchestra.run.smithi135.stdout:/usr/bin/ceph: stderr
2024-04-06T12:49:51.451+0000 7f1f16ffd700 1 -- 172.21.15.135:0/3980825967 <== mon.0 v2:172.21.15.135:3300/0 1 ==== mon_map magic: 0 v1 ==== 229+0+0 (secure 0 0 0) 0x7f1f08004180 con 0x7f1f18106c90
2024-04-06T12:49:52.366 INFO:teuthology.orchestra.run.smithi135.stdout:/usr/bin/ceph: stderr
2024-04-06T12:49:51.451+0000 7f1f16ffd700 1 -- 172.21.15.135:0/3980825967 <== mon.0 v2:172.21.15.135:3300/0 2 ==== config(26 keys) v1 ==== 1007+0+0 (secure 0 0 0) 0x7f1f080042e0 con 0x7f1f18106c90
2024-04-06T12:49:52.366 INFO:teuthology.orchestra.run.smithi135.stdout:/usr/bin/ceph: stderr
2024-04-06T12:49:51.451+0000 7f1f16ffd700 1 -- 172.21.15.135:0/3980825967 <== mon.0 v2:172.21.15.135:3300/0 3 ==== mon_map magic: 0 v1 ==== 229+0+0 (secure 0 0 0) 0x7f1f080119d0 con 0x7f1f18106c90
2024-04-06T12:49:52.366 INFO:teuthology.orchestra.run.smithi135.stdout:/usr/bin/ceph: stderr
2024-04-06T12:49:51.451+0000 7f1f1e9fe700 1 -- 172.21.15.135:0/3980825967 >> [v2:172.21.15.135:3300/0,v1:172.21.15.135:6789/0] conn(0x7f1f18106c90 msgr2=0x7f1f18109080 secure :-1 s=STATE_CONNECTION_ESTABLISHED l=1).mark_down
2024-04-06T12:49:52.366 INFO:teuthology.orchestra.run.smithi135.stdout:/usr/bin/ceph: stderr
2024-04-06T12:49:51.451+0000 7f1f1e9fe700 1 --2- 172.21.15.135:0/3980825967 >> [v2:172.21.15.135:3300/0,v1:172.21.15.135:6789/0] conn(0x7f1f18106c90 0x7f1f18109080 secure :-1 s=READY pgs=41 cs=0 l=1 rev1=1 crypto rx=0x7f1f080098a0 tx=0x7f1f08009bb0 comp rx=0 tx=0).stop
2024-04-06T12:49:52.367 INFO:teuthology.orchestra.run.smithi135.stdout:/usr/bin/ceph: stderr
2024-04-06T12:49:51.451+0000 7f1f1e9fe700 1 -- 172.21.15.135:0/3980825967 shutdown_connections
2024-04-06T12:49:52.367 INFO:teuthology.orchestra.run.smithi135.stdout:/usr/bin/ceph: stderr
2024-04-06T12:49:51.451+0000 7f1f1e9fe700 1 --2- 172.21.15.135:0/3980825967 >> [v2:172.21.15.135:3300/0,v1:172.21.15.135:6789/0] conn(0x7f1f18106c90 0x7f1f18109080 unknown :-1 s=CLOSED pgs=41 cs=0 l=1 rev1=1 crypto rx=0 tx=0 comp rx=0 tx=0).stop
2024-04-06T12:49:52.367 INFO:teuthology.orchestra.run.smithi135.stdout:/usr/bin/ceph: stderr
2024-04-06T12:49:51.451+0000 7f1f1e9fe700 1 -- 172.21.15.135:0/3980825967 >> 172.21.15.135:0/3980825967 conn(0x7f1f181006a0 msgr2=0x7f1f18102ac0 unknown :-1 s=STATE_NONE l=0).mark_down
2024-04-06T12:49:52.367 INFO:teuthology.orchestra.run.smithi135.stdout:/usr/bin/ceph: stderr
2024-04-06T12:49:51.451+0000 7f1f1e9fe700 1 -- 172.21.15.135:0/3980825967 shutdown_connections
2024-04-06T12:49:52.367 INFO:teuthology.orchestra.run.smithi135.stdout:/usr/bin/ceph: stderr
2024-04-06T12:49:51.451+0000 7f1f1e9fe700 1 -- 172.21.15.135:0/3980825967 wait complete.
2024-04-06T12:49:52.367 INFO:teuthology.orchestra.run.smithi135.stdout:/usr/bin/ceph: stderr
2024-04-06T12:49:51.452+0000 7f1f1e9fe700 1 Processor -- start
2024-04-06T12:49:52.367 INFO:teuthology.orchestra.run.smithi135.stdout:/usr/bin/ceph: stderr
2024-04-06T12:49:51.452+0000 7f1f1e9fe700 1 -- start start
2024-04-06T12:49:52.367 INFO:teuthology.orchestra.run.smithi135.stdout:/usr/bin/ceph: stderr
2024-04-06T12:49:51.452+0000 7f1f1e9fe700 1 --2- >> [v2:172.21.15.135:3300/0,v1:172.21.15.135:6789/0] conn(0x7f1f18106c90 0x7f1f181064c0 unknown :-1 s=NONE pgs=0 cs=0 l=1 rev1=0 crypto rx=0 tx=0 comp rx=0 tx=0).connect
2024-04-06T12:49:52.367 INFO:teuthology.orchestra.run.smithi135.stdout:/usr/bin/ceph: stderr
2024-04-06T12:49:51.452+0000 7f1f1e9fe700 1 -- --> [v2:172.21.15.135:3300/0,v1:172.21.15.135:6789/0] -- mon_getmap magic: 0 v1 -- 0x7f1f18106a00 con 0x7f1f18106c90
2024-04-06T12:49:52.367 INFO:teuthology.orchestra.run.smithi135.stdout:/usr/bin/ceph: stderr
2024-04-06T12:49:51.452+0000 7f1f17fff700 1 --2- >> [v2:172.21.15.135:3300/0,v1:172.21.15.135:6789/0] conn(0x7f1f18106c90 0x7f1f181064c0 unknown :-1 s=BANNER_CONNECTING pgs=0 cs=0 l=1 rev1=0 crypto rx=0 tx=0 comp rx=0 tx=0)._handle_peer_banner_payload supported=3 required=0
2024-04-06T12:49:52.367 INFO:teuthology.orchestra.run.smithi135.stdout:/usr/bin/ceph: stderr
2024-04-06T12:49:51.452+0000 7f1f17fff700 1 --2- >> [v2:172.21.15.135:3300/0,v1:172.21.15.135:6789/0] conn(0x7f1f18106c90 0x7f1f181064c0 unknown :-1 s=HELLO_CONNECTING pgs=0 cs=0 l=1 rev1=1 crypto rx=0 tx=0 comp rx=0 tx=0).handle_hello peer v2:172.21.15.135:3300/0 says I am v2:172.21.15.135:52288/0 (socket says 172.21.15.135:52288)
2024-04-06T12:49:52.367 INFO:teuthology.orchestra.run.smithi135.stdout:/usr/bin/ceph: stderr
2024-04-06T12:49:51.452+0000 7f1f17fff700 1 -- 172.21.15.135:0/2952722205 learned_addr learned my addr 172.21.15.135:0/2952722205 (peer_addr_for_me v2:172.21.15.135:0/0)
2024-04-06T12:49:52.367 INFO:teuthology.orchestra.run.smithi135.stdout:/usr/bin/ceph: stderr
2024-04-06T12:49:51.453+0000 7f1f17fff700 1 -- 172.21.15.135:0/2952722205 --> [v2:172.21.15.135:3300/0,v1:172.21.15.135:6789/0] -- mon_subscribe({config=0+,monmap=0+}) v3 -- 0x7f1f08009550 con 0x7f1f18106c90
2024-04-06T12:49:52.367 INFO:teuthology.orchestra.run.smithi135.stdout:/usr/bin/ceph: stderr
2024-04-06T12:49:51.453+0000 7f1f17fff700 1 --2- 172.21.15.135:0/2952722205 >> [v2:172.21.15.135:3300/0,v1:172.21.15.135:6789/0] conn(0x7f1f18106c90 0x7f1f181064c0 secure :-1 s=READY pgs=42 cs=0 l=1 rev1=1 crypto rx=0x7f1f08009130 tx=0x7f1f08011a30 comp rx=0 tx=0).ready entity=mon.0 client_cookie=0 server_cookie=0 in_seq=0 out_seq=0
2024-04-06T12:49:52.367 INFO:teuthology.orchestra.run.smithi135.stdout:/usr/bin/ceph: stderr
2024-04-06T12:49:51.453+0000 7f1f157fa700 1 -- 172.21.15.135:0/2952722205 <== mon.0 v2:172.21.15.135:3300/0 1 ==== mon_map magic: 0 v1 ==== 229+0+0 (secure 0 0 0) 0x7f1f08003900 con 0x7f1f18106c90
2024-04-06T12:49:52.368 INFO:teuthology.orchestra.run.smithi135.stdout:/usr/bin/ceph: stderr
2024-04-06T12:49:51.453+0000 7f1f1e9fe700 1 -- 172.21.15.135:0/2952722205 --> [v2:172.21.15.135:3300/0,v1:172.21.15.135:6789/0] -- mon_subscribe({mgrmap=0+}) v3 -- 0x7f1f18104c40 con 0x7f1f18106c90
2024-04-06T12:49:52.368 INFO:teuthology.orchestra.run.smithi135.stdout:/usr/bin/ceph: stderr
2024-04-06T12:49:51.453+0000 7f1f157fa700 1 -- 172.21.15.135:0/2952722205 <== mon.0 v2:172.21.15.135:3300/0 2 ==== config(26 keys) v1 ==== 1007+0+0 (secure 0 0 0) 0x7f1f08003a60 con 0x7f1f18106c90
2024-04-06T12:49:52.368 INFO:teuthology.orchestra.run.smithi135.stdout:/usr/bin/ceph: stderr
2024-04-06T12:49:51.453+0000 7f1f157fa700 1 -- 172.21.15.135:0/2952722205 <== mon.0 v2:172.21.15.135:3300/0 3 ==== mon_map magic: 0 v1 ==== 229+0+0 (secure 0 0 0) 0x7f1f080246e0 con 0x7f1f18106c90
2024-04-06T12:49:52.368 INFO:teuthology.orchestra.run.smithi135.stdout:/usr/bin/ceph: stderr
2024-04-06T12:49:51.453+0000 7f1f1e9fe700 1 -- 172.21.15.135:0/2952722205 --> [v2:172.21.15.135:3300/0,v1:172.21.15.135:6789/0] -- mon_subscribe({osdmap=0}) v3 -- 0x7f1f181050e0 con 0x7f1f18106c90
2024-04-06T12:49:52.368 INFO:teuthology.orchestra.run.smithi135.stdout:/usr/bin/ceph: stderr
