2024-04-06T13:59:09.058 INFO:teuthology.orchestra.run.smithi090.stdout:/usr/bin/ceph: stderr
2024-04-06T13:59:08.510+0000 7fa6724f6700 1 -- 172.21.15.90:0/4268484816 learned_addr learned my addr 172.21.15.90:0/4268484816 (peer_addr_for_me v2:172.21.15.90:0/0)
2024-04-06T13:59:09.058 INFO:teuthology.orchestra.run.smithi090.stdout:/usr/bin/ceph: stderr
2024-04-06T13:59:08.511+0000 7fa6724f6700 1 -- 172.21.15.90:0/4268484816 --> [v2:172.21.15.90:3300/0,v1:172.21.15.90:6789/0] -- mon_subscribe({config=0+,monmap=0+}) v3 -- 0x7fa668009550 con 0x7fa66c1048d0
2024-04-06T13:59:09.058 INFO:teuthology.orchestra.run.smithi090.stdout:/usr/bin/ceph: stderr
2024-04-06T13:59:08.511+0000 7fa6724f6700 1 --2- 172.21.15.90:0/4268484816 >> [v2:172.21.15.90:3300/0,v1:172.21.15.90:6789/0] conn(0x7fa66c1048d0 0x7fa66c19a440 secure :-1 s=READY pgs=75 cs=0 l=1 rev1=1 crypto rx=0x7fa668006af0 tx=0x7fa668011a10 comp rx=0 tx=0).ready entity=mon.0 client_cookie=0 server_cookie=0 in_seq=0 out_seq=0
2024-04-06T13:59:09.058 INFO:teuthology.orchestra.run.smithi090.stdout:/usr/bin/ceph: stderr
2024-04-06T13:59:08.511+0000 7fa6637fe700 1 -- 172.21.15.90:0/4268484816 <== mon.0 v2:172.21.15.90:3300/0 1 ==== mon_map magic: 0 v1 ==== 205+0+0 (secure 0 0 0) 0x7fa668003a40 con 0x7fa66c1048d0
2024-04-06T13:59:09.058 INFO:teuthology.orchestra.run.smithi090.stdout:/usr/bin/ceph: stderr
2024-04-06T13:59:08.511+0000 7fa6637fe700 1 -- 172.21.15.90:0/4268484816 <== mon.0 v2:172.21.15.90:3300/0 2 ==== config(26 keys) v1 ==== 1105+0+0 (secure 0 0 0) 0x7fa668003ba0 con 0x7fa66c1048d0
2024-04-06T13:59:09.059 INFO:teuthology.orchestra.run.smithi090.stdout:/usr/bin/ceph: stderr
2024-04-06T13:59:08.511+0000 7fa6637fe700 1 -- 172.21.15.90:0/4268484816 <== mon.0 v2:172.21.15.90:3300/0 3 ==== mon_map magic: 0 v1 ==== 205+0+0 (secure 0 0 0) 0x7fa668019690 con 0x7fa66c1048d0
2024-04-06T13:59:09.059 INFO:teuthology.orchestra.run.smithi090.stdout:/usr/bin/ceph: stderr
2024-04-06T13:59:08.511+0000 7fa67475a700 1 -- 172.21.15.90:0/4268484816 --> [v2:172.21.15.90:3300/0,v1:172.21.15.90:6789/0] -- mon_subscribe({mgrmap=0+}) v3 -- 0x7fa66c19abe0 con 0x7fa66c1048d0
2024-04-06T13:59:09.059 INFO:teuthology.orchestra.run.smithi090.stdout:/usr/bin/ceph: stderr
2024-04-06T13:59:08.511+0000 7fa67475a700 1 -- 172.21.15.90:0/4268484816 --> [v2:172.21.15.90:3300/0,v1:172.21.15.90:6789/0] -- mon_subscribe({osdmap=0}) v3 -- 0x7fa66c19b6e0 con 0x7fa66c1048d0
2024-04-06T13:59:09.059 INFO:teuthology.orchestra.run.smithi090.stdout:/usr/bin/ceph: stderr
2024-04-06T13:59:08.512+0000 7fa6637fe700 1 -- 172.21.15.90:0/4268484816 <== mon.0 v2:172.21.15.90:3300/0 4 ==== mgrmap(e 12) v1 ==== 45554+0+0 (secure 0 0 0) 0x7fa66801aa60 con 0x7fa66c1048d0
2024-04-06T13:59:09.059 INFO:teuthology.orchestra.run.smithi090.stdout:/usr/bin/ceph: stderr
2024-04-06T13:59:08.512+0000 7fa6637fe700 1 --2- 172.21.15.90:0/4268484816 >> [v2:172.21.15.90:6800/1992032630,v1:172.21.15.90:6801/1992032630] conn(0x7fa658038750 0x7fa65803ac10 unknown :-1 s=NONE pgs=0 cs=0 l=1 rev1=0 crypto rx=0 tx=0 comp rx=0 tx=0).connect
2024-04-06T13:59:09.059 INFO:teuthology.orchestra.run.smithi090.stdout:/usr/bin/ceph: stderr
2024-04-06T13:59:08.512+0000 7fa67475a700 1 -- 172.21.15.90:0/4268484816 --> [v2:172.21.15.90:3300/0,v1:172.21.15.90:6789/0] -- mon_command({"prefix": "get_command_descriptions"} v 0) v1 -- 0x7fa66c10ab80 con 0x7fa66c1048d0
2024-04-06T13:59:09.059 INFO:teuthology.orchestra.run.smithi090.stdout:/usr/bin/ceph: stderr
2024-04-06T13:59:08.512+0000 7fa6637fe700 1 -- 172.21.15.90:0/4268484816 <== mon.0 v2:172.21.15.90:3300/0 5 ==== osd_map(3..3 src has 1..3) v4 ==== 1155+0+0 (secure 0 0 0) 0x7fa66804ca60 con 0x7fa66c1048d0
2024-04-06T13:59:09.059 INFO:teuthology.orchestra.run.smithi090.stdout:/usr/bin/ceph: stderr
2024-04-06T13:59:08.512+0000 7fa671cf5700 1 --2- 172.21.15.90:0/4268484816 >> [v2:172.21.15.90:6800/1992032630,v1:172.21.15.90:6801/1992032630] conn(0x7fa658038750 0x7fa65803ac10 unknown :-1 s=BANNER_CONNECTING pgs=0 cs=0 l=1 rev1=0 crypto rx=0 tx=0 comp rx=0 tx=0)._handle_peer_banner_payload supported=3 required=0
2024-04-06T13:59:09.059 INFO:teuthology.orchestra.run.smithi090.stdout:/usr/bin/ceph: stderr
2024-04-06T13:59:08.512+0000 7fa671cf5700 1 --2- 172.21.15.90:0/4268484816 >> [v2:172.21.15.90:6800/1992032630,v1:172.21.15.90:6801/1992032630] conn(0x7fa658038750 0x7fa65803ac10 secure :-1 s=READY pgs=9 cs=0 l=1 rev1=1 crypto rx=0x7fa65c006fd0 tx=0x7fa65c006e40 comp rx=0 tx=0).ready entity=mgr.14152 client_cookie=0 server_cookie=0 in_seq=0 out_seq=0
2024-04-06T13:59:09.059 INFO:teuthology.orchestra.run.smithi090.stdout:/usr/bin/ceph: stderr
2024-04-06T13:59:08.517+0000 7fa6637fe700 1 -- 172.21.15.90:0/4268484816 <== mon.0 v2:172.21.15.90:3300/0 6 ==== mon_command_ack([{"prefix": "get_command_descriptions"}]=0 v0) v1 ==== 72+0+182936 (secure 0 0 0) 0x7fa66802d430 con 0x7fa66c1048d0
2024-04-06T13:59:09.059 INFO:teuthology.orchestra.run.smithi090.stdout:/usr/bin/ceph: stderr
2024-04-06T13:59:08.708+0000 7fa67475a700 1 -- 172.21.15.90:0/4268484816 --> [v2:172.21.15.90:3300/0,v1:172.21.15.90:6789/0] -- mon_command({"prefix": "config get", "who": "mgr", "key": "mgr/dashboard/ssl_server_port"} v 0) v1 -- 0x7fa66c10ab20 con 0x7fa66c1048d0
2024-04-06T13:59:09.059 INFO:teuthology.orchestra.run.smithi090.stdout:/usr/bin/ceph: stderr
2024-04-06T13:59:08.709+0000 7fa6637fe700 1 -- 172.21.15.90:0/4268484816 <== mon.0 v2:172.21.15.90:3300/0 7 ==== mon_command_ack([{"prefix": "config get", "who": "mgr", "key": "mgr/dashboard/ssl_server_port"}]=0 v8) v1 ==== 112+0+5 (secure 0 0 0) 0x7fa668023390 con 0x7fa66c1048d0
2024-04-06T13:59:09.059 INFO:teuthology.orchestra.run.smithi090.stdout:/usr/bin/ceph: stderr
2024-04-06T13:59:08.711+0000 7fa67475a700 1 -- 172.21.15.90:0/4268484816 >> [v2:172.21.15.90:6800/1992032630,v1:172.21.15.90:6801/1992032630] conn(0x7fa658038750 msgr2=0x7fa65803ac10 secure :-1 s=STATE_CONNECTION_ESTABLISHED l=1).mark_down
2024-04-06T13:59:09.059 INFO:teuthology.orchestra.run.smithi090.stdout:/usr/bin/ceph: stderr
2024-04-06T13:59:08.711+0000 7fa67475a700 1 --2- 172.21.15.90:0/4268484816 >> [v2:172.21.15.90:6800/1992032630,v1:172.21.15.90:6801/1992032630] conn(0x7fa658038750 0x7fa65803ac10 secure :-1 s=READY pgs=9 cs=0 l=1 rev1=1 crypto rx=0x7fa65c006fd0 tx=0x7fa65c006e40 comp rx=0 tx=0).stop
2024-04-06T13:59:09.060 INFO:teuthology.orchestra.run.smithi090.stdout:/usr/bin/ceph: stderr
2024-04-06T13:59:08.711+0000 7fa67475a700 1 -- 172.21.15.90:0/4268484816 >> [v2:172.21.15.90:3300/0,v1:172.21.15.90:6789/0] conn(0x7fa66c1048d0 msgr2=0x7fa66c19a440 secure :-1 s=STATE_CONNECTION_ESTABLISHED l=1).mark_down
2024-04-06T13:59:09.060 INFO:teuthology.orchestra.run.smithi090.stdout:/usr/bin/ceph: stderr
2024-04-06T13:59:08.711+0000 7fa67475a700 1 --2- 172.21.15.90:0/4268484816 >> [v2:172.21.15.90:3300/0,v1:172.21.15.90:6789/0] conn(0x7fa66c1048d0 0x7fa66c19a440 secure :-1 s=READY pgs=75 cs=0 l=1 rev1=1 crypto rx=0x7fa668006af0 tx=0x7fa668011a10 comp rx=0 tx=0).stop
2024-04-06T13:59:09.060 INFO:teuthology.orchestra.run.smithi090.stdout:/usr/bin/ceph: stderr
2024-04-06T13:59:08.711+0000 7fa67475a700 1 -- 172.21.15.90:0/4268484816 shutdown_connections
2024-04-06T13:59:09.060 INFO:teuthology.orchestra.run.smithi090.stdout:/usr/bin/ceph: stderr
2024-04-06T13:59:08.711+0000 7fa67475a700 1 --2- 172.21.15.90:0/4268484816 >> [v2:172.21.15.90:6800/1992032630,v1:172.21.15.90:6801/1992032630] conn(0x7fa658038750 0x7fa65803ac10 unknown :-1 s=CLOSED pgs=9 cs=0 l=1 rev1=1 crypto rx=0 tx=0 comp rx=0 tx=0).stop
2024-04-06T13:59:09.060 INFO:teuthology.orchestra.run.smithi090.stdout:/usr/bin/ceph: stderr
2024-04-06T13:59:08.711+0000 7fa67475a700 1 --2- 172.21.15.90:0/4268484816 >> [v2:172.21.15.90:3300/0,v1:172.21.15.90:6789/0] conn(0x7fa66c1048d0 0x7fa66c19a440 unknown :-1 s=CLOSED pgs=75 cs=0 l=1 rev1=1 crypto rx=0 tx=0 comp rx=0 tx=0).stop
2024-04-06T13:59:09.060 INFO:teuthology.orchestra.run.smithi090.stdout:/usr/bin/ceph: stderr
2024-04-06T13:59:08.711+0000 7fa67475a700 1 -- 172.21.15.90:0/4268484816 >> 172.21.15.90:0/4268484816 conn(0x7fa66c1002b0 msgr2=0x7fa66c100e10 unknown :-1 s=STATE_NONE l=0).mark_down
2024-04-06T13:59:09.060 INFO:teuthology.orchestra.run.smithi090.stdout:/usr/bin/ceph: stderr
2024-04-06T13:59:08.711+0000 7fa67475a700 1 -- 172.21.15.90:0/4268484816 shutdown_connections
2024-04-06T13:59:09.060 INFO:teuthology.orchestra.run.smithi090.stdout:/usr/bin/ceph: stderr
2024-04-06T13:59:08.711+0000 7fa67475a700 1 -- 172.21.15.90:0/4268484816 wait complete.
2024-04-06T13:59:09.063 INFO:teuthology.orchestra.run.smithi090.stdout:Non-zero exit code 1 from systemctl is-enabled firewalld.service
2024-04-06T13:59:09.063 INFO:teuthology.orchestra.run.smithi090.stdout:systemctl: stdout disabled
2024-04-06T13:59:09.070 INFO:teuthology.orchestra.run.smithi090.stdout:Non-zero exit code 3 from systemctl is-active firewalld.service
2024-04-06T13:59:09.070 INFO:teuthology.orchestra.run.smithi090.stdout:systemctl: stdout inactive
2024-04-06T13:59:09.070 INFO:teuthology.orchestra.run.smithi090.stdout:firewalld.service is not enabled
2024-04-06T13:59:09.070 INFO:teuthology.orchestra.run.smithi090.stdout:Not possible to open ports <[8443]>. firewalld.service is not available
2024-04-06T13:59:09.072 INFO:teuthology.orchestra.run.smithi090.stdout:Ceph Dashboard is now available at:
2024-04-06T13:59:09.072 INFO:teuthology.orchestra.run.smithi090.stdout:
2024-04-06T13:59:09.072 INFO:teuthology.orchestra.run.smithi090.stdout: URL: https://smithi090:8443/
2024-04-06T13:59:09.072 INFO:teuthology.orchestra.run.smithi090.stdout: User: admin
2024-04-06T13:59:09.072 INFO:teuthology.orchestra.run.smithi090.stdout: Password: 66zc9vm959
2024-04-06T13:59:09.072 INFO:teuthology.orchestra.run.smithi090.stdout:
2024-04-06T13:59:09.072 INFO:teuthology.orchestra.run.smithi090.stdout:Saving cluster configuration to /var/lib/ceph/949dca1a-f41d-11ee-b649-cb9ed24678a4/config directory
2024-04-06T13:59:09.073 INFO:teuthology.orchestra.run.smithi090.stdout:Enabling autotune for osd_memory_target
2024-04-06T13:59:09.998 INFO:teuthology.orchestra.run.smithi090.stdout:/usr/bin/ceph: stderr
2024-04-06T13:59:09.435+0000 7f706d15a700 1 Processor -- start
2024-04-06T13:59:09.998 INFO:teuthology.orchestra.run.smithi090.stdout:/usr/bin/ceph: stderr
2024-04-06T13:59:09.435+0000 7f706d15a700 1 -- start start
2024-04-06T13:59:09.998 INFO:teuthology.orchestra.run.smithi090.stdout:/usr/bin/ceph: stderr
2024-04-06T13:59:09.435+0000 7f706d15a700 1 --2- >> [v2:172.21.15.90:3300/0,v1:172.21.15.90:6789/0] conn(0x7f706807be20 0x7f706807a2d0 unknown :-1 s=NONE pgs=0 cs=0 l=0 rev1=0 crypto rx=0 tx=0 comp rx=0 tx=0).connect
2024-04-06T13:59:09.998 INFO:teuthology.orchestra.run.smithi090.stdout:/usr/bin/ceph: stderr
2024-04-06T13:59:09.435+0000 7f706d15a700 1 -- --> [v2:172.21.15.90:3300/0,v1:172.21.15.90:6789/0] -- mon_getmap magic: 0 v1 -- 0x7f706807a810 con 0x7f706807be20
2024-04-06T13:59:09.998 INFO:teuthology.orchestra.run.smithi090.stdout:/usr/bin/ceph: stderr
2024-04-06T13:59:09.435+0000 7f7066d9d700 1 --2- >> [v2:172.21.15.90:3300/0,v1:172.21.15.90:6789/0] conn(0x7f706807be20 0x7f706807a2d0 unknown :-1 s=BANNER_CONNECTING pgs=0 cs=0 l=0 rev1=0 crypto rx=0 tx=0 comp rx=0 tx=0)._handle_peer_banner_payload supported=3 required=0
2024-04-06T13:59:09.998 INFO:teuthology.orchestra.run.smithi090.stdout:/usr/bin/ceph: stderr
2024-04-06T13:59:09.435+0000 7f7066d9d700 1 --2- >> [v2:172.21.15.90:3300/0,v1:172.21.15.90:6789/0] conn(0x7f706807be20 0x7f706807a2d0 unknown :-1 s=HELLO_CONNECTING pgs=0 cs=0 l=0 rev1=1 crypto rx=0 tx=0 comp rx=0 tx=0).handle_hello peer v2:172.21.15.90:3300/0 says I am v2:172.21.15.90:58310/0 (socket says 172.21.15.90:58310)
2024-04-06T13:59:09.998 INFO:teuthology.orchestra.run.smithi090.stdout:/usr/bin/ceph: stderr
2024-04-06T13:59:09.435+0000 7f7066d9d700 1 -- 172.21.15.90:0/3664058335 learned_addr learned my addr 172.21.15.90:0/3664058335 (peer_addr_for_me v2:172.21.15.90:0/0)
2024-04-06T13:59:09.998 INFO:teuthology.orchestra.run.smithi090.stdout:/usr/bin/ceph: stderr
2024-04-06T13:59:09.435+0000 7f7066d9d700 1 -- 172.21.15.90:0/3664058335 --> [v2:172.21.15.90:3300/0,v1:172.21.15.90:6789/0] -- mon_subscribe({config=0+,monmap=0+}) v3 -- 0x7f706807a950 con 0x7f706807be20
2024-04-06T13:59:09.998 INFO:teuthology.orchestra.run.smithi090.stdout:/usr/bin/ceph: stderr
2024-04-06T13:59:09.436+0000 7f7066d9d700 1 --2- 172.21.15.90:0/3664058335 >> [v2:172.21.15.90:3300/0,v1:172.21.15.90:6789/0] conn(0x7f706807be20 0x7f706807a2d0 secure :-1 s=READY pgs=76 cs=0 l=1 rev1=1 crypto rx=0x7f70580098a0 tx=0x7f7058009bb0 comp rx=0 tx=0).ready entity=mon.0 client_cookie=52e733ee46696a14 server_cookie=0 in_seq=0 out_seq=0
2024-04-06T13:59:09.998 INFO:teuthology.orchestra.run.smithi090.stdout:/usr/bin/ceph: stderr
2024-04-06T13:59:09.436+0000 7f7065d9b700 1 -- 172.21.15.90:0/3664058335 <== mon.0 v2:172.21.15.90:3300/0 1 ==== mon_map magic: 0 v1 ==== 205+0+0 (secure 0 0 0) 0x7f7058004160 con 0x7f706807be20
2024-04-06T13:59:09.998 INFO:teuthology.orchestra.run.smithi090.stdout:/usr/bin/ceph: stderr
2024-04-06T13:59:09.436+0000 7f7065d9b700 1 -- 172.21.15.90:0/3664058335 <== mon.0 v2:172.21.15.90:3300/0 2 ==== config(26 keys) v1 ==== 1105+0+0 (secure 0 0 0) 0x7f70580042c0 con 0x7f706807be20
2024-04-06T13:59:09.999 INFO:teuthology.orchestra.run.smithi090.stdout:/usr/bin/ceph: stderr
2024-04-06T13:59:09.436+0000 7f7065d9b700 1 -- 172.21.15.90:0/3664058335 <== mon.0 v2:172.21.15.90:3300/0 3 ==== mon_map magic: 0 v1 ==== 205+0+0 (secure 0 0 0) 0x7f70580119b0 con 0x7f706807be20
2024-04-06T13:59:09.999 INFO:teuthology.orchestra.run.smithi090.stdout:/usr/bin/ceph: stderr
2024-04-06T13:59:09.436+0000 7f706d15a700 1 -- 172.21.15.90:0/3664058335 >> [v2:172.21.15.90:3300/0,v1:172.21.15.90:6789/0] conn(0x7f706807be20 msgr2=0x7f706807a2d0 secure :-1 s=STATE_CONNECTION_ESTABLISHED l=1).mark_down
2024-04-06T13:59:09.999 INFO:teuthology.orchestra.run.smithi090.stdout:/usr/bin/ceph: stderr
2024-04-06T13:59:09.436+0000 7f706d15a700 1 --2- 172.21.15.90:0/3664058335 >> [v2:172.21.15.90:3300/0,v1:172.21.15.90:6789/0] conn(0x7f706807be20 0x7f706807a2d0 secure :-1 s=READY pgs=76 cs=0 l=1 rev1=1 crypto rx=0x7f70580098a0 tx=0x7f7058009bb0 comp rx=0 tx=0).stop
2024-04-06T13:59:09.999 INFO:teuthology.orchestra.run.smithi090.stdout:/usr/bin/ceph: stderr
2024-04-06T13:59:09.436+0000 7f706d15a700 1 -- 172.21.15.90:0/3664058335 shutdown_connections
2024-04-06T13:59:09.999 INFO:teuthology.orchestra.run.smithi090.stdout:/usr/bin/ceph: stderr
2024-04-06T13:59:09.436+0000 7f706d15a700 1 --2- 172.21.15.90:0/3664058335 >> [v2:172.21.15.90:3300/0,v1:172.21.15.90:6789/0] conn(0x7f706807be20 0x7f706807a2d0 unknown :-1 s=CLOSED pgs=76 cs=0 l=1 rev1=1 crypto rx=0 tx=0 comp rx=0 tx=0).stop
2024-04-06T13:59:09.999 INFO:teuthology.orchestra.run.smithi090.stdout:/usr/bin/ceph: stderr
2024-04-06T13:59:09.436+0000 7f706d15a700 1 -- 172.21.15.90:0/3664058335 >> 172.21.15.90:0/3664058335 conn(0x7f7068101b40 msgr2=0x7f7068103f80 unknown :-1 s=STATE_NONE l=0).mark_down
2024-04-06T13:59:09.999 INFO:teuthology.orchestra.run.smithi090.stdout:/usr/bin/ceph: stderr
2024-04-06T13:59:09.436+0000 7f706d15a700 1 -- 172.21.15.90:0/3664058335 shutdown_connections
2024-04-06T13:59:09.999 INFO:teuthology.orchestra.run.smithi090.stdout:/usr/bin/ceph: stderr
2024-04-06T13:59:09.436+0000 7f706d15a700 1 -- 172.21.15.90:0/3664058335 wait complete.
2024-04-06T13:59:09.999 INFO:teuthology.orchestra.run.smithi090.stdout:/usr/bin/ceph: stderr
2024-04-06T13:59:09.437+0000 7f706d15a700 1 Processor -- start
2024-04-06T13:59:09.999 INFO:teuthology.orchestra.run.smithi090.stdout:/usr/bin/ceph: stderr
2024-04-06T13:59:09.437+0000 7f706d15a700 1 -- start start
2024-04-06T13:59:09.999 INFO:teuthology.orchestra.run.smithi090.stdout:/usr/bin/ceph: stderr
2024-04-06T13:59:09.437+0000 7f706d15a700 1 --2- >> [v2:172.21.15.90:3300/0,v1:172.21.15.90:6789/0] conn(0x7f706807be20 0x7f706819c640 unknown :-1 s=NONE pgs=0 cs=0 l=1 rev1=0 crypto rx=0 tx=0 comp rx=0 tx=0).connect
2024-04-06T13:59:09.999 INFO:teuthology.orchestra.run.smithi090.stdout:/usr/bin/ceph: stderr
2024-04-06T13:59:09.438+0000 7f706d15a700 1 -- --> [v2:172.21.15.90:3300/0,v1:172.21.15.90:6789/0] -- mon_getmap magic: 0 v1 -- 0x7f706819cb80 con 0x7f706807be20
2024-04-06T13:59:09.999 INFO:teuthology.orchestra.run.smithi090.stdout:/usr/bin/ceph: stderr
2024-04-06T13:59:09.438+0000 7f7066d9d700 1 --2- >> [v2:172.21.15.90:3300/0,v1:172.21.15.90:6789/0] conn(0x7f706807be20 0x7f706819c640 unknown :-1 s=BANNER_CONNECTING pgs=0 cs=0 l=1 rev1=0 crypto rx=0 tx=0 comp rx=0 tx=0)._handle_peer_banner_payload supported=3 required=0
2024-04-06T13:59:10.000 INFO:teuthology.orchestra.run.smithi090.stdout:/usr/bin/ceph: stderr
2024-04-06T13:59:09.438+0000 7f7066d9d700 1 --2- >> [v2:172.21.15.90:3300/0,v1:172.21.15.90:6789/0] conn(0x7f706807be20 0x7f706819c640 unknown :-1 s=HELLO_CONNECTING pgs=0 cs=0 l=1 rev1=1 crypto rx=0 tx=0 comp rx=0 tx=0).handle_hello peer v2:172.21.15.90:3300/0 says I am v2:172.21.15.90:58326/0 (socket says 172.21.15.90:58326)
2024-04-06T13:59:10.000 INFO:teuthology.orchestra.run.smithi090.stdout:/usr/bin/ceph: stderr
2024-04-06T13:59:09.438+0000 7f7066d9d700 1 -- 172.21.15.90:0/2417232939 learned_addr learned my addr 172.21.15.90:0/2417232939 (peer_addr_for_me v2:172.21.15.90:0/0)
2024-04-06T13:59:10.000 INFO:teuthology.orchestra.run.smithi090.stdout:/usr/bin/ceph: stderr
2024-04-06T13:59:09.438+0000 7f7066d9d700 1 -- 172.21.15.90:0/2417232939 --> [v2:172.21.15.90:3300/0,v1:172.21.15.90:6789/0] -- mon_subscribe({config=0+,monmap=0+}) v3 -- 0x7f7058009550 con 0x7f706807be20
2024-04-06T13:59:10.000 INFO:teuthology.orchestra.run.smithi090.stdout:/usr/bin/ceph: stderr
2024-04-06T13:59:09.438+0000 7f7066d9d700 1 --2- 172.21.15.90:0/2417232939 >> [v2:172.21.15.90:3300/0,v1:172.21.15.90:6789/0] conn(0x7f706807be20 0x7f706819c640 secure :-1 s=READY pgs=77 cs=0 l=1 rev1=1 crypto rx=0x7f7058011670 tx=0x7f7058011a30 comp rx=0 tx=0).ready entity=mon.0 client_cookie=0 server_cookie=0 in_seq=0 out_seq=0
2024-04-06T13:59:10.000 INFO:teuthology.orchestra.run.smithi090.stdout:/usr/bin/ceph: stderr
2024-04-06T13:59:09.438+0000 7f704ffff700 1 -- 172.21.15.90:0/2417232939 <== mon.0 v2:172.21.15.90:3300/0 1 ==== mon_map magic: 0 v1 ==== 205+0+0 (secure 0 0 0) 0x7f7058003b20 con 0x7f706807be20
2024-04-06T13:59:10.000 INFO:teuthology.orchestra.run.smithi090.stdout:/usr/bin/ceph: stderr
2024-04-06T13:59:09.438+0000 7f704ffff700 1 -- 172.21.15.90:0/2417232939 <== mon.0 v2:172.21.15.90:3300/0 2 ==== config(26 keys) v1 ==== 1105+0+0 (secure 0 0 0) 0x7f7058003c80 con 0x7f706807be20
2024-04-06T13:59:10.000 INFO:teuthology.orchestra.run.smithi090.stdout:/usr/bin/ceph: stderr
2024-04-06T13:59:09.438+0000 7f706d15a700 1 -- 172.21.15.90:0/2417232939 --> [v2:172.21.15.90:3300/0,v1:172.21.15.90:6789/0] -- mon_subscribe({mgrmap=0+}) v3 -- 0x7f706819cd80 con 0x7f706807be20
2024-04-06T13:59:10.000 INFO:teuthology.orchestra.run.smithi090.stdout:/usr/bin/ceph: stderr
2024-04-06T13:59:09.438+0000 7f704ffff700 1 -- 172.21.15.90:0/2417232939 <== mon.0 v2:172.21.15.90:3300/0 3 ==== mon_map magic: 0 v1 ==== 205+0+0 (secure 0 0 0) 0x7f7058019770 con 0x7f706807be20
2024-04-06T13:59:10.000 INFO:teuthology.orchestra.run.smithi090.stdout:/usr/bin/ceph: stderr
2024-04-06T13:59:09.438+0000 7f706d15a700 1 -- 172.21.15.90:0/2417232939 --> [v2:172.21.15.90:3300/0,v1:172.21.15.90:6789/0] -- mon_subscribe({osdmap=0}) v3 -- 0x7f706819d8e0 con 0x7f706807be20
2024-04-06T13:59:10.000 INFO:teuthology.orchestra.run.smithi090.stdout:/usr/bin/ceph: stderr
2024-04-06T13:59:09.439+0000 7f706d15a700 1 -- 172.21.15.90:0/2417232939 --> [v2:172.21.15.90:3300/0,v1:172.21.15.90:6789/0] -- mon_command({"prefix": "get_command_descriptions"} v 0) v1 -- 0x7f70680623e0 con 0x7f706807be20
2024-04-06T13:59:10.000 INFO:teuthology.orchestra.run.smithi090.stdout:/usr/bin/ceph: stderr
2024-04-06T13:59:09.439+0000 7f704ffff700 1 -- 172.21.15.90:0/2417232939 <== mon.0 v2:172.21.15.90:3300/0 4 ==== mgrmap(e 12) v1 ==== 45554+0+0 (secure 0 0 0) 0x7f7058019a30 con 0x7f706807be20
2024-04-06T13:59:10.000 INFO:teuthology.orchestra.run.smithi090.stdout:/usr/bin/ceph: stderr
2024-04-06T13:59:09.439+0000 7f704ffff700 1 --2- 172.21.15.90:0/2417232939 >> [v2:172.21.15.90:6800/1992032630,v1:172.21.15.90:6801/1992032630] conn(0x7f7050038750 0x7f705003ac10 unknown :-1 s=NONE pgs=0 cs=0 l=1 rev1=0 crypto rx=0 tx=0 comp rx=0 tx=0).connect
2024-04-06T13:59:10.000 INFO:teuthology.orchestra.run.smithi090.stdout:/usr/bin/ceph: stderr
2024-04-06T13:59:09.439+0000 7f704ffff700 1 -- 172.21.15.90:0/2417232939 <== mon.0 v2:172.21.15.90:3300/0 5 ==== osd_map(3..3 src has 1..3) v4 ==== 1155+0+0 (secure 0 0 0) 0x7f705804cbf0 con 0x7f706807be20
2024-04-06T13:59:10.000 INFO:teuthology.orchestra.run.smithi090.stdout:/usr/bin/ceph: stderr
2024-04-06T13:59:09.440+0000 7f706659c700 1 --2- 172.21.15.90:0/2417232939 >> [v2:172.21.15.90:6800/1992032630,v1:172.21.15.90:6801/1992032630] conn(0x7f7050038750 0x7f705003ac10 unknown :-1 s=BANNER_CONNECTING pgs=0 cs=0 l=1 rev1=0 crypto rx=0 tx=0 comp rx=0 tx=0)._handle_peer_banner_payload supported=3 required=0
2024-04-06T13:59:10.001 INFO:teuthology.orchestra.run.smithi090.stdout:/usr/bin/ceph: stderr
2024-04-06T13:59:09.440+0000 7f706659c700 1 --2- 172.21.15.90:0/2417232939 >> [v2:172.21.15.90:6800/1992032630,v1:172.21.15.90:6801/1992032630] conn(0x7f7050038750 0x7f705003ac10 secure :-1 s=READY pgs=10 cs=0 l=1 rev1=1 crypto rx=0x7f705c006fd0 tx=0x7f705c006e40 comp rx=0 tx=0).ready entity=mgr.14152 client_cookie=0 server_cookie=0 in_seq=0 out_seq=0
2024-04-06T13:59:10.001 INFO:teuthology.orchestra.run.smithi090.stdout:/usr/bin/ceph: stderr
2024-04-06T13:59:09.444+0000 7f704ffff700 1 -- 172.21.15.90:0/2417232939 <== mon.0 v2:172.21.15.90:3300/0 6 ==== mon_command_ack([{"prefix": "get_command_descriptions"}]=0 v0) v1 ==== 72+0+182936 (secure 0 0 0) 0x7f70580189a0 con 0x7f706807be20
2024-04-06T13:59:10.001 INFO:teuthology.orchestra.run.smithi090.stdout:/usr/bin/ceph: stderr
2024-04-06T13:59:09.635+0000 7f706d15a700 1 -- 172.21.15.90:0/2417232939 --> [v2:172.21.15.90:3300/0,v1:172.21.15.90:6789/0] -- mon_command([{prefix=config set, name=osd_memory_target_autotune}] v 0) v1 -- 0x7f706810cbf0 con 0x7f706807be20
2024-04-06T13:59:10.001 INFO:teuthology.orchestra.run.smithi090.stdout:/usr/bin/ceph: stderr
2024-04-06T13:59:09.635+0000 7f704ffff700 1 -- 172.21.15.90:0/2417232939 <== mon.0 v2:172.21.15.90:3300/0 7 ==== mon_command_ack([{prefix=config set, name=osd_memory_target_autotune}]=0 v8)=0 v8) v1 ==== 127+0+0 (secure 0 0 0) 0x7f7058018350 con 0x7f706807be20
2024-04-06T13:59:10.001 INFO:teuthology.orchestra.run.smithi090.stdout:/usr/bin/ceph: stderr
2024-04-06T13:59:09.637+0000 7f706d15a700 1 -- 172.21.15.90:0/2417232939 >> [v2:172.21.15.90:6800/1992032630,v1:172.21.15.90:6801/1992032630] conn(0x7f7050038750 msgr2=0x7f705003ac10 secure :-1 s=STATE_CONNECTION_ESTABLISHED l=1).mark_down
2024-04-06T13:59:10.001 INFO:teuthology.orchestra.run.smithi090.stdout:/usr/bin/ceph: stderr
2024-04-06T13:59:09.637+0000 7f706d15a700 1 --2- 172.21.15.90:0/2417232939 >> [v2:172.21.15.90:6800/1992032630,v1:172.21.15.90:6801/1992032630] conn(0x7f7050038750 0x7f705003ac10 secure :-1 s=READY pgs=10 cs=0 l=1 rev1=1 crypto rx=0x7f705c006fd0 tx=0x7f705c006e40 comp rx=0 tx=0).stop
2024-04-06T13:59:10.001 INFO:teuthology.orchestra.run.smithi090.stdout:/usr/bin/ceph: stderr
2024-04-06T13:59:09.637+0000 7f706d15a700 1 -- 172.21.15.90:0/2417232939 >> [v2:172.21.15.90:3300/0,v1:172.21.15.90:6789/0] conn(0x7f706807be20 msgr2=0x7f706819c640 secure :-1 s=STATE_CONNECTION_ESTABLISHED l=1).mark_down
2024-04-06T13:59:10.001 INFO:teuthology.orchestra.run.smithi090.stdout:/usr/bin/ceph: stderr
2024-04-06T13:59:09.637+0000 7f706d15a700 1 --2- 172.21.15.90:0/2417232939 >> [v2:172.21.15.90:3300/0,v1:172.21.15.90:6789/0] conn(0x7f706807be20 0x7f706819c640 secure :-1 s=READY pgs=77 cs=0 l=1 rev1=1 crypto rx=0x7f7058011670 tx=0x7f7058011a30 comp rx=0 tx=0).stop
2024-04-06T13:59:10.001 INFO:teuthology.orchestra.run.smithi090.stdout:/usr/bin/ceph: stderr
2024-04-06T13:59:09.637+0000 7f706d15a700 1 -- 172.21.15.90:0/2417232939 shutdown_connections
2024-04-06T13:59:10.001 INFO:teuthology.orchestra.run.smithi090.stdout:/usr/bin/ceph: stderr
2024-04-06T13:59:09.637+0000 7f706d15a700 1 --2- 172.21.15.90:0/2417232939 >> [v2:172.21.15.90:6800/1992032630,v1:172.21.15.90:6801/1992032630] conn(0x7f7050038750 0x7f705003ac10 unknown :-1 s=CLOSED pgs=10 cs=0 l=1 rev1=1 crypto rx=0 tx=0 comp rx=0 tx=0).stop
2024-04-06T13:59:10.001 INFO:teuthology.orchestra.run.smithi090.stdout:/usr/bin/ceph: stderr
2024-04-06T13:59:09.637+0000 7f706d15a700 1 --2- 172.21.15.90:0/2417232939 >> [v2:172.21.15.90:3300/0,v1:172.21.15.90:6789/0] conn(0x7f706807be20 0x7f706819c640 unknown :-1 s=CLOSED pgs=77 cs=0 l=1 rev1=1 crypto rx=0 tx=0 comp rx=0 tx=0).stop
2024-04-06T13:59:10.001 INFO:teuthology.orchestra.run.smithi090.stdout:/usr/bin/ceph: stderr
2024-04-06T13:59:09.637+0000 7f706d15a700 1 -- 172.21.15.90:0/2417232939 >> 172.21.15.90:0/2417232939 conn(0x7f7068101b40 msgr2=0x7f7068102740 unknown :-1 s=STATE_NONE l=0).mark_down
2024-04-06T13:59:10.001 INFO:teuthology.orchestra.run.smithi090.stdout:/usr/bin/ceph: stderr
2024-04-06T13:59:09.637+0000 7f706d15a700 1 -- 172.21.15.90:0/2417232939 shutdown_connections
2024-04-06T13:59:10.002 INFO:teuthology.orchestra.run.smithi090.stdout:/usr/bin/ceph: stderr
2024-04-06T13:59:09.637+0000 7f706d15a700 1 -- 172.21.15.90:0/2417232939 wait complete.
2024-04-06T13:59:11.007 INFO:teuthology.orchestra.run.smithi090.stdout:/usr/bin/ceph: stderr
2024-04-06T13:59:10.334+0000 7efe5141e700 1 Processor -- start
2024-04-06T13:59:11.007 INFO:teuthology.orchestra.run.smithi090.stdout:/usr/bin/ceph: stderr
2024-04-06T13:59:10.334+0000 7efe5141e700 1 -- start start
2024-04-06T13:59:11.007 INFO:teuthology.orchestra.run.smithi090.stdout:/usr/bin/ceph: stderr
2024-04-06T13:59:10.334+0000 7efe5141e700 1 --2- >> [v2:172.21.15.90:3300/0,v1:172.21.15.90:6789/0] conn(0x7efe4c106650 0x7efe4c106a70 unknown :-1 s=NONE pgs=0 cs=0 l=0 rev1=0 crypto rx=0 tx=0 comp rx=0 tx=0).connect
2024-04-06T13:59:11.007 INFO:teuthology.orchestra.run.smithi090.stdout:/usr/bin/ceph: stderr
2024-04-06T13:59:10.334+0000 7efe5141e700 1 -- --> [v2:172.21.15.90:3300/0,v1:172.21.15.90:6789/0] -- mon_getmap magic: 0 v1 -- 0x7efe4c107040 con 0x7efe4c106650
2024-04-06T13:59:11.007 INFO:teuthology.orchestra.run.smithi090.stdout:/usr/bin/ceph: stderr
2024-04-06T13:59:10.334+0000 7efe4affd700 1 --2- >> [v2:172.21.15.90:3300/0,v1:172.21.15.90:6789/0] conn(0x7efe4c106650 0x7efe4c106a70 unknown :-1 s=BANNER_CONNECTING pgs=0 cs=0 l=0 rev1=0 crypto rx=0 tx=0 comp rx=0 tx=0)._handle_peer_banner_payload supported=3 required=0
2024-04-06T13:59:11.007 INFO:teuthology.orchestra.run.smithi090.stdout:/usr/bin/ceph: stderr
2024-04-06T13:59:10.334+0000 7efe4affd700 1 --2- >> [v2:172.21.15.90:3300/0,v1:172.21.15.90:6789/0] conn(0x7efe4c106650 0x7efe4c106a70 unknown :-1 s=HELLO_CONNECTING pgs=0 cs=0 l=0 rev1=1 crypto rx=0 tx=0 comp rx=0 tx=0).handle_hello peer v2:172.21.15.90:3300/0 says I am v2:172.21.15.90:58332/0 (socket says 172.21.15.90:58332)
2024-04-06T13:59:11.007 INFO:teuthology.orchestra.run.smithi090.stdout:/usr/bin/ceph: stderr
2024-04-06T13:59:10.334+0000 7efe4affd700 1 -- 172.21.15.90:0/1164071127 learned_addr learned my addr 172.21.15.90:0/1164071127 (peer_addr_for_me v2:172.21.15.90:0/0)
2024-04-06T13:59:11.008 INFO:teuthology.orchestra.run.smithi090.stdout:/usr/bin/ceph: stderr
2024-04-06T13:59:10.335+0000 7efe4affd700 1 -- 172.21.15.90:0/1164071127 --> [v2:172.21.15.90:3300/0,v1:172.21.15.90:6789/0] -- mon_subscribe({config=0+,monmap=0+}) v3 -- 0x7efe4c107800 con 0x7efe4c106650
2024-04-06T13:59:11.008 INFO:teuthology.orchestra.run.smithi090.stdout:/usr/bin/ceph: stderr
2024-04-06T13:59:10.335+0000 7efe4affd700 1 --2- 172.21.15.90:0/1164071127 >> [v2:172.21.15.90:3300/0,v1:172.21.15.90:6789/0] conn(0x7efe4c106650 0x7efe4c106a70 secure :-1 s=READY pgs=78 cs=0 l=1 rev1=1 crypto rx=0x7efe400098a0 tx=0x7efe40009bb0 comp rx=0 tx=0).ready entity=mon.0 client_cookie=c531dd7184be7212 server_cookie=0 in_seq=0 out_seq=0
2024-04-06T13:59:11.008 INFO:teuthology.orchestra.run.smithi090.stdout:/usr/bin/ceph: stderr
2024-04-06T13:59:10.335+0000 7efe49ffb700 1 -- 172.21.15.90:0/1164071127 <== mon.0 v2:172.21.15.90:3300/0 1 ==== mon_map magic: 0 v1 ==== 205+0+0 (secure 0 0 0) 0x7efe40004160 con 0x7efe4c106650
2024-04-06T13:59:11.008 INFO:teuthology.orchestra.run.smithi090.stdout:/usr/bin/ceph: stderr
2024-04-06T13:59:10.335+0000 7efe49ffb700 1 -- 172.21.15.90:0/1164071127 <== mon.0 v2:172.21.15.90:3300/0 2 ==== config(26 keys) v1 ==== 1105+0+0 (secure 0 0 0) 0x7efe400042c0 con 0x7efe4c106650
2024-04-06T13:59:11.008 INFO:teuthology.orchestra.run.smithi090.stdout:/usr/bin/ceph: stderr
2024-04-06T13:59:10.335+0000 7efe49ffb700 1 -- 172.21.15.90:0/1164071127 <== mon.0 v2:172.21.15.90:3300/0 3 ==== mon_map magic: 0 v1 ==== 205+0+0 (secure 0 0 0) 0x7efe400119b0 con 0x7efe4c106650
2024-04-06T13:59:11.008 INFO:teuthology.orchestra.run.smithi090.stdout:/usr/bin/ceph: stderr
2024-04-06T13:59:10.335+0000 7efe5141e700 1 -- 172.21.15.90:0/1164071127 >> [v2:172.21.15.90:3300/0,v1:172.21.15.90:6789/0] conn(0x7efe4c106650 msgr2=0x7efe4c106a70 secure :-1 s=STATE_CONNECTION_ESTABLISHED l=1).mark_down
2024-04-06T13:59:11.008 INFO:teuthology.orchestra.run.smithi090.stdout:/usr/bin/ceph: stderr
2024-04-06T13:59:10.335+0000 7efe5141e700 1 --2- 172.21.15.90:0/1164071127 >> [v2:172.21.15.90:3300/0,v1:172.21.15.90:6789/0] conn(0x7efe4c106650 0x7efe4c106a70 secure :-1 s=READY pgs=78 cs=0 l=1 rev1=1 crypto rx=0x7efe400098a0 tx=0x7efe40009bb0 comp rx=0 tx=0).stop
2024-04-06T13:59:11.008 INFO:teuthology.orchestra.run.smithi090.stdout:/usr/bin/ceph: stderr
2024-04-06T13:59:10.335+0000 7efe5141e700 1 -- 172.21.15.90:0/1164071127 shutdown_connections
2024-04-06T13:59:11.008 INFO:teuthology.orchestra.run.smithi090.stdout:/usr/bin/ceph: stderr
2024-04-06T13:59:10.335+0000 7efe5141e700 1 --2- 172.21.15.90:0/1164071127 >> [v2:172.21.15.90:3300/0,v1:172.21.15.90:6789/0] conn(0x7efe4c106650 0x7efe4c106a70 unknown :-1 s=CLOSED pgs=78 cs=0 l=1 rev1=1 crypto rx=0 tx=0 comp rx=0 tx=0).stop
2024-04-06T13:59:11.008 INFO:teuthology.orchestra.run.smithi090.stdout:/usr/bin/ceph: stderr
2024-04-06T13:59:10.335+0000 7efe5141e700 1 -- 172.21.15.90:0/1164071127 >> 172.21.15.90:0/1164071127 conn(0x7efe4c101c90 msgr2=0x7efe4c1040b0 unknown :-1 s=STATE_NONE l=0).mark_down
2024-04-06T13:59:11.008 INFO:teuthology.orchestra.run.smithi090.stdout:/usr/bin/ceph: stderr
2024-04-06T13:59:10.335+0000 7efe5141e700 1 -- 172.21.15.90:0/1164071127 shutdown_connections
2024-04-06T13:59:11.008 INFO:teuthology.orchestra.run.smithi090.stdout:/usr/bin/ceph: stderr
2024-04-06T13:59:10.336+0000 7efe5141e700 1 -- 172.21.15.90:0/1164071127 wait complete.
2024-04-06T13:59:11.008 INFO:teuthology.orchestra.run.smithi090.stdout:/usr/bin/ceph: stderr
2024-04-06T13:59:10.336+0000 7efe5141e700 1 Processor -- start
2024-04-06T13:59:11.008 INFO:teuthology.orchestra.run.smithi090.stdout:/usr/bin/ceph: stderr
2024-04-06T13:59:10.336+0000 7efe5141e700 1 -- start start
2024-04-06T13:59:11.009 INFO:teuthology.orchestra.run.smithi090.stdout:/usr/bin/ceph: stderr
2024-04-06T13:59:10.336+0000 7efe5141e700 1 --2- >> [v2:172.21.15.90:3300/0,v1:172.21.15.90:6789/0] conn(0x7efe4c106650 0x7efe4c19a440 unknown :-1 s=NONE pgs=0 cs=0 l=1 rev1=0 crypto rx=0 tx=0 comp rx=0 tx=0).connect
2024-04-06T13:59:11.009 INFO:teuthology.orchestra.run.smithi090.stdout:/usr/bin/ceph: stderr
2024-04-06T13:59:10.336+0000 7efe5141e700 1 -- --> [v2:172.21.15.90:3300/0,v1:172.21.15.90:6789/0] -- mon_getmap magic: 0 v1 -- 0x7efe4c19a980 con 0x7efe4c106650
2024-04-06T13:59:11.009 INFO:teuthology.orchestra.run.smithi090.stdout:/usr/bin/ceph: stderr
2024-04-06T13:59:10.336+0000 7efe4affd700 1 --2- >> [v2:172.21.15.90:3300/0,v1:172.21.15.90:6789/0] conn(0x7efe4c106650 0x7efe4c19a440 unknown :-1 s=BANNER_CONNECTING pgs=0 cs=0 l=1 rev1=0 crypto rx=0 tx=0 comp rx=0 tx=0)._handle_peer_banner_payload supported=3 required=0
2024-04-06T13:59:11.009 INFO:teuthology.orchestra.run.smithi090.stdout:/usr/bin/ceph: stderr
2024-04-06T13:59:10.337+0000 7efe4affd700 1 --2- >> [v2:172.21.15.90:3300/0,v1:172.21.15.90:6789/0] conn(0x7efe4c106650 0x7efe4c19a440 unknown :-1 s=HELLO_CONNECTING pgs=0 cs=0 l=1 rev1=1 crypto rx=0 tx=0 comp rx=0 tx=0).handle_hello peer v2:172.21.15.90:3300/0 says I am v2:172.21.15.90:58344/0 (socket says 172.21.15.90:58344)
2024-04-06T13:59:11.009 INFO:teuthology.orchestra.run.smithi090.stdout:/usr/bin/ceph: stderr
2024-04-06T13:59:10.337+0000 7efe4affd700 1 -- 172.21.15.90:0/3523356257 learned_addr learned my addr 172.21.15.90:0/3523356257 (peer_addr_for_me v2:172.21.15.90:0/0)
2024-04-06T13:59:11.009 INFO:teuthology.orchestra.run.smithi090.stdout:/usr/bin/ceph: stderr
2024-04-06T13:59:10.337+0000 7efe4affd700 1 -- 172.21.15.90:0/3523356257 --> [v2:172.21.15.90:3300/0,v1:172.21.15.90:6789/0] -- mon_subscribe({config=0+,monmap=0+}) v3 -- 0x7efe40009550 con 0x7efe4c106650
2024-04-06T13:59:11.009 INFO:teuthology.orchestra.run.smithi090.stdout:/usr/bin/ceph: stderr
2024-04-06T13:59:10.337+0000 7efe4affd700 1 --2- 172.21.15.90:0/3523356257 >> [v2:172.21.15.90:3300/0,v1:172.21.15.90:6789/0] conn(0x7efe4c106650 0x7efe4c19a440 secure :-1 s=READY pgs=79 cs=0 l=1 rev1=1 crypto rx=0x7efe40006af0 tx=0x7efe40011a10 comp rx=0 tx=0).ready entity=mon.0 client_cookie=0 server_cookie=0 in_seq=0 out_seq=0
2024-04-06T13:59:11.009 INFO:teuthology.orchestra.run.smithi090.stdout:/usr/bin/ceph: stderr
2024-04-06T13:59:10.337+0000 7efe33fff700 1 -- 172.21.15.90:0/3523356257 <== mon.0 v2:172.21.15.90:3300/0 1 ==== mon_map magic: 0 v1 ==== 205+0+0 (secure 0 0 0) 0x7efe40003a40 con 0x7efe4c106650
2024-04-06T13:59:11.009 INFO:teuthology.orchestra.run.smithi090.stdout:/usr/bin/ceph: stderr
2024-04-06T13:59:10.337+0000 7efe33fff700 1 -- 172.21.15.90:0/3523356257 <== mon.0 v2:172.21.15.90:3300/0 2 ==== config(26 keys) v1 ==== 1105+0+0 (secure 0 0 0) 0x7efe40003ba0 con 0x7efe4c106650
2024-04-06T13:59:11.009 INFO:teuthology.orchestra.run.smithi090.stdout:/usr/bin/ceph: stderr
2024-04-06T13:59:10.337+0000 7efe5141e700 1 -- 172.21.15.90:0/3523356257 --> [v2:172.21.15.90:3300/0,v1:172.21.15.90:6789/0] -- mon_subscribe({mgrmap=0+}) v3 -- 0x7efe4c19ab80 con 0x7efe4c106650
2024-04-06T13:59:11.009 INFO:teuthology.orchestra.run.smithi090.stdout:/usr/bin/ceph: stderr
2024-04-06T13:59:10.337+0000 7efe33fff700 1 -- 172.21.15.90:0/3523356257 <== mon.0 v2:172.21.15.90:3300/0 3 ==== mon_map magic: 0 v1 ==== 205+0+0 (secure 0 0 0) 0x7efe40019690 con 0x7efe4c106650
2024-04-06T13:59:11.009 INFO:teuthology.orchestra.run.smithi090.stdout:/usr/bin/ceph: stderr
2024-04-06T13:59:10.337+0000 7efe5141e700 1 -- 172.21.15.90:0/3523356257 --> [v2:172.21.15.90:3300/0,v1:172.21.15.90:6789/0] -- mon_subscribe({osdmap=0}) v3 -- 0x7efe4c19b6e0 con 0x7efe4c106650
2024-04-06T13:59:11.009 INFO:teuthology.orchestra.run.smithi090.stdout:/usr/bin/ceph: stderr
2024-04-06T13:59:10.338+0000 7efe33fff700 1 -- 172.21.15.90:0/3523356257 <== mon.0 v2:172.21.15.90:3300/0 4 ==== mgrmap(e 13) v1 ==== 45597+0+0 (secure 0 0 0) 0x7efe40019950 con 0x7efe4c106650
2024-04-06T13:59:11.010 INFO:teuthology.orchestra.run.smithi090.stdout:/usr/bin/ceph: stderr
2024-04-06T13:59:10.338+0000 7efe33fff700 1 --2- 172.21.15.90:0/3523356257 >> [v2:172.21.15.90:6800/1992032630,v1:172.21.15.90:6801/1992032630] conn(0x7efe340387a0 0x7efe3403ac60 unknown :-1 s=NONE pgs=0 cs=0 l=1 rev1=0 crypto rx=0 tx=0 comp rx=0 tx=0).connect
2024-04-06T13:59:11.010 INFO:teuthology.orchestra.run.smithi090.stdout:/usr/bin/ceph: stderr
2024-04-06T13:59:10.338+0000 7efe5141e700 1 -- 172.21.15.90:0/3523356257 --> [v2:172.21.15.90:3300/0,v1:172.21.15.90:6789/0] -- mon_command({"prefix": "get_command_descriptions"} v 0) v1 -- 0x7efe4c1058e0 con 0x7efe4c106650
2024-04-06T13:59:11.010 INFO:teuthology.orchestra.run.smithi090.stdout:/usr/bin/ceph: stderr
2024-04-06T13:59:10.338+0000 7efe33fff700 1 -- 172.21.15.90:0/3523356257 <== mon.0 v2:172.21.15.90:3300/0 5 ==== osd_map(3..3 src has 1..3) v4 ==== 1155+0+0 (secure 0 0 0) 0x7efe4004ce40 con 0x7efe4c106650
2024-04-06T13:59:11.010 INFO:teuthology.orchestra.run.smithi090.stdout:/usr/bin/ceph: stderr
2024-04-06T13:59:10.338+0000 7efe4a7fc700 1 --2- 172.21.15.90:0/3523356257 >> [v2:172.21.15.90:6800/1992032630,v1:172.21.15.90:6801/1992032630] conn(0x7efe340387a0 0x7efe3403ac60 unknown :-1 s=BANNER_CONNECTING pgs=0 cs=0 l=1 rev1=0 crypto rx=0 tx=0 comp rx=0 tx=0)._handle_peer_banner_payload supported=3 required=0
2024-04-06T13:59:11.010 INFO:teuthology.orchestra.run.smithi090.stdout:/usr/bin/ceph: stderr
2024-04-06T13:59:10.338+0000 7efe4a7fc700 1 --2- 172.21.15.90:0/3523356257 >> [v2:172.21.15.90:6800/1992032630,v1:172.21.15.90:6801/1992032630] conn(0x7efe340387a0 0x7efe3403ac60 secure :-1 s=READY pgs=11 cs=0 l=1 rev1=1 crypto rx=0x7efe3c006fd0 tx=0x7efe3c006e40 comp rx=0 tx=0).ready entity=mgr.14152 client_cookie=0 server_cookie=0 in_seq=0 out_seq=0
2024-04-06T13:59:11.010 INFO:teuthology.orchestra.run.smithi090.stdout:/usr/bin/ceph: stderr
2024-04-06T13:59:10.343+0000 7efe33fff700 1 -- 172.21.15.90:0/3523356257 <== mon.0 v2:172.21.15.90:3300/0 6 ==== mon_command_ack([{"prefix": "get_command_descriptions"}]=0 v0) v1 ==== 72+0+182936 (secure 0 0 0) 0x7efe40018760 con 0x7efe4c106650
2024-04-06T13:59:11.010 INFO:teuthology.orchestra.run.smithi090.stdout:/usr/bin/ceph: stderr
2024-04-06T13:59:10.643+0000 7efe5141e700 1 -- 172.21.15.90:0/3523356257 --> [v2:172.21.15.90:3300/0,v1:172.21.15.90:6789/0] -- mon_command([{prefix=config-key set, key=mgr/dashboard/cluster/status}] v 0) v1 -- 0x7efe4c10ac70 con 0x7efe4c106650
2024-04-06T13:59:11.010 INFO:teuthology.orchestra.run.smithi090.stdout:/usr/bin/ceph: stderr
2024-04-06T13:59:10.645+0000 7efe33fff700 1 -- 172.21.15.90:0/3523356257 <== mon.0 v2:172.21.15.90:3300/0 7 ==== mon_command_ack([{prefix=config-key set, key=mgr/dashboard/cluster/status}]=0 set mgr/dashboard/cluster/status v28)=0 set mgr/dashboard/cluster/status v28) v1 ==== 153+0+0 (secure 0 0 0) 0x7efe40016cd0 con 0x7efe4c106650
2024-04-06T13:59:11.010 INFO:teuthology.orchestra.run.smithi090.stdout:/usr/bin/ceph: stderr
2024-04-06T13:59:10.647+0000 7efe5141e700 1 -- 172.21.15.90:0/3523356257 >> [v2:172.21.15.90:6800/1992032630,v1:172.21.15.90:6801/1992032630] conn(0x7efe340387a0 msgr2=0x7efe3403ac60 secure :-1 s=STATE_CONNECTION_ESTABLISHED l=1).mark_down
2024-04-06T13:59:11.010 INFO:teuthology.orchestra.run.smithi090.stdout:/usr/bin/ceph: stderr
2024-04-06T13:59:10.647+0000 7efe5141e700 1 --2- 172.21.15.90:0/3523356257 >> [v2:172.21.15.90:6800/1992032630,v1:172.21.15.90:6801/1992032630] conn(0x7efe340387a0 0x7efe3403ac60 secure :-1 s=READY pgs=11 cs=0 l=1 rev1=1 crypto rx=0x7efe3c006fd0 tx=0x7efe3c006e40 comp rx=0 tx=0).stop
2024-04-06T13:59:11.010 INFO:teuthology.orchestra.run.smithi090.stdout:/usr/bin/ceph: stderr
2024-04-06T13:59:10.647+0000 7efe5141e700 1 -- 172.21.15.90:0/3523356257 >> [v2:172.21.15.90:3300/0,v1:172.21.15.90:6789/0] conn(0x7efe4c106650 msgr2=0x7efe4c19a440 secure :-1 s=STATE_CONNECTION_ESTABLISHED l=1).mark_down
2024-04-06T13:59:11.010 INFO:teuthology.orchestra.run.smithi090.stdout:/usr/bin/ceph: stderr
2024-04-06T13:59:10.647+0000 7efe5141e700 1 --2- 172.21.15.90:0/3523356257 >> [v2:172.21.15.90:3300/0,v1:172.21.15.90:6789/0] conn(0x7efe4c106650 0x7efe4c19a440 secure :-1 s=READY pgs=79 cs=0 l=1 rev1=1 crypto rx=0x7efe40006af0 tx=0x7efe40011a10 comp rx=0 tx=0).stop
2024-04-06T13:59:11.010 INFO:teuthology.orchestra.run.smithi090.stdout:/usr/bin/ceph: stderr
2024-04-06T13:59:10.647+0000 7efe5141e700 1 -- 172.21.15.90:0/3523356257 shutdown_connections
2024-04-06T13:59:11.011 INFO:teuthology.orchestra.run.smithi090.stdout:/usr/bin/ceph: stderr
2024-04-06T13:59:10.647+0000 7efe5141e700 1 --2- 172.21.15.90:0/3523356257 >> [v2:172.21.15.90:6800/1992032630,v1:172.21.15.90:6801/1992032630] conn(0x7efe340387a0 0x7efe3403ac60 unknown :-1 s=CLOSED pgs=11 cs=0 l=1 rev1=1 crypto rx=0 tx=0 comp rx=0 tx=0).stop
2024-04-06T13:59:11.011 INFO:teuthology.orchestra.run.smithi090.stdout:/usr/bin/ceph: stderr
2024-04-06T13:59:10.647+0000 7efe5141e700 1 --2- 172.21.15.90:0/3523356257 >> [v2:172.21.15.90:3300/0,v1:172.21.15.90:6789/0] conn(0x7efe4c106650 0x7efe4c19a440 unknown :-1 s=CLOSED pgs=79 cs=0 l=1 rev1=1 crypto rx=0 tx=0 comp rx=0 tx=0).stop
2024-04-06T13:59:11.011 INFO:teuthology.orchestra.run.smithi090.stdout:/usr/bin/ceph: stderr
2024-04-06T13:59:10.647+0000 7efe5141e700 1 -- 172.21.15.90:0/3523356257 >> 172.21.15.90:0/3523356257 conn(0x7efe4c101c90 msgr2=0x7efe4c102820 unknown :-1 s=STATE_NONE l=0).mark_down
2024-04-06T13:59:11.011 INFO:teuthology.orchestra.run.smithi090.stdout:/usr/bin/ceph: stderr
2024-04-06T13:59:10.648+0000 7efe5141e700 1 -- 172.21.15.90:0/3523356257 shutdown_connections
2024-04-06T13:59:11.011 INFO:teuthology.orchestra.run.smithi090.stdout:/usr/bin/ceph: stderr
2024-04-06T13:59:10.648+0000 7efe5141e700 1 -- 172.21.15.90:0/3523356257 wait complete.
2024-04-06T13:59:11.011 INFO:teuthology.orchestra.run.smithi090.stdout:/usr/bin/ceph: stderr set mgr/dashboard/cluster/status
2024-04-06T13:59:11.011 INFO:teuthology.orchestra.run.smithi090.stdout:You can access the Ceph CLI as following in case of multi-cluster or non-default config:
2024-04-06T13:59:11.011 INFO:teuthology.orchestra.run.smithi090.stdout:
2024-04-06T13:59:11.011 INFO:teuthology.orchestra.run.smithi090.stdout: sudo /home/ubuntu/cephtest/cephadm shell --fsid 949dca1a-f41d-11ee-b649-cb9ed24678a4 -c /etc/ceph/ceph.conf -k /etc/ceph/ceph.client.admin.keyring
2024-04-06T13:59:11.011 INFO:teuthology.orchestra.run.smithi090.stdout:
2024-04-06T13:59:11.011 INFO:teuthology.orchestra.run.smithi090.stdout:Or, if you are only running a single cluster on this host:
2024-04-06T13:59:11.011 INFO:teuthology.orchestra.run.smithi090.stdout:
2024-04-06T13:59:11.011 INFO:teuthology.orchestra.run.smithi090.stdout: sudo /home/ubuntu/cephtest/cephadm shell
2024-04-06T13:59:11.011 INFO:teuthology.orchestra.run.smithi090.stdout:
2024-04-06T13:59:11.011 INFO:teuthology.orchestra.run.smithi090.stdout:Please consider enabling telemetry to help improve Ceph:
2024-04-06T13:59:11.012 INFO:teuthology.orchestra.run.smithi090.stdout:
2024-04-06T13:59:11.012 INFO:teuthology.orchestra.run.smithi090.stdout: ceph telemetry on
2024-04-06T13:59:11.012 INFO:teuthology.orchestra.run.smithi090.stdout:
2024-04-06T13:59:11.012 INFO:teuthology.orchestra.run.smithi090.stdout:For more information see:
2024-04-06T13:59:11.012 INFO:teuthology.orchestra.run.smithi090.stdout:
2024-04-06T13:59:11.012 INFO:teuthology.orchestra.run.smithi090.stdout: https://docs.ceph.com/en/latest/mgr/telemetry/
2024-04-06T13:59:11.012 INFO:teuthology.orchestra.run.smithi090.stdout:
2024-04-06T13:59:11.012 INFO:teuthology.orchestra.run.smithi090.stdout:Bootstrap complete.
2024-04-06T13:59:11.039 INFO:tasks.cephadm:Fetching config...
2024-04-06T13:59:11.040 DEBUG:teuthology.orchestra.run.smithi090:> set -ex
2024-04-06T13:59:11.040 DEBUG:teuthology.orchestra.run.smithi090:> dd if=/etc/ceph/ceph.conf of=/dev/stdout
2024-04-06T13:59:11.059 INFO:tasks.cephadm:Fetching client.admin keyring...
2024-04-06T13:59:11.059 DEBUG:teuthology.orchestra.run.smithi090:> set -ex
2024-04-06T13:59:11.060 DEBUG:teuthology.orchestra.run.smithi090:> dd if=/etc/ceph/ceph.client.admin.keyring of=/dev/stdout
2024-04-06T13:59:11.116 INFO:tasks.cephadm:Fetching mon keyring...
2024-04-06T13:59:11.117 DEBUG:teuthology.orchestra.run.smithi090:> set -ex
2024-04-06T13:59:11.117 DEBUG:teuthology.orchestra.run.smithi090:> sudo dd if=/var/lib/ceph/949dca1a-f41d-11ee-b649-cb9ed24678a4/mon.a/keyring of=/dev/stdout
2024-04-06T13:59:11.186 INFO:tasks.cephadm:Fetching pub ssh key...
2024-04-06T13:59:11.186 DEBUG:teuthology.orchestra.run.smithi090:> set -ex
2024-04-06T13:59:11.186 DEBUG:teuthology.orchestra.run.smithi090:> dd if=/home/ubuntu/cephtest/ceph.pub of=/dev/stdout
2024-04-06T13:59:11.243 INFO:journalctl@ceph.mon.a.smithi090.stdout:Apr 06 13:59:11 smithi090 ceph-mon[43420]: mgrmap e13: x(active, since 6s)
2024-04-06T13:59:11.244 INFO:journalctl@ceph.mon.a.smithi090.stdout:Apr 06 13:59:11 smithi090 ceph-mon[43420]: from='client.? 172.21.15.90:0/3523356257' entity='client.admin'
2024-04-06T13:59:11.245 INFO:tasks.cephadm:Installing pub ssh key for root users...
2024-04-06T13:59:11.245 DEBUG:teuthology.orchestra.run.smithi090:> sudo install -d -m 0700 /root/.ssh && echo 'ssh-rsa AAAAB3NzaC1yc2EAAAADAQABAAABgQCkkcpC/KDirPRLmUKo5AiyYeMgcNgIvYqYPVDnScS1AT3NreaQEitNHJxpwQUldRnjsJWiIS5mE7OexvqrTtI5a9CxWKoc7AXiHI9xOScdsrnXcLUZaVqqGVOxd9QGa7P5ywH0ikP/QSLfYno95CiWsnyR1tjWSd/O61chcR7qVb1oUkgIIjTn0Wlwo2ZbyonxTEEh6itKqhtB2JwZMGR3P2VHHV1jSKO2qAhrEXnIbSN9Lte082h3Ove5ISI7SII0SzWG08MuE7Zx/brAWQ+D4k02KUwCp9vYpCsY1irOs7NmWeHePIAlFG+Q13ZfhqKFpprJBKS03h1/HoChsMKg7X3opP7OWmPNYtmZeWP143RdS1+Nvuoy0ms0hDa/UEoVYpkIfhzZlNlHBFzLc+cgNh0U351ycI6EwiCEIpDa2VP9mVQBU3fjUC2lVbeA9MQQz7BBTiajNwVWPYcOOR80n2gXWSKSnnelheEB+DRpirIkVVmZztss06gih7NjvrE= ceph-949dca1a-f41d-11ee-b649-cb9ed24678a4' | sudo tee -a /root/.ssh/authorized_keys && sudo chmod 0600 /root/.ssh/authorized_keys
2024-04-06T13:59:11.325 INFO:teuthology.orchestra.run.smithi090.stdout:ssh-rsa AAAAB3NzaC1yc2EAAAADAQABAAABgQCkkcpC/KDirPRLmUKo5AiyYeMgcNgIvYqYPVDnScS1AT3NreaQEitNHJxpwQUldRnjsJWiIS5mE7OexvqrTtI5a9CxWKoc7AXiHI9xOScdsrnXcLUZaVqqGVOxd9QGa7P5ywH0ikP/QSLfYno95CiWsnyR1tjWSd/O61chcR7qVb1oUkgIIjTn0Wlwo2ZbyonxTEEh6itKqhtB2JwZMGR3P2VHHV1jSKO2qAhrEXnIbSN9Lte082h3Ove5ISI7SII0SzWG08MuE7Zx/brAWQ+D4k02KUwCp9vYpCsY1irOs7NmWeHePIAlFG+Q13ZfhqKFpprJBKS03h1/HoChsMKg7X3opP7OWmPNYtmZeWP143RdS1+Nvuoy0ms0hDa/UEoVYpkIfhzZlNlHBFzLc+cgNh0U351ycI6EwiCEIpDa2VP9mVQBU3fjUC2lVbeA9MQQz7BBTiajNwVWPYcOOR80n2gXWSKSnnelheEB+DRpirIkVVmZztss06gih7NjvrE= ceph-949dca1a-f41d-11ee-b649-cb9ed24678a4
2024-04-06T13:59:11.337 DEBUG:teuthology.orchestra.run.smithi105:> sudo install -d -m 0700 /root/.ssh && echo 'ssh-rsa AAAAB3NzaC1yc2EAAAADAQABAAABgQCkkcpC/KDirPRLmUKo5AiyYeMgcNgIvYqYPVDnScS1AT3NreaQEitNHJxpwQUldRnjsJWiIS5mE7OexvqrTtI5a9CxWKoc7AXiHI9xOScdsrnXcLUZaVqqGVOxd9QGa7P5ywH0ikP/QSLfYno95CiWsnyR1tjWSd/O61chcR7qVb1oUkgIIjTn0Wlwo2ZbyonxTEEh6itKqhtB2JwZMGR3P2VHHV1jSKO2qAhrEXnIbSN9Lte082h3Ove5ISI7SII0SzWG08MuE7Zx/brAWQ+D4k02KUwCp9vYpCsY1irOs7NmWeHePIAlFG+Q13ZfhqKFpprJBKS03h1/HoChsMKg7X3opP7OWmPNYtmZeWP143RdS1+Nvuoy0ms0hDa/UEoVYpkIfhzZlNlHBFzLc+cgNh0U351ycI6EwiCEIpDa2VP9mVQBU3fjUC2lVbeA9MQQz7BBTiajNwVWPYcOOR80n2gXWSKSnnelheEB+DRpirIkVVmZztss06gih7NjvrE= ceph-949dca1a-f41d-11ee-b649-cb9ed24678a4' | sudo tee -a /root/.ssh/authorized_keys && sudo chmod 0600 /root/.ssh/authorized_keys
2024-04-06T13:59:11.382 INFO:teuthology.orchestra.run.smithi105.stdout:ssh-rsa AAAAB3NzaC1yc2EAAAADAQABAAABgQCkkcpC/KDirPRLmUKo5AiyYeMgcNgIvYqYPVDnScS1AT3NreaQEitNHJxpwQUldRnjsJWiIS5mE7OexvqrTtI5a9CxWKoc7AXiHI9xOScdsrnXcLUZaVqqGVOxd9QGa7P5ywH0ikP/QSLfYno95CiWsnyR1tjWSd/O61chcR7qVb1oUkgIIjTn0Wlwo2ZbyonxTEEh6itKqhtB2JwZMGR3P2VHHV1jSKO2qAhrEXnIbSN9Lte082h3Ove5ISI7SII0SzWG08MuE7Zx/brAWQ+D4k02KUwCp9vYpCsY1irOs7NmWeHePIAlFG+Q13ZfhqKFpprJBKS03h1/HoChsMKg7X3opP7OWmPNYtmZeWP143RdS1+Nvuoy0ms0hDa/UEoVYpkIfhzZlNlHBFzLc+cgNh0U351ycI6EwiCEIpDa2VP9mVQBU3fjUC2lVbeA9MQQz7BBTiajNwVWPYcOOR80n2gXWSKSnnelheEB+DRpirIkVVmZztss06gih7NjvrE= ceph-949dca1a-f41d-11ee-b649-cb9ed24678a4
2024-04-06T13:59:11.395 DEBUG:teuthology.orchestra.run.smithi134:> sudo install -d -m 0700 /root/.ssh && echo 'ssh-rsa AAAAB3NzaC1yc2EAAAADAQABAAABgQCkkcpC/KDirPRLmUKo5AiyYeMgcNgIvYqYPVDnScS1AT3NreaQEitNHJxpwQUldRnjsJWiIS5mE7OexvqrTtI5a9CxWKoc7AXiHI9xOScdsrnXcLUZaVqqGVOxd9QGa7P5ywH0ikP/QSLfYno95CiWsnyR1tjWSd/O61chcR7qVb1oUkgIIjTn0Wlwo2ZbyonxTEEh6itKqhtB2JwZMGR3P2VHHV1jSKO2qAhrEXnIbSN9Lte082h3Ove5ISI7SII0SzWG08MuE7Zx/brAWQ+D4k02KUwCp9vYpCsY1irOs7NmWeHePIAlFG+Q13ZfhqKFpprJBKS03h1/HoChsMKg7X3opP7OWmPNYtmZeWP143RdS1+Nvuoy0ms0hDa/UEoVYpkIfhzZlNlHBFzLc+cgNh0U351ycI6EwiCEIpDa2VP9mVQBU3fjUC2lVbeA9MQQz7BBTiajNwVWPYcOOR80n2gXWSKSnnelheEB+DRpirIkVVmZztss06gih7NjvrE= ceph-949dca1a-f41d-11ee-b649-cb9ed24678a4' | sudo tee -a /root/.ssh/authorized_keys && sudo chmod 0600 /root/.ssh/authorized_keys
2024-04-06T13:59:11.443 INFO:teuthology.orchestra.run.smithi134.stdout:ssh-rsa AAAAB3NzaC1yc2EAAAADAQABAAABgQCkkcpC/KDirPRLmUKo5AiyYeMgcNgIvYqYPVDnScS1AT3NreaQEitNHJxpwQUldRnjsJWiIS5mE7OexvqrTtI5a9CxWKoc7AXiHI9xOScdsrnXcLUZaVqqGVOxd9QGa7P5ywH0ikP/QSLfYno95CiWsnyR1tjWSd/O61chcR7qVb1oUkgIIjTn0Wlwo2ZbyonxTEEh6itKqhtB2JwZMGR3P2VHHV1jSKO2qAhrEXnIbSN9Lte082h3Ove5ISI7SII0SzWG08MuE7Zx/brAWQ+D4k02KUwCp9vYpCsY1irOs7NmWeHePIAlFG+Q13ZfhqKFpprJBKS03h1/HoChsMKg7X3opP7OWmPNYtmZeWP143RdS1+Nvuoy0ms0hDa/UEoVYpkIfhzZlNlHBFzLc+cgNh0U351ycI6EwiCEIpDa2VP9mVQBU3fjUC2lVbeA9MQQz7BBTiajNwVWPYcOOR80n2gXWSKSnnelheEB+DRpirIkVVmZztss06gih7NjvrE= ceph-949dca1a-f41d-11ee-b649-cb9ed24678a4
2024-04-06T13:59:11.452 DEBUG:teuthology.orchestra.run.smithi090:> sudo /home/ubuntu/cephtest/cephadm --image quay-quay-quay.apps.os.sepia.ceph.com/ceph-ci/ceph:052adcadd0534eddb0d73c5afbc083a84cd9dc46 shell -c /etc/ceph/ceph.conf -k /etc/ceph/ceph.client.admin.keyring --fsid 949dca1a-f41d-11ee-b649-cb9ed24678a4 -- ceph config set mgr mgr/cephadm/allow_ptrace true
2024-04-06T13:59:11.675 INFO:teuthology.orchestra.run.smithi090.stderr:Inferring config /var/lib/ceph/949dca1a-f41d-11ee-b649-cb9ed24678a4/mon.a/config
2024-04-06T13:59:12.957 INFO:teuthology.orchestra.run.smithi090.stderr:2024-04-06T13:59:12.952+0000 7fcefd1f4700 1 -- 172.21.15.90:0/1748516265 >> [v2:172.21.15.90:3300/0,v1:172.21.15.90:6789/0] conn(0x7fcef8100740 msgr2=0x7fcef8100b60 secure :-1 s=STATE_CONNECTION_ESTABLISHED l=1).mark_down
2024-04-06T13:59:12.957 INFO:teuthology.orchestra.run.smithi090.stderr:2024-04-06T13:59:12.952+0000 7fcefd1f4700 1 --2- 172.21.15.90:0/1748516265 >> [v2:172.21.15.90:3300/0,v1:172.21.15.90:6789/0] conn(0x7fcef8100740 0x7fcef8100b60 secure :-1 s=READY pgs=80 cs=0 l=1 rev1=1 crypto rx=0x7fcee0009910 tx=0x7fcee0009c20 comp rx=0 tx=0).stop
