2024-04-06T13:59:00.554+0000 7fe8b17e1700 1 --2- 172.21.15.90:0/464951311 >> [v2:172.21.15.90:6800/2246618981,v1:172.21.15.90:6801/2246618981] conn(0x7fe898038700 0x7fe89803abc0 unknown :-1 s=START_CONNECT pgs=0 cs=0 l=1 rev1=0 crypto rx=0 tx=0 comp rx=0 tx=0)._fault waiting 1.600000
2024-04-06T13:59:05.963 INFO:teuthology.orchestra.run.smithi090.stdout:/usr/bin/ceph: stderr
2024-04-06T13:59:02.155+0000 7fe8b17e1700 1 -- 172.21.15.90:0/464951311 >> [v2:172.21.15.90:6800/2246618981,v1:172.21.15.90:6801/2246618981] conn(0x7fe898038700 msgr2=0x7fe89803abc0 unknown :-1 s=STATE_CONNECTING_RE l=1).process reconnect failed to v2:172.21.15.90:6800/2246618981
2024-04-06T13:59:05.963 INFO:teuthology.orchestra.run.smithi090.stdout:/usr/bin/ceph: stderr
2024-04-06T13:59:02.155+0000 7fe8b17e1700 1 --2- 172.21.15.90:0/464951311 >> [v2:172.21.15.90:6800/2246618981,v1:172.21.15.90:6801/2246618981] conn(0x7fe898038700 0x7fe89803abc0 unknown :-1 s=START_CONNECT pgs=0 cs=0 l=1 rev1=0 crypto rx=0 tx=0 comp rx=0 tx=0)._fault waiting 3.200000
2024-04-06T13:59:05.963 INFO:teuthology.orchestra.run.smithi090.stdout:/usr/bin/ceph: stderr
2024-04-06T13:59:04.101+0000 7fe8a2ffd700 1 -- 172.21.15.90:0/464951311 <== mon.0 v2:172.21.15.90:3300/0 6 ==== mgrmap(e 10) v1 ==== 45321+0+0 (secure 0 0 0) 0x7fe8a8019d20 con 0x7fe8ac1070b0
2024-04-06T13:59:05.963 INFO:teuthology.orchestra.run.smithi090.stdout:/usr/bin/ceph: stderr
2024-04-06T13:59:04.102+0000 7fe8a2ffd700 1 -- 172.21.15.90:0/464951311 >> [v2:172.21.15.90:6800/2246618981,v1:172.21.15.90:6801/2246618981] conn(0x7fe898038700 msgr2=0x7fe89803abc0 unknown :-1 s=STATE_CONNECTING l=1).mark_down
2024-04-06T13:59:05.963 INFO:teuthology.orchestra.run.smithi090.stdout:/usr/bin/ceph: stderr
2024-04-06T13:59:04.102+0000 7fe8a2ffd700 1 --2- 172.21.15.90:0/464951311 >> [v2:172.21.15.90:6800/2246618981,v1:172.21.15.90:6801/2246618981] conn(0x7fe898038700 0x7fe89803abc0 unknown :-1 s=START_CONNECT pgs=0 cs=0 l=1 rev1=0 crypto rx=0 tx=0 comp rx=0 tx=0).stop
2024-04-06T13:59:05.963 INFO:teuthology.orchestra.run.smithi090.stdout:/usr/bin/ceph: stderr
2024-04-06T13:59:05.103+0000 7fe8a2ffd700 1 -- 172.21.15.90:0/464951311 <== mon.0 v2:172.21.15.90:3300/0 7 ==== mgrmap(e 11) v1 ==== 45448+0+0 (secure 0 0 0) 0x7fe8a802ecb0 con 0x7fe8ac1070b0
2024-04-06T13:59:05.963 INFO:teuthology.orchestra.run.smithi090.stdout:/usr/bin/ceph: stderr
2024-04-06T13:59:05.104+0000 7fe8a2ffd700 1 --2- 172.21.15.90:0/464951311 >> [v2:172.21.15.90:6800/1992032630,v1:172.21.15.90:6801/1992032630] conn(0x7fe89803bfc0 0x7fe89803e3b0 unknown :-1 s=NONE pgs=0 cs=0 l=1 rev1=0 crypto rx=0 tx=0 comp rx=0 tx=0).connect
2024-04-06T13:59:05.963 INFO:teuthology.orchestra.run.smithi090.stdout:/usr/bin/ceph: stderr
2024-04-06T13:59:05.104+0000 7fe8a2ffd700 1 -- 172.21.15.90:0/464951311 --> [v2:172.21.15.90:6800/1992032630,v1:172.21.15.90:6801/1992032630] -- command(tid 0: {"prefix": "get_command_descriptions"}) v1 -- 0x7fe8ac104790 con 0x7fe89803bfc0
2024-04-06T13:59:05.963 INFO:teuthology.orchestra.run.smithi090.stdout:/usr/bin/ceph: stderr
2024-04-06T13:59:05.104+0000 7fe8b17e1700 1 --2- 172.21.15.90:0/464951311 >> [v2:172.21.15.90:6800/1992032630,v1:172.21.15.90:6801/1992032630] conn(0x7fe89803bfc0 0x7fe89803e3b0 unknown :-1 s=BANNER_CONNECTING pgs=0 cs=0 l=1 rev1=0 crypto rx=0 tx=0 comp rx=0 tx=0)._handle_peer_banner_payload supported=3 required=0
2024-04-06T13:59:05.963 INFO:teuthology.orchestra.run.smithi090.stdout:/usr/bin/ceph: stderr
2024-04-06T13:59:05.105+0000 7fe8b17e1700 1 --2- 172.21.15.90:0/464951311 >> [v2:172.21.15.90:6800/1992032630,v1:172.21.15.90:6801/1992032630] conn(0x7fe89803bfc0 0x7fe89803e3b0 secure :-1 s=READY pgs=2 cs=0 l=1 rev1=1 crypto rx=0x7fe89c003a10 tx=0x7fe89c0092b0 comp rx=0 tx=0).ready entity=mgr.14152 client_cookie=0 server_cookie=0 in_seq=0 out_seq=0
2024-04-06T13:59:05.963 INFO:teuthology.orchestra.run.smithi090.stdout:/usr/bin/ceph: stderr
2024-04-06T13:59:05.105+0000 7fe8a2ffd700 1 -- 172.21.15.90:0/464951311 <== mgr.14152 v2:172.21.15.90:6800/1992032630 1 ==== command_reply(tid 0: 0 ) v1 ==== 8+0+6910 (secure 0 0 0) 0x7fe8ac104790 con 0x7fe89803bfc0
2024-04-06T13:59:05.963 INFO:teuthology.orchestra.run.smithi090.stdout:/usr/bin/ceph: stderr
2024-04-06T13:59:05.112+0000 7fe8b4246700 1 -- 172.21.15.90:0/464951311 --> [v2:172.21.15.90:6800/1992032630,v1:172.21.15.90:6801/1992032630] -- command(tid 1: {"prefix": "mgr_status"}) v1 -- 0x7fe8ac19b0b0 con 0x7fe89803bfc0
2024-04-06T13:59:05.963 INFO:teuthology.orchestra.run.smithi090.stdout:/usr/bin/ceph: stderr
2024-04-06T13:59:05.113+0000 7fe8a2ffd700 1 -- 172.21.15.90:0/464951311 <== mgr.14152 v2:172.21.15.90:6800/1992032630 2 ==== command_reply(tid 1: 0 ) v1 ==== 8+0+52 (secure 0 0 0) 0x7fe8ac19b0b0 con 0x7fe89803bfc0
2024-04-06T13:59:05.964 INFO:teuthology.orchestra.run.smithi090.stdout:/usr/bin/ceph: stderr
2024-04-06T13:59:05.113+0000 7fe8b4246700 1 -- 172.21.15.90:0/464951311 >> [v2:172.21.15.90:6800/1992032630,v1:172.21.15.90:6801/1992032630] conn(0x7fe89803bfc0 msgr2=0x7fe89803e3b0 secure :-1 s=STATE_CONNECTION_ESTABLISHED l=1).mark_down
2024-04-06T13:59:05.964 INFO:teuthology.orchestra.run.smithi090.stdout:/usr/bin/ceph: stderr
2024-04-06T13:59:05.113+0000 7fe8b4246700 1 --2- 172.21.15.90:0/464951311 >> [v2:172.21.15.90:6800/1992032630,v1:172.21.15.90:6801/1992032630] conn(0x7fe89803bfc0 0x7fe89803e3b0 secure :-1 s=READY pgs=2 cs=0 l=1 rev1=1 crypto rx=0x7fe89c003a10 tx=0x7fe89c0092b0 comp rx=0 tx=0).stop
2024-04-06T13:59:05.964 INFO:teuthology.orchestra.run.smithi090.stdout:/usr/bin/ceph: stderr
2024-04-06T13:59:05.113+0000 7fe8b4246700 1 -- 172.21.15.90:0/464951311 >> [v2:172.21.15.90:3300/0,v1:172.21.15.90:6789/0] conn(0x7fe8ac1070b0 msgr2=0x7fe8ac19a4d0 secure :-1 s=STATE_CONNECTION_ESTABLISHED l=1).mark_down
2024-04-06T13:59:05.964 INFO:teuthology.orchestra.run.smithi090.stdout:/usr/bin/ceph: stderr
2024-04-06T13:59:05.113+0000 7fe8b4246700 1 --2- 172.21.15.90:0/464951311 >> [v2:172.21.15.90:3300/0,v1:172.21.15.90:6789/0] conn(0x7fe8ac1070b0 0x7fe8ac19a4d0 secure :-1 s=READY pgs=62 cs=0 l=1 rev1=1 crypto rx=0x7fe8a8003e60 tx=0x7fe8a8011a30 comp rx=0 tx=0).stop
2024-04-06T13:59:05.964 INFO:teuthology.orchestra.run.smithi090.stdout:/usr/bin/ceph: stderr
2024-04-06T13:59:05.113+0000 7fe8b4246700 1 -- 172.21.15.90:0/464951311 shutdown_connections
2024-04-06T13:59:05.964 INFO:teuthology.orchestra.run.smithi090.stdout:/usr/bin/ceph: stderr
2024-04-06T13:59:05.113+0000 7fe8b4246700 1 --2- 172.21.15.90:0/464951311 >> [v2:172.21.15.90:6800/1992032630,v1:172.21.15.90:6801/1992032630] conn(0x7fe89803bfc0 0x7fe89803e3b0 unknown :-1 s=CLOSED pgs=2 cs=0 l=1 rev1=1 crypto rx=0 tx=0 comp rx=0 tx=0).stop
2024-04-06T13:59:05.964 INFO:teuthology.orchestra.run.smithi090.stdout:/usr/bin/ceph: stderr
2024-04-06T13:59:05.113+0000 7fe8b4246700 1 --2- 172.21.15.90:0/464951311 >> [v2:172.21.15.90:3300/0,v1:172.21.15.90:6789/0] conn(0x7fe8ac1070b0 0x7fe8ac19a4d0 unknown :-1 s=CLOSED pgs=62 cs=0 l=1 rev1=1 crypto rx=0 tx=0 comp rx=0 tx=0).stop
2024-04-06T13:59:05.964 INFO:teuthology.orchestra.run.smithi090.stdout:/usr/bin/ceph: stderr
2024-04-06T13:59:05.113+0000 7fe8b4246700 1 --2- 172.21.15.90:0/464951311 >> [v2:172.21.15.90:6800/2246618981,v1:172.21.15.90:6801/2246618981] conn(0x7fe898038700 0x7fe89803abc0 unknown :-1 s=CLOSED pgs=0 cs=0 l=1 rev1=0 crypto rx=0 tx=0 comp rx=0 tx=0).stop
2024-04-06T13:59:05.964 INFO:teuthology.orchestra.run.smithi090.stdout:/usr/bin/ceph: stderr
2024-04-06T13:59:05.113+0000 7fe8b4246700 1 -- 172.21.15.90:0/464951311 >> 172.21.15.90:0/464951311 conn(0x7fe8ac100aa0 msgr2=0x7fe8ac1016f0 unknown :-1 s=STATE_NONE l=0).mark_down
2024-04-06T13:59:05.964 INFO:teuthology.orchestra.run.smithi090.stdout:/usr/bin/ceph: stderr
2024-04-06T13:59:05.113+0000 7fe8b4246700 1 -- 172.21.15.90:0/464951311 shutdown_connections
2024-04-06T13:59:05.964 INFO:teuthology.orchestra.run.smithi090.stdout:/usr/bin/ceph: stderr
2024-04-06T13:59:05.113+0000 7fe8b4246700 1 -- 172.21.15.90:0/464951311 wait complete.
2024-04-06T13:59:05.964 INFO:teuthology.orchestra.run.smithi090.stdout:mgr epoch 9 is available
2024-04-06T13:59:05.964 INFO:teuthology.orchestra.run.smithi090.stdout:Generating a dashboard self-signed certificate...
2024-04-06T13:59:06.538 INFO:journalctl@ceph.mon.a.smithi090.stdout:Apr 06 13:59:06 smithi090 ceph-mon[43420]: [06/Apr/2024:13:59:04] ENGINE Bus STARTING
2024-04-06T13:59:06.538 INFO:journalctl@ceph.mon.a.smithi090.stdout:Apr 06 13:59:06 smithi090 ceph-mon[43420]: [06/Apr/2024:13:59:04] ENGINE Serving on https://172.21.15.90:7150
2024-04-06T13:59:06.539 INFO:journalctl@ceph.mon.a.smithi090.stdout:Apr 06 13:59:06 smithi090 ceph-mon[43420]: [06/Apr/2024:13:59:04] ENGINE Serving on http://172.21.15.90:8765
2024-04-06T13:59:06.539 INFO:journalctl@ceph.mon.a.smithi090.stdout:Apr 06 13:59:06 smithi090 ceph-mon[43420]: [06/Apr/2024:13:59:04] ENGINE Bus STARTED
2024-04-06T13:59:06.539 INFO:journalctl@ceph.mon.a.smithi090.stdout:Apr 06 13:59:06 smithi090 ceph-mon[43420]: from='client.14156 -' entity='client.admin' cmd=[{"prefix": "get_command_descriptions"}]: dispatch
2024-04-06T13:59:06.539 INFO:journalctl@ceph.mon.a.smithi090.stdout:Apr 06 13:59:06 smithi090 ceph-mon[43420]: from='client.14156 -' entity='client.admin' cmd=[{"prefix": "mgr_status"}]: dispatch
2024-04-06T13:59:06.539 INFO:journalctl@ceph.mon.a.smithi090.stdout:Apr 06 13:59:06 smithi090 ceph-mon[43420]: from='mgr.14152 172.21.15.90:0/924898470' entity='mgr.x'
2024-04-06T13:59:06.983 INFO:teuthology.orchestra.run.smithi090.stdout:/usr/bin/ceph: stdout Self-signed certificate created
2024-04-06T13:59:06.984 INFO:teuthology.orchestra.run.smithi090.stdout:/usr/bin/ceph: stderr
2024-04-06T13:59:06.331+0000 7f9812982700 1 Processor -- start
2024-04-06T13:59:06.984 INFO:teuthology.orchestra.run.smithi090.stdout:/usr/bin/ceph: stderr
2024-04-06T13:59:06.331+0000 7f9812982700 1 -- start start
2024-04-06T13:59:06.984 INFO:teuthology.orchestra.run.smithi090.stdout:/usr/bin/ceph: stderr
2024-04-06T13:59:06.331+0000 7f9812982700 1 --2- >> [v2:172.21.15.90:3300/0,v1:172.21.15.90:6789/0] conn(0x7f980c106af0 0x7f980c106f10 unknown :-1 s=NONE pgs=0 cs=0 l=0 rev1=0 crypto rx=0 tx=0 comp rx=0 tx=0).connect
2024-04-06T13:59:06.984 INFO:teuthology.orchestra.run.smithi090.stdout:/usr/bin/ceph: stderr
2024-04-06T13:59:06.331+0000 7f9812982700 1 -- --> [v2:172.21.15.90:3300/0,v1:172.21.15.90:6789/0] -- mon_getmap magic: 0 v1 -- 0x7f980c1074e0 con 0x7f980c106af0
2024-04-06T13:59:06.984 INFO:teuthology.orchestra.run.smithi090.stdout:/usr/bin/ceph: stderr
2024-04-06T13:59:06.331+0000 7f980bfff700 1 --2- >> [v2:172.21.15.90:3300/0,v1:172.21.15.90:6789/0] conn(0x7f980c106af0 0x7f980c106f10 unknown :-1 s=BANNER_CONNECTING pgs=0 cs=0 l=0 rev1=0 crypto rx=0 tx=0 comp rx=0 tx=0)._handle_peer_banner_payload supported=3 required=0
2024-04-06T13:59:06.984 INFO:teuthology.orchestra.run.smithi090.stdout:/usr/bin/ceph: stderr
2024-04-06T13:59:06.331+0000 7f980bfff700 1 --2- >> [v2:172.21.15.90:3300/0,v1:172.21.15.90:6789/0] conn(0x7f980c106af0 0x7f980c106f10 unknown :-1 s=HELLO_CONNECTING pgs=0 cs=0 l=0 rev1=1 crypto rx=0 tx=0 comp rx=0 tx=0).handle_hello peer v2:172.21.15.90:3300/0 says I am v2:172.21.15.90:58256/0 (socket says 172.21.15.90:58256)
2024-04-06T13:59:06.984 INFO:teuthology.orchestra.run.smithi090.stdout:/usr/bin/ceph: stderr
2024-04-06T13:59:06.331+0000 7f980bfff700 1 -- 172.21.15.90:0/1525766099 learned_addr learned my addr 172.21.15.90:0/1525766099 (peer_addr_for_me v2:172.21.15.90:0/0)
2024-04-06T13:59:06.984 INFO:teuthology.orchestra.run.smithi090.stdout:/usr/bin/ceph: stderr
2024-04-06T13:59:06.332+0000 7f980bfff700 1 -- 172.21.15.90:0/1525766099 --> [v2:172.21.15.90:3300/0,v1:172.21.15.90:6789/0] -- mon_subscribe({config=0+,monmap=0+}) v3 -- 0x7f980c107620 con 0x7f980c106af0
2024-04-06T13:59:06.984 INFO:teuthology.orchestra.run.smithi090.stdout:/usr/bin/ceph: stderr
2024-04-06T13:59:06.332+0000 7f980bfff700 1 --2- 172.21.15.90:0/1525766099 >> [v2:172.21.15.90:3300/0,v1:172.21.15.90:6789/0] conn(0x7f980c106af0 0x7f980c106f10 secure :-1 s=READY pgs=70 cs=0 l=1 rev1=1 crypto rx=0x7f97fc0098a0 tx=0x7f97fc009bb0 comp rx=0 tx=0).ready entity=mon.0 client_cookie=858d934d8d4f9170 server_cookie=0 in_seq=0 out_seq=0
2024-04-06T13:59:06.984 INFO:teuthology.orchestra.run.smithi090.stdout:/usr/bin/ceph: stderr
2024-04-06T13:59:06.332+0000 7f980affd700 1 -- 172.21.15.90:0/1525766099 <== mon.0 v2:172.21.15.90:3300/0 1 ==== mon_map magic: 0 v1 ==== 205+0+0 (secure 0 0 0) 0x7f97fc004160 con 0x7f980c106af0
2024-04-06T13:59:06.984 INFO:teuthology.orchestra.run.smithi090.stdout:/usr/bin/ceph: stderr
2024-04-06T13:59:06.332+0000 7f980affd700 1 -- 172.21.15.90:0/1525766099 <== mon.0 v2:172.21.15.90:3300/0 2 ==== config(26 keys) v1 ==== 1105+0+0 (secure 0 0 0) 0x7f97fc0042c0 con 0x7f980c106af0
2024-04-06T13:59:06.984 INFO:teuthology.orchestra.run.smithi090.stdout:/usr/bin/ceph: stderr
2024-04-06T13:59:06.332+0000 7f980affd700 1 -- 172.21.15.90:0/1525766099 <== mon.0 v2:172.21.15.90:3300/0 3 ==== mon_map magic: 0 v1 ==== 205+0+0 (secure 0 0 0) 0x7f97fc0119b0 con 0x7f980c106af0
2024-04-06T13:59:06.984 INFO:teuthology.orchestra.run.smithi090.stdout:/usr/bin/ceph: stderr
2024-04-06T13:59:06.333+0000 7f9812982700 1 -- 172.21.15.90:0/1525766099 >> [v2:172.21.15.90:3300/0,v1:172.21.15.90:6789/0] conn(0x7f980c106af0 msgr2=0x7f980c106f10 secure :-1 s=STATE_CONNECTION_ESTABLISHED l=1).mark_down
2024-04-06T13:59:06.985 INFO:teuthology.orchestra.run.smithi090.stdout:/usr/bin/ceph: stderr
2024-04-06T13:59:06.333+0000 7f9812982700 1 --2- 172.21.15.90:0/1525766099 >> [v2:172.21.15.90:3300/0,v1:172.21.15.90:6789/0] conn(0x7f980c106af0 0x7f980c106f10 secure :-1 s=READY pgs=70 cs=0 l=1 rev1=1 crypto rx=0x7f97fc0098a0 tx=0x7f97fc009bb0 comp rx=0 tx=0).stop
2024-04-06T13:59:06.985 INFO:teuthology.orchestra.run.smithi090.stdout:/usr/bin/ceph: stderr
2024-04-06T13:59:06.333+0000 7f9812982700 1 -- 172.21.15.90:0/1525766099 shutdown_connections
2024-04-06T13:59:06.985 INFO:teuthology.orchestra.run.smithi090.stdout:/usr/bin/ceph: stderr
2024-04-06T13:59:06.333+0000 7f9812982700 1 --2- 172.21.15.90:0/1525766099 >> [v2:172.21.15.90:3300/0,v1:172.21.15.90:6789/0] conn(0x7f980c106af0 0x7f980c106f10 unknown :-1 s=CLOSED pgs=70 cs=0 l=1 rev1=1 crypto rx=0 tx=0 comp rx=0 tx=0).stop
2024-04-06T13:59:06.985 INFO:teuthology.orchestra.run.smithi090.stdout:/usr/bin/ceph: stderr
2024-04-06T13:59:06.333+0000 7f9812982700 1 -- 172.21.15.90:0/1525766099 >> 172.21.15.90:0/1525766099 conn(0x7f980c100200 msgr2=0x7f980c102680 unknown :-1 s=STATE_NONE l=0).mark_down
2024-04-06T13:59:06.985 INFO:teuthology.orchestra.run.smithi090.stdout:/usr/bin/ceph: stderr
2024-04-06T13:59:06.333+0000 7f9812982700 1 -- 172.21.15.90:0/1525766099 shutdown_connections
2024-04-06T13:59:06.985 INFO:teuthology.orchestra.run.smithi090.stdout:/usr/bin/ceph: stderr
2024-04-06T13:59:06.333+0000 7f9812982700 1 -- 172.21.15.90:0/1525766099 wait complete.
2024-04-06T13:59:06.985 INFO:teuthology.orchestra.run.smithi090.stdout:/usr/bin/ceph: stderr
2024-04-06T13:59:06.333+0000 7f9812982700 1 Processor -- start
2024-04-06T13:59:06.985 INFO:teuthology.orchestra.run.smithi090.stdout:/usr/bin/ceph: stderr
2024-04-06T13:59:06.333+0000 7f9812982700 1 -- start start
2024-04-06T13:59:06.985 INFO:teuthology.orchestra.run.smithi090.stdout:/usr/bin/ceph: stderr
2024-04-06T13:59:06.334+0000 7f9812982700 1 --2- >> [v2:172.21.15.90:3300/0,v1:172.21.15.90:6789/0] conn(0x7f980c106af0 0x7f980c19c710 unknown :-1 s=NONE pgs=0 cs=0 l=1 rev1=0 crypto rx=0 tx=0 comp rx=0 tx=0).connect
2024-04-06T13:59:06.985 INFO:teuthology.orchestra.run.smithi090.stdout:/usr/bin/ceph: stderr
2024-04-06T13:59:06.334+0000 7f9812982700 1 -- --> [v2:172.21.15.90:3300/0,v1:172.21.15.90:6789/0] -- mon_getmap magic: 0 v1 -- 0x7f980c19cc50 con 0x7f980c106af0
2024-04-06T13:59:06.985 INFO:teuthology.orchestra.run.smithi090.stdout:/usr/bin/ceph: stderr
2024-04-06T13:59:06.334+0000 7f980bfff700 1 --2- >> [v2:172.21.15.90:3300/0,v1:172.21.15.90:6789/0] conn(0x7f980c106af0 0x7f980c19c710 unknown :-1 s=BANNER_CONNECTING pgs=0 cs=0 l=1 rev1=0 crypto rx=0 tx=0 comp rx=0 tx=0)._handle_peer_banner_payload supported=3 required=0
2024-04-06T13:59:06.985 INFO:teuthology.orchestra.run.smithi090.stdout:/usr/bin/ceph: stderr
2024-04-06T13:59:06.334+0000 7f980bfff700 1 --2- >> [v2:172.21.15.90:3300/0,v1:172.21.15.90:6789/0] conn(0x7f980c106af0 0x7f980c19c710 unknown :-1 s=HELLO_CONNECTING pgs=0 cs=0 l=1 rev1=1 crypto rx=0 tx=0 comp rx=0 tx=0).handle_hello peer v2:172.21.15.90:3300/0 says I am v2:172.21.15.90:58260/0 (socket says 172.21.15.90:58260)
2024-04-06T13:59:06.985 INFO:teuthology.orchestra.run.smithi090.stdout:/usr/bin/ceph: stderr
2024-04-06T13:59:06.334+0000 7f980bfff700 1 -- 172.21.15.90:0/538330041 learned_addr learned my addr 172.21.15.90:0/538330041 (peer_addr_for_me v2:172.21.15.90:0/0)
2024-04-06T13:59:06.986 INFO:teuthology.orchestra.run.smithi090.stdout:/usr/bin/ceph: stderr
2024-04-06T13:59:06.334+0000 7f980bfff700 1 -- 172.21.15.90:0/538330041 --> [v2:172.21.15.90:3300/0,v1:172.21.15.90:6789/0] -- mon_subscribe({config=0+,monmap=0+}) v3 -- 0x7f97fc009550 con 0x7f980c106af0
2024-04-06T13:59:06.986 INFO:teuthology.orchestra.run.smithi090.stdout:/usr/bin/ceph: stderr
2024-04-06T13:59:06.334+0000 7f980bfff700 1 --2- 172.21.15.90:0/538330041 >> [v2:172.21.15.90:3300/0,v1:172.21.15.90:6789/0] conn(0x7f980c106af0 0x7f980c19c710 secure :-1 s=READY pgs=71 cs=0 l=1 rev1=1 crypto rx=0x7f97fc011670 tx=0x7f97fc011a30 comp rx=0 tx=0).ready entity=mon.0 client_cookie=0 server_cookie=0 in_seq=0 out_seq=0
2024-04-06T13:59:06.986 INFO:teuthology.orchestra.run.smithi090.stdout:/usr/bin/ceph: stderr
2024-04-06T13:59:06.334+0000 7f98097fa700 1 -- 172.21.15.90:0/538330041 <== mon.0 v2:172.21.15.90:3300/0 1 ==== mon_map magic: 0 v1 ==== 205+0+0 (secure 0 0 0) 0x7f97fc003b20 con 0x7f980c106af0
2024-04-06T13:59:06.986 INFO:teuthology.orchestra.run.smithi090.stdout:/usr/bin/ceph: stderr
2024-04-06T13:59:06.335+0000 7f9812982700 1 -- 172.21.15.90:0/538330041 --> [v2:172.21.15.90:3300/0,v1:172.21.15.90:6789/0] -- mon_subscribe({mgrmap=0+}) v3 -- 0x7f980c19ce50 con 0x7f980c106af0
2024-04-06T13:59:06.986 INFO:teuthology.orchestra.run.smithi090.stdout:/usr/bin/ceph: stderr
2024-04-06T13:59:06.335+0000 7f98097fa700 1 -- 172.21.15.90:0/538330041 <== mon.0 v2:172.21.15.90:3300/0 2 ==== config(26 keys) v1 ==== 1105+0+0 (secure 0 0 0) 0x7f97fc003c80 con 0x7f980c106af0
2024-04-06T13:59:06.986 INFO:teuthology.orchestra.run.smithi090.stdout:/usr/bin/ceph: stderr
2024-04-06T13:59:06.335+0000 7f98097fa700 1 -- 172.21.15.90:0/538330041 <== mon.0 v2:172.21.15.90:3300/0 3 ==== mon_map magic: 0 v1 ==== 205+0+0 (secure 0 0 0) 0x7f97fc019770 con 0x7f980c106af0
2024-04-06T13:59:06.986 INFO:teuthology.orchestra.run.smithi090.stdout:/usr/bin/ceph: stderr
2024-04-06T13:59:06.335+0000 7f9812982700 1 -- 172.21.15.90:0/538330041 --> [v2:172.21.15.90:3300/0,v1:172.21.15.90:6789/0] -- mon_subscribe({osdmap=0}) v3 -- 0x7f980c19d960 con 0x7f980c106af0
2024-04-06T13:59:06.986 INFO:teuthology.orchestra.run.smithi090.stdout:/usr/bin/ceph: stderr
2024-04-06T13:59:06.335+0000 7f98097fa700 1 -- 172.21.15.90:0/538330041 <== mon.0 v2:172.21.15.90:3300/0 4 ==== mgrmap(e 11) v1 ==== 45448+0+0 (secure 0 0 0) 0x7f97fc019a30 con 0x7f980c106af0
2024-04-06T13:59:06.986 INFO:teuthology.orchestra.run.smithi090.stdout:/usr/bin/ceph: stderr
2024-04-06T13:59:06.336+0000 7f98097fa700 1 --2- 172.21.15.90:0/538330041 >> [v2:172.21.15.90:6800/1992032630,v1:172.21.15.90:6801/1992032630] conn(0x7f97f4038620 0x7f97f403aae0 unknown :-1 s=NONE pgs=0 cs=0 l=1 rev1=0 crypto rx=0 tx=0 comp rx=0 tx=0).connect
2024-04-06T13:59:06.986 INFO:teuthology.orchestra.run.smithi090.stdout:/usr/bin/ceph: stderr
2024-04-06T13:59:06.336+0000 7f98097fa700 1 -- 172.21.15.90:0/538330041 <== mon.0 v2:172.21.15.90:3300/0 5 ==== osd_map(3..3 src has 1..3) v4 ==== 1155+0+0 (secure 0 0 0) 0x7f97fc04c8c0 con 0x7f980c106af0
2024-04-06T13:59:06.986 INFO:teuthology.orchestra.run.smithi090.stdout:/usr/bin/ceph: stderr
2024-04-06T13:59:06.336+0000 7f9812982700 1 -- 172.21.15.90:0/538330041 --> [v2:172.21.15.90:3300/0,v1:172.21.15.90:6789/0] -- mon_command({"prefix": "get_command_descriptions"} v 0) v1 -- 0x7f980c103f30 con 0x7f980c106af0
2024-04-06T13:59:06.986 INFO:teuthology.orchestra.run.smithi090.stdout:/usr/bin/ceph: stderr
2024-04-06T13:59:06.336+0000 7f980b7fe700 1 --2- 172.21.15.90:0/538330041 >> [v2:172.21.15.90:6800/1992032630,v1:172.21.15.90:6801/1992032630] conn(0x7f97f4038620 0x7f97f403aae0 unknown :-1 s=BANNER_CONNECTING pgs=0 cs=0 l=1 rev1=0 crypto rx=0 tx=0 comp rx=0 tx=0)._handle_peer_banner_payload supported=3 required=0
2024-04-06T13:59:06.986 INFO:teuthology.orchestra.run.smithi090.stdout:/usr/bin/ceph: stderr
2024-04-06T13:59:06.336+0000 7f980b7fe700 1 --2- 172.21.15.90:0/538330041 >> [v2:172.21.15.90:6800/1992032630,v1:172.21.15.90:6801/1992032630] conn(0x7f97f4038620 0x7f97f403aae0 secure :-1 s=READY pgs=7 cs=0 l=1 rev1=1 crypto rx=0x7f9800006fd0 tx=0x7f9800006e40 comp rx=0 tx=0).ready entity=mgr.14152 client_cookie=0 server_cookie=0 in_seq=0 out_seq=0
2024-04-06T13:59:06.987 INFO:teuthology.orchestra.run.smithi090.stdout:/usr/bin/ceph: stderr
2024-04-06T13:59:06.341+0000 7f98097fa700 1 -- 172.21.15.90:0/538330041 <== mon.0 v2:172.21.15.90:3300/0 6 ==== mon_command_ack([{"prefix": "get_command_descriptions"}]=0 v0) v1 ==== 72+0+182936 (secure 0 0 0) 0x7f97fc018db0 con 0x7f980c106af0
2024-04-06T13:59:06.987 INFO:teuthology.orchestra.run.smithi090.stdout:/usr/bin/ceph: stderr
2024-04-06T13:59:06.549+0000 7f9812982700 1 -- 172.21.15.90:0/538330041 --> [v2:172.21.15.90:6800/1992032630,v1:172.21.15.90:6801/1992032630] -- mgr_command(tid 0: {"prefix": "dashboard create-self-signed-cert", "target": ["mon-mgr", ""]}) v1 -- 0x7f980c19dba0 con 0x7f97f4038620
2024-04-06T13:59:06.987 INFO:teuthology.orchestra.run.smithi090.stdout:/usr/bin/ceph: stderr
2024-04-06T13:59:06.668+0000 7f98097fa700 1 -- 172.21.15.90:0/538330041 <== mgr.14152 v2:172.21.15.90:6800/1992032630 1 ==== mgr_command_reply(tid 0: 0 ) v1 ==== 8+0+32 (secure 0 0 0) 0x7f980c19dba0 con 0x7f97f4038620
2024-04-06T13:59:06.987 INFO:teuthology.orchestra.run.smithi090.stdout:/usr/bin/ceph: stderr
2024-04-06T13:59:06.671+0000 7f9812982700 1 -- 172.21.15.90:0/538330041 >> [v2:172.21.15.90:6800/1992032630,v1:172.21.15.90:6801/1992032630] conn(0x7f97f4038620 msgr2=0x7f97f403aae0 secure :-1 s=STATE_CONNECTION_ESTABLISHED l=1).mark_down
2024-04-06T13:59:06.987 INFO:teuthology.orchestra.run.smithi090.stdout:/usr/bin/ceph: stderr
2024-04-06T13:59:06.671+0000 7f9812982700 1 --2- 172.21.15.90:0/538330041 >> [v2:172.21.15.90:6800/1992032630,v1:172.21.15.90:6801/1992032630] conn(0x7f97f4038620 0x7f97f403aae0 secure :-1 s=READY pgs=7 cs=0 l=1 rev1=1 crypto rx=0x7f9800006fd0 tx=0x7f9800006e40 comp rx=0 tx=0).stop
2024-04-06T13:59:06.987 INFO:teuthology.orchestra.run.smithi090.stdout:/usr/bin/ceph: stderr
2024-04-06T13:59:06.671+0000 7f9812982700 1 -- 172.21.15.90:0/538330041 >> [v2:172.21.15.90:3300/0,v1:172.21.15.90:6789/0] conn(0x7f980c106af0 msgr2=0x7f980c19c710 secure :-1 s=STATE_CONNECTION_ESTABLISHED l=1).mark_down
2024-04-06T13:59:06.987 INFO:teuthology.orchestra.run.smithi090.stdout:/usr/bin/ceph: stderr
2024-04-06T13:59:06.671+0000 7f9812982700 1 --2- 172.21.15.90:0/538330041 >> [v2:172.21.15.90:3300/0,v1:172.21.15.90:6789/0] conn(0x7f980c106af0 0x7f980c19c710 secure :-1 s=READY pgs=71 cs=0 l=1 rev1=1 crypto rx=0x7f97fc011670 tx=0x7f97fc011a30 comp rx=0 tx=0).stop
2024-04-06T13:59:06.987 INFO:teuthology.orchestra.run.smithi090.stdout:/usr/bin/ceph: stderr
2024-04-06T13:59:06.671+0000 7f9812982700 1 -- 172.21.15.90:0/538330041 shutdown_connections
2024-04-06T13:59:06.987 INFO:teuthology.orchestra.run.smithi090.stdout:/usr/bin/ceph: stderr
2024-04-06T13:59:06.671+0000 7f9812982700 1 --2- 172.21.15.90:0/538330041 >> [v2:172.21.15.90:6800/1992032630,v1:172.21.15.90:6801/1992032630] conn(0x7f97f4038620 0x7f97f403aae0 unknown :-1 s=CLOSED pgs=7 cs=0 l=1 rev1=1 crypto rx=0 tx=0 comp rx=0 tx=0).stop
2024-04-06T13:59:06.987 INFO:teuthology.orchestra.run.smithi090.stdout:/usr/bin/ceph: stderr
2024-04-06T13:59:06.671+0000 7f9812982700 1 --2- 172.21.15.90:0/538330041 >> [v2:172.21.15.90:3300/0,v1:172.21.15.90:6789/0] conn(0x7f980c106af0 0x7f980c19c710 unknown :-1 s=CLOSED pgs=71 cs=0 l=1 rev1=1 crypto rx=0 tx=0 comp rx=0 tx=0).stop
2024-04-06T13:59:06.987 INFO:teuthology.orchestra.run.smithi090.stdout:/usr/bin/ceph: stderr
2024-04-06T13:59:06.671+0000 7f9812982700 1 -- 172.21.15.90:0/538330041 >> 172.21.15.90:0/538330041 conn(0x7f980c100200 msgr2=0x7f980c192e30 unknown :-1 s=STATE_NONE l=0).mark_down
2024-04-06T13:59:06.987 INFO:teuthology.orchestra.run.smithi090.stdout:/usr/bin/ceph: stderr
2024-04-06T13:59:06.671+0000 7f9812982700 1 -- 172.21.15.90:0/538330041 shutdown_connections
2024-04-06T13:59:06.988 INFO:teuthology.orchestra.run.smithi090.stdout:/usr/bin/ceph: stderr
2024-04-06T13:59:06.671+0000 7f9812982700 1 -- 172.21.15.90:0/538330041 wait complete.
2024-04-06T13:59:06.988 INFO:teuthology.orchestra.run.smithi090.stdout:Creating initial admin user...
2024-04-06T13:59:07.992 INFO:journalctl@ceph.mon.a.smithi090.stdout:Apr 06 13:59:07 smithi090 ceph-mon[43420]: from='client.14164 -' entity='client.admin' cmd=[{"prefix": "dashboard create-self-signed-cert", "target": ["mon-mgr", ""]}]: dispatch
2024-04-06T13:59:07.992 INFO:journalctl@ceph.mon.a.smithi090.stdout:Apr 06 13:59:07 smithi090 ceph-mon[43420]: from='mgr.14152 172.21.15.90:0/924898470' entity='mgr.x'
2024-04-06T13:59:07.992 INFO:journalctl@ceph.mon.a.smithi090.stdout:Apr 06 13:59:07 smithi090 ceph-mon[43420]: from='mgr.14152 172.21.15.90:0/924898470' entity='mgr.x'
2024-04-06T13:59:07.992 INFO:journalctl@ceph.mon.a.smithi090.stdout:Apr 06 13:59:07 smithi090 ceph-mon[43420]: from='mgr.14152 172.21.15.90:0/924898470' entity='mgr.x'
2024-04-06T13:59:07.992 INFO:journalctl@ceph.mon.a.smithi090.stdout:Apr 06 13:59:07 smithi090 ceph-mon[43420]: mgrmap e12: x(active, since 2s)
2024-04-06T13:59:08.190 INFO:teuthology.orchestra.run.smithi090.stdout:/usr/bin/ceph: stdout {"username": "admin", "password": "$2b$12$2w3AbD6ue7Mebl5fbiuWz.OgfwlTjZEi9kzr2ybO5d406P3tC4vp2", "roles": ["administrator"], "name": null, "email": null, "lastUpdate": 1712411947, "enabled": true, "pwdExpirationDate": null, "pwdUpdateRequired": true}
2024-04-06T13:59:08.191 INFO:teuthology.orchestra.run.smithi090.stdout:/usr/bin/ceph: stderr
2024-04-06T13:59:07.356+0000 7f1060414700 1 Processor -- start
2024-04-06T13:59:08.191 INFO:teuthology.orchestra.run.smithi090.stdout:/usr/bin/ceph: stderr
2024-04-06T13:59:07.356+0000 7f1060414700 1 -- start start
2024-04-06T13:59:08.191 INFO:teuthology.orchestra.run.smithi090.stdout:/usr/bin/ceph: stderr
2024-04-06T13:59:07.357+0000 7f1060414700 1 --2- >> [v2:172.21.15.90:3300/0,v1:172.21.15.90:6789/0] conn(0x7f1058105500 0x7f1058105920 unknown :-1 s=NONE pgs=0 cs=0 l=0 rev1=0 crypto rx=0 tx=0 comp rx=0 tx=0).connect
2024-04-06T13:59:08.191 INFO:teuthology.orchestra.run.smithi090.stdout:/usr/bin/ceph: stderr
2024-04-06T13:59:07.357+0000 7f1060414700 1 -- --> [v2:172.21.15.90:3300/0,v1:172.21.15.90:6789/0] -- mon_getmap magic: 0 v1 -- 0x7f1058105ef0 con 0x7f1058105500
2024-04-06T13:59:08.191 INFO:teuthology.orchestra.run.smithi090.stdout:/usr/bin/ceph: stderr
2024-04-06T13:59:07.357+0000 7f105e1b0700 1 --2- >> [v2:172.21.15.90:3300/0,v1:172.21.15.90:6789/0] conn(0x7f1058105500 0x7f1058105920 unknown :-1 s=BANNER_CONNECTING pgs=0 cs=0 l=0 rev1=0 crypto rx=0 tx=0 comp rx=0 tx=0)._handle_peer_banner_payload supported=3 required=0
2024-04-06T13:59:08.191 INFO:teuthology.orchestra.run.smithi090.stdout:/usr/bin/ceph: stderr
2024-04-06T13:59:07.357+0000 7f105e1b0700 1 --2- >> [v2:172.21.15.90:3300/0,v1:172.21.15.90:6789/0] conn(0x7f1058105500 0x7f1058105920 unknown :-1 s=HELLO_CONNECTING pgs=0 cs=0 l=0 rev1=1 crypto rx=0 tx=0 comp rx=0 tx=0).handle_hello peer v2:172.21.15.90:3300/0 says I am v2:172.21.15.90:58272/0 (socket says 172.21.15.90:58272)
2024-04-06T13:59:08.191 INFO:teuthology.orchestra.run.smithi090.stdout:/usr/bin/ceph: stderr
2024-04-06T13:59:07.357+0000 7f105e1b0700 1 -- 172.21.15.90:0/1687245213 learned_addr learned my addr 172.21.15.90:0/1687245213 (peer_addr_for_me v2:172.21.15.90:0/0)
2024-04-06T13:59:08.191 INFO:teuthology.orchestra.run.smithi090.stdout:/usr/bin/ceph: stderr
2024-04-06T13:59:07.357+0000 7f105e1b0700 1 -- 172.21.15.90:0/1687245213 --> [v2:172.21.15.90:3300/0,v1:172.21.15.90:6789/0] -- mon_subscribe({config=0+,monmap=0+}) v3 -- 0x7f1058106700 con 0x7f1058105500
2024-04-06T13:59:08.191 INFO:teuthology.orchestra.run.smithi090.stdout:/usr/bin/ceph: stderr
2024-04-06T13:59:07.357+0000 7f105e1b0700 1 --2- 172.21.15.90:0/1687245213 >> [v2:172.21.15.90:3300/0,v1:172.21.15.90:6789/0] conn(0x7f1058105500 0x7f1058105920 secure :-1 s=READY pgs=72 cs=0 l=1 rev1=1 crypto rx=0x7f10500098a0 tx=0x7f1050009bb0 comp rx=0 tx=0).ready entity=mon.0 client_cookie=d8c8e433f6dc01e3 server_cookie=0 in_seq=0 out_seq=0
2024-04-06T13:59:08.191 INFO:teuthology.orchestra.run.smithi090.stdout:/usr/bin/ceph: stderr
2024-04-06T13:59:07.357+0000 7f105d1ae700 1 -- 172.21.15.90:0/1687245213 <== mon.0 v2:172.21.15.90:3300/0 1 ==== mon_map magic: 0 v1 ==== 205+0+0 (secure 0 0 0) 0x7f1050004160 con 0x7f1058105500
2024-04-06T13:59:08.191 INFO:teuthology.orchestra.run.smithi090.stdout:/usr/bin/ceph: stderr
2024-04-06T13:59:07.357+0000 7f105d1ae700 1 -- 172.21.15.90:0/1687245213 <== mon.0 v2:172.21.15.90:3300/0 2 ==== config(26 keys) v1 ==== 1105+0+0 (secure 0 0 0) 0x7f10500042c0 con 0x7f1058105500
2024-04-06T13:59:08.191 INFO:teuthology.orchestra.run.smithi090.stdout:/usr/bin/ceph: stderr
2024-04-06T13:59:07.357+0000 7f105d1ae700 1 -- 172.21.15.90:0/1687245213 <== mon.0 v2:172.21.15.90:3300/0 3 ==== mon_map magic: 0 v1 ==== 205+0+0 (secure 0 0 0) 0x7f10500119b0 con 0x7f1058105500
2024-04-06T13:59:08.191 INFO:teuthology.orchestra.run.smithi090.stdout:/usr/bin/ceph: stderr
2024-04-06T13:59:07.358+0000 7f1060414700 1 -- 172.21.15.90:0/1687245213 >> [v2:172.21.15.90:3300/0,v1:172.21.15.90:6789/0] conn(0x7f1058105500 msgr2=0x7f1058105920 secure :-1 s=STATE_CONNECTION_ESTABLISHED l=1).mark_down
2024-04-06T13:59:08.192 INFO:teuthology.orchestra.run.smithi090.stdout:/usr/bin/ceph: stderr
2024-04-06T13:59:07.358+0000 7f1060414700 1 --2- 172.21.15.90:0/1687245213 >> [v2:172.21.15.90:3300/0,v1:172.21.15.90:6789/0] conn(0x7f1058105500 0x7f1058105920 secure :-1 s=READY pgs=72 cs=0 l=1 rev1=1 crypto rx=0x7f10500098a0 tx=0x7f1050009bb0 comp rx=0 tx=0).stop
2024-04-06T13:59:08.192 INFO:teuthology.orchestra.run.smithi090.stdout:/usr/bin/ceph: stderr
2024-04-06T13:59:07.358+0000 7f1060414700 1 -- 172.21.15.90:0/1687245213 shutdown_connections
2024-04-06T13:59:08.192 INFO:teuthology.orchestra.run.smithi090.stdout:/usr/bin/ceph: stderr
2024-04-06T13:59:07.358+0000 7f1060414700 1 --2- 172.21.15.90:0/1687245213 >> [v2:172.21.15.90:3300/0,v1:172.21.15.90:6789/0] conn(0x7f1058105500 0x7f1058105920 unknown :-1 s=CLOSED pgs=72 cs=0 l=1 rev1=1 crypto rx=0 tx=0 comp rx=0 tx=0).stop
2024-04-06T13:59:08.192 INFO:teuthology.orchestra.run.smithi090.stdout:/usr/bin/ceph: stderr
2024-04-06T13:59:07.358+0000 7f1060414700 1 -- 172.21.15.90:0/1687245213 >> 172.21.15.90:0/1687245213 conn(0x7f1058100aa0 msgr2=0x7f1058102ee0 unknown :-1 s=STATE_NONE l=0).mark_down
2024-04-06T13:59:08.192 INFO:teuthology.orchestra.run.smithi090.stdout:/usr/bin/ceph: stderr
2024-04-06T13:59:07.358+0000 7f1060414700 1 -- 172.21.15.90:0/1687245213 shutdown_connections
2024-04-06T13:59:08.192 INFO:teuthology.orchestra.run.smithi090.stdout:/usr/bin/ceph: stderr
2024-04-06T13:59:07.358+0000 7f1060414700 1 -- 172.21.15.90:0/1687245213 wait complete.
2024-04-06T13:59:08.192 INFO:teuthology.orchestra.run.smithi090.stdout:/usr/bin/ceph: stderr
2024-04-06T13:59:07.359+0000 7f1060414700 1 Processor -- start
2024-04-06T13:59:08.192 INFO:teuthology.orchestra.run.smithi090.stdout:/usr/bin/ceph: stderr
2024-04-06T13:59:07.359+0000 7f1060414700 1 -- start start
2024-04-06T13:59:08.192 INFO:teuthology.orchestra.run.smithi090.stdout:/usr/bin/ceph: stderr
2024-04-06T13:59:07.359+0000 7f1060414700 1 --2- >> [v2:172.21.15.90:3300/0,v1:172.21.15.90:6789/0] conn(0x7f1058105500 0x7f105819a510 unknown :-1 s=NONE pgs=0 cs=0 l=1 rev1=0 crypto rx=0 tx=0 comp rx=0 tx=0).connect
2024-04-06T13:59:08.192 INFO:teuthology.orchestra.run.smithi090.stdout:/usr/bin/ceph: stderr
2024-04-06T13:59:07.359+0000 7f1060414700 1 -- --> [v2:172.21.15.90:3300/0,v1:172.21.15.90:6789/0] -- mon_getmap magic: 0 v1 -- 0x7f105819aa50 con 0x7f1058105500
2024-04-06T13:59:08.193 INFO:teuthology.orchestra.run.smithi090.stdout:/usr/bin/ceph: stderr
2024-04-06T13:59:07.359+0000 7f105e1b0700 1 --2- >> [v2:172.21.15.90:3300/0,v1:172.21.15.90:6789/0] conn(0x7f1058105500 0x7f105819a510 unknown :-1 s=BANNER_CONNECTING pgs=0 cs=0 l=1 rev1=0 crypto rx=0 tx=0 comp rx=0 tx=0)._handle_peer_banner_payload supported=3 required=0
2024-04-06T13:59:08.193 INFO:teuthology.orchestra.run.smithi090.stdout:/usr/bin/ceph: stderr
2024-04-06T13:59:07.359+0000 7f105e1b0700 1 --2- >> [v2:172.21.15.90:3300/0,v1:172.21.15.90:6789/0] conn(0x7f1058105500 0x7f105819a510 unknown :-1 s=HELLO_CONNECTING pgs=0 cs=0 l=1 rev1=1 crypto rx=0 tx=0 comp rx=0 tx=0).handle_hello peer v2:172.21.15.90:3300/0 says I am v2:172.21.15.90:58278/0 (socket says 172.21.15.90:58278)
2024-04-06T13:59:08.193 INFO:teuthology.orchestra.run.smithi090.stdout:/usr/bin/ceph: stderr
2024-04-06T13:59:07.359+0000 7f105e1b0700 1 -- 172.21.15.90:0/2748095798 learned_addr learned my addr 172.21.15.90:0/2748095798 (peer_addr_for_me v2:172.21.15.90:0/0)
2024-04-06T13:59:08.193 INFO:teuthology.orchestra.run.smithi090.stdout:/usr/bin/ceph: stderr
2024-04-06T13:59:07.359+0000 7f105e1b0700 1 -- 172.21.15.90:0/2748095798 --> [v2:172.21.15.90:3300/0,v1:172.21.15.90:6789/0] -- mon_subscribe({config=0+,monmap=0+}) v3 -- 0x7f1050009550 con 0x7f1058105500
2024-04-06T13:59:08.193 INFO:teuthology.orchestra.run.smithi090.stdout:/usr/bin/ceph: stderr
2024-04-06T13:59:07.359+0000 7f105e1b0700 1 --2- 172.21.15.90:0/2748095798 >> [v2:172.21.15.90:3300/0,v1:172.21.15.90:6789/0] conn(0x7f1058105500 0x7f105819a510 secure :-1 s=READY pgs=73 cs=0 l=1 rev1=1 crypto rx=0x7f1050003e60 tx=0x7f1050011a30 comp rx=0 tx=0).ready entity=mon.0 client_cookie=0 server_cookie=0 in_seq=0 out_seq=0
2024-04-06T13:59:08.194 INFO:teuthology.orchestra.run.smithi090.stdout:/usr/bin/ceph: stderr
2024-04-06T13:59:07.360+0000 7f10577fe700 1 -- 172.21.15.90:0/2748095798 <== mon.0 v2:172.21.15.90:3300/0 1 ==== mon_map magic: 0 v1 ==== 205+0+0 (secure 0 0 0) 0x7f10500038b0 con 0x7f1058105500
2024-04-06T13:59:08.194 INFO:teuthology.orchestra.run.smithi090.stdout:/usr/bin/ceph: stderr
2024-04-06T13:59:07.360+0000 7f10577fe700 1 -- 172.21.15.90:0/2748095798 <== mon.0 v2:172.21.15.90:3300/0 2 ==== config(26 keys) v1 ==== 1105+0+0 (secure 0 0 0) 0x7f1050003a10 con 0x7f1058105500
2024-04-06T13:59:08.194 INFO:teuthology.orchestra.run.smithi090.stdout:/usr/bin/ceph: stderr
2024-04-06T13:59:07.360+0000 7f1060414700 1 -- 172.21.15.90:0/2748095798 --> [v2:172.21.15.90:3300/0,v1:172.21.15.90:6789/0] -- mon_subscribe({mgrmap=0+}) v3 -- 0x7f105819ac50 con 0x7f1058105500
2024-04-06T13:59:08.194 INFO:teuthology.orchestra.run.smithi090.stdout:/usr/bin/ceph: stderr
2024-04-06T13:59:07.360+0000 7f10577fe700 1 -- 172.21.15.90:0/2748095798 <== mon.0 v2:172.21.15.90:3300/0 3 ==== mon_map magic: 0 v1 ==== 205+0+0 (secure 0 0 0) 0x7f1050019530 con 0x7f1058105500
2024-04-06T13:59:08.194 INFO:teuthology.orchestra.run.smithi090.stdout:/usr/bin/ceph: stderr
2024-04-06T13:59:07.360+0000 7f1060414700 1 -- 172.21.15.90:0/2748095798 --> [v2:172.21.15.90:3300/0,v1:172.21.15.90:6789/0] -- mon_subscribe({osdmap=0}) v3 -- 0x7f105819b7b0 con 0x7f1058105500
2024-04-06T13:59:08.194 INFO:teuthology.orchestra.run.smithi090.stdout:/usr/bin/ceph: stderr
2024-04-06T13:59:07.360+0000 7f10577fe700 1 -- 172.21.15.90:0/2748095798 <== mon.0 v2:172.21.15.90:3300/0 4 ==== mgrmap(e 12) v1 ==== 45554+0+0 (secure 0 0 0) 0x7f105001a980 con 0x7f1058105500
2024-04-06T13:59:08.194 INFO:teuthology.orchestra.run.smithi090.stdout:/usr/bin/ceph: stderr
2024-04-06T13:59:07.361+0000 7f1060414700 1 -- 172.21.15.90:0/2748095798 --> [v2:172.21.15.90:3300/0,v1:172.21.15.90:6789/0] -- mon_command({"prefix": "get_command_descriptions"} v 0) v1 -- 0x7f1058104790 con 0x7f1058105500
2024-04-06T13:59:08.194 INFO:teuthology.orchestra.run.smithi090.stdout:/usr/bin/ceph: stderr
2024-04-06T13:59:07.361+0000 7f10577fe700 1 --2- 172.21.15.90:0/2748095798 >> [v2:172.21.15.90:6800/1992032630,v1:172.21.15.90:6801/1992032630] conn(0x7f1040038700 0x7f104003abc0 unknown :-1 s=NONE pgs=0 cs=0 l=1 rev1=0 crypto rx=0 tx=0 comp rx=0 tx=0).connect
2024-04-06T13:59:08.194 INFO:teuthology.orchestra.run.smithi090.stdout:/usr/bin/ceph: stderr
2024-04-06T13:59:07.361+0000 7f10577fe700 1 -- 172.21.15.90:0/2748095798 <== mon.0 v2:172.21.15.90:3300/0 5 ==== osd_map(3..3 src has 1..3) v4 ==== 1155+0+0 (secure 0 0 0) 0x7f105004c9f0 con 0x7f1058105500
2024-04-06T13:59:08.195 INFO:teuthology.orchestra.run.smithi090.stdout:/usr/bin/ceph: stderr
2024-04-06T13:59:07.361+0000 7f105d9af700 1 --2- 172.21.15.90:0/2748095798 >> [v2:172.21.15.90:6800/1992032630,v1:172.21.15.90:6801/1992032630] conn(0x7f1040038700 0x7f104003abc0 unknown :-1 s=BANNER_CONNECTING pgs=0 cs=0 l=1 rev1=0 crypto rx=0 tx=0 comp rx=0 tx=0)._handle_peer_banner_payload supported=3 required=0
2024-04-06T13:59:08.195 INFO:teuthology.orchestra.run.smithi090.stdout:/usr/bin/ceph: stderr
2024-04-06T13:59:07.361+0000 7f105d9af700 1 --2- 172.21.15.90:0/2748095798 >> [v2:172.21.15.90:6800/1992032630,v1:172.21.15.90:6801/1992032630] conn(0x7f1040038700 0x7f104003abc0 secure :-1 s=READY pgs=8 cs=0 l=1 rev1=1 crypto rx=0x7f104c006fd0 tx=0x7f104c006e40 comp rx=0 tx=0).ready entity=mgr.14152 client_cookie=0 server_cookie=0 in_seq=0 out_seq=0
2024-04-06T13:59:08.195 INFO:teuthology.orchestra.run.smithi090.stdout:/usr/bin/ceph: stderr
2024-04-06T13:59:07.365+0000 7f10577fe700 1 -- 172.21.15.90:0/2748095798 <== mon.0 v2:172.21.15.90:3300/0 6 ==== mon_command_ack([{"prefix": "get_command_descriptions"}]=0 v0) v1 ==== 72+0+182936 (secure 0 0 0) 0x7f1050003b80 con 0x7f1058105500
2024-04-06T13:59:08.195 INFO:teuthology.orchestra.run.smithi090.stdout:/usr/bin/ceph: stderr
2024-04-06T13:59:07.586+0000 7f1060414700 1 -- 172.21.15.90:0/2748095798 --> [v2:172.21.15.90:6800/1992032630,v1:172.21.15.90:6801/1992032630] -- mgr_command(tid 0: {"prefix": "dashboard ac-user-create", "username": "admin", "rolename": "administrator", "force_password": true, "pwd_update_required": true, "target": ["mon-mgr", ""]}) v1 -- 0x7f1058062200 con 0x7f1040038700
2024-04-06T13:59:08.195 INFO:teuthology.orchestra.run.smithi090.stdout:/usr/bin/ceph: stderr
2024-04-06T13:59:07.814+0000 7f10577fe700 1 -- 172.21.15.90:0/2748095798 <== mgr.14152 v2:172.21.15.90:6800/1992032630 1 ==== mgr_command_reply(tid 0: 0 ) v1 ==== 8+0+252 (secure 0 0 0) 0x7f1058062200 con 0x7f1040038700
2024-04-06T13:59:08.195 INFO:teuthology.orchestra.run.smithi090.stdout:/usr/bin/ceph: stderr
2024-04-06T13:59:07.816+0000 7f1060414700 1 -- 172.21.15.90:0/2748095798 >> [v2:172.21.15.90:6800/1992032630,v1:172.21.15.90:6801/1992032630] conn(0x7f1040038700 msgr2=0x7f104003abc0 secure :-1 s=STATE_CONNECTION_ESTABLISHED l=1).mark_down
2024-04-06T13:59:08.195 INFO:teuthology.orchestra.run.smithi090.stdout:/usr/bin/ceph: stderr
2024-04-06T13:59:07.816+0000 7f1060414700 1 --2- 172.21.15.90:0/2748095798 >> [v2:172.21.15.90:6800/1992032630,v1:172.21.15.90:6801/1992032630] conn(0x7f1040038700 0x7f104003abc0 secure :-1 s=READY pgs=8 cs=0 l=1 rev1=1 crypto rx=0x7f104c006fd0 tx=0x7f104c006e40 comp rx=0 tx=0).stop
2024-04-06T13:59:08.196 INFO:teuthology.orchestra.run.smithi090.stdout:/usr/bin/ceph: stderr
2024-04-06T13:59:07.816+0000 7f1060414700 1 -- 172.21.15.90:0/2748095798 >> [v2:172.21.15.90:3300/0,v1:172.21.15.90:6789/0] conn(0x7f1058105500 msgr2=0x7f105819a510 secure :-1 s=STATE_CONNECTION_ESTABLISHED l=1).mark_down
2024-04-06T13:59:08.196 INFO:teuthology.orchestra.run.smithi090.stdout:/usr/bin/ceph: stderr
2024-04-06T13:59:07.816+0000 7f1060414700 1 --2- 172.21.15.90:0/2748095798 >> [v2:172.21.15.90:3300/0,v1:172.21.15.90:6789/0] conn(0x7f1058105500 0x7f105819a510 secure :-1 s=READY pgs=73 cs=0 l=1 rev1=1 crypto rx=0x7f1050003e60 tx=0x7f1050011a30 comp rx=0 tx=0).stop
2024-04-06T13:59:08.196 INFO:teuthology.orchestra.run.smithi090.stdout:/usr/bin/ceph: stderr
2024-04-06T13:59:07.816+0000 7f1060414700 1 -- 172.21.15.90:0/2748095798 shutdown_connections
2024-04-06T13:59:08.196 INFO:teuthology.orchestra.run.smithi090.stdout:/usr/bin/ceph: stderr
2024-04-06T13:59:07.816+0000 7f1060414700 1 --2- 172.21.15.90:0/2748095798 >> [v2:172.21.15.90:6800/1992032630,v1:172.21.15.90:6801/1992032630] conn(0x7f1040038700 0x7f104003abc0 unknown :-1 s=CLOSED pgs=8 cs=0 l=1 rev1=1 crypto rx=0 tx=0 comp rx=0 tx=0).stop
2024-04-06T13:59:08.196 INFO:teuthology.orchestra.run.smithi090.stdout:/usr/bin/ceph: stderr
2024-04-06T13:59:07.816+0000 7f1060414700 1 --2- 172.21.15.90:0/2748095798 >> [v2:172.21.15.90:3300/0,v1:172.21.15.90:6789/0] conn(0x7f1058105500 0x7f105819a510 unknown :-1 s=CLOSED pgs=73 cs=0 l=1 rev1=1 crypto rx=0 tx=0 comp rx=0 tx=0).stop
2024-04-06T13:59:08.196 INFO:teuthology.orchestra.run.smithi090.stdout:/usr/bin/ceph: stderr
2024-04-06T13:59:07.816+0000 7f1060414700 1 -- 172.21.15.90:0/2748095798 >> 172.21.15.90:0/2748095798 conn(0x7f1058100aa0 msgr2=0x7f1058101a30 unknown :-1 s=STATE_NONE l=0).mark_down
2024-04-06T13:59:08.196 INFO:teuthology.orchestra.run.smithi090.stdout:/usr/bin/ceph: stderr
2024-04-06T13:59:07.816+0000 7f1060414700 1 -- 172.21.15.90:0/2748095798 shutdown_connections
2024-04-06T13:59:08.196 INFO:teuthology.orchestra.run.smithi090.stdout:/usr/bin/ceph: stderr
2024-04-06T13:59:07.816+0000 7f1060414700 1 -- 172.21.15.90:0/2748095798 wait complete.
2024-04-06T13:59:08.196 INFO:teuthology.orchestra.run.smithi090.stdout:Fetching dashboard port number...
2024-04-06T13:59:09.020 INFO:journalctl@ceph.mon.a.smithi090.stdout:Apr 06 13:59:08 smithi090 ceph-mon[43420]: from='client.14166 -' entity='client.admin' cmd=[{"prefix": "dashboard ac-user-create", "username": "admin", "rolename": "administrator", "force_password": true, "pwd_update_required": true, "target": ["mon-mgr", ""]}]: dispatch
2024-04-06T13:59:09.020 INFO:journalctl@ceph.mon.a.smithi090.stdout:Apr 06 13:59:08 smithi090 ceph-mon[43420]: from='mgr.14152 172.21.15.90:0/924898470' entity='mgr.x'
2024-04-06T13:59:09.020 INFO:journalctl@ceph.mon.a.smithi090.stdout:Apr 06 13:59:08 smithi090 ceph-mon[43420]: from='client.? 172.21.15.90:0/4268484816' entity='client.admin' cmd=[{"prefix": "config get", "who": "mgr", "key": "mgr/dashboard/ssl_server_port"}]: dispatch
2024-04-06T13:59:09.056 INFO:teuthology.orchestra.run.smithi090.stdout:/usr/bin/ceph: stdout 8443
2024-04-06T13:59:09.056 INFO:teuthology.orchestra.run.smithi090.stdout:/usr/bin/ceph: stderr
2024-04-06T13:59:08.508+0000 7fa67475a700 1 Processor -- start
2024-04-06T13:59:09.056 INFO:teuthology.orchestra.run.smithi090.stdout:/usr/bin/ceph: stderr
2024-04-06T13:59:08.508+0000 7fa67475a700 1 -- start start
2024-04-06T13:59:09.056 INFO:teuthology.orchestra.run.smithi090.stdout:/usr/bin/ceph: stderr
2024-04-06T13:59:08.508+0000 7fa67475a700 1 --2- >> [v2:172.21.15.90:3300/0,v1:172.21.15.90:6789/0] conn(0x7fa66c1048d0 0x7fa66c104cf0 unknown :-1 s=NONE pgs=0 cs=0 l=0 rev1=0 crypto rx=0 tx=0 comp rx=0 tx=0).connect
2024-04-06T13:59:09.056 INFO:teuthology.orchestra.run.smithi090.stdout:/usr/bin/ceph: stderr
2024-04-06T13:59:08.508+0000 7fa67475a700 1 -- --> [v2:172.21.15.90:3300/0,v1:172.21.15.90:6789/0] -- mon_getmap magic: 0 v1 -- 0x7fa66c1052c0 con 0x7fa66c1048d0
2024-04-06T13:59:09.057 INFO:teuthology.orchestra.run.smithi090.stdout:/usr/bin/ceph: stderr
2024-04-06T13:59:08.508+0000 7fa6724f6700 1 --2- >> [v2:172.21.15.90:3300/0,v1:172.21.15.90:6789/0] conn(0x7fa66c1048d0 0x7fa66c104cf0 unknown :-1 s=BANNER_CONNECTING pgs=0 cs=0 l=0 rev1=0 crypto rx=0 tx=0 comp rx=0 tx=0)._handle_peer_banner_payload supported=3 required=0
2024-04-06T13:59:09.057 INFO:teuthology.orchestra.run.smithi090.stdout:/usr/bin/ceph: stderr
2024-04-06T13:59:08.508+0000 7fa6724f6700 1 --2- >> [v2:172.21.15.90:3300/0,v1:172.21.15.90:6789/0] conn(0x7fa66c1048d0 0x7fa66c104cf0 unknown :-1 s=HELLO_CONNECTING pgs=0 cs=0 l=0 rev1=1 crypto rx=0 tx=0 comp rx=0 tx=0).handle_hello peer v2:172.21.15.90:3300/0 says I am v2:172.21.15.90:58284/0 (socket says 172.21.15.90:58284)
2024-04-06T13:59:09.057 INFO:teuthology.orchestra.run.smithi090.stdout:/usr/bin/ceph: stderr
2024-04-06T13:59:08.508+0000 7fa6724f6700 1 -- 172.21.15.90:0/1044845603 learned_addr learned my addr 172.21.15.90:0/1044845603 (peer_addr_for_me v2:172.21.15.90:0/0)
2024-04-06T13:59:09.057 INFO:teuthology.orchestra.run.smithi090.stdout:/usr/bin/ceph: stderr
2024-04-06T13:59:08.509+0000 7fa6724f6700 1 -- 172.21.15.90:0/1044845603 --> [v2:172.21.15.90:3300/0,v1:172.21.15.90:6789/0] -- mon_subscribe({config=0+,monmap=0+}) v3 -- 0x7fa66c105400 con 0x7fa66c1048d0
2024-04-06T13:59:09.057 INFO:teuthology.orchestra.run.smithi090.stdout:/usr/bin/ceph: stderr
2024-04-06T13:59:08.509+0000 7fa6724f6700 1 --2- 172.21.15.90:0/1044845603 >> [v2:172.21.15.90:3300/0,v1:172.21.15.90:6789/0] conn(0x7fa66c1048d0 0x7fa66c104cf0 secure :-1 s=READY pgs=74 cs=0 l=1 rev1=1 crypto rx=0x7fa6680098a0 tx=0x7fa668009bb0 comp rx=0 tx=0).ready entity=mon.0 client_cookie=f21059c356acc772 server_cookie=0 in_seq=0 out_seq=0
2024-04-06T13:59:09.057 INFO:teuthology.orchestra.run.smithi090.stdout:/usr/bin/ceph: stderr
2024-04-06T13:59:08.509+0000 7fa6714f4700 1 -- 172.21.15.90:0/1044845603 <== mon.0 v2:172.21.15.90:3300/0 1 ==== mon_map magic: 0 v1 ==== 205+0+0 (secure 0 0 0) 0x7fa668004160 con 0x7fa66c1048d0
2024-04-06T13:59:09.057 INFO:teuthology.orchestra.run.smithi090.stdout:/usr/bin/ceph: stderr
2024-04-06T13:59:08.509+0000 7fa6714f4700 1 -- 172.21.15.90:0/1044845603 <== mon.0 v2:172.21.15.90:3300/0 2 ==== config(26 keys) v1 ==== 1105+0+0 (secure 0 0 0) 0x7fa6680042c0 con 0x7fa66c1048d0
2024-04-06T13:59:09.057 INFO:teuthology.orchestra.run.smithi090.stdout:/usr/bin/ceph: stderr
2024-04-06T13:59:08.509+0000 7fa6714f4700 1 -- 172.21.15.90:0/1044845603 <== mon.0 v2:172.21.15.90:3300/0 3 ==== mon_map magic: 0 v1 ==== 205+0+0 (secure 0 0 0) 0x7fa6680119b0 con 0x7fa66c1048d0
2024-04-06T13:59:09.057 INFO:teuthology.orchestra.run.smithi090.stdout:/usr/bin/ceph: stderr
2024-04-06T13:59:08.509+0000 7fa67475a700 1 -- 172.21.15.90:0/1044845603 >> [v2:172.21.15.90:3300/0,v1:172.21.15.90:6789/0] conn(0x7fa66c1048d0 msgr2=0x7fa66c104cf0 secure :-1 s=STATE_CONNECTION_ESTABLISHED l=1).mark_down
2024-04-06T13:59:09.057 INFO:teuthology.orchestra.run.smithi090.stdout:/usr/bin/ceph: stderr
2024-04-06T13:59:08.509+0000 7fa67475a700 1 --2- 172.21.15.90:0/1044845603 >> [v2:172.21.15.90:3300/0,v1:172.21.15.90:6789/0] conn(0x7fa66c1048d0 0x7fa66c104cf0 secure :-1 s=READY pgs=74 cs=0 l=1 rev1=1 crypto rx=0x7fa6680098a0 tx=0x7fa668009bb0 comp rx=0 tx=0).stop
2024-04-06T13:59:09.057 INFO:teuthology.orchestra.run.smithi090.stdout:/usr/bin/ceph: stderr
2024-04-06T13:59:08.509+0000 7fa67475a700 1 -- 172.21.15.90:0/1044845603 shutdown_connections
2024-04-06T13:59:09.057 INFO:teuthology.orchestra.run.smithi090.stdout:/usr/bin/ceph: stderr
2024-04-06T13:59:08.509+0000 7fa67475a700 1 --2- 172.21.15.90:0/1044845603 >> [v2:172.21.15.90:3300/0,v1:172.21.15.90:6789/0] conn(0x7fa66c1048d0 0x7fa66c104cf0 unknown :-1 s=CLOSED pgs=74 cs=0 l=1 rev1=1 crypto rx=0 tx=0 comp rx=0 tx=0).stop
2024-04-06T13:59:09.057 INFO:teuthology.orchestra.run.smithi090.stdout:/usr/bin/ceph: stderr
2024-04-06T13:59:08.509+0000 7fa67475a700 1 -- 172.21.15.90:0/1044845603 >> 172.21.15.90:0/1044845603 conn(0x7fa66c1002b0 msgr2=0x7fa66c1026d0 unknown :-1 s=STATE_NONE l=0).mark_down
2024-04-06T13:59:09.058 INFO:teuthology.orchestra.run.smithi090.stdout:/usr/bin/ceph: stderr
2024-04-06T13:59:08.510+0000 7fa67475a700 1 -- 172.21.15.90:0/1044845603 shutdown_connections
2024-04-06T13:59:09.058 INFO:teuthology.orchestra.run.smithi090.stdout:/usr/bin/ceph: stderr
2024-04-06T13:59:08.510+0000 7fa67475a700 1 -- 172.21.15.90:0/1044845603 wait complete.
2024-04-06T13:59:09.058 INFO:teuthology.orchestra.run.smithi090.stdout:/usr/bin/ceph: stderr
2024-04-06T13:59:08.510+0000 7fa67475a700 1 Processor -- start
2024-04-06T13:59:09.058 INFO:teuthology.orchestra.run.smithi090.stdout:/usr/bin/ceph: stderr
2024-04-06T13:59:08.510+0000 7fa67475a700 1 -- start start
2024-04-06T13:59:09.058 INFO:teuthology.orchestra.run.smithi090.stdout:/usr/bin/ceph: stderr
2024-04-06T13:59:08.510+0000 7fa67475a700 1 --2- >> [v2:172.21.15.90:3300/0,v1:172.21.15.90:6789/0] conn(0x7fa66c1048d0 0x7fa66c19a440 unknown :-1 s=NONE pgs=0 cs=0 l=1 rev1=0 crypto rx=0 tx=0 comp rx=0 tx=0).connect
2024-04-06T13:59:09.058 INFO:teuthology.orchestra.run.smithi090.stdout:/usr/bin/ceph: stderr
2024-04-06T13:59:08.510+0000 7fa67475a700 1 -- --> [v2:172.21.15.90:3300/0,v1:172.21.15.90:6789/0] -- mon_getmap magic: 0 v1 -- 0x7fa66c19a980 con 0x7fa66c1048d0
2024-04-06T13:59:09.058 INFO:teuthology.orchestra.run.smithi090.stdout:/usr/bin/ceph: stderr
2024-04-06T13:59:08.510+0000 7fa6724f6700 1 --2- >> [v2:172.21.15.90:3300/0,v1:172.21.15.90:6789/0] conn(0x7fa66c1048d0 0x7fa66c19a440 unknown :-1 s=BANNER_CONNECTING pgs=0 cs=0 l=1 rev1=0 crypto rx=0 tx=0 comp rx=0 tx=0)._handle_peer_banner_payload supported=3 required=0
2024-04-06T13:59:09.058 INFO:teuthology.orchestra.run.smithi090.stdout:/usr/bin/ceph: stderr
2024-04-06T13:59:08.510+0000 7fa6724f6700 1 --2- >> [v2:172.21.15.90:3300/0,v1:172.21.15.90:6789/0] conn(0x7fa66c1048d0 0x7fa66c19a440 unknown :-1 s=HELLO_CONNECTING pgs=0 cs=0 l=1 rev1=1 crypto rx=0 tx=0 comp rx=0 tx=0).handle_hello peer v2:172.21.15.90:3300/0 says I am v2:172.21.15.90:58300/0 (socket says 172.21.15.90:58300)
