2024-04-06T13:58:28.340+0000 7fac1a59c700 1 --2- 172.21.15.90:0/2449857800 >> [v2:172.21.15.90:3300/0,v1:172.21.15.90:6789/0] conn(0x7fac1c107080 0x7fac1c106a90 secure :-1 s=READY pgs=19 cs=0 l=1 rev1=1 crypto rx=0x7fac10009fb0 tx=0x7fac10011ad0 comp rx=0 tx=0).ready entity=mon.0 client_cookie=0 server_cookie=0 in_seq=0 out_seq=0
2024-04-06T13:58:30.757 INFO:teuthology.orchestra.run.smithi090.stdout:/usr/bin/ceph: stderr
2024-04-06T13:58:28.340+0000 7fac0b7fe700 1 -- 172.21.15.90:0/2449857800 <== mon.0 v2:172.21.15.90:3300/0 1 ==== mon_map magic: 0 v1 ==== 205+0+0 (secure 0 0 0) 0x7fac10003a40 con 0x7fac1c107080
2024-04-06T13:58:30.757 INFO:teuthology.orchestra.run.smithi090.stdout:/usr/bin/ceph: stderr
2024-04-06T13:58:28.340+0000 7fac20d9a700 1 -- 172.21.15.90:0/2449857800 --> [v2:172.21.15.90:3300/0,v1:172.21.15.90:6789/0] -- mon_subscribe({mgrmap=0+}) v3 -- 0x7fac1c105230 con 0x7fac1c107080
2024-04-06T13:58:30.757 INFO:teuthology.orchestra.run.smithi090.stdout:/usr/bin/ceph: stderr
2024-04-06T13:58:28.340+0000 7fac0b7fe700 1 -- 172.21.15.90:0/2449857800 <== mon.0 v2:172.21.15.90:3300/0 2 ==== config(26 keys) v1 ==== 1074+0+0 (secure 0 0 0) 0x7fac10003ba0 con 0x7fac1c107080
2024-04-06T13:58:30.757 INFO:teuthology.orchestra.run.smithi090.stdout:/usr/bin/ceph: stderr
2024-04-06T13:58:28.340+0000 7fac0b7fe700 1 -- 172.21.15.90:0/2449857800 <== mon.0 v2:172.21.15.90:3300/0 3 ==== mon_map magic: 0 v1 ==== 205+0+0 (secure 0 0 0) 0x7fac1001a750 con 0x7fac1c107080
2024-04-06T13:58:30.757 INFO:teuthology.orchestra.run.smithi090.stdout:/usr/bin/ceph: stderr
2024-04-06T13:58:28.341+0000 7fac20d9a700 1 -- 172.21.15.90:0/2449857800 --> [v2:172.21.15.90:3300/0,v1:172.21.15.90:6789/0] -- mon_subscribe({osdmap=0}) v3 -- 0x7fac1c1056d0 con 0x7fac1c107080
2024-04-06T13:58:30.758 INFO:teuthology.orchestra.run.smithi090.stdout:/usr/bin/ceph: stderr
2024-04-06T13:58:28.341+0000 7fac0b7fe700 1 -- 172.21.15.90:0/2449857800 <== mon.0 v2:172.21.15.90:3300/0 4 ==== mgrmap(e 3) v1 ==== 45424+0+0 (secure 0 0 0) 0x7fac1001a9d0 con 0x7fac1c107080
2024-04-06T13:58:30.758 INFO:teuthology.orchestra.run.smithi090.stdout:/usr/bin/ceph: stderr
2024-04-06T13:58:28.342+0000 7fac20d9a700 1 -- 172.21.15.90:0/2449857800 --> [v2:172.21.15.90:3300/0,v1:172.21.15.90:6789/0] -- mon_command({"prefix": "get_command_descriptions"} v 0) v1 -- 0x7fac1c075420 con 0x7fac1c107080
2024-04-06T13:58:30.758 INFO:teuthology.orchestra.run.smithi090.stdout:/usr/bin/ceph: stderr
2024-04-06T13:58:28.342+0000 7fac0b7fe700 1 --2- 172.21.15.90:0/2449857800 >> [v2:172.21.15.90:6800/1491440652,v1:172.21.15.90:6801/1491440652] conn(0x7fac04038540 0x7fac0403aa00 unknown :-1 s=NONE pgs=0 cs=0 l=1 rev1=0 crypto rx=0 tx=0 comp rx=0 tx=0).connect
2024-04-06T13:58:30.758 INFO:teuthology.orchestra.run.smithi090.stdout:/usr/bin/ceph: stderr
2024-04-06T13:58:28.342+0000 7fac0b7fe700 1 -- 172.21.15.90:0/2449857800 <== mon.0 v2:172.21.15.90:3300/0 5 ==== osd_map(1..1 src has 1..1) v4 ==== 725+0+0 (secure 0 0 0) 0x7fac1004c130 con 0x7fac1c107080
2024-04-06T13:58:30.758 INFO:teuthology.orchestra.run.smithi090.stdout:/usr/bin/ceph: stderr
2024-04-06T13:58:28.342+0000 7fac19d9b700 1 --2- 172.21.15.90:0/2449857800 >> [v2:172.21.15.90:6800/1491440652,v1:172.21.15.90:6801/1491440652] conn(0x7fac04038540 0x7fac0403aa00 unknown :-1 s=BANNER_CONNECTING pgs=0 cs=0 l=1 rev1=0 crypto rx=0 tx=0 comp rx=0 tx=0)._handle_peer_banner_payload supported=3 required=0
2024-04-06T13:58:30.758 INFO:teuthology.orchestra.run.smithi090.stdout:/usr/bin/ceph: stderr
2024-04-06T13:58:28.342+0000 7fac19d9b700 1 --2- 172.21.15.90:0/2449857800 >> [v2:172.21.15.90:6800/1491440652,v1:172.21.15.90:6801/1491440652] conn(0x7fac04038540 0x7fac0403aa00 secure :-1 s=READY pgs=6 cs=0 l=1 rev1=1 crypto rx=0x7fac0c006fd0 tx=0x7fac0c006e40 comp rx=0 tx=0).ready entity=mgr.14100 client_cookie=0 server_cookie=0 in_seq=0 out_seq=0
2024-04-06T13:58:30.758 INFO:teuthology.orchestra.run.smithi090.stdout:/usr/bin/ceph: stderr
2024-04-06T13:58:28.347+0000 7fac0b7fe700 1 -- 172.21.15.90:0/2449857800 <== mon.0 v2:172.21.15.90:3300/0 6 ==== mon_command_ack([{"prefix": "get_command_descriptions"}]=0 v0) v1 ==== 72+0+182936 (secure 0 0 0) 0x7fac100189a0 con 0x7fac1c107080
2024-04-06T13:58:30.758 INFO:teuthology.orchestra.run.smithi090.stdout:/usr/bin/ceph: stderr
2024-04-06T13:58:28.615+0000 7fac0b7fe700 1 -- 172.21.15.90:0/2449857800 <== mon.0 v2:172.21.15.90:3300/0 7 ==== mgrmap(e 4) v1 ==== 45530+0+0 (secure 0 0 0) 0x7fac1002d960 con 0x7fac1c107080
2024-04-06T13:58:30.758 INFO:teuthology.orchestra.run.smithi090.stdout:/usr/bin/ceph: stderr
2024-04-06T13:58:28.623+0000 7fac20d9a700 1 -- 172.21.15.90:0/2449857800 --> [v2:172.21.15.90:3300/0,v1:172.21.15.90:6789/0] -- mon_command({"prefix": "status", "format": "json-pretty"} v 0) v1 -- 0x7fac1c10a7b0 con 0x7fac1c107080
2024-04-06T13:58:30.758 INFO:teuthology.orchestra.run.smithi090.stdout:/usr/bin/ceph: stderr
2024-04-06T13:58:28.623+0000 7fac0b7fe700 1 -- 172.21.15.90:0/2449857800 <== mon.0 v2:172.21.15.90:3300/0 8 ==== mon_command_ack([{"prefix": "status", "format": "json-pretty"}]=0 v0) v1 ==== 79+0+1238 (secure 0 0 0) 0x7fac10018b80 con 0x7fac1c107080
2024-04-06T13:58:30.758 INFO:teuthology.orchestra.run.smithi090.stdout:/usr/bin/ceph: stderr
2024-04-06T13:58:28.625+0000 7fac20d9a700 1 -- 172.21.15.90:0/2449857800 >> [v2:172.21.15.90:6800/1491440652,v1:172.21.15.90:6801/1491440652] conn(0x7fac04038540 msgr2=0x7fac0403aa00 secure :-1 s=STATE_CONNECTION_ESTABLISHED l=1).mark_down
2024-04-06T13:58:30.758 INFO:teuthology.orchestra.run.smithi090.stdout:/usr/bin/ceph: stderr
2024-04-06T13:58:28.625+0000 7fac20d9a700 1 --2- 172.21.15.90:0/2449857800 >> [v2:172.21.15.90:6800/1491440652,v1:172.21.15.90:6801/1491440652] conn(0x7fac04038540 0x7fac0403aa00 secure :-1 s=READY pgs=6 cs=0 l=1 rev1=1 crypto rx=0x7fac0c006fd0 tx=0x7fac0c006e40 comp rx=0 tx=0).stop
2024-04-06T13:58:30.758 INFO:teuthology.orchestra.run.smithi090.stdout:/usr/bin/ceph: stderr
2024-04-06T13:58:28.625+0000 7fac20d9a700 1 -- 172.21.15.90:0/2449857800 >> [v2:172.21.15.90:3300/0,v1:172.21.15.90:6789/0] conn(0x7fac1c107080 msgr2=0x7fac1c106a90 secure :-1 s=STATE_CONNECTION_ESTABLISHED l=1).mark_down
2024-04-06T13:58:30.759 INFO:teuthology.orchestra.run.smithi090.stdout:/usr/bin/ceph: stderr
2024-04-06T13:58:28.625+0000 7fac20d9a700 1 --2- 172.21.15.90:0/2449857800 >> [v2:172.21.15.90:3300/0,v1:172.21.15.90:6789/0] conn(0x7fac1c107080 0x7fac1c106a90 secure :-1 s=READY pgs=19 cs=0 l=1 rev1=1 crypto rx=0x7fac10009fb0 tx=0x7fac10011ad0 comp rx=0 tx=0).stop
2024-04-06T13:58:30.759 INFO:teuthology.orchestra.run.smithi090.stdout:/usr/bin/ceph: stderr
2024-04-06T13:58:28.626+0000 7fac20d9a700 1 -- 172.21.15.90:0/2449857800 shutdown_connections
2024-04-06T13:58:30.759 INFO:teuthology.orchestra.run.smithi090.stdout:/usr/bin/ceph: stderr
2024-04-06T13:58:28.626+0000 7fac20d9a700 1 --2- 172.21.15.90:0/2449857800 >> [v2:172.21.15.90:6800/1491440652,v1:172.21.15.90:6801/1491440652] conn(0x7fac04038540 0x7fac0403aa00 unknown :-1 s=CLOSED pgs=6 cs=0 l=1 rev1=1 crypto rx=0 tx=0 comp rx=0 tx=0).stop
2024-04-06T13:58:30.759 INFO:teuthology.orchestra.run.smithi090.stdout:/usr/bin/ceph: stderr
2024-04-06T13:58:28.626+0000 7fac20d9a700 1 --2- 172.21.15.90:0/2449857800 >> [v2:172.21.15.90:3300/0,v1:172.21.15.90:6789/0] conn(0x7fac1c107080 0x7fac1c106a90 unknown :-1 s=CLOSED pgs=19 cs=0 l=1 rev1=1 crypto rx=0 tx=0 comp rx=0 tx=0).stop
2024-04-06T13:58:30.759 INFO:teuthology.orchestra.run.smithi090.stdout:/usr/bin/ceph: stderr
2024-04-06T13:58:28.626+0000 7fac20d9a700 1 -- 172.21.15.90:0/2449857800 >> 172.21.15.90:0/2449857800 conn(0x7fac1c100a90 msgr2=0x7fac1c101640 unknown :-1 s=STATE_NONE l=0).mark_down
2024-04-06T13:58:30.759 INFO:teuthology.orchestra.run.smithi090.stdout:/usr/bin/ceph: stderr
2024-04-06T13:58:28.626+0000 7fac20d9a700 1 -- 172.21.15.90:0/2449857800 shutdown_connections
2024-04-06T13:58:30.759 INFO:teuthology.orchestra.run.smithi090.stdout:/usr/bin/ceph: stderr
2024-04-06T13:58:28.626+0000 7fac20d9a700 1 -- 172.21.15.90:0/2449857800 wait complete.
2024-04-06T13:58:30.759 INFO:teuthology.orchestra.run.smithi090.stdout:mgr is available
2024-04-06T13:58:33.538 INFO:journalctl@ceph.mon.a.smithi090.stdout:Apr 06 13:58:33 smithi090 ceph-mon[43420]: from='client.? 172.21.15.90:0/2754692855' entity='client.admin' cmd=[{"prefix": "config assimilate-conf"}]: dispatch
2024-04-06T13:58:34.351 INFO:teuthology.orchestra.run.smithi090.stdout:/usr/bin/ceph: stdout
2024-04-06T13:58:34.352 INFO:teuthology.orchestra.run.smithi090.stdout:/usr/bin/ceph: stdout [global]
2024-04-06T13:58:34.352 INFO:teuthology.orchestra.run.smithi090.stdout:/usr/bin/ceph: stdout fsid = 949dca1a-f41d-11ee-b649-cb9ed24678a4
2024-04-06T13:58:34.352 INFO:teuthology.orchestra.run.smithi090.stdout:/usr/bin/ceph: stdout mon_osd_allow_pg_remap = true
2024-04-06T13:58:34.352 INFO:teuthology.orchestra.run.smithi090.stdout:/usr/bin/ceph: stdout mon_osd_allow_primary_affinity = true
2024-04-06T13:58:34.352 INFO:teuthology.orchestra.run.smithi090.stdout:/usr/bin/ceph: stdout mon_warn_on_no_sortbitwise = false
2024-04-06T13:58:34.352 INFO:teuthology.orchestra.run.smithi090.stdout:/usr/bin/ceph: stdout osd_crush_chooseleaf_type = 0
2024-04-06T13:58:34.352 INFO:teuthology.orchestra.run.smithi090.stdout:/usr/bin/ceph: stdout
2024-04-06T13:58:34.352 INFO:teuthology.orchestra.run.smithi090.stdout:/usr/bin/ceph: stdout [mgr]
2024-04-06T13:58:34.352 INFO:teuthology.orchestra.run.smithi090.stdout:/usr/bin/ceph: stdout mgr/telemetry/nag = false
2024-04-06T13:58:34.352 INFO:teuthology.orchestra.run.smithi090.stdout:/usr/bin/ceph: stdout
2024-04-06T13:58:34.352 INFO:teuthology.orchestra.run.smithi090.stdout:/usr/bin/ceph: stdout [osd]
2024-04-06T13:58:34.353 INFO:teuthology.orchestra.run.smithi090.stdout:/usr/bin/ceph: stdout mon_osd_backfillfull_ratio = 0.85
2024-04-06T13:58:34.353 INFO:teuthology.orchestra.run.smithi090.stdout:/usr/bin/ceph: stdout mon_osd_full_ratio = 0.9
2024-04-06T13:58:34.353 INFO:teuthology.orchestra.run.smithi090.stdout:/usr/bin/ceph: stdout mon_osd_nearfull_ratio = 0.8
2024-04-06T13:58:34.353 INFO:teuthology.orchestra.run.smithi090.stdout:/usr/bin/ceph: stdout osd_map_max_advance = 10
2024-04-06T13:58:34.353 INFO:teuthology.orchestra.run.smithi090.stdout:/usr/bin/ceph: stdout osd_sloppy_crc = true
2024-04-06T13:58:34.353 INFO:teuthology.orchestra.run.smithi090.stdout:/usr/bin/ceph: stderr
2024-04-06T13:58:32.348+0000 7f5677b48700 1 Processor -- start
2024-04-06T13:58:34.353 INFO:teuthology.orchestra.run.smithi090.stdout:/usr/bin/ceph: stderr
2024-04-06T13:58:32.348+0000 7f5677b48700 1 -- start start
2024-04-06T13:58:34.353 INFO:teuthology.orchestra.run.smithi090.stdout:/usr/bin/ceph: stderr
2024-04-06T13:58:32.348+0000 7f5677b48700 1 --2- >> [v2:172.21.15.90:3300/0,v1:172.21.15.90:6789/0] conn(0x7f5670107070 0x7f5670109460 unknown :-1 s=NONE pgs=0 cs=0 l=0 rev1=0 crypto rx=0 tx=0 comp rx=0 tx=0).connect
2024-04-06T13:58:34.353 INFO:teuthology.orchestra.run.smithi090.stdout:/usr/bin/ceph: stderr
2024-04-06T13:58:32.348+0000 7f5677b48700 1 -- --> [v2:172.21.15.90:3300/0,v1:172.21.15.90:6789/0] -- mon_getmap magic: 0 v1 -- 0x7f5670079ec0 con 0x7f5670107070
2024-04-06T13:58:34.353 INFO:teuthology.orchestra.run.smithi090.stdout:/usr/bin/ceph: stderr
2024-04-06T13:58:32.349+0000 7f56758e4700 1 --2- >> [v2:172.21.15.90:3300/0,v1:172.21.15.90:6789/0] conn(0x7f5670107070 0x7f5670109460 unknown :-1 s=BANNER_CONNECTING pgs=0 cs=0 l=0 rev1=0 crypto rx=0 tx=0 comp rx=0 tx=0)._handle_peer_banner_payload supported=3 required=0
2024-04-06T13:58:34.353 INFO:teuthology.orchestra.run.smithi090.stdout:/usr/bin/ceph: stderr
2024-04-06T13:58:32.349+0000 7f56758e4700 1 --2- >> [v2:172.21.15.90:3300/0,v1:172.21.15.90:6789/0] conn(0x7f5670107070 0x7f5670109460 unknown :-1 s=HELLO_CONNECTING pgs=0 cs=0 l=0 rev1=1 crypto rx=0 tx=0 comp rx=0 tx=0).handle_hello peer v2:172.21.15.90:3300/0 says I am v2:172.21.15.90:55396/0 (socket says 172.21.15.90:55396)
2024-04-06T13:58:34.353 INFO:teuthology.orchestra.run.smithi090.stdout:/usr/bin/ceph: stderr
2024-04-06T13:58:32.349+0000 7f56758e4700 1 -- 172.21.15.90:0/748864332 learned_addr learned my addr 172.21.15.90:0/748864332 (peer_addr_for_me v2:172.21.15.90:0/0)
2024-04-06T13:58:34.353 INFO:teuthology.orchestra.run.smithi090.stdout:/usr/bin/ceph: stderr
2024-04-06T13:58:32.349+0000 7f56758e4700 1 -- 172.21.15.90:0/748864332 --> [v2:172.21.15.90:3300/0,v1:172.21.15.90:6789/0] -- mon_subscribe({config=0+,monmap=0+}) v3 -- 0x7f56701099a0 con 0x7f5670107070
2024-04-06T13:58:34.354 INFO:teuthology.orchestra.run.smithi090.stdout:/usr/bin/ceph: stderr
2024-04-06T13:58:32.349+0000 7f56758e4700 1 --2- 172.21.15.90:0/748864332 >> [v2:172.21.15.90:3300/0,v1:172.21.15.90:6789/0] conn(0x7f5670107070 0x7f5670109460 secure :-1 s=READY pgs=20 cs=0 l=1 rev1=1 crypto rx=0x7f56640098a0 tx=0x7f5664009bb0 comp rx=0 tx=0).ready entity=mon.0 client_cookie=2ddb6aa68900b9f7 server_cookie=0 in_seq=0 out_seq=0
2024-04-06T13:58:34.354 INFO:teuthology.orchestra.run.smithi090.stdout:/usr/bin/ceph: stderr
2024-04-06T13:58:32.349+0000 7f56748e2700 1 -- 172.21.15.90:0/748864332 <== mon.0 v2:172.21.15.90:3300/0 1 ==== mon_map magic: 0 v1 ==== 205+0+0 (secure 0 0 0) 0x7f5664004160 con 0x7f5670107070
2024-04-06T13:58:34.354 INFO:teuthology.orchestra.run.smithi090.stdout:/usr/bin/ceph: stderr
2024-04-06T13:58:32.349+0000 7f56748e2700 1 -- 172.21.15.90:0/748864332 <== mon.0 v2:172.21.15.90:3300/0 2 ==== config(26 keys) v1 ==== 1074+0+0 (secure 0 0 0) 0x7f56640042c0 con 0x7f5670107070
2024-04-06T13:58:34.354 INFO:teuthology.orchestra.run.smithi090.stdout:/usr/bin/ceph: stderr
2024-04-06T13:58:32.349+0000 7f56748e2700 1 -- 172.21.15.90:0/748864332 <== mon.0 v2:172.21.15.90:3300/0 3 ==== mon_map magic: 0 v1 ==== 205+0+0 (secure 0 0 0) 0x7f5664011a00 con 0x7f5670107070
2024-04-06T13:58:34.354 INFO:teuthology.orchestra.run.smithi090.stdout:/usr/bin/ceph: stderr
2024-04-06T13:58:32.350+0000 7f5677b48700 1 -- 172.21.15.90:0/748864332 >> [v2:172.21.15.90:3300/0,v1:172.21.15.90:6789/0] conn(0x7f5670107070 msgr2=0x7f5670109460 secure :-1 s=STATE_CONNECTION_ESTABLISHED l=1).mark_down
2024-04-06T13:58:34.354 INFO:teuthology.orchestra.run.smithi090.stdout:/usr/bin/ceph: stderr
2024-04-06T13:58:32.350+0000 7f5677b48700 1 --2- 172.21.15.90:0/748864332 >> [v2:172.21.15.90:3300/0,v1:172.21.15.90:6789/0] conn(0x7f5670107070 0x7f5670109460 secure :-1 s=READY pgs=20 cs=0 l=1 rev1=1 crypto rx=0x7f56640098a0 tx=0x7f5664009bb0 comp rx=0 tx=0).stop
2024-04-06T13:58:34.354 INFO:teuthology.orchestra.run.smithi090.stdout:/usr/bin/ceph: stderr
2024-04-06T13:58:32.350+0000 7f5677b48700 1 -- 172.21.15.90:0/748864332 shutdown_connections
2024-04-06T13:58:34.354 INFO:teuthology.orchestra.run.smithi090.stdout:/usr/bin/ceph: stderr
2024-04-06T13:58:32.350+0000 7f5677b48700 1 --2- 172.21.15.90:0/748864332 >> [v2:172.21.15.90:3300/0,v1:172.21.15.90:6789/0] conn(0x7f5670107070 0x7f5670109460 unknown :-1 s=CLOSED pgs=20 cs=0 l=1 rev1=1 crypto rx=0 tx=0 comp rx=0 tx=0).stop
2024-04-06T13:58:34.354 INFO:teuthology.orchestra.run.smithi090.stdout:/usr/bin/ceph: stderr
2024-04-06T13:58:32.350+0000 7f5677b48700 1 -- 172.21.15.90:0/748864332 >> 172.21.15.90:0/748864332 conn(0x7f5670100aa0 msgr2=0x7f5670102ee0 unknown :-1 s=STATE_NONE l=0).mark_down
2024-04-06T13:58:34.354 INFO:teuthology.orchestra.run.smithi090.stdout:/usr/bin/ceph: stderr
2024-04-06T13:58:32.350+0000 7f5677b48700 1 -- 172.21.15.90:0/748864332 shutdown_connections
2024-04-06T13:58:34.354 INFO:teuthology.orchestra.run.smithi090.stdout:/usr/bin/ceph: stderr
2024-04-06T13:58:32.350+0000 7f5677b48700 1 -- 172.21.15.90:0/748864332 wait complete.
2024-04-06T13:58:34.354 INFO:teuthology.orchestra.run.smithi090.stdout:/usr/bin/ceph: stderr
2024-04-06T13:58:32.351+0000 7f5677b48700 1 Processor -- start
2024-04-06T13:58:34.355 INFO:teuthology.orchestra.run.smithi090.stdout:/usr/bin/ceph: stderr
2024-04-06T13:58:32.351+0000 7f5677b48700 1 -- start start
2024-04-06T13:58:34.355 INFO:teuthology.orchestra.run.smithi090.stdout:/usr/bin/ceph: stderr
2024-04-06T13:58:32.351+0000 7f5677b48700 1 --2- >> [v2:172.21.15.90:3300/0,v1:172.21.15.90:6789/0] conn(0x7f5670107070 0x7f567019a480 unknown :-1 s=NONE pgs=0 cs=0 l=1 rev1=0 crypto rx=0 tx=0 comp rx=0 tx=0).connect
2024-04-06T13:58:34.355 INFO:teuthology.orchestra.run.smithi090.stdout:/usr/bin/ceph: stderr
2024-04-06T13:58:32.351+0000 7f5677b48700 1 -- --> [v2:172.21.15.90:3300/0,v1:172.21.15.90:6789/0] -- mon_getmap magic: 0 v1 -- 0x7f567019a9c0 con 0x7f5670107070
2024-04-06T13:58:34.355 INFO:teuthology.orchestra.run.smithi090.stdout:/usr/bin/ceph: stderr
2024-04-06T13:58:32.351+0000 7f56758e4700 1 --2- >> [v2:172.21.15.90:3300/0,v1:172.21.15.90:6789/0] conn(0x7f5670107070 0x7f567019a480 unknown :-1 s=BANNER_CONNECTING pgs=0 cs=0 l=1 rev1=0 crypto rx=0 tx=0 comp rx=0 tx=0)._handle_peer_banner_payload supported=3 required=0
2024-04-06T13:58:34.355 INFO:teuthology.orchestra.run.smithi090.stdout:/usr/bin/ceph: stderr
2024-04-06T13:58:32.351+0000 7f56758e4700 1 --2- >> [v2:172.21.15.90:3300/0,v1:172.21.15.90:6789/0] conn(0x7f5670107070 0x7f567019a480 unknown :-1 s=HELLO_CONNECTING pgs=0 cs=0 l=1 rev1=1 crypto rx=0 tx=0 comp rx=0 tx=0).handle_hello peer v2:172.21.15.90:3300/0 says I am v2:172.21.15.90:55398/0 (socket says 172.21.15.90:55398)
2024-04-06T13:58:34.355 INFO:teuthology.orchestra.run.smithi090.stdout:/usr/bin/ceph: stderr
2024-04-06T13:58:32.351+0000 7f56758e4700 1 -- 172.21.15.90:0/2754692855 learned_addr learned my addr 172.21.15.90:0/2754692855 (peer_addr_for_me v2:172.21.15.90:0/0)
2024-04-06T13:58:34.355 INFO:teuthology.orchestra.run.smithi090.stdout:/usr/bin/ceph: stderr
2024-04-06T13:58:32.351+0000 7f56758e4700 1 -- 172.21.15.90:0/2754692855 --> [v2:172.21.15.90:3300/0,v1:172.21.15.90:6789/0] -- mon_subscribe({config=0+,monmap=0+}) v3 -- 0x7f5664009550 con 0x7f5670107070
2024-04-06T13:58:34.355 INFO:teuthology.orchestra.run.smithi090.stdout:/usr/bin/ceph: stderr
2024-04-06T13:58:32.351+0000 7f56758e4700 1 --2- 172.21.15.90:0/2754692855 >> [v2:172.21.15.90:3300/0,v1:172.21.15.90:6789/0] conn(0x7f5670107070 0x7f567019a480 secure :-1 s=READY pgs=21 cs=0 l=1 rev1=1 crypto rx=0x7f5664011a20 tx=0x7f5664011b00 comp rx=0 tx=0).ready entity=mon.0 client_cookie=0 server_cookie=0 in_seq=0 out_seq=0
2024-04-06T13:58:34.355 INFO:teuthology.orchestra.run.smithi090.stdout:/usr/bin/ceph: stderr
2024-04-06T13:58:32.351+0000 7f5662ffd700 1 -- 172.21.15.90:0/2754692855 <== mon.0 v2:172.21.15.90:3300/0 1 ==== mon_map magic: 0 v1 ==== 205+0+0 (secure 0 0 0) 0x7f5664003af0 con 0x7f5670107070
2024-04-06T13:58:34.355 INFO:teuthology.orchestra.run.smithi090.stdout:/usr/bin/ceph: stderr
2024-04-06T13:58:32.352+0000 7f5662ffd700 1 -- 172.21.15.90:0/2754692855 <== mon.0 v2:172.21.15.90:3300/0 2 ==== config(26 keys) v1 ==== 1074+0+0 (secure 0 0 0) 0x7f5664003c50 con 0x7f5670107070
2024-04-06T13:58:34.355 INFO:teuthology.orchestra.run.smithi090.stdout:/usr/bin/ceph: stderr
2024-04-06T13:58:32.352+0000 7f5677b48700 1 -- 172.21.15.90:0/2754692855 --> [v2:172.21.15.90:3300/0,v1:172.21.15.90:6789/0] -- mon_subscribe({mgrmap=0+}) v3 -- 0x7f567019abc0 con 0x7f5670107070
2024-04-06T13:58:34.355 INFO:teuthology.orchestra.run.smithi090.stdout:/usr/bin/ceph: stderr
2024-04-06T13:58:32.352+0000 7f5662ffd700 1 -- 172.21.15.90:0/2754692855 <== mon.0 v2:172.21.15.90:3300/0 3 ==== mon_map magic: 0 v1 ==== 205+0+0 (secure 0 0 0) 0x7f5664019760 con 0x7f5670107070
2024-04-06T13:58:34.356 INFO:teuthology.orchestra.run.smithi090.stdout:/usr/bin/ceph: stderr
2024-04-06T13:58:32.352+0000 7f5677b48700 1 -- 172.21.15.90:0/2754692855 --> [v2:172.21.15.90:3300/0,v1:172.21.15.90:6789/0] -- mon_subscribe({osdmap=0}) v3 -- 0x7f567019b720 con 0x7f5670107070
2024-04-06T13:58:34.356 INFO:teuthology.orchestra.run.smithi090.stdout:/usr/bin/ceph: stderr
2024-04-06T13:58:32.352+0000 7f5662ffd700 1 -- 172.21.15.90:0/2754692855 <== mon.0 v2:172.21.15.90:3300/0 4 ==== mgrmap(e 4) v1 ==== 45530+0+0 (secure 0 0 0) 0x7f5664019950 con 0x7f5670107070
2024-04-06T13:58:34.356 INFO:teuthology.orchestra.run.smithi090.stdout:/usr/bin/ceph: stderr
2024-04-06T13:58:32.352+0000 7f5677b48700 1 -- 172.21.15.90:0/2754692855 --> [v2:172.21.15.90:3300/0,v1:172.21.15.90:6789/0] -- mon_command({"prefix": "get_command_descriptions"} v 0) v1 -- 0x7f5670104790 con 0x7f5670107070
2024-04-06T13:58:34.356 INFO:teuthology.orchestra.run.smithi090.stdout:/usr/bin/ceph: stderr
2024-04-06T13:58:32.353+0000 7f5662ffd700 1 --2- 172.21.15.90:0/2754692855 >> [v2:172.21.15.90:6800/1491440652,v1:172.21.15.90:6801/1491440652] conn(0x7f565c038700 0x7f565c03abc0 unknown :-1 s=NONE pgs=0 cs=0 l=1 rev1=0 crypto rx=0 tx=0 comp rx=0 tx=0).connect
2024-04-06T13:58:34.356 INFO:teuthology.orchestra.run.smithi090.stdout:/usr/bin/ceph: stderr
2024-04-06T13:58:32.353+0000 7f5662ffd700 1 -- 172.21.15.90:0/2754692855 <== mon.0 v2:172.21.15.90:3300/0 5 ==== osd_map(1..1 src has 1..1) v4 ==== 725+0+0 (secure 0 0 0) 0x7f566404ca00 con 0x7f5670107070
2024-04-06T13:58:34.356 INFO:teuthology.orchestra.run.smithi090.stdout:/usr/bin/ceph: stderr
2024-04-06T13:58:32.353+0000 7f56750e3700 1 --2- 172.21.15.90:0/2754692855 >> [v2:172.21.15.90:6800/1491440652,v1:172.21.15.90:6801/1491440652] conn(0x7f565c038700 0x7f565c03abc0 unknown :-1 s=BANNER_CONNECTING pgs=0 cs=0 l=1 rev1=0 crypto rx=0 tx=0 comp rx=0 tx=0)._handle_peer_banner_payload supported=3 required=0
2024-04-06T13:58:34.356 INFO:teuthology.orchestra.run.smithi090.stdout:/usr/bin/ceph: stderr
2024-04-06T13:58:32.353+0000 7f56750e3700 1 --2- 172.21.15.90:0/2754692855 >> [v2:172.21.15.90:6800/1491440652,v1:172.21.15.90:6801/1491440652] conn(0x7f565c038700 0x7f565c03abc0 secure :-1 s=READY pgs=7 cs=0 l=1 rev1=1 crypto rx=0x7f566c006fd0 tx=0x7f566c006e40 comp rx=0 tx=0).ready entity=mgr.14100 client_cookie=0 server_cookie=0 in_seq=0 out_seq=0
2024-04-06T13:58:34.356 INFO:teuthology.orchestra.run.smithi090.stdout:/usr/bin/ceph: stderr
2024-04-06T13:58:32.357+0000 7f5662ffd700 1 -- 172.21.15.90:0/2754692855 <== mon.0 v2:172.21.15.90:3300/0 6 ==== mon_command_ack([{"prefix": "get_command_descriptions"}]=0 v0) v1 ==== 72+0+182936 (secure 0 0 0) 0x7f5664018d90 con 0x7f5670107070
2024-04-06T13:58:34.356 INFO:teuthology.orchestra.run.smithi090.stdout:/usr/bin/ceph: stderr
2024-04-06T13:58:32.549+0000 7f5677b48700 1 -- 172.21.15.90:0/2754692855 --> [v2:172.21.15.90:3300/0,v1:172.21.15.90:6789/0] -- mon_command({"prefix": "config assimilate-conf"} v 0) v1 -- 0x7f5670075420 con 0x7f5670107070
2024-04-06T13:58:34.356 INFO:teuthology.orchestra.run.smithi090.stdout:/usr/bin/ceph: stderr
2024-04-06T13:58:32.550+0000 7f5662ffd700 1 -- 172.21.15.90:0/2754692855 <== mon.0 v2:172.21.15.90:3300/0 7 ==== mon_command_ack([{"prefix": "config assimilate-conf"}]=0 v3) v1 ==== 70+0+373 (secure 0 0 0) 0x7f5664018350 con 0x7f5670107070
2024-04-06T13:58:34.356 INFO:teuthology.orchestra.run.smithi090.stdout:/usr/bin/ceph: stderr
2024-04-06T13:58:32.552+0000 7f5677b48700 1 -- 172.21.15.90:0/2754692855 >> [v2:172.21.15.90:6800/1491440652,v1:172.21.15.90:6801/1491440652] conn(0x7f565c038700 msgr2=0x7f565c03abc0 secure :-1 s=STATE_CONNECTION_ESTABLISHED l=1).mark_down
2024-04-06T13:58:34.356 INFO:teuthology.orchestra.run.smithi090.stdout:/usr/bin/ceph: stderr
2024-04-06T13:58:32.552+0000 7f5677b48700 1 --2- 172.21.15.90:0/2754692855 >> [v2:172.21.15.90:6800/1491440652,v1:172.21.15.90:6801/1491440652] conn(0x7f565c038700 0x7f565c03abc0 secure :-1 s=READY pgs=7 cs=0 l=1 rev1=1 crypto rx=0x7f566c006fd0 tx=0x7f566c006e40 comp rx=0 tx=0).stop
2024-04-06T13:58:34.357 INFO:teuthology.orchestra.run.smithi090.stdout:/usr/bin/ceph: stderr
2024-04-06T13:58:32.552+0000 7f5677b48700 1 -- 172.21.15.90:0/2754692855 >> [v2:172.21.15.90:3300/0,v1:172.21.15.90:6789/0] conn(0x7f5670107070 msgr2=0x7f567019a480 secure :-1 s=STATE_CONNECTION_ESTABLISHED l=1).mark_down
2024-04-06T13:58:34.357 INFO:teuthology.orchestra.run.smithi090.stdout:/usr/bin/ceph: stderr
2024-04-06T13:58:32.552+0000 7f5677b48700 1 --2- 172.21.15.90:0/2754692855 >> [v2:172.21.15.90:3300/0,v1:172.21.15.90:6789/0] conn(0x7f5670107070 0x7f567019a480 secure :-1 s=READY pgs=21 cs=0 l=1 rev1=1 crypto rx=0x7f5664011a20 tx=0x7f5664011b00 comp rx=0 tx=0).stop
2024-04-06T13:58:34.357 INFO:teuthology.orchestra.run.smithi090.stdout:/usr/bin/ceph: stderr
2024-04-06T13:58:32.552+0000 7f5677b48700 1 -- 172.21.15.90:0/2754692855 shutdown_connections
2024-04-06T13:58:34.357 INFO:teuthology.orchestra.run.smithi090.stdout:/usr/bin/ceph: stderr
2024-04-06T13:58:32.552+0000 7f5677b48700 1 --2- 172.21.15.90:0/2754692855 >> [v2:172.21.15.90:6800/1491440652,v1:172.21.15.90:6801/1491440652] conn(0x7f565c038700 0x7f565c03abc0 unknown :-1 s=CLOSED pgs=7 cs=0 l=1 rev1=1 crypto rx=0 tx=0 comp rx=0 tx=0).stop
2024-04-06T13:58:34.357 INFO:teuthology.orchestra.run.smithi090.stdout:/usr/bin/ceph: stderr
2024-04-06T13:58:32.552+0000 7f5677b48700 1 --2- 172.21.15.90:0/2754692855 >> [v2:172.21.15.90:3300/0,v1:172.21.15.90:6789/0] conn(0x7f5670107070 0x7f567019a480 unknown :-1 s=CLOSED pgs=21 cs=0 l=1 rev1=1 crypto rx=0 tx=0 comp rx=0 tx=0).stop
2024-04-06T13:58:34.357 INFO:teuthology.orchestra.run.smithi090.stdout:/usr/bin/ceph: stderr
2024-04-06T13:58:32.552+0000 7f5677b48700 1 -- 172.21.15.90:0/2754692855 >> 172.21.15.90:0/2754692855 conn(0x7f5670100aa0 msgr2=0x7f56701016d0 unknown :-1 s=STATE_NONE l=0).mark_down
2024-04-06T13:58:34.357 INFO:teuthology.orchestra.run.smithi090.stdout:/usr/bin/ceph: stderr
2024-04-06T13:58:32.552+0000 7f5677b48700 1 -- 172.21.15.90:0/2754692855 shutdown_connections
2024-04-06T13:58:34.357 INFO:teuthology.orchestra.run.smithi090.stdout:/usr/bin/ceph: stderr
2024-04-06T13:58:32.552+0000 7f5677b48700 1 -- 172.21.15.90:0/2754692855 wait complete.
2024-04-06T13:58:34.357 INFO:teuthology.orchestra.run.smithi090.stdout:Enabling cephadm module...
2024-04-06T13:58:36.464 INFO:journalctl@ceph.mon.a.smithi090.stdout:Apr 06 13:58:36 smithi090 ceph-mon[43420]: from='client.? 172.21.15.90:0/62505363' entity='client.admin' cmd=[{"prefix": "mgr module enable", "module": "cephadm"}]: dispatch
2024-04-06T13:58:36.464 INFO:journalctl@ceph.mgr.x.smithi090.stdout:Apr 06 13:58:36 smithi090 ceph-949dca1a-f41d-11ee-b649-cb9ed24678a4-mgr-x[43673]: ignoring --setuser ceph since I am not root
2024-04-06T13:58:36.464 INFO:journalctl@ceph.mgr.x.smithi090.stdout:Apr 06 13:58:36 smithi090 ceph-949dca1a-f41d-11ee-b649-cb9ed24678a4-mgr-x[43673]: ignoring --setgroup ceph since I am not root
2024-04-06T13:58:36.729 INFO:journalctl@ceph.mgr.x.smithi090.stdout:Apr 06 13:58:36 smithi090 ceph-949dca1a-f41d-11ee-b649-cb9ed24678a4-mgr-x[43673]:
2024-04-06T13:58:36.462+0000 7f897abca200 -1 mgr[py] Module prometheus has missing NOTIFY_TYPES member
2024-04-06T13:58:36.729 INFO:journalctl@ceph.mgr.x.smithi090.stdout:Apr 06 13:58:36 smithi090 ceph-949dca1a-f41d-11ee-b649-cb9ed24678a4-mgr-x[43673]:
2024-04-06T13:58:36.557+0000 7f897abca200 -1 mgr[py] Module alerts has missing NOTIFY_TYPES member
2024-04-06T13:58:36.729 INFO:journalctl@ceph.mgr.x.smithi090.stdout:Apr 06 13:58:36 smithi090 ceph-949dca1a-f41d-11ee-b649-cb9ed24678a4-mgr-x[43673]:
2024-04-06T13:58:36.643+0000 7f897abca200 -1 mgr[py] Module osd_perf_query has missing NOTIFY_TYPES member
2024-04-06T13:58:36.730 INFO:journalctl@ceph.mgr.x.smithi090.stdout:Apr 06 13:58:36 smithi090 ceph-949dca1a-f41d-11ee-b649-cb9ed24678a4-mgr-x[43673]:
2024-04-06T13:58:36.728+0000 7f897abca200 -1 mgr[py] Module progress has missing NOTIFY_TYPES member
2024-04-06T13:58:37.165 INFO:teuthology.orchestra.run.smithi090.stdout:/usr/bin/ceph: stderr
2024-04-06T13:58:35.729+0000 7fb0f91eb700 1 Processor -- start
2024-04-06T13:58:37.166 INFO:teuthology.orchestra.run.smithi090.stdout:/usr/bin/ceph: stderr
2024-04-06T13:58:35.729+0000 7fb0f91eb700 1 -- start start
2024-04-06T13:58:37.166 INFO:teuthology.orchestra.run.smithi090.stdout:/usr/bin/ceph: stderr
2024-04-06T13:58:35.729+0000 7fb0f91eb700 1 --2- >> [v2:172.21.15.90:3300/0,v1:172.21.15.90:6789/0] conn(0x7fb0f4107150 0x7fb0f4109540 unknown :-1 s=NONE pgs=0 cs=0 l=0 rev1=0 crypto rx=0 tx=0 comp rx=0 tx=0).connect
2024-04-06T13:58:37.166 INFO:teuthology.orchestra.run.smithi090.stdout:/usr/bin/ceph: stderr
2024-04-06T13:58:35.729+0000 7fb0f91eb700 1 -- --> [v2:172.21.15.90:3300/0,v1:172.21.15.90:6789/0] -- mon_getmap magic: 0 v1 -- 0x7fb0f4079e00 con 0x7fb0f4107150
2024-04-06T13:58:37.166 INFO:teuthology.orchestra.run.smithi090.stdout:/usr/bin/ceph: stderr
2024-04-06T13:58:35.729+0000 7fb0f2d9d700 1 --2- >> [v2:172.21.15.90:3300/0,v1:172.21.15.90:6789/0] conn(0x7fb0f4107150 0x7fb0f4109540 unknown :-1 s=BANNER_CONNECTING pgs=0 cs=0 l=0 rev1=0 crypto rx=0 tx=0 comp rx=0 tx=0)._handle_peer_banner_payload supported=3 required=0
2024-04-06T13:58:37.166 INFO:teuthology.orchestra.run.smithi090.stdout:/usr/bin/ceph: stderr
2024-04-06T13:58:35.729+0000 7fb0f2d9d700 1 --2- >> [v2:172.21.15.90:3300/0,v1:172.21.15.90:6789/0] conn(0x7fb0f4107150 0x7fb0f4109540 unknown :-1 s=HELLO_CONNECTING pgs=0 cs=0 l=0 rev1=1 crypto rx=0 tx=0 comp rx=0 tx=0).handle_hello peer v2:172.21.15.90:3300/0 says I am v2:172.21.15.90:47360/0 (socket says 172.21.15.90:47360)
2024-04-06T13:58:37.166 INFO:teuthology.orchestra.run.smithi090.stdout:/usr/bin/ceph: stderr
2024-04-06T13:58:35.729+0000 7fb0f2d9d700 1 -- 172.21.15.90:0/530284426 learned_addr learned my addr 172.21.15.90:0/530284426 (peer_addr_for_me v2:172.21.15.90:0/0)
2024-04-06T13:58:37.166 INFO:teuthology.orchestra.run.smithi090.stdout:/usr/bin/ceph: stderr
2024-04-06T13:58:35.729+0000 7fb0f2d9d700 1 -- 172.21.15.90:0/530284426 --> [v2:172.21.15.90:3300/0,v1:172.21.15.90:6789/0] -- mon_subscribe({config=0+,monmap=0+}) v3 -- 0x7fb0f4079f40 con 0x7fb0f4107150
2024-04-06T13:58:37.166 INFO:teuthology.orchestra.run.smithi090.stdout:/usr/bin/ceph: stderr
2024-04-06T13:58:35.730+0000 7fb0f2d9d700 1 --2- 172.21.15.90:0/530284426 >> [v2:172.21.15.90:3300/0,v1:172.21.15.90:6789/0] conn(0x7fb0f4107150 0x7fb0f4109540 secure :-1 s=READY pgs=22 cs=0 l=1 rev1=1 crypto rx=0x7fb0e40098a0 tx=0x7fb0e4009bb0 comp rx=0 tx=0).ready entity=mon.0 client_cookie=4867407dc3da2da4 server_cookie=0 in_seq=0 out_seq=0
2024-04-06T13:58:37.166 INFO:teuthology.orchestra.run.smithi090.stdout:/usr/bin/ceph: stderr
2024-04-06T13:58:35.730+0000 7fb0f1d9b700 1 -- 172.21.15.90:0/530284426 <== mon.0 v2:172.21.15.90:3300/0 1 ==== mon_map magic: 0 v1 ==== 205+0+0 (secure 0 0 0) 0x7fb0e4004160 con 0x7fb0f4107150
2024-04-06T13:58:37.166 INFO:teuthology.orchestra.run.smithi090.stdout:/usr/bin/ceph: stderr
2024-04-06T13:58:35.730+0000 7fb0f1d9b700 1 -- 172.21.15.90:0/530284426 <== mon.0 v2:172.21.15.90:3300/0 2 ==== config(26 keys) v1 ==== 1074+0+0 (secure 0 0 0) 0x7fb0e40042c0 con 0x7fb0f4107150
2024-04-06T13:58:37.166 INFO:teuthology.orchestra.run.smithi090.stdout:/usr/bin/ceph: stderr
2024-04-06T13:58:35.730+0000 7fb0f1d9b700 1 -- 172.21.15.90:0/530284426 <== mon.0 v2:172.21.15.90:3300/0 3 ==== mon_map magic: 0 v1 ==== 205+0+0 (secure 0 0 0) 0x7fb0e4011a00 con 0x7fb0f4107150
2024-04-06T13:58:37.167 INFO:teuthology.orchestra.run.smithi090.stdout:/usr/bin/ceph: stderr
2024-04-06T13:58:35.730+0000 7fb0f91eb700 1 -- 172.21.15.90:0/530284426 >> [v2:172.21.15.90:3300/0,v1:172.21.15.90:6789/0] conn(0x7fb0f4107150 msgr2=0x7fb0f4109540 secure :-1 s=STATE_CONNECTION_ESTABLISHED l=1).mark_down
2024-04-06T13:58:37.167 INFO:teuthology.orchestra.run.smithi090.stdout:/usr/bin/ceph: stderr
2024-04-06T13:58:35.730+0000 7fb0f91eb700 1 --2- 172.21.15.90:0/530284426 >> [v2:172.21.15.90:3300/0,v1:172.21.15.90:6789/0] conn(0x7fb0f4107150 0x7fb0f4109540 secure :-1 s=READY pgs=22 cs=0 l=1 rev1=1 crypto rx=0x7fb0e40098a0 tx=0x7fb0e4009bb0 comp rx=0 tx=0).stop
2024-04-06T13:58:37.167 INFO:teuthology.orchestra.run.smithi090.stdout:/usr/bin/ceph: stderr
2024-04-06T13:58:35.730+0000 7fb0f91eb700 1 -- 172.21.15.90:0/530284426 shutdown_connections
2024-04-06T13:58:37.167 INFO:teuthology.orchestra.run.smithi090.stdout:/usr/bin/ceph: stderr
2024-04-06T13:58:35.730+0000 7fb0f91eb700 1 --2- 172.21.15.90:0/530284426 >> [v2:172.21.15.90:3300/0,v1:172.21.15.90:6789/0] conn(0x7fb0f4107150 0x7fb0f4109540 unknown :-1 s=CLOSED pgs=22 cs=0 l=1 rev1=1 crypto rx=0 tx=0 comp rx=0 tx=0).stop
2024-04-06T13:58:37.167 INFO:teuthology.orchestra.run.smithi090.stdout:/usr/bin/ceph: stderr
2024-04-06T13:58:35.730+0000 7fb0f91eb700 1 -- 172.21.15.90:0/530284426 >> 172.21.15.90:0/530284426 conn(0x7fb0f4100b00 msgr2=0x7fb0f4102f20 unknown :-1 s=STATE_NONE l=0).mark_down
2024-04-06T13:58:37.167 INFO:teuthology.orchestra.run.smithi090.stdout:/usr/bin/ceph: stderr
2024-04-06T13:58:35.730+0000 7fb0f91eb700 1 -- 172.21.15.90:0/530284426 shutdown_connections
2024-04-06T13:58:37.167 INFO:teuthology.orchestra.run.smithi090.stdout:/usr/bin/ceph: stderr
2024-04-06T13:58:35.730+0000 7fb0f91eb700 1 -- 172.21.15.90:0/530284426 wait complete.
2024-04-06T13:58:37.167 INFO:teuthology.orchestra.run.smithi090.stdout:/usr/bin/ceph: stderr
2024-04-06T13:58:35.731+0000 7fb0f91eb700 1 Processor -- start
2024-04-06T13:58:37.167 INFO:teuthology.orchestra.run.smithi090.stdout:/usr/bin/ceph: stderr
2024-04-06T13:58:35.731+0000 7fb0f91eb700 1 -- start start
2024-04-06T13:58:37.167 INFO:teuthology.orchestra.run.smithi090.stdout:/usr/bin/ceph: stderr
2024-04-06T13:58:35.731+0000 7fb0f91eb700 1 --2- >> [v2:172.21.15.90:3300/0,v1:172.21.15.90:6789/0] conn(0x7fb0f4107150 0x7fb0f419a3f0 unknown :-1 s=NONE pgs=0 cs=0 l=1 rev1=0 crypto rx=0 tx=0 comp rx=0 tx=0).connect
2024-04-06T13:58:37.167 INFO:teuthology.orchestra.run.smithi090.stdout:/usr/bin/ceph: stderr
2024-04-06T13:58:35.731+0000 7fb0f91eb700 1 -- --> [v2:172.21.15.90:3300/0,v1:172.21.15.90:6789/0] -- mon_getmap magic: 0 v1 -- 0x7fb0f419a930 con 0x7fb0f4107150
2024-04-06T13:58:37.167 INFO:teuthology.orchestra.run.smithi090.stdout:/usr/bin/ceph: stderr
2024-04-06T13:58:35.732+0000 7fb0f2d9d700 1 --2- >> [v2:172.21.15.90:3300/0,v1:172.21.15.90:6789/0] conn(0x7fb0f4107150 0x7fb0f419a3f0 unknown :-1 s=BANNER_CONNECTING pgs=0 cs=0 l=1 rev1=0 crypto rx=0 tx=0 comp rx=0 tx=0)._handle_peer_banner_payload supported=3 required=0
2024-04-06T13:58:37.167 INFO:teuthology.orchestra.run.smithi090.stdout:/usr/bin/ceph: stderr
2024-04-06T13:58:35.732+0000 7fb0f2d9d700 1 --2- >> [v2:172.21.15.90:3300/0,v1:172.21.15.90:6789/0] conn(0x7fb0f4107150 0x7fb0f419a3f0 unknown :-1 s=HELLO_CONNECTING pgs=0 cs=0 l=1 rev1=1 crypto rx=0 tx=0 comp rx=0 tx=0).handle_hello peer v2:172.21.15.90:3300/0 says I am v2:172.21.15.90:47368/0 (socket says 172.21.15.90:47368)
2024-04-06T13:58:37.167 INFO:teuthology.orchestra.run.smithi090.stdout:/usr/bin/ceph: stderr
2024-04-06T13:58:35.732+0000 7fb0f2d9d700 1 -- 172.21.15.90:0/62505363 learned_addr learned my addr 172.21.15.90:0/62505363 (peer_addr_for_me v2:172.21.15.90:0/0)
2024-04-06T13:58:37.167 INFO:teuthology.orchestra.run.smithi090.stdout:/usr/bin/ceph: stderr
2024-04-06T13:58:35.732+0000 7fb0f2d9d700 1 -- 172.21.15.90:0/62505363 --> [v2:172.21.15.90:3300/0,v1:172.21.15.90:6789/0] -- mon_subscribe({config=0+,monmap=0+}) v3 -- 0x7fb0e4009550 con 0x7fb0f4107150
2024-04-06T13:58:37.167 INFO:teuthology.orchestra.run.smithi090.stdout:/usr/bin/ceph: stderr
2024-04-06T13:58:35.732+0000 7fb0f2d9d700 1 --2- 172.21.15.90:0/62505363 >> [v2:172.21.15.90:3300/0,v1:172.21.15.90:6789/0] conn(0x7fb0f4107150 0x7fb0f419a3f0 secure :-1 s=READY pgs=23 cs=0 l=1 rev1=1 crypto rx=0x7fb0e4009130 tx=0x7fb0e4011ad0 comp rx=0 tx=0).ready entity=mon.0 client_cookie=0 server_cookie=0 in_seq=0 out_seq=0
2024-04-06T13:58:37.168 INFO:teuthology.orchestra.run.smithi090.stdout:/usr/bin/ceph: stderr
2024-04-06T13:58:35.732+0000 7fb0dbfff700 1 -- 172.21.15.90:0/62505363 <== mon.0 v2:172.21.15.90:3300/0 1 ==== mon_map magic: 0 v1 ==== 205+0+0 (secure 0 0 0) 0x7fb0e4003b70 con 0x7fb0f4107150
2024-04-06T13:58:37.168 INFO:teuthology.orchestra.run.smithi090.stdout:/usr/bin/ceph: stderr
2024-04-06T13:58:35.732+0000 7fb0dbfff700 1 -- 172.21.15.90:0/62505363 <== mon.0 v2:172.21.15.90:3300/0 2 ==== config(26 keys) v1 ==== 1074+0+0 (secure 0 0 0) 0x7fb0e4003cd0 con 0x7fb0f4107150
2024-04-06T13:58:37.168 INFO:teuthology.orchestra.run.smithi090.stdout:/usr/bin/ceph: stderr
2024-04-06T13:58:35.732+0000 7fb0dbfff700 1 -- 172.21.15.90:0/62505363 <== mon.0 v2:172.21.15.90:3300/0 3 ==== mon_map magic: 0 v1 ==== 205+0+0 (secure 0 0 0) 0x7fb0e40197d0 con 0x7fb0f4107150
2024-04-06T13:58:37.168 INFO:teuthology.orchestra.run.smithi090.stdout:/usr/bin/ceph: stderr
2024-04-06T13:58:35.732+0000 7fb0f91eb700 1 -- 172.21.15.90:0/62505363 --> [v2:172.21.15.90:3300/0,v1:172.21.15.90:6789/0] -- mon_subscribe({mgrmap=0+}) v3 -- 0x7fb0f419ab30 con 0x7fb0f4107150
2024-04-06T13:58:37.168 INFO:teuthology.orchestra.run.smithi090.stdout:/usr/bin/ceph: stderr
2024-04-06T13:58:35.732+0000 7fb0f91eb700 1 -- 172.21.15.90:0/62505363 --> [v2:172.21.15.90:3300/0,v1:172.21.15.90:6789/0] -- mon_subscribe({osdmap=0}) v3 -- 0x7fb0f419b690 con 0x7fb0f4107150
2024-04-06T13:58:37.168 INFO:teuthology.orchestra.run.smithi090.stdout:/usr/bin/ceph: stderr
2024-04-06T13:58:35.733+0000 7fb0f91eb700 1 -- 172.21.15.90:0/62505363 --> [v2:172.21.15.90:3300/0,v1:172.21.15.90:6789/0] -- mon_command({"prefix": "get_command_descriptions"} v 0) v1 -- 0x7fb0f41047b0 con 0x7fb0f4107150
2024-04-06T13:58:37.168 INFO:teuthology.orchestra.run.smithi090.stdout:/usr/bin/ceph: stderr
2024-04-06T13:58:35.734+0000 7fb0dbfff700 1 -- 172.21.15.90:0/62505363 <== mon.0 v2:172.21.15.90:3300/0 4 ==== mgrmap(e 4) v1 ==== 45530+0+0 (secure 0 0 0) 0x7fb0e401abb0 con 0x7fb0f4107150
2024-04-06T13:58:37.168 INFO:teuthology.orchestra.run.smithi090.stdout:/usr/bin/ceph: stderr
2024-04-06T13:58:35.734+0000 7fb0dbfff700 1 --2- 172.21.15.90:0/62505363 >> [v2:172.21.15.90:6800/1491440652,v1:172.21.15.90:6801/1491440652] conn(0x7fb0dc038700 0x7fb0dc03abc0 unknown :-1 s=NONE pgs=0 cs=0 l=1 rev1=0 crypto rx=0 tx=0 comp rx=0 tx=0).connect
2024-04-06T13:58:37.168 INFO:teuthology.orchestra.run.smithi090.stdout:/usr/bin/ceph: stderr
2024-04-06T13:58:35.734+0000 7fb0dbfff700 1 -- 172.21.15.90:0/62505363 <== mon.0 v2:172.21.15.90:3300/0 5 ==== osd_map(1..1 src has 1..1) v4 ==== 725+0+0 (secure 0 0 0) 0x7fb0e404cdc0 con 0x7fb0f4107150
2024-04-06T13:58:37.168 INFO:teuthology.orchestra.run.smithi090.stdout:/usr/bin/ceph: stderr
2024-04-06T13:58:35.734+0000 7fb0f259c700 1 --2- 172.21.15.90:0/62505363 >> [v2:172.21.15.90:6800/1491440652,v1:172.21.15.90:6801/1491440652] conn(0x7fb0dc038700 0x7fb0dc03abc0 unknown :-1 s=BANNER_CONNECTING pgs=0 cs=0 l=1 rev1=0 crypto rx=0 tx=0 comp rx=0 tx=0)._handle_peer_banner_payload supported=3 required=0
2024-04-06T13:58:37.168 INFO:teuthology.orchestra.run.smithi090.stdout:/usr/bin/ceph: stderr
2024-04-06T13:58:35.734+0000 7fb0f259c700 1 --2- 172.21.15.90:0/62505363 >> [v2:172.21.15.90:6800/1491440652,v1:172.21.15.90:6801/1491440652] conn(0x7fb0dc038700 0x7fb0dc03abc0 secure :-1 s=READY pgs=8 cs=0 l=1 rev1=1 crypto rx=0x7fb0e8006fd0 tx=0x7fb0e8006e40 comp rx=0 tx=0).ready entity=mgr.14100 client_cookie=0 server_cookie=0 in_seq=0 out_seq=0
2024-04-06T13:58:37.168 INFO:teuthology.orchestra.run.smithi090.stdout:/usr/bin/ceph: stderr
2024-04-06T13:58:35.738+0000 7fb0dbfff700 1 -- 172.21.15.90:0/62505363 <== mon.0 v2:172.21.15.90:3300/0 6 ==== mon_command_ack([{"prefix": "get_command_descriptions"}]=0 v0) v1 ==== 72+0+182936 (secure 0 0 0) 0x7fb0e4023370 con 0x7fb0f4107150
2024-04-06T13:58:37.168 INFO:teuthology.orchestra.run.smithi090.stdout:/usr/bin/ceph: stderr
2024-04-06T13:58:35.994+0000 7fb0f91eb700 1 -- 172.21.15.90:0/62505363 --> [v2:172.21.15.90:3300/0,v1:172.21.15.90:6789/0] -- mon_command({"prefix": "mgr module enable", "module": "cephadm"} v 0) v1 -- 0x7fb0f410a7b0 con 0x7fb0f4107150
2024-04-06T13:58:37.168 INFO:teuthology.orchestra.run.smithi090.stdout:/usr/bin/ceph: stderr
2024-04-06T13:58:36.047+0000 7fb0dbfff700 1 -- 172.21.15.90:0/62505363 <== mon.0 v2:172.21.15.90:3300/0 7 ==== mgrmap(e 5) v1 ==== 45541+0+0 (secure 0 0 0) 0x7fb0e404bc00 con 0x7fb0f4107150
2024-04-06T13:58:37.169 INFO:teuthology.orchestra.run.smithi090.stdout:/usr/bin/ceph: stderr
2024-04-06T13:58:36.048+0000 7fb0dbfff700 1 -- 172.21.15.90:0/62505363 <== mon.0 v2:172.21.15.90:3300/0 8 ==== mon_command_ack([{"prefix": "mgr module enable", "module": "cephadm"}]=0 v5) v1 ==== 86+0+0 (secure 0 0 0) 0x7fb0e404bf80 con 0x7fb0f4107150
2024-04-06T13:58:37.169 INFO:teuthology.orchestra.run.smithi090.stdout:/usr/bin/ceph: stderr
2024-04-06T13:58:36.050+0000 7fb0f91eb700 1 -- 172.21.15.90:0/62505363 >> [v2:172.21.15.90:6800/1491440652,v1:172.21.15.90:6801/1491440652] conn(0x7fb0dc038700 msgr2=0x7fb0dc03abc0 secure :-1 s=STATE_CONNECTION_ESTABLISHED l=1).mark_down
2024-04-06T13:58:37.169 INFO:teuthology.orchestra.run.smithi090.stdout:/usr/bin/ceph: stderr
2024-04-06T13:58:36.050+0000 7fb0f91eb700 1 --2- 172.21.15.90:0/62505363 >> [v2:172.21.15.90:6800/1491440652,v1:172.21.15.90:6801/1491440652] conn(0x7fb0dc038700 0x7fb0dc03abc0 secure :-1 s=READY pgs=8 cs=0 l=1 rev1=1 crypto rx=0x7fb0e8006fd0 tx=0x7fb0e8006e40 comp rx=0 tx=0).stop
2024-04-06T13:58:37.169 INFO:teuthology.orchestra.run.smithi090.stdout:/usr/bin/ceph: stderr
2024-04-06T13:58:36.050+0000 7fb0f91eb700 1 -- 172.21.15.90:0/62505363 >> [v2:172.21.15.90:3300/0,v1:172.21.15.90:6789/0] conn(0x7fb0f4107150 msgr2=0x7fb0f419a3f0 secure :-1 s=STATE_CONNECTION_ESTABLISHED l=1).mark_down
2024-04-06T13:58:37.169 INFO:teuthology.orchestra.run.smithi090.stdout:/usr/bin/ceph: stderr
2024-04-06T13:58:36.050+0000 7fb0f91eb700 1 --2- 172.21.15.90:0/62505363 >> [v2:172.21.15.90:3300/0,v1:172.21.15.90:6789/0] conn(0x7fb0f4107150 0x7fb0f419a3f0 secure :-1 s=READY pgs=23 cs=0 l=1 rev1=1 crypto rx=0x7fb0e4009130 tx=0x7fb0e4011ad0 comp rx=0 tx=0).stop
2024-04-06T13:58:37.169 INFO:teuthology.orchestra.run.smithi090.stdout:/usr/bin/ceph: stderr
2024-04-06T13:58:36.050+0000 7fb0f91eb700 1 -- 172.21.15.90:0/62505363 shutdown_connections
2024-04-06T13:58:37.169 INFO:teuthology.orchestra.run.smithi090.stdout:/usr/bin/ceph: stderr
2024-04-06T13:58:36.050+0000 7fb0f91eb700 1 --2- 172.21.15.90:0/62505363 >> [v2:172.21.15.90:6800/1491440652,v1:172.21.15.90:6801/1491440652] conn(0x7fb0dc038700 0x7fb0dc03abc0 unknown :-1 s=CLOSED pgs=8 cs=0 l=1 rev1=1 crypto rx=0 tx=0 comp rx=0 tx=0).stop
2024-04-06T13:58:37.169 INFO:teuthology.orchestra.run.smithi090.stdout:/usr/bin/ceph: stderr
2024-04-06T13:58:36.050+0000 7fb0f91eb700 1 --2- 172.21.15.90:0/62505363 >> [v2:172.21.15.90:3300/0,v1:172.21.15.90:6789/0] conn(0x7fb0f4107150 0x7fb0f419a3f0 unknown :-1 s=CLOSED pgs=23 cs=0 l=1 rev1=1 crypto rx=0 tx=0 comp rx=0 tx=0).stop
2024-04-06T13:58:37.169 INFO:teuthology.orchestra.run.smithi090.stdout:/usr/bin/ceph: stderr
2024-04-06T13:58:36.050+0000 7fb0f91eb700 1 -- 172.21.15.90:0/62505363 >> 172.21.15.90:0/62505363 conn(0x7fb0f4100b00 msgr2=0x7fb0f4101610 unknown :-1 s=STATE_NONE l=0).mark_down
2024-04-06T13:58:37.169 INFO:teuthology.orchestra.run.smithi090.stdout:/usr/bin/ceph: stderr
2024-04-06T13:58:36.050+0000 7fb0f91eb700 1 -- 172.21.15.90:0/62505363 shutdown_connections
2024-04-06T13:58:37.169 INFO:teuthology.orchestra.run.smithi090.stdout:/usr/bin/ceph: stderr
2024-04-06T13:58:36.050+0000 7fb0f91eb700 1 -- 172.21.15.90:0/62505363 wait complete.
2024-04-06T13:58:37.275 INFO:journalctl@ceph.mon.a.smithi090.stdout:Apr 06 13:58:37 smithi090 ceph-mon[43420]: from='client.? 172.21.15.90:0/62505363' entity='client.admin' cmd='[{"prefix": "mgr module enable", "module": "cephadm"}]': finished
2024-04-06T13:58:37.275 INFO:journalctl@ceph.mon.a.smithi090.stdout:Apr 06 13:58:37 smithi090 ceph-mon[43420]: mgrmap e5: x(active, since 10s)
2024-04-06T13:58:37.538 INFO:journalctl@ceph.mgr.x.smithi090.stdout:Apr 06 13:58:37 smithi090 ceph-949dca1a-f41d-11ee-b649-cb9ed24678a4-mgr-x[43673]:
2024-04-06T13:58:37.373+0000 7f897abca200 -1 mgr[py] Module orchestrator has missing NOTIFY_TYPES member
2024-04-06T13:58:38.003 INFO:journalctl@ceph.mgr.x.smithi090.stdout:Apr 06 13:58:37 smithi090 ceph-949dca1a-f41d-11ee-b649-cb9ed24678a4-mgr-x[43673]:
2024-04-06T13:58:37.640+0000 7f897abca200 -1 mgr[py] Module nfs has missing NOTIFY_TYPES member
2024-04-06T13:58:38.003 INFO:journalctl@ceph.mgr.x.smithi090.stdout:Apr 06 13:58:37 smithi090 ceph-949dca1a-f41d-11ee-b649-cb9ed24678a4-mgr-x[43673]:
2024-04-06T13:58:37.727+0000 7f897abca200 -1 mgr[py] Module zabbix has missing NOTIFY_TYPES member
2024-04-06T13:58:38.003 INFO:journalctl@ceph.mgr.x.smithi090.stdout:Apr 06 13:58:37 smithi090 ceph-949dca1a-f41d-11ee-b649-cb9ed24678a4-mgr-x[43673]:
2024-04-06T13:58:37.841+0000 7f897abca200 -1 mgr[py] Module rbd_support has missing NOTIFY_TYPES member
2024-04-06T13:58:38.184 INFO:teuthology.orchestra.run.smithi090.stdout:/usr/bin/ceph: stdout {
2024-04-06T13:58:38.184 INFO:teuthology.orchestra.run.smithi090.stdout:/usr/bin/ceph: stdout "epoch": 5,
2024-04-06T13:58:38.184 INFO:teuthology.orchestra.run.smithi090.stdout:/usr/bin/ceph: stdout "available": true,
2024-04-06T13:58:38.184 INFO:teuthology.orchestra.run.smithi090.stdout:/usr/bin/ceph: stdout "active_name": "x",
2024-04-06T13:58:38.184 INFO:teuthology.orchestra.run.smithi090.stdout:/usr/bin/ceph: stdout "num_standby": 0
2024-04-06T13:58:38.184 INFO:teuthology.orchestra.run.smithi090.stdout:/usr/bin/ceph: stdout }
2024-04-06T13:58:38.184 INFO:teuthology.orchestra.run.smithi090.stdout:/usr/bin/ceph: stderr
2024-04-06T13:58:37.551+0000 7fe633008700 1 Processor -- start
2024-04-06T13:58:38.184 INFO:teuthology.orchestra.run.smithi090.stdout:/usr/bin/ceph: stderr
2024-04-06T13:58:37.551+0000 7fe633008700 1 -- start start
2024-04-06T13:58:38.184 INFO:teuthology.orchestra.run.smithi090.stdout:/usr/bin/ceph: stderr
2024-04-06T13:58:37.551+0000 7fe633008700 1 --2- >> [v2:172.21.15.90:3300/0,v1:172.21.15.90:6789/0] conn(0x7fe62c105500 0x7fe62c105920 unknown :-1 s=NONE pgs=0 cs=0 l=0 rev1=0 crypto rx=0 tx=0 comp rx=0 tx=0).connect
2024-04-06T13:58:38.184 INFO:teuthology.orchestra.run.smithi090.stdout:/usr/bin/ceph: stderr
2024-04-06T13:58:37.551+0000 7fe633008700 1 -- --> [v2:172.21.15.90:3300/0,v1:172.21.15.90:6789/0] -- mon_getmap magic: 0 v1 -- 0x7fe62c105ef0 con 0x7fe62c105500
2024-04-06T13:58:38.184 INFO:teuthology.orchestra.run.smithi090.stdout:/usr/bin/ceph: stderr
2024-04-06T13:58:37.551+0000 7fe630da4700 1 --2- >> [v2:172.21.15.90:3300/0,v1:172.21.15.90:6789/0] conn(0x7fe62c105500 0x7fe62c105920 unknown :-1 s=BANNER_CONNECTING pgs=0 cs=0 l=0 rev1=0 crypto rx=0 tx=0 comp rx=0 tx=0)._handle_peer_banner_payload supported=3 required=0
2024-04-06T13:58:38.184 INFO:teuthology.orchestra.run.smithi090.stdout:/usr/bin/ceph: stderr
2024-04-06T13:58:37.551+0000 7fe630da4700 1 --2- >> [v2:172.21.15.90:3300/0,v1:172.21.15.90:6789/0] conn(0x7fe62c105500 0x7fe62c105920 unknown :-1 s=HELLO_CONNECTING pgs=0 cs=0 l=0 rev1=1 crypto rx=0 tx=0 comp rx=0 tx=0).handle_hello peer v2:172.21.15.90:3300/0 says I am v2:172.21.15.90:47388/0 (socket says 172.21.15.90:47388)
2024-04-06T13:58:38.185 INFO:teuthology.orchestra.run.smithi090.stdout:/usr/bin/ceph: stderr
2024-04-06T13:58:37.551+0000 7fe630da4700 1 -- 172.21.15.90:0/525137343 learned_addr learned my addr 172.21.15.90:0/525137343 (peer_addr_for_me v2:172.21.15.90:0/0)
2024-04-06T13:58:38.185 INFO:teuthology.orchestra.run.smithi090.stdout:/usr/bin/ceph: stderr
2024-04-06T13:58:37.552+0000 7fe630da4700 1 -- 172.21.15.90:0/525137343 --> [v2:172.21.15.90:3300/0,v1:172.21.15.90:6789/0] -- mon_subscribe({config=0+,monmap=0+}) v3 -- 0x7fe62c106700 con 0x7fe62c105500
2024-04-06T13:58:38.185 INFO:teuthology.orchestra.run.smithi090.stdout:/usr/bin/ceph: stderr
2024-04-06T13:58:37.552+0000 7fe630da4700 1 --2- 172.21.15.90:0/525137343 >> [v2:172.21.15.90:3300/0,v1:172.21.15.90:6789/0] conn(0x7fe62c105500 0x7fe62c105920 secure :-1 s=READY pgs=26 cs=0 l=1 rev1=1 crypto rx=0x7fe6200098a0 tx=0x7fe620009bb0 comp rx=0 tx=0).ready entity=mon.0 client_cookie=6c3d066e83f01eb6 server_cookie=0 in_seq=0 out_seq=0
2024-04-06T13:58:38.185 INFO:teuthology.orchestra.run.smithi090.stdout:/usr/bin/ceph: stderr
2024-04-06T13:58:37.552+0000 7fe62b7fe700 1 -- 172.21.15.90:0/525137343 <== mon.0 v2:172.21.15.90:3300/0 1 ==== mon_map magic: 0 v1 ==== 205+0+0 (secure 0 0 0) 0x7fe620004160 con 0x7fe62c105500
2024-04-06T13:58:38.185 INFO:teuthology.orchestra.run.smithi090.stdout:/usr/bin/ceph: stderr
2024-04-06T13:58:37.552+0000 7fe62b7fe700 1 -- 172.21.15.90:0/525137343 <== mon.0 v2:172.21.15.90:3300/0 2 ==== config(26 keys) v1 ==== 1074+0+0 (secure 0 0 0) 0x7fe6200042c0 con 0x7fe62c105500
2024-04-06T13:58:38.185 INFO:teuthology.orchestra.run.smithi090.stdout:/usr/bin/ceph: stderr
2024-04-06T13:58:37.552+0000 7fe62b7fe700 1 -- 172.21.15.90:0/525137343 <== mon.0 v2:172.21.15.90:3300/0 3 ==== mon_map magic: 0 v1 ==== 205+0+0 (secure 0 0 0) 0x7fe620011a00 con 0x7fe62c105500
2024-04-06T13:58:38.185 INFO:teuthology.orchestra.run.smithi090.stdout:/usr/bin/ceph: stderr
2024-04-06T13:58:37.552+0000 7fe633008700 1 -- 172.21.15.90:0/525137343 >> [v2:172.21.15.90:3300/0,v1:172.21.15.90:6789/0] conn(0x7fe62c105500 msgr2=0x7fe62c105920 secure :-1 s=STATE_CONNECTION_ESTABLISHED l=1).mark_down
2024-04-06T13:58:38.185 INFO:teuthology.orchestra.run.smithi090.stdout:/usr/bin/ceph: stderr
2024-04-06T13:58:37.552+0000 7fe633008700 1 --2- 172.21.15.90:0/525137343 >> [v2:172.21.15.90:3300/0,v1:172.21.15.90:6789/0] conn(0x7fe62c105500 0x7fe62c105920 secure :-1 s=READY pgs=26 cs=0 l=1 rev1=1 crypto rx=0x7fe6200098a0 tx=0x7fe620009bb0 comp rx=0 tx=0).stop
2024-04-06T13:58:38.185 INFO:teuthology.orchestra.run.smithi090.stdout:/usr/bin/ceph: stderr
2024-04-06T13:58:37.553+0000 7fe633008700 1 -- 172.21.15.90:0/525137343 shutdown_connections
2024-04-06T13:58:38.185 INFO:teuthology.orchestra.run.smithi090.stdout:/usr/bin/ceph: stderr
2024-04-06T13:58:37.553+0000 7fe633008700 1 --2- 172.21.15.90:0/525137343 >> [v2:172.21.15.90:3300/0,v1:172.21.15.90:6789/0] conn(0x7fe62c105500 0x7fe62c105920 unknown :-1 s=CLOSED pgs=26 cs=0 l=1 rev1=1 crypto rx=0 tx=0 comp rx=0 tx=0).stop
