2024-04-06T13:58:52.742+0000 7fd86110d700 1 -- 172.21.15.90:0/327133745 >> 172.21.15.90:0/327133745 conn(0x7fd85c100ad0 msgr2=0x7fd85c102ef0 unknown :-1 s=STATE_NONE l=0).mark_down
2024-04-06T13:58:53.555 INFO:teuthology.orchestra.run.smithi090.stdout:/usr/bin/ceph: stderr
2024-04-06T13:58:52.742+0000 7fd86110d700 1 -- 172.21.15.90:0/327133745 shutdown_connections
2024-04-06T13:58:53.555 INFO:teuthology.orchestra.run.smithi090.stdout:/usr/bin/ceph: stderr
2024-04-06T13:58:52.742+0000 7fd86110d700 1 -- 172.21.15.90:0/327133745 wait complete.
2024-04-06T13:58:53.555 INFO:teuthology.orchestra.run.smithi090.stdout:/usr/bin/ceph: stderr
2024-04-06T13:58:52.743+0000 7fd86110d700 1 Processor -- start
2024-04-06T13:58:53.555 INFO:teuthology.orchestra.run.smithi090.stdout:/usr/bin/ceph: stderr
2024-04-06T13:58:52.743+0000 7fd86110d700 1 -- start start
2024-04-06T13:58:53.555 INFO:teuthology.orchestra.run.smithi090.stdout:/usr/bin/ceph: stderr
2024-04-06T13:58:52.743+0000 7fd86110d700 1 --2- >> [v2:172.21.15.90:3300/0,v1:172.21.15.90:6789/0] conn(0x7fd85c1070e0 0x7fd85c106af0 unknown :-1 s=NONE pgs=0 cs=0 l=1 rev1=0 crypto rx=0 tx=0 comp rx=0 tx=0).connect
2024-04-06T13:58:53.555 INFO:teuthology.orchestra.run.smithi090.stdout:/usr/bin/ceph: stderr
2024-04-06T13:58:52.743+0000 7fd86110d700 1 -- --> [v2:172.21.15.90:3300/0,v1:172.21.15.90:6789/0] -- mon_getmap magic: 0 v1 -- 0x7fd85c105090 con 0x7fd85c1070e0
2024-04-06T13:58:53.555 INFO:teuthology.orchestra.run.smithi090.stdout:/usr/bin/ceph: stderr
2024-04-06T13:58:52.743+0000 7fd85ad9d700 1 --2- >> [v2:172.21.15.90:3300/0,v1:172.21.15.90:6789/0] conn(0x7fd85c1070e0 0x7fd85c106af0 unknown :-1 s=BANNER_CONNECTING pgs=0 cs=0 l=1 rev1=0 crypto rx=0 tx=0 comp rx=0 tx=0)._handle_peer_banner_payload supported=3 required=0
2024-04-06T13:58:53.555 INFO:teuthology.orchestra.run.smithi090.stdout:/usr/bin/ceph: stderr
2024-04-06T13:58:52.743+0000 7fd85ad9d700 1 --2- >> [v2:172.21.15.90:3300/0,v1:172.21.15.90:6789/0] conn(0x7fd85c1070e0 0x7fd85c106af0 unknown :-1 s=HELLO_CONNECTING pgs=0 cs=0 l=1 rev1=1 crypto rx=0 tx=0 comp rx=0 tx=0).handle_hello peer v2:172.21.15.90:3300/0 says I am v2:172.21.15.90:49188/0 (socket says 172.21.15.90:49188)
2024-04-06T13:58:53.555 INFO:teuthology.orchestra.run.smithi090.stdout:/usr/bin/ceph: stderr
2024-04-06T13:58:52.743+0000 7fd85ad9d700 1 -- 172.21.15.90:0/2749599829 learned_addr learned my addr 172.21.15.90:0/2749599829 (peer_addr_for_me v2:172.21.15.90:0/0)
2024-04-06T13:58:53.555 INFO:teuthology.orchestra.run.smithi090.stdout:/usr/bin/ceph: stderr
2024-04-06T13:58:52.743+0000 7fd85ad9d700 1 -- 172.21.15.90:0/2749599829 --> [v2:172.21.15.90:3300/0,v1:172.21.15.90:6789/0] -- mon_subscribe({config=0+,monmap=0+}) v3 -- 0x7fd84c009550 con 0x7fd85c1070e0
2024-04-06T13:58:53.555 INFO:teuthology.orchestra.run.smithi090.stdout:/usr/bin/ceph: stderr
2024-04-06T13:58:52.744+0000 7fd85ad9d700 1 --2- 172.21.15.90:0/2749599829 >> [v2:172.21.15.90:3300/0,v1:172.21.15.90:6789/0] conn(0x7fd85c1070e0 0x7fd85c106af0 secure :-1 s=READY pgs=50 cs=0 l=1 rev1=1 crypto rx=0x7fd84c011670 tx=0x7fd84c011a30 comp rx=0 tx=0).ready entity=mon.0 client_cookie=0 server_cookie=0 in_seq=0 out_seq=0
2024-04-06T13:58:53.555 INFO:teuthology.orchestra.run.smithi090.stdout:/usr/bin/ceph: stderr
2024-04-06T13:58:52.744+0000 7fd843fff700 1 -- 172.21.15.90:0/2749599829 <== mon.0 v2:172.21.15.90:3300/0 1 ==== mon_map magic: 0 v1 ==== 205+0+0 (secure 0 0 0) 0x7fd84c003b20 con 0x7fd85c1070e0
2024-04-06T13:58:53.556 INFO:teuthology.orchestra.run.smithi090.stdout:/usr/bin/ceph: stderr
2024-04-06T13:58:52.744+0000 7fd843fff700 1 -- 172.21.15.90:0/2749599829 <== mon.0 v2:172.21.15.90:3300/0 2 ==== config(26 keys) v1 ==== 1105+0+0 (secure 0 0 0) 0x7fd84c003c80 con 0x7fd85c1070e0
2024-04-06T13:58:53.556 INFO:teuthology.orchestra.run.smithi090.stdout:/usr/bin/ceph: stderr
2024-04-06T13:58:52.744+0000 7fd86110d700 1 -- 172.21.15.90:0/2749599829 --> [v2:172.21.15.90:3300/0,v1:172.21.15.90:6789/0] -- mon_subscribe({mgrmap=0+}) v3 -- 0x7fd85c105290 con 0x7fd85c1070e0
2024-04-06T13:58:53.556 INFO:teuthology.orchestra.run.smithi090.stdout:/usr/bin/ceph: stderr
2024-04-06T13:58:52.744+0000 7fd843fff700 1 -- 172.21.15.90:0/2749599829 <== mon.0 v2:172.21.15.90:3300/0 3 ==== mon_map magic: 0 v1 ==== 205+0+0 (secure 0 0 0) 0x7fd84c019770 con 0x7fd85c1070e0
2024-04-06T13:58:53.556 INFO:teuthology.orchestra.run.smithi090.stdout:/usr/bin/ceph: stderr
2024-04-06T13:58:52.744+0000 7fd86110d700 1 -- 172.21.15.90:0/2749599829 --> [v2:172.21.15.90:3300/0,v1:172.21.15.90:6789/0] -- mon_subscribe({osdmap=0}) v3 -- 0x7fd85c105730 con 0x7fd85c1070e0
2024-04-06T13:58:53.556 INFO:teuthology.orchestra.run.smithi090.stdout:/usr/bin/ceph: stderr
2024-04-06T13:58:52.745+0000 7fd843fff700 1 -- 172.21.15.90:0/2749599829 <== mon.0 v2:172.21.15.90:3300/0 4 ==== mgrmap(e 8) v1 ==== 45541+0+0 (secure 0 0 0) 0x7fd84c019a30 con 0x7fd85c1070e0
2024-04-06T13:58:53.556 INFO:teuthology.orchestra.run.smithi090.stdout:/usr/bin/ceph: stderr
2024-04-06T13:58:52.745+0000 7fd843fff700 1 --2- 172.21.15.90:0/2749599829 >> [v2:172.21.15.90:6800/2246618981,v1:172.21.15.90:6801/2246618981] conn(0x7fd844038700 0x7fd84403abc0 unknown :-1 s=NONE pgs=0 cs=0 l=1 rev1=0 crypto rx=0 tx=0 comp rx=0 tx=0).connect
2024-04-06T13:58:53.556 INFO:teuthology.orchestra.run.smithi090.stdout:/usr/bin/ceph: stderr
2024-04-06T13:58:52.745+0000 7fd843fff700 1 -- 172.21.15.90:0/2749599829 <== mon.0 v2:172.21.15.90:3300/0 5 ==== osd_map(2..2 src has 1..2) v4 ==== 940+0+0 (secure 0 0 0) 0x7fd84c04c950 con 0x7fd85c1070e0
2024-04-06T13:58:53.556 INFO:teuthology.orchestra.run.smithi090.stdout:/usr/bin/ceph: stderr
2024-04-06T13:58:52.745+0000 7fd85a59c700 1 --2- 172.21.15.90:0/2749599829 >> [v2:172.21.15.90:6800/2246618981,v1:172.21.15.90:6801/2246618981] conn(0x7fd844038700 0x7fd84403abc0 unknown :-1 s=BANNER_CONNECTING pgs=0 cs=0 l=1 rev1=0 crypto rx=0 tx=0 comp rx=0 tx=0)._handle_peer_banner_payload supported=3 required=0
2024-04-06T13:58:53.556 INFO:teuthology.orchestra.run.smithi090.stdout:/usr/bin/ceph: stderr
2024-04-06T13:58:52.745+0000 7fd86110d700 1 -- 172.21.15.90:0/2749599829 --> [v2:172.21.15.90:3300/0,v1:172.21.15.90:6789/0] -- mon_command({"prefix": "get_command_descriptions"} v 0) v1 -- 0x7fd85c104780 con 0x7fd85c1070e0
2024-04-06T13:58:53.556 INFO:teuthology.orchestra.run.smithi090.stdout:/usr/bin/ceph: stderr
2024-04-06T13:58:52.745+0000 7fd85a59c700 1 --2- 172.21.15.90:0/2749599829 >> [v2:172.21.15.90:6800/2246618981,v1:172.21.15.90:6801/2246618981] conn(0x7fd844038700 0x7fd84403abc0 secure :-1 s=READY pgs=13 cs=0 l=1 rev1=1 crypto rx=0x7fd850006fd0 tx=0x7fd850006e40 comp rx=0 tx=0).ready entity=mgr.14120 client_cookie=0 server_cookie=0 in_seq=0 out_seq=0
2024-04-06T13:58:53.556 INFO:teuthology.orchestra.run.smithi090.stdout:/usr/bin/ceph: stderr
2024-04-06T13:58:52.750+0000 7fd843fff700 1 -- 172.21.15.90:0/2749599829 <== mon.0 v2:172.21.15.90:3300/0 6 ==== mon_command_ack([{"prefix": "get_command_descriptions"}]=0 v0) v1 ==== 72+0+182936 (secure 0 0 0) 0x7fd84c018b80 con 0x7fd85c1070e0
2024-04-06T13:58:53.556 INFO:teuthology.orchestra.run.smithi090.stdout:/usr/bin/ceph: stderr
2024-04-06T13:58:53.016+0000 7fd86110d700 1 -- 172.21.15.90:0/2749599829 --> [v2:172.21.15.90:6800/2246618981,v1:172.21.15.90:6801/2246618981] -- mgr_command(tid 0: {"prefix": "orch apply", "service_type": "mgr", "unmanaged": true, "target": ["mon-mgr", ""]}) v1 -- 0x7fd85c105970 con 0x7fd844038700
2024-04-06T13:58:53.556 INFO:teuthology.orchestra.run.smithi090.stdout:/usr/bin/ceph: stderr
2024-04-06T13:58:53.021+0000 7fd843fff700 1 -- 172.21.15.90:0/2749599829 <== mgr.14120 v2:172.21.15.90:6800/2246618981 1 ==== mgr_command_reply(tid 0: 0 ) v1 ==== 8+0+24 (secure 0 0 0) 0x7fd85c105970 con 0x7fd844038700
2024-04-06T13:58:53.556 INFO:teuthology.orchestra.run.smithi090.stdout:/usr/bin/ceph: stderr
2024-04-06T13:58:53.025+0000 7fd86110d700 1 -- 172.21.15.90:0/2749599829 >> [v2:172.21.15.90:6800/2246618981,v1:172.21.15.90:6801/2246618981] conn(0x7fd844038700 msgr2=0x7fd84403abc0 secure :-1 s=STATE_CONNECTION_ESTABLISHED l=1).mark_down
2024-04-06T13:58:53.557 INFO:teuthology.orchestra.run.smithi090.stdout:/usr/bin/ceph: stderr
2024-04-06T13:58:53.025+0000 7fd86110d700 1 --2- 172.21.15.90:0/2749599829 >> [v2:172.21.15.90:6800/2246618981,v1:172.21.15.90:6801/2246618981] conn(0x7fd844038700 0x7fd84403abc0 secure :-1 s=READY pgs=13 cs=0 l=1 rev1=1 crypto rx=0x7fd850006fd0 tx=0x7fd850006e40 comp rx=0 tx=0).stop
2024-04-06T13:58:53.557 INFO:teuthology.orchestra.run.smithi090.stdout:/usr/bin/ceph: stderr
2024-04-06T13:58:53.025+0000 7fd86110d700 1 -- 172.21.15.90:0/2749599829 >> [v2:172.21.15.90:3300/0,v1:172.21.15.90:6789/0] conn(0x7fd85c1070e0 msgr2=0x7fd85c106af0 secure :-1 s=STATE_CONNECTION_ESTABLISHED l=1).mark_down
2024-04-06T13:58:53.557 INFO:teuthology.orchestra.run.smithi090.stdout:/usr/bin/ceph: stderr
2024-04-06T13:58:53.025+0000 7fd86110d700 1 --2- 172.21.15.90:0/2749599829 >> [v2:172.21.15.90:3300/0,v1:172.21.15.90:6789/0] conn(0x7fd85c1070e0 0x7fd85c106af0 secure :-1 s=READY pgs=50 cs=0 l=1 rev1=1 crypto rx=0x7fd84c011670 tx=0x7fd84c011a30 comp rx=0 tx=0).stop
2024-04-06T13:58:53.557 INFO:teuthology.orchestra.run.smithi090.stdout:/usr/bin/ceph: stderr
2024-04-06T13:58:53.025+0000 7fd86110d700 1 -- 172.21.15.90:0/2749599829 shutdown_connections
2024-04-06T13:58:53.557 INFO:teuthology.orchestra.run.smithi090.stdout:/usr/bin/ceph: stderr
2024-04-06T13:58:53.025+0000 7fd86110d700 1 --2- 172.21.15.90:0/2749599829 >> [v2:172.21.15.90:6800/2246618981,v1:172.21.15.90:6801/2246618981] conn(0x7fd844038700 0x7fd84403abc0 unknown :-1 s=CLOSED pgs=13 cs=0 l=1 rev1=1 crypto rx=0 tx=0 comp rx=0 tx=0).stop
2024-04-06T13:58:53.557 INFO:teuthology.orchestra.run.smithi090.stdout:/usr/bin/ceph: stderr
2024-04-06T13:58:53.025+0000 7fd86110d700 1 --2- 172.21.15.90:0/2749599829 >> [v2:172.21.15.90:3300/0,v1:172.21.15.90:6789/0] conn(0x7fd85c1070e0 0x7fd85c106af0 unknown :-1 s=CLOSED pgs=50 cs=0 l=1 rev1=1 crypto rx=0 tx=0 comp rx=0 tx=0).stop
2024-04-06T13:58:53.557 INFO:teuthology.orchestra.run.smithi090.stdout:/usr/bin/ceph: stderr
2024-04-06T13:58:53.025+0000 7fd86110d700 1 -- 172.21.15.90:0/2749599829 >> 172.21.15.90:0/2749599829 conn(0x7fd85c100ad0 msgr2=0x7fd85c101610 unknown :-1 s=STATE_NONE l=0).mark_down
2024-04-06T13:58:53.557 INFO:teuthology.orchestra.run.smithi090.stdout:/usr/bin/ceph: stderr
2024-04-06T13:58:53.025+0000 7fd86110d700 1 -- 172.21.15.90:0/2749599829 shutdown_connections
2024-04-06T13:58:53.557 INFO:teuthology.orchestra.run.smithi090.stdout:/usr/bin/ceph: stderr
2024-04-06T13:58:53.025+0000 7fd86110d700 1 -- 172.21.15.90:0/2749599829 wait complete.
2024-04-06T13:58:54.184 INFO:journalctl@ceph.mon.a.smithi090.stdout:Apr 06 13:58:54 smithi090 ceph-mon[43420]: from='client.14144 -' entity='client.admin' cmd=[{"prefix": "orch apply", "service_type": "mgr", "unmanaged": true, "target": ["mon-mgr", ""]}]: dispatch
2024-04-06T13:58:54.184 INFO:journalctl@ceph.mon.a.smithi090.stdout:Apr 06 13:58:54 smithi090 ceph-mon[43420]: Saving service mgr spec with placement count:2
2024-04-06T13:58:54.184 INFO:journalctl@ceph.mon.a.smithi090.stdout:Apr 06 13:58:54 smithi090 ceph-mon[43420]: from='mgr.14120 172.21.15.90:0/2101250948' entity='mgr.x'
2024-04-06T13:58:54.184 INFO:journalctl@ceph.mon.a.smithi090.stdout:Apr 06 13:58:54 smithi090 ceph-mon[43420]: from='mgr.14120 172.21.15.90:0/2101250948' entity='mgr.x'
2024-04-06T13:58:54.599 INFO:teuthology.orchestra.run.smithi090.stdout:/usr/bin/ceph: stderr
2024-04-06T13:58:54.029+0000 7f1d3ff3c700 1 Processor -- start
2024-04-06T13:58:54.599 INFO:teuthology.orchestra.run.smithi090.stdout:/usr/bin/ceph: stderr
2024-04-06T13:58:54.030+0000 7f1d3ff3c700 1 -- start start
2024-04-06T13:58:54.599 INFO:teuthology.orchestra.run.smithi090.stdout:/usr/bin/ceph: stderr
2024-04-06T13:58:54.030+0000 7f1d3ff3c700 1 --2- >> [v2:172.21.15.90:3300/0,v1:172.21.15.90:6789/0] conn(0x7f1d38106b00 0x7f1d38106f20 unknown :-1 s=NONE pgs=0 cs=0 l=0 rev1=0 crypto rx=0 tx=0 comp rx=0 tx=0).connect
2024-04-06T13:58:54.599 INFO:teuthology.orchestra.run.smithi090.stdout:/usr/bin/ceph: stderr
2024-04-06T13:58:54.030+0000 7f1d3ff3c700 1 -- --> [v2:172.21.15.90:3300/0,v1:172.21.15.90:6789/0] -- mon_getmap magic: 0 v1 -- 0x7f1d381074f0 con 0x7f1d38106b00
2024-04-06T13:58:54.599 INFO:teuthology.orchestra.run.smithi090.stdout:/usr/bin/ceph: stderr
2024-04-06T13:58:54.030+0000 7f1d3dcd8700 1 --2- >> [v2:172.21.15.90:3300/0,v1:172.21.15.90:6789/0] conn(0x7f1d38106b00 0x7f1d38106f20 unknown :-1 s=BANNER_CONNECTING pgs=0 cs=0 l=0 rev1=0 crypto rx=0 tx=0 comp rx=0 tx=0)._handle_peer_banner_payload supported=3 required=0
2024-04-06T13:58:54.600 INFO:teuthology.orchestra.run.smithi090.stdout:/usr/bin/ceph: stderr
2024-04-06T13:58:54.030+0000 7f1d3dcd8700 1 --2- >> [v2:172.21.15.90:3300/0,v1:172.21.15.90:6789/0] conn(0x7f1d38106b00 0x7f1d38106f20 unknown :-1 s=HELLO_CONNECTING pgs=0 cs=0 l=0 rev1=1 crypto rx=0 tx=0 comp rx=0 tx=0).handle_hello peer v2:172.21.15.90:3300/0 says I am v2:172.21.15.90:54488/0 (socket says 172.21.15.90:54488)
2024-04-06T13:58:54.600 INFO:teuthology.orchestra.run.smithi090.stdout:/usr/bin/ceph: stderr
2024-04-06T13:58:54.030+0000 7f1d3dcd8700 1 -- 172.21.15.90:0/1638220118 learned_addr learned my addr 172.21.15.90:0/1638220118 (peer_addr_for_me v2:172.21.15.90:0/0)
2024-04-06T13:58:54.600 INFO:teuthology.orchestra.run.smithi090.stdout:/usr/bin/ceph: stderr
2024-04-06T13:58:54.030+0000 7f1d3dcd8700 1 -- 172.21.15.90:0/1638220118 --> [v2:172.21.15.90:3300/0,v1:172.21.15.90:6789/0] -- mon_subscribe({config=0+,monmap=0+}) v3 -- 0x7f1d38105710 con 0x7f1d38106b00
2024-04-06T13:58:54.600 INFO:teuthology.orchestra.run.smithi090.stdout:/usr/bin/ceph: stderr
2024-04-06T13:58:54.031+0000 7f1d3dcd8700 1 --2- 172.21.15.90:0/1638220118 >> [v2:172.21.15.90:3300/0,v1:172.21.15.90:6789/0] conn(0x7f1d38106b00 0x7f1d38106f20 secure :-1 s=READY pgs=51 cs=0 l=1 rev1=1 crypto rx=0x7f1d300098a0 tx=0x7f1d30009bb0 comp rx=0 tx=0).ready entity=mon.0 client_cookie=e5d267b419e6d3e8 server_cookie=0 in_seq=0 out_seq=0
2024-04-06T13:58:54.600 INFO:teuthology.orchestra.run.smithi090.stdout:/usr/bin/ceph: stderr
2024-04-06T13:58:54.031+0000 7f1d3ccd6700 1 -- 172.21.15.90:0/1638220118 <== mon.0 v2:172.21.15.90:3300/0 1 ==== mon_map magic: 0 v1 ==== 205+0+0 (secure 0 0 0) 0x7f1d30004160 con 0x7f1d38106b00
2024-04-06T13:58:54.600 INFO:teuthology.orchestra.run.smithi090.stdout:/usr/bin/ceph: stderr
2024-04-06T13:58:54.031+0000 7f1d3ccd6700 1 -- 172.21.15.90:0/1638220118 <== mon.0 v2:172.21.15.90:3300/0 2 ==== config(26 keys) v1 ==== 1105+0+0 (secure 0 0 0) 0x7f1d300042c0 con 0x7f1d38106b00
2024-04-06T13:58:54.600 INFO:teuthology.orchestra.run.smithi090.stdout:/usr/bin/ceph: stderr
2024-04-06T13:58:54.031+0000 7f1d3ccd6700 1 -- 172.21.15.90:0/1638220118 <== mon.0 v2:172.21.15.90:3300/0 3 ==== mon_map magic: 0 v1 ==== 205+0+0 (secure 0 0 0) 0x7f1d300119b0 con 0x7f1d38106b00
2024-04-06T13:58:54.600 INFO:teuthology.orchestra.run.smithi090.stdout:/usr/bin/ceph: stderr
2024-04-06T13:58:54.031+0000 7f1d3ff3c700 1 -- 172.21.15.90:0/1638220118 >> [v2:172.21.15.90:3300/0,v1:172.21.15.90:6789/0] conn(0x7f1d38106b00 msgr2=0x7f1d38106f20 secure :-1 s=STATE_CONNECTION_ESTABLISHED l=1).mark_down
2024-04-06T13:58:54.600 INFO:teuthology.orchestra.run.smithi090.stdout:/usr/bin/ceph: stderr
2024-04-06T13:58:54.031+0000 7f1d3ff3c700 1 --2- 172.21.15.90:0/1638220118 >> [v2:172.21.15.90:3300/0,v1:172.21.15.90:6789/0] conn(0x7f1d38106b00 0x7f1d38106f20 secure :-1 s=READY pgs=51 cs=0 l=1 rev1=1 crypto rx=0x7f1d300098a0 tx=0x7f1d30009bb0 comp rx=0 tx=0).stop
2024-04-06T13:58:54.600 INFO:teuthology.orchestra.run.smithi090.stdout:/usr/bin/ceph: stderr
2024-04-06T13:58:54.031+0000 7f1d3ff3c700 1 -- 172.21.15.90:0/1638220118 shutdown_connections
2024-04-06T13:58:54.600 INFO:teuthology.orchestra.run.smithi090.stdout:/usr/bin/ceph: stderr
2024-04-06T13:58:54.031+0000 7f1d3ff3c700 1 --2- 172.21.15.90:0/1638220118 >> [v2:172.21.15.90:3300/0,v1:172.21.15.90:6789/0] conn(0x7f1d38106b00 0x7f1d38106f20 unknown :-1 s=CLOSED pgs=51 cs=0 l=1 rev1=1 crypto rx=0 tx=0 comp rx=0 tx=0).stop
2024-04-06T13:58:54.600 INFO:teuthology.orchestra.run.smithi090.stdout:/usr/bin/ceph: stderr
2024-04-06T13:58:54.031+0000 7f1d3ff3c700 1 -- 172.21.15.90:0/1638220118 >> 172.21.15.90:0/1638220118 conn(0x7f1d38100200 msgr2=0x7f1d38102680 unknown :-1 s=STATE_NONE l=0).mark_down
2024-04-06T13:58:54.600 INFO:teuthology.orchestra.run.smithi090.stdout:/usr/bin/ceph: stderr
2024-04-06T13:58:54.031+0000 7f1d3ff3c700 1 -- 172.21.15.90:0/1638220118 shutdown_connections
2024-04-06T13:58:54.601 INFO:teuthology.orchestra.run.smithi090.stdout:/usr/bin/ceph: stderr
2024-04-06T13:58:54.031+0000 7f1d3ff3c700 1 -- 172.21.15.90:0/1638220118 wait complete.
2024-04-06T13:58:54.601 INFO:teuthology.orchestra.run.smithi090.stdout:/usr/bin/ceph: stderr
2024-04-06T13:58:54.032+0000 7f1d3ff3c700 1 Processor -- start
2024-04-06T13:58:54.601 INFO:teuthology.orchestra.run.smithi090.stdout:/usr/bin/ceph: stderr
2024-04-06T13:58:54.032+0000 7f1d3ff3c700 1 -- start start
2024-04-06T13:58:54.601 INFO:teuthology.orchestra.run.smithi090.stdout:/usr/bin/ceph: stderr
2024-04-06T13:58:54.032+0000 7f1d3ff3c700 1 --2- >> [v2:172.21.15.90:3300/0,v1:172.21.15.90:6789/0] conn(0x7f1d38106b00 0x7f1d38190820 unknown :-1 s=NONE pgs=0 cs=0 l=1 rev1=0 crypto rx=0 tx=0 comp rx=0 tx=0).connect
2024-04-06T13:58:54.601 INFO:teuthology.orchestra.run.smithi090.stdout:/usr/bin/ceph: stderr
2024-04-06T13:58:54.032+0000 7f1d3ff3c700 1 -- --> [v2:172.21.15.90:3300/0,v1:172.21.15.90:6789/0] -- mon_getmap magic: 0 v1 -- 0x7f1d3818edc0 con 0x7f1d38106b00
2024-04-06T13:58:54.601 INFO:teuthology.orchestra.run.smithi090.stdout:/usr/bin/ceph: stderr
2024-04-06T13:58:54.032+0000 7f1d3dcd8700 1 --2- >> [v2:172.21.15.90:3300/0,v1:172.21.15.90:6789/0] conn(0x7f1d38106b00 0x7f1d38190820 unknown :-1 s=BANNER_CONNECTING pgs=0 cs=0 l=1 rev1=0 crypto rx=0 tx=0 comp rx=0 tx=0)._handle_peer_banner_payload supported=3 required=0
2024-04-06T13:58:54.601 INFO:teuthology.orchestra.run.smithi090.stdout:/usr/bin/ceph: stderr
2024-04-06T13:58:54.032+0000 7f1d3dcd8700 1 --2- >> [v2:172.21.15.90:3300/0,v1:172.21.15.90:6789/0] conn(0x7f1d38106b00 0x7f1d38190820 unknown :-1 s=HELLO_CONNECTING pgs=0 cs=0 l=1 rev1=1 crypto rx=0 tx=0 comp rx=0 tx=0).handle_hello peer v2:172.21.15.90:3300/0 says I am v2:172.21.15.90:54502/0 (socket says 172.21.15.90:54502)
2024-04-06T13:58:54.601 INFO:teuthology.orchestra.run.smithi090.stdout:/usr/bin/ceph: stderr
2024-04-06T13:58:54.032+0000 7f1d3dcd8700 1 -- 172.21.15.90:0/1318391304 learned_addr learned my addr 172.21.15.90:0/1318391304 (peer_addr_for_me v2:172.21.15.90:0/0)
2024-04-06T13:58:54.601 INFO:teuthology.orchestra.run.smithi090.stdout:/usr/bin/ceph: stderr
2024-04-06T13:58:54.032+0000 7f1d3dcd8700 1 -- 172.21.15.90:0/1318391304 --> [v2:172.21.15.90:3300/0,v1:172.21.15.90:6789/0] -- mon_subscribe({config=0+,monmap=0+}) v3 -- 0x7f1d30009550 con 0x7f1d38106b00
2024-04-06T13:58:54.601 INFO:teuthology.orchestra.run.smithi090.stdout:/usr/bin/ceph: stderr
2024-04-06T13:58:54.033+0000 7f1d3dcd8700 1 --2- 172.21.15.90:0/1318391304 >> [v2:172.21.15.90:3300/0,v1:172.21.15.90:6789/0] conn(0x7f1d38106b00 0x7f1d38190820 secure :-1 s=READY pgs=52 cs=0 l=1 rev1=1 crypto rx=0x7f1d30003e60 tx=0x7f1d30011a30 comp rx=0 tx=0).ready entity=mon.0 client_cookie=0 server_cookie=0 in_seq=0 out_seq=0
2024-04-06T13:58:54.601 INFO:teuthology.orchestra.run.smithi090.stdout:/usr/bin/ceph: stderr
2024-04-06T13:58:54.033+0000 7f1d36ffd700 1 -- 172.21.15.90:0/1318391304 <== mon.0 v2:172.21.15.90:3300/0 1 ==== mon_map magic: 0 v1 ==== 205+0+0 (secure 0 0 0) 0x7f1d30003a60 con 0x7f1d38106b00
2024-04-06T13:58:54.601 INFO:teuthology.orchestra.run.smithi090.stdout:/usr/bin/ceph: stderr
2024-04-06T13:58:54.033+0000 7f1d36ffd700 1 -- 172.21.15.90:0/1318391304 <== mon.0 v2:172.21.15.90:3300/0 2 ==== config(26 keys) v1 ==== 1105+0+0 (secure 0 0 0) 0x7f1d30003bc0 con 0x7f1d38106b00
2024-04-06T13:58:54.601 INFO:teuthology.orchestra.run.smithi090.stdout:/usr/bin/ceph: stderr
2024-04-06T13:58:54.033+0000 7f1d36ffd700 1 -- 172.21.15.90:0/1318391304 <== mon.0 v2:172.21.15.90:3300/0 3 ==== mon_map magic: 0 v1 ==== 205+0+0 (secure 0 0 0) 0x7f1d300196c0 con 0x7f1d38106b00
2024-04-06T13:58:54.602 INFO:teuthology.orchestra.run.smithi090.stdout:/usr/bin/ceph: stderr
2024-04-06T13:58:54.033+0000 7f1d3ff3c700 1 -- 172.21.15.90:0/1318391304 --> [v2:172.21.15.90:3300/0,v1:172.21.15.90:6789/0] -- mon_subscribe({mgrmap=0+}) v3 -- 0x7f1d3818efc0 con 0x7f1d38106b00
2024-04-06T13:58:54.602 INFO:teuthology.orchestra.run.smithi090.stdout:/usr/bin/ceph: stderr
2024-04-06T13:58:54.033+0000 7f1d3ff3c700 1 -- 172.21.15.90:0/1318391304 --> [v2:172.21.15.90:3300/0,v1:172.21.15.90:6789/0] -- mon_subscribe({osdmap=0}) v3 -- 0x7f1d3818f460 con 0x7f1d38106b00
2024-04-06T13:58:54.602 INFO:teuthology.orchestra.run.smithi090.stdout:/usr/bin/ceph: stderr
2024-04-06T13:58:54.034+0000 7f1d36ffd700 1 -- 172.21.15.90:0/1318391304 <== mon.0 v2:172.21.15.90:3300/0 4 ==== mgrmap(e 8) v1 ==== 45541+0+0 (secure 0 0 0) 0x7f1d30019930 con 0x7f1d38106b00
2024-04-06T13:58:54.602 INFO:teuthology.orchestra.run.smithi090.stdout:/usr/bin/ceph: stderr
2024-04-06T13:58:54.034+0000 7f1d3ff3c700 1 -- 172.21.15.90:0/1318391304 --> [v2:172.21.15.90:3300/0,v1:172.21.15.90:6789/0] -- mon_command({"prefix": "get_command_descriptions"} v 0) v1 -- 0x7f1d381945c0 con 0x7f1d38106b00
2024-04-06T13:58:54.602 INFO:teuthology.orchestra.run.smithi090.stdout:/usr/bin/ceph: stderr
2024-04-06T13:58:54.034+0000 7f1d36ffd700 1 --2- 172.21.15.90:0/1318391304 >> [v2:172.21.15.90:6800/2246618981,v1:172.21.15.90:6801/2246618981] conn(0x7f1d20038730 0x7f1d2003abf0 unknown :-1 s=NONE pgs=0 cs=0 l=1 rev1=0 crypto rx=0 tx=0 comp rx=0 tx=0).connect
2024-04-06T13:58:54.602 INFO:teuthology.orchestra.run.smithi090.stdout:/usr/bin/ceph: stderr
2024-04-06T13:58:54.034+0000 7f1d36ffd700 1 -- 172.21.15.90:0/1318391304 <== mon.0 v2:172.21.15.90:3300/0 5 ==== osd_map(2..2 src has 1..2) v4 ==== 940+0+0 (secure 0 0 0) 0x7f1d3004cab0 con 0x7f1d38106b00
2024-04-06T13:58:54.602 INFO:teuthology.orchestra.run.smithi090.stdout:/usr/bin/ceph: stderr
2024-04-06T13:58:54.034+0000 7f1d3d4d7700 1 --2- 172.21.15.90:0/1318391304 >> [v2:172.21.15.90:6800/2246618981,v1:172.21.15.90:6801/2246618981] conn(0x7f1d20038730 0x7f1d2003abf0 unknown :-1 s=BANNER_CONNECTING pgs=0 cs=0 l=1 rev1=0 crypto rx=0 tx=0 comp rx=0 tx=0)._handle_peer_banner_payload supported=3 required=0
2024-04-06T13:58:54.602 INFO:teuthology.orchestra.run.smithi090.stdout:/usr/bin/ceph: stderr
2024-04-06T13:58:54.034+0000 7f1d3d4d7700 1 --2- 172.21.15.90:0/1318391304 >> [v2:172.21.15.90:6800/2246618981,v1:172.21.15.90:6801/2246618981] conn(0x7f1d20038730 0x7f1d2003abf0 secure :-1 s=READY pgs=14 cs=0 l=1 rev1=1 crypto rx=0x7f1d2c006fd0 tx=0x7f1d2c006e40 comp rx=0 tx=0).ready entity=mgr.14120 client_cookie=0 server_cookie=0 in_seq=0 out_seq=0
2024-04-06T13:58:54.602 INFO:teuthology.orchestra.run.smithi090.stdout:/usr/bin/ceph: stderr
2024-04-06T13:58:54.038+0000 7f1d36ffd700 1 -- 172.21.15.90:0/1318391304 <== mon.0 v2:172.21.15.90:3300/0 6 ==== mon_command_ack([{"prefix": "get_command_descriptions"}]=0 v0) v1 ==== 72+0+182936 (secure 0 0 0) 0x7f1d30010bb0 con 0x7f1d38106b00
2024-04-06T13:58:54.602 INFO:teuthology.orchestra.run.smithi090.stdout:/usr/bin/ceph: stderr
2024-04-06T13:58:54.232+0000 7f1d3ff3c700 1 -- 172.21.15.90:0/1318391304 --> [v2:172.21.15.90:3300/0,v1:172.21.15.90:6789/0] -- mon_command([{prefix=config set, name=mgr/cephadm/container_init}] v 0) v1 -- 0x7f1d38075420 con 0x7f1d38106b00
2024-04-06T13:58:54.602 INFO:teuthology.orchestra.run.smithi090.stdout:/usr/bin/ceph: stderr
2024-04-06T13:58:54.239+0000 7f1d36ffd700 1 -- 172.21.15.90:0/1318391304 <== mon.0 v2:172.21.15.90:3300/0 7 ==== mon_command_ack([{prefix=config set, name=mgr/cephadm/container_init}]=0 v7)=0 v7) v1 ==== 142+0+0 (secure 0 0 0) 0x7f1d30010380 con 0x7f1d38106b00
2024-04-06T13:58:54.602 INFO:teuthology.orchestra.run.smithi090.stdout:/usr/bin/ceph: stderr
2024-04-06T13:58:54.241+0000 7f1d3ff3c700 1 -- 172.21.15.90:0/1318391304 >> [v2:172.21.15.90:6800/2246618981,v1:172.21.15.90:6801/2246618981] conn(0x7f1d20038730 msgr2=0x7f1d2003abf0 secure :-1 s=STATE_CONNECTION_ESTABLISHED l=1).mark_down
2024-04-06T13:58:54.603 INFO:teuthology.orchestra.run.smithi090.stdout:/usr/bin/ceph: stderr
2024-04-06T13:58:54.241+0000 7f1d3ff3c700 1 --2- 172.21.15.90:0/1318391304 >> [v2:172.21.15.90:6800/2246618981,v1:172.21.15.90:6801/2246618981] conn(0x7f1d20038730 0x7f1d2003abf0 secure :-1 s=READY pgs=14 cs=0 l=1 rev1=1 crypto rx=0x7f1d2c006fd0 tx=0x7f1d2c006e40 comp rx=0 tx=0).stop
2024-04-06T13:58:54.603 INFO:teuthology.orchestra.run.smithi090.stdout:/usr/bin/ceph: stderr
2024-04-06T13:58:54.241+0000 7f1d3ff3c700 1 -- 172.21.15.90:0/1318391304 >> [v2:172.21.15.90:3300/0,v1:172.21.15.90:6789/0] conn(0x7f1d38106b00 msgr2=0x7f1d38190820 secure :-1 s=STATE_CONNECTION_ESTABLISHED l=1).mark_down
2024-04-06T13:58:54.603 INFO:teuthology.orchestra.run.smithi090.stdout:/usr/bin/ceph: stderr
2024-04-06T13:58:54.241+0000 7f1d3ff3c700 1 --2- 172.21.15.90:0/1318391304 >> [v2:172.21.15.90:3300/0,v1:172.21.15.90:6789/0] conn(0x7f1d38106b00 0x7f1d38190820 secure :-1 s=READY pgs=52 cs=0 l=1 rev1=1 crypto rx=0x7f1d30003e60 tx=0x7f1d30011a30 comp rx=0 tx=0).stop
2024-04-06T13:58:54.603 INFO:teuthology.orchestra.run.smithi090.stdout:/usr/bin/ceph: stderr
2024-04-06T13:58:54.241+0000 7f1d3ff3c700 1 -- 172.21.15.90:0/1318391304 shutdown_connections
2024-04-06T13:58:54.603 INFO:teuthology.orchestra.run.smithi090.stdout:/usr/bin/ceph: stderr
2024-04-06T13:58:54.241+0000 7f1d3ff3c700 1 --2- 172.21.15.90:0/1318391304 >> [v2:172.21.15.90:6800/2246618981,v1:172.21.15.90:6801/2246618981] conn(0x7f1d20038730 0x7f1d2003abf0 unknown :-1 s=CLOSED pgs=14 cs=0 l=1 rev1=1 crypto rx=0 tx=0 comp rx=0 tx=0).stop
2024-04-06T13:58:54.603 INFO:teuthology.orchestra.run.smithi090.stdout:/usr/bin/ceph: stderr
2024-04-06T13:58:54.241+0000 7f1d3ff3c700 1 --2- 172.21.15.90:0/1318391304 >> [v2:172.21.15.90:3300/0,v1:172.21.15.90:6789/0] conn(0x7f1d38106b00 0x7f1d38190820 unknown :-1 s=CLOSED pgs=52 cs=0 l=1 rev1=1 crypto rx=0 tx=0 comp rx=0 tx=0).stop
2024-04-06T13:58:54.603 INFO:teuthology.orchestra.run.smithi090.stdout:/usr/bin/ceph: stderr
2024-04-06T13:58:54.241+0000 7f1d3ff3c700 1 -- 172.21.15.90:0/1318391304 >> 172.21.15.90:0/1318391304 conn(0x7f1d38100200 msgr2=0x7f1d381011e0 unknown :-1 s=STATE_NONE l=0).mark_down
2024-04-06T13:58:54.603 INFO:teuthology.orchestra.run.smithi090.stdout:/usr/bin/ceph: stderr
2024-04-06T13:58:54.241+0000 7f1d3ff3c700 1 -- 172.21.15.90:0/1318391304 shutdown_connections
2024-04-06T13:58:54.603 INFO:teuthology.orchestra.run.smithi090.stdout:/usr/bin/ceph: stderr
2024-04-06T13:58:54.241+0000 7f1d3ff3c700 1 -- 172.21.15.90:0/1318391304 wait complete.
2024-04-06T13:58:55.517 INFO:journalctl@ceph.mon.a.smithi090.stdout:Apr 06 13:58:55 smithi090 ceph-mon[43420]: from='client.? 172.21.15.90:0/1318391304' entity='client.admin'
2024-04-06T13:58:55.517 INFO:journalctl@ceph.mon.a.smithi090.stdout:Apr 06 13:58:55 smithi090 ceph-mon[43420]: from='mgr.14120 172.21.15.90:0/2101250948' entity='mgr.x'
2024-04-06T13:58:55.781 INFO:teuthology.orchestra.run.smithi090.stdout:/usr/bin/ceph: stderr
2024-04-06T13:58:55.078+0000 7f97a6307700 1 Processor -- start
2024-04-06T13:58:55.781 INFO:teuthology.orchestra.run.smithi090.stdout:/usr/bin/ceph: stderr
2024-04-06T13:58:55.078+0000 7f97a6307700 1 -- start start
2024-04-06T13:58:55.781 INFO:teuthology.orchestra.run.smithi090.stdout:/usr/bin/ceph: stderr
2024-04-06T13:58:55.079+0000 7f97a6307700 1 --2- >> [v2:172.21.15.90:3300/0,v1:172.21.15.90:6789/0] conn(0x7f97a01054f0 0x7f97a0105910 unknown :-1 s=NONE pgs=0 cs=0 l=0 rev1=0 crypto rx=0 tx=0 comp rx=0 tx=0).connect
2024-04-06T13:58:55.781 INFO:teuthology.orchestra.run.smithi090.stdout:/usr/bin/ceph: stderr
2024-04-06T13:58:55.079+0000 7f97a6307700 1 -- --> [v2:172.21.15.90:3300/0,v1:172.21.15.90:6789/0] -- mon_getmap magic: 0 v1 -- 0x7f97a0105ee0 con 0x7f97a01054f0
2024-04-06T13:58:55.781 INFO:teuthology.orchestra.run.smithi090.stdout:/usr/bin/ceph: stderr
2024-04-06T13:58:55.079+0000 7f979ffff700 1 --2- >> [v2:172.21.15.90:3300/0,v1:172.21.15.90:6789/0] conn(0x7f97a01054f0 0x7f97a0105910 unknown :-1 s=BANNER_CONNECTING pgs=0 cs=0 l=0 rev1=0 crypto rx=0 tx=0 comp rx=0 tx=0)._handle_peer_banner_payload supported=3 required=0
2024-04-06T13:58:55.781 INFO:teuthology.orchestra.run.smithi090.stdout:/usr/bin/ceph: stderr
2024-04-06T13:58:55.079+0000 7f979ffff700 1 --2- >> [v2:172.21.15.90:3300/0,v1:172.21.15.90:6789/0] conn(0x7f97a01054f0 0x7f97a0105910 unknown :-1 s=HELLO_CONNECTING pgs=0 cs=0 l=0 rev1=1 crypto rx=0 tx=0 comp rx=0 tx=0).handle_hello peer v2:172.21.15.90:3300/0 says I am v2:172.21.15.90:54512/0 (socket says 172.21.15.90:54512)
2024-04-06T13:58:55.782 INFO:teuthology.orchestra.run.smithi090.stdout:/usr/bin/ceph: stderr
2024-04-06T13:58:55.079+0000 7f979ffff700 1 -- 172.21.15.90:0/1321864622 learned_addr learned my addr 172.21.15.90:0/1321864622 (peer_addr_for_me v2:172.21.15.90:0/0)
2024-04-06T13:58:55.782 INFO:teuthology.orchestra.run.smithi090.stdout:/usr/bin/ceph: stderr
2024-04-06T13:58:55.079+0000 7f979ffff700 1 -- 172.21.15.90:0/1321864622 --> [v2:172.21.15.90:3300/0,v1:172.21.15.90:6789/0] -- mon_subscribe({config=0+,monmap=0+}) v3 -- 0x7f97a01066f0 con 0x7f97a01054f0
2024-04-06T13:58:55.782 INFO:teuthology.orchestra.run.smithi090.stdout:/usr/bin/ceph: stderr
2024-04-06T13:58:55.079+0000 7f979ffff700 1 --2- 172.21.15.90:0/1321864622 >> [v2:172.21.15.90:3300/0,v1:172.21.15.90:6789/0] conn(0x7f97a01054f0 0x7f97a0105910 secure :-1 s=READY pgs=53 cs=0 l=1 rev1=1 crypto rx=0x7f979400bb40 tx=0x7f979400be50 comp rx=0 tx=0).ready entity=mon.0 client_cookie=f2d453b258385451 server_cookie=0 in_seq=0 out_seq=0
2024-04-06T13:58:55.782 INFO:teuthology.orchestra.run.smithi090.stdout:/usr/bin/ceph: stderr
2024-04-06T13:58:55.079+0000 7f979effd700 1 -- 172.21.15.90:0/1321864622 <== mon.0 v2:172.21.15.90:3300/0 1 ==== mon_map magic: 0 v1 ==== 205+0+0 (secure 0 0 0) 0x7f979400dbe0 con 0x7f97a01054f0
2024-04-06T13:58:55.782 INFO:teuthology.orchestra.run.smithi090.stdout:/usr/bin/ceph: stderr
2024-04-06T13:58:55.079+0000 7f979effd700 1 -- 172.21.15.90:0/1321864622 <== mon.0 v2:172.21.15.90:3300/0 2 ==== config(26 keys) v1 ==== 1105+0+0 (secure 0 0 0) 0x7f97940044f0 con 0x7f97a01054f0
2024-04-06T13:58:55.782 INFO:teuthology.orchestra.run.smithi090.stdout:/usr/bin/ceph: stderr
2024-04-06T13:58:55.079+0000 7f979effd700 1 -- 172.21.15.90:0/1321864622 <== mon.0 v2:172.21.15.90:3300/0 3 ==== mon_map magic: 0 v1 ==== 205+0+0 (secure 0 0 0) 0x7f9794003e60 con 0x7f97a01054f0
2024-04-06T13:58:55.782 INFO:teuthology.orchestra.run.smithi090.stdout:/usr/bin/ceph: stderr
2024-04-06T13:58:55.080+0000 7f97a6307700 1 -- 172.21.15.90:0/1321864622 >> [v2:172.21.15.90:3300/0,v1:172.21.15.90:6789/0] conn(0x7f97a01054f0 msgr2=0x7f97a0105910 secure :-1 s=STATE_CONNECTION_ESTABLISHED l=1).mark_down
2024-04-06T13:58:55.782 INFO:teuthology.orchestra.run.smithi090.stdout:/usr/bin/ceph: stderr
2024-04-06T13:58:55.080+0000 7f97a6307700 1 --2- 172.21.15.90:0/1321864622 >> [v2:172.21.15.90:3300/0,v1:172.21.15.90:6789/0] conn(0x7f97a01054f0 0x7f97a0105910 secure :-1 s=READY pgs=53 cs=0 l=1 rev1=1 crypto rx=0x7f979400bb40 tx=0x7f979400be50 comp rx=0 tx=0).stop
2024-04-06T13:58:55.782 INFO:teuthology.orchestra.run.smithi090.stdout:/usr/bin/ceph: stderr
2024-04-06T13:58:55.080+0000 7f97a6307700 1 -- 172.21.15.90:0/1321864622 shutdown_connections
2024-04-06T13:58:55.782 INFO:teuthology.orchestra.run.smithi090.stdout:/usr/bin/ceph: stderr
2024-04-06T13:58:55.080+0000 7f97a6307700 1 --2- 172.21.15.90:0/1321864622 >> [v2:172.21.15.90:3300/0,v1:172.21.15.90:6789/0] conn(0x7f97a01054f0 0x7f97a0105910 unknown :-1 s=CLOSED pgs=53 cs=0 l=1 rev1=1 crypto rx=0 tx=0 comp rx=0 tx=0).stop
2024-04-06T13:58:55.782 INFO:teuthology.orchestra.run.smithi090.stdout:/usr/bin/ceph: stderr
2024-04-06T13:58:55.080+0000 7f97a6307700 1 -- 172.21.15.90:0/1321864622 >> 172.21.15.90:0/1321864622 conn(0x7f97a0100ad0 msgr2=0x7f97a0102ef0 unknown :-1 s=STATE_NONE l=0).mark_down
2024-04-06T13:58:55.782 INFO:teuthology.orchestra.run.smithi090.stdout:/usr/bin/ceph: stderr
2024-04-06T13:58:55.080+0000 7f97a6307700 1 -- 172.21.15.90:0/1321864622 shutdown_connections
2024-04-06T13:58:55.782 INFO:teuthology.orchestra.run.smithi090.stdout:/usr/bin/ceph: stderr
2024-04-06T13:58:55.080+0000 7f97a6307700 1 -- 172.21.15.90:0/1321864622 wait complete.
2024-04-06T13:58:55.783 INFO:teuthology.orchestra.run.smithi090.stdout:/usr/bin/ceph: stderr
2024-04-06T13:58:55.081+0000 7f97a6307700 1 Processor -- start
2024-04-06T13:58:55.783 INFO:teuthology.orchestra.run.smithi090.stdout:/usr/bin/ceph: stderr
2024-04-06T13:58:55.081+0000 7f97a6307700 1 -- start start
2024-04-06T13:58:55.783 INFO:teuthology.orchestra.run.smithi090.stdout:/usr/bin/ceph: stderr
2024-04-06T13:58:55.081+0000 7f97a6307700 1 --2- >> [v2:172.21.15.90:3300/0,v1:172.21.15.90:6789/0] conn(0x7f97a01054f0 0x7f97a0198260 unknown :-1 s=NONE pgs=0 cs=0 l=1 rev1=0 crypto rx=0 tx=0 comp rx=0 tx=0).connect
2024-04-06T13:58:55.783 INFO:teuthology.orchestra.run.smithi090.stdout:/usr/bin/ceph: stderr
2024-04-06T13:58:55.081+0000 7f97a6307700 1 -- --> [v2:172.21.15.90:3300/0,v1:172.21.15.90:6789/0] -- mon_getmap magic: 0 v1 -- 0x7f97a01987a0 con 0x7f97a01054f0
2024-04-06T13:58:55.783 INFO:teuthology.orchestra.run.smithi090.stdout:/usr/bin/ceph: stderr
2024-04-06T13:58:55.081+0000 7f979ffff700 1 --2- >> [v2:172.21.15.90:3300/0,v1:172.21.15.90:6789/0] conn(0x7f97a01054f0 0x7f97a0198260 unknown :-1 s=BANNER_CONNECTING pgs=0 cs=0 l=1 rev1=0 crypto rx=0 tx=0 comp rx=0 tx=0)._handle_peer_banner_payload supported=3 required=0
2024-04-06T13:58:55.783 INFO:teuthology.orchestra.run.smithi090.stdout:/usr/bin/ceph: stderr
2024-04-06T13:58:55.081+0000 7f979ffff700 1 --2- >> [v2:172.21.15.90:3300/0,v1:172.21.15.90:6789/0] conn(0x7f97a01054f0 0x7f97a0198260 unknown :-1 s=HELLO_CONNECTING pgs=0 cs=0 l=1 rev1=1 crypto rx=0 tx=0 comp rx=0 tx=0).handle_hello peer v2:172.21.15.90:3300/0 says I am v2:172.21.15.90:54518/0 (socket says 172.21.15.90:54518)
2024-04-06T13:58:55.783 INFO:teuthology.orchestra.run.smithi090.stdout:/usr/bin/ceph: stderr
2024-04-06T13:58:55.081+0000 7f979ffff700 1 -- 172.21.15.90:0/55944734 learned_addr learned my addr 172.21.15.90:0/55944734 (peer_addr_for_me v2:172.21.15.90:0/0)
2024-04-06T13:58:55.783 INFO:teuthology.orchestra.run.smithi090.stdout:/usr/bin/ceph: stderr
2024-04-06T13:58:55.082+0000 7f979ffff700 1 -- 172.21.15.90:0/55944734 --> [v2:172.21.15.90:3300/0,v1:172.21.15.90:6789/0] -- mon_subscribe({config=0+,monmap=0+}) v3 -- 0x7f979400b7f0 con 0x7f97a01054f0
2024-04-06T13:58:55.783 INFO:teuthology.orchestra.run.smithi090.stdout:/usr/bin/ceph: stderr
2024-04-06T13:58:55.082+0000 7f979ffff700 1 --2- 172.21.15.90:0/55944734 >> [v2:172.21.15.90:3300/0,v1:172.21.15.90:6789/0] conn(0x7f97a01054f0 0x7f97a0198260 secure :-1 s=READY pgs=54 cs=0 l=1 rev1=1 crypto rx=0x7f9794003bf0 tx=0x7f9794003fb0 comp rx=0 tx=0).ready entity=mon.0 client_cookie=0 server_cookie=0 in_seq=0 out_seq=0
2024-04-06T13:58:55.783 INFO:teuthology.orchestra.run.smithi090.stdout:/usr/bin/ceph: stderr
2024-04-06T13:58:55.082+0000 7f979d7fa700 1 -- 172.21.15.90:0/55944734 <== mon.0 v2:172.21.15.90:3300/0 1 ==== mon_map magic: 0 v1 ==== 205+0+0 (secure 0 0 0) 0x7f979401e070 con 0x7f97a01054f0
2024-04-06T13:58:55.783 INFO:teuthology.orchestra.run.smithi090.stdout:/usr/bin/ceph: stderr
2024-04-06T13:58:55.082+0000 7f97a6307700 1 -- 172.21.15.90:0/55944734 --> [v2:172.21.15.90:3300/0,v1:172.21.15.90:6789/0] -- mon_subscribe({mgrmap=0+}) v3 -- 0x7f97a01989a0 con 0x7f97a01054f0
2024-04-06T13:58:55.783 INFO:teuthology.orchestra.run.smithi090.stdout:/usr/bin/ceph: stderr
2024-04-06T13:58:55.082+0000 7f979d7fa700 1 -- 172.21.15.90:0/55944734 <== mon.0 v2:172.21.15.90:3300/0 2 ==== config(26 keys) v1 ==== 1105+0+0 (secure 0 0 0) 0x7f97940109c0 con 0x7f97a01054f0
2024-04-06T13:58:55.783 INFO:teuthology.orchestra.run.smithi090.stdout:/usr/bin/ceph: stderr
2024-04-06T13:58:55.082+0000 7f979d7fa700 1 -- 172.21.15.90:0/55944734 <== mon.0 v2:172.21.15.90:3300/0 3 ==== mon_map magic: 0 v1 ==== 205+0+0 (secure 0 0 0) 0x7f97940229a0 con 0x7f97a01054f0
2024-04-06T13:58:55.784 INFO:teuthology.orchestra.run.smithi090.stdout:/usr/bin/ceph: stderr
2024-04-06T13:58:55.082+0000 7f97a6307700 1 -- 172.21.15.90:0/55944734 --> [v2:172.21.15.90:3300/0,v1:172.21.15.90:6789/0] -- mon_subscribe({osdmap=0}) v3 -- 0x7f97a0199500 con 0x7f97a01054f0
2024-04-06T13:58:55.784 INFO:teuthology.orchestra.run.smithi090.stdout:/usr/bin/ceph: stderr
2024-04-06T13:58:55.083+0000 7f979d7fa700 1 -- 172.21.15.90:0/55944734 <== mon.0 v2:172.21.15.90:3300/0 4 ==== mgrmap(e 8) v1 ==== 45541+0+0 (secure 0 0 0) 0x7f979402c440 con 0x7f97a01054f0
2024-04-06T13:58:55.784 INFO:teuthology.orchestra.run.smithi090.stdout:/usr/bin/ceph: stderr
2024-04-06T13:58:55.083+0000 7f979d7fa700 1 --2- 172.21.15.90:0/55944734 >> [v2:172.21.15.90:6800/2246618981,v1:172.21.15.90:6801/2246618981] conn(0x7f9788038700 0x7f978803abc0 unknown :-1 s=NONE pgs=0 cs=0 l=1 rev1=0 crypto rx=0 tx=0 comp rx=0 tx=0).connect
2024-04-06T13:58:55.784 INFO:teuthology.orchestra.run.smithi090.stdout:/usr/bin/ceph: stderr
2024-04-06T13:58:55.083+0000 7f979d7fa700 1 -- 172.21.15.90:0/55944734 <== mon.0 v2:172.21.15.90:3300/0 5 ==== osd_map(2..2 src has 1..2) v4 ==== 940+0+0 (secure 0 0 0) 0x7f979404eab0 con 0x7f97a01054f0
2024-04-06T13:58:55.784 INFO:teuthology.orchestra.run.smithi090.stdout:/usr/bin/ceph: stderr
2024-04-06T13:58:55.083+0000 7f979f7fe700 1 --2- 172.21.15.90:0/55944734 >> [v2:172.21.15.90:6800/2246618981,v1:172.21.15.90:6801/2246618981] conn(0x7f9788038700 0x7f978803abc0 unknown :-1 s=BANNER_CONNECTING pgs=0 cs=0 l=1 rev1=0 crypto rx=0 tx=0 comp rx=0 tx=0)._handle_peer_banner_payload supported=3 required=0
2024-04-06T13:58:55.784 INFO:teuthology.orchestra.run.smithi090.stdout:/usr/bin/ceph: stderr
2024-04-06T13:58:55.083+0000 7f97a6307700 1 -- 172.21.15.90:0/55944734 --> [v2:172.21.15.90:3300/0,v1:172.21.15.90:6789/0] -- mon_command({"prefix": "get_command_descriptions"} v 0) v1 -- 0x7f97a0198e40 con 0x7f97a01054f0
2024-04-06T13:58:55.784 INFO:teuthology.orchestra.run.smithi090.stdout:/usr/bin/ceph: stderr
2024-04-06T13:58:55.083+0000 7f979f7fe700 1 --2- 172.21.15.90:0/55944734 >> [v2:172.21.15.90:6800/2246618981,v1:172.21.15.90:6801/2246618981] conn(0x7f9788038700 0x7f978803abc0 secure :-1 s=READY pgs=15 cs=0 l=1 rev1=1 crypto rx=0x7f9790006fd0 tx=0x7f9790006e40 comp rx=0 tx=0).ready entity=mgr.14120 client_cookie=0 server_cookie=0 in_seq=0 out_seq=0
2024-04-06T13:58:55.784 INFO:teuthology.orchestra.run.smithi090.stdout:/usr/bin/ceph: stderr
2024-04-06T13:58:55.088+0000 7f979d7fa700 1 -- 172.21.15.90:0/55944734 <== mon.0 v2:172.21.15.90:3300/0 6 ==== mon_command_ack([{"prefix": "get_command_descriptions"}]=0 v0) v1 ==== 72+0+182936 (secure 0 0 0) 0x7f97a0198e40 con 0x7f97a01054f0
2024-04-06T13:58:55.784 INFO:teuthology.orchestra.run.smithi090.stdout:/usr/bin/ceph: stderr
2024-04-06T13:58:55.295+0000 7f97a6307700 1 -- 172.21.15.90:0/55944734 --> [v2:172.21.15.90:3300/0,v1:172.21.15.90:6789/0] -- mon_command([{prefix=config set, name=mgr/dashboard/ssl_server_port}] v 0) v1 -- 0x7f97a0198e40 con 0x7f97a01054f0
2024-04-06T13:58:55.784 INFO:teuthology.orchestra.run.smithi090.stdout:/usr/bin/ceph: stderr
2024-04-06T13:58:55.301+0000 7f979d7fa700 1 -- 172.21.15.90:0/55944734 <== mon.0 v2:172.21.15.90:3300/0 7 ==== mon_command_ack([{prefix=config set, name=mgr/dashboard/ssl_server_port}]=0 v8)=0 v8) v1 ==== 130+0+0 (secure 0 0 0) 0x7f9794027070 con 0x7f97a01054f0
2024-04-06T13:58:55.784 INFO:teuthology.orchestra.run.smithi090.stdout:/usr/bin/ceph: stderr
2024-04-06T13:58:55.303+0000 7f97a6307700 1 -- 172.21.15.90:0/55944734 >> [v2:172.21.15.90:6800/2246618981,v1:172.21.15.90:6801/2246618981] conn(0x7f9788038700 msgr2=0x7f978803abc0 secure :-1 s=STATE_CONNECTION_ESTABLISHED l=1).mark_down
2024-04-06T13:58:55.784 INFO:teuthology.orchestra.run.smithi090.stdout:/usr/bin/ceph: stderr
2024-04-06T13:58:55.304+0000 7f97a6307700 1 --2- 172.21.15.90:0/55944734 >> [v2:172.21.15.90:6800/2246618981,v1:172.21.15.90:6801/2246618981] conn(0x7f9788038700 0x7f978803abc0 secure :-1 s=READY pgs=15 cs=0 l=1 rev1=1 crypto rx=0x7f9790006fd0 tx=0x7f9790006e40 comp rx=0 tx=0).stop
2024-04-06T13:58:55.784 INFO:teuthology.orchestra.run.smithi090.stdout:/usr/bin/ceph: stderr
2024-04-06T13:58:55.304+0000 7f97a6307700 1 -- 172.21.15.90:0/55944734 >> [v2:172.21.15.90:3300/0,v1:172.21.15.90:6789/0] conn(0x7f97a01054f0 msgr2=0x7f97a0198260 secure :-1 s=STATE_CONNECTION_ESTABLISHED l=1).mark_down
2024-04-06T13:58:55.784 INFO:teuthology.orchestra.run.smithi090.stdout:/usr/bin/ceph: stderr
2024-04-06T13:58:55.304+0000 7f97a6307700 1 --2- 172.21.15.90:0/55944734 >> [v2:172.21.15.90:3300/0,v1:172.21.15.90:6789/0] conn(0x7f97a01054f0 0x7f97a0198260 secure :-1 s=READY pgs=54 cs=0 l=1 rev1=1 crypto rx=0x7f9794003bf0 tx=0x7f9794003fb0 comp rx=0 tx=0).stop
2024-04-06T13:58:55.785 INFO:teuthology.orchestra.run.smithi090.stdout:/usr/bin/ceph: stderr
2024-04-06T13:58:55.304+0000 7f97a6307700 1 -- 172.21.15.90:0/55944734 shutdown_connections
2024-04-06T13:58:55.785 INFO:teuthology.orchestra.run.smithi090.stdout:/usr/bin/ceph: stderr
2024-04-06T13:58:55.304+0000 7f97a6307700 1 --2- 172.21.15.90:0/55944734 >> [v2:172.21.15.90:6800/2246618981,v1:172.21.15.90:6801/2246618981] conn(0x7f9788038700 0x7f978803abc0 unknown :-1 s=CLOSED pgs=15 cs=0 l=1 rev1=1 crypto rx=0 tx=0 comp rx=0 tx=0).stop
2024-04-06T13:58:55.785 INFO:teuthology.orchestra.run.smithi090.stdout:/usr/bin/ceph: stderr
2024-04-06T13:58:55.304+0000 7f97a6307700 1 --2- 172.21.15.90:0/55944734 >> [v2:172.21.15.90:3300/0,v1:172.21.15.90:6789/0] conn(0x7f97a01054f0 0x7f97a0198260 unknown :-1 s=CLOSED pgs=54 cs=0 l=1 rev1=1 crypto rx=0 tx=0 comp rx=0 tx=0).stop
2024-04-06T13:58:55.785 INFO:teuthology.orchestra.run.smithi090.stdout:/usr/bin/ceph: stderr
2024-04-06T13:58:55.304+0000 7f97a6307700 1 -- 172.21.15.90:0/55944734 >> 172.21.15.90:0/55944734 conn(0x7f97a0100ad0 msgr2=0x7f97a018eec0 unknown :-1 s=STATE_NONE l=0).mark_down
2024-04-06T13:58:55.785 INFO:teuthology.orchestra.run.smithi090.stdout:/usr/bin/ceph: stderr
2024-04-06T13:58:55.304+0000 7f97a6307700 1 -- 172.21.15.90:0/55944734 shutdown_connections
2024-04-06T13:58:55.785 INFO:teuthology.orchestra.run.smithi090.stdout:/usr/bin/ceph: stderr
2024-04-06T13:58:55.304+0000 7f97a6307700 1 -- 172.21.15.90:0/55944734 wait complete.
2024-04-06T13:58:55.785 INFO:teuthology.orchestra.run.smithi090.stdout:Enabling the dashboard module...
2024-04-06T13:58:56.538 INFO:journalctl@ceph.mon.a.smithi090.stdout:Apr 06 13:58:56 smithi090 ceph-mon[43420]: from='client.? 172.21.15.90:0/55944734' entity='client.admin'
2024-04-06T13:58:57.687 INFO:journalctl@ceph.mon.a.smithi090.stdout:Apr 06 13:58:57 smithi090 ceph-mon[43420]: from='client.? 172.21.15.90:0/4192270146' entity='client.admin' cmd=[{"prefix": "mgr module enable", "module": "dashboard"}]: dispatch
2024-04-06T13:58:57.688 INFO:journalctl@ceph.mgr.x.smithi090.stdout:Apr 06 13:58:57 smithi090 ceph-949dca1a-f41d-11ee-b649-cb9ed24678a4-mgr-x[43673]: ignoring --setuser ceph since I am not root
2024-04-06T13:58:57.688 INFO:journalctl@ceph.mgr.x.smithi090.stdout:Apr 06 13:58:57 smithi090 ceph-949dca1a-f41d-11ee-b649-cb9ed24678a4-mgr-x[43673]: ignoring --setgroup ceph since I am not root
2024-04-06T13:58:57.724 INFO:teuthology.orchestra.run.smithi090.stdout:/usr/bin/ceph: stderr
2024-04-06T13:58:56.125+0000 7f06d2ab2700 1 Processor -- start
2024-04-06T13:58:57.724 INFO:teuthology.orchestra.run.smithi090.stdout:/usr/bin/ceph: stderr
2024-04-06T13:58:56.125+0000 7f06d2ab2700 1 -- start start
2024-04-06T13:58:57.724 INFO:teuthology.orchestra.run.smithi090.stdout:/usr/bin/ceph: stderr
2024-04-06T13:58:56.125+0000 7f06d2ab2700 1 --2- >> [v2:172.21.15.90:3300/0,v1:172.21.15.90:6789/0] conn(0x7f06cc107110 0x7f06cc109500 unknown :-1 s=NONE pgs=0 cs=0 l=0 rev1=0 crypto rx=0 tx=0 comp rx=0 tx=0).connect
2024-04-06T13:58:57.724 INFO:teuthology.orchestra.run.smithi090.stdout:/usr/bin/ceph: stderr
2024-04-06T13:58:56.125+0000 7f06d2ab2700 1 -- --> [v2:172.21.15.90:3300/0,v1:172.21.15.90:6789/0] -- mon_getmap magic: 0 v1 -- 0x7f06cc079e40 con 0x7f06cc107110
2024-04-06T13:58:57.725 INFO:teuthology.orchestra.run.smithi090.stdout:/usr/bin/ceph: stderr
2024-04-06T13:58:56.126+0000 7f06d084e700 1 --2- >> [v2:172.21.15.90:3300/0,v1:172.21.15.90:6789/0] conn(0x7f06cc107110 0x7f06cc109500 unknown :-1 s=BANNER_CONNECTING pgs=0 cs=0 l=0 rev1=0 crypto rx=0 tx=0 comp rx=0 tx=0)._handle_peer_banner_payload supported=3 required=0
2024-04-06T13:58:57.725 INFO:teuthology.orchestra.run.smithi090.stdout:/usr/bin/ceph: stderr
2024-04-06T13:58:56.126+0000 7f06d084e700 1 --2- >> [v2:172.21.15.90:3300/0,v1:172.21.15.90:6789/0] conn(0x7f06cc107110 0x7f06cc109500 unknown :-1 s=HELLO_CONNECTING pgs=0 cs=0 l=0 rev1=1 crypto rx=0 tx=0 comp rx=0 tx=0).handle_hello peer v2:172.21.15.90:3300/0 says I am v2:172.21.15.90:54524/0 (socket says 172.21.15.90:54524)
2024-04-06T13:58:57.725 INFO:teuthology.orchestra.run.smithi090.stdout:/usr/bin/ceph: stderr
2024-04-06T13:58:56.126+0000 7f06d084e700 1 -- 172.21.15.90:0/2480753255 learned_addr learned my addr 172.21.15.90:0/2480753255 (peer_addr_for_me v2:172.21.15.90:0/0)
2024-04-06T13:58:57.725 INFO:teuthology.orchestra.run.smithi090.stdout:/usr/bin/ceph: stderr
2024-04-06T13:58:56.126+0000 7f06d084e700 1 -- 172.21.15.90:0/2480753255 --> [v2:172.21.15.90:3300/0,v1:172.21.15.90:6789/0] -- mon_subscribe({config=0+,monmap=0+}) v3 -- 0x7f06cc109a40 con 0x7f06cc107110
2024-04-06T13:58:57.725 INFO:teuthology.orchestra.run.smithi090.stdout:/usr/bin/ceph: stderr
2024-04-06T13:58:56.126+0000 7f06d084e700 1 --2- 172.21.15.90:0/2480753255 >> [v2:172.21.15.90:3300/0,v1:172.21.15.90:6789/0] conn(0x7f06cc107110 0x7f06cc109500 secure :-1 s=READY pgs=55 cs=0 l=1 rev1=1 crypto rx=0x7f06c00098a0 tx=0x7f06c0009bb0 comp rx=0 tx=0).ready entity=mon.0 client_cookie=11340274164a64d4 server_cookie=0 in_seq=0 out_seq=0
2024-04-06T13:58:57.725 INFO:teuthology.orchestra.run.smithi090.stdout:/usr/bin/ceph: stderr
2024-04-06T13:58:56.126+0000 7f06cb7fe700 1 -- 172.21.15.90:0/2480753255 <== mon.0 v2:172.21.15.90:3300/0 1 ==== mon_map magic: 0 v1 ==== 205+0+0 (secure 0 0 0) 0x7f06c0004160 con 0x7f06cc107110
2024-04-06T13:58:57.725 INFO:teuthology.orchestra.run.smithi090.stdout:/usr/bin/ceph: stderr
2024-04-06T13:58:56.126+0000 7f06cb7fe700 1 -- 172.21.15.90:0/2480753255 <== mon.0 v2:172.21.15.90:3300/0 2 ==== config(26 keys) v1 ==== 1105+0+0 (secure 0 0 0) 0x7f06c00042c0 con 0x7f06cc107110
2024-04-06T13:58:57.725 INFO:teuthology.orchestra.run.smithi090.stdout:/usr/bin/ceph: stderr
2024-04-06T13:58:56.126+0000 7f06cb7fe700 1 -- 172.21.15.90:0/2480753255 <== mon.0 v2:172.21.15.90:3300/0 3 ==== mon_map magic: 0 v1 ==== 205+0+0 (secure 0 0 0) 0x7f06c00119b0 con 0x7f06cc107110
2024-04-06T13:58:57.725 INFO:teuthology.orchestra.run.smithi090.stdout:/usr/bin/ceph: stderr
2024-04-06T13:58:56.127+0000 7f06d2ab2700 1 -- 172.21.15.90:0/2480753255 >> [v2:172.21.15.90:3300/0,v1:172.21.15.90:6789/0] conn(0x7f06cc107110 msgr2=0x7f06cc109500 secure :-1 s=STATE_CONNECTION_ESTABLISHED l=1).mark_down
2024-04-06T13:58:57.725 INFO:teuthology.orchestra.run.smithi090.stdout:/usr/bin/ceph: stderr
2024-04-06T13:58:56.127+0000 7f06d2ab2700 1 --2- 172.21.15.90:0/2480753255 >> [v2:172.21.15.90:3300/0,v1:172.21.15.90:6789/0] conn(0x7f06cc107110 0x7f06cc109500 secure :-1 s=READY pgs=55 cs=0 l=1 rev1=1 crypto rx=0x7f06c00098a0 tx=0x7f06c0009bb0 comp rx=0 tx=0).stop
2024-04-06T13:58:57.725 INFO:teuthology.orchestra.run.smithi090.stdout:/usr/bin/ceph: stderr
2024-04-06T13:58:56.127+0000 7f06d2ab2700 1 -- 172.21.15.90:0/2480753255 shutdown_connections
2024-04-06T13:58:57.725 INFO:teuthology.orchestra.run.smithi090.stdout:/usr/bin/ceph: stderr
2024-04-06T13:58:56.127+0000 7f06d2ab2700 1 --2- 172.21.15.90:0/2480753255 >> [v2:172.21.15.90:3300/0,v1:172.21.15.90:6789/0] conn(0x7f06cc107110 0x7f06cc109500 unknown :-1 s=CLOSED pgs=55 cs=0 l=1 rev1=1 crypto rx=0 tx=0 comp rx=0 tx=0).stop
2024-04-06T13:58:57.725 INFO:teuthology.orchestra.run.smithi090.stdout:/usr/bin/ceph: stderr
2024-04-06T13:58:56.127+0000 7f06d2ab2700 1 -- 172.21.15.90:0/2480753255 >> 172.21.15.90:0/2480753255 conn(0x7f06cc100b00 msgr2=0x7f06cc102f20 unknown :-1 s=STATE_NONE l=0).mark_down
2024-04-06T13:58:57.726 INFO:teuthology.orchestra.run.smithi090.stdout:/usr/bin/ceph: stderr
2024-04-06T13:58:56.127+0000 7f06d2ab2700 1 -- 172.21.15.90:0/2480753255 shutdown_connections
2024-04-06T13:58:57.726 INFO:teuthology.orchestra.run.smithi090.stdout:/usr/bin/ceph: stderr
2024-04-06T13:58:56.127+0000 7f06d2ab2700 1 -- 172.21.15.90:0/2480753255 wait complete.
2024-04-06T13:58:57.726 INFO:teuthology.orchestra.run.smithi090.stdout:/usr/bin/ceph: stderr
2024-04-06T13:58:56.127+0000 7f06d2ab2700 1 Processor -- start
2024-04-06T13:58:57.726 INFO:teuthology.orchestra.run.smithi090.stdout:/usr/bin/ceph: stderr
2024-04-06T13:58:56.127+0000 7f06d2ab2700 1 -- start start
2024-04-06T13:58:57.726 INFO:teuthology.orchestra.run.smithi090.stdout:/usr/bin/ceph: stderr
2024-04-06T13:58:56.127+0000 7f06d2ab2700 1 --2- >> [v2:172.21.15.90:3300/0,v1:172.21.15.90:6789/0] conn(0x7f06cc107110 0x7f06cc106ad0 unknown :-1 s=NONE pgs=0 cs=0 l=1 rev1=0 crypto rx=0 tx=0 comp rx=0 tx=0).connect
2024-04-06T13:58:57.726 INFO:teuthology.orchestra.run.smithi090.stdout:/usr/bin/ceph: stderr
2024-04-06T13:58:56.127+0000 7f06d2ab2700 1 -- --> [v2:172.21.15.90:3300/0,v1:172.21.15.90:6789/0] -- mon_getmap magic: 0 v1 -- 0x7f06cc1050c0 con 0x7f06cc107110
2024-04-06T13:58:57.726 INFO:teuthology.orchestra.run.smithi090.stdout:/usr/bin/ceph: stderr
