2024-04-06T14:07:04.849 INFO:teuthology.orchestra.run.smithi032.stdout:/usr/bin/ceph: stderr
2024-04-06T14:07:04.212+0000 7f9738ff9700 1 -- 172.21.15.32:0/3722799424 <== mon.0 v2:172.21.15.32:3300/0 2 ==== config(26 keys) v1 ==== 1009+0+0 (secure 0 0 0) 0x7f972c01d050 con 0x7f973c1014f0
2024-04-06T14:07:04.849 INFO:teuthology.orchestra.run.smithi032.stdout:/usr/bin/ceph: stderr
2024-04-06T14:07:04.212+0000 7f9742346700 1 -- 172.21.15.32:0/3722799424 --> [v2:172.21.15.32:3300/0,v1:172.21.15.32:6789/0] -- mon_subscribe({mgrmap=0+}) v3 -- 0x7f973c10f840 con 0x7f973c1014f0
2024-04-06T14:07:04.849 INFO:teuthology.orchestra.run.smithi032.stdout:/usr/bin/ceph: stderr
2024-04-06T14:07:04.212+0000 7f9738ff9700 1 -- 172.21.15.32:0/3722799424 <== mon.0 v2:172.21.15.32:3300/0 3 ==== mon_map magic: 0 v1 ==== 229+0+0 (secure 0 0 0) 0x7f972c022590 con 0x7f973c1014f0
2024-04-06T14:07:04.849 INFO:teuthology.orchestra.run.smithi032.stdout:/usr/bin/ceph: stderr
2024-04-06T14:07:04.212+0000 7f9742346700 1 -- 172.21.15.32:0/3722799424 --> [v2:172.21.15.32:3300/0,v1:172.21.15.32:6789/0] -- mon_subscribe({osdmap=0}) v3 -- 0x7f973c1103b0 con 0x7f973c1014f0
2024-04-06T14:07:04.849 INFO:teuthology.orchestra.run.smithi032.stdout:/usr/bin/ceph: stderr
2024-04-06T14:07:04.213+0000 7f9738ff9700 1 -- 172.21.15.32:0/3722799424 <== mon.0 v2:172.21.15.32:3300/0 4 ==== mgrmap(e 2) v1 ==== 43124+0+0 (secure 0 0 0) 0x7f972c010b60 con 0x7f973c1014f0
2024-04-06T14:07:04.849 INFO:teuthology.orchestra.run.smithi032.stdout:/usr/bin/ceph: stderr
2024-04-06T14:07:04.213+0000 7f9742346700 1 -- 172.21.15.32:0/3722799424 --> [v2:172.21.15.32:3300/0,v1:172.21.15.32:6789/0] -- mon_command({"prefix": "get_command_descriptions"} v 0) v1 -- 0x7f973c05f5f0 con 0x7f973c1014f0
2024-04-06T14:07:04.850 INFO:teuthology.orchestra.run.smithi032.stdout:/usr/bin/ceph: stderr
2024-04-06T14:07:04.213+0000 7f9738ff9700 1 -- 172.21.15.32:0/3722799424 <== mon.0 v2:172.21.15.32:3300/0 5 ==== osd_map(1..1 src has 1..1) v4 ==== 721+0+0 (secure 0 0 0) 0x7f972c014070 con 0x7f973c1014f0
2024-04-06T14:07:04.850 INFO:teuthology.orchestra.run.smithi032.stdout:/usr/bin/ceph: stderr
2024-04-06T14:07:04.216+0000 7f9738ff9700 1 -- 172.21.15.32:0/3722799424 <== mon.0 v2:172.21.15.32:3300/0 6 ==== mon_command_ack([{"prefix": "get_command_descriptions"}]=0 v0) v1 ==== 72+0+71349 (secure 0 0 0) 0x7f972c022b10 con 0x7f973c1014f0
2024-04-06T14:07:04.850 INFO:teuthology.orchestra.run.smithi032.stdout:/usr/bin/ceph: stderr
2024-04-06T14:07:04.288+0000 7f9742346700 1 -- 172.21.15.32:0/3722799424 --> [v2:172.21.15.32:3300/0,v1:172.21.15.32:6789/0] -- mon_command({"prefix": "status", "format": "json-pretty"} v 0) v1 -- 0x7f973c04bed0 con 0x7f973c1014f0
2024-04-06T14:07:04.850 INFO:teuthology.orchestra.run.smithi032.stdout:/usr/bin/ceph: stderr
2024-04-06T14:07:04.288+0000 7f9738ff9700 1 -- 172.21.15.32:0/3722799424 <== mon.0 v2:172.21.15.32:3300/0 7 ==== mon_command_ack([{"prefix": "status", "format": "json-pretty"}]=0 v0) v1 ==== 79+0+1249 (secure 0 0 0) 0x7f972c00e360 con 0x7f973c1014f0
2024-04-06T14:07:04.850 INFO:teuthology.orchestra.run.smithi032.stdout:/usr/bin/ceph: stderr
2024-04-06T14:07:04.289+0000 7f9742346700 1 -- 172.21.15.32:0/3722799424 >> [v2:172.21.15.32:3300/0,v1:172.21.15.32:6789/0] conn(0x7f973c1014f0 msgr2=0x7f973c10f100 secure :-1 s=STATE_CONNECTION_ESTABLISHED l=1).mark_down
2024-04-06T14:07:04.850 INFO:teuthology.orchestra.run.smithi032.stdout:/usr/bin/ceph: stderr
2024-04-06T14:07:04.289+0000 7f9742346700 1 --2- 172.21.15.32:0/3722799424 >> [v2:172.21.15.32:3300/0,v1:172.21.15.32:6789/0] conn(0x7f973c1014f0 0x7f973c10f100 secure :-1 s=READY pgs=17 cs=0 l=1 rev1=1 crypto rx=0x7f972c006d40 tx=0x7f972c00b4f0 comp rx=0 tx=0).stop
2024-04-06T14:07:04.850 INFO:teuthology.orchestra.run.smithi032.stdout:/usr/bin/ceph: stderr
2024-04-06T14:07:04.289+0000 7f9742346700 1 -- 172.21.15.32:0/3722799424 shutdown_connections
2024-04-06T14:07:04.850 INFO:teuthology.orchestra.run.smithi032.stdout:/usr/bin/ceph: stderr
2024-04-06T14:07:04.289+0000 7f9742346700 1 --2- 172.21.15.32:0/3722799424 >> [v2:172.21.15.32:3300/0,v1:172.21.15.32:6789/0] conn(0x7f973c1014f0 0x7f973c10f100 unknown :-1 s=CLOSED pgs=17 cs=0 l=1 rev1=1 crypto rx=0 tx=0 comp rx=0 tx=0).stop
2024-04-06T14:07:04.850 INFO:teuthology.orchestra.run.smithi032.stdout:/usr/bin/ceph: stderr
2024-04-06T14:07:04.289+0000 7f9742346700 1 -- 172.21.15.32:0/3722799424 >> 172.21.15.32:0/3722799424 conn(0x7f973c0fcc70 msgr2=0x7f973c105930 unknown :-1 s=STATE_NONE l=0).mark_down
2024-04-06T14:07:04.850 INFO:teuthology.orchestra.run.smithi032.stdout:/usr/bin/ceph: stderr
2024-04-06T14:07:04.289+0000 7f9742346700 1 -- 172.21.15.32:0/3722799424 shutdown_connections
2024-04-06T14:07:04.850 INFO:teuthology.orchestra.run.smithi032.stdout:/usr/bin/ceph: stderr
2024-04-06T14:07:04.289+0000 7f9742346700 1 -- 172.21.15.32:0/3722799424 wait complete.
2024-04-06T14:07:04.850 INFO:teuthology.orchestra.run.smithi032.stdout:mgr not available, waiting (3/15)...
2024-04-06T14:07:04.980 INFO:journalctl@ceph.mon.smithi032.smithi032.stdout:Apr 06 14:07:04 smithi032 ceph-mon[39730]: from='client.? 172.21.15.32:0/3722799424' entity='client.admin' cmd=[{"prefix": "status", "format": "json-pretty"}]: dispatch
2024-04-06T14:07:04.980 INFO:journalctl@ceph.mon.smithi032.smithi032.stdout:Apr 06 14:07:04 smithi032 ceph-mon[39730]: mgrmap e3: smithi032.peohxu(active, since 1.00612s)
2024-04-06T14:07:06.980 INFO:journalctl@ceph.mon.smithi032.smithi032.stdout:Apr 06 14:07:06 smithi032 ceph-mon[39730]: mgrmap e4: smithi032.peohxu(active, since 2s)
2024-04-06T14:07:08.071 INFO:journalctl@ceph.mon.smithi032.smithi032.stdout:Apr 06 14:07:07 smithi032 ceph-mon[39730]: from='client.? 172.21.15.32:0/2568654240' entity='client.admin' cmd=[{"prefix": "status", "format": "json-pretty"}]: dispatch
2024-04-06T14:07:08.344 INFO:teuthology.orchestra.run.smithi032.stdout:/usr/bin/ceph: stdout
2024-04-06T14:07:08.344 INFO:teuthology.orchestra.run.smithi032.stdout:/usr/bin/ceph: stdout {
2024-04-06T14:07:08.344 INFO:teuthology.orchestra.run.smithi032.stdout:/usr/bin/ceph: stdout "fsid": "cabdc720-f41e-11ee-b649-cb9ed24678a4",
2024-04-06T14:07:08.344 INFO:teuthology.orchestra.run.smithi032.stdout:/usr/bin/ceph: stdout "health": {
2024-04-06T14:07:08.344 INFO:teuthology.orchestra.run.smithi032.stdout:/usr/bin/ceph: stdout "status": "HEALTH_OK",
2024-04-06T14:07:08.344 INFO:teuthology.orchestra.run.smithi032.stdout:/usr/bin/ceph: stdout "checks": {},
2024-04-06T14:07:08.345 INFO:teuthology.orchestra.run.smithi032.stdout:/usr/bin/ceph: stdout "mutes": []
2024-04-06T14:07:08.345 INFO:teuthology.orchestra.run.smithi032.stdout:/usr/bin/ceph: stdout },
2024-04-06T14:07:08.345 INFO:teuthology.orchestra.run.smithi032.stdout:/usr/bin/ceph: stdout "election_epoch": 5,
2024-04-06T14:07:08.345 INFO:teuthology.orchestra.run.smithi032.stdout:/usr/bin/ceph: stdout "quorum": [
2024-04-06T14:07:08.345 INFO:teuthology.orchestra.run.smithi032.stdout:/usr/bin/ceph: stdout 0
2024-04-06T14:07:08.345 INFO:teuthology.orchestra.run.smithi032.stdout:/usr/bin/ceph: stdout ],
2024-04-06T14:07:08.346 INFO:teuthology.orchestra.run.smithi032.stdout:/usr/bin/ceph: stdout "quorum_names": [
2024-04-06T14:07:08.346 INFO:teuthology.orchestra.run.smithi032.stdout:/usr/bin/ceph: stdout "smithi032"
2024-04-06T14:07:08.346 INFO:teuthology.orchestra.run.smithi032.stdout:/usr/bin/ceph: stdout ],
2024-04-06T14:07:08.346 INFO:teuthology.orchestra.run.smithi032.stdout:/usr/bin/ceph: stdout "quorum_age": 13,
2024-04-06T14:07:08.346 INFO:teuthology.orchestra.run.smithi032.stdout:/usr/bin/ceph: stdout "monmap": {
2024-04-06T14:07:08.346 INFO:teuthology.orchestra.run.smithi032.stdout:/usr/bin/ceph: stdout "epoch": 1,
2024-04-06T14:07:08.346 INFO:teuthology.orchestra.run.smithi032.stdout:/usr/bin/ceph: stdout "min_mon_release_name": "quincy",
2024-04-06T14:07:08.346 INFO:teuthology.orchestra.run.smithi032.stdout:/usr/bin/ceph: stdout "num_mons": 1
2024-04-06T14:07:08.346 INFO:teuthology.orchestra.run.smithi032.stdout:/usr/bin/ceph: stdout },
2024-04-06T14:07:08.346 INFO:teuthology.orchestra.run.smithi032.stdout:/usr/bin/ceph: stdout "osdmap": {
2024-04-06T14:07:08.346 INFO:teuthology.orchestra.run.smithi032.stdout:/usr/bin/ceph: stdout "epoch": 1,
2024-04-06T14:07:08.346 INFO:teuthology.orchestra.run.smithi032.stdout:/usr/bin/ceph: stdout "num_osds": 0,
2024-04-06T14:07:08.346 INFO:teuthology.orchestra.run.smithi032.stdout:/usr/bin/ceph: stdout "num_up_osds": 0,
2024-04-06T14:07:08.346 INFO:teuthology.orchestra.run.smithi032.stdout:/usr/bin/ceph: stdout "osd_up_since": 0,
2024-04-06T14:07:08.355 INFO:teuthology.orchestra.run.smithi032.stdout:/usr/bin/ceph: stdout "num_in_osds": 0,
2024-04-06T14:07:08.355 INFO:teuthology.orchestra.run.smithi032.stdout:/usr/bin/ceph: stdout "osd_in_since": 0,
2024-04-06T14:07:08.356 INFO:teuthology.orchestra.run.smithi032.stdout:/usr/bin/ceph: stdout "num_remapped_pgs": 0
2024-04-06T14:07:08.356 INFO:teuthology.orchestra.run.smithi032.stdout:/usr/bin/ceph: stdout },
2024-04-06T14:07:08.356 INFO:teuthology.orchestra.run.smithi032.stdout:/usr/bin/ceph: stdout "pgmap": {
2024-04-06T14:07:08.356 INFO:teuthology.orchestra.run.smithi032.stdout:/usr/bin/ceph: stdout "pgs_by_state": [],
2024-04-06T14:07:08.356 INFO:teuthology.orchestra.run.smithi032.stdout:/usr/bin/ceph: stdout "num_pgs": 0,
2024-04-06T14:07:08.356 INFO:teuthology.orchestra.run.smithi032.stdout:/usr/bin/ceph: stdout "num_pools": 0,
2024-04-06T14:07:08.356 INFO:teuthology.orchestra.run.smithi032.stdout:/usr/bin/ceph: stdout "num_objects": 0,
2024-04-06T14:07:08.357 INFO:teuthology.orchestra.run.smithi032.stdout:/usr/bin/ceph: stdout "data_bytes": 0,
2024-04-06T14:07:08.357 INFO:teuthology.orchestra.run.smithi032.stdout:/usr/bin/ceph: stdout "bytes_used": 0,
2024-04-06T14:07:08.357 INFO:teuthology.orchestra.run.smithi032.stdout:/usr/bin/ceph: stdout "bytes_avail": 0,
2024-04-06T14:07:08.357 INFO:teuthology.orchestra.run.smithi032.stdout:/usr/bin/ceph: stdout "bytes_total": 0
2024-04-06T14:07:08.357 INFO:teuthology.orchestra.run.smithi032.stdout:/usr/bin/ceph: stdout },
2024-04-06T14:07:08.357 INFO:teuthology.orchestra.run.smithi032.stdout:/usr/bin/ceph: stdout "fsmap": {
2024-04-06T14:07:08.358 INFO:teuthology.orchestra.run.smithi032.stdout:/usr/bin/ceph: stdout "epoch": 1,
2024-04-06T14:07:08.358 INFO:teuthology.orchestra.run.smithi032.stdout:/usr/bin/ceph: stdout "by_rank": [],
2024-04-06T14:07:08.358 INFO:teuthology.orchestra.run.smithi032.stdout:/usr/bin/ceph: stdout "up:standby": 0
2024-04-06T14:07:08.358 INFO:teuthology.orchestra.run.smithi032.stdout:/usr/bin/ceph: stdout },
2024-04-06T14:07:08.358 INFO:teuthology.orchestra.run.smithi032.stdout:/usr/bin/ceph: stdout "mgrmap": {
2024-04-06T14:07:08.358 INFO:teuthology.orchestra.run.smithi032.stdout:/usr/bin/ceph: stdout "available": true,
2024-04-06T14:07:08.359 INFO:teuthology.orchestra.run.smithi032.stdout:/usr/bin/ceph: stdout "num_standbys": 0,
2024-04-06T14:07:08.359 INFO:teuthology.orchestra.run.smithi032.stdout:/usr/bin/ceph: stdout "modules": [
2024-04-06T14:07:08.359 INFO:teuthology.orchestra.run.smithi032.stdout:/usr/bin/ceph: stdout "iostat",
2024-04-06T14:07:08.359 INFO:teuthology.orchestra.run.smithi032.stdout:/usr/bin/ceph: stdout "nfs",
2024-04-06T14:07:08.359 INFO:teuthology.orchestra.run.smithi032.stdout:/usr/bin/ceph: stdout "restful"
2024-04-06T14:07:08.359 INFO:teuthology.orchestra.run.smithi032.stdout:/usr/bin/ceph: stdout ],
2024-04-06T14:07:08.360 INFO:teuthology.orchestra.run.smithi032.stdout:/usr/bin/ceph: stdout "services": {}
2024-04-06T14:07:08.360 INFO:teuthology.orchestra.run.smithi032.stdout:/usr/bin/ceph: stdout },
2024-04-06T14:07:08.360 INFO:teuthology.orchestra.run.smithi032.stdout:/usr/bin/ceph: stdout "servicemap": {
2024-04-06T14:07:08.360 INFO:teuthology.orchestra.run.smithi032.stdout:/usr/bin/ceph: stdout "epoch": 1,
2024-04-06T14:07:08.360 INFO:teuthology.orchestra.run.smithi032.stdout:/usr/bin/ceph: stdout "modified": "2024-04-06T14:06:48.331052+0000",
2024-04-06T14:07:08.360 INFO:teuthology.orchestra.run.smithi032.stdout:/usr/bin/ceph: stdout "services": {}
2024-04-06T14:07:08.360 INFO:teuthology.orchestra.run.smithi032.stdout:/usr/bin/ceph: stdout },
2024-04-06T14:07:08.361 INFO:teuthology.orchestra.run.smithi032.stdout:/usr/bin/ceph: stdout "progress_events": {}
2024-04-06T14:07:08.361 INFO:teuthology.orchestra.run.smithi032.stdout:/usr/bin/ceph: stdout }
2024-04-06T14:07:08.361 INFO:teuthology.orchestra.run.smithi032.stdout:/usr/bin/ceph: stderr
2024-04-06T14:07:07.429+0000 7faf5fc81700 1 Processor -- start
2024-04-06T14:07:08.361 INFO:teuthology.orchestra.run.smithi032.stdout:/usr/bin/ceph: stderr
2024-04-06T14:07:07.430+0000 7faf5fc81700 1 -- start start
2024-04-06T14:07:08.361 INFO:teuthology.orchestra.run.smithi032.stdout:/usr/bin/ceph: stderr
2024-04-06T14:07:07.430+0000 7faf5fc81700 1 --2- >> [v2:172.21.15.32:3300/0,v1:172.21.15.32:6789/0] conn(0x7faf58076c80 0x7faf581051b0 unknown :-1 s=NONE pgs=0 cs=0 l=0 rev1=0 crypto rx=0 tx=0 comp rx=0 tx=0).connect
2024-04-06T14:07:08.361 INFO:teuthology.orchestra.run.smithi032.stdout:/usr/bin/ceph: stderr
2024-04-06T14:07:07.430+0000 7faf5fc81700 1 -- --> [v2:172.21.15.32:3300/0,v1:172.21.15.32:6789/0] -- mon_getmap magic: 0 v1 -- 0x7faf581056f0 con 0x7faf58076c80
2024-04-06T14:07:08.361 INFO:teuthology.orchestra.run.smithi032.stdout:/usr/bin/ceph: stderr
2024-04-06T14:07:07.430+0000 7faf5da1d700 1 --2- >> [v2:172.21.15.32:3300/0,v1:172.21.15.32:6789/0] conn(0x7faf58076c80 0x7faf581051b0 unknown :-1 s=BANNER_CONNECTING pgs=0 cs=0 l=0 rev1=0 crypto rx=0 tx=0 comp rx=0 tx=0)._handle_peer_banner_payload supported=3 required=0
2024-04-06T14:07:08.361 INFO:teuthology.orchestra.run.smithi032.stdout:/usr/bin/ceph: stderr
2024-04-06T14:07:07.430+0000 7faf5da1d700 1 --2- >> [v2:172.21.15.32:3300/0,v1:172.21.15.32:6789/0] conn(0x7faf58076c80 0x7faf581051b0 unknown :-1 s=HELLO_CONNECTING pgs=0 cs=0 l=0 rev1=1 crypto rx=0 tx=0 comp rx=0 tx=0).handle_hello peer v2:172.21.15.32:3300/0 says I am v2:172.21.15.32:50262/0 (socket says 172.21.15.32:50262)
2024-04-06T14:07:08.361 INFO:teuthology.orchestra.run.smithi032.stdout:/usr/bin/ceph: stderr
2024-04-06T14:07:07.430+0000 7faf5da1d700 1 -- 172.21.15.32:0/2633834822 learned_addr learned my addr 172.21.15.32:0/2633834822 (peer_addr_for_me v2:172.21.15.32:0/0)
2024-04-06T14:07:08.361 INFO:teuthology.orchestra.run.smithi032.stdout:/usr/bin/ceph: stderr
2024-04-06T14:07:07.430+0000 7faf5da1d700 1 -- 172.21.15.32:0/2633834822 --> [v2:172.21.15.32:3300/0,v1:172.21.15.32:6789/0] -- mon_subscribe({config=0+,monmap=0+}) v3 -- 0x7faf58105830 con 0x7faf58076c80
2024-04-06T14:07:08.361 INFO:teuthology.orchestra.run.smithi032.stdout:/usr/bin/ceph: stderr
2024-04-06T14:07:07.431+0000 7faf5da1d700 1 --2- 172.21.15.32:0/2633834822 >> [v2:172.21.15.32:3300/0,v1:172.21.15.32:6789/0] conn(0x7faf58076c80 0x7faf581051b0 secure :-1 s=READY pgs=18 cs=0 l=1 rev1=1 crypto rx=0x7faf540098e0 tx=0x7faf54009250 comp rx=0 tx=0).ready entity=mon.0 client_cookie=c8e300903aeb382c server_cookie=0 in_seq=0 out_seq=0
2024-04-06T14:07:08.361 INFO:teuthology.orchestra.run.smithi032.stdout:/usr/bin/ceph: stderr
2024-04-06T14:07:07.431+0000 7faf5ca1b700 1 -- 172.21.15.32:0/2633834822 <== mon.0 v2:172.21.15.32:3300/0 1 ==== mon_map magic: 0 v1 ==== 229+0+0 (secure 0 0 0) 0x7faf5400b860 con 0x7faf58076c80
2024-04-06T14:07:08.361 INFO:teuthology.orchestra.run.smithi032.stdout:/usr/bin/ceph: stderr
2024-04-06T14:07:07.431+0000 7faf5ca1b700 1 -- 172.21.15.32:0/2633834822 <== mon.0 v2:172.21.15.32:3300/0 2 ==== config(26 keys) v1 ==== 1009+0+0 (secure 0 0 0) 0x7faf5400be30 con 0x7faf58076c80
2024-04-06T14:07:08.361 INFO:teuthology.orchestra.run.smithi032.stdout:/usr/bin/ceph: stderr
2024-04-06T14:07:07.431+0000 7faf5ca1b700 1 -- 172.21.15.32:0/2633834822 <== mon.0 v2:172.21.15.32:3300/0 3 ==== mon_map magic: 0 v1 ==== 229+0+0 (secure 0 0 0) 0x7faf54010380 con 0x7faf58076c80
2024-04-06T14:07:08.362 INFO:teuthology.orchestra.run.smithi032.stdout:/usr/bin/ceph: stderr
2024-04-06T14:07:07.431+0000 7faf5fc81700 1 -- 172.21.15.32:0/2633834822 >> [v2:172.21.15.32:3300/0,v1:172.21.15.32:6789/0] conn(0x7faf58076c80 msgr2=0x7faf581051b0 secure :-1 s=STATE_CONNECTION_ESTABLISHED l=1).mark_down
2024-04-06T14:07:08.362 INFO:teuthology.orchestra.run.smithi032.stdout:/usr/bin/ceph: stderr
2024-04-06T14:07:07.431+0000 7faf5fc81700 1 --2- 172.21.15.32:0/2633834822 >> [v2:172.21.15.32:3300/0,v1:172.21.15.32:6789/0] conn(0x7faf58076c80 0x7faf581051b0 secure :-1 s=READY pgs=18 cs=0 l=1 rev1=1 crypto rx=0x7faf540098e0 tx=0x7faf54009250 comp rx=0 tx=0).stop
2024-04-06T14:07:08.362 INFO:teuthology.orchestra.run.smithi032.stdout:/usr/bin/ceph: stderr
2024-04-06T14:07:07.431+0000 7faf5fc81700 1 -- 172.21.15.32:0/2633834822 shutdown_connections
2024-04-06T14:07:08.362 INFO:teuthology.orchestra.run.smithi032.stdout:/usr/bin/ceph: stderr
2024-04-06T14:07:07.431+0000 7faf5fc81700 1 --2- 172.21.15.32:0/2633834822 >> [v2:172.21.15.32:3300/0,v1:172.21.15.32:6789/0] conn(0x7faf58076c80 0x7faf581051b0 unknown :-1 s=CLOSED pgs=18 cs=0 l=1 rev1=1 crypto rx=0 tx=0 comp rx=0 tx=0).stop
2024-04-06T14:07:08.362 INFO:teuthology.orchestra.run.smithi032.stdout:/usr/bin/ceph: stderr
2024-04-06T14:07:07.431+0000 7faf5fc81700 1 -- 172.21.15.32:0/2633834822 >> 172.21.15.32:0/2633834822 conn(0x7faf580fcc60 msgr2=0x7faf580ff070 unknown :-1 s=STATE_NONE l=0).mark_down
2024-04-06T14:07:08.362 INFO:teuthology.orchestra.run.smithi032.stdout:/usr/bin/ceph: stderr
2024-04-06T14:07:07.431+0000 7faf5fc81700 1 -- 172.21.15.32:0/2633834822 shutdown_connections
2024-04-06T14:07:08.362 INFO:teuthology.orchestra.run.smithi032.stdout:/usr/bin/ceph: stderr
2024-04-06T14:07:07.431+0000 7faf5fc81700 1 -- 172.21.15.32:0/2633834822 wait complete.
2024-04-06T14:07:08.362 INFO:teuthology.orchestra.run.smithi032.stdout:/usr/bin/ceph: stderr
2024-04-06T14:07:07.432+0000 7faf5fc81700 1 Processor -- start
2024-04-06T14:07:08.362 INFO:teuthology.orchestra.run.smithi032.stdout:/usr/bin/ceph: stderr
2024-04-06T14:07:07.432+0000 7faf5fc81700 1 -- start start
2024-04-06T14:07:08.362 INFO:teuthology.orchestra.run.smithi032.stdout:/usr/bin/ceph: stderr
2024-04-06T14:07:07.432+0000 7faf5fc81700 1 --2- >> [v2:172.21.15.32:3300/0,v1:172.21.15.32:6789/0] conn(0x7faf58076c80 0x7faf58111370 unknown :-1 s=NONE pgs=0 cs=0 l=1 rev1=0 crypto rx=0 tx=0 comp rx=0 tx=0).connect
2024-04-06T14:07:08.363 INFO:teuthology.orchestra.run.smithi032.stdout:/usr/bin/ceph: stderr
2024-04-06T14:07:07.432+0000 7faf5fc81700 1 -- --> [v2:172.21.15.32:3300/0,v1:172.21.15.32:6789/0] -- mon_getmap magic: 0 v1 -- 0x7faf581118b0 con 0x7faf58076c80
2024-04-06T14:07:08.363 INFO:teuthology.orchestra.run.smithi032.stdout:/usr/bin/ceph: stderr
2024-04-06T14:07:07.433+0000 7faf5da1d700 1 --2- >> [v2:172.21.15.32:3300/0,v1:172.21.15.32:6789/0] conn(0x7faf58076c80 0x7faf58111370 unknown :-1 s=BANNER_CONNECTING pgs=0 cs=0 l=1 rev1=0 crypto rx=0 tx=0 comp rx=0 tx=0)._handle_peer_banner_payload supported=3 required=0
2024-04-06T14:07:08.363 INFO:teuthology.orchestra.run.smithi032.stdout:/usr/bin/ceph: stderr
2024-04-06T14:07:07.433+0000 7faf5da1d700 1 --2- >> [v2:172.21.15.32:3300/0,v1:172.21.15.32:6789/0] conn(0x7faf58076c80 0x7faf58111370 unknown :-1 s=HELLO_CONNECTING pgs=0 cs=0 l=1 rev1=1 crypto rx=0 tx=0 comp rx=0 tx=0).handle_hello peer v2:172.21.15.32:3300/0 says I am v2:172.21.15.32:50266/0 (socket says 172.21.15.32:50266)
2024-04-06T14:07:08.363 INFO:teuthology.orchestra.run.smithi032.stdout:/usr/bin/ceph: stderr
2024-04-06T14:07:07.433+0000 7faf5da1d700 1 -- 172.21.15.32:0/2568654240 learned_addr learned my addr 172.21.15.32:0/2568654240 (peer_addr_for_me v2:172.21.15.32:0/0)
2024-04-06T14:07:08.363 INFO:teuthology.orchestra.run.smithi032.stdout:/usr/bin/ceph: stderr
2024-04-06T14:07:07.433+0000 7faf5da1d700 1 -- 172.21.15.32:0/2568654240 --> [v2:172.21.15.32:3300/0,v1:172.21.15.32:6789/0] -- mon_subscribe({config=0+,monmap=0+}) v3 -- 0x7faf540094f0 con 0x7faf58076c80
2024-04-06T14:07:08.363 INFO:teuthology.orchestra.run.smithi032.stdout:/usr/bin/ceph: stderr
2024-04-06T14:07:07.433+0000 7faf5da1d700 1 --2- 172.21.15.32:0/2568654240 >> [v2:172.21.15.32:3300/0,v1:172.21.15.32:6789/0] conn(0x7faf58076c80 0x7faf58111370 secure :-1 s=READY pgs=19 cs=0 l=1 rev1=1 crypto rx=0x7faf54006d40 tx=0x7faf54009250 comp rx=0 tx=0).ready entity=mon.0 client_cookie=0 server_cookie=0 in_seq=0 out_seq=0
2024-04-06T14:07:08.363 INFO:teuthology.orchestra.run.smithi032.stdout:/usr/bin/ceph: stderr
2024-04-06T14:07:07.433+0000 7faf4a7fc700 1 -- 172.21.15.32:0/2568654240 <== mon.0 v2:172.21.15.32:3300/0 1 ==== mon_map magic: 0 v1 ==== 229+0+0 (secure 0 0 0) 0x7faf540109b0 con 0x7faf58076c80
2024-04-06T14:07:08.363 INFO:teuthology.orchestra.run.smithi032.stdout:/usr/bin/ceph: stderr
2024-04-06T14:07:07.433+0000 7faf4a7fc700 1 -- 172.21.15.32:0/2568654240 <== mon.0 v2:172.21.15.32:3300/0 2 ==== config(26 keys) v1 ==== 1009+0+0 (secure 0 0 0) 0x7faf54024440 con 0x7faf58076c80
2024-04-06T14:07:08.363 INFO:teuthology.orchestra.run.smithi032.stdout:/usr/bin/ceph: stderr
2024-04-06T14:07:07.433+0000 7faf4a7fc700 1 -- 172.21.15.32:0/2568654240 <== mon.0 v2:172.21.15.32:3300/0 3 ==== mon_map magic: 0 v1 ==== 229+0+0 (secure 0 0 0) 0x7faf5401a5f0 con 0x7faf58076c80
2024-04-06T14:07:08.363 INFO:teuthology.orchestra.run.smithi032.stdout:/usr/bin/ceph: stderr
2024-04-06T14:07:07.433+0000 7faf5fc81700 1 -- 172.21.15.32:0/2568654240 --> [v2:172.21.15.32:3300/0,v1:172.21.15.32:6789/0] -- mon_subscribe({mgrmap=0+}) v3 -- 0x7faf58111ab0 con 0x7faf58076c80
2024-04-06T14:07:08.363 INFO:teuthology.orchestra.run.smithi032.stdout:/usr/bin/ceph: stderr
2024-04-06T14:07:07.433+0000 7faf5fc81700 1 -- 172.21.15.32:0/2568654240 --> [v2:172.21.15.32:3300/0,v1:172.21.15.32:6789/0] -- mon_subscribe({osdmap=0}) v3 -- 0x7faf58112620 con 0x7faf58076c80
2024-04-06T14:07:08.363 INFO:teuthology.orchestra.run.smithi032.stdout:/usr/bin/ceph: stderr
2024-04-06T14:07:07.434+0000 7faf4a7fc700 1 -- 172.21.15.32:0/2568654240 <== mon.0 v2:172.21.15.32:3300/0 4 ==== mgrmap(e 4) v1 ==== 43357+0+0 (secure 0 0 0) 0x7faf54010b10 con 0x7faf58076c80
2024-04-06T14:07:08.364 INFO:teuthology.orchestra.run.smithi032.stdout:/usr/bin/ceph: stderr
2024-04-06T14:07:07.434+0000 7faf4a7fc700 1 --2- 172.21.15.32:0/2568654240 >> [v2:172.21.15.32:6800/818700653,v1:172.21.15.32:6801/818700653] conn(0x7faf44036740 0x7faf44038bf0 unknown :-1 s=NONE pgs=0 cs=0 l=1 rev1=0 crypto rx=0 tx=0 comp rx=0 tx=0).connect
2024-04-06T14:07:08.364 INFO:teuthology.orchestra.run.smithi032.stdout:/usr/bin/ceph: stderr
2024-04-06T14:07:07.434+0000 7faf5fc81700 1 -- 172.21.15.32:0/2568654240 --> [v2:172.21.15.32:3300/0,v1:172.21.15.32:6789/0] -- mon_command({"prefix": "get_command_descriptions"} v 0) v1 -- 0x7faf5805f5f0 con 0x7faf58076c80
2024-04-06T14:07:08.364 INFO:teuthology.orchestra.run.smithi032.stdout:/usr/bin/ceph: stderr
2024-04-06T14:07:07.434+0000 7faf4a7fc700 1 -- 172.21.15.32:0/2568654240 <== mon.0 v2:172.21.15.32:3300/0 5 ==== osd_map(1..1 src has 1..1) v4 ==== 721+0+0 (secure 0 0 0) 0x7faf5404a620 con 0x7faf58076c80
2024-04-06T14:07:08.364 INFO:teuthology.orchestra.run.smithi032.stdout:/usr/bin/ceph: stderr
2024-04-06T14:07:07.434+0000 7faf5d21c700 1 --2- 172.21.15.32:0/2568654240 >> [v2:172.21.15.32:6800/818700653,v1:172.21.15.32:6801/818700653] conn(0x7faf44036740 0x7faf44038bf0 unknown :-1 s=BANNER_CONNECTING pgs=0 cs=0 l=1 rev1=0 crypto rx=0 tx=0 comp rx=0 tx=0)._handle_peer_banner_payload supported=3 required=0
2024-04-06T14:07:08.364 INFO:teuthology.orchestra.run.smithi032.stdout:/usr/bin/ceph: stderr
2024-04-06T14:07:07.435+0000 7faf5d21c700 1 --2- 172.21.15.32:0/2568654240 >> [v2:172.21.15.32:6800/818700653,v1:172.21.15.32:6801/818700653] conn(0x7faf44036740 0x7faf44038bf0 secure :-1 s=READY pgs=6 cs=0 l=1 rev1=1 crypto rx=0x7faf4c009990 tx=0x7faf4c006e40 comp rx=0 tx=0).ready entity=mgr.14100 client_cookie=0 server_cookie=0 in_seq=0 out_seq=0
2024-04-06T14:07:08.364 INFO:teuthology.orchestra.run.smithi032.stdout:/usr/bin/ceph: stderr
2024-04-06T14:07:07.439+0000 7faf4a7fc700 1 -- 172.21.15.32:0/2568654240 <== mon.0 v2:172.21.15.32:3300/0 6 ==== mon_command_ack([{"prefix": "get_command_descriptions"}]=0 v0) v1 ==== 72+0+176504 (secure 0 0 0) 0x7faf54024970 con 0x7faf58076c80
2024-04-06T14:07:08.364 INFO:teuthology.orchestra.run.smithi032.stdout:/usr/bin/ceph: stderr
2024-04-06T14:07:07.711+0000 7faf5fc81700 1 -- 172.21.15.32:0/2568654240 --> [v2:172.21.15.32:3300/0,v1:172.21.15.32:6789/0] -- mon_command({"prefix": "status", "format": "json-pretty"} v 0) v1 -- 0x7faf5804bed0 con 0x7faf58076c80
2024-04-06T14:07:08.364 INFO:teuthology.orchestra.run.smithi032.stdout:/usr/bin/ceph: stderr
2024-04-06T14:07:07.712+0000 7faf4a7fc700 1 -- 172.21.15.32:0/2568654240 <== mon.0 v2:172.21.15.32:3300/0 7 ==== mon_command_ack([{"prefix": "status", "format": "json-pretty"}]=0 v0) v1 ==== 79+0+1248 (secure 0 0 0) 0x7faf5403d090 con 0x7faf58076c80
2024-04-06T14:07:08.364 INFO:teuthology.orchestra.run.smithi032.stdout:/usr/bin/ceph: stderr
2024-04-06T14:07:07.713+0000 7faf5fc81700 1 -- 172.21.15.32:0/2568654240 >> [v2:172.21.15.32:6800/818700653,v1:172.21.15.32:6801/818700653] conn(0x7faf44036740 msgr2=0x7faf44038bf0 secure :-1 s=STATE_CONNECTION_ESTABLISHED l=1).mark_down
2024-04-06T14:07:08.364 INFO:teuthology.orchestra.run.smithi032.stdout:/usr/bin/ceph: stderr
2024-04-06T14:07:07.713+0000 7faf5fc81700 1 --2- 172.21.15.32:0/2568654240 >> [v2:172.21.15.32:6800/818700653,v1:172.21.15.32:6801/818700653] conn(0x7faf44036740 0x7faf44038bf0 secure :-1 s=READY pgs=6 cs=0 l=1 rev1=1 crypto rx=0x7faf4c009990 tx=0x7faf4c006e40 comp rx=0 tx=0).stop
2024-04-06T14:07:08.364 INFO:teuthology.orchestra.run.smithi032.stdout:/usr/bin/ceph: stderr
2024-04-06T14:07:07.713+0000 7faf5fc81700 1 -- 172.21.15.32:0/2568654240 >> [v2:172.21.15.32:3300/0,v1:172.21.15.32:6789/0] conn(0x7faf58076c80 msgr2=0x7faf58111370 secure :-1 s=STATE_CONNECTION_ESTABLISHED l=1).mark_down
2024-04-06T14:07:08.364 INFO:teuthology.orchestra.run.smithi032.stdout:/usr/bin/ceph: stderr
2024-04-06T14:07:07.713+0000 7faf5fc81700 1 --2- 172.21.15.32:0/2568654240 >> [v2:172.21.15.32:3300/0,v1:172.21.15.32:6789/0] conn(0x7faf58076c80 0x7faf58111370 secure :-1 s=READY pgs=19 cs=0 l=1 rev1=1 crypto rx=0x7faf54006d40 tx=0x7faf54009250 comp rx=0 tx=0).stop
2024-04-06T14:07:08.364 INFO:teuthology.orchestra.run.smithi032.stdout:/usr/bin/ceph: stderr
2024-04-06T14:07:07.713+0000 7faf5fc81700 1 -- 172.21.15.32:0/2568654240 shutdown_connections
2024-04-06T14:07:08.364 INFO:teuthology.orchestra.run.smithi032.stdout:/usr/bin/ceph: stderr
2024-04-06T14:07:07.713+0000 7faf5fc81700 1 --2- 172.21.15.32:0/2568654240 >> [v2:172.21.15.32:6800/818700653,v1:172.21.15.32:6801/818700653] conn(0x7faf44036740 0x7faf44038bf0 unknown :-1 s=CLOSED pgs=6 cs=0 l=1 rev1=1 crypto rx=0 tx=0 comp rx=0 tx=0).stop
2024-04-06T14:07:08.365 INFO:teuthology.orchestra.run.smithi032.stdout:/usr/bin/ceph: stderr
2024-04-06T14:07:07.714+0000 7faf5fc81700 1 --2- 172.21.15.32:0/2568654240 >> [v2:172.21.15.32:3300/0,v1:172.21.15.32:6789/0] conn(0x7faf58076c80 0x7faf58111370 unknown :-1 s=CLOSED pgs=19 cs=0 l=1 rev1=1 crypto rx=0 tx=0 comp rx=0 tx=0).stop
2024-04-06T14:07:08.365 INFO:teuthology.orchestra.run.smithi032.stdout:/usr/bin/ceph: stderr
2024-04-06T14:07:07.714+0000 7faf5fc81700 1 -- 172.21.15.32:0/2568654240 >> 172.21.15.32:0/2568654240 conn(0x7faf580fcc60 msgr2=0x7faf580fd740 unknown :-1 s=STATE_NONE l=0).mark_down
2024-04-06T14:07:08.365 INFO:teuthology.orchestra.run.smithi032.stdout:/usr/bin/ceph: stderr
2024-04-06T14:07:07.714+0000 7faf5fc81700 1 -- 172.21.15.32:0/2568654240 shutdown_connections
2024-04-06T14:07:08.365 INFO:teuthology.orchestra.run.smithi032.stdout:/usr/bin/ceph: stderr
2024-04-06T14:07:07.714+0000 7faf5fc81700 1 -- 172.21.15.32:0/2568654240 wait complete.
2024-04-06T14:07:08.365 INFO:teuthology.orchestra.run.smithi032.stdout:mgr is available
2024-04-06T14:07:09.628 INFO:journalctl@ceph.mon.smithi032.smithi032.stdout:Apr 06 14:07:09 smithi032 ceph-mon[39730]: from='client.? 172.21.15.32:0/2870185015' entity='client.admin' cmd=[{"prefix": "config assimilate-conf"}]: dispatch
2024-04-06T14:07:09.889 INFO:teuthology.orchestra.run.smithi032.stdout:/usr/bin/ceph: stdout
2024-04-06T14:07:09.889 INFO:teuthology.orchestra.run.smithi032.stdout:/usr/bin/ceph: stdout [global]
2024-04-06T14:07:09.889 INFO:teuthology.orchestra.run.smithi032.stdout:/usr/bin/ceph: stdout fsid = cabdc720-f41e-11ee-b649-cb9ed24678a4
2024-04-06T14:07:09.889 INFO:teuthology.orchestra.run.smithi032.stdout:/usr/bin/ceph: stdout mon_osd_allow_pg_remap = true
2024-04-06T14:07:09.889 INFO:teuthology.orchestra.run.smithi032.stdout:/usr/bin/ceph: stdout mon_osd_allow_primary_affinity = true
2024-04-06T14:07:09.889 INFO:teuthology.orchestra.run.smithi032.stdout:/usr/bin/ceph: stdout mon_warn_on_no_sortbitwise = false
2024-04-06T14:07:09.890 INFO:teuthology.orchestra.run.smithi032.stdout:/usr/bin/ceph: stdout osd_crush_chooseleaf_type = 0
2024-04-06T14:07:09.890 INFO:teuthology.orchestra.run.smithi032.stdout:/usr/bin/ceph: stdout
2024-04-06T14:07:09.890 INFO:teuthology.orchestra.run.smithi032.stdout:/usr/bin/ceph: stdout [mgr]
2024-04-06T14:07:09.890 INFO:teuthology.orchestra.run.smithi032.stdout:/usr/bin/ceph: stdout mgr/telemetry/nag = false
2024-04-06T14:07:09.890 INFO:teuthology.orchestra.run.smithi032.stdout:/usr/bin/ceph: stdout
2024-04-06T14:07:09.890 INFO:teuthology.orchestra.run.smithi032.stdout:/usr/bin/ceph: stdout [osd]
2024-04-06T14:07:09.890 INFO:teuthology.orchestra.run.smithi032.stdout:/usr/bin/ceph: stdout mon_osd_backfillfull_ratio = 0.85
2024-04-06T14:07:09.890 INFO:teuthology.orchestra.run.smithi032.stdout:/usr/bin/ceph: stdout mon_osd_full_ratio = 0.9
2024-04-06T14:07:09.890 INFO:teuthology.orchestra.run.smithi032.stdout:/usr/bin/ceph: stdout mon_osd_nearfull_ratio = 0.8
2024-04-06T14:07:09.890 INFO:teuthology.orchestra.run.smithi032.stdout:/usr/bin/ceph: stdout osd_map_max_advance = 10
2024-04-06T14:07:09.890 INFO:teuthology.orchestra.run.smithi032.stdout:/usr/bin/ceph: stdout osd_sloppy_crc = true
2024-04-06T14:07:09.890 INFO:teuthology.orchestra.run.smithi032.stdout:/usr/bin/ceph: stderr
2024-04-06T14:07:09.042+0000 7f8c5fe8c700 1 Processor -- start
2024-04-06T14:07:09.890 INFO:teuthology.orchestra.run.smithi032.stdout:/usr/bin/ceph: stderr
2024-04-06T14:07:09.043+0000 7f8c5fe8c700 1 -- start start
2024-04-06T14:07:09.890 INFO:teuthology.orchestra.run.smithi032.stdout:/usr/bin/ceph: stderr
2024-04-06T14:07:09.043+0000 7f8c5fe8c700 1 --2- >> [v2:172.21.15.32:3300/0,v1:172.21.15.32:6789/0] conn(0x7f8c58076c80 0x7f8c581051b0 unknown :-1 s=NONE pgs=0 cs=0 l=0 rev1=0 crypto rx=0 tx=0 comp rx=0 tx=0).connect
2024-04-06T14:07:09.891 INFO:teuthology.orchestra.run.smithi032.stdout:/usr/bin/ceph: stderr
2024-04-06T14:07:09.043+0000 7f8c5fe8c700 1 -- --> [v2:172.21.15.32:3300/0,v1:172.21.15.32:6789/0] -- mon_getmap magic: 0 v1 -- 0x7f8c581056f0 con 0x7f8c58076c80
2024-04-06T14:07:09.891 INFO:teuthology.orchestra.run.smithi032.stdout:/usr/bin/ceph: stderr
2024-04-06T14:07:09.043+0000 7f8c5dc28700 1 --2- >> [v2:172.21.15.32:3300/0,v1:172.21.15.32:6789/0] conn(0x7f8c58076c80 0x7f8c581051b0 unknown :-1 s=BANNER_CONNECTING pgs=0 cs=0 l=0 rev1=0 crypto rx=0 tx=0 comp rx=0 tx=0)._handle_peer_banner_payload supported=3 required=0
2024-04-06T14:07:09.891 INFO:teuthology.orchestra.run.smithi032.stdout:/usr/bin/ceph: stderr
2024-04-06T14:07:09.043+0000 7f8c5dc28700 1 --2- >> [v2:172.21.15.32:3300/0,v1:172.21.15.32:6789/0] conn(0x7f8c58076c80 0x7f8c581051b0 unknown :-1 s=HELLO_CONNECTING pgs=0 cs=0 l=0 rev1=1 crypto rx=0 tx=0 comp rx=0 tx=0).handle_hello peer v2:172.21.15.32:3300/0 says I am v2:172.21.15.32:50282/0 (socket says 172.21.15.32:50282)
2024-04-06T14:07:09.891 INFO:teuthology.orchestra.run.smithi032.stdout:/usr/bin/ceph: stderr
2024-04-06T14:07:09.043+0000 7f8c5dc28700 1 -- 172.21.15.32:0/198334115 learned_addr learned my addr 172.21.15.32:0/198334115 (peer_addr_for_me v2:172.21.15.32:0/0)
2024-04-06T14:07:09.891 INFO:teuthology.orchestra.run.smithi032.stdout:/usr/bin/ceph: stderr
2024-04-06T14:07:09.043+0000 7f8c5dc28700 1 -- 172.21.15.32:0/198334115 --> [v2:172.21.15.32:3300/0,v1:172.21.15.32:6789/0] -- mon_subscribe({config=0+,monmap=0+}) v3 -- 0x7f8c58105830 con 0x7f8c58076c80
2024-04-06T14:07:09.891 INFO:teuthology.orchestra.run.smithi032.stdout:/usr/bin/ceph: stderr
2024-04-06T14:07:09.043+0000 7f8c5dc28700 1 --2- 172.21.15.32:0/198334115 >> [v2:172.21.15.32:3300/0,v1:172.21.15.32:6789/0] conn(0x7f8c58076c80 0x7f8c581051b0 secure :-1 s=READY pgs=20 cs=0 l=1 rev1=1 crypto rx=0x7f8c540098e0 tx=0x7f8c54009250 comp rx=0 tx=0).ready entity=mon.0 client_cookie=1c0e825d88e7e5f5 server_cookie=0 in_seq=0 out_seq=0
2024-04-06T14:07:09.891 INFO:teuthology.orchestra.run.smithi032.stdout:/usr/bin/ceph: stderr
2024-04-06T14:07:09.044+0000 7f8c5cc26700 1 -- 172.21.15.32:0/198334115 <== mon.0 v2:172.21.15.32:3300/0 1 ==== mon_map magic: 0 v1 ==== 229+0+0 (secure 0 0 0) 0x7f8c5400b860 con 0x7f8c58076c80
2024-04-06T14:07:09.891 INFO:teuthology.orchestra.run.smithi032.stdout:/usr/bin/ceph: stderr
2024-04-06T14:07:09.044+0000 7f8c5cc26700 1 -- 172.21.15.32:0/198334115 <== mon.0 v2:172.21.15.32:3300/0 2 ==== config(26 keys) v1 ==== 1009+0+0 (secure 0 0 0) 0x7f8c5400be30 con 0x7f8c58076c80
2024-04-06T14:07:09.891 INFO:teuthology.orchestra.run.smithi032.stdout:/usr/bin/ceph: stderr
2024-04-06T14:07:09.044+0000 7f8c5cc26700 1 -- 172.21.15.32:0/198334115 <== mon.0 v2:172.21.15.32:3300/0 3 ==== mon_map magic: 0 v1 ==== 229+0+0 (secure 0 0 0) 0x7f8c54010380 con 0x7f8c58076c80
2024-04-06T14:07:09.891 INFO:teuthology.orchestra.run.smithi032.stdout:/usr/bin/ceph: stderr
2024-04-06T14:07:09.044+0000 7f8c5fe8c700 1 -- 172.21.15.32:0/198334115 >> [v2:172.21.15.32:3300/0,v1:172.21.15.32:6789/0] conn(0x7f8c58076c80 msgr2=0x7f8c581051b0 secure :-1 s=STATE_CONNECTION_ESTABLISHED l=1).mark_down
2024-04-06T14:07:09.891 INFO:teuthology.orchestra.run.smithi032.stdout:/usr/bin/ceph: stderr
2024-04-06T14:07:09.044+0000 7f8c5fe8c700 1 --2- 172.21.15.32:0/198334115 >> [v2:172.21.15.32:3300/0,v1:172.21.15.32:6789/0] conn(0x7f8c58076c80 0x7f8c581051b0 secure :-1 s=READY pgs=20 cs=0 l=1 rev1=1 crypto rx=0x7f8c540098e0 tx=0x7f8c54009250 comp rx=0 tx=0).stop
2024-04-06T14:07:09.891 INFO:teuthology.orchestra.run.smithi032.stdout:/usr/bin/ceph: stderr
2024-04-06T14:07:09.044+0000 7f8c5fe8c700 1 -- 172.21.15.32:0/198334115 shutdown_connections
2024-04-06T14:07:09.891 INFO:teuthology.orchestra.run.smithi032.stdout:/usr/bin/ceph: stderr
2024-04-06T14:07:09.044+0000 7f8c5fe8c700 1 --2- 172.21.15.32:0/198334115 >> [v2:172.21.15.32:3300/0,v1:172.21.15.32:6789/0] conn(0x7f8c58076c80 0x7f8c581051b0 unknown :-1 s=CLOSED pgs=20 cs=0 l=1 rev1=1 crypto rx=0 tx=0 comp rx=0 tx=0).stop
2024-04-06T14:07:09.891 INFO:teuthology.orchestra.run.smithi032.stdout:/usr/bin/ceph: stderr
2024-04-06T14:07:09.044+0000 7f8c5fe8c700 1 -- 172.21.15.32:0/198334115 >> 172.21.15.32:0/198334115 conn(0x7f8c580fcc60 msgr2=0x7f8c580ff070 unknown :-1 s=STATE_NONE l=0).mark_down
2024-04-06T14:07:09.892 INFO:teuthology.orchestra.run.smithi032.stdout:/usr/bin/ceph: stderr
2024-04-06T14:07:09.044+0000 7f8c5fe8c700 1 -- 172.21.15.32:0/198334115 shutdown_connections
2024-04-06T14:07:09.892 INFO:teuthology.orchestra.run.smithi032.stdout:/usr/bin/ceph: stderr
2024-04-06T14:07:09.044+0000 7f8c5fe8c700 1 -- 172.21.15.32:0/198334115 wait complete.
2024-04-06T14:07:09.892 INFO:teuthology.orchestra.run.smithi032.stdout:/usr/bin/ceph: stderr
2024-04-06T14:07:09.045+0000 7f8c5fe8c700 1 Processor -- start
2024-04-06T14:07:09.892 INFO:teuthology.orchestra.run.smithi032.stdout:/usr/bin/ceph: stderr
2024-04-06T14:07:09.045+0000 7f8c5fe8c700 1 -- start start
2024-04-06T14:07:09.892 INFO:teuthology.orchestra.run.smithi032.stdout:/usr/bin/ceph: stderr
2024-04-06T14:07:09.045+0000 7f8c5fe8c700 1 --2- >> [v2:172.21.15.32:3300/0,v1:172.21.15.32:6789/0] conn(0x7f8c58076c80 0x7f8c58102b00 unknown :-1 s=NONE pgs=0 cs=0 l=1 rev1=0 crypto rx=0 tx=0 comp rx=0 tx=0).connect
2024-04-06T14:07:09.892 INFO:teuthology.orchestra.run.smithi032.stdout:/usr/bin/ceph: stderr
2024-04-06T14:07:09.045+0000 7f8c5fe8c700 1 -- --> [v2:172.21.15.32:3300/0,v1:172.21.15.32:6789/0] -- mon_getmap magic: 0 v1 -- 0x7f8c58103040 con 0x7f8c58076c80
2024-04-06T14:07:09.892 INFO:teuthology.orchestra.run.smithi032.stdout:/usr/bin/ceph: stderr
2024-04-06T14:07:09.045+0000 7f8c5dc28700 1 --2- >> [v2:172.21.15.32:3300/0,v1:172.21.15.32:6789/0] conn(0x7f8c58076c80 0x7f8c58102b00 unknown :-1 s=BANNER_CONNECTING pgs=0 cs=0 l=1 rev1=0 crypto rx=0 tx=0 comp rx=0 tx=0)._handle_peer_banner_payload supported=3 required=0
2024-04-06T14:07:09.892 INFO:teuthology.orchestra.run.smithi032.stdout:/usr/bin/ceph: stderr
2024-04-06T14:07:09.045+0000 7f8c5dc28700 1 --2- >> [v2:172.21.15.32:3300/0,v1:172.21.15.32:6789/0] conn(0x7f8c58076c80 0x7f8c58102b00 unknown :-1 s=HELLO_CONNECTING pgs=0 cs=0 l=1 rev1=1 crypto rx=0 tx=0 comp rx=0 tx=0).handle_hello peer v2:172.21.15.32:3300/0 says I am v2:172.21.15.32:50288/0 (socket says 172.21.15.32:50288)
2024-04-06T14:07:09.892 INFO:teuthology.orchestra.run.smithi032.stdout:/usr/bin/ceph: stderr
2024-04-06T14:07:09.045+0000 7f8c5dc28700 1 -- 172.21.15.32:0/2870185015 learned_addr learned my addr 172.21.15.32:0/2870185015 (peer_addr_for_me v2:172.21.15.32:0/0)
2024-04-06T14:07:09.892 INFO:teuthology.orchestra.run.smithi032.stdout:/usr/bin/ceph: stderr
2024-04-06T14:07:09.046+0000 7f8c5dc28700 1 -- 172.21.15.32:0/2870185015 --> [v2:172.21.15.32:3300/0,v1:172.21.15.32:6789/0] -- mon_subscribe({config=0+,monmap=0+}) v3 -- 0x7f8c540094f0 con 0x7f8c58076c80
2024-04-06T14:07:09.892 INFO:teuthology.orchestra.run.smithi032.stdout:/usr/bin/ceph: stderr
2024-04-06T14:07:09.046+0000 7f8c5dc28700 1 --2- 172.21.15.32:0/2870185015 >> [v2:172.21.15.32:3300/0,v1:172.21.15.32:6789/0] conn(0x7f8c58076c80 0x7f8c58102b00 secure :-1 s=READY pgs=21 cs=0 l=1 rev1=1 crypto rx=0x7f8c54006d40 tx=0x7f8c54009250 comp rx=0 tx=0).ready entity=mon.0 client_cookie=0 server_cookie=0 in_seq=0 out_seq=0
2024-04-06T14:07:09.892 INFO:teuthology.orchestra.run.smithi032.stdout:/usr/bin/ceph: stderr
2024-04-06T14:07:09.046+0000 7f8c4e7fc700 1 -- 172.21.15.32:0/2870185015 <== mon.0 v2:172.21.15.32:3300/0 1 ==== mon_map magic: 0 v1 ==== 229+0+0 (secure 0 0 0) 0x7f8c540109b0 con 0x7f8c58076c80
2024-04-06T14:07:09.892 INFO:teuthology.orchestra.run.smithi032.stdout:/usr/bin/ceph: stderr
2024-04-06T14:07:09.046+0000 7f8c4e7fc700 1 -- 172.21.15.32:0/2870185015 <== mon.0 v2:172.21.15.32:3300/0 2 ==== config(26 keys) v1 ==== 1009+0+0 (secure 0 0 0) 0x7f8c54024440 con 0x7f8c58076c80
2024-04-06T14:07:09.892 INFO:teuthology.orchestra.run.smithi032.stdout:/usr/bin/ceph: stderr
2024-04-06T14:07:09.046+0000 7f8c5fe8c700 1 -- 172.21.15.32:0/2870185015 --> [v2:172.21.15.32:3300/0,v1:172.21.15.32:6789/0] -- mon_subscribe({mgrmap=0+}) v3 -- 0x7f8c581010b0 con 0x7f8c58076c80
2024-04-06T14:07:09.892 INFO:teuthology.orchestra.run.smithi032.stdout:/usr/bin/ceph: stderr
2024-04-06T14:07:09.046+0000 7f8c4e7fc700 1 -- 172.21.15.32:0/2870185015 <== mon.0 v2:172.21.15.32:3300/0 3 ==== mon_map magic: 0 v1 ==== 229+0+0 (secure 0 0 0) 0x7f8c5401a5f0 con 0x7f8c58076c80
2024-04-06T14:07:09.893 INFO:teuthology.orchestra.run.smithi032.stdout:/usr/bin/ceph: stderr
2024-04-06T14:07:09.046+0000 7f8c5fe8c700 1 -- 172.21.15.32:0/2870185015 --> [v2:172.21.15.32:3300/0,v1:172.21.15.32:6789/0] -- mon_subscribe({osdmap=0}) v3 -- 0x7f8c581015a0 con 0x7f8c58076c80
2024-04-06T14:07:09.893 INFO:teuthology.orchestra.run.smithi032.stdout:/usr/bin/ceph: stderr
2024-04-06T14:07:09.047+0000 7f8c4e7fc700 1 -- 172.21.15.32:0/2870185015 <== mon.0 v2:172.21.15.32:3300/0 4 ==== mgrmap(e 4) v1 ==== 43357+0+0 (secure 0 0 0) 0x7f8c5401a870 con 0x7f8c58076c80
2024-04-06T14:07:09.893 INFO:teuthology.orchestra.run.smithi032.stdout:/usr/bin/ceph: stderr
2024-04-06T14:07:09.047+0000 7f8c4e7fc700 1 --2- 172.21.15.32:0/2870185015 >> [v2:172.21.15.32:6800/818700653,v1:172.21.15.32:6801/818700653] conn(0x7f8c44036740 0x7f8c44038bf0 unknown :-1 s=NONE pgs=0 cs=0 l=1 rev1=0 crypto rx=0 tx=0 comp rx=0 tx=0).connect
2024-04-06T14:07:09.893 INFO:teuthology.orchestra.run.smithi032.stdout:/usr/bin/ceph: stderr
2024-04-06T14:07:09.047+0000 7f8c4e7fc700 1 -- 172.21.15.32:0/2870185015 <== mon.0 v2:172.21.15.32:3300/0 5 ==== osd_map(1..1 src has 1..1) v4 ==== 721+0+0 (secure 0 0 0) 0x7f8c5404a5e0 con 0x7f8c58076c80
2024-04-06T14:07:09.893 INFO:teuthology.orchestra.run.smithi032.stdout:/usr/bin/ceph: stderr
2024-04-06T14:07:09.047+0000 7f8c5fe8c700 1 -- 172.21.15.32:0/2870185015 --> [v2:172.21.15.32:3300/0,v1:172.21.15.32:6789/0] -- mon_command({"prefix": "get_command_descriptions"} v 0) v1 -- 0x7f8c5804bed0 con 0x7f8c58076c80
2024-04-06T14:07:09.893 INFO:teuthology.orchestra.run.smithi032.stdout:/usr/bin/ceph: stderr
2024-04-06T14:07:09.047+0000 7f8c5d427700 1 --2- 172.21.15.32:0/2870185015 >> [v2:172.21.15.32:6800/818700653,v1:172.21.15.32:6801/818700653] conn(0x7f8c44036740 0x7f8c44038bf0 unknown :-1 s=BANNER_CONNECTING pgs=0 cs=0 l=1 rev1=0 crypto rx=0 tx=0 comp rx=0 tx=0)._handle_peer_banner_payload supported=3 required=0
2024-04-06T14:07:09.893 INFO:teuthology.orchestra.run.smithi032.stdout:/usr/bin/ceph: stderr
2024-04-06T14:07:09.047+0000 7f8c5d427700 1 --2- 172.21.15.32:0/2870185015 >> [v2:172.21.15.32:6800/818700653,v1:172.21.15.32:6801/818700653] conn(0x7f8c44036740 0x7f8c44038bf0 secure :-1 s=READY pgs=7 cs=0 l=1 rev1=1 crypto rx=0x7f8c48009990 tx=0x7f8c48006e40 comp rx=0 tx=0).ready entity=mgr.14100 client_cookie=0 server_cookie=0 in_seq=0 out_seq=0
2024-04-06T14:07:09.893 INFO:teuthology.orchestra.run.smithi032.stdout:/usr/bin/ceph: stderr
2024-04-06T14:07:09.052+0000 7f8c4e7fc700 1 -- 172.21.15.32:0/2870185015 <== mon.0 v2:172.21.15.32:3300/0 6 ==== mon_command_ack([{"prefix": "get_command_descriptions"}]=0 v0) v1 ==== 72+0+176504 (secure 0 0 0) 0x7f8c54018db0 con 0x7f8c58076c80
2024-04-06T14:07:09.893 INFO:teuthology.orchestra.run.smithi032.stdout:/usr/bin/ceph: stderr
2024-04-06T14:07:09.245+0000 7f8c5fe8c700 1 -- 172.21.15.32:0/2870185015 --> [v2:172.21.15.32:3300/0,v1:172.21.15.32:6789/0] -- mon_command({"prefix": "config assimilate-conf"} v 0) v1 -- 0x7f8c58101a20 con 0x7f8c58076c80
2024-04-06T14:07:09.893 INFO:teuthology.orchestra.run.smithi032.stdout:/usr/bin/ceph: stderr
2024-04-06T14:07:09.246+0000 7f8c4e7fc700 1 -- 172.21.15.32:0/2870185015 <== mon.0 v2:172.21.15.32:3300/0 7 ==== mon_command_ack([{"prefix": "config assimilate-conf"}]=0 v3) v1 ==== 70+0+373 (secure 0 0 0) 0x7f8c54048020 con 0x7f8c58076c80
2024-04-06T14:07:09.893 INFO:teuthology.orchestra.run.smithi032.stdout:/usr/bin/ceph: stderr
2024-04-06T14:07:09.248+0000 7f8c5fe8c700 1 -- 172.21.15.32:0/2870185015 >> [v2:172.21.15.32:6800/818700653,v1:172.21.15.32:6801/818700653] conn(0x7f8c44036740 msgr2=0x7f8c44038bf0 secure :-1 s=STATE_CONNECTION_ESTABLISHED l=1).mark_down
2024-04-06T14:07:09.893 INFO:teuthology.orchestra.run.smithi032.stdout:/usr/bin/ceph: stderr
2024-04-06T14:07:09.248+0000 7f8c5fe8c700 1 --2- 172.21.15.32:0/2870185015 >> [v2:172.21.15.32:6800/818700653,v1:172.21.15.32:6801/818700653] conn(0x7f8c44036740 0x7f8c44038bf0 secure :-1 s=READY pgs=7 cs=0 l=1 rev1=1 crypto rx=0x7f8c48009990 tx=0x7f8c48006e40 comp rx=0 tx=0).stop
2024-04-06T14:07:09.893 INFO:teuthology.orchestra.run.smithi032.stdout:/usr/bin/ceph: stderr
2024-04-06T14:07:09.248+0000 7f8c5fe8c700 1 -- 172.21.15.32:0/2870185015 >> [v2:172.21.15.32:3300/0,v1:172.21.15.32:6789/0] conn(0x7f8c58076c80 msgr2=0x7f8c58102b00 secure :-1 s=STATE_CONNECTION_ESTABLISHED l=1).mark_down
2024-04-06T14:07:09.893 INFO:teuthology.orchestra.run.smithi032.stdout:/usr/bin/ceph: stderr
2024-04-06T14:07:09.248+0000 7f8c5fe8c700 1 --2- 172.21.15.32:0/2870185015 >> [v2:172.21.15.32:3300/0,v1:172.21.15.32:6789/0] conn(0x7f8c58076c80 0x7f8c58102b00 secure :-1 s=READY pgs=21 cs=0 l=1 rev1=1 crypto rx=0x7f8c54006d40 tx=0x7f8c54009250 comp rx=0 tx=0).stop
2024-04-06T14:07:09.894 INFO:teuthology.orchestra.run.smithi032.stdout:/usr/bin/ceph: stderr
2024-04-06T14:07:09.248+0000 7f8c5fe8c700 1 -- 172.21.15.32:0/2870185015 shutdown_connections
2024-04-06T14:07:09.894 INFO:teuthology.orchestra.run.smithi032.stdout:/usr/bin/ceph: stderr
2024-04-06T14:07:09.248+0000 7f8c5fe8c700 1 --2- 172.21.15.32:0/2870185015 >> [v2:172.21.15.32:6800/818700653,v1:172.21.15.32:6801/818700653] conn(0x7f8c44036740 0x7f8c44038bf0 unknown :-1 s=CLOSED pgs=7 cs=0 l=1 rev1=1 crypto rx=0 tx=0 comp rx=0 tx=0).stop
2024-04-06T14:07:09.894 INFO:teuthology.orchestra.run.smithi032.stdout:/usr/bin/ceph: stderr
2024-04-06T14:07:09.248+0000 7f8c5fe8c700 1 --2- 172.21.15.32:0/2870185015 >> [v2:172.21.15.32:3300/0,v1:172.21.15.32:6789/0] conn(0x7f8c58076c80 0x7f8c58102b00 unknown :-1 s=CLOSED pgs=21 cs=0 l=1 rev1=1 crypto rx=0 tx=0 comp rx=0 tx=0).stop
2024-04-06T14:07:09.894 INFO:teuthology.orchestra.run.smithi032.stdout:/usr/bin/ceph: stderr
2024-04-06T14:07:09.248+0000 7f8c5fe8c700 1 -- 172.21.15.32:0/2870185015 >> 172.21.15.32:0/2870185015 conn(0x7f8c580fcc60 msgr2=0x7f8c580fd740 unknown :-1 s=STATE_NONE l=0).mark_down
2024-04-06T14:07:09.894 INFO:teuthology.orchestra.run.smithi032.stdout:/usr/bin/ceph: stderr
2024-04-06T14:07:09.248+0000 7f8c5fe8c700 1 -- 172.21.15.32:0/2870185015 shutdown_connections
2024-04-06T14:07:09.894 INFO:teuthology.orchestra.run.smithi032.stdout:/usr/bin/ceph: stderr
2024-04-06T14:07:09.248+0000 7f8c5fe8c700 1 -- 172.21.15.32:0/2870185015 wait complete.
2024-04-06T14:07:09.894 INFO:teuthology.orchestra.run.smithi032.stdout:Enabling cephadm module...
2024-04-06T14:07:11.133 INFO:journalctl@ceph.mon.smithi032.smithi032.stdout:Apr 06 14:07:10 smithi032 ceph-mon[39730]: from='client.? 172.21.15.32:0/438813393' entity='client.admin' cmd=[{"prefix": "mgr module enable", "module": "cephadm"}]: dispatch
2024-04-06T14:07:11.499 INFO:teuthology.orchestra.run.smithi032.stdout:/usr/bin/ceph: stderr
2024-04-06T14:07:10.485+0000 7ff9cf770700 1 Processor -- start
2024-04-06T14:07:11.499 INFO:teuthology.orchestra.run.smithi032.stdout:/usr/bin/ceph: stderr
2024-04-06T14:07:10.485+0000 7ff9cf770700 1 -- start start
2024-04-06T14:07:11.499 INFO:teuthology.orchestra.run.smithi032.stdout:/usr/bin/ceph: stderr
2024-04-06T14:07:10.485+0000 7ff9cf770700 1 --2- >> [v2:172.21.15.32:3300/0,v1:172.21.15.32:6789/0] conn(0x7ff9c81030a0 0x7ff9c8105480 unknown :-1 s=NONE pgs=0 cs=0 l=0 rev1=0 crypto rx=0 tx=0 comp rx=0 tx=0).connect
2024-04-06T14:07:11.499 INFO:teuthology.orchestra.run.smithi032.stdout:/usr/bin/ceph: stderr
2024-04-06T14:07:10.485+0000 7ff9cf770700 1 -- --> [v2:172.21.15.32:3300/0,v1:172.21.15.32:6789/0] -- mon_getmap magic: 0 v1 -- 0x7ff9c8076d40 con 0x7ff9c81030a0
2024-04-06T14:07:11.499 INFO:teuthology.orchestra.run.smithi032.stdout:/usr/bin/ceph: stderr
2024-04-06T14:07:10.485+0000 7ff9cd50c700 1 --2- >> [v2:172.21.15.32:3300/0,v1:172.21.15.32:6789/0] conn(0x7ff9c81030a0 0x7ff9c8105480 unknown :-1 s=BANNER_CONNECTING pgs=0 cs=0 l=0 rev1=0 crypto rx=0 tx=0 comp rx=0 tx=0)._handle_peer_banner_payload supported=3 required=0
2024-04-06T14:07:11.499 INFO:teuthology.orchestra.run.smithi032.stdout:/usr/bin/ceph: stderr
2024-04-06T14:07:10.486+0000 7ff9cd50c700 1 --2- >> [v2:172.21.15.32:3300/0,v1:172.21.15.32:6789/0] conn(0x7ff9c81030a0 0x7ff9c8105480 unknown :-1 s=HELLO_CONNECTING pgs=0 cs=0 l=0 rev1=1 crypto rx=0 tx=0 comp rx=0 tx=0).handle_hello peer v2:172.21.15.32:3300/0 says I am v2:172.21.15.32:50294/0 (socket says 172.21.15.32:50294)
2024-04-06T14:07:11.499 INFO:teuthology.orchestra.run.smithi032.stdout:/usr/bin/ceph: stderr
2024-04-06T14:07:10.486+0000 7ff9cd50c700 1 -- 172.21.15.32:0/3339686204 learned_addr learned my addr 172.21.15.32:0/3339686204 (peer_addr_for_me v2:172.21.15.32:0/0)
2024-04-06T14:07:11.499 INFO:teuthology.orchestra.run.smithi032.stdout:/usr/bin/ceph: stderr
2024-04-06T14:07:10.486+0000 7ff9cd50c700 1 -- 172.21.15.32:0/3339686204 --> [v2:172.21.15.32:3300/0,v1:172.21.15.32:6789/0] -- mon_subscribe({config=0+,monmap=0+}) v3 -- 0x7ff9c8076e80 con 0x7ff9c81030a0
2024-04-06T14:07:11.500 INFO:teuthology.orchestra.run.smithi032.stdout:/usr/bin/ceph: stderr
2024-04-06T14:07:10.486+0000 7ff9cd50c700 1 --2- 172.21.15.32:0/3339686204 >> [v2:172.21.15.32:3300/0,v1:172.21.15.32:6789/0] conn(0x7ff9c81030a0 0x7ff9c8105480 secure :-1 s=READY pgs=22 cs=0 l=1 rev1=1 crypto rx=0x7ff9c40098e0 tx=0x7ff9c4009250 comp rx=0 tx=0).ready entity=mon.0 client_cookie=6a0e630084d394ad server_cookie=0 in_seq=0 out_seq=0
2024-04-06T14:07:11.500 INFO:teuthology.orchestra.run.smithi032.stdout:/usr/bin/ceph: stderr
2024-04-06T14:07:10.486+0000 7ff9bffff700 1 -- 172.21.15.32:0/3339686204 <== mon.0 v2:172.21.15.32:3300/0 1 ==== mon_map magic: 0 v1 ==== 229+0+0 (secure 0 0 0) 0x7ff9c400b860 con 0x7ff9c81030a0
2024-04-06T14:07:11.500 INFO:teuthology.orchestra.run.smithi032.stdout:/usr/bin/ceph: stderr
2024-04-06T14:07:10.486+0000 7ff9bffff700 1 -- 172.21.15.32:0/3339686204 <== mon.0 v2:172.21.15.32:3300/0 2 ==== config(26 keys) v1 ==== 1009+0+0 (secure 0 0 0) 0x7ff9c400be30 con 0x7ff9c81030a0
2024-04-06T14:07:11.500 INFO:teuthology.orchestra.run.smithi032.stdout:/usr/bin/ceph: stderr
2024-04-06T14:07:10.486+0000 7ff9bffff700 1 -- 172.21.15.32:0/3339686204 <== mon.0 v2:172.21.15.32:3300/0 3 ==== mon_map magic: 0 v1 ==== 229+0+0 (secure 0 0 0) 0x7ff9c4010380 con 0x7ff9c81030a0
2024-04-06T14:07:11.500 INFO:teuthology.orchestra.run.smithi032.stdout:/usr/bin/ceph: stderr
2024-04-06T14:07:10.487+0000 7ff9cf770700 1 -- 172.21.15.32:0/3339686204 >> [v2:172.21.15.32:3300/0,v1:172.21.15.32:6789/0] conn(0x7ff9c81030a0 msgr2=0x7ff9c8105480 secure :-1 s=STATE_CONNECTION_ESTABLISHED l=1).mark_down
2024-04-06T14:07:11.500 INFO:teuthology.orchestra.run.smithi032.stdout:/usr/bin/ceph: stderr
