2024-04-06T14:07:23.675 INFO:teuthology.orchestra.run.smithi032.stdout:/usr/bin/ceph: stderr
2024-04-06T14:07:22.675+0000 7f009d4a0700 1 -- 172.21.15.32:0/3706743986 --> [v2:172.21.15.32:3300/0,v1:172.21.15.32:6789/0] -- mon_command({"prefix": "get_command_descriptions"} v 0) v1 -- 0x7f009805f5f0 con 0x7f0098100910
2024-04-06T14:07:23.675 INFO:teuthology.orchestra.run.smithi032.stdout:/usr/bin/ceph: stderr
2024-04-06T14:07:22.675+0000 7f00967fc700 1 --2- 172.21.15.32:0/3706743986 >> [v2:172.21.15.32:6800/1833723736,v1:172.21.15.32:6801/1833723736] conn(0x7f00800367e0 0x7f0080038c90 unknown :-1 s=BANNER_CONNECTING pgs=0 cs=0 l=1 rev1=0 crypto rx=0 tx=0 comp rx=0 tx=0)._handle_peer_banner_payload supported=3 required=0
2024-04-06T14:07:23.675 INFO:teuthology.orchestra.run.smithi032.stdout:/usr/bin/ceph: stderr
2024-04-06T14:07:22.676+0000 7f00967fc700 1 --2- 172.21.15.32:0/3706743986 >> [v2:172.21.15.32:6800/1833723736,v1:172.21.15.32:6801/1833723736] conn(0x7f00800367e0 0x7f0080038c90 secure :-1 s=READY pgs=9 cs=0 l=1 rev1=1 crypto rx=0x7f008c009990 tx=0x7f008c006e40 comp rx=0 tx=0).ready entity=mgr.14120 client_cookie=0 server_cookie=0 in_seq=0 out_seq=0
2024-04-06T14:07:23.675 INFO:teuthology.orchestra.run.smithi032.stdout:/usr/bin/ceph: stderr
2024-04-06T14:07:22.680+0000 7f007f7fe700 1 -- 172.21.15.32:0/3706743986 <== mon.0 v2:172.21.15.32:3300/0 6 ==== mon_command_ack([{"prefix": "get_command_descriptions"}]=0 v0) v1 ==== 72+0+176504 (secure 0 0 0) 0x7f0088010d70 con 0x7f0098100910
2024-04-06T14:07:23.675 INFO:teuthology.orchestra.run.smithi032.stdout:/usr/bin/ceph: stderr
2024-04-06T14:07:22.877+0000 7f009d4a0700 1 -- 172.21.15.32:0/3706743986 --> [v2:172.21.15.32:6800/1833723736,v1:172.21.15.32:6801/1833723736] -- mgr_command(tid 0: {"prefix": "cephadm generate-key", "target": ["mon-mgr", ""]}) v1 -- 0x7f00981046c0 con 0x7f00800367e0
2024-04-06T14:07:23.675 INFO:teuthology.orchestra.run.smithi032.stdout:/usr/bin/ceph: stderr
2024-04-06T14:07:22.988+0000 7f007f7fe700 1 -- 172.21.15.32:0/3706743986 <== mgr.14120 v2:172.21.15.32:6800/1833723736 1 ==== mgr_command_reply(tid 0: 0 ) v1 ==== 8+0+0 (secure 0 0 0) 0x7f00981046c0 con 0x7f00800367e0
2024-04-06T14:07:23.676 INFO:teuthology.orchestra.run.smithi032.stdout:/usr/bin/ceph: stderr
2024-04-06T14:07:22.990+0000 7f009d4a0700 1 -- 172.21.15.32:0/3706743986 >> [v2:172.21.15.32:6800/1833723736,v1:172.21.15.32:6801/1833723736] conn(0x7f00800367e0 msgr2=0x7f0080038c90 secure :-1 s=STATE_CONNECTION_ESTABLISHED l=1).mark_down
2024-04-06T14:07:23.676 INFO:teuthology.orchestra.run.smithi032.stdout:/usr/bin/ceph: stderr
2024-04-06T14:07:22.990+0000 7f009d4a0700 1 --2- 172.21.15.32:0/3706743986 >> [v2:172.21.15.32:6800/1833723736,v1:172.21.15.32:6801/1833723736] conn(0x7f00800367e0 0x7f0080038c90 secure :-1 s=READY pgs=9 cs=0 l=1 rev1=1 crypto rx=0x7f008c009990 tx=0x7f008c006e40 comp rx=0 tx=0).stop
2024-04-06T14:07:23.676 INFO:teuthology.orchestra.run.smithi032.stdout:/usr/bin/ceph: stderr
2024-04-06T14:07:22.990+0000 7f009d4a0700 1 -- 172.21.15.32:0/3706743986 >> [v2:172.21.15.32:3300/0,v1:172.21.15.32:6789/0] conn(0x7f0098100910 msgr2=0x7f00981115d0 secure :-1 s=STATE_CONNECTION_ESTABLISHED l=1).mark_down
2024-04-06T14:07:23.676 INFO:teuthology.orchestra.run.smithi032.stdout:/usr/bin/ceph: stderr
2024-04-06T14:07:22.990+0000 7f009d4a0700 1 --2- 172.21.15.32:0/3706743986 >> [v2:172.21.15.32:3300/0,v1:172.21.15.32:6789/0] conn(0x7f0098100910 0x7f00981115d0 secure :-1 s=READY pgs=42 cs=0 l=1 rev1=1 crypto rx=0x7f0088000c00 tx=0x7f0088009250 comp rx=0 tx=0).stop
2024-04-06T14:07:23.676 INFO:teuthology.orchestra.run.smithi032.stdout:/usr/bin/ceph: stderr
2024-04-06T14:07:22.990+0000 7f009d4a0700 1 -- 172.21.15.32:0/3706743986 shutdown_connections
2024-04-06T14:07:23.676 INFO:teuthology.orchestra.run.smithi032.stdout:/usr/bin/ceph: stderr
2024-04-06T14:07:22.990+0000 7f009d4a0700 1 --2- 172.21.15.32:0/3706743986 >> [v2:172.21.15.32:6800/1833723736,v1:172.21.15.32:6801/1833723736] conn(0x7f00800367e0 0x7f0080038c90 unknown :-1 s=CLOSED pgs=9 cs=0 l=1 rev1=1 crypto rx=0 tx=0 comp rx=0 tx=0).stop
2024-04-06T14:07:23.676 INFO:teuthology.orchestra.run.smithi032.stdout:/usr/bin/ceph: stderr
2024-04-06T14:07:22.990+0000 7f009d4a0700 1 --2- 172.21.15.32:0/3706743986 >> [v2:172.21.15.32:3300/0,v1:172.21.15.32:6789/0] conn(0x7f0098100910 0x7f00981115d0 unknown :-1 s=CLOSED pgs=42 cs=0 l=1 rev1=1 crypto rx=0 tx=0 comp rx=0 tx=0).stop
2024-04-06T14:07:23.676 INFO:teuthology.orchestra.run.smithi032.stdout:/usr/bin/ceph: stderr
2024-04-06T14:07:22.990+0000 7f009d4a0700 1 -- 172.21.15.32:0/3706743986 >> 172.21.15.32:0/3706743986 conn(0x7f00980fc400 msgr2=0x7f00980fcf90 unknown :-1 s=STATE_NONE l=0).mark_down
2024-04-06T14:07:23.676 INFO:teuthology.orchestra.run.smithi032.stdout:/usr/bin/ceph: stderr
2024-04-06T14:07:22.990+0000 7f009d4a0700 1 -- 172.21.15.32:0/3706743986 shutdown_connections
2024-04-06T14:07:23.677 INFO:teuthology.orchestra.run.smithi032.stdout:/usr/bin/ceph: stderr
2024-04-06T14:07:22.990+0000 7f009d4a0700 1 -- 172.21.15.32:0/3706743986 wait complete.
2024-04-06T14:07:24.423 INFO:journalctl@ceph.mon.smithi032.smithi032.stdout:Apr 06 14:07:23 smithi032 ceph-mon[39730]: from='client.14136 -' entity='client.admin' cmd=[{"prefix": "cephadm generate-key", "target": ["mon-mgr", ""]}]: dispatch
2024-04-06T14:07:24.423 INFO:journalctl@ceph.mon.smithi032.smithi032.stdout:Apr 06 14:07:23 smithi032 ceph-mon[39730]: Generating ssh key...
2024-04-06T14:07:24.423 INFO:journalctl@ceph.mon.smithi032.smithi032.stdout:Apr 06 14:07:23 smithi032 ceph-mon[39730]: from='mgr.14120 172.21.15.32:0/98613908' entity='mgr.smithi032.peohxu'
2024-04-06T14:07:24.423 INFO:journalctl@ceph.mon.smithi032.smithi032.stdout:Apr 06 14:07:23 smithi032 ceph-mon[39730]: from='mgr.14120 172.21.15.32:0/98613908' entity='mgr.smithi032.peohxu'
2024-04-06T14:07:25.031 INFO:teuthology.orchestra.run.smithi032.stdout:/usr/bin/ceph: stdout ssh-rsa AAAAB3NzaC1yc2EAAAADAQABAAABgQDQPeCi1pyfhH1qnE/PcnFIdg25tUsYGZMRowYE/EclDHwlT101ohI3EZxuYD1b78o2g6tcj4rc6okVdeag5IxGVKhcQtP9fN+Pe3OQNJZDRmnl6O2MShnAcYkmi7wCIcXZoL8h8/MGEU75LY9ff5DB9PwcrXTo1CQfOlvyxhqW4r/yeMsdHr/VFfRGZ64RG1vutQP02iaK/6SbPkb0d9OyR8Ob/E0V2oXZ65CSIgcJNkhUEhtohFARB+rqgzEqTyioOxqki0/GnerikgkmNxJlJ7D7icy01yZ7p7DE1ZJvTRYsW4sHg0jiXlZUjBkoodYWQ3XlByVViLk3EuJ0dlSgyY7ca1dGTPCmXRqOJI1EZSwoxQ2e/8bQUUmn5c5Ccxh3srWKXGmeCUbn2pRJo6+eJznUrYiycjxWqb4YiD0/B/vUz5mojqPlJYUQmiP1zugAfPwkonzWoHxYWTFA093QfYxB7FjcbSPYMf6aBcqUf+SZrnwSG+lsVeJxW3F2Xus= ceph-cabdc720-f41e-11ee-b649-cb9ed24678a4
2024-04-06T14:07:25.031 INFO:teuthology.orchestra.run.smithi032.stdout:/usr/bin/ceph: stderr
2024-04-06T14:07:24.188+0000 7f1aaa73c700 1 Processor -- start
2024-04-06T14:07:25.031 INFO:teuthology.orchestra.run.smithi032.stdout:/usr/bin/ceph: stderr
2024-04-06T14:07:24.188+0000 7f1aaa73c700 1 -- start start
2024-04-06T14:07:25.031 INFO:teuthology.orchestra.run.smithi032.stdout:/usr/bin/ceph: stderr
2024-04-06T14:07:24.189+0000 7f1aaa73c700 1 --2- >> [v2:172.21.15.32:3300/0,v1:172.21.15.32:6789/0] conn(0x7f1aa4076c00 0x7f1aa4107630 unknown :-1 s=NONE pgs=0 cs=0 l=0 rev1=0 crypto rx=0 tx=0 comp rx=0 tx=0).connect
2024-04-06T14:07:25.031 INFO:teuthology.orchestra.run.smithi032.stdout:/usr/bin/ceph: stderr
2024-04-06T14:07:24.189+0000 7f1aaa73c700 1 -- --> [v2:172.21.15.32:3300/0,v1:172.21.15.32:6789/0] -- mon_getmap magic: 0 v1 -- 0x7f1aa4103020 con 0x7f1aa4076c00
2024-04-06T14:07:25.031 INFO:teuthology.orchestra.run.smithi032.stdout:/usr/bin/ceph: stderr
2024-04-06T14:07:24.189+0000 7f1aa3fff700 1 --2- >> [v2:172.21.15.32:3300/0,v1:172.21.15.32:6789/0] conn(0x7f1aa4076c00 0x7f1aa4107630 unknown :-1 s=BANNER_CONNECTING pgs=0 cs=0 l=0 rev1=0 crypto rx=0 tx=0 comp rx=0 tx=0)._handle_peer_banner_payload supported=3 required=0
2024-04-06T14:07:25.031 INFO:teuthology.orchestra.run.smithi032.stdout:/usr/bin/ceph: stderr
2024-04-06T14:07:24.189+0000 7f1aa3fff700 1 --2- >> [v2:172.21.15.32:3300/0,v1:172.21.15.32:6789/0] conn(0x7f1aa4076c00 0x7f1aa4107630 unknown :-1 s=HELLO_CONNECTING pgs=0 cs=0 l=0 rev1=1 crypto rx=0 tx=0 comp rx=0 tx=0).handle_hello peer v2:172.21.15.32:3300/0 says I am v2:172.21.15.32:43128/0 (socket says 172.21.15.32:43128)
2024-04-06T14:07:25.031 INFO:teuthology.orchestra.run.smithi032.stdout:/usr/bin/ceph: stderr
2024-04-06T14:07:24.189+0000 7f1aa3fff700 1 -- 172.21.15.32:0/2794180979 learned_addr learned my addr 172.21.15.32:0/2794180979 (peer_addr_for_me v2:172.21.15.32:0/0)
2024-04-06T14:07:25.031 INFO:teuthology.orchestra.run.smithi032.stdout:/usr/bin/ceph: stderr
2024-04-06T14:07:24.189+0000 7f1aa3fff700 1 -- 172.21.15.32:0/2794180979 --> [v2:172.21.15.32:3300/0,v1:172.21.15.32:6789/0] -- mon_subscribe({config=0+,monmap=0+}) v3 -- 0x7f1aa4107b70 con 0x7f1aa4076c00
2024-04-06T14:07:25.031 INFO:teuthology.orchestra.run.smithi032.stdout:/usr/bin/ceph: stderr
2024-04-06T14:07:24.189+0000 7f1aa3fff700 1 --2- 172.21.15.32:0/2794180979 >> [v2:172.21.15.32:3300/0,v1:172.21.15.32:6789/0] conn(0x7f1aa4076c00 0x7f1aa4107630 secure :-1 s=READY pgs=43 cs=0 l=1 rev1=1 crypto rx=0x7f1a940098e0 tx=0x7f1a94009250 comp rx=0 tx=0).ready entity=mon.0 client_cookie=459e87a43f3e761 server_cookie=0 in_seq=0 out_seq=0
2024-04-06T14:07:25.031 INFO:teuthology.orchestra.run.smithi032.stdout:/usr/bin/ceph: stderr
2024-04-06T14:07:24.189+0000 7f1aa2ffd700 1 -- 172.21.15.32:0/2794180979 <== mon.0 v2:172.21.15.32:3300/0 1 ==== mon_map magic: 0 v1 ==== 229+0+0 (secure 0 0 0) 0x7f1a9400b860 con 0x7f1aa4076c00
2024-04-06T14:07:25.032 INFO:teuthology.orchestra.run.smithi032.stdout:/usr/bin/ceph: stderr
2024-04-06T14:07:24.190+0000 7f1aa2ffd700 1 -- 172.21.15.32:0/2794180979 <== mon.0 v2:172.21.15.32:3300/0 2 ==== config(26 keys) v1 ==== 1009+0+0 (secure 0 0 0) 0x7f1a9400be30 con 0x7f1aa4076c00
2024-04-06T14:07:25.032 INFO:teuthology.orchestra.run.smithi032.stdout:/usr/bin/ceph: stderr
2024-04-06T14:07:24.190+0000 7f1aa2ffd700 1 -- 172.21.15.32:0/2794180979 <== mon.0 v2:172.21.15.32:3300/0 3 ==== mon_map magic: 0 v1 ==== 229+0+0 (secure 0 0 0) 0x7f1a94010380 con 0x7f1aa4076c00
2024-04-06T14:07:25.032 INFO:teuthology.orchestra.run.smithi032.stdout:/usr/bin/ceph: stderr
2024-04-06T14:07:24.190+0000 7f1aaa73c700 1 -- 172.21.15.32:0/2794180979 >> [v2:172.21.15.32:3300/0,v1:172.21.15.32:6789/0] conn(0x7f1aa4076c00 msgr2=0x7f1aa4107630 secure :-1 s=STATE_CONNECTION_ESTABLISHED l=1).mark_down
2024-04-06T14:07:25.032 INFO:teuthology.orchestra.run.smithi032.stdout:/usr/bin/ceph: stderr
2024-04-06T14:07:24.190+0000 7f1aaa73c700 1 --2- 172.21.15.32:0/2794180979 >> [v2:172.21.15.32:3300/0,v1:172.21.15.32:6789/0] conn(0x7f1aa4076c00 0x7f1aa4107630 secure :-1 s=READY pgs=43 cs=0 l=1 rev1=1 crypto rx=0x7f1a940098e0 tx=0x7f1a94009250 comp rx=0 tx=0).stop
2024-04-06T14:07:25.032 INFO:teuthology.orchestra.run.smithi032.stdout:/usr/bin/ceph: stderr
2024-04-06T14:07:24.190+0000 7f1aaa73c700 1 -- 172.21.15.32:0/2794180979 shutdown_connections
2024-04-06T14:07:25.032 INFO:teuthology.orchestra.run.smithi032.stdout:/usr/bin/ceph: stderr
2024-04-06T14:07:24.190+0000 7f1aaa73c700 1 --2- 172.21.15.32:0/2794180979 >> [v2:172.21.15.32:3300/0,v1:172.21.15.32:6789/0] conn(0x7f1aa4076c00 0x7f1aa4107630 unknown :-1 s=CLOSED pgs=43 cs=0 l=1 rev1=1 crypto rx=0 tx=0 comp rx=0 tx=0).stop
2024-04-06T14:07:25.032 INFO:teuthology.orchestra.run.smithi032.stdout:/usr/bin/ceph: stderr
2024-04-06T14:07:24.190+0000 7f1aaa73c700 1 -- 172.21.15.32:0/2794180979 >> 172.21.15.32:0/2794180979 conn(0x7f1aa40fcc60 msgr2=0x7f1aa40ff070 unknown :-1 s=STATE_NONE l=0).mark_down
2024-04-06T14:07:25.032 INFO:teuthology.orchestra.run.smithi032.stdout:/usr/bin/ceph: stderr
2024-04-06T14:07:24.190+0000 7f1aaa73c700 1 -- 172.21.15.32:0/2794180979 shutdown_connections
2024-04-06T14:07:25.032 INFO:teuthology.orchestra.run.smithi032.stdout:/usr/bin/ceph: stderr
2024-04-06T14:07:24.190+0000 7f1aaa73c700 1 -- 172.21.15.32:0/2794180979 wait complete.
2024-04-06T14:07:25.032 INFO:teuthology.orchestra.run.smithi032.stdout:/usr/bin/ceph: stderr
2024-04-06T14:07:24.191+0000 7f1aaa73c700 1 Processor -- start
2024-04-06T14:07:25.032 INFO:teuthology.orchestra.run.smithi032.stdout:/usr/bin/ceph: stderr
2024-04-06T14:07:24.191+0000 7f1aaa73c700 1 -- start start
2024-04-06T14:07:25.032 INFO:teuthology.orchestra.run.smithi032.stdout:/usr/bin/ceph: stderr
2024-04-06T14:07:24.191+0000 7f1aaa73c700 1 --2- >> [v2:172.21.15.32:3300/0,v1:172.21.15.32:6789/0] conn(0x7f1aa4076c00 0x7f1aa4113570 unknown :-1 s=NONE pgs=0 cs=0 l=1 rev1=0 crypto rx=0 tx=0 comp rx=0 tx=0).connect
2024-04-06T14:07:25.032 INFO:teuthology.orchestra.run.smithi032.stdout:/usr/bin/ceph: stderr
2024-04-06T14:07:24.191+0000 7f1aaa73c700 1 -- --> [v2:172.21.15.32:3300/0,v1:172.21.15.32:6789/0] -- mon_getmap magic: 0 v1 -- 0x7f1aa4113ab0 con 0x7f1aa4076c00
2024-04-06T14:07:25.032 INFO:teuthology.orchestra.run.smithi032.stdout:/usr/bin/ceph: stderr
2024-04-06T14:07:24.191+0000 7f1aa3fff700 1 --2- >> [v2:172.21.15.32:3300/0,v1:172.21.15.32:6789/0] conn(0x7f1aa4076c00 0x7f1aa4113570 unknown :-1 s=BANNER_CONNECTING pgs=0 cs=0 l=1 rev1=0 crypto rx=0 tx=0 comp rx=0 tx=0)._handle_peer_banner_payload supported=3 required=0
2024-04-06T14:07:25.032 INFO:teuthology.orchestra.run.smithi032.stdout:/usr/bin/ceph: stderr
2024-04-06T14:07:24.191+0000 7f1aa3fff700 1 --2- >> [v2:172.21.15.32:3300/0,v1:172.21.15.32:6789/0] conn(0x7f1aa4076c00 0x7f1aa4113570 unknown :-1 s=HELLO_CONNECTING pgs=0 cs=0 l=1 rev1=1 crypto rx=0 tx=0 comp rx=0 tx=0).handle_hello peer v2:172.21.15.32:3300/0 says I am v2:172.21.15.32:43136/0 (socket says 172.21.15.32:43136)
2024-04-06T14:07:25.033 INFO:teuthology.orchestra.run.smithi032.stdout:/usr/bin/ceph: stderr
2024-04-06T14:07:24.191+0000 7f1aa3fff700 1 -- 172.21.15.32:0/1378066910 learned_addr learned my addr 172.21.15.32:0/1378066910 (peer_addr_for_me v2:172.21.15.32:0/0)
2024-04-06T14:07:25.033 INFO:teuthology.orchestra.run.smithi032.stdout:/usr/bin/ceph: stderr
2024-04-06T14:07:24.191+0000 7f1aa3fff700 1 -- 172.21.15.32:0/1378066910 --> [v2:172.21.15.32:3300/0,v1:172.21.15.32:6789/0] -- mon_subscribe({config=0+,monmap=0+}) v3 -- 0x7f1a940094f0 con 0x7f1aa4076c00
2024-04-06T14:07:25.033 INFO:teuthology.orchestra.run.smithi032.stdout:/usr/bin/ceph: stderr
2024-04-06T14:07:24.191+0000 7f1aa3fff700 1 --2- 172.21.15.32:0/1378066910 >> [v2:172.21.15.32:3300/0,v1:172.21.15.32:6789/0] conn(0x7f1aa4076c00 0x7f1aa4113570 secure :-1 s=READY pgs=44 cs=0 l=1 rev1=1 crypto rx=0x7f1a94006d40 tx=0x7f1a94009250 comp rx=0 tx=0).ready entity=mon.0 client_cookie=0 server_cookie=0 in_seq=0 out_seq=0
2024-04-06T14:07:25.033 INFO:teuthology.orchestra.run.smithi032.stdout:/usr/bin/ceph: stderr
2024-04-06T14:07:24.192+0000 7f1aa0ff9700 1 -- 172.21.15.32:0/1378066910 <== mon.0 v2:172.21.15.32:3300/0 1 ==== mon_map magic: 0 v1 ==== 229+0+0 (secure 0 0 0) 0x7f1a940109b0 con 0x7f1aa4076c00
2024-04-06T14:07:25.033 INFO:teuthology.orchestra.run.smithi032.stdout:/usr/bin/ceph: stderr
2024-04-06T14:07:24.192+0000 7f1aa0ff9700 1 -- 172.21.15.32:0/1378066910 <== mon.0 v2:172.21.15.32:3300/0 2 ==== config(26 keys) v1 ==== 1009+0+0 (secure 0 0 0) 0x7f1a94024440 con 0x7f1aa4076c00
2024-04-06T14:07:25.033 INFO:teuthology.orchestra.run.smithi032.stdout:/usr/bin/ceph: stderr
2024-04-06T14:07:24.192+0000 7f1aaa73c700 1 -- 172.21.15.32:0/1378066910 --> [v2:172.21.15.32:3300/0,v1:172.21.15.32:6789/0] -- mon_subscribe({mgrmap=0+}) v3 -- 0x7f1aa4113cb0 con 0x7f1aa4076c00
2024-04-06T14:07:25.033 INFO:teuthology.orchestra.run.smithi032.stdout:/usr/bin/ceph: stderr
2024-04-06T14:07:24.192+0000 7f1aa0ff9700 1 -- 172.21.15.32:0/1378066910 <== mon.0 v2:172.21.15.32:3300/0 3 ==== mon_map magic: 0 v1 ==== 229+0+0 (secure 0 0 0) 0x7f1a9401a5f0 con 0x7f1aa4076c00
2024-04-06T14:07:25.033 INFO:teuthology.orchestra.run.smithi032.stdout:/usr/bin/ceph: stderr
2024-04-06T14:07:24.192+0000 7f1aaa73c700 1 -- 172.21.15.32:0/1378066910 --> [v2:172.21.15.32:3300/0,v1:172.21.15.32:6789/0] -- mon_subscribe({osdmap=0}) v3 -- 0x7f1aa4114820 con 0x7f1aa4076c00
2024-04-06T14:07:25.033 INFO:teuthology.orchestra.run.smithi032.stdout:/usr/bin/ceph: stderr
2024-04-06T14:07:24.193+0000 7f1aa0ff9700 1 -- 172.21.15.32:0/1378066910 <== mon.0 v2:172.21.15.32:3300/0 4 ==== mgrmap(e 8) v1 ==== 43368+0+0 (secure 0 0 0) 0x7f1a9401a820 con 0x7f1aa4076c00
2024-04-06T14:07:25.033 INFO:journalctl@ceph.mon.smithi032.smithi032.stdout:Apr 06 14:07:24 smithi032 ceph-mon[39730]: from='client.14138 -' entity='client.admin' cmd=[{"prefix": "cephadm get-pub-key", "target": ["mon-mgr", ""]}]: dispatch
2024-04-06T14:07:25.035 INFO:teuthology.orchestra.run.smithi032.stdout:/usr/bin/ceph: stderr
2024-04-06T14:07:24.193+0000 7f1aa0ff9700 1 --2- 172.21.15.32:0/1378066910 >> [v2:172.21.15.32:6800/1833723736,v1:172.21.15.32:6801/1833723736] conn(0x7f1a8c0367e0 0x7f1a8c038c90 unknown :-1 s=NONE pgs=0 cs=0 l=1 rev1=0 crypto rx=0 tx=0 comp rx=0 tx=0).connect
2024-04-06T14:07:25.035 INFO:teuthology.orchestra.run.smithi032.stdout:/usr/bin/ceph: stderr
2024-04-06T14:07:24.193+0000 7f1aa0ff9700 1 -- 172.21.15.32:0/1378066910 <== mon.0 v2:172.21.15.32:3300/0 5 ==== osd_map(2..2 src has 1..2) v4 ==== 936+0+0 (secure 0 0 0) 0x7f1a9404a720 con 0x7f1aa4076c00
2024-04-06T14:07:25.035 INFO:teuthology.orchestra.run.smithi032.stdout:/usr/bin/ceph: stderr
2024-04-06T14:07:24.193+0000 7f1aaa73c700 1 -- 172.21.15.32:0/1378066910 --> [v2:172.21.15.32:3300/0,v1:172.21.15.32:6789/0] -- mon_command({"prefix": "get_command_descriptions"} v 0) v1 -- 0x7f1aa405f5f0 con 0x7f1aa4076c00
2024-04-06T14:07:25.036 INFO:teuthology.orchestra.run.smithi032.stdout:/usr/bin/ceph: stderr
2024-04-06T14:07:24.193+0000 7f1aa37fe700 1 --2- 172.21.15.32:0/1378066910 >> [v2:172.21.15.32:6800/1833723736,v1:172.21.15.32:6801/1833723736] conn(0x7f1a8c0367e0 0x7f1a8c038c90 unknown :-1 s=BANNER_CONNECTING pgs=0 cs=0 l=1 rev1=0 crypto rx=0 tx=0 comp rx=0 tx=0)._handle_peer_banner_payload supported=3 required=0
2024-04-06T14:07:25.036 INFO:teuthology.orchestra.run.smithi032.stdout:/usr/bin/ceph: stderr
2024-04-06T14:07:24.193+0000 7f1aa37fe700 1 --2- 172.21.15.32:0/1378066910 >> [v2:172.21.15.32:6800/1833723736,v1:172.21.15.32:6801/1833723736] conn(0x7f1a8c0367e0 0x7f1a8c038c90 secure :-1 s=READY pgs=10 cs=0 l=1 rev1=1 crypto rx=0x7f1a98009990 tx=0x7f1a98006e40 comp rx=0 tx=0).ready entity=mgr.14120 client_cookie=0 server_cookie=0 in_seq=0 out_seq=0
2024-04-06T14:07:25.036 INFO:teuthology.orchestra.run.smithi032.stdout:/usr/bin/ceph: stderr
2024-04-06T14:07:24.198+0000 7f1aa0ff9700 1 -- 172.21.15.32:0/1378066910 <== mon.0 v2:172.21.15.32:3300/0 6 ==== mon_command_ack([{"prefix": "get_command_descriptions"}]=0 v0) v1 ==== 72+0+176504 (secure 0 0 0) 0x7f1a9401aad0 con 0x7f1aa4076c00
2024-04-06T14:07:25.036 INFO:teuthology.orchestra.run.smithi032.stdout:/usr/bin/ceph: stderr
2024-04-06T14:07:24.393+0000 7f1aaa73c700 1 -- 172.21.15.32:0/1378066910 --> [v2:172.21.15.32:6800/1833723736,v1:172.21.15.32:6801/1833723736] -- mgr_command(tid 0: {"prefix": "cephadm get-pub-key", "target": ["mon-mgr", ""]}) v1 -- 0x7f1aa40fde70 con 0x7f1a8c0367e0
2024-04-06T14:07:25.036 INFO:teuthology.orchestra.run.smithi032.stdout:/usr/bin/ceph: stderr
2024-04-06T14:07:24.394+0000 7f1aa0ff9700 1 -- 172.21.15.32:0/1378066910 <== mgr.14120 v2:172.21.15.32:6800/1833723736 1 ==== mgr_command_reply(tid 0: 0 ) v1 ==== 8+0+595 (secure 0 0 0) 0x7f1aa40fde70 con 0x7f1a8c0367e0
2024-04-06T14:07:25.036 INFO:teuthology.orchestra.run.smithi032.stdout:/usr/bin/ceph: stderr
2024-04-06T14:07:24.396+0000 7f1aaa73c700 1 -- 172.21.15.32:0/1378066910 >> [v2:172.21.15.32:6800/1833723736,v1:172.21.15.32:6801/1833723736] conn(0x7f1a8c0367e0 msgr2=0x7f1a8c038c90 secure :-1 s=STATE_CONNECTION_ESTABLISHED l=1).mark_down
2024-04-06T14:07:25.036 INFO:teuthology.orchestra.run.smithi032.stdout:/usr/bin/ceph: stderr
2024-04-06T14:07:24.396+0000 7f1aaa73c700 1 --2- 172.21.15.32:0/1378066910 >> [v2:172.21.15.32:6800/1833723736,v1:172.21.15.32:6801/1833723736] conn(0x7f1a8c0367e0 0x7f1a8c038c90 secure :-1 s=READY pgs=10 cs=0 l=1 rev1=1 crypto rx=0x7f1a98009990 tx=0x7f1a98006e40 comp rx=0 tx=0).stop
2024-04-06T14:07:25.036 INFO:teuthology.orchestra.run.smithi032.stdout:/usr/bin/ceph: stderr
2024-04-06T14:07:24.396+0000 7f1aaa73c700 1 -- 172.21.15.32:0/1378066910 >> [v2:172.21.15.32:3300/0,v1:172.21.15.32:6789/0] conn(0x7f1aa4076c00 msgr2=0x7f1aa4113570 secure :-1 s=STATE_CONNECTION_ESTABLISHED l=1).mark_down
2024-04-06T14:07:25.036 INFO:teuthology.orchestra.run.smithi032.stdout:/usr/bin/ceph: stderr
2024-04-06T14:07:24.396+0000 7f1aaa73c700 1 --2- 172.21.15.32:0/1378066910 >> [v2:172.21.15.32:3300/0,v1:172.21.15.32:6789/0] conn(0x7f1aa4076c00 0x7f1aa4113570 secure :-1 s=READY pgs=44 cs=0 l=1 rev1=1 crypto rx=0x7f1a94006d40 tx=0x7f1a94009250 comp rx=0 tx=0).stop
2024-04-06T14:07:25.036 INFO:teuthology.orchestra.run.smithi032.stdout:/usr/bin/ceph: stderr
2024-04-06T14:07:24.396+0000 7f1aaa73c700 1 -- 172.21.15.32:0/1378066910 shutdown_connections
2024-04-06T14:07:25.036 INFO:teuthology.orchestra.run.smithi032.stdout:/usr/bin/ceph: stderr
2024-04-06T14:07:24.396+0000 7f1aaa73c700 1 --2- 172.21.15.32:0/1378066910 >> [v2:172.21.15.32:6800/1833723736,v1:172.21.15.32:6801/1833723736] conn(0x7f1a8c0367e0 0x7f1a8c038c90 unknown :-1 s=CLOSED pgs=10 cs=0 l=1 rev1=1 crypto rx=0 tx=0 comp rx=0 tx=0).stop
2024-04-06T14:07:25.036 INFO:teuthology.orchestra.run.smithi032.stdout:/usr/bin/ceph: stderr
2024-04-06T14:07:24.396+0000 7f1aaa73c700 1 --2- 172.21.15.32:0/1378066910 >> [v2:172.21.15.32:3300/0,v1:172.21.15.32:6789/0] conn(0x7f1aa4076c00 0x7f1aa4113570 unknown :-1 s=CLOSED pgs=44 cs=0 l=1 rev1=1 crypto rx=0 tx=0 comp rx=0 tx=0).stop
2024-04-06T14:07:25.036 INFO:teuthology.orchestra.run.smithi032.stdout:/usr/bin/ceph: stderr
2024-04-06T14:07:24.396+0000 7f1aaa73c700 1 -- 172.21.15.32:0/1378066910 >> 172.21.15.32:0/1378066910 conn(0x7f1aa40fcc60 msgr2=0x7f1aa40fd760 unknown :-1 s=STATE_NONE l=0).mark_down
2024-04-06T14:07:25.036 INFO:teuthology.orchestra.run.smithi032.stdout:/usr/bin/ceph: stderr
2024-04-06T14:07:24.396+0000 7f1aaa73c700 1 -- 172.21.15.32:0/1378066910 shutdown_connections
2024-04-06T14:07:25.037 INFO:teuthology.orchestra.run.smithi032.stdout:/usr/bin/ceph: stderr
2024-04-06T14:07:24.396+0000 7f1aaa73c700 1 -- 172.21.15.32:0/1378066910 wait complete.
2024-04-06T14:07:25.037 INFO:teuthology.orchestra.run.smithi032.stdout:Wrote public SSH key to /home/ubuntu/cephtest/ceph.pub
2024-04-06T14:07:25.037 INFO:teuthology.orchestra.run.smithi032.stdout:Adding key to root@localhost authorized_keys...
2024-04-06T14:07:25.037 INFO:teuthology.orchestra.run.smithi032.stdout:Adding host smithi032...
2024-04-06T14:07:26.090 INFO:journalctl@ceph.mon.smithi032.smithi032.stdout:Apr 06 14:07:25 smithi032 ceph-mon[39730]: from='client.14140 -' entity='client.admin' cmd=[{"prefix": "orch host add", "hostname": "smithi032", "addr": "172.21.15.32", "target": ["mon-mgr", ""]}]: dispatch
2024-04-06T14:07:27.263 INFO:journalctl@ceph.mon.smithi032.smithi032.stdout:Apr 06 14:07:26 smithi032 ceph-mon[39730]: Deploying cephadm binary to smithi032
2024-04-06T14:07:28.282 INFO:teuthology.orchestra.run.smithi032.stdout:/usr/bin/ceph: stdout Added host 'smithi032' with addr '172.21.15.32'
2024-04-06T14:07:28.282 INFO:teuthology.orchestra.run.smithi032.stdout:/usr/bin/ceph: stderr
2024-04-06T14:07:25.609+0000 7fe8517c2700 1 Processor -- start
2024-04-06T14:07:28.283 INFO:teuthology.orchestra.run.smithi032.stdout:/usr/bin/ceph: stderr
2024-04-06T14:07:25.609+0000 7fe8517c2700 1 -- start start
2024-04-06T14:07:28.283 INFO:teuthology.orchestra.run.smithi032.stdout:/usr/bin/ceph: stderr
2024-04-06T14:07:25.610+0000 7fe8517c2700 1 --2- >> [v2:172.21.15.32:3300/0,v1:172.21.15.32:6789/0] conn(0x7fe84c102be0 0x7fe84c102ff0 unknown :-1 s=NONE pgs=0 cs=0 l=0 rev1=0 crypto rx=0 tx=0 comp rx=0 tx=0).connect
2024-04-06T14:07:28.283 INFO:teuthology.orchestra.run.smithi032.stdout:/usr/bin/ceph: stderr
2024-04-06T14:07:25.610+0000 7fe8517c2700 1 -- --> [v2:172.21.15.32:3300/0,v1:172.21.15.32:6789/0] -- mon_getmap magic: 0 v1 -- 0x7fe84c071500 con 0x7fe84c102be0
2024-04-06T14:07:28.283 INFO:teuthology.orchestra.run.smithi032.stdout:/usr/bin/ceph: stderr
2024-04-06T14:07:25.610+0000 7fe84affd700 1 --2- >> [v2:172.21.15.32:3300/0,v1:172.21.15.32:6789/0] conn(0x7fe84c102be0 0x7fe84c102ff0 unknown :-1 s=BANNER_CONNECTING pgs=0 cs=0 l=0 rev1=0 crypto rx=0 tx=0 comp rx=0 tx=0)._handle_peer_banner_payload supported=3 required=0
2024-04-06T14:07:28.283 INFO:teuthology.orchestra.run.smithi032.stdout:/usr/bin/ceph: stderr
2024-04-06T14:07:25.610+0000 7fe84affd700 1 --2- >> [v2:172.21.15.32:3300/0,v1:172.21.15.32:6789/0] conn(0x7fe84c102be0 0x7fe84c102ff0 unknown :-1 s=HELLO_CONNECTING pgs=0 cs=0 l=0 rev1=1 crypto rx=0 tx=0 comp rx=0 tx=0).handle_hello peer v2:172.21.15.32:3300/0 says I am v2:172.21.15.32:35814/0 (socket says 172.21.15.32:35814)
2024-04-06T14:07:28.283 INFO:teuthology.orchestra.run.smithi032.stdout:/usr/bin/ceph: stderr
2024-04-06T14:07:25.610+0000 7fe84affd700 1 -- 172.21.15.32:0/3261443033 learned_addr learned my addr 172.21.15.32:0/3261443033 (peer_addr_for_me v2:172.21.15.32:0/0)
2024-04-06T14:07:28.283 INFO:teuthology.orchestra.run.smithi032.stdout:/usr/bin/ceph: stderr
2024-04-06T14:07:25.610+0000 7fe84affd700 1 -- 172.21.15.32:0/3261443033 --> [v2:172.21.15.32:3300/0,v1:172.21.15.32:6789/0] -- mon_subscribe({config=0+,monmap=0+}) v3 -- 0x7fe84c103530 con 0x7fe84c102be0
2024-04-06T14:07:28.283 INFO:teuthology.orchestra.run.smithi032.stdout:/usr/bin/ceph: stderr
2024-04-06T14:07:25.610+0000 7fe84affd700 1 --2- 172.21.15.32:0/3261443033 >> [v2:172.21.15.32:3300/0,v1:172.21.15.32:6789/0] conn(0x7fe84c102be0 0x7fe84c102ff0 secure :-1 s=READY pgs=45 cs=0 l=1 rev1=1 crypto rx=0x7fe83c0098e0 tx=0x7fe83c009250 comp rx=0 tx=0).ready entity=mon.0 client_cookie=a89a85e7cf35347 server_cookie=0 in_seq=0 out_seq=0
2024-04-06T14:07:28.283 INFO:teuthology.orchestra.run.smithi032.stdout:/usr/bin/ceph: stderr
2024-04-06T14:07:25.610+0000 7fe849ffb700 1 -- 172.21.15.32:0/3261443033 <== mon.0 v2:172.21.15.32:3300/0 1 ==== mon_map magic: 0 v1 ==== 229+0+0 (secure 0 0 0) 0x7fe83c00b860 con 0x7fe84c102be0
2024-04-06T14:07:28.283 INFO:teuthology.orchestra.run.smithi032.stdout:/usr/bin/ceph: stderr
2024-04-06T14:07:25.610+0000 7fe849ffb700 1 -- 172.21.15.32:0/3261443033 <== mon.0 v2:172.21.15.32:3300/0 2 ==== config(26 keys) v1 ==== 1009+0+0 (secure 0 0 0) 0x7fe83c00be30 con 0x7fe84c102be0
2024-04-06T14:07:28.283 INFO:teuthology.orchestra.run.smithi032.stdout:/usr/bin/ceph: stderr
2024-04-06T14:07:25.610+0000 7fe849ffb700 1 -- 172.21.15.32:0/3261443033 <== mon.0 v2:172.21.15.32:3300/0 3 ==== mon_map magic: 0 v1 ==== 229+0+0 (secure 0 0 0) 0x7fe83c010380 con 0x7fe84c102be0
2024-04-06T14:07:28.283 INFO:teuthology.orchestra.run.smithi032.stdout:/usr/bin/ceph: stderr
2024-04-06T14:07:25.611+0000 7fe8517c2700 1 -- 172.21.15.32:0/3261443033 >> [v2:172.21.15.32:3300/0,v1:172.21.15.32:6789/0] conn(0x7fe84c102be0 msgr2=0x7fe84c102ff0 secure :-1 s=STATE_CONNECTION_ESTABLISHED l=1).mark_down
2024-04-06T14:07:28.283 INFO:teuthology.orchestra.run.smithi032.stdout:/usr/bin/ceph: stderr
2024-04-06T14:07:25.611+0000 7fe8517c2700 1 --2- 172.21.15.32:0/3261443033 >> [v2:172.21.15.32:3300/0,v1:172.21.15.32:6789/0] conn(0x7fe84c102be0 0x7fe84c102ff0 secure :-1 s=READY pgs=45 cs=0 l=1 rev1=1 crypto rx=0x7fe83c0098e0 tx=0x7fe83c009250 comp rx=0 tx=0).stop
2024-04-06T14:07:28.283 INFO:teuthology.orchestra.run.smithi032.stdout:/usr/bin/ceph: stderr
2024-04-06T14:07:25.611+0000 7fe8517c2700 1 -- 172.21.15.32:0/3261443033 shutdown_connections
2024-04-06T14:07:28.283 INFO:teuthology.orchestra.run.smithi032.stdout:/usr/bin/ceph: stderr
2024-04-06T14:07:25.611+0000 7fe8517c2700 1 --2- 172.21.15.32:0/3261443033 >> [v2:172.21.15.32:3300/0,v1:172.21.15.32:6789/0] conn(0x7fe84c102be0 0x7fe84c102ff0 unknown :-1 s=CLOSED pgs=45 cs=0 l=1 rev1=1 crypto rx=0 tx=0 comp rx=0 tx=0).stop
2024-04-06T14:07:28.284 INFO:teuthology.orchestra.run.smithi032.stdout:/usr/bin/ceph: stderr
2024-04-06T14:07:25.611+0000 7fe8517c2700 1 -- 172.21.15.32:0/3261443033 >> 172.21.15.32:0/3261443033 conn(0x7fe84c0fc3d0 msgr2=0x7fe84c0fe7e0 unknown :-1 s=STATE_NONE l=0).mark_down
2024-04-06T14:07:28.284 INFO:teuthology.orchestra.run.smithi032.stdout:/usr/bin/ceph: stderr
2024-04-06T14:07:25.611+0000 7fe8517c2700 1 -- 172.21.15.32:0/3261443033 shutdown_connections
2024-04-06T14:07:28.284 INFO:teuthology.orchestra.run.smithi032.stdout:/usr/bin/ceph: stderr
2024-04-06T14:07:25.611+0000 7fe8517c2700 1 -- 172.21.15.32:0/3261443033 wait complete.
2024-04-06T14:07:28.284 INFO:teuthology.orchestra.run.smithi032.stdout:/usr/bin/ceph: stderr
2024-04-06T14:07:25.612+0000 7fe8517c2700 1 Processor -- start
2024-04-06T14:07:28.284 INFO:teuthology.orchestra.run.smithi032.stdout:/usr/bin/ceph: stderr
2024-04-06T14:07:25.612+0000 7fe8517c2700 1 -- start start
2024-04-06T14:07:28.284 INFO:teuthology.orchestra.run.smithi032.stdout:/usr/bin/ceph: stderr
2024-04-06T14:07:25.612+0000 7fe8517c2700 1 --2- >> [v2:172.21.15.32:3300/0,v1:172.21.15.32:6789/0] conn(0x7fe84c102be0 0x7fe84c113580 unknown :-1 s=NONE pgs=0 cs=0 l=1 rev1=0 crypto rx=0 tx=0 comp rx=0 tx=0).connect
2024-04-06T14:07:28.284 INFO:teuthology.orchestra.run.smithi032.stdout:/usr/bin/ceph: stderr
2024-04-06T14:07:25.612+0000 7fe8517c2700 1 -- --> [v2:172.21.15.32:3300/0,v1:172.21.15.32:6789/0] -- mon_getmap magic: 0 v1 -- 0x7fe84c113ac0 con 0x7fe84c102be0
2024-04-06T14:07:28.284 INFO:teuthology.orchestra.run.smithi032.stdout:/usr/bin/ceph: stderr
2024-04-06T14:07:25.612+0000 7fe84affd700 1 --2- >> [v2:172.21.15.32:3300/0,v1:172.21.15.32:6789/0] conn(0x7fe84c102be0 0x7fe84c113580 unknown :-1 s=BANNER_CONNECTING pgs=0 cs=0 l=1 rev1=0 crypto rx=0 tx=0 comp rx=0 tx=0)._handle_peer_banner_payload supported=3 required=0
2024-04-06T14:07:28.284 INFO:teuthology.orchestra.run.smithi032.stdout:/usr/bin/ceph: stderr
2024-04-06T14:07:25.612+0000 7fe84affd700 1 --2- >> [v2:172.21.15.32:3300/0,v1:172.21.15.32:6789/0] conn(0x7fe84c102be0 0x7fe84c113580 unknown :-1 s=HELLO_CONNECTING pgs=0 cs=0 l=1 rev1=1 crypto rx=0 tx=0 comp rx=0 tx=0).handle_hello peer v2:172.21.15.32:3300/0 says I am v2:172.21.15.32:35822/0 (socket says 172.21.15.32:35822)
2024-04-06T14:07:28.284 INFO:teuthology.orchestra.run.smithi032.stdout:/usr/bin/ceph: stderr
2024-04-06T14:07:25.612+0000 7fe84affd700 1 -- 172.21.15.32:0/985808478 learned_addr learned my addr 172.21.15.32:0/985808478 (peer_addr_for_me v2:172.21.15.32:0/0)
2024-04-06T14:07:28.284 INFO:teuthology.orchestra.run.smithi032.stdout:/usr/bin/ceph: stderr
2024-04-06T14:07:25.612+0000 7fe84affd700 1 -- 172.21.15.32:0/985808478 --> [v2:172.21.15.32:3300/0,v1:172.21.15.32:6789/0] -- mon_subscribe({config=0+,monmap=0+}) v3 -- 0x7fe83c0094f0 con 0x7fe84c102be0
2024-04-06T14:07:28.284 INFO:teuthology.orchestra.run.smithi032.stdout:/usr/bin/ceph: stderr
2024-04-06T14:07:25.613+0000 7fe84affd700 1 --2- 172.21.15.32:0/985808478 >> [v2:172.21.15.32:3300/0,v1:172.21.15.32:6789/0] conn(0x7fe84c102be0 0x7fe84c113580 secure :-1 s=READY pgs=46 cs=0 l=1 rev1=1 crypto rx=0x7fe83c003080 tx=0x7fe83c009250 comp rx=0 tx=0).ready entity=mon.0 client_cookie=0 server_cookie=0 in_seq=0 out_seq=0
2024-04-06T14:07:28.284 INFO:teuthology.orchestra.run.smithi032.stdout:/usr/bin/ceph: stderr
2024-04-06T14:07:25.613+0000 7fe8437fe700 1 -- 172.21.15.32:0/985808478 <== mon.0 v2:172.21.15.32:3300/0 1 ==== mon_map magic: 0 v1 ==== 229+0+0 (secure 0 0 0) 0x7fe83c0109b0 con 0x7fe84c102be0
2024-04-06T14:07:28.284 INFO:teuthology.orchestra.run.smithi032.stdout:/usr/bin/ceph: stderr
2024-04-06T14:07:25.613+0000 7fe8437fe700 1 -- 172.21.15.32:0/985808478 <== mon.0 v2:172.21.15.32:3300/0 2 ==== config(26 keys) v1 ==== 1009+0+0 (secure 0 0 0) 0x7fe83c01a430 con 0x7fe84c102be0
2024-04-06T14:07:28.285 INFO:teuthology.orchestra.run.smithi032.stdout:/usr/bin/ceph: stderr
2024-04-06T14:07:25.613+0000 7fe8517c2700 1 -- 172.21.15.32:0/985808478 --> [v2:172.21.15.32:3300/0,v1:172.21.15.32:6789/0] -- mon_subscribe({mgrmap=0+}) v3 -- 0x7fe84c113cc0 con 0x7fe84c102be0
2024-04-06T14:07:28.285 INFO:teuthology.orchestra.run.smithi032.stdout:/usr/bin/ceph: stderr
2024-04-06T14:07:25.613+0000 7fe8517c2700 1 -- 172.21.15.32:0/985808478 --> [v2:172.21.15.32:3300/0,v1:172.21.15.32:6789/0] -- mon_subscribe({osdmap=0}) v3 -- 0x7fe84c114830 con 0x7fe84c102be0
2024-04-06T14:07:28.285 INFO:teuthology.orchestra.run.smithi032.stdout:/usr/bin/ceph: stderr
2024-04-06T14:07:25.613+0000 7fe8437fe700 1 -- 172.21.15.32:0/985808478 <== mon.0 v2:172.21.15.32:3300/0 3 ==== mon_map magic: 0 v1 ==== 229+0+0 (secure 0 0 0) 0x7fe83c0245b0 con 0x7fe84c102be0
2024-04-06T14:07:28.285 INFO:teuthology.orchestra.run.smithi032.stdout:/usr/bin/ceph: stderr
2024-04-06T14:07:25.614+0000 7fe8437fe700 1 -- 172.21.15.32:0/985808478 <== mon.0 v2:172.21.15.32:3300/0 4 ==== mgrmap(e 8) v1 ==== 43368+0+0 (secure 0 0 0) 0x7fe83c0247f0 con 0x7fe84c102be0
2024-04-06T14:07:28.285 INFO:teuthology.orchestra.run.smithi032.stdout:/usr/bin/ceph: stderr
2024-04-06T14:07:25.614+0000 7fe8517c2700 1 -- 172.21.15.32:0/985808478 --> [v2:172.21.15.32:3300/0,v1:172.21.15.32:6789/0] -- mon_command({"prefix": "get_command_descriptions"} v 0) v1 -- 0x7fe82c0052e0 con 0x7fe84c102be0
2024-04-06T14:07:28.285 INFO:teuthology.orchestra.run.smithi032.stdout:/usr/bin/ceph: stderr
2024-04-06T14:07:25.614+0000 7fe8437fe700 1 --2- 172.21.15.32:0/985808478 >> [v2:172.21.15.32:6800/1833723736,v1:172.21.15.32:6801/1833723736] conn(0x7fe838036790 0x7fe838038c40 unknown :-1 s=NONE pgs=0 cs=0 l=1 rev1=0 crypto rx=0 tx=0 comp rx=0 tx=0).connect
2024-04-06T14:07:28.285 INFO:teuthology.orchestra.run.smithi032.stdout:/usr/bin/ceph: stderr
2024-04-06T14:07:25.614+0000 7fe8437fe700 1 -- 172.21.15.32:0/985808478 <== mon.0 v2:172.21.15.32:3300/0 5 ==== osd_map(2..2 src has 1..2) v4 ==== 936+0+0 (secure 0 0 0) 0x7fe83c04a710 con 0x7fe84c102be0
2024-04-06T14:07:28.285 INFO:teuthology.orchestra.run.smithi032.stdout:/usr/bin/ceph: stderr
2024-04-06T14:07:25.614+0000 7fe84a7fc700 1 --2- 172.21.15.32:0/985808478 >> [v2:172.21.15.32:6800/1833723736,v1:172.21.15.32:6801/1833723736] conn(0x7fe838036790 0x7fe838038c40 unknown :-1 s=BANNER_CONNECTING pgs=0 cs=0 l=1 rev1=0 crypto rx=0 tx=0 comp rx=0 tx=0)._handle_peer_banner_payload supported=3 required=0
2024-04-06T14:07:28.285 INFO:teuthology.orchestra.run.smithi032.stdout:/usr/bin/ceph: stderr
2024-04-06T14:07:25.614+0000 7fe84a7fc700 1 --2- 172.21.15.32:0/985808478 >> [v2:172.21.15.32:6800/1833723736,v1:172.21.15.32:6801/1833723736] conn(0x7fe838036790 0x7fe838038c40 secure :-1 s=READY pgs=11 cs=0 l=1 rev1=1 crypto rx=0x7fe834009990 tx=0x7fe834006e40 comp rx=0 tx=0).ready entity=mgr.14120 client_cookie=0 server_cookie=0 in_seq=0 out_seq=0
2024-04-06T14:07:28.285 INFO:teuthology.orchestra.run.smithi032.stdout:/usr/bin/ceph: stderr
2024-04-06T14:07:25.619+0000 7fe8437fe700 1 -- 172.21.15.32:0/985808478 <== mon.0 v2:172.21.15.32:3300/0 6 ==== mon_command_ack([{"prefix": "get_command_descriptions"}]=0 v0) v1 ==== 72+0+176504 (secure 0 0 0) 0x7fe83c02c990 con 0x7fe84c102be0
2024-04-06T14:07:28.285 INFO:teuthology.orchestra.run.smithi032.stdout:/usr/bin/ceph: stderr
2024-04-06T14:07:25.817+0000 7fe8517c2700 1 -- 172.21.15.32:0/985808478 --> [v2:172.21.15.32:6800/1833723736,v1:172.21.15.32:6801/1833723736] -- mgr_command(tid 0: {"prefix": "orch host add", "hostname": "smithi032", "addr": "172.21.15.32", "target": ["mon-mgr", ""]}) v1 -- 0x7fe82c000bf0 con 0x7fe838036790
2024-04-06T14:07:28.285 INFO:teuthology.orchestra.run.smithi032.stdout:/usr/bin/ceph: stderr
2024-04-06T14:07:27.609+0000 7fe8437fe700 1 -- 172.21.15.32:0/985808478 <== mgr.14120 v2:172.21.15.32:6800/1833723736 1 ==== mgr_command_reply(tid 0: 0 ) v1 ==== 8+0+48 (secure 0 0 0) 0x7fe82c000bf0 con 0x7fe838036790
2024-04-06T14:07:28.285 INFO:teuthology.orchestra.run.smithi032.stdout:/usr/bin/ceph: stderr
2024-04-06T14:07:27.611+0000 7fe8517c2700 1 -- 172.21.15.32:0/985808478 >> [v2:172.21.15.32:6800/1833723736,v1:172.21.15.32:6801/1833723736] conn(0x7fe838036790 msgr2=0x7fe838038c40 secure :-1 s=STATE_CONNECTION_ESTABLISHED l=1).mark_down
2024-04-06T14:07:28.286 INFO:teuthology.orchestra.run.smithi032.stdout:/usr/bin/ceph: stderr
2024-04-06T14:07:27.611+0000 7fe8517c2700 1 --2- 172.21.15.32:0/985808478 >> [v2:172.21.15.32:6800/1833723736,v1:172.21.15.32:6801/1833723736] conn(0x7fe838036790 0x7fe838038c40 secure :-1 s=READY pgs=11 cs=0 l=1 rev1=1 crypto rx=0x7fe834009990 tx=0x7fe834006e40 comp rx=0 tx=0).stop
2024-04-06T14:07:28.286 INFO:teuthology.orchestra.run.smithi032.stdout:/usr/bin/ceph: stderr
2024-04-06T14:07:27.611+0000 7fe8517c2700 1 -- 172.21.15.32:0/985808478 >> [v2:172.21.15.32:3300/0,v1:172.21.15.32:6789/0] conn(0x7fe84c102be0 msgr2=0x7fe84c113580 secure :-1 s=STATE_CONNECTION_ESTABLISHED l=1).mark_down
2024-04-06T14:07:28.286 INFO:teuthology.orchestra.run.smithi032.stdout:/usr/bin/ceph: stderr
2024-04-06T14:07:27.611+0000 7fe8517c2700 1 --2- 172.21.15.32:0/985808478 >> [v2:172.21.15.32:3300/0,v1:172.21.15.32:6789/0] conn(0x7fe84c102be0 0x7fe84c113580 secure :-1 s=READY pgs=46 cs=0 l=1 rev1=1 crypto rx=0x7fe83c003080 tx=0x7fe83c009250 comp rx=0 tx=0).stop
2024-04-06T14:07:28.286 INFO:teuthology.orchestra.run.smithi032.stdout:/usr/bin/ceph: stderr
2024-04-06T14:07:27.611+0000 7fe8517c2700 1 -- 172.21.15.32:0/985808478 shutdown_connections
2024-04-06T14:07:28.286 INFO:teuthology.orchestra.run.smithi032.stdout:/usr/bin/ceph: stderr
2024-04-06T14:07:27.611+0000 7fe8517c2700 1 --2- 172.21.15.32:0/985808478 >> [v2:172.21.15.32:6800/1833723736,v1:172.21.15.32:6801/1833723736] conn(0x7fe838036790 0x7fe838038c40 unknown :-1 s=CLOSED pgs=11 cs=0 l=1 rev1=1 crypto rx=0 tx=0 comp rx=0 tx=0).stop
2024-04-06T14:07:28.286 INFO:teuthology.orchestra.run.smithi032.stdout:/usr/bin/ceph: stderr
2024-04-06T14:07:27.611+0000 7fe8517c2700 1 --2- 172.21.15.32:0/985808478 >> [v2:172.21.15.32:3300/0,v1:172.21.15.32:6789/0] conn(0x7fe84c102be0 0x7fe84c113580 unknown :-1 s=CLOSED pgs=46 cs=0 l=1 rev1=1 crypto rx=0 tx=0 comp rx=0 tx=0).stop
2024-04-06T14:07:28.286 INFO:teuthology.orchestra.run.smithi032.stdout:/usr/bin/ceph: stderr
2024-04-06T14:07:27.611+0000 7fe8517c2700 1 -- 172.21.15.32:0/985808478 >> 172.21.15.32:0/985808478 conn(0x7fe84c0fc3d0 msgr2=0x7fe84c0fcfc0 unknown :-1 s=STATE_NONE l=0).mark_down
2024-04-06T14:07:28.286 INFO:teuthology.orchestra.run.smithi032.stdout:/usr/bin/ceph: stderr
2024-04-06T14:07:27.612+0000 7fe8517c2700 1 -- 172.21.15.32:0/985808478 shutdown_connections
2024-04-06T14:07:28.286 INFO:teuthology.orchestra.run.smithi032.stdout:/usr/bin/ceph: stderr
2024-04-06T14:07:27.612+0000 7fe8517c2700 1 -- 172.21.15.32:0/985808478 wait complete.
2024-04-06T14:07:28.286 INFO:teuthology.orchestra.run.smithi032.stdout:Deploying mon service with default placement...
2024-04-06T14:07:28.980 INFO:journalctl@ceph.mon.smithi032.smithi032.stdout:Apr 06 14:07:28 smithi032 ceph-mon[39730]: from='mgr.14120 172.21.15.32:0/98613908' entity='mgr.smithi032.peohxu'
2024-04-06T14:07:28.980 INFO:journalctl@ceph.mon.smithi032.smithi032.stdout:Apr 06 14:07:28 smithi032 ceph-mon[39730]: Added host smithi032
2024-04-06T14:07:28.980 INFO:journalctl@ceph.mon.smithi032.smithi032.stdout:Apr 06 14:07:28 smithi032 ceph-mon[39730]: from='mgr.14120 172.21.15.32:0/98613908' entity='mgr.smithi032.peohxu' cmd=[{"prefix": "config dump", "format": "json"}]: dispatch
2024-04-06T14:07:30.230 INFO:journalctl@ceph.mon.smithi032.smithi032.stdout:Apr 06 14:07:30 smithi032 ceph-mon[39730]: from='client.14142 -' entity='client.admin' cmd=[{"prefix": "orch apply", "service_type": "mon", "target": ["mon-mgr", ""]}]: dispatch
2024-04-06T14:07:30.230 INFO:journalctl@ceph.mon.smithi032.smithi032.stdout:Apr 06 14:07:30 smithi032 ceph-mon[39730]: Saving service mon spec with placement count:5
2024-04-06T14:07:30.230 INFO:journalctl@ceph.mon.smithi032.smithi032.stdout:Apr 06 14:07:30 smithi032 ceph-mon[39730]: from='mgr.14120 172.21.15.32:0/98613908' entity='mgr.smithi032.peohxu'
2024-04-06T14:07:30.273 INFO:teuthology.orchestra.run.smithi032.stdout:/usr/bin/ceph: stdout Scheduled mon update...
2024-04-06T14:07:30.273 INFO:teuthology.orchestra.run.smithi032.stdout:/usr/bin/ceph: stderr
2024-04-06T14:07:28.836+0000 7fecfee9d700 1 Processor -- start
2024-04-06T14:07:30.273 INFO:teuthology.orchestra.run.smithi032.stdout:/usr/bin/ceph: stderr
2024-04-06T14:07:28.836+0000 7fecfee9d700 1 -- start start
2024-04-06T14:07:30.274 INFO:teuthology.orchestra.run.smithi032.stdout:/usr/bin/ceph: stderr
2024-04-06T14:07:28.836+0000 7fecfee9d700 1 --2- >> [v2:172.21.15.32:3300/0,v1:172.21.15.32:6789/0] conn(0x7fecf8076c60 0x7fecf81051d0 unknown :-1 s=NONE pgs=0 cs=0 l=0 rev1=0 crypto rx=0 tx=0 comp rx=0 tx=0).connect
2024-04-06T14:07:30.274 INFO:teuthology.orchestra.run.smithi032.stdout:/usr/bin/ceph: stderr
2024-04-06T14:07:28.836+0000 7fecfee9d700 1 -- --> [v2:172.21.15.32:3300/0,v1:172.21.15.32:6789/0] -- mon_getmap magic: 0 v1 -- 0x7fecf8105710 con 0x7fecf8076c60
2024-04-06T14:07:30.274 INFO:teuthology.orchestra.run.smithi032.stdout:/usr/bin/ceph: stderr
2024-04-06T14:07:28.837+0000 7fecfcc39700 1 --2- >> [v2:172.21.15.32:3300/0,v1:172.21.15.32:6789/0] conn(0x7fecf8076c60 0x7fecf81051d0 unknown :-1 s=BANNER_CONNECTING pgs=0 cs=0 l=0 rev1=0 crypto rx=0 tx=0 comp rx=0 tx=0)._handle_peer_banner_payload supported=3 required=0
2024-04-06T14:07:30.274 INFO:teuthology.orchestra.run.smithi032.stdout:/usr/bin/ceph: stderr
2024-04-06T14:07:28.837+0000 7fecfcc39700 1 --2- >> [v2:172.21.15.32:3300/0,v1:172.21.15.32:6789/0] conn(0x7fecf8076c60 0x7fecf81051d0 unknown :-1 s=HELLO_CONNECTING pgs=0 cs=0 l=0 rev1=1 crypto rx=0 tx=0 comp rx=0 tx=0).handle_hello peer v2:172.21.15.32:3300/0 says I am v2:172.21.15.32:35826/0 (socket says 172.21.15.32:35826)
2024-04-06T14:07:30.274 INFO:teuthology.orchestra.run.smithi032.stdout:/usr/bin/ceph: stderr
2024-04-06T14:07:28.837+0000 7fecfcc39700 1 -- 172.21.15.32:0/2959255437 learned_addr learned my addr 172.21.15.32:0/2959255437 (peer_addr_for_me v2:172.21.15.32:0/0)
2024-04-06T14:07:30.274 INFO:teuthology.orchestra.run.smithi032.stdout:/usr/bin/ceph: stderr
2024-04-06T14:07:28.837+0000 7fecfcc39700 1 -- 172.21.15.32:0/2959255437 --> [v2:172.21.15.32:3300/0,v1:172.21.15.32:6789/0] -- mon_subscribe({config=0+,monmap=0+}) v3 -- 0x7fecf8105850 con 0x7fecf8076c60
2024-04-06T14:07:30.274 INFO:teuthology.orchestra.run.smithi032.stdout:/usr/bin/ceph: stderr
2024-04-06T14:07:28.837+0000 7fecfcc39700 1 --2- 172.21.15.32:0/2959255437 >> [v2:172.21.15.32:3300/0,v1:172.21.15.32:6789/0] conn(0x7fecf8076c60 0x7fecf81051d0 secure :-1 s=READY pgs=47 cs=0 l=1 rev1=1 crypto rx=0x7fecec0098e0 tx=0x7fecec009250 comp rx=0 tx=0).ready entity=mon.0 client_cookie=9f1078d5689a9ceb server_cookie=0 in_seq=0 out_seq=0
2024-04-06T14:07:30.274 INFO:teuthology.orchestra.run.smithi032.stdout:/usr/bin/ceph: stderr
2024-04-06T14:07:28.837+0000 7fecf77fe700 1 -- 172.21.15.32:0/2959255437 <== mon.0 v2:172.21.15.32:3300/0 1 ==== mon_map magic: 0 v1 ==== 229+0+0 (secure 0 0 0) 0x7fecec00b860 con 0x7fecf8076c60
2024-04-06T14:07:30.274 INFO:teuthology.orchestra.run.smithi032.stdout:/usr/bin/ceph: stderr
2024-04-06T14:07:28.837+0000 7fecf77fe700 1 -- 172.21.15.32:0/2959255437 <== mon.0 v2:172.21.15.32:3300/0 2 ==== config(26 keys) v1 ==== 1009+0+0 (secure 0 0 0) 0x7fecec00be30 con 0x7fecf8076c60
2024-04-06T14:07:30.274 INFO:teuthology.orchestra.run.smithi032.stdout:/usr/bin/ceph: stderr
2024-04-06T14:07:28.837+0000 7fecf77fe700 1 -- 172.21.15.32:0/2959255437 <== mon.0 v2:172.21.15.32:3300/0 3 ==== mon_map magic: 0 v1 ==== 229+0+0 (secure 0 0 0) 0x7fecec010380 con 0x7fecf8076c60
2024-04-06T14:07:30.274 INFO:teuthology.orchestra.run.smithi032.stdout:/usr/bin/ceph: stderr
2024-04-06T14:07:28.838+0000 7fecfee9d700 1 -- 172.21.15.32:0/2959255437 >> [v2:172.21.15.32:3300/0,v1:172.21.15.32:6789/0] conn(0x7fecf8076c60 msgr2=0x7fecf81051d0 secure :-1 s=STATE_CONNECTION_ESTABLISHED l=1).mark_down
2024-04-06T14:07:30.274 INFO:teuthology.orchestra.run.smithi032.stdout:/usr/bin/ceph: stderr
2024-04-06T14:07:28.838+0000 7fecfee9d700 1 --2- 172.21.15.32:0/2959255437 >> [v2:172.21.15.32:3300/0,v1:172.21.15.32:6789/0] conn(0x7fecf8076c60 0x7fecf81051d0 secure :-1 s=READY pgs=47 cs=0 l=1 rev1=1 crypto rx=0x7fecec0098e0 tx=0x7fecec009250 comp rx=0 tx=0).stop
2024-04-06T14:07:30.274 INFO:teuthology.orchestra.run.smithi032.stdout:/usr/bin/ceph: stderr
2024-04-06T14:07:28.838+0000 7fecfee9d700 1 -- 172.21.15.32:0/2959255437 shutdown_connections
2024-04-06T14:07:30.275 INFO:teuthology.orchestra.run.smithi032.stdout:/usr/bin/ceph: stderr
2024-04-06T14:07:28.838+0000 7fecfee9d700 1 --2- 172.21.15.32:0/2959255437 >> [v2:172.21.15.32:3300/0,v1:172.21.15.32:6789/0] conn(0x7fecf8076c60 0x7fecf81051d0 unknown :-1 s=CLOSED pgs=47 cs=0 l=1 rev1=1 crypto rx=0 tx=0 comp rx=0 tx=0).stop
2024-04-06T14:07:30.275 INFO:teuthology.orchestra.run.smithi032.stdout:/usr/bin/ceph: stderr
2024-04-06T14:07:28.838+0000 7fecfee9d700 1 -- 172.21.15.32:0/2959255437 >> 172.21.15.32:0/2959255437 conn(0x7fecf80fcc60 msgr2=0x7fecf80ff070 unknown :-1 s=STATE_NONE l=0).mark_down
2024-04-06T14:07:30.275 INFO:teuthology.orchestra.run.smithi032.stdout:/usr/bin/ceph: stderr
2024-04-06T14:07:28.838+0000 7fecfee9d700 1 -- 172.21.15.32:0/2959255437 shutdown_connections
2024-04-06T14:07:30.275 INFO:teuthology.orchestra.run.smithi032.stdout:/usr/bin/ceph: stderr
2024-04-06T14:07:28.838+0000 7fecfee9d700 1 -- 172.21.15.32:0/2959255437 wait complete.
2024-04-06T14:07:30.275 INFO:teuthology.orchestra.run.smithi032.stdout:/usr/bin/ceph: stderr
2024-04-06T14:07:28.838+0000 7fecfee9d700 1 Processor -- start
2024-04-06T14:07:30.275 INFO:teuthology.orchestra.run.smithi032.stdout:/usr/bin/ceph: stderr
2024-04-06T14:07:28.838+0000 7fecfee9d700 1 -- start start
2024-04-06T14:07:30.275 INFO:teuthology.orchestra.run.smithi032.stdout:/usr/bin/ceph: stderr
2024-04-06T14:07:28.839+0000 7fecfee9d700 1 --2- >> [v2:172.21.15.32:3300/0,v1:172.21.15.32:6789/0] conn(0x7fecf8076c60 0x7fecf8111370 unknown :-1 s=NONE pgs=0 cs=0 l=1 rev1=0 crypto rx=0 tx=0 comp rx=0 tx=0).connect
2024-04-06T14:07:30.275 INFO:teuthology.orchestra.run.smithi032.stdout:/usr/bin/ceph: stderr
2024-04-06T14:07:28.839+0000 7fecfee9d700 1 -- --> [v2:172.21.15.32:3300/0,v1:172.21.15.32:6789/0] -- mon_getmap magic: 0 v1 -- 0x7fecf81118b0 con 0x7fecf8076c60
2024-04-06T14:07:30.275 INFO:teuthology.orchestra.run.smithi032.stdout:/usr/bin/ceph: stderr
2024-04-06T14:07:28.839+0000 7fecfcc39700 1 --2- >> [v2:172.21.15.32:3300/0,v1:172.21.15.32:6789/0] conn(0x7fecf8076c60 0x7fecf8111370 unknown :-1 s=BANNER_CONNECTING pgs=0 cs=0 l=1 rev1=0 crypto rx=0 tx=0 comp rx=0 tx=0)._handle_peer_banner_payload supported=3 required=0
2024-04-06T14:07:30.275 INFO:teuthology.orchestra.run.smithi032.stdout:/usr/bin/ceph: stderr
2024-04-06T14:07:28.839+0000 7fecfcc39700 1 --2- >> [v2:172.21.15.32:3300/0,v1:172.21.15.32:6789/0] conn(0x7fecf8076c60 0x7fecf8111370 unknown :-1 s=HELLO_CONNECTING pgs=0 cs=0 l=1 rev1=1 crypto rx=0 tx=0 comp rx=0 tx=0).handle_hello peer v2:172.21.15.32:3300/0 says I am v2:172.21.15.32:35836/0 (socket says 172.21.15.32:35836)
2024-04-06T14:07:30.275 INFO:teuthology.orchestra.run.smithi032.stdout:/usr/bin/ceph: stderr
2024-04-06T14:07:28.839+0000 7fecfcc39700 1 -- 172.21.15.32:0/1904702634 learned_addr learned my addr 172.21.15.32:0/1904702634 (peer_addr_for_me v2:172.21.15.32:0/0)
2024-04-06T14:07:30.275 INFO:teuthology.orchestra.run.smithi032.stdout:/usr/bin/ceph: stderr
2024-04-06T14:07:28.839+0000 7fecfcc39700 1 -- 172.21.15.32:0/1904702634 --> [v2:172.21.15.32:3300/0,v1:172.21.15.32:6789/0] -- mon_subscribe({config=0+,monmap=0+}) v3 -- 0x7fecec0094f0 con 0x7fecf8076c60
2024-04-06T14:07:30.275 INFO:teuthology.orchestra.run.smithi032.stdout:/usr/bin/ceph: stderr
2024-04-06T14:07:28.839+0000 7fecfcc39700 1 --2- 172.21.15.32:0/1904702634 >> [v2:172.21.15.32:3300/0,v1:172.21.15.32:6789/0] conn(0x7fecf8076c60 0x7fecf8111370 secure :-1 s=READY pgs=48 cs=0 l=1 rev1=1 crypto rx=0x7fecec006b00 tx=0x7fecec009250 comp rx=0 tx=0).ready entity=mon.0 client_cookie=0 server_cookie=0 in_seq=0 out_seq=0
2024-04-06T14:07:30.275 INFO:teuthology.orchestra.run.smithi032.stdout:/usr/bin/ceph: stderr
2024-04-06T14:07:28.839+0000 7fecf57fa700 1 -- 172.21.15.32:0/1904702634 <== mon.0 v2:172.21.15.32:3300/0 1 ==== mon_map magic: 0 v1 ==== 229+0+0 (secure 0 0 0) 0x7fecec010a80 con 0x7fecf8076c60
2024-04-06T14:07:30.275 INFO:teuthology.orchestra.run.smithi032.stdout:/usr/bin/ceph: stderr
2024-04-06T14:07:28.839+0000 7fecf57fa700 1 -- 172.21.15.32:0/1904702634 <== mon.0 v2:172.21.15.32:3300/0 2 ==== config(26 keys) v1 ==== 1009+0+0 (secure 0 0 0) 0x7fecec01a430 con 0x7fecf8076c60
2024-04-06T14:07:30.276 INFO:teuthology.orchestra.run.smithi032.stdout:/usr/bin/ceph: stderr
2024-04-06T14:07:28.839+0000 7fecfee9d700 1 -- 172.21.15.32:0/1904702634 --> [v2:172.21.15.32:3300/0,v1:172.21.15.32:6789/0] -- mon_subscribe({mgrmap=0+}) v3 -- 0x7fecf8111ab0 con 0x7fecf8076c60
2024-04-06T14:07:30.276 INFO:teuthology.orchestra.run.smithi032.stdout:/usr/bin/ceph: stderr
2024-04-06T14:07:28.839+0000 7fecf57fa700 1 -- 172.21.15.32:0/1904702634 <== mon.0 v2:172.21.15.32:3300/0 3 ==== mon_map magic: 0 v1 ==== 229+0+0 (secure 0 0 0) 0x7fecec0245b0 con 0x7fecf8076c60
2024-04-06T14:07:30.276 INFO:teuthology.orchestra.run.smithi032.stdout:/usr/bin/ceph: stderr
2024-04-06T14:07:28.839+0000 7fecfee9d700 1 -- 172.21.15.32:0/1904702634 --> [v2:172.21.15.32:3300/0,v1:172.21.15.32:6789/0] -- mon_subscribe({osdmap=0}) v3 -- 0x7fecf8112620 con 0x7fecf8076c60
2024-04-06T14:07:30.276 INFO:teuthology.orchestra.run.smithi032.stdout:/usr/bin/ceph: stderr
2024-04-06T14:07:28.840+0000 7fecfee9d700 1 -- 172.21.15.32:0/1904702634 --> [v2:172.21.15.32:3300/0,v1:172.21.15.32:6789/0] -- mon_command({"prefix": "get_command_descriptions"} v 0) v1 -- 0x7fecf805f5f0 con 0x7fecf8076c60
2024-04-06T14:07:30.276 INFO:teuthology.orchestra.run.smithi032.stdout:/usr/bin/ceph: stderr
