2024-04-06T15:01:02.250+0000 7f444b000700 1 -- 172.21.15.38:0/1516109978 >> [v2:172.21.15.38:6800/2332709369,v1:172.21.15.38:6801/2332709369] conn(0x7f4428038670 msgr2=0x7f442803ab30 secure :-1 s=STATE_CONNECTION_ESTABLISHED l=1).mark_down
2024-04-06T15:01:02.590 INFO:teuthology.orchestra.run.smithi038.stdout:/usr/bin/ceph: stderr
2024-04-06T15:01:02.250+0000 7f444b000700 1 --2- 172.21.15.38:0/1516109978 >> [v2:172.21.15.38:6800/2332709369,v1:172.21.15.38:6801/2332709369] conn(0x7f4428038670 0x7f442803ab30 secure :-1 s=READY pgs=7 cs=0 l=1 rev1=1 crypto rx=0x7f4430006fd0 tx=0x7f4430006e40 comp rx=0 tx=0).stop
2024-04-06T15:01:02.590 INFO:teuthology.orchestra.run.smithi038.stdout:/usr/bin/ceph: stderr
2024-04-06T15:01:02.250+0000 7f444b000700 1 -- 172.21.15.38:0/1516109978 >> [v2:172.21.15.38:3300/0,v1:172.21.15.38:6789/0] conn(0x7f444407be70 msgr2=0x7f444419c440 secure :-1 s=STATE_CONNECTION_ESTABLISHED l=1).mark_down
2024-04-06T15:01:02.590 INFO:teuthology.orchestra.run.smithi038.stdout:/usr/bin/ceph: stderr
2024-04-06T15:01:02.250+0000 7f444b000700 1 --2- 172.21.15.38:0/1516109978 >> [v2:172.21.15.38:3300/0,v1:172.21.15.38:6789/0] conn(0x7f444407be70 0x7f444419c440 secure :-1 s=READY pgs=71 cs=0 l=1 rev1=1 crypto rx=0x7f4434011670 tx=0x7f4434011a30 comp rx=0 tx=0).stop
2024-04-06T15:01:02.590 INFO:teuthology.orchestra.run.smithi038.stdout:/usr/bin/ceph: stderr
2024-04-06T15:01:02.250+0000 7f444b000700 1 -- 172.21.15.38:0/1516109978 shutdown_connections
2024-04-06T15:01:02.590 INFO:teuthology.orchestra.run.smithi038.stdout:/usr/bin/ceph: stderr
2024-04-06T15:01:02.250+0000 7f444b000700 1 --2- 172.21.15.38:0/1516109978 >> [v2:172.21.15.38:6800/2332709369,v1:172.21.15.38:6801/2332709369] conn(0x7f4428038670 0x7f442803ab30 unknown :-1 s=CLOSED pgs=7 cs=0 l=1 rev1=1 crypto rx=0 tx=0 comp rx=0 tx=0).stop
2024-04-06T15:01:02.591 INFO:teuthology.orchestra.run.smithi038.stdout:/usr/bin/ceph: stderr
2024-04-06T15:01:02.250+0000 7f444b000700 1 --2- 172.21.15.38:0/1516109978 >> [v2:172.21.15.38:3300/0,v1:172.21.15.38:6789/0] conn(0x7f444407be70 0x7f444419c440 unknown :-1 s=CLOSED pgs=71 cs=0 l=1 rev1=1 crypto rx=0 tx=0 comp rx=0 tx=0).stop
2024-04-06T15:01:02.591 INFO:teuthology.orchestra.run.smithi038.stdout:/usr/bin/ceph: stderr
2024-04-06T15:01:02.250+0000 7f444b000700 1 -- 172.21.15.38:0/1516109978 >> 172.21.15.38:0/1516109978 conn(0x7f4444101b50 msgr2=0x7f4444102680 unknown :-1 s=STATE_NONE l=0).mark_down
2024-04-06T15:01:02.591 INFO:teuthology.orchestra.run.smithi038.stdout:/usr/bin/ceph: stderr
2024-04-06T15:01:02.250+0000 7f444b000700 1 -- 172.21.15.38:0/1516109978 shutdown_connections
2024-04-06T15:01:02.591 INFO:teuthology.orchestra.run.smithi038.stdout:/usr/bin/ceph: stderr
2024-04-06T15:01:02.250+0000 7f444b000700 1 -- 172.21.15.38:0/1516109978 wait complete.
2024-04-06T15:01:02.591 INFO:teuthology.orchestra.run.smithi038.stdout:Creating initial admin user...
2024-04-06T15:01:03.482 INFO:journalctl@ceph.mon.a.smithi038.stdout:Apr 06 15:01:03 smithi038 ceph-mon[38242]: from='client.14164 -' entity='client.admin' cmd=[{"prefix": "dashboard create-self-signed-cert", "target": ["mon-mgr", ""]}]: dispatch
2024-04-06T15:01:03.482 INFO:journalctl@ceph.mon.a.smithi038.stdout:Apr 06 15:01:03 smithi038 ceph-mon[38242]: from='mgr.14152 172.21.15.38:0/3395137334' entity='mgr.x'
2024-04-06T15:01:03.482 INFO:journalctl@ceph.mon.a.smithi038.stdout:Apr 06 15:01:03 smithi038 ceph-mon[38242]: from='mgr.14152 172.21.15.38:0/3395137334' entity='mgr.x'
2024-04-06T15:01:03.482 INFO:journalctl@ceph.mon.a.smithi038.stdout:Apr 06 15:01:03 smithi038 ceph-mon[38242]: mgrmap e12: x(active, since 2s)
2024-04-06T15:01:03.482 INFO:journalctl@ceph.mon.a.smithi038.stdout:Apr 06 15:01:03 smithi038 ceph-mon[38242]: from='mgr.14152 172.21.15.38:0/3395137334' entity='mgr.x'
2024-04-06T15:01:03.989 INFO:teuthology.orchestra.run.smithi038.stdout:/usr/bin/ceph: stdout {"username": "admin", "password": "$2b$12$BazJQWoWtgrCZgaJGvU6v.RBGDors3lA0DWhYTilIMMzjhuoYX21W", "roles": ["administrator"], "name": null, "email": null, "lastUpdate": 1712415663, "enabled": true, "pwdExpirationDate": null, "pwdUpdateRequired": true}
2024-04-06T15:01:03.989 INFO:teuthology.orchestra.run.smithi038.stdout:/usr/bin/ceph: stderr
2024-04-06T15:01:03.026+0000 7f907be00700 1 Processor -- start
2024-04-06T15:01:03.989 INFO:teuthology.orchestra.run.smithi038.stdout:/usr/bin/ceph: stderr
2024-04-06T15:01:03.027+0000 7f907be00700 1 -- start start
2024-04-06T15:01:03.989 INFO:teuthology.orchestra.run.smithi038.stdout:/usr/bin/ceph: stderr
2024-04-06T15:01:03.027+0000 7f907be00700 1 --2- >> [v2:172.21.15.38:3300/0,v1:172.21.15.38:6789/0] conn(0x7f9074106570 0x7f9074106990 unknown :-1 s=NONE pgs=0 cs=0 l=0 rev1=0 crypto rx=0 tx=0 comp rx=0 tx=0).connect
2024-04-06T15:01:03.989 INFO:teuthology.orchestra.run.smithi038.stdout:/usr/bin/ceph: stderr
2024-04-06T15:01:03.027+0000 7f907be00700 1 -- --> [v2:172.21.15.38:3300/0,v1:172.21.15.38:6789/0] -- mon_getmap magic: 0 v1 -- 0x7f9074106f60 con 0x7f9074106570
2024-04-06T15:01:03.989 INFO:teuthology.orchestra.run.smithi038.stdout:/usr/bin/ceph: stderr
2024-04-06T15:01:03.027+0000 7f9079400700 1 --2- >> [v2:172.21.15.38:3300/0,v1:172.21.15.38:6789/0] conn(0x7f9074106570 0x7f9074106990 unknown :-1 s=BANNER_CONNECTING pgs=0 cs=0 l=0 rev1=0 crypto rx=0 tx=0 comp rx=0 tx=0)._handle_peer_banner_payload supported=3 required=0
2024-04-06T15:01:03.989 INFO:teuthology.orchestra.run.smithi038.stdout:/usr/bin/ceph: stderr
2024-04-06T15:01:03.027+0000 7f9079400700 1 --2- >> [v2:172.21.15.38:3300/0,v1:172.21.15.38:6789/0] conn(0x7f9074106570 0x7f9074106990 unknown :-1 s=HELLO_CONNECTING pgs=0 cs=0 l=0 rev1=1 crypto rx=0 tx=0 comp rx=0 tx=0).handle_hello peer v2:172.21.15.38:3300/0 says I am v2:172.21.15.38:53716/0 (socket says 172.21.15.38:53716)
2024-04-06T15:01:03.989 INFO:teuthology.orchestra.run.smithi038.stdout:/usr/bin/ceph: stderr
2024-04-06T15:01:03.027+0000 7f9079400700 1 -- 172.21.15.38:0/4049823775 learned_addr learned my addr 172.21.15.38:0/4049823775 (peer_addr_for_me v2:172.21.15.38:0/0)
2024-04-06T15:01:03.990 INFO:teuthology.orchestra.run.smithi038.stdout:/usr/bin/ceph: stderr
2024-04-06T15:01:03.028+0000 7f9079400700 1 -- 172.21.15.38:0/4049823775 --> [v2:172.21.15.38:3300/0,v1:172.21.15.38:6789/0] -- mon_subscribe({config=0+,monmap=0+}) v3 -- 0x7f9074107770 con 0x7f9074106570
2024-04-06T15:01:03.990 INFO:teuthology.orchestra.run.smithi038.stdout:/usr/bin/ceph: stderr
2024-04-06T15:01:03.028+0000 7f9079400700 1 --2- 172.21.15.38:0/4049823775 >> [v2:172.21.15.38:3300/0,v1:172.21.15.38:6789/0] conn(0x7f9074106570 0x7f9074106990 secure :-1 s=READY pgs=72 cs=0 l=1 rev1=1 crypto rx=0x7f90680098a0 tx=0x7f9068009bb0 comp rx=0 tx=0).ready entity=mon.0 client_cookie=855827b1a7cda221 server_cookie=0 in_seq=0 out_seq=0
2024-04-06T15:01:03.990 INFO:teuthology.orchestra.run.smithi038.stdout:/usr/bin/ceph: stderr
2024-04-06T15:01:03.028+0000 7f9073e00700 1 -- 172.21.15.38:0/4049823775 <== mon.0 v2:172.21.15.38:3300/0 1 ==== mon_map magic: 0 v1 ==== 205+0+0 (secure 0 0 0) 0x7f9068004160 con 0x7f9074106570
2024-04-06T15:01:03.990 INFO:teuthology.orchestra.run.smithi038.stdout:/usr/bin/ceph: stderr
2024-04-06T15:01:03.028+0000 7f9073e00700 1 -- 172.21.15.38:0/4049823775 <== mon.0 v2:172.21.15.38:3300/0 2 ==== config(26 keys) v1 ==== 1105+0+0 (secure 0 0 0) 0x7f90680042c0 con 0x7f9074106570
2024-04-06T15:01:03.990 INFO:teuthology.orchestra.run.smithi038.stdout:/usr/bin/ceph: stderr
2024-04-06T15:01:03.028+0000 7f9073e00700 1 -- 172.21.15.38:0/4049823775 <== mon.0 v2:172.21.15.38:3300/0 3 ==== mon_map magic: 0 v1 ==== 205+0+0 (secure 0 0 0) 0x7f90680119b0 con 0x7f9074106570
2024-04-06T15:01:03.990 INFO:teuthology.orchestra.run.smithi038.stdout:/usr/bin/ceph: stderr
2024-04-06T15:01:03.029+0000 7f907be00700 1 -- 172.21.15.38:0/4049823775 >> [v2:172.21.15.38:3300/0,v1:172.21.15.38:6789/0] conn(0x7f9074106570 msgr2=0x7f9074106990 secure :-1 s=STATE_CONNECTION_ESTABLISHED l=1).mark_down
2024-04-06T15:01:03.990 INFO:teuthology.orchestra.run.smithi038.stdout:/usr/bin/ceph: stderr
2024-04-06T15:01:03.029+0000 7f907be00700 1 --2- 172.21.15.38:0/4049823775 >> [v2:172.21.15.38:3300/0,v1:172.21.15.38:6789/0] conn(0x7f9074106570 0x7f9074106990 secure :-1 s=READY pgs=72 cs=0 l=1 rev1=1 crypto rx=0x7f90680098a0 tx=0x7f9068009bb0 comp rx=0 tx=0).stop
2024-04-06T15:01:03.990 INFO:teuthology.orchestra.run.smithi038.stdout:/usr/bin/ceph: stderr
2024-04-06T15:01:03.029+0000 7f907be00700 1 -- 172.21.15.38:0/4049823775 shutdown_connections
2024-04-06T15:01:03.990 INFO:teuthology.orchestra.run.smithi038.stdout:/usr/bin/ceph: stderr
2024-04-06T15:01:03.029+0000 7f907be00700 1 --2- 172.21.15.38:0/4049823775 >> [v2:172.21.15.38:3300/0,v1:172.21.15.38:6789/0] conn(0x7f9074106570 0x7f9074106990 unknown :-1 s=CLOSED pgs=72 cs=0 l=1 rev1=1 crypto rx=0 tx=0 comp rx=0 tx=0).stop
2024-04-06T15:01:03.990 INFO:teuthology.orchestra.run.smithi038.stdout:/usr/bin/ceph: stderr
2024-04-06T15:01:03.029+0000 7f907be00700 1 -- 172.21.15.38:0/4049823775 >> 172.21.15.38:0/4049823775 conn(0x7f9074101b50 msgr2=0x7f9074103f70 unknown :-1 s=STATE_NONE l=0).mark_down
2024-04-06T15:01:03.990 INFO:teuthology.orchestra.run.smithi038.stdout:/usr/bin/ceph: stderr
2024-04-06T15:01:03.029+0000 7f907be00700 1 -- 172.21.15.38:0/4049823775 shutdown_connections
2024-04-06T15:01:03.990 INFO:teuthology.orchestra.run.smithi038.stdout:/usr/bin/ceph: stderr
2024-04-06T15:01:03.029+0000 7f907be00700 1 -- 172.21.15.38:0/4049823775 wait complete.
2024-04-06T15:01:03.990 INFO:teuthology.orchestra.run.smithi038.stdout:/usr/bin/ceph: stderr
2024-04-06T15:01:03.031+0000 7f907be00700 1 Processor -- start
2024-04-06T15:01:03.991 INFO:teuthology.orchestra.run.smithi038.stdout:/usr/bin/ceph: stderr
2024-04-06T15:01:03.031+0000 7f907be00700 1 -- start start
2024-04-06T15:01:03.991 INFO:teuthology.orchestra.run.smithi038.stdout:/usr/bin/ceph: stderr
2024-04-06T15:01:03.031+0000 7f907be00700 1 --2- >> [v2:172.21.15.38:3300/0,v1:172.21.15.38:6789/0] conn(0x7f9074106570 0x7f907407bb10 unknown :-1 s=NONE pgs=0 cs=0 l=1 rev1=0 crypto rx=0 tx=0 comp rx=0 tx=0).connect
2024-04-06T15:01:03.991 INFO:teuthology.orchestra.run.smithi038.stdout:/usr/bin/ceph: stderr
2024-04-06T15:01:03.032+0000 7f907be00700 1 -- --> [v2:172.21.15.38:3300/0,v1:172.21.15.38:6789/0] -- mon_getmap magic: 0 v1 -- 0x7f907407c050 con 0x7f9074106570
2024-04-06T15:01:03.991 INFO:teuthology.orchestra.run.smithi038.stdout:/usr/bin/ceph: stderr
2024-04-06T15:01:03.032+0000 7f9079400700 1 --2- >> [v2:172.21.15.38:3300/0,v1:172.21.15.38:6789/0] conn(0x7f9074106570 0x7f907407bb10 unknown :-1 s=BANNER_CONNECTING pgs=0 cs=0 l=1 rev1=0 crypto rx=0 tx=0 comp rx=0 tx=0)._handle_peer_banner_payload supported=3 required=0
2024-04-06T15:01:03.991 INFO:teuthology.orchestra.run.smithi038.stdout:/usr/bin/ceph: stderr
2024-04-06T15:01:03.032+0000 7f9079400700 1 --2- >> [v2:172.21.15.38:3300/0,v1:172.21.15.38:6789/0] conn(0x7f9074106570 0x7f907407bb10 unknown :-1 s=HELLO_CONNECTING pgs=0 cs=0 l=1 rev1=1 crypto rx=0 tx=0 comp rx=0 tx=0).handle_hello peer v2:172.21.15.38:3300/0 says I am v2:172.21.15.38:53728/0 (socket says 172.21.15.38:53728)
2024-04-06T15:01:03.991 INFO:teuthology.orchestra.run.smithi038.stdout:/usr/bin/ceph: stderr
2024-04-06T15:01:03.032+0000 7f9079400700 1 -- 172.21.15.38:0/2737433673 learned_addr learned my addr 172.21.15.38:0/2737433673 (peer_addr_for_me v2:172.21.15.38:0/0)
2024-04-06T15:01:03.991 INFO:teuthology.orchestra.run.smithi038.stdout:/usr/bin/ceph: stderr
2024-04-06T15:01:03.032+0000 7f9079400700 1 -- 172.21.15.38:0/2737433673 --> [v2:172.21.15.38:3300/0,v1:172.21.15.38:6789/0] -- mon_subscribe({config=0+,monmap=0+}) v3 -- 0x7f9068009550 con 0x7f9074106570
2024-04-06T15:01:03.991 INFO:teuthology.orchestra.run.smithi038.stdout:/usr/bin/ceph: stderr
2024-04-06T15:01:03.032+0000 7f9079400700 1 --2- 172.21.15.38:0/2737433673 >> [v2:172.21.15.38:3300/0,v1:172.21.15.38:6789/0] conn(0x7f9074106570 0x7f907407bb10 secure :-1 s=READY pgs=73 cs=0 l=1 rev1=1 crypto rx=0x7f9068003e60 tx=0x7f9068011a30 comp rx=0 tx=0).ready entity=mon.0 client_cookie=0 server_cookie=0 in_seq=0 out_seq=0
2024-04-06T15:01:03.991 INFO:teuthology.orchestra.run.smithi038.stdout:/usr/bin/ceph: stderr
2024-04-06T15:01:03.033+0000 7f9072000700 1 -- 172.21.15.38:0/2737433673 <== mon.0 v2:172.21.15.38:3300/0 1 ==== mon_map magic: 0 v1 ==== 205+0+0 (secure 0 0 0) 0x7f9068003a60 con 0x7f9074106570
2024-04-06T15:01:03.991 INFO:teuthology.orchestra.run.smithi038.stdout:/usr/bin/ceph: stderr
2024-04-06T15:01:03.033+0000 7f9072000700 1 -- 172.21.15.38:0/2737433673 <== mon.0 v2:172.21.15.38:3300/0 2 ==== config(26 keys) v1 ==== 1105+0+0 (secure 0 0 0) 0x7f9068003bc0 con 0x7f9074106570
2024-04-06T15:01:03.991 INFO:teuthology.orchestra.run.smithi038.stdout:/usr/bin/ceph: stderr
2024-04-06T15:01:03.033+0000 7f9072000700 1 -- 172.21.15.38:0/2737433673 <== mon.0 v2:172.21.15.38:3300/0 3 ==== mon_map magic: 0 v1 ==== 205+0+0 (secure 0 0 0) 0x7f90680196c0 con 0x7f9074106570
2024-04-06T15:01:03.991 INFO:teuthology.orchestra.run.smithi038.stdout:/usr/bin/ceph: stderr
2024-04-06T15:01:03.033+0000 7f907be00700 1 -- 172.21.15.38:0/2737433673 --> [v2:172.21.15.38:3300/0,v1:172.21.15.38:6789/0] -- mon_subscribe({mgrmap=0+}) v3 -- 0x7f907407a290 con 0x7f9074106570
2024-04-06T15:01:03.991 INFO:teuthology.orchestra.run.smithi038.stdout:/usr/bin/ceph: stderr
2024-04-06T15:01:03.033+0000 7f907be00700 1 -- 172.21.15.38:0/2737433673 --> [v2:172.21.15.38:3300/0,v1:172.21.15.38:6789/0] -- mon_subscribe({osdmap=0}) v3 -- 0x7f907407a730 con 0x7f9074106570
2024-04-06T15:01:03.991 INFO:teuthology.orchestra.run.smithi038.stdout:/usr/bin/ceph: stderr
2024-04-06T15:01:03.034+0000 7f9072000700 1 -- 172.21.15.38:0/2737433673 <== mon.0 v2:172.21.15.38:3300/0 4 ==== mgrmap(e 12) v1 ==== 45554+0+0 (secure 0 0 0) 0x7f9068019930 con 0x7f9074106570
2024-04-06T15:01:03.992 INFO:teuthology.orchestra.run.smithi038.stdout:/usr/bin/ceph: stderr
2024-04-06T15:01:03.034+0000 7f9072000700 1 --2- 172.21.15.38:0/2737433673 >> [v2:172.21.15.38:6800/2332709369,v1:172.21.15.38:6801/2332709369] conn(0x7f905c038780 0x7f905c03ac40 unknown :-1 s=NONE pgs=0 cs=0 l=1 rev1=0 crypto rx=0 tx=0 comp rx=0 tx=0).connect
2024-04-06T15:01:03.992 INFO:teuthology.orchestra.run.smithi038.stdout:/usr/bin/ceph: stderr
2024-04-06T15:01:03.034+0000 7f9072000700 1 -- 172.21.15.38:0/2737433673 <== mon.0 v2:172.21.15.38:3300/0 5 ==== osd_map(3..3 src has 1..3) v4 ==== 1155+0+0 (secure 0 0 0) 0x7f906804cc00 con 0x7f9074106570
2024-04-06T15:01:03.992 INFO:teuthology.orchestra.run.smithi038.stdout:/usr/bin/ceph: stderr
2024-04-06T15:01:03.035+0000 7f907be00700 1 -- 172.21.15.38:0/2737433673 --> [v2:172.21.15.38:3300/0,v1:172.21.15.38:6789/0] -- mon_command({"prefix": "get_command_descriptions"} v 0) v1 -- 0x7f907410a9a0 con 0x7f9074106570
2024-04-06T15:01:03.992 INFO:teuthology.orchestra.run.smithi038.stdout:/usr/bin/ceph: stderr
2024-04-06T15:01:03.035+0000 7f9078a00700 1 --2- 172.21.15.38:0/2737433673 >> [v2:172.21.15.38:6800/2332709369,v1:172.21.15.38:6801/2332709369] conn(0x7f905c038780 0x7f905c03ac40 unknown :-1 s=BANNER_CONNECTING pgs=0 cs=0 l=1 rev1=0 crypto rx=0 tx=0 comp rx=0 tx=0)._handle_peer_banner_payload supported=3 required=0
2024-04-06T15:01:03.992 INFO:teuthology.orchestra.run.smithi038.stdout:/usr/bin/ceph: stderr
2024-04-06T15:01:03.036+0000 7f9078a00700 1 --2- 172.21.15.38:0/2737433673 >> [v2:172.21.15.38:6800/2332709369,v1:172.21.15.38:6801/2332709369] conn(0x7f905c038780 0x7f905c03ac40 secure :-1 s=READY pgs=8 cs=0 l=1 rev1=1 crypto rx=0x7f9060006fd0 tx=0x7f9060006e40 comp rx=0 tx=0).ready entity=mgr.14152 client_cookie=0 server_cookie=0 in_seq=0 out_seq=0
2024-04-06T15:01:03.992 INFO:teuthology.orchestra.run.smithi038.stdout:/usr/bin/ceph: stderr
2024-04-06T15:01:03.040+0000 7f9072000700 1 -- 172.21.15.38:0/2737433673 <== mon.0 v2:172.21.15.38:3300/0 6 ==== mon_command_ack([{"prefix": "get_command_descriptions"}]=0 v0) v1 ==== 72+0+182936 (secure 0 0 0) 0x7f9068010920 con 0x7f9074106570
2024-04-06T15:01:03.992 INFO:teuthology.orchestra.run.smithi038.stdout:/usr/bin/ceph: stderr
2024-04-06T15:01:03.308+0000 7f907be00700 1 -- 172.21.15.38:0/2737433673 --> [v2:172.21.15.38:6800/2332709369,v1:172.21.15.38:6801/2332709369] -- mgr_command(tid 0: {"prefix": "dashboard ac-user-create", "username": "admin", "rolename": "administrator", "force_password": true, "pwd_update_required": true, "target": ["mon-mgr", ""]}) v1 -- 0x7f9074062200 con 0x7f905c038780
2024-04-06T15:01:03.992 INFO:teuthology.orchestra.run.smithi038.stdout:/usr/bin/ceph: stderr
2024-04-06T15:01:03.556+0000 7f9072000700 1 -- 172.21.15.38:0/2737433673 <== mgr.14152 v2:172.21.15.38:6800/2332709369 1 ==== mgr_command_reply(tid 0: 0 ) v1 ==== 8+0+252 (secure 0 0 0) 0x7f9074062200 con 0x7f905c038780
2024-04-06T15:01:03.992 INFO:teuthology.orchestra.run.smithi038.stdout:/usr/bin/ceph: stderr
2024-04-06T15:01:03.558+0000 7f907be00700 1 -- 172.21.15.38:0/2737433673 >> [v2:172.21.15.38:6800/2332709369,v1:172.21.15.38:6801/2332709369] conn(0x7f905c038780 msgr2=0x7f905c03ac40 secure :-1 s=STATE_CONNECTION_ESTABLISHED l=1).mark_down
2024-04-06T15:01:03.992 INFO:teuthology.orchestra.run.smithi038.stdout:/usr/bin/ceph: stderr
2024-04-06T15:01:03.558+0000 7f907be00700 1 --2- 172.21.15.38:0/2737433673 >> [v2:172.21.15.38:6800/2332709369,v1:172.21.15.38:6801/2332709369] conn(0x7f905c038780 0x7f905c03ac40 secure :-1 s=READY pgs=8 cs=0 l=1 rev1=1 crypto rx=0x7f9060006fd0 tx=0x7f9060006e40 comp rx=0 tx=0).stop
2024-04-06T15:01:03.992 INFO:teuthology.orchestra.run.smithi038.stdout:/usr/bin/ceph: stderr
2024-04-06T15:01:03.558+0000 7f907be00700 1 -- 172.21.15.38:0/2737433673 >> [v2:172.21.15.38:3300/0,v1:172.21.15.38:6789/0] conn(0x7f9074106570 msgr2=0x7f907407bb10 secure :-1 s=STATE_CONNECTION_ESTABLISHED l=1).mark_down
2024-04-06T15:01:03.992 INFO:teuthology.orchestra.run.smithi038.stdout:/usr/bin/ceph: stderr
2024-04-06T15:01:03.558+0000 7f907be00700 1 --2- 172.21.15.38:0/2737433673 >> [v2:172.21.15.38:3300/0,v1:172.21.15.38:6789/0] conn(0x7f9074106570 0x7f907407bb10 secure :-1 s=READY pgs=73 cs=0 l=1 rev1=1 crypto rx=0x7f9068003e60 tx=0x7f9068011a30 comp rx=0 tx=0).stop
2024-04-06T15:01:03.992 INFO:teuthology.orchestra.run.smithi038.stdout:/usr/bin/ceph: stderr
2024-04-06T15:01:03.559+0000 7f907be00700 1 -- 172.21.15.38:0/2737433673 shutdown_connections
2024-04-06T15:01:03.992 INFO:teuthology.orchestra.run.smithi038.stdout:/usr/bin/ceph: stderr
2024-04-06T15:01:03.559+0000 7f907be00700 1 --2- 172.21.15.38:0/2737433673 >> [v2:172.21.15.38:6800/2332709369,v1:172.21.15.38:6801/2332709369] conn(0x7f905c038780 0x7f905c03ac40 unknown :-1 s=CLOSED pgs=8 cs=0 l=1 rev1=1 crypto rx=0 tx=0 comp rx=0 tx=0).stop
2024-04-06T15:01:03.993 INFO:teuthology.orchestra.run.smithi038.stdout:/usr/bin/ceph: stderr
2024-04-06T15:01:03.559+0000 7f907be00700 1 --2- 172.21.15.38:0/2737433673 >> [v2:172.21.15.38:3300/0,v1:172.21.15.38:6789/0] conn(0x7f9074106570 0x7f907407bb10 unknown :-1 s=CLOSED pgs=73 cs=0 l=1 rev1=1 crypto rx=0 tx=0 comp rx=0 tx=0).stop
2024-04-06T15:01:03.993 INFO:teuthology.orchestra.run.smithi038.stdout:/usr/bin/ceph: stderr
2024-04-06T15:01:03.559+0000 7f907be00700 1 -- 172.21.15.38:0/2737433673 >> 172.21.15.38:0/2737433673 conn(0x7f9074101b50 msgr2=0x7f9074102640 unknown :-1 s=STATE_NONE l=0).mark_down
2024-04-06T15:01:03.993 INFO:teuthology.orchestra.run.smithi038.stdout:/usr/bin/ceph: stderr
2024-04-06T15:01:03.559+0000 7f907be00700 1 -- 172.21.15.38:0/2737433673 shutdown_connections
2024-04-06T15:01:03.993 INFO:teuthology.orchestra.run.smithi038.stdout:/usr/bin/ceph: stderr
2024-04-06T15:01:03.559+0000 7f907be00700 1 -- 172.21.15.38:0/2737433673 wait complete.
2024-04-06T15:01:03.993 INFO:teuthology.orchestra.run.smithi038.stdout:Fetching dashboard port number...
2024-04-06T15:01:05.021 INFO:journalctl@ceph.mon.a.smithi038.stdout:Apr 06 15:01:04 smithi038 ceph-mon[38242]: from='client.14166 -' entity='client.admin' cmd=[{"prefix": "dashboard ac-user-create", "username": "admin", "rolename": "administrator", "force_password": true, "pwd_update_required": true, "target": ["mon-mgr", ""]}]: dispatch
2024-04-06T15:01:05.021 INFO:journalctl@ceph.mon.a.smithi038.stdout:Apr 06 15:01:04 smithi038 ceph-mon[38242]: from='mgr.14152 172.21.15.38:0/3395137334' entity='mgr.x'
2024-04-06T15:01:05.163 INFO:teuthology.orchestra.run.smithi038.stdout:/usr/bin/ceph: stdout 8443
2024-04-06T15:01:05.163 INFO:teuthology.orchestra.run.smithi038.stdout:/usr/bin/ceph: stderr
2024-04-06T15:01:04.526+0000 7ff060e00700 1 Processor -- start
2024-04-06T15:01:05.163 INFO:teuthology.orchestra.run.smithi038.stdout:/usr/bin/ceph: stderr
2024-04-06T15:01:04.526+0000 7ff060e00700 1 -- start start
2024-04-06T15:01:05.163 INFO:teuthology.orchestra.run.smithi038.stdout:/usr/bin/ceph: stderr
2024-04-06T15:01:04.527+0000 7ff060e00700 1 --2- >> [v2:172.21.15.38:3300/0,v1:172.21.15.38:6789/0] conn(0x7ff05c07be90 0x7ff05c07a2f0 unknown :-1 s=NONE pgs=0 cs=0 l=0 rev1=0 crypto rx=0 tx=0 comp rx=0 tx=0).connect
2024-04-06T15:01:05.163 INFO:teuthology.orchestra.run.smithi038.stdout:/usr/bin/ceph: stderr
2024-04-06T15:01:04.527+0000 7ff060e00700 1 -- --> [v2:172.21.15.38:3300/0,v1:172.21.15.38:6789/0] -- mon_getmap magic: 0 v1 -- 0x7ff05c07a8c0 con 0x7ff05c07be90
2024-04-06T15:01:05.163 INFO:teuthology.orchestra.run.smithi038.stdout:/usr/bin/ceph: stderr
2024-04-06T15:01:04.527+0000 7ff059e00700 1 --2- >> [v2:172.21.15.38:3300/0,v1:172.21.15.38:6789/0] conn(0x7ff05c07be90 0x7ff05c07a2f0 unknown :-1 s=BANNER_CONNECTING pgs=0 cs=0 l=0 rev1=0 crypto rx=0 tx=0 comp rx=0 tx=0)._handle_peer_banner_payload supported=3 required=0
2024-04-06T15:01:05.163 INFO:teuthology.orchestra.run.smithi038.stdout:/usr/bin/ceph: stderr
2024-04-06T15:01:04.527+0000 7ff059e00700 1 --2- >> [v2:172.21.15.38:3300/0,v1:172.21.15.38:6789/0] conn(0x7ff05c07be90 0x7ff05c07a2f0 unknown :-1 s=HELLO_CONNECTING pgs=0 cs=0 l=0 rev1=1 crypto rx=0 tx=0 comp rx=0 tx=0).handle_hello peer v2:172.21.15.38:3300/0 says I am v2:172.21.15.38:53744/0 (socket says 172.21.15.38:53744)
2024-04-06T15:01:05.164 INFO:teuthology.orchestra.run.smithi038.stdout:/usr/bin/ceph: stderr
2024-04-06T15:01:04.527+0000 7ff059e00700 1 -- 172.21.15.38:0/1233173020 learned_addr learned my addr 172.21.15.38:0/1233173020 (peer_addr_for_me v2:172.21.15.38:0/0)
2024-04-06T15:01:05.164 INFO:teuthology.orchestra.run.smithi038.stdout:/usr/bin/ceph: stderr
2024-04-06T15:01:04.527+0000 7ff059e00700 1 -- 172.21.15.38:0/1233173020 --> [v2:172.21.15.38:3300/0,v1:172.21.15.38:6789/0] -- mon_subscribe({config=0+,monmap=0+}) v3 -- 0x7ff05c07aa00 con 0x7ff05c07be90
2024-04-06T15:01:05.164 INFO:teuthology.orchestra.run.smithi038.stdout:/usr/bin/ceph: stderr
2024-04-06T15:01:04.528+0000 7ff059e00700 1 --2- 172.21.15.38:0/1233173020 >> [v2:172.21.15.38:3300/0,v1:172.21.15.38:6789/0] conn(0x7ff05c07be90 0x7ff05c07a2f0 secure :-1 s=READY pgs=74 cs=0 l=1 rev1=1 crypto rx=0x7ff04c0098a0 tx=0x7ff04c009bb0 comp rx=0 tx=0).ready entity=mon.0 client_cookie=dcbf85c4d0d3ecde server_cookie=0 in_seq=0 out_seq=0
2024-04-06T15:01:05.164 INFO:teuthology.orchestra.run.smithi038.stdout:/usr/bin/ceph: stderr
2024-04-06T15:01:04.528+0000 7ff059400700 1 -- 172.21.15.38:0/1233173020 <== mon.0 v2:172.21.15.38:3300/0 1 ==== mon_map magic: 0 v1 ==== 205+0+0 (secure 0 0 0) 0x7ff04c004160 con 0x7ff05c07be90
2024-04-06T15:01:05.164 INFO:teuthology.orchestra.run.smithi038.stdout:/usr/bin/ceph: stderr
2024-04-06T15:01:04.528+0000 7ff059400700 1 -- 172.21.15.38:0/1233173020 <== mon.0 v2:172.21.15.38:3300/0 2 ==== config(26 keys) v1 ==== 1105+0+0 (secure 0 0 0) 0x7ff04c0042c0 con 0x7ff05c07be90
2024-04-06T15:01:05.164 INFO:teuthology.orchestra.run.smithi038.stdout:/usr/bin/ceph: stderr
2024-04-06T15:01:04.528+0000 7ff059400700 1 -- 172.21.15.38:0/1233173020 <== mon.0 v2:172.21.15.38:3300/0 3 ==== mon_map magic: 0 v1 ==== 205+0+0 (secure 0 0 0) 0x7ff04c0119b0 con 0x7ff05c07be90
2024-04-06T15:01:05.164 INFO:teuthology.orchestra.run.smithi038.stdout:/usr/bin/ceph: stderr
2024-04-06T15:01:04.528+0000 7ff060e00700 1 -- 172.21.15.38:0/1233173020 >> [v2:172.21.15.38:3300/0,v1:172.21.15.38:6789/0] conn(0x7ff05c07be90 msgr2=0x7ff05c07a2f0 secure :-1 s=STATE_CONNECTION_ESTABLISHED l=1).mark_down
2024-04-06T15:01:05.164 INFO:teuthology.orchestra.run.smithi038.stdout:/usr/bin/ceph: stderr
2024-04-06T15:01:04.528+0000 7ff060e00700 1 --2- 172.21.15.38:0/1233173020 >> [v2:172.21.15.38:3300/0,v1:172.21.15.38:6789/0] conn(0x7ff05c07be90 0x7ff05c07a2f0 secure :-1 s=READY pgs=74 cs=0 l=1 rev1=1 crypto rx=0x7ff04c0098a0 tx=0x7ff04c009bb0 comp rx=0 tx=0).stop
2024-04-06T15:01:05.164 INFO:teuthology.orchestra.run.smithi038.stdout:/usr/bin/ceph: stderr
2024-04-06T15:01:04.529+0000 7ff060e00700 1 -- 172.21.15.38:0/1233173020 shutdown_connections
2024-04-06T15:01:05.165 INFO:teuthology.orchestra.run.smithi038.stdout:/usr/bin/ceph: stderr
2024-04-06T15:01:04.529+0000 7ff060e00700 1 --2- 172.21.15.38:0/1233173020 >> [v2:172.21.15.38:3300/0,v1:172.21.15.38:6789/0] conn(0x7ff05c07be90 0x7ff05c07a2f0 unknown :-1 s=CLOSED pgs=74 cs=0 l=1 rev1=1 crypto rx=0 tx=0 comp rx=0 tx=0).stop
2024-04-06T15:01:05.165 INFO:teuthology.orchestra.run.smithi038.stdout:/usr/bin/ceph: stderr
2024-04-06T15:01:04.529+0000 7ff060e00700 1 -- 172.21.15.38:0/1233173020 >> 172.21.15.38:0/1233173020 conn(0x7ff05c101ae0 msgr2=0x7ff05c103f00 unknown :-1 s=STATE_NONE l=0).mark_down
2024-04-06T15:01:05.165 INFO:teuthology.orchestra.run.smithi038.stdout:/usr/bin/ceph: stderr
2024-04-06T15:01:04.529+0000 7ff060e00700 1 -- 172.21.15.38:0/1233173020 shutdown_connections
2024-04-06T15:01:05.165 INFO:teuthology.orchestra.run.smithi038.stdout:/usr/bin/ceph: stderr
2024-04-06T15:01:04.529+0000 7ff060e00700 1 -- 172.21.15.38:0/1233173020 wait complete.
2024-04-06T15:01:05.165 INFO:teuthology.orchestra.run.smithi038.stdout:/usr/bin/ceph: stderr
2024-04-06T15:01:04.530+0000 7ff060e00700 1 Processor -- start
2024-04-06T15:01:05.165 INFO:teuthology.orchestra.run.smithi038.stdout:/usr/bin/ceph: stderr
2024-04-06T15:01:04.530+0000 7ff060e00700 1 -- start start
2024-04-06T15:01:05.165 INFO:teuthology.orchestra.run.smithi038.stdout:/usr/bin/ceph: stderr
2024-04-06T15:01:04.531+0000 7ff060e00700 1 --2- >> [v2:172.21.15.38:3300/0,v1:172.21.15.38:6789/0] conn(0x7ff05c07be90 0x7ff05c19c540 unknown :-1 s=NONE pgs=0 cs=0 l=1 rev1=0 crypto rx=0 tx=0 comp rx=0 tx=0).connect
2024-04-06T15:01:05.165 INFO:teuthology.orchestra.run.smithi038.stdout:/usr/bin/ceph: stderr
2024-04-06T15:01:04.531+0000 7ff060e00700 1 -- --> [v2:172.21.15.38:3300/0,v1:172.21.15.38:6789/0] -- mon_getmap magic: 0 v1 -- 0x7ff05c19ca80 con 0x7ff05c07be90
2024-04-06T15:01:05.165 INFO:teuthology.orchestra.run.smithi038.stdout:/usr/bin/ceph: stderr
2024-04-06T15:01:04.531+0000 7ff059e00700 1 --2- >> [v2:172.21.15.38:3300/0,v1:172.21.15.38:6789/0] conn(0x7ff05c07be90 0x7ff05c19c540 unknown :-1 s=BANNER_CONNECTING pgs=0 cs=0 l=1 rev1=0 crypto rx=0 tx=0 comp rx=0 tx=0)._handle_peer_banner_payload supported=3 required=0
2024-04-06T15:01:05.165 INFO:teuthology.orchestra.run.smithi038.stdout:/usr/bin/ceph: stderr
2024-04-06T15:01:04.531+0000 7ff059e00700 1 --2- >> [v2:172.21.15.38:3300/0,v1:172.21.15.38:6789/0] conn(0x7ff05c07be90 0x7ff05c19c540 unknown :-1 s=HELLO_CONNECTING pgs=0 cs=0 l=1 rev1=1 crypto rx=0 tx=0 comp rx=0 tx=0).handle_hello peer v2:172.21.15.38:3300/0 says I am v2:172.21.15.38:53752/0 (socket says 172.21.15.38:53752)
2024-04-06T15:01:05.165 INFO:teuthology.orchestra.run.smithi038.stdout:/usr/bin/ceph: stderr
2024-04-06T15:01:04.531+0000 7ff059e00700 1 -- 172.21.15.38:0/1118511799 learned_addr learned my addr 172.21.15.38:0/1118511799 (peer_addr_for_me v2:172.21.15.38:0/0)
2024-04-06T15:01:05.166 INFO:teuthology.orchestra.run.smithi038.stdout:/usr/bin/ceph: stderr
2024-04-06T15:01:04.531+0000 7ff059e00700 1 -- 172.21.15.38:0/1118511799 --> [v2:172.21.15.38:3300/0,v1:172.21.15.38:6789/0] -- mon_subscribe({config=0+,monmap=0+}) v3 -- 0x7ff04c009550 con 0x7ff05c07be90
2024-04-06T15:01:05.166 INFO:teuthology.orchestra.run.smithi038.stdout:/usr/bin/ceph: stderr
2024-04-06T15:01:04.532+0000 7ff059e00700 1 --2- 172.21.15.38:0/1118511799 >> [v2:172.21.15.38:3300/0,v1:172.21.15.38:6789/0] conn(0x7ff05c07be90 0x7ff05c19c540 secure :-1 s=READY pgs=75 cs=0 l=1 rev1=1 crypto rx=0x7ff04c011670 tx=0x7ff04c011a30 comp rx=0 tx=0).ready entity=mon.0 client_cookie=0 server_cookie=0 in_seq=0 out_seq=0
2024-04-06T15:01:05.166 INFO:teuthology.orchestra.run.smithi038.stdout:/usr/bin/ceph: stderr
2024-04-06T15:01:04.532+0000 7ff052a00700 1 -- 172.21.15.38:0/1118511799 <== mon.0 v2:172.21.15.38:3300/0 1 ==== mon_map magic: 0 v1 ==== 205+0+0 (secure 0 0 0) 0x7ff04c003af0 con 0x7ff05c07be90
2024-04-06T15:01:05.166 INFO:teuthology.orchestra.run.smithi038.stdout:/usr/bin/ceph: stderr
2024-04-06T15:01:04.532+0000 7ff052a00700 1 -- 172.21.15.38:0/1118511799 <== mon.0 v2:172.21.15.38:3300/0 2 ==== config(26 keys) v1 ==== 1105+0+0 (secure 0 0 0) 0x7ff04c003c50 con 0x7ff05c07be90
2024-04-06T15:01:05.166 INFO:teuthology.orchestra.run.smithi038.stdout:/usr/bin/ceph: stderr
2024-04-06T15:01:04.532+0000 7ff052a00700 1 -- 172.21.15.38:0/1118511799 <== mon.0 v2:172.21.15.38:3300/0 3 ==== mon_map magic: 0 v1 ==== 205+0+0 (secure 0 0 0) 0x7ff04c024820 con 0x7ff05c07be90
2024-04-06T15:01:05.166 INFO:teuthology.orchestra.run.smithi038.stdout:/usr/bin/ceph: stderr
2024-04-06T15:01:04.532+0000 7ff060e00700 1 -- 172.21.15.38:0/1118511799 --> [v2:172.21.15.38:3300/0,v1:172.21.15.38:6789/0] -- mon_subscribe({mgrmap=0+}) v3 -- 0x7ff05c19cc80 con 0x7ff05c07be90
2024-04-06T15:01:05.167 INFO:teuthology.orchestra.run.smithi038.stdout:/usr/bin/ceph: stderr
2024-04-06T15:01:04.532+0000 7ff060e00700 1 -- 172.21.15.38:0/1118511799 --> [v2:172.21.15.38:3300/0,v1:172.21.15.38:6789/0] -- mon_subscribe({osdmap=0}) v3 -- 0x7ff05c19d120 con 0x7ff05c07be90
2024-04-06T15:01:05.167 INFO:teuthology.orchestra.run.smithi038.stdout:/usr/bin/ceph: stderr
2024-04-06T15:01:04.533+0000 7ff052a00700 1 -- 172.21.15.38:0/1118511799 <== mon.0 v2:172.21.15.38:3300/0 4 ==== mgrmap(e 12) v1 ==== 45554+0+0 (secure 0 0 0) 0x7ff04c01ab60 con 0x7ff05c07be90
2024-04-06T15:01:05.167 INFO:teuthology.orchestra.run.smithi038.stdout:/usr/bin/ceph: stderr
2024-04-06T15:01:04.533+0000 7ff060e00700 1 -- 172.21.15.38:0/1118511799 --> [v2:172.21.15.38:3300/0,v1:172.21.15.38:6789/0] -- mon_command({"prefix": "get_command_descriptions"} v 0) v1 -- 0x7ff05c10c940 con 0x7ff05c07be90
2024-04-06T15:01:05.167 INFO:teuthology.orchestra.run.smithi038.stdout:/usr/bin/ceph: stderr
2024-04-06T15:01:04.533+0000 7ff052a00700 1 --2- 172.21.15.38:0/1118511799 >> [v2:172.21.15.38:6800/2332709369,v1:172.21.15.38:6801/2332709369] conn(0x7ff040038750 0x7ff04003ac10 unknown :-1 s=NONE pgs=0 cs=0 l=1 rev1=0 crypto rx=0 tx=0 comp rx=0 tx=0).connect
2024-04-06T15:01:05.167 INFO:teuthology.orchestra.run.smithi038.stdout:/usr/bin/ceph: stderr
2024-04-06T15:01:04.534+0000 7ff052a00700 1 -- 172.21.15.38:0/1118511799 <== mon.0 v2:172.21.15.38:3300/0 5 ==== osd_map(3..3 src has 1..3) v4 ==== 1155+0+0 (secure 0 0 0) 0x7ff04c04cab0 con 0x7ff05c07be90
2024-04-06T15:01:05.167 INFO:teuthology.orchestra.run.smithi038.stdout:/usr/bin/ceph: stderr
2024-04-06T15:01:04.534+0000 7ff053e00700 1 --2- 172.21.15.38:0/1118511799 >> [v2:172.21.15.38:6800/2332709369,v1:172.21.15.38:6801/2332709369] conn(0x7ff040038750 0x7ff04003ac10 unknown :-1 s=BANNER_CONNECTING pgs=0 cs=0 l=1 rev1=0 crypto rx=0 tx=0 comp rx=0 tx=0)._handle_peer_banner_payload supported=3 required=0
2024-04-06T15:01:05.167 INFO:teuthology.orchestra.run.smithi038.stdout:/usr/bin/ceph: stderr
2024-04-06T15:01:04.534+0000 7ff053e00700 1 --2- 172.21.15.38:0/1118511799 >> [v2:172.21.15.38:6800/2332709369,v1:172.21.15.38:6801/2332709369] conn(0x7ff040038750 0x7ff04003ac10 secure :-1 s=READY pgs=9 cs=0 l=1 rev1=1 crypto rx=0x7ff044006fd0 tx=0x7ff044006e40 comp rx=0 tx=0).ready entity=mgr.14152 client_cookie=0 server_cookie=0 in_seq=0 out_seq=0
2024-04-06T15:01:05.167 INFO:teuthology.orchestra.run.smithi038.stdout:/usr/bin/ceph: stderr
2024-04-06T15:01:04.538+0000 7ff052a00700 1 -- 172.21.15.38:0/1118511799 <== mon.0 v2:172.21.15.38:3300/0 6 ==== mon_command_ack([{"prefix": "get_command_descriptions"}]=0 v0) v1 ==== 72+0+182936 (secure 0 0 0) 0x7ff04c018760 con 0x7ff05c07be90
2024-04-06T15:01:05.167 INFO:teuthology.orchestra.run.smithi038.stdout:/usr/bin/ceph: stderr
2024-04-06T15:01:04.751+0000 7ff060e00700 1 -- 172.21.15.38:0/1118511799 --> [v2:172.21.15.38:3300/0,v1:172.21.15.38:6789/0] -- mon_command({"prefix": "config get", "who": "mgr", "key": "mgr/dashboard/ssl_server_port"} v 0) v1 -- 0x7ff05c19fa10 con 0x7ff05c07be90
2024-04-06T15:01:05.167 INFO:teuthology.orchestra.run.smithi038.stdout:/usr/bin/ceph: stderr
2024-04-06T15:01:04.751+0000 7ff052a00700 1 -- 172.21.15.38:0/1118511799 <== mon.0 v2:172.21.15.38:3300/0 7 ==== mon_command_ack([{"prefix": "config get", "who": "mgr", "key": "mgr/dashboard/ssl_server_port"}]=0 v8) v1 ==== 112+0+5 (secure 0 0 0) 0x7ff04c02c3a0 con 0x7ff05c07be90
2024-04-06T15:01:05.167 INFO:teuthology.orchestra.run.smithi038.stdout:/usr/bin/ceph: stderr
2024-04-06T15:01:04.754+0000 7ff060e00700 1 -- 172.21.15.38:0/1118511799 >> [v2:172.21.15.38:6800/2332709369,v1:172.21.15.38:6801/2332709369] conn(0x7ff040038750 msgr2=0x7ff04003ac10 secure :-1 s=STATE_CONNECTION_ESTABLISHED l=1).mark_down
2024-04-06T15:01:05.167 INFO:teuthology.orchestra.run.smithi038.stdout:/usr/bin/ceph: stderr
2024-04-06T15:01:04.754+0000 7ff060e00700 1 --2- 172.21.15.38:0/1118511799 >> [v2:172.21.15.38:6800/2332709369,v1:172.21.15.38:6801/2332709369] conn(0x7ff040038750 0x7ff04003ac10 secure :-1 s=READY pgs=9 cs=0 l=1 rev1=1 crypto rx=0x7ff044006fd0 tx=0x7ff044006e40 comp rx=0 tx=0).stop
2024-04-06T15:01:05.167 INFO:teuthology.orchestra.run.smithi038.stdout:/usr/bin/ceph: stderr
2024-04-06T15:01:04.754+0000 7ff060e00700 1 -- 172.21.15.38:0/1118511799 >> [v2:172.21.15.38:3300/0,v1:172.21.15.38:6789/0] conn(0x7ff05c07be90 msgr2=0x7ff05c19c540 secure :-1 s=STATE_CONNECTION_ESTABLISHED l=1).mark_down
2024-04-06T15:01:05.167 INFO:teuthology.orchestra.run.smithi038.stdout:/usr/bin/ceph: stderr
2024-04-06T15:01:04.754+0000 7ff060e00700 1 --2- 172.21.15.38:0/1118511799 >> [v2:172.21.15.38:3300/0,v1:172.21.15.38:6789/0] conn(0x7ff05c07be90 0x7ff05c19c540 secure :-1 s=READY pgs=75 cs=0 l=1 rev1=1 crypto rx=0x7ff04c011670 tx=0x7ff04c011a30 comp rx=0 tx=0).stop
2024-04-06T15:01:05.168 INFO:teuthology.orchestra.run.smithi038.stdout:/usr/bin/ceph: stderr
2024-04-06T15:01:04.754+0000 7ff060e00700 1 -- 172.21.15.38:0/1118511799 shutdown_connections
2024-04-06T15:01:05.168 INFO:teuthology.orchestra.run.smithi038.stdout:/usr/bin/ceph: stderr
2024-04-06T15:01:04.754+0000 7ff060e00700 1 --2- 172.21.15.38:0/1118511799 >> [v2:172.21.15.38:6800/2332709369,v1:172.21.15.38:6801/2332709369] conn(0x7ff040038750 0x7ff04003ac10 unknown :-1 s=CLOSED pgs=9 cs=0 l=1 rev1=1 crypto rx=0 tx=0 comp rx=0 tx=0).stop
2024-04-06T15:01:05.168 INFO:teuthology.orchestra.run.smithi038.stdout:/usr/bin/ceph: stderr
2024-04-06T15:01:04.754+0000 7ff060e00700 1 --2- 172.21.15.38:0/1118511799 >> [v2:172.21.15.38:3300/0,v1:172.21.15.38:6789/0] conn(0x7ff05c07be90 0x7ff05c19c540 unknown :-1 s=CLOSED pgs=75 cs=0 l=1 rev1=1 crypto rx=0 tx=0 comp rx=0 tx=0).stop
2024-04-06T15:01:05.168 INFO:teuthology.orchestra.run.smithi038.stdout:/usr/bin/ceph: stderr
2024-04-06T15:01:04.754+0000 7ff060e00700 1 -- 172.21.15.38:0/1118511799 >> 172.21.15.38:0/1118511799 conn(0x7ff05c101ae0 msgr2=0x7ff05c102730 unknown :-1 s=STATE_NONE l=0).mark_down
2024-04-06T15:01:05.168 INFO:teuthology.orchestra.run.smithi038.stdout:/usr/bin/ceph: stderr
2024-04-06T15:01:04.754+0000 7ff060e00700 1 -- 172.21.15.38:0/1118511799 shutdown_connections
2024-04-06T15:01:05.168 INFO:teuthology.orchestra.run.smithi038.stdout:/usr/bin/ceph: stderr
2024-04-06T15:01:04.754+0000 7ff060e00700 1 -- 172.21.15.38:0/1118511799 wait complete.
2024-04-06T15:01:05.180 INFO:teuthology.orchestra.run.smithi038.stdout:Non-zero exit code 1 from systemctl is-enabled firewalld.service
2024-04-06T15:01:05.180 INFO:teuthology.orchestra.run.smithi038.stdout:systemctl: stdout disabled
2024-04-06T15:01:05.198 INFO:teuthology.orchestra.run.smithi038.stdout:Non-zero exit code 3 from systemctl is-active firewalld.service
2024-04-06T15:01:05.198 INFO:teuthology.orchestra.run.smithi038.stdout:systemctl: stdout inactive
2024-04-06T15:01:05.198 INFO:teuthology.orchestra.run.smithi038.stdout:firewalld.service is not enabled
2024-04-06T15:01:05.198 INFO:teuthology.orchestra.run.smithi038.stdout:Not possible to open ports <[8443]>. firewalld.service is not available
2024-04-06T15:01:05.203 INFO:teuthology.orchestra.run.smithi038.stdout:Ceph Dashboard is now available at:
2024-04-06T15:01:05.203 INFO:teuthology.orchestra.run.smithi038.stdout:
2024-04-06T15:01:05.203 INFO:teuthology.orchestra.run.smithi038.stdout: URL: https://smithi038.front.sepia.ceph.com:8443/
2024-04-06T15:01:05.203 INFO:teuthology.orchestra.run.smithi038.stdout: User: admin
2024-04-06T15:01:05.203 INFO:teuthology.orchestra.run.smithi038.stdout: Password: s4izy026sh
2024-04-06T15:01:05.203 INFO:teuthology.orchestra.run.smithi038.stdout:
2024-04-06T15:01:05.204 INFO:teuthology.orchestra.run.smithi038.stdout:Saving cluster configuration to /var/lib/ceph/3df0ed42-f426-11ee-b649-cb9ed24678a4/config directory
2024-04-06T15:01:05.205 INFO:teuthology.orchestra.run.smithi038.stdout:Enabling autotune for osd_memory_target
2024-04-06T15:01:05.789 INFO:journalctl@ceph.mon.a.smithi038.stdout:Apr 06 15:01:05 smithi038 ceph-mon[38242]: from='client.? 172.21.15.38:0/1118511799' entity='client.admin' cmd=[{"prefix": "config get", "who": "mgr", "key": "mgr/dashboard/ssl_server_port"}]: dispatch
2024-04-06T15:01:06.208 INFO:teuthology.orchestra.run.smithi038.stdout:/usr/bin/ceph: stderr
2024-04-06T15:01:05.639+0000 7fe9e7a00700 1 Processor -- start
2024-04-06T15:01:06.208 INFO:teuthology.orchestra.run.smithi038.stdout:/usr/bin/ceph: stderr
2024-04-06T15:01:05.640+0000 7fe9e7a00700 1 -- start start
2024-04-06T15:01:06.208 INFO:teuthology.orchestra.run.smithi038.stdout:/usr/bin/ceph: stderr
2024-04-06T15:01:05.640+0000 7fe9e7a00700 1 --2- >> [v2:172.21.15.38:3300/0,v1:172.21.15.38:6789/0] conn(0x7fe9e007be50 0x7fe9e007a2b0 unknown :-1 s=NONE pgs=0 cs=0 l=0 rev1=0 crypto rx=0 tx=0 comp rx=0 tx=0).connect
2024-04-06T15:01:06.208 INFO:teuthology.orchestra.run.smithi038.stdout:/usr/bin/ceph: stderr
2024-04-06T15:01:05.640+0000 7fe9e7a00700 1 -- --> [v2:172.21.15.38:3300/0,v1:172.21.15.38:6789/0] -- mon_getmap magic: 0 v1 -- 0x7fe9e007a880 con 0x7fe9e007be50
2024-04-06T15:01:06.208 INFO:teuthology.orchestra.run.smithi038.stdout:/usr/bin/ceph: stderr
2024-04-06T15:01:05.640+0000 7fe9e5000700 1 --2- >> [v2:172.21.15.38:3300/0,v1:172.21.15.38:6789/0] conn(0x7fe9e007be50 0x7fe9e007a2b0 unknown :-1 s=BANNER_CONNECTING pgs=0 cs=0 l=0 rev1=0 crypto rx=0 tx=0 comp rx=0 tx=0)._handle_peer_banner_payload supported=3 required=0
2024-04-06T15:01:06.208 INFO:teuthology.orchestra.run.smithi038.stdout:/usr/bin/ceph: stderr
2024-04-06T15:01:05.640+0000 7fe9e5000700 1 --2- >> [v2:172.21.15.38:3300/0,v1:172.21.15.38:6789/0] conn(0x7fe9e007be50 0x7fe9e007a2b0 unknown :-1 s=HELLO_CONNECTING pgs=0 cs=0 l=0 rev1=1 crypto rx=0 tx=0 comp rx=0 tx=0).handle_hello peer v2:172.21.15.38:3300/0 says I am v2:172.21.15.38:53768/0 (socket says 172.21.15.38:53768)
2024-04-06T15:01:06.208 INFO:teuthology.orchestra.run.smithi038.stdout:/usr/bin/ceph: stderr
2024-04-06T15:01:05.640+0000 7fe9e5000700 1 -- 172.21.15.38:0/1912901337 learned_addr learned my addr 172.21.15.38:0/1912901337 (peer_addr_for_me v2:172.21.15.38:0/0)
2024-04-06T15:01:06.208 INFO:teuthology.orchestra.run.smithi038.stdout:/usr/bin/ceph: stderr
2024-04-06T15:01:05.641+0000 7fe9e5000700 1 -- 172.21.15.38:0/1912901337 --> [v2:172.21.15.38:3300/0,v1:172.21.15.38:6789/0] -- mon_subscribe({config=0+,monmap=0+}) v3 -- 0x7fe9e007a9c0 con 0x7fe9e007be50
2024-04-06T15:01:06.209 INFO:teuthology.orchestra.run.smithi038.stdout:/usr/bin/ceph: stderr
2024-04-06T15:01:05.641+0000 7fe9e5000700 1 --2- 172.21.15.38:0/1912901337 >> [v2:172.21.15.38:3300/0,v1:172.21.15.38:6789/0] conn(0x7fe9e007be50 0x7fe9e007a2b0 secure :-1 s=READY pgs=76 cs=0 l=1 rev1=1 crypto rx=0x7fe9d40098a0 tx=0x7fe9d4009bb0 comp rx=0 tx=0).ready entity=mon.0 client_cookie=2a0f90d61f9e0e4d server_cookie=0 in_seq=0 out_seq=0
2024-04-06T15:01:06.209 INFO:teuthology.orchestra.run.smithi038.stdout:/usr/bin/ceph: stderr
2024-04-06T15:01:05.641+0000 7fe9df400700 1 -- 172.21.15.38:0/1912901337 <== mon.0 v2:172.21.15.38:3300/0 1 ==== mon_map magic: 0 v1 ==== 205+0+0 (secure 0 0 0) 0x7fe9d4004160 con 0x7fe9e007be50
2024-04-06T15:01:06.209 INFO:teuthology.orchestra.run.smithi038.stdout:/usr/bin/ceph: stderr
2024-04-06T15:01:05.641+0000 7fe9df400700 1 -- 172.21.15.38:0/1912901337 <== mon.0 v2:172.21.15.38:3300/0 2 ==== config(26 keys) v1 ==== 1105+0+0 (secure 0 0 0) 0x7fe9d40042c0 con 0x7fe9e007be50
2024-04-06T15:01:06.209 INFO:teuthology.orchestra.run.smithi038.stdout:/usr/bin/ceph: stderr
2024-04-06T15:01:05.641+0000 7fe9df400700 1 -- 172.21.15.38:0/1912901337 <== mon.0 v2:172.21.15.38:3300/0 3 ==== mon_map magic: 0 v1 ==== 205+0+0 (secure 0 0 0) 0x7fe9d40119b0 con 0x7fe9e007be50
2024-04-06T15:01:06.209 INFO:teuthology.orchestra.run.smithi038.stdout:/usr/bin/ceph: stderr
2024-04-06T15:01:05.642+0000 7fe9e7a00700 1 -- 172.21.15.38:0/1912901337 >> [v2:172.21.15.38:3300/0,v1:172.21.15.38:6789/0] conn(0x7fe9e007be50 msgr2=0x7fe9e007a2b0 secure :-1 s=STATE_CONNECTION_ESTABLISHED l=1).mark_down
2024-04-06T15:01:06.209 INFO:teuthology.orchestra.run.smithi038.stdout:/usr/bin/ceph: stderr
2024-04-06T15:01:05.642+0000 7fe9e7a00700 1 --2- 172.21.15.38:0/1912901337 >> [v2:172.21.15.38:3300/0,v1:172.21.15.38:6789/0] conn(0x7fe9e007be50 0x7fe9e007a2b0 secure :-1 s=READY pgs=76 cs=0 l=1 rev1=1 crypto rx=0x7fe9d40098a0 tx=0x7fe9d4009bb0 comp rx=0 tx=0).stop
2024-04-06T15:01:06.209 INFO:teuthology.orchestra.run.smithi038.stdout:/usr/bin/ceph: stderr
2024-04-06T15:01:05.642+0000 7fe9e7a00700 1 -- 172.21.15.38:0/1912901337 shutdown_connections
2024-04-06T15:01:06.209 INFO:teuthology.orchestra.run.smithi038.stdout:/usr/bin/ceph: stderr
2024-04-06T15:01:05.642+0000 7fe9e7a00700 1 --2- 172.21.15.38:0/1912901337 >> [v2:172.21.15.38:3300/0,v1:172.21.15.38:6789/0] conn(0x7fe9e007be50 0x7fe9e007a2b0 unknown :-1 s=CLOSED pgs=76 cs=0 l=1 rev1=1 crypto rx=0 tx=0 comp rx=0 tx=0).stop
2024-04-06T15:01:06.209 INFO:teuthology.orchestra.run.smithi038.stdout:/usr/bin/ceph: stderr
2024-04-06T15:01:05.642+0000 7fe9e7a00700 1 -- 172.21.15.38:0/1912901337 >> 172.21.15.38:0/1912901337 conn(0x7fe9e0101ae0 msgr2=0x7fe9e0103f00 unknown :-1 s=STATE_NONE l=0).mark_down
2024-04-06T15:01:06.209 INFO:teuthology.orchestra.run.smithi038.stdout:/usr/bin/ceph: stderr
2024-04-06T15:01:05.642+0000 7fe9e7a00700 1 -- 172.21.15.38:0/1912901337 shutdown_connections
2024-04-06T15:01:06.209 INFO:teuthology.orchestra.run.smithi038.stdout:/usr/bin/ceph: stderr
2024-04-06T15:01:05.642+0000 7fe9e7a00700 1 -- 172.21.15.38:0/1912901337 wait complete.
2024-04-06T15:01:06.209 INFO:teuthology.orchestra.run.smithi038.stdout:/usr/bin/ceph: stderr
2024-04-06T15:01:05.643+0000 7fe9e7a00700 1 Processor -- start
2024-04-06T15:01:06.209 INFO:teuthology.orchestra.run.smithi038.stdout:/usr/bin/ceph: stderr
2024-04-06T15:01:05.643+0000 7fe9e7a00700 1 -- start start
2024-04-06T15:01:06.209 INFO:teuthology.orchestra.run.smithi038.stdout:/usr/bin/ceph: stderr
2024-04-06T15:01:05.643+0000 7fe9e7a00700 1 --2- >> [v2:172.21.15.38:3300/0,v1:172.21.15.38:6789/0] conn(0x7fe9e007be50 0x7fe9e019c4d0 unknown :-1 s=NONE pgs=0 cs=0 l=1 rev1=0 crypto rx=0 tx=0 comp rx=0 tx=0).connect
2024-04-06T15:01:06.210 INFO:teuthology.orchestra.run.smithi038.stdout:/usr/bin/ceph: stderr
2024-04-06T15:01:05.643+0000 7fe9e7a00700 1 -- --> [v2:172.21.15.38:3300/0,v1:172.21.15.38:6789/0] -- mon_getmap magic: 0 v1 -- 0x7fe9e019ca10 con 0x7fe9e007be50
2024-04-06T15:01:06.210 INFO:teuthology.orchestra.run.smithi038.stdout:/usr/bin/ceph: stderr
2024-04-06T15:01:05.644+0000 7fe9e5000700 1 --2- >> [v2:172.21.15.38:3300/0,v1:172.21.15.38:6789/0] conn(0x7fe9e007be50 0x7fe9e019c4d0 unknown :-1 s=BANNER_CONNECTING pgs=0 cs=0 l=1 rev1=0 crypto rx=0 tx=0 comp rx=0 tx=0)._handle_peer_banner_payload supported=3 required=0
2024-04-06T15:01:06.210 INFO:teuthology.orchestra.run.smithi038.stdout:/usr/bin/ceph: stderr
2024-04-06T15:01:05.644+0000 7fe9e5000700 1 --2- >> [v2:172.21.15.38:3300/0,v1:172.21.15.38:6789/0] conn(0x7fe9e007be50 0x7fe9e019c4d0 unknown :-1 s=HELLO_CONNECTING pgs=0 cs=0 l=1 rev1=1 crypto rx=0 tx=0 comp rx=0 tx=0).handle_hello peer v2:172.21.15.38:3300/0 says I am v2:172.21.15.38:53784/0 (socket says 172.21.15.38:53784)
2024-04-06T15:01:06.210 INFO:teuthology.orchestra.run.smithi038.stdout:/usr/bin/ceph: stderr
2024-04-06T15:01:05.644+0000 7fe9e5000700 1 -- 172.21.15.38:0/3350040555 learned_addr learned my addr 172.21.15.38:0/3350040555 (peer_addr_for_me v2:172.21.15.38:0/0)
2024-04-06T15:01:06.210 INFO:teuthology.orchestra.run.smithi038.stdout:/usr/bin/ceph: stderr
2024-04-06T15:01:05.644+0000 7fe9e5000700 1 -- 172.21.15.38:0/3350040555 --> [v2:172.21.15.38:3300/0,v1:172.21.15.38:6789/0] -- mon_subscribe({config=0+,monmap=0+}) v3 -- 0x7fe9d4009550 con 0x7fe9e007be50
2024-04-06T15:01:06.210 INFO:teuthology.orchestra.run.smithi038.stdout:/usr/bin/ceph: stderr
2024-04-06T15:01:05.644+0000 7fe9e5000700 1 --2- 172.21.15.38:0/3350040555 >> [v2:172.21.15.38:3300/0,v1:172.21.15.38:6789/0] conn(0x7fe9e007be50 0x7fe9e019c4d0 secure :-1 s=READY pgs=77 cs=0 l=1 rev1=1 crypto rx=0x7fe9d4003e60 tx=0x7fe9d4011a30 comp rx=0 tx=0).ready entity=mon.0 client_cookie=0 server_cookie=0 in_seq=0 out_seq=0
2024-04-06T15:01:06.210 INFO:teuthology.orchestra.run.smithi038.stdout:/usr/bin/ceph: stderr
2024-04-06T15:01:05.644+0000 7fe9dd600700 1 -- 172.21.15.38:0/3350040555 <== mon.0 v2:172.21.15.38:3300/0 1 ==== mon_map magic: 0 v1 ==== 205+0+0 (secure 0 0 0) 0x7fe9d40038b0 con 0x7fe9e007be50
2024-04-06T15:01:06.210 INFO:teuthology.orchestra.run.smithi038.stdout:/usr/bin/ceph: stderr
2024-04-06T15:01:05.645+0000 7fe9dd600700 1 -- 172.21.15.38:0/3350040555 <== mon.0 v2:172.21.15.38:3300/0 2 ==== config(26 keys) v1 ==== 1105+0+0 (secure 0 0 0) 0x7fe9d4003a10 con 0x7fe9e007be50
2024-04-06T15:01:06.210 INFO:teuthology.orchestra.run.smithi038.stdout:/usr/bin/ceph: stderr
2024-04-06T15:01:05.645+0000 7fe9e7a00700 1 -- 172.21.15.38:0/3350040555 --> [v2:172.21.15.38:3300/0,v1:172.21.15.38:6789/0] -- mon_subscribe({mgrmap=0+}) v3 -- 0x7fe9e019cc10 con 0x7fe9e007be50
2024-04-06T15:01:06.210 INFO:teuthology.orchestra.run.smithi038.stdout:/usr/bin/ceph: stderr
2024-04-06T15:01:05.645+0000 7fe9dd600700 1 -- 172.21.15.38:0/3350040555 <== mon.0 v2:172.21.15.38:3300/0 3 ==== mon_map magic: 0 v1 ==== 205+0+0 (secure 0 0 0) 0x7fe9d4019530 con 0x7fe9e007be50
2024-04-06T15:01:06.210 INFO:teuthology.orchestra.run.smithi038.stdout:/usr/bin/ceph: stderr
2024-04-06T15:01:05.645+0000 7fe9e7a00700 1 -- 172.21.15.38:0/3350040555 --> [v2:172.21.15.38:3300/0,v1:172.21.15.38:6789/0] -- mon_subscribe({osdmap=0}) v3 -- 0x7fe9e019d0b0 con 0x7fe9e007be50
2024-04-06T15:01:06.210 INFO:teuthology.orchestra.run.smithi038.stdout:/usr/bin/ceph: stderr
2024-04-06T15:01:05.646+0000 7fe9dd600700 1 -- 172.21.15.38:0/3350040555 <== mon.0 v2:172.21.15.38:3300/0 4 ==== mgrmap(e 12) v1 ==== 45554+0+0 (secure 0 0 0) 0x7fe9d401a980 con 0x7fe9e007be50
2024-04-06T15:01:06.210 INFO:teuthology.orchestra.run.smithi038.stdout:/usr/bin/ceph: stderr
2024-04-06T15:01:05.646+0000 7fe9e7a00700 1 -- 172.21.15.38:0/3350040555 --> [v2:172.21.15.38:3300/0,v1:172.21.15.38:6789/0] -- mon_command({"prefix": "get_command_descriptions"} v 0) v1 -- 0x7fe9e010c920 con 0x7fe9e007be50
2024-04-06T15:01:06.210 INFO:teuthology.orchestra.run.smithi038.stdout:/usr/bin/ceph: stderr
2024-04-06T15:01:05.646+0000 7fe9dd600700 1 --2- 172.21.15.38:0/3350040555 >> [v2:172.21.15.38:6800/2332709369,v1:172.21.15.38:6801/2332709369] conn(0x7fe9c80387a0 0x7fe9c803ac60 unknown :-1 s=NONE pgs=0 cs=0 l=1 rev1=0 crypto rx=0 tx=0 comp rx=0 tx=0).connect
2024-04-06T15:01:06.211 INFO:teuthology.orchestra.run.smithi038.stdout:/usr/bin/ceph: stderr
2024-04-06T15:01:05.646+0000 7fe9dd600700 1 -- 172.21.15.38:0/3350040555 <== mon.0 v2:172.21.15.38:3300/0 5 ==== osd_map(3..3 src has 1..3) v4 ==== 1155+0+0 (secure 0 0 0) 0x7fe9d404c970 con 0x7fe9e007be50
2024-04-06T15:01:06.211 INFO:teuthology.orchestra.run.smithi038.stdout:/usr/bin/ceph: stderr
2024-04-06T15:01:05.646+0000 7fe9dfe00700 1 --2- 172.21.15.38:0/3350040555 >> [v2:172.21.15.38:6800/2332709369,v1:172.21.15.38:6801/2332709369] conn(0x7fe9c80387a0 0x7fe9c803ac60 unknown :-1 s=BANNER_CONNECTING pgs=0 cs=0 l=1 rev1=0 crypto rx=0 tx=0 comp rx=0 tx=0)._handle_peer_banner_payload supported=3 required=0
2024-04-06T15:01:06.211 INFO:teuthology.orchestra.run.smithi038.stdout:/usr/bin/ceph: stderr
2024-04-06T15:01:05.647+0000 7fe9dfe00700 1 --2- 172.21.15.38:0/3350040555 >> [v2:172.21.15.38:6800/2332709369,v1:172.21.15.38:6801/2332709369] conn(0x7fe9c80387a0 0x7fe9c803ac60 secure :-1 s=READY pgs=10 cs=0 l=1 rev1=1 crypto rx=0x7fe9cc006fd0 tx=0x7fe9cc006e40 comp rx=0 tx=0).ready entity=mgr.14152 client_cookie=0 server_cookie=0 in_seq=0 out_seq=0
2024-04-06T15:01:06.211 INFO:teuthology.orchestra.run.smithi038.stdout:/usr/bin/ceph: stderr
2024-04-06T15:01:05.652+0000 7fe9dd600700 1 -- 172.21.15.38:0/3350040555 <== mon.0 v2:172.21.15.38:3300/0 6 ==== mon_command_ack([{"prefix": "get_command_descriptions"}]=0 v0) v1 ==== 72+0+182936 (secure 0 0 0) 0x7fe9d4003b80 con 0x7fe9e007be50
2024-04-06T15:01:06.211 INFO:teuthology.orchestra.run.smithi038.stdout:/usr/bin/ceph: stderr
