2024-04-06T15:00:38.325+0000 7f24bd600700 1 --2- 172.21.15.38:0/1982454550 >> [v2:172.21.15.38:3300/0,v1:172.21.15.38:6789/0] conn(0x7f24b807beb0 0x7f24b819c430 secure :-1 s=READY pgs=40 cs=0 l=1 rev1=1 crypto rx=0x7f24a8009130 tx=0x7f24a8011ad0 comp rx=0 tx=0).stop
2024-04-06T15:00:38.680 INFO:teuthology.orchestra.run.smithi038.stdout:/usr/bin/ceph: stderr
2024-04-06T15:00:38.326+0000 7f24bd600700 1 -- 172.21.15.38:0/1982454550 shutdown_connections
2024-04-06T15:00:38.680 INFO:teuthology.orchestra.run.smithi038.stdout:/usr/bin/ceph: stderr
2024-04-06T15:00:38.326+0000 7f24bd600700 1 --2- 172.21.15.38:0/1982454550 >> [v2:172.21.15.38:6800/1052738517,v1:172.21.15.38:6801/1052738517] conn(0x7f249c0385d0 0x7f249c03aa90 unknown :-1 s=CLOSED pgs=8 cs=0 l=1 rev1=1 crypto rx=0 tx=0 comp rx=0 tx=0).stop
2024-04-06T15:00:38.680 INFO:teuthology.orchestra.run.smithi038.stdout:/usr/bin/ceph: stderr
2024-04-06T15:00:38.326+0000 7f24bd600700 1 --2- 172.21.15.38:0/1982454550 >> [v2:172.21.15.38:3300/0,v1:172.21.15.38:6789/0] conn(0x7f24b807beb0 0x7f24b819c430 unknown :-1 s=CLOSED pgs=40 cs=0 l=1 rev1=1 crypto rx=0 tx=0 comp rx=0 tx=0).stop
2024-04-06T15:00:38.680 INFO:teuthology.orchestra.run.smithi038.stdout:/usr/bin/ceph: stderr
2024-04-06T15:00:38.326+0000 7f24bd600700 1 -- 172.21.15.38:0/1982454550 >> 172.21.15.38:0/1982454550 conn(0x7f24b8101b50 msgr2=0x7f24b81026e0 unknown :-1 s=STATE_NONE l=0).mark_down
2024-04-06T15:00:38.680 INFO:teuthology.orchestra.run.smithi038.stdout:/usr/bin/ceph: stderr
2024-04-06T15:00:38.326+0000 7f24bd600700 1 -- 172.21.15.38:0/1982454550 shutdown_connections
2024-04-06T15:00:38.680 INFO:teuthology.orchestra.run.smithi038.stdout:/usr/bin/ceph: stderr
2024-04-06T15:00:38.326+0000 7f24bd600700 1 -- 172.21.15.38:0/1982454550 wait complete.
2024-04-06T15:00:38.680 INFO:teuthology.orchestra.run.smithi038.stdout:Generating ssh key...
2024-04-06T15:00:38.680 INFO:journalctl@ceph.mon.a.smithi038.stdout:Apr 06 15:00:38 smithi038 ceph-mon[38242]: from='client.14132 -' entity='client.admin' cmd=[{"prefix": "orch set backend", "module_name": "cephadm", "target": ["mon-mgr", ""]}]: dispatch
2024-04-06T15:00:38.680 INFO:journalctl@ceph.mon.a.smithi038.stdout:Apr 06 15:00:38 smithi038 ceph-mon[38242]: mgrmap e8: x(active, since 2s)
2024-04-06T15:00:39.749 INFO:journalctl@ceph.mon.a.smithi038.stdout:Apr 06 15:00:39 smithi038 ceph-mon[38242]: from='client.14134 -' entity='client.admin' cmd=[{"prefix": "cephadm set-user", "user": "root", "target": ["mon-mgr", ""]}]: dispatch
2024-04-06T15:00:39.750 INFO:journalctl@ceph.mgr.x.smithi038.stdout:Apr 06 15:00:39 smithi038 ceph-3df0ed42-f426-11ee-b649-cb9ed24678a4-mgr-x[38494]: Generating public/private rsa key pair.
2024-04-06T15:00:39.750 INFO:journalctl@ceph.mgr.x.smithi038.stdout:Apr 06 15:00:39 smithi038 ceph-3df0ed42-f426-11ee-b649-cb9ed24678a4-mgr-x[38494]: Your identification has been saved in /tmp/tmpft4aswmz/key.
2024-04-06T15:00:39.750 INFO:journalctl@ceph.mgr.x.smithi038.stdout:Apr 06 15:00:39 smithi038 ceph-3df0ed42-f426-11ee-b649-cb9ed24678a4-mgr-x[38494]: Your public key has been saved in /tmp/tmpft4aswmz/key.pub.
2024-04-06T15:00:39.750 INFO:journalctl@ceph.mgr.x.smithi038.stdout:Apr 06 15:00:39 smithi038 ceph-3df0ed42-f426-11ee-b649-cb9ed24678a4-mgr-x[38494]: The key fingerprint is:
2024-04-06T15:00:39.750 INFO:journalctl@ceph.mgr.x.smithi038.stdout:Apr 06 15:00:39 smithi038 ceph-3df0ed42-f426-11ee-b649-cb9ed24678a4-mgr-x[38494]: SHA256:yHy8ApB8zFGj2RnIJSsSO3Yo0diP9pZuJeyz4lsBtpU ceph-3df0ed42-f426-11ee-b649-cb9ed24678a4
2024-04-06T15:00:39.750 INFO:journalctl@ceph.mgr.x.smithi038.stdout:Apr 06 15:00:39 smithi038 ceph-3df0ed42-f426-11ee-b649-cb9ed24678a4-mgr-x[38494]: The key's randomart image is:
2024-04-06T15:00:39.750 INFO:journalctl@ceph.mgr.x.smithi038.stdout:Apr 06 15:00:39 smithi038 ceph-3df0ed42-f426-11ee-b649-cb9ed24678a4-mgr-x[38494]: +---[RSA 3072]----+
2024-04-06T15:00:39.750 INFO:journalctl@ceph.mgr.x.smithi038.stdout:Apr 06 15:00:39 smithi038 ceph-3df0ed42-f426-11ee-b649-cb9ed24678a4-mgr-x[38494]: |o+ .o+= |
2024-04-06T15:00:39.750 INFO:journalctl@ceph.mgr.x.smithi038.stdout:Apr 06 15:00:39 smithi038 ceph-3df0ed42-f426-11ee-b649-cb9ed24678a4-mgr-x[38494]: |.=++oO + |
2024-04-06T15:00:39.750 INFO:journalctl@ceph.mgr.x.smithi038.stdout:Apr 06 15:00:39 smithi038 ceph-3df0ed42-f426-11ee-b649-cb9ed24678a4-mgr-x[38494]: |=oB+E o |
2024-04-06T15:00:39.751 INFO:journalctl@ceph.mgr.x.smithi038.stdout:Apr 06 15:00:39 smithi038 ceph-3df0ed42-f426-11ee-b649-cb9ed24678a4-mgr-x[38494]: |o++B.o o |
2024-04-06T15:00:39.751 INFO:journalctl@ceph.mgr.x.smithi038.stdout:Apr 06 15:00:39 smithi038 ceph-3df0ed42-f426-11ee-b649-cb9ed24678a4-mgr-x[38494]: | ..oo.+ S |
2024-04-06T15:00:39.751 INFO:journalctl@ceph.mgr.x.smithi038.stdout:Apr 06 15:00:39 smithi038 ceph-3df0ed42-f426-11ee-b649-cb9ed24678a4-mgr-x[38494]: | *o.. . |
2024-04-06T15:00:39.751 INFO:journalctl@ceph.mgr.x.smithi038.stdout:Apr 06 15:00:39 smithi038 ceph-3df0ed42-f426-11ee-b649-cb9ed24678a4-mgr-x[38494]: | +.o. . |
2024-04-06T15:00:39.751 INFO:journalctl@ceph.mgr.x.smithi038.stdout:Apr 06 15:00:39 smithi038 ceph-3df0ed42-f426-11ee-b649-cb9ed24678a4-mgr-x[38494]: | ..= . |
2024-04-06T15:00:39.751 INFO:journalctl@ceph.mgr.x.smithi038.stdout:Apr 06 15:00:39 smithi038 ceph-3df0ed42-f426-11ee-b649-cb9ed24678a4-mgr-x[38494]: | .o+.o |
2024-04-06T15:00:39.751 INFO:journalctl@ceph.mgr.x.smithi038.stdout:Apr 06 15:00:39 smithi038 ceph-3df0ed42-f426-11ee-b649-cb9ed24678a4-mgr-x[38494]: +----[SHA256]-----+
2024-04-06T15:00:39.896 INFO:teuthology.orchestra.run.smithi038.stdout:/usr/bin/ceph: stderr
2024-04-06T15:00:39.076+0000 7f5c84c00700 1 Processor -- start
2024-04-06T15:00:39.896 INFO:teuthology.orchestra.run.smithi038.stdout:/usr/bin/ceph: stderr
2024-04-06T15:00:39.076+0000 7f5c84c00700 1 -- start start
2024-04-06T15:00:39.896 INFO:teuthology.orchestra.run.smithi038.stdout:/usr/bin/ceph: stderr
2024-04-06T15:00:39.077+0000 7f5c84c00700 1 --2- >> [v2:172.21.15.38:3300/0,v1:172.21.15.38:6789/0] conn(0x7f5c8007be80 0x7f5c8007a330 unknown :-1 s=NONE pgs=0 cs=0 l=0 rev1=0 crypto rx=0 tx=0 comp rx=0 tx=0).connect
2024-04-06T15:00:39.896 INFO:teuthology.orchestra.run.smithi038.stdout:/usr/bin/ceph: stderr
2024-04-06T15:00:39.077+0000 7f5c84c00700 1 -- --> [v2:172.21.15.38:3300/0,v1:172.21.15.38:6789/0] -- mon_getmap magic: 0 v1 -- 0x7f5c8007a900 con 0x7f5c8007be80
2024-04-06T15:00:39.896 INFO:teuthology.orchestra.run.smithi038.stdout:/usr/bin/ceph: stderr
2024-04-06T15:00:39.077+0000 7f5c7de00700 1 --2- >> [v2:172.21.15.38:3300/0,v1:172.21.15.38:6789/0] conn(0x7f5c8007be80 0x7f5c8007a330 unknown :-1 s=BANNER_CONNECTING pgs=0 cs=0 l=0 rev1=0 crypto rx=0 tx=0 comp rx=0 tx=0)._handle_peer_banner_payload supported=3 required=0
2024-04-06T15:00:39.896 INFO:teuthology.orchestra.run.smithi038.stdout:/usr/bin/ceph: stderr
2024-04-06T15:00:39.077+0000 7f5c7de00700 1 --2- >> [v2:172.21.15.38:3300/0,v1:172.21.15.38:6789/0] conn(0x7f5c8007be80 0x7f5c8007a330 unknown :-1 s=HELLO_CONNECTING pgs=0 cs=0 l=0 rev1=1 crypto rx=0 tx=0 comp rx=0 tx=0).handle_hello peer v2:172.21.15.38:3300/0 says I am v2:172.21.15.38:51590/0 (socket says 172.21.15.38:51590)
2024-04-06T15:00:39.896 INFO:teuthology.orchestra.run.smithi038.stdout:/usr/bin/ceph: stderr
2024-04-06T15:00:39.077+0000 7f5c7de00700 1 -- 172.21.15.38:0/1308775229 learned_addr learned my addr 172.21.15.38:0/1308775229 (peer_addr_for_me v2:172.21.15.38:0/0)
2024-04-06T15:00:39.896 INFO:teuthology.orchestra.run.smithi038.stdout:/usr/bin/ceph: stderr
2024-04-06T15:00:39.077+0000 7f5c7de00700 1 -- 172.21.15.38:0/1308775229 --> [v2:172.21.15.38:3300/0,v1:172.21.15.38:6789/0] -- mon_subscribe({config=0+,monmap=0+}) v3 -- 0x7f5c8007aa40 con 0x7f5c8007be80
2024-04-06T15:00:39.897 INFO:teuthology.orchestra.run.smithi038.stdout:/usr/bin/ceph: stderr
2024-04-06T15:00:39.078+0000 7f5c7de00700 1 --2- 172.21.15.38:0/1308775229 >> [v2:172.21.15.38:3300/0,v1:172.21.15.38:6789/0] conn(0x7f5c8007be80 0x7f5c8007a330 secure :-1 s=READY pgs=41 cs=0 l=1 rev1=1 crypto rx=0x7f5c700098a0 tx=0x7f5c70009bb0 comp rx=0 tx=0).ready entity=mon.0 client_cookie=1c7f6a8a705a0a6b server_cookie=0 in_seq=0 out_seq=0
2024-04-06T15:00:39.897 INFO:teuthology.orchestra.run.smithi038.stdout:/usr/bin/ceph: stderr
2024-04-06T15:00:39.078+0000 7f5c7ca00700 1 -- 172.21.15.38:0/1308775229 <== mon.0 v2:172.21.15.38:3300/0 1 ==== mon_map magic: 0 v1 ==== 205+0+0 (secure 0 0 0) 0x7f5c70004160 con 0x7f5c8007be80
2024-04-06T15:00:39.897 INFO:teuthology.orchestra.run.smithi038.stdout:/usr/bin/ceph: stderr
2024-04-06T15:00:39.078+0000 7f5c7ca00700 1 -- 172.21.15.38:0/1308775229 <== mon.0 v2:172.21.15.38:3300/0 2 ==== config(26 keys) v1 ==== 1074+0+0 (secure 0 0 0) 0x7f5c700042c0 con 0x7f5c8007be80
2024-04-06T15:00:39.897 INFO:teuthology.orchestra.run.smithi038.stdout:/usr/bin/ceph: stderr
2024-04-06T15:00:39.078+0000 7f5c7ca00700 1 -- 172.21.15.38:0/1308775229 <== mon.0 v2:172.21.15.38:3300/0 3 ==== mon_map magic: 0 v1 ==== 205+0+0 (secure 0 0 0) 0x7f5c70011a00 con 0x7f5c8007be80
2024-04-06T15:00:39.897 INFO:teuthology.orchestra.run.smithi038.stdout:/usr/bin/ceph: stderr
2024-04-06T15:00:39.078+0000 7f5c84c00700 1 -- 172.21.15.38:0/1308775229 >> [v2:172.21.15.38:3300/0,v1:172.21.15.38:6789/0] conn(0x7f5c8007be80 msgr2=0x7f5c8007a330 secure :-1 s=STATE_CONNECTION_ESTABLISHED l=1).mark_down
2024-04-06T15:00:39.897 INFO:teuthology.orchestra.run.smithi038.stdout:/usr/bin/ceph: stderr
2024-04-06T15:00:39.078+0000 7f5c84c00700 1 --2- 172.21.15.38:0/1308775229 >> [v2:172.21.15.38:3300/0,v1:172.21.15.38:6789/0] conn(0x7f5c8007be80 0x7f5c8007a330 secure :-1 s=READY pgs=41 cs=0 l=1 rev1=1 crypto rx=0x7f5c700098a0 tx=0x7f5c70009bb0 comp rx=0 tx=0).stop
2024-04-06T15:00:39.897 INFO:teuthology.orchestra.run.smithi038.stdout:/usr/bin/ceph: stderr
2024-04-06T15:00:39.079+0000 7f5c84c00700 1 -- 172.21.15.38:0/1308775229 shutdown_connections
2024-04-06T15:00:39.897 INFO:teuthology.orchestra.run.smithi038.stdout:/usr/bin/ceph: stderr
2024-04-06T15:00:39.079+0000 7f5c84c00700 1 --2- 172.21.15.38:0/1308775229 >> [v2:172.21.15.38:3300/0,v1:172.21.15.38:6789/0] conn(0x7f5c8007be80 0x7f5c8007a330 unknown :-1 s=CLOSED pgs=41 cs=0 l=1 rev1=1 crypto rx=0 tx=0 comp rx=0 tx=0).stop
2024-04-06T15:00:39.897 INFO:teuthology.orchestra.run.smithi038.stdout:/usr/bin/ceph: stderr
2024-04-06T15:00:39.079+0000 7f5c84c00700 1 -- 172.21.15.38:0/1308775229 >> 172.21.15.38:0/1308775229 conn(0x7f5c80101b50 msgr2=0x7f5c80103f70 unknown :-1 s=STATE_NONE l=0).mark_down
2024-04-06T15:00:39.897 INFO:teuthology.orchestra.run.smithi038.stdout:/usr/bin/ceph: stderr
2024-04-06T15:00:39.079+0000 7f5c84c00700 1 -- 172.21.15.38:0/1308775229 shutdown_connections
2024-04-06T15:00:39.897 INFO:teuthology.orchestra.run.smithi038.stdout:/usr/bin/ceph: stderr
2024-04-06T15:00:39.079+0000 7f5c84c00700 1 -- 172.21.15.38:0/1308775229 wait complete.
2024-04-06T15:00:39.898 INFO:teuthology.orchestra.run.smithi038.stdout:/usr/bin/ceph: stderr
2024-04-06T15:00:39.080+0000 7f5c84c00700 1 Processor -- start
2024-04-06T15:00:39.898 INFO:teuthology.orchestra.run.smithi038.stdout:/usr/bin/ceph: stderr
2024-04-06T15:00:39.080+0000 7f5c84c00700 1 -- start start
2024-04-06T15:00:39.898 INFO:teuthology.orchestra.run.smithi038.stdout:/usr/bin/ceph: stderr
2024-04-06T15:00:39.080+0000 7f5c84c00700 1 --2- >> [v2:172.21.15.38:3300/0,v1:172.21.15.38:6789/0] conn(0x7f5c8007be80 0x7f5c8019c400 unknown :-1 s=NONE pgs=0 cs=0 l=1 rev1=0 crypto rx=0 tx=0 comp rx=0 tx=0).connect
2024-04-06T15:00:39.898 INFO:teuthology.orchestra.run.smithi038.stdout:/usr/bin/ceph: stderr
2024-04-06T15:00:39.080+0000 7f5c84c00700 1 -- --> [v2:172.21.15.38:3300/0,v1:172.21.15.38:6789/0] -- mon_getmap magic: 0 v1 -- 0x7f5c8019c940 con 0x7f5c8007be80
2024-04-06T15:00:39.898 INFO:teuthology.orchestra.run.smithi038.stdout:/usr/bin/ceph: stderr
2024-04-06T15:00:39.080+0000 7f5c7de00700 1 --2- >> [v2:172.21.15.38:3300/0,v1:172.21.15.38:6789/0] conn(0x7f5c8007be80 0x7f5c8019c400 unknown :-1 s=BANNER_CONNECTING pgs=0 cs=0 l=1 rev1=0 crypto rx=0 tx=0 comp rx=0 tx=0)._handle_peer_banner_payload supported=3 required=0
2024-04-06T15:00:39.898 INFO:teuthology.orchestra.run.smithi038.stdout:/usr/bin/ceph: stderr
2024-04-06T15:00:39.080+0000 7f5c7de00700 1 --2- >> [v2:172.21.15.38:3300/0,v1:172.21.15.38:6789/0] conn(0x7f5c8007be80 0x7f5c8019c400 unknown :-1 s=HELLO_CONNECTING pgs=0 cs=0 l=1 rev1=1 crypto rx=0 tx=0 comp rx=0 tx=0).handle_hello peer v2:172.21.15.38:3300/0 says I am v2:172.21.15.38:51600/0 (socket says 172.21.15.38:51600)
2024-04-06T15:00:39.898 INFO:teuthology.orchestra.run.smithi038.stdout:/usr/bin/ceph: stderr
2024-04-06T15:00:39.080+0000 7f5c7de00700 1 -- 172.21.15.38:0/71661915 learned_addr learned my addr 172.21.15.38:0/71661915 (peer_addr_for_me v2:172.21.15.38:0/0)
2024-04-06T15:00:39.898 INFO:teuthology.orchestra.run.smithi038.stdout:/usr/bin/ceph: stderr
2024-04-06T15:00:39.081+0000 7f5c7de00700 1 -- 172.21.15.38:0/71661915 --> [v2:172.21.15.38:3300/0,v1:172.21.15.38:6789/0] -- mon_subscribe({config=0+,monmap=0+}) v3 -- 0x7f5c70009550 con 0x7f5c8007be80
2024-04-06T15:00:39.898 INFO:teuthology.orchestra.run.smithi038.stdout:/usr/bin/ceph: stderr
2024-04-06T15:00:39.081+0000 7f5c7de00700 1 --2- 172.21.15.38:0/71661915 >> [v2:172.21.15.38:3300/0,v1:172.21.15.38:6789/0] conn(0x7f5c8007be80 0x7f5c8019c400 secure :-1 s=READY pgs=42 cs=0 l=1 rev1=1 crypto rx=0x7f5c70009130 tx=0x7f5c70011ad0 comp rx=0 tx=0).ready entity=mon.0 client_cookie=0 server_cookie=0 in_seq=0 out_seq=0
2024-04-06T15:00:39.898 INFO:teuthology.orchestra.run.smithi038.stdout:/usr/bin/ceph: stderr
2024-04-06T15:00:39.081+0000 7f5c76a00700 1 -- 172.21.15.38:0/71661915 <== mon.0 v2:172.21.15.38:3300/0 1 ==== mon_map magic: 0 v1 ==== 205+0+0 (secure 0 0 0) 0x7f5c70003b70 con 0x7f5c8007be80
2024-04-06T15:00:39.898 INFO:teuthology.orchestra.run.smithi038.stdout:/usr/bin/ceph: stderr
2024-04-06T15:00:39.081+0000 7f5c76a00700 1 -- 172.21.15.38:0/71661915 <== mon.0 v2:172.21.15.38:3300/0 2 ==== config(26 keys) v1 ==== 1074+0+0 (secure 0 0 0) 0x7f5c70003cd0 con 0x7f5c8007be80
2024-04-06T15:00:39.898 INFO:teuthology.orchestra.run.smithi038.stdout:/usr/bin/ceph: stderr
2024-04-06T15:00:39.081+0000 7f5c84c00700 1 -- 172.21.15.38:0/71661915 --> [v2:172.21.15.38:3300/0,v1:172.21.15.38:6789/0] -- mon_subscribe({mgrmap=0+}) v3 -- 0x7f5c8019cb40 con 0x7f5c8007be80
2024-04-06T15:00:39.898 INFO:teuthology.orchestra.run.smithi038.stdout:/usr/bin/ceph: stderr
2024-04-06T15:00:39.081+0000 7f5c76a00700 1 -- 172.21.15.38:0/71661915 <== mon.0 v2:172.21.15.38:3300/0 3 ==== mon_map magic: 0 v1 ==== 205+0+0 (secure 0 0 0) 0x7f5c700197d0 con 0x7f5c8007be80
2024-04-06T15:00:39.899 INFO:teuthology.orchestra.run.smithi038.stdout:/usr/bin/ceph: stderr
2024-04-06T15:00:39.081+0000 7f5c84c00700 1 -- 172.21.15.38:0/71661915 --> [v2:172.21.15.38:3300/0,v1:172.21.15.38:6789/0] -- mon_subscribe({osdmap=0}) v3 -- 0x7f5c8019cfe0 con 0x7f5c8007be80
2024-04-06T15:00:39.899 INFO:teuthology.orchestra.run.smithi038.stdout:/usr/bin/ceph: stderr
2024-04-06T15:00:39.082+0000 7f5c84c00700 1 -- 172.21.15.38:0/71661915 --> [v2:172.21.15.38:3300/0,v1:172.21.15.38:6789/0] -- mon_command({"prefix": "get_command_descriptions"} v 0) v1 -- 0x7f5c8010c8c0 con 0x7f5c8007be80
2024-04-06T15:00:39.899 INFO:teuthology.orchestra.run.smithi038.stdout:/usr/bin/ceph: stderr
2024-04-06T15:00:39.082+0000 7f5c76a00700 1 -- 172.21.15.38:0/71661915 <== mon.0 v2:172.21.15.38:3300/0 4 ==== mgrmap(e 8) v1 ==== 45541+0+0 (secure 0 0 0) 0x7f5c7001abb0 con 0x7f5c8007be80
2024-04-06T15:00:39.899 INFO:teuthology.orchestra.run.smithi038.stdout:/usr/bin/ceph: stderr
2024-04-06T15:00:39.083+0000 7f5c76a00700 1 --2- 172.21.15.38:0/71661915 >> [v2:172.21.15.38:6800/1052738517,v1:172.21.15.38:6801/1052738517] conn(0x7f5c64038700 0x7f5c6403abc0 unknown :-1 s=NONE pgs=0 cs=0 l=1 rev1=0 crypto rx=0 tx=0 comp rx=0 tx=0).connect
2024-04-06T15:00:39.899 INFO:teuthology.orchestra.run.smithi038.stdout:/usr/bin/ceph: stderr
2024-04-06T15:00:39.083+0000 7f5c76a00700 1 -- 172.21.15.38:0/71661915 <== mon.0 v2:172.21.15.38:3300/0 5 ==== osd_map(2..2 src has 1..2) v4 ==== 940+0+0 (secure 0 0 0) 0x7f5c7004c9e0 con 0x7f5c8007be80
2024-04-06T15:00:39.899 INFO:teuthology.orchestra.run.smithi038.stdout:/usr/bin/ceph: stderr
2024-04-06T15:00:39.083+0000 7f5c7d400700 1 --2- 172.21.15.38:0/71661915 >> [v2:172.21.15.38:6800/1052738517,v1:172.21.15.38:6801/1052738517] conn(0x7f5c64038700 0x7f5c6403abc0 unknown :-1 s=BANNER_CONNECTING pgs=0 cs=0 l=1 rev1=0 crypto rx=0 tx=0 comp rx=0 tx=0)._handle_peer_banner_payload supported=3 required=0
2024-04-06T15:00:39.899 INFO:teuthology.orchestra.run.smithi038.stdout:/usr/bin/ceph: stderr
2024-04-06T15:00:39.084+0000 7f5c7d400700 1 --2- 172.21.15.38:0/71661915 >> [v2:172.21.15.38:6800/1052738517,v1:172.21.15.38:6801/1052738517] conn(0x7f5c64038700 0x7f5c6403abc0 secure :-1 s=READY pgs=9 cs=0 l=1 rev1=1 crypto rx=0x7f5c6c006fd0 tx=0x7f5c6c006e40 comp rx=0 tx=0).ready entity=mgr.14120 client_cookie=0 server_cookie=0 in_seq=0 out_seq=0
2024-04-06T15:00:39.899 INFO:teuthology.orchestra.run.smithi038.stdout:/usr/bin/ceph: stderr
2024-04-06T15:00:39.088+0000 7f5c76a00700 1 -- 172.21.15.38:0/71661915 <== mon.0 v2:172.21.15.38:3300/0 6 ==== mon_command_ack([{"prefix": "get_command_descriptions"}]=0 v0) v1 ==== 72+0+182936 (secure 0 0 0) 0x7f5c7001a430 con 0x7f5c8007be80
2024-04-06T15:00:39.899 INFO:teuthology.orchestra.run.smithi038.stdout:/usr/bin/ceph: stderr
2024-04-06T15:00:39.300+0000 7f5c84c00700 1 -- 172.21.15.38:0/71661915 --> [v2:172.21.15.38:6800/1052738517,v1:172.21.15.38:6801/1052738517] -- mgr_command(tid 0: {"prefix": "cephadm generate-key", "target": ["mon-mgr", ""]}) v1 -- 0x7f5c80102dc0 con 0x7f5c64038700
2024-04-06T15:00:39.899 INFO:teuthology.orchestra.run.smithi038.stdout:/usr/bin/ceph: stderr
2024-04-06T15:00:39.620+0000 7f5c76a00700 1 -- 172.21.15.38:0/71661915 <== mgr.14120 v2:172.21.15.38:6800/1052738517 1 ==== mgr_command_reply(tid 0: 0 ) v1 ==== 8+0+0 (secure 0 0 0) 0x7f5c80102dc0 con 0x7f5c64038700
2024-04-06T15:00:39.899 INFO:teuthology.orchestra.run.smithi038.stdout:/usr/bin/ceph: stderr
2024-04-06T15:00:39.623+0000 7f5c84c00700 1 -- 172.21.15.38:0/71661915 >> [v2:172.21.15.38:6800/1052738517,v1:172.21.15.38:6801/1052738517] conn(0x7f5c64038700 msgr2=0x7f5c6403abc0 secure :-1 s=STATE_CONNECTION_ESTABLISHED l=1).mark_down
2024-04-06T15:00:39.899 INFO:teuthology.orchestra.run.smithi038.stdout:/usr/bin/ceph: stderr
2024-04-06T15:00:39.623+0000 7f5c84c00700 1 --2- 172.21.15.38:0/71661915 >> [v2:172.21.15.38:6800/1052738517,v1:172.21.15.38:6801/1052738517] conn(0x7f5c64038700 0x7f5c6403abc0 secure :-1 s=READY pgs=9 cs=0 l=1 rev1=1 crypto rx=0x7f5c6c006fd0 tx=0x7f5c6c006e40 comp rx=0 tx=0).stop
2024-04-06T15:00:39.899 INFO:teuthology.orchestra.run.smithi038.stdout:/usr/bin/ceph: stderr
2024-04-06T15:00:39.623+0000 7f5c84c00700 1 -- 172.21.15.38:0/71661915 >> [v2:172.21.15.38:3300/0,v1:172.21.15.38:6789/0] conn(0x7f5c8007be80 msgr2=0x7f5c8019c400 secure :-1 s=STATE_CONNECTION_ESTABLISHED l=1).mark_down
2024-04-06T15:00:39.900 INFO:teuthology.orchestra.run.smithi038.stdout:/usr/bin/ceph: stderr
2024-04-06T15:00:39.623+0000 7f5c84c00700 1 --2- 172.21.15.38:0/71661915 >> [v2:172.21.15.38:3300/0,v1:172.21.15.38:6789/0] conn(0x7f5c8007be80 0x7f5c8019c400 secure :-1 s=READY pgs=42 cs=0 l=1 rev1=1 crypto rx=0x7f5c70009130 tx=0x7f5c70011ad0 comp rx=0 tx=0).stop
2024-04-06T15:00:39.900 INFO:teuthology.orchestra.run.smithi038.stdout:/usr/bin/ceph: stderr
2024-04-06T15:00:39.623+0000 7f5c84c00700 1 -- 172.21.15.38:0/71661915 shutdown_connections
2024-04-06T15:00:39.900 INFO:teuthology.orchestra.run.smithi038.stdout:/usr/bin/ceph: stderr
2024-04-06T15:00:39.623+0000 7f5c84c00700 1 --2- 172.21.15.38:0/71661915 >> [v2:172.21.15.38:6800/1052738517,v1:172.21.15.38:6801/1052738517] conn(0x7f5c64038700 0x7f5c6403abc0 unknown :-1 s=CLOSED pgs=9 cs=0 l=1 rev1=1 crypto rx=0 tx=0 comp rx=0 tx=0).stop
2024-04-06T15:00:39.900 INFO:teuthology.orchestra.run.smithi038.stdout:/usr/bin/ceph: stderr
2024-04-06T15:00:39.623+0000 7f5c84c00700 1 --2- 172.21.15.38:0/71661915 >> [v2:172.21.15.38:3300/0,v1:172.21.15.38:6789/0] conn(0x7f5c8007be80 0x7f5c8019c400 unknown :-1 s=CLOSED pgs=42 cs=0 l=1 rev1=1 crypto rx=0 tx=0 comp rx=0 tx=0).stop
2024-04-06T15:00:39.900 INFO:teuthology.orchestra.run.smithi038.stdout:/usr/bin/ceph: stderr
2024-04-06T15:00:39.623+0000 7f5c84c00700 1 -- 172.21.15.38:0/71661915 >> 172.21.15.38:0/71661915 conn(0x7f5c80101b50 msgr2=0x7f5c801026b0 unknown :-1 s=STATE_NONE l=0).mark_down
2024-04-06T15:00:39.900 INFO:teuthology.orchestra.run.smithi038.stdout:/usr/bin/ceph: stderr
2024-04-06T15:00:39.623+0000 7f5c84c00700 1 -- 172.21.15.38:0/71661915 shutdown_connections
2024-04-06T15:00:39.900 INFO:teuthology.orchestra.run.smithi038.stdout:/usr/bin/ceph: stderr
2024-04-06T15:00:39.623+0000 7f5c84c00700 1 -- 172.21.15.38:0/71661915 wait complete.
2024-04-06T15:00:40.832 INFO:teuthology.orchestra.run.smithi038.stdout:/usr/bin/ceph: stdout ssh-rsa AAAAB3NzaC1yc2EAAAADAQABAAABgQDY9B99fkHj9sEtDcxh0JmqNSOoFGW4rKiEiuK0IS2WlxzgHhwhaEQLdNPSFUvjxVcKlSE07nfee9oXI609uGLGAOuF3abaHc/73VrNfD1hQxiuFblG+L4iGJhf/yW+FIW2hyat4kdGChxATcQfD/BA0s0yvG/wCyehwedTURLGkjj8meEknL4XQHe7HLCVnLcrx7VsjgilWEhWeNpsCLwTDysHty3NxLMv5gVD+XP0G6GPU9D2AKXMku99j+qwnMzMKItgPiOk9ZdjQTf+FpH8dqi5Vbwfw8rFjQChBFuW/IrrsHnR9VZfEaaOZ2yvh9JrvgPUz2VJpsiFfN5vCOMp8PyYuiLEeookjaTrCt5P1oIaj6CYov+ZHtwwPs99kbHU97721M/nNI0c1pS5g4Ub2XpMm2I9NAO/iIC8Zdy/3Ky7AeMuMQd8H1tTy6dgCZV/VwqCzVnU+iWCA0INnmnotlN9GVi+s9YRHbO4XRc3sWYi7VNytF06pjKejBy4iKc= ceph-3df0ed42-f426-11ee-b649-cb9ed24678a4
2024-04-06T15:00:40.833 INFO:teuthology.orchestra.run.smithi038.stdout:/usr/bin/ceph: stderr
2024-04-06T15:00:40.318+0000 7f54e2000700 1 Processor -- start
2024-04-06T15:00:40.833 INFO:teuthology.orchestra.run.smithi038.stdout:/usr/bin/ceph: stderr
2024-04-06T15:00:40.318+0000 7f54e2000700 1 -- start start
2024-04-06T15:00:40.833 INFO:teuthology.orchestra.run.smithi038.stdout:/usr/bin/ceph: stderr
2024-04-06T15:00:40.318+0000 7f54e2000700 1 --2- >> [v2:172.21.15.38:3300/0,v1:172.21.15.38:6789/0] conn(0x7f54dc106340 0x7f54dc106760 unknown :-1 s=NONE pgs=0 cs=0 l=0 rev1=0 crypto rx=0 tx=0 comp rx=0 tx=0).connect
2024-04-06T15:00:40.833 INFO:teuthology.orchestra.run.smithi038.stdout:/usr/bin/ceph: stderr
2024-04-06T15:00:40.318+0000 7f54e2000700 1 -- --> [v2:172.21.15.38:3300/0,v1:172.21.15.38:6789/0] -- mon_getmap magic: 0 v1 -- 0x7f54dc106d30 con 0x7f54dc106340
2024-04-06T15:00:40.833 INFO:teuthology.orchestra.run.smithi038.stdout:/usr/bin/ceph: stderr
2024-04-06T15:00:40.318+0000 7f54e0c00700 1 --2- >> [v2:172.21.15.38:3300/0,v1:172.21.15.38:6789/0] conn(0x7f54dc106340 0x7f54dc106760 unknown :-1 s=BANNER_CONNECTING pgs=0 cs=0 l=0 rev1=0 crypto rx=0 tx=0 comp rx=0 tx=0)._handle_peer_banner_payload supported=3 required=0
2024-04-06T15:00:40.833 INFO:journalctl@ceph.mon.a.smithi038.stdout:Apr 06 15:00:40 smithi038 ceph-mon[38242]: from='client.14136 -' entity='client.admin' cmd=[{"prefix": "cephadm generate-key", "target": ["mon-mgr", ""]}]: dispatch
2024-04-06T15:00:40.833 INFO:journalctl@ceph.mon.a.smithi038.stdout:Apr 06 15:00:40 smithi038 ceph-mon[38242]: Generating ssh key...
2024-04-06T15:00:40.833 INFO:journalctl@ceph.mon.a.smithi038.stdout:Apr 06 15:00:40 smithi038 ceph-mon[38242]: from='mgr.14120 172.21.15.38:0/3905517488' entity='mgr.x'
2024-04-06T15:00:40.833 INFO:journalctl@ceph.mon.a.smithi038.stdout:Apr 06 15:00:40 smithi038 ceph-mon[38242]: from='mgr.14120 172.21.15.38:0/3905517488' entity='mgr.x'
2024-04-06T15:00:40.838 INFO:teuthology.orchestra.run.smithi038.stdout:/usr/bin/ceph: stderr
2024-04-06T15:00:40.319+0000 7f54e0c00700 1 --2- >> [v2:172.21.15.38:3300/0,v1:172.21.15.38:6789/0] conn(0x7f54dc106340 0x7f54dc106760 unknown :-1 s=HELLO_CONNECTING pgs=0 cs=0 l=0 rev1=1 crypto rx=0 tx=0 comp rx=0 tx=0).handle_hello peer v2:172.21.15.38:3300/0 says I am v2:172.21.15.38:51608/0 (socket says 172.21.15.38:51608)
2024-04-06T15:00:40.838 INFO:teuthology.orchestra.run.smithi038.stdout:/usr/bin/ceph: stderr
2024-04-06T15:00:40.319+0000 7f54e0c00700 1 -- 172.21.15.38:0/2820915127 learned_addr learned my addr 172.21.15.38:0/2820915127 (peer_addr_for_me v2:172.21.15.38:0/0)
2024-04-06T15:00:40.839 INFO:teuthology.orchestra.run.smithi038.stdout:/usr/bin/ceph: stderr
2024-04-06T15:00:40.319+0000 7f54e0c00700 1 -- 172.21.15.38:0/2820915127 --> [v2:172.21.15.38:3300/0,v1:172.21.15.38:6789/0] -- mon_subscribe({config=0+,monmap=0+}) v3 -- 0x7f54dc107540 con 0x7f54dc106340
2024-04-06T15:00:40.839 INFO:teuthology.orchestra.run.smithi038.stdout:/usr/bin/ceph: stderr
2024-04-06T15:00:40.319+0000 7f54e0c00700 1 --2- 172.21.15.38:0/2820915127 >> [v2:172.21.15.38:3300/0,v1:172.21.15.38:6789/0] conn(0x7f54dc106340 0x7f54dc106760 secure :-1 s=READY pgs=43 cs=0 l=1 rev1=1 crypto rx=0x7f54d00098a0 tx=0x7f54d0009bb0 comp rx=0 tx=0).ready entity=mon.0 client_cookie=f25d78ece3ea0640 server_cookie=0 in_seq=0 out_seq=0
2024-04-06T15:00:40.839 INFO:teuthology.orchestra.run.smithi038.stdout:/usr/bin/ceph: stderr
2024-04-06T15:00:40.319+0000 7f54db400700 1 -- 172.21.15.38:0/2820915127 <== mon.0 v2:172.21.15.38:3300/0 1 ==== mon_map magic: 0 v1 ==== 205+0+0 (secure 0 0 0) 0x7f54d0004160 con 0x7f54dc106340
2024-04-06T15:00:40.839 INFO:teuthology.orchestra.run.smithi038.stdout:/usr/bin/ceph: stderr
2024-04-06T15:00:40.319+0000 7f54db400700 1 -- 172.21.15.38:0/2820915127 <== mon.0 v2:172.21.15.38:3300/0 2 ==== config(26 keys) v1 ==== 1074+0+0 (secure 0 0 0) 0x7f54d00042c0 con 0x7f54dc106340
2024-04-06T15:00:40.839 INFO:teuthology.orchestra.run.smithi038.stdout:/usr/bin/ceph: stderr
2024-04-06T15:00:40.319+0000 7f54db400700 1 -- 172.21.15.38:0/2820915127 <== mon.0 v2:172.21.15.38:3300/0 3 ==== mon_map magic: 0 v1 ==== 205+0+0 (secure 0 0 0) 0x7f54d0011a00 con 0x7f54dc106340
2024-04-06T15:00:40.839 INFO:teuthology.orchestra.run.smithi038.stdout:/usr/bin/ceph: stderr
2024-04-06T15:00:40.320+0000 7f54e2000700 1 -- 172.21.15.38:0/2820915127 >> [v2:172.21.15.38:3300/0,v1:172.21.15.38:6789/0] conn(0x7f54dc106340 msgr2=0x7f54dc106760 secure :-1 s=STATE_CONNECTION_ESTABLISHED l=1).mark_down
2024-04-06T15:00:40.839 INFO:teuthology.orchestra.run.smithi038.stdout:/usr/bin/ceph: stderr
2024-04-06T15:00:40.320+0000 7f54e2000700 1 --2- 172.21.15.38:0/2820915127 >> [v2:172.21.15.38:3300/0,v1:172.21.15.38:6789/0] conn(0x7f54dc106340 0x7f54dc106760 secure :-1 s=READY pgs=43 cs=0 l=1 rev1=1 crypto rx=0x7f54d00098a0 tx=0x7f54d0009bb0 comp rx=0 tx=0).stop
2024-04-06T15:00:40.839 INFO:teuthology.orchestra.run.smithi038.stdout:/usr/bin/ceph: stderr
2024-04-06T15:00:40.320+0000 7f54e2000700 1 -- 172.21.15.38:0/2820915127 shutdown_connections
2024-04-06T15:00:40.839 INFO:teuthology.orchestra.run.smithi038.stdout:/usr/bin/ceph: stderr
2024-04-06T15:00:40.320+0000 7f54e2000700 1 --2- 172.21.15.38:0/2820915127 >> [v2:172.21.15.38:3300/0,v1:172.21.15.38:6789/0] conn(0x7f54dc106340 0x7f54dc106760 unknown :-1 s=CLOSED pgs=43 cs=0 l=1 rev1=1 crypto rx=0 tx=0 comp rx=0 tx=0).stop
2024-04-06T15:00:40.839 INFO:teuthology.orchestra.run.smithi038.stdout:/usr/bin/ceph: stderr
2024-04-06T15:00:40.320+0000 7f54e2000700 1 -- 172.21.15.38:0/2820915127 >> 172.21.15.38:0/2820915127 conn(0x7f54dc1018e0 msgr2=0x7f54dc103d20 unknown :-1 s=STATE_NONE l=0).mark_down
2024-04-06T15:00:40.839 INFO:teuthology.orchestra.run.smithi038.stdout:/usr/bin/ceph: stderr
2024-04-06T15:00:40.320+0000 7f54e2000700 1 -- 172.21.15.38:0/2820915127 shutdown_connections
2024-04-06T15:00:40.839 INFO:teuthology.orchestra.run.smithi038.stdout:/usr/bin/ceph: stderr
2024-04-06T15:00:40.320+0000 7f54e2000700 1 -- 172.21.15.38:0/2820915127 wait complete.
2024-04-06T15:00:40.839 INFO:teuthology.orchestra.run.smithi038.stdout:/usr/bin/ceph: stderr
2024-04-06T15:00:40.321+0000 7f54e2000700 1 Processor -- start
2024-04-06T15:00:40.839 INFO:teuthology.orchestra.run.smithi038.stdout:/usr/bin/ceph: stderr
2024-04-06T15:00:40.321+0000 7f54e2000700 1 -- start start
2024-04-06T15:00:40.840 INFO:teuthology.orchestra.run.smithi038.stdout:/usr/bin/ceph: stderr
2024-04-06T15:00:40.322+0000 7f54e2000700 1 --2- >> [v2:172.21.15.38:3300/0,v1:172.21.15.38:6789/0] conn(0x7f54dc106340 0x7f54dc19c2a0 unknown :-1 s=NONE pgs=0 cs=0 l=1 rev1=0 crypto rx=0 tx=0 comp rx=0 tx=0).connect
2024-04-06T15:00:40.840 INFO:teuthology.orchestra.run.smithi038.stdout:/usr/bin/ceph: stderr
2024-04-06T15:00:40.322+0000 7f54e2000700 1 -- --> [v2:172.21.15.38:3300/0,v1:172.21.15.38:6789/0] -- mon_getmap magic: 0 v1 -- 0x7f54dc19c7e0 con 0x7f54dc106340
2024-04-06T15:00:40.840 INFO:teuthology.orchestra.run.smithi038.stdout:/usr/bin/ceph: stderr
2024-04-06T15:00:40.322+0000 7f54e0c00700 1 --2- >> [v2:172.21.15.38:3300/0,v1:172.21.15.38:6789/0] conn(0x7f54dc106340 0x7f54dc19c2a0 unknown :-1 s=BANNER_CONNECTING pgs=0 cs=0 l=1 rev1=0 crypto rx=0 tx=0 comp rx=0 tx=0)._handle_peer_banner_payload supported=3 required=0
2024-04-06T15:00:40.840 INFO:teuthology.orchestra.run.smithi038.stdout:/usr/bin/ceph: stderr
2024-04-06T15:00:40.322+0000 7f54e0c00700 1 --2- >> [v2:172.21.15.38:3300/0,v1:172.21.15.38:6789/0] conn(0x7f54dc106340 0x7f54dc19c2a0 unknown :-1 s=HELLO_CONNECTING pgs=0 cs=0 l=1 rev1=1 crypto rx=0 tx=0 comp rx=0 tx=0).handle_hello peer v2:172.21.15.38:3300/0 says I am v2:172.21.15.38:51614/0 (socket says 172.21.15.38:51614)
2024-04-06T15:00:40.840 INFO:teuthology.orchestra.run.smithi038.stdout:/usr/bin/ceph: stderr
2024-04-06T15:00:40.322+0000 7f54e0c00700 1 -- 172.21.15.38:0/1810765875 learned_addr learned my addr 172.21.15.38:0/1810765875 (peer_addr_for_me v2:172.21.15.38:0/0)
2024-04-06T15:00:40.840 INFO:teuthology.orchestra.run.smithi038.stdout:/usr/bin/ceph: stderr
2024-04-06T15:00:40.322+0000 7f54e0c00700 1 -- 172.21.15.38:0/1810765875 --> [v2:172.21.15.38:3300/0,v1:172.21.15.38:6789/0] -- mon_subscribe({config=0+,monmap=0+}) v3 -- 0x7f54d0009550 con 0x7f54dc106340
2024-04-06T15:00:40.840 INFO:teuthology.orchestra.run.smithi038.stdout:/usr/bin/ceph: stderr
2024-04-06T15:00:40.322+0000 7f54e0c00700 1 --2- 172.21.15.38:0/1810765875 >> [v2:172.21.15.38:3300/0,v1:172.21.15.38:6789/0] conn(0x7f54dc106340 0x7f54dc19c2a0 secure :-1 s=READY pgs=44 cs=0 l=1 rev1=1 crypto rx=0x7f54d0009130 tx=0x7f54d0011ad0 comp rx=0 tx=0).ready entity=mon.0 client_cookie=0 server_cookie=0 in_seq=0 out_seq=0
2024-04-06T15:00:40.840 INFO:teuthology.orchestra.run.smithi038.stdout:/usr/bin/ceph: stderr
2024-04-06T15:00:40.323+0000 7f54d9600700 1 -- 172.21.15.38:0/1810765875 <== mon.0 v2:172.21.15.38:3300/0 1 ==== mon_map magic: 0 v1 ==== 205+0+0 (secure 0 0 0) 0x7f54d0003ab0 con 0x7f54dc106340
2024-04-06T15:00:40.840 INFO:teuthology.orchestra.run.smithi038.stdout:/usr/bin/ceph: stderr
2024-04-06T15:00:40.323+0000 7f54d9600700 1 -- 172.21.15.38:0/1810765875 <== mon.0 v2:172.21.15.38:3300/0 2 ==== config(26 keys) v1 ==== 1074+0+0 (secure 0 0 0) 0x7f54d0003c10 con 0x7f54dc106340
2024-04-06T15:00:40.840 INFO:teuthology.orchestra.run.smithi038.stdout:/usr/bin/ceph: stderr
2024-04-06T15:00:40.323+0000 7f54d9600700 1 -- 172.21.15.38:0/1810765875 <== mon.0 v2:172.21.15.38:3300/0 3 ==== mon_map magic: 0 v1 ==== 205+0+0 (secure 0 0 0) 0x7f54d00247d0 con 0x7f54dc106340
2024-04-06T15:00:40.840 INFO:teuthology.orchestra.run.smithi038.stdout:/usr/bin/ceph: stderr
2024-04-06T15:00:40.323+0000 7f54e2000700 1 -- 172.21.15.38:0/1810765875 --> [v2:172.21.15.38:3300/0,v1:172.21.15.38:6789/0] -- mon_subscribe({mgrmap=0+}) v3 -- 0x7f54dc19c9e0 con 0x7f54dc106340
2024-04-06T15:00:40.840 INFO:teuthology.orchestra.run.smithi038.stdout:/usr/bin/ceph: stderr
2024-04-06T15:00:40.323+0000 7f54e2000700 1 -- 172.21.15.38:0/1810765875 --> [v2:172.21.15.38:3300/0,v1:172.21.15.38:6789/0] -- mon_subscribe({osdmap=0}) v3 -- 0x7f54dc19ce80 con 0x7f54dc106340
2024-04-06T15:00:40.840 INFO:teuthology.orchestra.run.smithi038.stdout:/usr/bin/ceph: stderr
2024-04-06T15:00:40.324+0000 7f54d9600700 1 -- 172.21.15.38:0/1810765875 <== mon.0 v2:172.21.15.38:3300/0 4 ==== mgrmap(e 8) v1 ==== 45541+0+0 (secure 0 0 0) 0x7f54d001abb0 con 0x7f54dc106340
2024-04-06T15:00:40.840 INFO:teuthology.orchestra.run.smithi038.stdout:/usr/bin/ceph: stderr
2024-04-06T15:00:40.324+0000 7f54e2000700 1 -- 172.21.15.38:0/1810765875 --> [v2:172.21.15.38:3300/0,v1:172.21.15.38:6789/0] -- mon_command({"prefix": "get_command_descriptions"} v 0) v1 -- 0x7f54dc10a770 con 0x7f54dc106340
2024-04-06T15:00:40.841 INFO:teuthology.orchestra.run.smithi038.stdout:/usr/bin/ceph: stderr
2024-04-06T15:00:40.324+0000 7f54d9600700 1 --2- 172.21.15.38:0/1810765875 >> [v2:172.21.15.38:6800/1052738517,v1:172.21.15.38:6801/1052738517] conn(0x7f54c4038750 0x7f54c403ac10 unknown :-1 s=NONE pgs=0 cs=0 l=1 rev1=0 crypto rx=0 tx=0 comp rx=0 tx=0).connect
2024-04-06T15:00:40.841 INFO:teuthology.orchestra.run.smithi038.stdout:/usr/bin/ceph: stderr
2024-04-06T15:00:40.324+0000 7f54d9600700 1 -- 172.21.15.38:0/1810765875 <== mon.0 v2:172.21.15.38:3300/0 5 ==== osd_map(2..2 src has 1..2) v4 ==== 940+0+0 (secure 0 0 0) 0x7f54d004c7a0 con 0x7f54dc106340
2024-04-06T15:00:40.841 INFO:teuthology.orchestra.run.smithi038.stdout:/usr/bin/ceph: stderr
2024-04-06T15:00:40.325+0000 7f54dbe00700 1 --2- 172.21.15.38:0/1810765875 >> [v2:172.21.15.38:6800/1052738517,v1:172.21.15.38:6801/1052738517] conn(0x7f54c4038750 0x7f54c403ac10 unknown :-1 s=BANNER_CONNECTING pgs=0 cs=0 l=1 rev1=0 crypto rx=0 tx=0 comp rx=0 tx=0)._handle_peer_banner_payload supported=3 required=0
2024-04-06T15:00:40.841 INFO:teuthology.orchestra.run.smithi038.stdout:/usr/bin/ceph: stderr
2024-04-06T15:00:40.325+0000 7f54dbe00700 1 --2- 172.21.15.38:0/1810765875 >> [v2:172.21.15.38:6800/1052738517,v1:172.21.15.38:6801/1052738517] conn(0x7f54c4038750 0x7f54c403ac10 secure :-1 s=READY pgs=10 cs=0 l=1 rev1=1 crypto rx=0x7f54c8006fd0 tx=0x7f54c8006e40 comp rx=0 tx=0).ready entity=mgr.14120 client_cookie=0 server_cookie=0 in_seq=0 out_seq=0
2024-04-06T15:00:40.841 INFO:teuthology.orchestra.run.smithi038.stdout:/usr/bin/ceph: stderr
2024-04-06T15:00:40.329+0000 7f54d9600700 1 -- 172.21.15.38:0/1810765875 <== mon.0 v2:172.21.15.38:3300/0 6 ==== mon_command_ack([{"prefix": "get_command_descriptions"}]=0 v0) v1 ==== 72+0+182936 (secure 0 0 0) 0x7f54d0018530 con 0x7f54dc106340
2024-04-06T15:00:40.841 INFO:teuthology.orchestra.run.smithi038.stdout:/usr/bin/ceph: stderr
2024-04-06T15:00:40.545+0000 7f54e2000700 1 -- 172.21.15.38:0/1810765875 --> [v2:172.21.15.38:6800/1052738517,v1:172.21.15.38:6801/1052738517] -- mgr_command(tid 0: {"prefix": "cephadm get-pub-key", "target": ["mon-mgr", ""]}) v1 -- 0x7f54dc19f770 con 0x7f54c4038750
2024-04-06T15:00:40.841 INFO:teuthology.orchestra.run.smithi038.stdout:/usr/bin/ceph: stderr
2024-04-06T15:00:40.546+0000 7f54d9600700 1 -- 172.21.15.38:0/1810765875 <== mgr.14120 v2:172.21.15.38:6800/1052738517 1 ==== mgr_command_reply(tid 0: 0 ) v1 ==== 8+0+595 (secure 0 0 0) 0x7f54dc19f770 con 0x7f54c4038750
2024-04-06T15:00:40.841 INFO:teuthology.orchestra.run.smithi038.stdout:/usr/bin/ceph: stderr
2024-04-06T15:00:40.549+0000 7f54e2000700 1 -- 172.21.15.38:0/1810765875 >> [v2:172.21.15.38:6800/1052738517,v1:172.21.15.38:6801/1052738517] conn(0x7f54c4038750 msgr2=0x7f54c403ac10 secure :-1 s=STATE_CONNECTION_ESTABLISHED l=1).mark_down
2024-04-06T15:00:40.841 INFO:teuthology.orchestra.run.smithi038.stdout:/usr/bin/ceph: stderr
2024-04-06T15:00:40.549+0000 7f54e2000700 1 --2- 172.21.15.38:0/1810765875 >> [v2:172.21.15.38:6800/1052738517,v1:172.21.15.38:6801/1052738517] conn(0x7f54c4038750 0x7f54c403ac10 secure :-1 s=READY pgs=10 cs=0 l=1 rev1=1 crypto rx=0x7f54c8006fd0 tx=0x7f54c8006e40 comp rx=0 tx=0).stop
2024-04-06T15:00:40.841 INFO:teuthology.orchestra.run.smithi038.stdout:/usr/bin/ceph: stderr
2024-04-06T15:00:40.549+0000 7f54e2000700 1 -- 172.21.15.38:0/1810765875 >> [v2:172.21.15.38:3300/0,v1:172.21.15.38:6789/0] conn(0x7f54dc106340 msgr2=0x7f54dc19c2a0 secure :-1 s=STATE_CONNECTION_ESTABLISHED l=1).mark_down
2024-04-06T15:00:40.841 INFO:teuthology.orchestra.run.smithi038.stdout:/usr/bin/ceph: stderr
2024-04-06T15:00:40.549+0000 7f54e2000700 1 --2- 172.21.15.38:0/1810765875 >> [v2:172.21.15.38:3300/0,v1:172.21.15.38:6789/0] conn(0x7f54dc106340 0x7f54dc19c2a0 secure :-1 s=READY pgs=44 cs=0 l=1 rev1=1 crypto rx=0x7f54d0009130 tx=0x7f54d0011ad0 comp rx=0 tx=0).stop
2024-04-06T15:00:40.841 INFO:teuthology.orchestra.run.smithi038.stdout:/usr/bin/ceph: stderr
2024-04-06T15:00:40.549+0000 7f54e2000700 1 -- 172.21.15.38:0/1810765875 shutdown_connections
2024-04-06T15:00:40.841 INFO:teuthology.orchestra.run.smithi038.stdout:/usr/bin/ceph: stderr
2024-04-06T15:00:40.549+0000 7f54e2000700 1 --2- 172.21.15.38:0/1810765875 >> [v2:172.21.15.38:6800/1052738517,v1:172.21.15.38:6801/1052738517] conn(0x7f54c4038750 0x7f54c403ac10 unknown :-1 s=CLOSED pgs=10 cs=0 l=1 rev1=1 crypto rx=0 tx=0 comp rx=0 tx=0).stop
2024-04-06T15:00:40.841 INFO:teuthology.orchestra.run.smithi038.stdout:/usr/bin/ceph: stderr
2024-04-06T15:00:40.549+0000 7f54e2000700 1 --2- 172.21.15.38:0/1810765875 >> [v2:172.21.15.38:3300/0,v1:172.21.15.38:6789/0] conn(0x7f54dc106340 0x7f54dc19c2a0 unknown :-1 s=CLOSED pgs=44 cs=0 l=1 rev1=1 crypto rx=0 tx=0 comp rx=0 tx=0).stop
2024-04-06T15:00:40.841 INFO:teuthology.orchestra.run.smithi038.stdout:/usr/bin/ceph: stderr
2024-04-06T15:00:40.549+0000 7f54e2000700 1 -- 172.21.15.38:0/1810765875 >> 172.21.15.38:0/1810765875 conn(0x7f54dc1018e0 msgr2=0x7f54dc102480 unknown :-1 s=STATE_NONE l=0).mark_down
2024-04-06T15:00:40.842 INFO:teuthology.orchestra.run.smithi038.stdout:/usr/bin/ceph: stderr
2024-04-06T15:00:40.549+0000 7f54e2000700 1 -- 172.21.15.38:0/1810765875 shutdown_connections
2024-04-06T15:00:40.842 INFO:teuthology.orchestra.run.smithi038.stdout:/usr/bin/ceph: stderr
2024-04-06T15:00:40.549+0000 7f54e2000700 1 -- 172.21.15.38:0/1810765875 wait complete.
2024-04-06T15:00:40.842 INFO:teuthology.orchestra.run.smithi038.stdout:Wrote public SSH key to /home/ubuntu/cephtest/ceph.pub
2024-04-06T15:00:40.842 INFO:teuthology.orchestra.run.smithi038.stdout:Adding key to root@localhost authorized_keys...
2024-04-06T15:00:40.842 INFO:teuthology.orchestra.run.smithi038.stdout:Adding host smithi038...
2024-04-06T15:00:41.788 INFO:journalctl@ceph.mon.a.smithi038.stdout:Apr 06 15:00:41 smithi038 ceph-mon[38242]: from='client.14138 -' entity='client.admin' cmd=[{"prefix": "cephadm get-pub-key", "target": ["mon-mgr", ""]}]: dispatch
2024-04-06T15:00:42.776 INFO:journalctl@ceph.mon.a.smithi038.stdout:Apr 06 15:00:42 smithi038 ceph-mon[38242]: from='client.14140 -' entity='client.admin' cmd=[{"prefix": "orch host add", "hostname": "smithi038", "addr": "172.21.15.38", "target": ["mon-mgr", ""]}]: dispatch
2024-04-06T15:00:43.877 INFO:journalctl@ceph.mon.a.smithi038.stdout:Apr 06 15:00:43 smithi038 ceph-mon[38242]: Deploying cephadm binary to smithi038
2024-04-06T15:00:44.858 INFO:teuthology.orchestra.run.smithi038.stdout:/usr/bin/ceph: stdout Added host 'smithi038' with addr '172.21.15.38'
2024-04-06T15:00:44.858 INFO:teuthology.orchestra.run.smithi038.stdout:/usr/bin/ceph: stderr
2024-04-06T15:00:41.255+0000 7f9bf8200700 1 Processor -- start
2024-04-06T15:00:44.858 INFO:teuthology.orchestra.run.smithi038.stdout:/usr/bin/ceph: stderr
2024-04-06T15:00:41.255+0000 7f9bf8200700 1 -- start start
2024-04-06T15:00:44.858 INFO:teuthology.orchestra.run.smithi038.stdout:/usr/bin/ceph: stderr
2024-04-06T15:00:41.255+0000 7f9bf8200700 1 --2- >> [v2:172.21.15.38:3300/0,v1:172.21.15.38:6789/0] conn(0x7f9bf007be90 0x7f9bf007a2f0 unknown :-1 s=NONE pgs=0 cs=0 l=0 rev1=0 crypto rx=0 tx=0 comp rx=0 tx=0).connect
2024-04-06T15:00:44.858 INFO:teuthology.orchestra.run.smithi038.stdout:/usr/bin/ceph: stderr
2024-04-06T15:00:41.255+0000 7f9bf8200700 1 -- --> [v2:172.21.15.38:3300/0,v1:172.21.15.38:6789/0] -- mon_getmap magic: 0 v1 -- 0x7f9bf007a8c0 con 0x7f9bf007be90
2024-04-06T15:00:44.859 INFO:teuthology.orchestra.run.smithi038.stdout:/usr/bin/ceph: stderr
2024-04-06T15:00:41.256+0000 7f9bf5800700 1 --2- >> [v2:172.21.15.38:3300/0,v1:172.21.15.38:6789/0] conn(0x7f9bf007be90 0x7f9bf007a2f0 unknown :-1 s=BANNER_CONNECTING pgs=0 cs=0 l=0 rev1=0 crypto rx=0 tx=0 comp rx=0 tx=0)._handle_peer_banner_payload supported=3 required=0
2024-04-06T15:00:44.859 INFO:teuthology.orchestra.run.smithi038.stdout:/usr/bin/ceph: stderr
2024-04-06T15:00:41.256+0000 7f9bf5800700 1 --2- >> [v2:172.21.15.38:3300/0,v1:172.21.15.38:6789/0] conn(0x7f9bf007be90 0x7f9bf007a2f0 unknown :-1 s=HELLO_CONNECTING pgs=0 cs=0 l=0 rev1=1 crypto rx=0 tx=0 comp rx=0 tx=0).handle_hello peer v2:172.21.15.38:3300/0 says I am v2:172.21.15.38:51628/0 (socket says 172.21.15.38:51628)
2024-04-06T15:00:44.859 INFO:teuthology.orchestra.run.smithi038.stdout:/usr/bin/ceph: stderr
2024-04-06T15:00:41.256+0000 7f9bf5800700 1 -- 172.21.15.38:0/835528406 learned_addr learned my addr 172.21.15.38:0/835528406 (peer_addr_for_me v2:172.21.15.38:0/0)
2024-04-06T15:00:44.859 INFO:teuthology.orchestra.run.smithi038.stdout:/usr/bin/ceph: stderr
2024-04-06T15:00:41.256+0000 7f9bf5800700 1 -- 172.21.15.38:0/835528406 --> [v2:172.21.15.38:3300/0,v1:172.21.15.38:6789/0] -- mon_subscribe({config=0+,monmap=0+}) v3 -- 0x7f9bf007aa00 con 0x7f9bf007be90
2024-04-06T15:00:44.859 INFO:teuthology.orchestra.run.smithi038.stdout:/usr/bin/ceph: stderr
2024-04-06T15:00:41.256+0000 7f9bf5800700 1 --2- 172.21.15.38:0/835528406 >> [v2:172.21.15.38:3300/0,v1:172.21.15.38:6789/0] conn(0x7f9bf007be90 0x7f9bf007a2f0 secure :-1 s=READY pgs=45 cs=0 l=1 rev1=1 crypto rx=0x7f9be40098a0 tx=0x7f9be4009bb0 comp rx=0 tx=0).ready entity=mon.0 client_cookie=1d054994182ea1d9 server_cookie=0 in_seq=0 out_seq=0
2024-04-06T15:00:44.859 INFO:teuthology.orchestra.run.smithi038.stdout:/usr/bin/ceph: stderr
2024-04-06T15:00:41.256+0000 7f9befe00700 1 -- 172.21.15.38:0/835528406 <== mon.0 v2:172.21.15.38:3300/0 1 ==== mon_map magic: 0 v1 ==== 205+0+0 (secure 0 0 0) 0x7f9be4004160 con 0x7f9bf007be90
2024-04-06T15:00:44.859 INFO:teuthology.orchestra.run.smithi038.stdout:/usr/bin/ceph: stderr
2024-04-06T15:00:41.256+0000 7f9befe00700 1 -- 172.21.15.38:0/835528406 <== mon.0 v2:172.21.15.38:3300/0 2 ==== config(26 keys) v1 ==== 1074+0+0 (secure 0 0 0) 0x7f9be40042c0 con 0x7f9bf007be90
2024-04-06T15:00:44.859 INFO:teuthology.orchestra.run.smithi038.stdout:/usr/bin/ceph: stderr
2024-04-06T15:00:41.257+0000 7f9befe00700 1 -- 172.21.15.38:0/835528406 <== mon.0 v2:172.21.15.38:3300/0 3 ==== mon_map magic: 0 v1 ==== 205+0+0 (secure 0 0 0) 0x7f9be4011a00 con 0x7f9bf007be90
2024-04-06T15:00:44.859 INFO:teuthology.orchestra.run.smithi038.stdout:/usr/bin/ceph: stderr
2024-04-06T15:00:41.257+0000 7f9bf8200700 1 -- 172.21.15.38:0/835528406 >> [v2:172.21.15.38:3300/0,v1:172.21.15.38:6789/0] conn(0x7f9bf007be90 msgr2=0x7f9bf007a2f0 secure :-1 s=STATE_CONNECTION_ESTABLISHED l=1).mark_down
2024-04-06T15:00:44.859 INFO:teuthology.orchestra.run.smithi038.stdout:/usr/bin/ceph: stderr
2024-04-06T15:00:41.257+0000 7f9bf8200700 1 --2- 172.21.15.38:0/835528406 >> [v2:172.21.15.38:3300/0,v1:172.21.15.38:6789/0] conn(0x7f9bf007be90 0x7f9bf007a2f0 secure :-1 s=READY pgs=45 cs=0 l=1 rev1=1 crypto rx=0x7f9be40098a0 tx=0x7f9be4009bb0 comp rx=0 tx=0).stop
2024-04-06T15:00:44.859 INFO:teuthology.orchestra.run.smithi038.stdout:/usr/bin/ceph: stderr
2024-04-06T15:00:41.257+0000 7f9bf8200700 1 -- 172.21.15.38:0/835528406 shutdown_connections
2024-04-06T15:00:44.859 INFO:teuthology.orchestra.run.smithi038.stdout:/usr/bin/ceph: stderr
2024-04-06T15:00:41.257+0000 7f9bf8200700 1 --2- 172.21.15.38:0/835528406 >> [v2:172.21.15.38:3300/0,v1:172.21.15.38:6789/0] conn(0x7f9bf007be90 0x7f9bf007a2f0 unknown :-1 s=CLOSED pgs=45 cs=0 l=1 rev1=1 crypto rx=0 tx=0 comp rx=0 tx=0).stop
2024-04-06T15:00:44.859 INFO:teuthology.orchestra.run.smithi038.stdout:/usr/bin/ceph: stderr
2024-04-06T15:00:41.257+0000 7f9bf8200700 1 -- 172.21.15.38:0/835528406 >> 172.21.15.38:0/835528406 conn(0x7f9bf0101ae0 msgr2=0x7f9bf0103f00 unknown :-1 s=STATE_NONE l=0).mark_down
2024-04-06T15:00:44.859 INFO:teuthology.orchestra.run.smithi038.stdout:/usr/bin/ceph: stderr
2024-04-06T15:00:41.257+0000 7f9bf8200700 1 -- 172.21.15.38:0/835528406 shutdown_connections
2024-04-06T15:00:44.860 INFO:teuthology.orchestra.run.smithi038.stdout:/usr/bin/ceph: stderr
2024-04-06T15:00:41.257+0000 7f9bf8200700 1 -- 172.21.15.38:0/835528406 wait complete.
2024-04-06T15:00:44.860 INFO:teuthology.orchestra.run.smithi038.stdout:/usr/bin/ceph: stderr
2024-04-06T15:00:41.258+0000 7f9bf8200700 1 Processor -- start
2024-04-06T15:00:44.860 INFO:teuthology.orchestra.run.smithi038.stdout:/usr/bin/ceph: stderr
2024-04-06T15:00:41.258+0000 7f9bf8200700 1 -- start start
2024-04-06T15:00:44.860 INFO:teuthology.orchestra.run.smithi038.stdout:/usr/bin/ceph: stderr
2024-04-06T15:00:41.259+0000 7f9bf8200700 1 --2- >> [v2:172.21.15.38:3300/0,v1:172.21.15.38:6789/0] conn(0x7f9bf007be90 0x7f9bf019c520 unknown :-1 s=NONE pgs=0 cs=0 l=1 rev1=0 crypto rx=0 tx=0 comp rx=0 tx=0).connect
2024-04-06T15:00:44.860 INFO:teuthology.orchestra.run.smithi038.stdout:/usr/bin/ceph: stderr
2024-04-06T15:00:41.259+0000 7f9bf8200700 1 -- --> [v2:172.21.15.38:3300/0,v1:172.21.15.38:6789/0] -- mon_getmap magic: 0 v1 -- 0x7f9bf019ca60 con 0x7f9bf007be90
2024-04-06T15:00:44.860 INFO:teuthology.orchestra.run.smithi038.stdout:/usr/bin/ceph: stderr
2024-04-06T15:00:41.259+0000 7f9bf5800700 1 --2- >> [v2:172.21.15.38:3300/0,v1:172.21.15.38:6789/0] conn(0x7f9bf007be90 0x7f9bf019c520 unknown :-1 s=BANNER_CONNECTING pgs=0 cs=0 l=1 rev1=0 crypto rx=0 tx=0 comp rx=0 tx=0)._handle_peer_banner_payload supported=3 required=0
2024-04-06T15:00:44.860 INFO:teuthology.orchestra.run.smithi038.stdout:/usr/bin/ceph: stderr
2024-04-06T15:00:41.259+0000 7f9bf5800700 1 --2- >> [v2:172.21.15.38:3300/0,v1:172.21.15.38:6789/0] conn(0x7f9bf007be90 0x7f9bf019c520 unknown :-1 s=HELLO_CONNECTING pgs=0 cs=0 l=1 rev1=1 crypto rx=0 tx=0 comp rx=0 tx=0).handle_hello peer v2:172.21.15.38:3300/0 says I am v2:172.21.15.38:51644/0 (socket says 172.21.15.38:51644)
2024-04-06T15:00:44.860 INFO:teuthology.orchestra.run.smithi038.stdout:/usr/bin/ceph: stderr
2024-04-06T15:00:41.259+0000 7f9bf5800700 1 -- 172.21.15.38:0/3571538505 learned_addr learned my addr 172.21.15.38:0/3571538505 (peer_addr_for_me v2:172.21.15.38:0/0)
2024-04-06T15:00:44.860 INFO:teuthology.orchestra.run.smithi038.stdout:/usr/bin/ceph: stderr
2024-04-06T15:00:41.259+0000 7f9bf5800700 1 -- 172.21.15.38:0/3571538505 --> [v2:172.21.15.38:3300/0,v1:172.21.15.38:6789/0] -- mon_subscribe({config=0+,monmap=0+}) v3 -- 0x7f9be4009550 con 0x7f9bf007be90
2024-04-06T15:00:44.861 INFO:teuthology.orchestra.run.smithi038.stdout:/usr/bin/ceph: stderr
2024-04-06T15:00:41.260+0000 7f9bf5800700 1 --2- 172.21.15.38:0/3571538505 >> [v2:172.21.15.38:3300/0,v1:172.21.15.38:6789/0] conn(0x7f9bf007be90 0x7f9bf019c520 secure :-1 s=READY pgs=46 cs=0 l=1 rev1=1 crypto rx=0x7f9be4011710 tx=0x7f9be4011ad0 comp rx=0 tx=0).ready entity=mon.0 client_cookie=0 server_cookie=0 in_seq=0 out_seq=0
2024-04-06T15:00:44.861 INFO:teuthology.orchestra.run.smithi038.stdout:/usr/bin/ceph: stderr
2024-04-06T15:00:41.260+0000 7f9bee000700 1 -- 172.21.15.38:0/3571538505 <== mon.0 v2:172.21.15.38:3300/0 1 ==== mon_map magic: 0 v1 ==== 205+0+0 (secure 0 0 0) 0x7f9be4003aa0 con 0x7f9bf007be90
2024-04-06T15:00:44.861 INFO:teuthology.orchestra.run.smithi038.stdout:/usr/bin/ceph: stderr
2024-04-06T15:00:41.260+0000 7f9bee000700 1 -- 172.21.15.38:0/3571538505 <== mon.0 v2:172.21.15.38:3300/0 2 ==== config(26 keys) v1 ==== 1074+0+0 (secure 0 0 0) 0x7f9be4003c00 con 0x7f9bf007be90
2024-04-06T15:00:44.861 INFO:teuthology.orchestra.run.smithi038.stdout:/usr/bin/ceph: stderr
2024-04-06T15:00:41.260+0000 7f9bf8200700 1 -- 172.21.15.38:0/3571538505 --> [v2:172.21.15.38:3300/0,v1:172.21.15.38:6789/0] -- mon_subscribe({mgrmap=0+}) v3 -- 0x7f9bf019cc60 con 0x7f9bf007be90
2024-04-06T15:00:44.861 INFO:teuthology.orchestra.run.smithi038.stdout:/usr/bin/ceph: stderr
2024-04-06T15:00:41.260+0000 7f9bee000700 1 -- 172.21.15.38:0/3571538505 <== mon.0 v2:172.21.15.38:3300/0 3 ==== mon_map magic: 0 v1 ==== 205+0+0 (secure 0 0 0) 0x7f9be4024800 con 0x7f9bf007be90
2024-04-06T15:00:44.861 INFO:teuthology.orchestra.run.smithi038.stdout:/usr/bin/ceph: stderr
2024-04-06T15:00:41.260+0000 7f9bf8200700 1 -- 172.21.15.38:0/3571538505 --> [v2:172.21.15.38:3300/0,v1:172.21.15.38:6789/0] -- mon_subscribe({osdmap=0}) v3 -- 0x7f9bf019d100 con 0x7f9bf007be90
2024-04-06T15:00:44.861 INFO:teuthology.orchestra.run.smithi038.stdout:/usr/bin/ceph: stderr
2024-04-06T15:00:41.261+0000 7f9bee000700 1 -- 172.21.15.38:0/3571538505 <== mon.0 v2:172.21.15.38:3300/0 4 ==== mgrmap(e 8) v1 ==== 45541+0+0 (secure 0 0 0) 0x7f9be401a430 con 0x7f9bf007be90
2024-04-06T15:00:44.862 INFO:teuthology.orchestra.run.smithi038.stdout:/usr/bin/ceph: stderr
2024-04-06T15:00:41.261+0000 7f9bf8200700 1 -- 172.21.15.38:0/3571538505 --> [v2:172.21.15.38:3300/0,v1:172.21.15.38:6789/0] -- mon_command({"prefix": "get_command_descriptions"} v 0) v1 -- 0x7f9bf010c8f0 con 0x7f9bf007be90
2024-04-06T15:00:44.862 INFO:teuthology.orchestra.run.smithi038.stdout:/usr/bin/ceph: stderr
2024-04-06T15:00:41.261+0000 7f9bee000700 1 --2- 172.21.15.38:0/3571538505 >> [v2:172.21.15.38:6800/1052738517,v1:172.21.15.38:6801/1052738517] conn(0x7f9bd8038750 0x7f9bd803ac10 unknown :-1 s=NONE pgs=0 cs=0 l=1 rev1=0 crypto rx=0 tx=0 comp rx=0 tx=0).connect
2024-04-06T15:00:44.862 INFO:teuthology.orchestra.run.smithi038.stdout:/usr/bin/ceph: stderr
2024-04-06T15:00:41.261+0000 7f9bee000700 1 -- 172.21.15.38:0/3571538505 <== mon.0 v2:172.21.15.38:3300/0 5 ==== osd_map(2..2 src has 1..2) v4 ==== 940+0+0 (secure 0 0 0) 0x7f9be404c770 con 0x7f9bf007be90
2024-04-06T15:00:44.862 INFO:teuthology.orchestra.run.smithi038.stdout:/usr/bin/ceph: stderr
