2024-04-05T02:52:57.587+0000 7f96d0c11700 1 --2- 172.21.15.153:0/713175564 >> [v2:172.21.15.153:3300/0,v1:172.21.15.153:6789/0] conn(0x7f96cc103470 0x7f96cc105850 secure :-1 s=READY pgs=80 cs=0 l=1 rev1=1 crypto rx=0x7f96c4009e50 tx=0x7f96c4009840 comp rx=0 tx=0).ready entity=mon.0 client_cookie=ee502dffeabb1296 server_cookie=0 in_seq=0 out_seq=0
2024-04-05T02:52:58.512 INFO:teuthology.orchestra.run.smithi153.stdout:/usr/bin/ceph: stderr
2024-04-05T02:52:57.587+0000 7f96cb7fe700 1 -- 172.21.15.153:0/713175564 <== mon.0 v2:172.21.15.153:3300/0 1 ==== mon_map magic: 0 v1 ==== 229+0+0 (secure 0 0 0) 0x7f96c40092e0 con 0x7f96cc103470
2024-04-05T02:52:58.512 INFO:teuthology.orchestra.run.smithi153.stdout:/usr/bin/ceph: stderr
2024-04-05T02:52:57.587+0000 7f96cb7fe700 1 -- 172.21.15.153:0/713175564 <== mon.0 v2:172.21.15.153:3300/0 2 ==== config(27 keys) v1 ==== 1109+0+0 (secure 0 0 0) 0x7f96c4012430 con 0x7f96cc103470
2024-04-05T02:52:58.512 INFO:teuthology.orchestra.run.smithi153.stdout:/usr/bin/ceph: stderr
2024-04-05T02:52:57.587+0000 7f96cb7fe700 1 -- 172.21.15.153:0/713175564 <== mon.0 v2:172.21.15.153:3300/0 3 ==== mon_map magic: 0 v1 ==== 229+0+0 (secure 0 0 0) 0x7f96c40075a0 con 0x7f96cc103470
2024-04-05T02:52:58.512 INFO:teuthology.orchestra.run.smithi153.stdout:/usr/bin/ceph: stderr
2024-04-05T02:52:57.588+0000 7f96d2e75700 1 -- 172.21.15.153:0/713175564 >> [v2:172.21.15.153:3300/0,v1:172.21.15.153:6789/0] conn(0x7f96cc103470 msgr2=0x7f96cc105850 secure :-1 s=STATE_CONNECTION_ESTABLISHED l=1).mark_down
2024-04-05T02:52:58.512 INFO:teuthology.orchestra.run.smithi153.stdout:/usr/bin/ceph: stderr
2024-04-05T02:52:57.588+0000 7f96d2e75700 1 --2- 172.21.15.153:0/713175564 >> [v2:172.21.15.153:3300/0,v1:172.21.15.153:6789/0] conn(0x7f96cc103470 0x7f96cc105850 secure :-1 s=READY pgs=80 cs=0 l=1 rev1=1 crypto rx=0x7f96c4009e50 tx=0x7f96c4009840 comp rx=0 tx=0).stop
2024-04-05T02:52:58.512 INFO:teuthology.orchestra.run.smithi153.stdout:/usr/bin/ceph: stderr
2024-04-05T02:52:57.588+0000 7f96d2e75700 1 -- 172.21.15.153:0/713175564 shutdown_connections
2024-04-05T02:52:58.513 INFO:teuthology.orchestra.run.smithi153.stdout:/usr/bin/ceph: stderr
2024-04-05T02:52:57.588+0000 7f96d2e75700 1 --2- 172.21.15.153:0/713175564 >> [v2:172.21.15.153:3300/0,v1:172.21.15.153:6789/0] conn(0x7f96cc103470 0x7f96cc105850 unknown :-1 s=CLOSED pgs=80 cs=0 l=1 rev1=1 crypto rx=0 tx=0 comp rx=0 tx=0).stop
2024-04-05T02:52:58.513 INFO:teuthology.orchestra.run.smithi153.stdout:/usr/bin/ceph: stderr
2024-04-05T02:52:57.588+0000 7f96d2e75700 1 -- 172.21.15.153:0/713175564 >> 172.21.15.153:0/713175564 conn(0x7f96cc0fcf30 msgr2=0x7f96cc0ff340 unknown :-1 s=STATE_NONE l=0).mark_down
2024-04-05T02:52:58.513 INFO:teuthology.orchestra.run.smithi153.stdout:/usr/bin/ceph: stderr
2024-04-05T02:52:57.588+0000 7f96d2e75700 1 -- 172.21.15.153:0/713175564 shutdown_connections
2024-04-05T02:52:58.513 INFO:teuthology.orchestra.run.smithi153.stdout:/usr/bin/ceph: stderr
2024-04-05T02:52:57.588+0000 7f96d2e75700 1 -- 172.21.15.153:0/713175564 wait complete.
2024-04-05T02:52:58.513 INFO:teuthology.orchestra.run.smithi153.stdout:/usr/bin/ceph: stderr
2024-04-05T02:52:57.588+0000 7f96d2e75700 1 Processor -- start
2024-04-05T02:52:58.513 INFO:teuthology.orchestra.run.smithi153.stdout:/usr/bin/ceph: stderr
2024-04-05T02:52:57.588+0000 7f96d2e75700 1 -- start start
2024-04-05T02:52:58.513 INFO:teuthology.orchestra.run.smithi153.stdout:/usr/bin/ceph: stderr
2024-04-05T02:52:57.589+0000 7f96d2e75700 1 --2- >> [v2:172.21.15.153:3300/0,v1:172.21.15.153:6789/0] conn(0x7f96cc103470 0x7f96cc111740 unknown :-1 s=NONE pgs=0 cs=0 l=1 rev1=0 crypto rx=0 tx=0 comp rx=0 tx=0).connect
2024-04-05T02:52:58.513 INFO:teuthology.orchestra.run.smithi153.stdout:/usr/bin/ceph: stderr
2024-04-05T02:52:57.589+0000 7f96d2e75700 1 -- --> [v2:172.21.15.153:3300/0,v1:172.21.15.153:6789/0] -- mon_getmap magic: 0 v1 -- 0x7f96cc111c80 con 0x7f96cc103470
2024-04-05T02:52:58.513 INFO:teuthology.orchestra.run.smithi153.stdout:/usr/bin/ceph: stderr
2024-04-05T02:52:57.589+0000 7f96d0c11700 1 --2- >> [v2:172.21.15.153:3300/0,v1:172.21.15.153:6789/0] conn(0x7f96cc103470 0x7f96cc111740 unknown :-1 s=BANNER_CONNECTING pgs=0 cs=0 l=1 rev1=0 crypto rx=0 tx=0 comp rx=0 tx=0)._handle_peer_banner_payload supported=3 required=0
2024-04-05T02:52:58.513 INFO:teuthology.orchestra.run.smithi153.stdout:/usr/bin/ceph: stderr
2024-04-05T02:52:57.589+0000 7f96d0c11700 1 --2- >> [v2:172.21.15.153:3300/0,v1:172.21.15.153:6789/0] conn(0x7f96cc103470 0x7f96cc111740 unknown :-1 s=HELLO_CONNECTING pgs=0 cs=0 l=1 rev1=1 crypto rx=0 tx=0 comp rx=0 tx=0).handle_hello peer v2:172.21.15.153:3300/0 says I am v2:172.21.15.153:41354/0 (socket says 172.21.15.153:41354)
2024-04-05T02:52:58.513 INFO:teuthology.orchestra.run.smithi153.stdout:/usr/bin/ceph: stderr
2024-04-05T02:52:57.589+0000 7f96d0c11700 1 -- 172.21.15.153:0/562192588 learned_addr learned my addr 172.21.15.153:0/562192588 (peer_addr_for_me v2:172.21.15.153:0/0)
2024-04-05T02:52:58.513 INFO:teuthology.orchestra.run.smithi153.stdout:/usr/bin/ceph: stderr
2024-04-05T02:52:57.589+0000 7f96d0c11700 1 -- 172.21.15.153:0/562192588 --> [v2:172.21.15.153:3300/0,v1:172.21.15.153:6789/0] -- mon_subscribe({config=0+,monmap=0+}) v3 -- 0x7f96c4009ae0 con 0x7f96cc103470
2024-04-05T02:52:58.513 INFO:teuthology.orchestra.run.smithi153.stdout:/usr/bin/ceph: stderr
2024-04-05T02:52:57.589+0000 7f96d0c11700 1 --2- 172.21.15.153:0/562192588 >> [v2:172.21.15.153:3300/0,v1:172.21.15.153:6789/0] conn(0x7f96cc103470 0x7f96cc111740 secure :-1 s=READY pgs=81 cs=0 l=1 rev1=1 crypto rx=0x7f96c4009fd0 tx=0x7f96c4009840 comp rx=0 tx=0).ready entity=mon.0 client_cookie=0 server_cookie=0 in_seq=0 out_seq=0
2024-04-05T02:52:58.513 INFO:teuthology.orchestra.run.smithi153.stdout:/usr/bin/ceph: stderr
2024-04-05T02:52:57.589+0000 7f96c97fa700 1 -- 172.21.15.153:0/562192588 <== mon.0 v2:172.21.15.153:3300/0 1 ==== mon_map magic: 0 v1 ==== 229+0+0 (secure 0 0 0) 0x7f96c40092e0 con 0x7f96cc103470
2024-04-05T02:52:58.513 INFO:teuthology.orchestra.run.smithi153.stdout:/usr/bin/ceph: stderr
2024-04-05T02:52:57.589+0000 7f96c97fa700 1 -- 172.21.15.153:0/562192588 <== mon.0 v2:172.21.15.153:3300/0 2 ==== config(27 keys) v1 ==== 1109+0+0 (secure 0 0 0) 0x7f96c4007ce0 con 0x7f96cc103470
2024-04-05T02:52:58.514 INFO:teuthology.orchestra.run.smithi153.stdout:/usr/bin/ceph: stderr
2024-04-05T02:52:57.589+0000 7f96d2e75700 1 -- 172.21.15.153:0/562192588 --> [v2:172.21.15.153:3300/0,v1:172.21.15.153:6789/0] -- mon_subscribe({mgrmap=0+}) v3 -- 0x7f96cc111e80 con 0x7f96cc103470
2024-04-05T02:52:58.514 INFO:teuthology.orchestra.run.smithi153.stdout:/usr/bin/ceph: stderr
2024-04-05T02:52:57.589+0000 7f96c97fa700 1 -- 172.21.15.153:0/562192588 <== mon.0 v2:172.21.15.153:3300/0 3 ==== mon_map magic: 0 v1 ==== 229+0+0 (secure 0 0 0) 0x7f96c40259c0 con 0x7f96cc103470
2024-04-05T02:52:58.514 INFO:teuthology.orchestra.run.smithi153.stdout:/usr/bin/ceph: stderr
2024-04-05T02:52:57.589+0000 7f96d2e75700 1 -- 172.21.15.153:0/562192588 --> [v2:172.21.15.153:3300/0,v1:172.21.15.153:6789/0] -- mon_subscribe({osdmap=0}) v3 -- 0x7f96cc1129f0 con 0x7f96cc103470
2024-04-05T02:52:58.514 INFO:teuthology.orchestra.run.smithi153.stdout:/usr/bin/ceph: stderr
2024-04-05T02:52:57.590+0000 7f96c97fa700 1 -- 172.21.15.153:0/562192588 <== mon.0 v2:172.21.15.153:3300/0 4 ==== mgrmap(e 11) v1 ==== 43275+0+0 (secure 0 0 0) 0x7f96c4019050 con 0x7f96cc103470
2024-04-05T02:52:58.514 INFO:teuthology.orchestra.run.smithi153.stdout:/usr/bin/ceph: stderr
2024-04-05T02:52:57.590+0000 7f96d2e75700 1 -- 172.21.15.153:0/562192588 --> [v2:172.21.15.153:3300/0,v1:172.21.15.153:6789/0] -- mon_command({"prefix": "get_command_descriptions"} v 0) v1 -- 0x7f96cc112310 con 0x7f96cc103470
2024-04-05T02:52:58.514 INFO:teuthology.orchestra.run.smithi153.stdout:/usr/bin/ceph: stderr
2024-04-05T02:52:57.590+0000 7f96c97fa700 1 --2- 172.21.15.153:0/562192588 >> [v2:172.21.15.153:6800/4288916206,v1:172.21.15.153:6801/4288916206] conn(0x7f96b8036710 0x7f96b8038bc0 unknown :-1 s=NONE pgs=0 cs=0 l=1 rev1=0 crypto rx=0 tx=0 comp rx=0 tx=0).connect
2024-04-05T02:52:58.514 INFO:teuthology.orchestra.run.smithi153.stdout:/usr/bin/ceph: stderr
2024-04-05T02:52:57.590+0000 7f96c97fa700 1 -- 172.21.15.153:0/562192588 <== mon.0 v2:172.21.15.153:3300/0 5 ==== osd_map(3..3 src has 1..3) v4 ==== 1151+0+0 (secure 0 0 0) 0x7f96c4049f70 con 0x7f96cc103470
2024-04-05T02:52:58.514 INFO:teuthology.orchestra.run.smithi153.stdout:/usr/bin/ceph: stderr
2024-04-05T02:52:57.591+0000 7f96cbfff700 1 --2- 172.21.15.153:0/562192588 >> [v2:172.21.15.153:6800/4288916206,v1:172.21.15.153:6801/4288916206] conn(0x7f96b8036710 0x7f96b8038bc0 unknown :-1 s=BANNER_CONNECTING pgs=0 cs=0 l=1 rev1=0 crypto rx=0 tx=0 comp rx=0 tx=0)._handle_peer_banner_payload supported=3 required=0
2024-04-05T02:52:58.514 INFO:teuthology.orchestra.run.smithi153.stdout:/usr/bin/ceph: stderr
2024-04-05T02:52:57.591+0000 7f96cbfff700 1 --2- 172.21.15.153:0/562192588 >> [v2:172.21.15.153:6800/4288916206,v1:172.21.15.153:6801/4288916206] conn(0x7f96b8036710 0x7f96b8038bc0 secure :-1 s=READY pgs=7 cs=0 l=1 rev1=1 crypto rx=0x7f96b4009990 tx=0x7f96b4006e40 comp rx=0 tx=0).ready entity=mgr.14162 client_cookie=0 server_cookie=0 in_seq=0 out_seq=0
2024-04-05T02:52:58.514 INFO:teuthology.orchestra.run.smithi153.stdout:/usr/bin/ceph: stderr
2024-04-05T02:52:57.595+0000 7f96c97fa700 1 -- 172.21.15.153:0/562192588 <== mon.0 v2:172.21.15.153:3300/0 6 ==== mon_command_ack([{"prefix": "get_command_descriptions"}]=0 v0) v1 ==== 72+0+176504 (secure 0 0 0) 0x7f96c402d9a0 con 0x7f96cc103470
2024-04-05T02:52:58.514 INFO:teuthology.orchestra.run.smithi153.stdout:/usr/bin/ceph: stderr
2024-04-05T02:52:57.810+0000 7f96d2e75700 1 -- 172.21.15.153:0/562192588 --> [v2:172.21.15.153:6800/4288916206,v1:172.21.15.153:6801/4288916206] -- mgr_command(tid 0: {"prefix": "dashboard create-self-signed-cert", "target": ["mon-mgr", ""]}) v1 -- 0x7f96cc0fe2f0 con 0x7f96b8036710
2024-04-05T02:52:58.514 INFO:teuthology.orchestra.run.smithi153.stdout:/usr/bin/ceph: stderr
2024-04-05T02:52:57.958+0000 7f96c97fa700 1 -- 172.21.15.153:0/562192588 <== mgr.14162 v2:172.21.15.153:6800/4288916206 1 ==== mgr_command_reply(tid 0: 0 ) v1 ==== 8+0+32 (secure 0 0 0) 0x7f96cc0fe2f0 con 0x7f96b8036710
2024-04-05T02:52:58.514 INFO:teuthology.orchestra.run.smithi153.stdout:/usr/bin/ceph: stderr
2024-04-05T02:52:57.961+0000 7f96d2e75700 1 -- 172.21.15.153:0/562192588 >> [v2:172.21.15.153:6800/4288916206,v1:172.21.15.153:6801/4288916206] conn(0x7f96b8036710 msgr2=0x7f96b8038bc0 secure :-1 s=STATE_CONNECTION_ESTABLISHED l=1).mark_down
2024-04-05T02:52:58.515 INFO:teuthology.orchestra.run.smithi153.stdout:/usr/bin/ceph: stderr
2024-04-05T02:52:57.961+0000 7f96d2e75700 1 --2- 172.21.15.153:0/562192588 >> [v2:172.21.15.153:6800/4288916206,v1:172.21.15.153:6801/4288916206] conn(0x7f96b8036710 0x7f96b8038bc0 secure :-1 s=READY pgs=7 cs=0 l=1 rev1=1 crypto rx=0x7f96b4009990 tx=0x7f96b4006e40 comp rx=0 tx=0).stop
2024-04-05T02:52:58.515 INFO:teuthology.orchestra.run.smithi153.stdout:/usr/bin/ceph: stderr
2024-04-05T02:52:57.961+0000 7f96d2e75700 1 -- 172.21.15.153:0/562192588 >> [v2:172.21.15.153:3300/0,v1:172.21.15.153:6789/0] conn(0x7f96cc103470 msgr2=0x7f96cc111740 secure :-1 s=STATE_CONNECTION_ESTABLISHED l=1).mark_down
2024-04-05T02:52:58.515 INFO:teuthology.orchestra.run.smithi153.stdout:/usr/bin/ceph: stderr
2024-04-05T02:52:57.961+0000 7f96d2e75700 1 --2- 172.21.15.153:0/562192588 >> [v2:172.21.15.153:3300/0,v1:172.21.15.153:6789/0] conn(0x7f96cc103470 0x7f96cc111740 secure :-1 s=READY pgs=81 cs=0 l=1 rev1=1 crypto rx=0x7f96c4009fd0 tx=0x7f96c4009840 comp rx=0 tx=0).stop
2024-04-05T02:52:58.515 INFO:teuthology.orchestra.run.smithi153.stdout:/usr/bin/ceph: stderr
2024-04-05T02:52:57.961+0000 7f96d2e75700 1 -- 172.21.15.153:0/562192588 shutdown_connections
2024-04-05T02:52:58.515 INFO:teuthology.orchestra.run.smithi153.stdout:/usr/bin/ceph: stderr
2024-04-05T02:52:57.961+0000 7f96d2e75700 1 --2- 172.21.15.153:0/562192588 >> [v2:172.21.15.153:6800/4288916206,v1:172.21.15.153:6801/4288916206] conn(0x7f96b8036710 0x7f96b8038bc0 unknown :-1 s=CLOSED pgs=7 cs=0 l=1 rev1=1 crypto rx=0 tx=0 comp rx=0 tx=0).stop
2024-04-05T02:52:58.515 INFO:teuthology.orchestra.run.smithi153.stdout:/usr/bin/ceph: stderr
2024-04-05T02:52:57.961+0000 7f96d2e75700 1 --2- 172.21.15.153:0/562192588 >> [v2:172.21.15.153:3300/0,v1:172.21.15.153:6789/0] conn(0x7f96cc103470 0x7f96cc111740 unknown :-1 s=CLOSED pgs=81 cs=0 l=1 rev1=1 crypto rx=0 tx=0 comp rx=0 tx=0).stop
2024-04-05T02:52:58.515 INFO:teuthology.orchestra.run.smithi153.stdout:/usr/bin/ceph: stderr
2024-04-05T02:52:57.961+0000 7f96d2e75700 1 -- 172.21.15.153:0/562192588 >> 172.21.15.153:0/562192588 conn(0x7f96cc0fcf30 msgr2=0x7f96cc0fdb20 unknown :-1 s=STATE_NONE l=0).mark_down
2024-04-05T02:52:58.515 INFO:teuthology.orchestra.run.smithi153.stdout:/usr/bin/ceph: stderr
2024-04-05T02:52:57.961+0000 7f96d2e75700 1 -- 172.21.15.153:0/562192588 shutdown_connections
2024-04-05T02:52:58.516 INFO:teuthology.orchestra.run.smithi153.stdout:/usr/bin/ceph: stderr
2024-04-05T02:52:57.961+0000 7f96d2e75700 1 -- 172.21.15.153:0/562192588 wait complete.
2024-04-05T02:52:58.516 INFO:teuthology.orchestra.run.smithi153.stdout:Creating initial admin user...
2024-04-05T02:52:59.106 INFO:journalctl@ceph.mon.smithi153.smithi153.stdout:Apr 05 02:52:59 smithi153 ceph-mon[29381]: from='client.14174 -' entity='client.admin' cmd=[{"prefix": "dashboard create-self-signed-cert", "target": ["mon-mgr", ""]}]: dispatch
2024-04-05T02:52:59.107 INFO:journalctl@ceph.mon.smithi153.smithi153.stdout:Apr 05 02:52:59 smithi153 ceph-mon[29381]: mgrmap e12: smithi153.npzyqy(active, since 2s)
2024-04-05T02:52:59.107 INFO:journalctl@ceph.mon.smithi153.smithi153.stdout:Apr 05 02:52:59 smithi153 ceph-mon[29381]: from='mgr.14162 172.21.15.153:0/2983087345' entity='mgr.smithi153.npzyqy'
2024-04-05T02:53:00.197 INFO:teuthology.orchestra.run.smithi153.stdout:/usr/bin/ceph: stdout {"username": "admin", "password": "$2b$12$zXDHqPaS96kQ2EUzPS7Kg.yu0qKpSNW3ZlPUkQzOtU87RqtnbC556", "roles": ["administrator"], "name": null, "email": null, "lastUpdate": 1712285579, "enabled": true, "pwdExpirationDate": null, "pwdUpdateRequired": true}
2024-04-05T02:53:00.197 INFO:teuthology.orchestra.run.smithi153.stdout:/usr/bin/ceph: stderr
2024-04-05T02:52:58.948+0000 7f7a6e0f6700 1 Processor -- start
2024-04-05T02:53:00.197 INFO:teuthology.orchestra.run.smithi153.stdout:/usr/bin/ceph: stderr
2024-04-05T02:52:58.948+0000 7f7a6e0f6700 1 -- start start
2024-04-05T02:53:00.197 INFO:teuthology.orchestra.run.smithi153.stdout:/usr/bin/ceph: stderr
2024-04-05T02:52:58.949+0000 7f7a6e0f6700 1 --2- >> [v2:172.21.15.153:3300/0,v1:172.21.15.153:6789/0] conn(0x7f7a68076ce0 0x7f7a681054b0 unknown :-1 s=NONE pgs=0 cs=0 l=0 rev1=0 crypto rx=0 tx=0 comp rx=0 tx=0).connect
2024-04-05T02:53:00.197 INFO:teuthology.orchestra.run.smithi153.stdout:/usr/bin/ceph: stderr
2024-04-05T02:52:58.949+0000 7f7a6e0f6700 1 -- --> [v2:172.21.15.153:3300/0,v1:172.21.15.153:6789/0] -- mon_getmap magic: 0 v1 -- 0x7f7a681059f0 con 0x7f7a68076ce0
2024-04-05T02:53:00.197 INFO:teuthology.orchestra.run.smithi153.stdout:/usr/bin/ceph: stderr
2024-04-05T02:52:58.949+0000 7f7a677fe700 1 --2- >> [v2:172.21.15.153:3300/0,v1:172.21.15.153:6789/0] conn(0x7f7a68076ce0 0x7f7a681054b0 unknown :-1 s=BANNER_CONNECTING pgs=0 cs=0 l=0 rev1=0 crypto rx=0 tx=0 comp rx=0 tx=0)._handle_peer_banner_payload supported=3 required=0
2024-04-05T02:53:00.197 INFO:teuthology.orchestra.run.smithi153.stdout:/usr/bin/ceph: stderr
2024-04-05T02:52:58.949+0000 7f7a677fe700 1 --2- >> [v2:172.21.15.153:3300/0,v1:172.21.15.153:6789/0] conn(0x7f7a68076ce0 0x7f7a681054b0 unknown :-1 s=HELLO_CONNECTING pgs=0 cs=0 l=0 rev1=1 crypto rx=0 tx=0 comp rx=0 tx=0).handle_hello peer v2:172.21.15.153:3300/0 says I am v2:172.21.15.153:35024/0 (socket says 172.21.15.153:35024)
2024-04-05T02:53:00.197 INFO:teuthology.orchestra.run.smithi153.stdout:/usr/bin/ceph: stderr
2024-04-05T02:52:58.949+0000 7f7a677fe700 1 -- 172.21.15.153:0/496380232 learned_addr learned my addr 172.21.15.153:0/496380232 (peer_addr_for_me v2:172.21.15.153:0/0)
2024-04-05T02:53:00.198 INFO:teuthology.orchestra.run.smithi153.stdout:/usr/bin/ceph: stderr
2024-04-05T02:52:58.949+0000 7f7a677fe700 1 -- 172.21.15.153:0/496380232 --> [v2:172.21.15.153:3300/0,v1:172.21.15.153:6789/0] -- mon_subscribe({config=0+,monmap=0+}) v3 -- 0x7f7a68105b30 con 0x7f7a68076ce0
2024-04-05T02:53:00.198 INFO:teuthology.orchestra.run.smithi153.stdout:/usr/bin/ceph: stderr
2024-04-05T02:52:58.949+0000 7f7a677fe700 1 --2- 172.21.15.153:0/496380232 >> [v2:172.21.15.153:3300/0,v1:172.21.15.153:6789/0] conn(0x7f7a68076ce0 0x7f7a681054b0 secure :-1 s=READY pgs=82 cs=0 l=1 rev1=1 crypto rx=0x7f7a5c0098e0 tx=0x7f7a5c009250 comp rx=0 tx=0).ready entity=mon.0 client_cookie=49741b8725a75bf7 server_cookie=0 in_seq=0 out_seq=0
2024-04-05T02:53:00.198 INFO:teuthology.orchestra.run.smithi153.stdout:/usr/bin/ceph: stderr
2024-04-05T02:52:58.950+0000 7f7a667fc700 1 -- 172.21.15.153:0/496380232 <== mon.0 v2:172.21.15.153:3300/0 1 ==== mon_map magic: 0 v1 ==== 229+0+0 (secure 0 0 0) 0x7f7a5c00b860 con 0x7f7a68076ce0
2024-04-05T02:53:00.198 INFO:teuthology.orchestra.run.smithi153.stdout:/usr/bin/ceph: stderr
2024-04-05T02:52:58.950+0000 7f7a667fc700 1 -- 172.21.15.153:0/496380232 <== mon.0 v2:172.21.15.153:3300/0 2 ==== config(27 keys) v1 ==== 1109+0+0 (secure 0 0 0) 0x7f7a5c00be90 con 0x7f7a68076ce0
2024-04-05T02:53:00.198 INFO:teuthology.orchestra.run.smithi153.stdout:/usr/bin/ceph: stderr
2024-04-05T02:52:58.950+0000 7f7a667fc700 1 -- 172.21.15.153:0/496380232 <== mon.0 v2:172.21.15.153:3300/0 3 ==== mon_map magic: 0 v1 ==== 229+0+0 (secure 0 0 0) 0x7f7a5c0103c0 con 0x7f7a68076ce0
2024-04-05T02:53:00.198 INFO:teuthology.orchestra.run.smithi153.stdout:/usr/bin/ceph: stderr
2024-04-05T02:52:58.950+0000 7f7a6e0f6700 1 -- 172.21.15.153:0/496380232 >> [v2:172.21.15.153:3300/0,v1:172.21.15.153:6789/0] conn(0x7f7a68076ce0 msgr2=0x7f7a681054b0 secure :-1 s=STATE_CONNECTION_ESTABLISHED l=1).mark_down
2024-04-05T02:53:00.198 INFO:teuthology.orchestra.run.smithi153.stdout:/usr/bin/ceph: stderr
2024-04-05T02:52:58.950+0000 7f7a6e0f6700 1 --2- 172.21.15.153:0/496380232 >> [v2:172.21.15.153:3300/0,v1:172.21.15.153:6789/0] conn(0x7f7a68076ce0 0x7f7a681054b0 secure :-1 s=READY pgs=82 cs=0 l=1 rev1=1 crypto rx=0x7f7a5c0098e0 tx=0x7f7a5c009250 comp rx=0 tx=0).stop
2024-04-05T02:53:00.198 INFO:teuthology.orchestra.run.smithi153.stdout:/usr/bin/ceph: stderr
2024-04-05T02:52:58.950+0000 7f7a6e0f6700 1 -- 172.21.15.153:0/496380232 shutdown_connections
2024-04-05T02:53:00.198 INFO:teuthology.orchestra.run.smithi153.stdout:/usr/bin/ceph: stderr
2024-04-05T02:52:58.950+0000 7f7a6e0f6700 1 --2- 172.21.15.153:0/496380232 >> [v2:172.21.15.153:3300/0,v1:172.21.15.153:6789/0] conn(0x7f7a68076ce0 0x7f7a681054b0 unknown :-1 s=CLOSED pgs=82 cs=0 l=1 rev1=1 crypto rx=0 tx=0 comp rx=0 tx=0).stop
2024-04-05T02:53:00.198 INFO:teuthology.orchestra.run.smithi153.stdout:/usr/bin/ceph: stderr
2024-04-05T02:52:58.950+0000 7f7a6e0f6700 1 -- 172.21.15.153:0/496380232 >> 172.21.15.153:0/496380232 conn(0x7f7a680fcf40 msgr2=0x7f7a680ff350 unknown :-1 s=STATE_NONE l=0).mark_down
2024-04-05T02:53:00.198 INFO:teuthology.orchestra.run.smithi153.stdout:/usr/bin/ceph: stderr
2024-04-05T02:52:58.950+0000 7f7a6e0f6700 1 -- 172.21.15.153:0/496380232 shutdown_connections
2024-04-05T02:53:00.198 INFO:teuthology.orchestra.run.smithi153.stdout:/usr/bin/ceph: stderr
2024-04-05T02:52:58.950+0000 7f7a6e0f6700 1 -- 172.21.15.153:0/496380232 wait complete.
2024-04-05T02:53:00.199 INFO:teuthology.orchestra.run.smithi153.stdout:/usr/bin/ceph: stderr
2024-04-05T02:52:58.951+0000 7f7a6e0f6700 1 Processor -- start
2024-04-05T02:53:00.199 INFO:teuthology.orchestra.run.smithi153.stdout:/usr/bin/ceph: stderr
2024-04-05T02:52:58.951+0000 7f7a6e0f6700 1 -- start start
2024-04-05T02:53:00.199 INFO:teuthology.orchestra.run.smithi153.stdout:/usr/bin/ceph: stderr
2024-04-05T02:52:58.951+0000 7f7a6e0f6700 1 --2- >> [v2:172.21.15.153:3300/0,v1:172.21.15.153:6789/0] conn(0x7f7a68076ce0 0x7f7a68102e00 unknown :-1 s=NONE pgs=0 cs=0 l=1 rev1=0 crypto rx=0 tx=0 comp rx=0 tx=0).connect
2024-04-05T02:53:00.199 INFO:teuthology.orchestra.run.smithi153.stdout:/usr/bin/ceph: stderr
2024-04-05T02:52:58.951+0000 7f7a6e0f6700 1 -- --> [v2:172.21.15.153:3300/0,v1:172.21.15.153:6789/0] -- mon_getmap magic: 0 v1 -- 0x7f7a68103340 con 0x7f7a68076ce0
2024-04-05T02:53:00.199 INFO:teuthology.orchestra.run.smithi153.stdout:/usr/bin/ceph: stderr
2024-04-05T02:52:58.951+0000 7f7a677fe700 1 --2- >> [v2:172.21.15.153:3300/0,v1:172.21.15.153:6789/0] conn(0x7f7a68076ce0 0x7f7a68102e00 unknown :-1 s=BANNER_CONNECTING pgs=0 cs=0 l=1 rev1=0 crypto rx=0 tx=0 comp rx=0 tx=0)._handle_peer_banner_payload supported=3 required=0
2024-04-05T02:53:00.199 INFO:teuthology.orchestra.run.smithi153.stdout:/usr/bin/ceph: stderr
2024-04-05T02:52:58.951+0000 7f7a677fe700 1 --2- >> [v2:172.21.15.153:3300/0,v1:172.21.15.153:6789/0] conn(0x7f7a68076ce0 0x7f7a68102e00 unknown :-1 s=HELLO_CONNECTING pgs=0 cs=0 l=1 rev1=1 crypto rx=0 tx=0 comp rx=0 tx=0).handle_hello peer v2:172.21.15.153:3300/0 says I am v2:172.21.15.153:35030/0 (socket says 172.21.15.153:35030)
2024-04-05T02:53:00.199 INFO:teuthology.orchestra.run.smithi153.stdout:/usr/bin/ceph: stderr
2024-04-05T02:52:58.951+0000 7f7a677fe700 1 -- 172.21.15.153:0/3479771122 learned_addr learned my addr 172.21.15.153:0/3479771122 (peer_addr_for_me v2:172.21.15.153:0/0)
2024-04-05T02:53:00.199 INFO:teuthology.orchestra.run.smithi153.stdout:/usr/bin/ceph: stderr
2024-04-05T02:52:58.952+0000 7f7a677fe700 1 -- 172.21.15.153:0/3479771122 --> [v2:172.21.15.153:3300/0,v1:172.21.15.153:6789/0] -- mon_subscribe({config=0+,monmap=0+}) v3 -- 0x7f7a5c0094f0 con 0x7f7a68076ce0
2024-04-05T02:53:00.199 INFO:teuthology.orchestra.run.smithi153.stdout:/usr/bin/ceph: stderr
2024-04-05T02:52:58.952+0000 7f7a677fe700 1 --2- 172.21.15.153:0/3479771122 >> [v2:172.21.15.153:3300/0,v1:172.21.15.153:6789/0] conn(0x7f7a68076ce0 0x7f7a68102e00 secure :-1 s=READY pgs=83 cs=0 l=1 rev1=1 crypto rx=0x7f7a5c006d40 tx=0x7f7a5c009250 comp rx=0 tx=0).ready entity=mon.0 client_cookie=0 server_cookie=0 in_seq=0 out_seq=0
2024-04-05T02:53:00.199 INFO:teuthology.orchestra.run.smithi153.stdout:/usr/bin/ceph: stderr
2024-04-05T02:52:58.952+0000 7f7a4ffff700 1 -- 172.21.15.153:0/3479771122 <== mon.0 v2:172.21.15.153:3300/0 1 ==== mon_map magic: 0 v1 ==== 229+0+0 (secure 0 0 0) 0x7f7a5c010840 con 0x7f7a68076ce0
2024-04-05T02:53:00.199 INFO:teuthology.orchestra.run.smithi153.stdout:/usr/bin/ceph: stderr
2024-04-05T02:52:58.952+0000 7f7a4ffff700 1 -- 172.21.15.153:0/3479771122 <== mon.0 v2:172.21.15.153:3300/0 2 ==== config(27 keys) v1 ==== 1109+0+0 (secure 0 0 0) 0x7f7a5c010e70 con 0x7f7a68076ce0
2024-04-05T02:53:00.199 INFO:teuthology.orchestra.run.smithi153.stdout:/usr/bin/ceph: stderr
2024-04-05T02:52:58.952+0000 7f7a4ffff700 1 -- 172.21.15.153:0/3479771122 <== mon.0 v2:172.21.15.153:3300/0 3 ==== mon_map magic: 0 v1 ==== 229+0+0 (secure 0 0 0) 0x7f7a5c024ea0 con 0x7f7a68076ce0
2024-04-05T02:53:00.200 INFO:teuthology.orchestra.run.smithi153.stdout:/usr/bin/ceph: stderr
2024-04-05T02:52:58.952+0000 7f7a6e0f6700 1 -- 172.21.15.153:0/3479771122 --> [v2:172.21.15.153:3300/0,v1:172.21.15.153:6789/0] -- mon_subscribe({mgrmap=0+}) v3 -- 0x7f7a681013b0 con 0x7f7a68076ce0
2024-04-05T02:53:00.200 INFO:teuthology.orchestra.run.smithi153.stdout:/usr/bin/ceph: stderr
2024-04-05T02:52:58.952+0000 7f7a6e0f6700 1 -- 172.21.15.153:0/3479771122 --> [v2:172.21.15.153:3300/0,v1:172.21.15.153:6789/0] -- mon_subscribe({osdmap=0}) v3 -- 0x7f7a681018a0 con 0x7f7a68076ce0
2024-04-05T02:53:00.200 INFO:teuthology.orchestra.run.smithi153.stdout:/usr/bin/ceph: stderr
2024-04-05T02:52:58.953+0000 7f7a4ffff700 1 -- 172.21.15.153:0/3479771122 <== mon.0 v2:172.21.15.153:3300/0 4 ==== mgrmap(e 12) v1 ==== 43381+0+0 (secure 0 0 0) 0x7f7a5c01a4c0 con 0x7f7a68076ce0
2024-04-05T02:53:00.200 INFO:teuthology.orchestra.run.smithi153.stdout:/usr/bin/ceph: stderr
2024-04-05T02:52:58.953+0000 7f7a6e0f6700 1 -- 172.21.15.153:0/3479771122 --> [v2:172.21.15.153:3300/0,v1:172.21.15.153:6789/0] -- mon_command({"prefix": "get_command_descriptions"} v 0) v1 -- 0x7f7a68106970 con 0x7f7a68076ce0
2024-04-05T02:53:00.200 INFO:teuthology.orchestra.run.smithi153.stdout:/usr/bin/ceph: stderr
2024-04-05T02:52:58.953+0000 7f7a4ffff700 1 --2- 172.21.15.153:0/3479771122 >> [v2:172.21.15.153:6800/4288916206,v1:172.21.15.153:6801/4288916206] conn(0x7f7a500367e0 0x7f7a50038c90 unknown :-1 s=NONE pgs=0 cs=0 l=1 rev1=0 crypto rx=0 tx=0 comp rx=0 tx=0).connect
2024-04-05T02:53:00.200 INFO:teuthology.orchestra.run.smithi153.stdout:/usr/bin/ceph: stderr
2024-04-05T02:52:58.954+0000 7f7a4ffff700 1 -- 172.21.15.153:0/3479771122 <== mon.0 v2:172.21.15.153:3300/0 5 ==== osd_map(3..3 src has 1..3) v4 ==== 1151+0+0 (secure 0 0 0) 0x7f7a5c04a980 con 0x7f7a68076ce0
2024-04-05T02:53:00.200 INFO:teuthology.orchestra.run.smithi153.stdout:/usr/bin/ceph: stderr
2024-04-05T02:52:58.954+0000 7f7a66ffd700 1 --2- 172.21.15.153:0/3479771122 >> [v2:172.21.15.153:6800/4288916206,v1:172.21.15.153:6801/4288916206] conn(0x7f7a500367e0 0x7f7a50038c90 unknown :-1 s=BANNER_CONNECTING pgs=0 cs=0 l=1 rev1=0 crypto rx=0 tx=0 comp rx=0 tx=0)._handle_peer_banner_payload supported=3 required=0
2024-04-05T02:53:00.200 INFO:teuthology.orchestra.run.smithi153.stdout:/usr/bin/ceph: stderr
2024-04-05T02:52:58.954+0000 7f7a66ffd700 1 --2- 172.21.15.153:0/3479771122 >> [v2:172.21.15.153:6800/4288916206,v1:172.21.15.153:6801/4288916206] conn(0x7f7a500367e0 0x7f7a50038c90 secure :-1 s=READY pgs=8 cs=0 l=1 rev1=1 crypto rx=0x7f7a58009990 tx=0x7f7a58006e40 comp rx=0 tx=0).ready entity=mgr.14162 client_cookie=0 server_cookie=0 in_seq=0 out_seq=0
2024-04-05T02:53:00.200 INFO:teuthology.orchestra.run.smithi153.stdout:/usr/bin/ceph: stderr
2024-04-05T02:52:58.959+0000 7f7a4ffff700 1 -- 172.21.15.153:0/3479771122 <== mon.0 v2:172.21.15.153:3300/0 6 ==== mon_command_ack([{"prefix": "get_command_descriptions"}]=0 v0) v1 ==== 72+0+176504 (secure 0 0 0) 0x7f7a5c010b80 con 0x7f7a68076ce0
2024-04-05T02:53:00.200 INFO:teuthology.orchestra.run.smithi153.stdout:/usr/bin/ceph: stderr
2024-04-05T02:52:59.171+0000 7f7a6e0f6700 1 -- 172.21.15.153:0/3479771122 --> [v2:172.21.15.153:6800/4288916206,v1:172.21.15.153:6801/4288916206] -- mgr_command(tid 0: {"prefix": "dashboard ac-user-create", "username": "admin", "rolename": "administrator", "force_password": true, "pwd_update_required": true, "target": ["mon-mgr", ""]}) v1 -- 0x7f7a6805f410 con 0x7f7a500367e0
2024-04-05T02:53:00.200 INFO:teuthology.orchestra.run.smithi153.stdout:/usr/bin/ceph: stderr
2024-04-05T02:52:59.394+0000 7f7a4ffff700 1 -- 172.21.15.153:0/3479771122 <== mgr.14162 v2:172.21.15.153:6800/4288916206 1 ==== mgr_command_reply(tid 0: 0 ) v1 ==== 8+0+252 (secure 0 0 0) 0x7f7a6805f410 con 0x7f7a500367e0
2024-04-05T02:53:00.200 INFO:teuthology.orchestra.run.smithi153.stdout:/usr/bin/ceph: stderr
2024-04-05T02:52:59.396+0000 7f7a6e0f6700 1 -- 172.21.15.153:0/3479771122 >> [v2:172.21.15.153:6800/4288916206,v1:172.21.15.153:6801/4288916206] conn(0x7f7a500367e0 msgr2=0x7f7a50038c90 secure :-1 s=STATE_CONNECTION_ESTABLISHED l=1).mark_down
2024-04-05T02:53:00.200 INFO:teuthology.orchestra.run.smithi153.stdout:/usr/bin/ceph: stderr
2024-04-05T02:52:59.396+0000 7f7a6e0f6700 1 --2- 172.21.15.153:0/3479771122 >> [v2:172.21.15.153:6800/4288916206,v1:172.21.15.153:6801/4288916206] conn(0x7f7a500367e0 0x7f7a50038c90 secure :-1 s=READY pgs=8 cs=0 l=1 rev1=1 crypto rx=0x7f7a58009990 tx=0x7f7a58006e40 comp rx=0 tx=0).stop
2024-04-05T02:53:00.201 INFO:teuthology.orchestra.run.smithi153.stdout:/usr/bin/ceph: stderr
2024-04-05T02:52:59.396+0000 7f7a6e0f6700 1 -- 172.21.15.153:0/3479771122 >> [v2:172.21.15.153:3300/0,v1:172.21.15.153:6789/0] conn(0x7f7a68076ce0 msgr2=0x7f7a68102e00 secure :-1 s=STATE_CONNECTION_ESTABLISHED l=1).mark_down
2024-04-05T02:53:00.201 INFO:teuthology.orchestra.run.smithi153.stdout:/usr/bin/ceph: stderr
2024-04-05T02:52:59.396+0000 7f7a6e0f6700 1 --2- 172.21.15.153:0/3479771122 >> [v2:172.21.15.153:3300/0,v1:172.21.15.153:6789/0] conn(0x7f7a68076ce0 0x7f7a68102e00 secure :-1 s=READY pgs=83 cs=0 l=1 rev1=1 crypto rx=0x7f7a5c006d40 tx=0x7f7a5c009250 comp rx=0 tx=0).stop
2024-04-05T02:53:00.201 INFO:teuthology.orchestra.run.smithi153.stdout:/usr/bin/ceph: stderr
2024-04-05T02:52:59.396+0000 7f7a6e0f6700 1 -- 172.21.15.153:0/3479771122 shutdown_connections
2024-04-05T02:53:00.201 INFO:teuthology.orchestra.run.smithi153.stdout:/usr/bin/ceph: stderr
2024-04-05T02:52:59.396+0000 7f7a6e0f6700 1 --2- 172.21.15.153:0/3479771122 >> [v2:172.21.15.153:6800/4288916206,v1:172.21.15.153:6801/4288916206] conn(0x7f7a500367e0 0x7f7a50038c90 unknown :-1 s=CLOSED pgs=8 cs=0 l=1 rev1=1 crypto rx=0 tx=0 comp rx=0 tx=0).stop
2024-04-05T02:53:00.201 INFO:teuthology.orchestra.run.smithi153.stdout:/usr/bin/ceph: stderr
2024-04-05T02:52:59.396+0000 7f7a6e0f6700 1 --2- 172.21.15.153:0/3479771122 >> [v2:172.21.15.153:3300/0,v1:172.21.15.153:6789/0] conn(0x7f7a68076ce0 0x7f7a68102e00 unknown :-1 s=CLOSED pgs=83 cs=0 l=1 rev1=1 crypto rx=0 tx=0 comp rx=0 tx=0).stop
2024-04-05T02:53:00.201 INFO:teuthology.orchestra.run.smithi153.stdout:/usr/bin/ceph: stderr
2024-04-05T02:52:59.396+0000 7f7a6e0f6700 1 -- 172.21.15.153:0/3479771122 >> 172.21.15.153:0/3479771122 conn(0x7f7a680fcf40 msgr2=0x7f7a680fdaa0 unknown :-1 s=STATE_NONE l=0).mark_down
2024-04-05T02:53:00.201 INFO:teuthology.orchestra.run.smithi153.stdout:/usr/bin/ceph: stderr
2024-04-05T02:52:59.396+0000 7f7a6e0f6700 1 -- 172.21.15.153:0/3479771122 shutdown_connections
2024-04-05T02:53:00.201 INFO:teuthology.orchestra.run.smithi153.stdout:/usr/bin/ceph: stderr
2024-04-05T02:52:59.396+0000 7f7a6e0f6700 1 -- 172.21.15.153:0/3479771122 wait complete.
2024-04-05T02:53:00.201 INFO:teuthology.orchestra.run.smithi153.stdout:Fetching dashboard port number...
2024-04-05T02:53:00.474 INFO:journalctl@ceph.mon.smithi153.smithi153.stdout:Apr 05 02:53:00 smithi153 ceph-mon[29381]: from='client.14176 -' entity='client.admin' cmd=[{"prefix": "dashboard ac-user-create", "username": "admin", "rolename": "administrator", "force_password": true, "pwd_update_required": true, "target": ["mon-mgr", ""]}]: dispatch
2024-04-05T02:53:00.474 INFO:journalctl@ceph.mon.smithi153.smithi153.stdout:Apr 05 02:53:00 smithi153 ceph-mon[29381]: from='mgr.14162 172.21.15.153:0/2983087345' entity='mgr.smithi153.npzyqy'
2024-04-05T02:53:01.554 INFO:teuthology.orchestra.run.smithi153.stdout:/usr/bin/ceph: stdout 8443
2024-04-05T02:53:01.554 INFO:teuthology.orchestra.run.smithi153.stdout:/usr/bin/ceph: stderr
2024-04-05T02:53:00.575+0000 7f8939479700 1 Processor -- start
2024-04-05T02:53:01.555 INFO:teuthology.orchestra.run.smithi153.stdout:/usr/bin/ceph: stderr
2024-04-05T02:53:00.575+0000 7f8939479700 1 -- start start
2024-04-05T02:53:01.555 INFO:teuthology.orchestra.run.smithi153.stdout:/usr/bin/ceph: stderr
2024-04-05T02:53:00.575+0000 7f8939479700 1 --2- >> [v2:172.21.15.153:3300/0,v1:172.21.15.153:6789/0] conn(0x7f8934101870 0x7f8934101c80 unknown :-1 s=NONE pgs=0 cs=0 l=0 rev1=0 crypto rx=0 tx=0 comp rx=0 tx=0).connect
2024-04-05T02:53:01.555 INFO:teuthology.orchestra.run.smithi153.stdout:/usr/bin/ceph: stderr
2024-04-05T02:53:00.575+0000 7f8939479700 1 -- --> [v2:172.21.15.153:3300/0,v1:172.21.15.153:6789/0] -- mon_getmap magic: 0 v1 -- 0x7f89341021c0 con 0x7f8934101870
2024-04-05T02:53:01.555 INFO:teuthology.orchestra.run.smithi153.stdout:/usr/bin/ceph: stderr
2024-04-05T02:53:00.575+0000 7f8932ffd700 1 --2- >> [v2:172.21.15.153:3300/0,v1:172.21.15.153:6789/0] conn(0x7f8934101870 0x7f8934101c80 unknown :-1 s=BANNER_CONNECTING pgs=0 cs=0 l=0 rev1=0 crypto rx=0 tx=0 comp rx=0 tx=0)._handle_peer_banner_payload supported=3 required=0
2024-04-05T02:53:01.555 INFO:teuthology.orchestra.run.smithi153.stdout:/usr/bin/ceph: stderr
2024-04-05T02:53:00.575+0000 7f8932ffd700 1 --2- >> [v2:172.21.15.153:3300/0,v1:172.21.15.153:6789/0] conn(0x7f8934101870 0x7f8934101c80 unknown :-1 s=HELLO_CONNECTING pgs=0 cs=0 l=0 rev1=1 crypto rx=0 tx=0 comp rx=0 tx=0).handle_hello peer v2:172.21.15.153:3300/0 says I am v2:172.21.15.153:35034/0 (socket says 172.21.15.153:35034)
2024-04-05T02:53:01.555 INFO:teuthology.orchestra.run.smithi153.stdout:/usr/bin/ceph: stderr
2024-04-05T02:53:00.575+0000 7f8932ffd700 1 -- 172.21.15.153:0/3467602555 learned_addr learned my addr 172.21.15.153:0/3467602555 (peer_addr_for_me v2:172.21.15.153:0/0)
2024-04-05T02:53:01.555 INFO:teuthology.orchestra.run.smithi153.stdout:/usr/bin/ceph: stderr
2024-04-05T02:53:00.576+0000 7f8932ffd700 1 -- 172.21.15.153:0/3467602555 --> [v2:172.21.15.153:3300/0,v1:172.21.15.153:6789/0] -- mon_subscribe({config=0+,monmap=0+}) v3 -- 0x7f8934102300 con 0x7f8934101870
2024-04-05T02:53:01.555 INFO:teuthology.orchestra.run.smithi153.stdout:/usr/bin/ceph: stderr
2024-04-05T02:53:00.576+0000 7f8932ffd700 1 --2- 172.21.15.153:0/3467602555 >> [v2:172.21.15.153:3300/0,v1:172.21.15.153:6789/0] conn(0x7f8934101870 0x7f8934101c80 secure :-1 s=READY pgs=84 cs=0 l=1 rev1=1 crypto rx=0x7f89240098e0 tx=0x7f8924009250 comp rx=0 tx=0).ready entity=mon.0 client_cookie=f9c1357390376035 server_cookie=0 in_seq=0 out_seq=0
2024-04-05T02:53:01.555 INFO:teuthology.orchestra.run.smithi153.stdout:/usr/bin/ceph: stderr
2024-04-05T02:53:00.576+0000 7f8931ffb700 1 -- 172.21.15.153:0/3467602555 <== mon.0 v2:172.21.15.153:3300/0 1 ==== mon_map magic: 0 v1 ==== 229+0+0 (secure 0 0 0) 0x7f892400b8f0 con 0x7f8934101870
2024-04-05T02:53:01.555 INFO:teuthology.orchestra.run.smithi153.stdout:/usr/bin/ceph: stderr
2024-04-05T02:53:00.576+0000 7f8931ffb700 1 -- 172.21.15.153:0/3467602555 <== mon.0 v2:172.21.15.153:3300/0 2 ==== config(27 keys) v1 ==== 1109+0+0 (secure 0 0 0) 0x7f8924011420 con 0x7f8934101870
2024-04-05T02:53:01.555 INFO:teuthology.orchestra.run.smithi153.stdout:/usr/bin/ceph: stderr
2024-04-05T02:53:00.576+0000 7f8931ffb700 1 -- 172.21.15.153:0/3467602555 <== mon.0 v2:172.21.15.153:3300/0 3 ==== mon_map magic: 0 v1 ==== 229+0+0 (secure 0 0 0) 0x7f8924010540 con 0x7f8934101870
2024-04-05T02:53:01.555 INFO:teuthology.orchestra.run.smithi153.stdout:/usr/bin/ceph: stderr
2024-04-05T02:53:00.577+0000 7f8939479700 1 -- 172.21.15.153:0/3467602555 >> [v2:172.21.15.153:3300/0,v1:172.21.15.153:6789/0] conn(0x7f8934101870 msgr2=0x7f8934101c80 secure :-1 s=STATE_CONNECTION_ESTABLISHED l=1).mark_down
2024-04-05T02:53:01.555 INFO:teuthology.orchestra.run.smithi153.stdout:/usr/bin/ceph: stderr
2024-04-05T02:53:00.577+0000 7f8939479700 1 --2- 172.21.15.153:0/3467602555 >> [v2:172.21.15.153:3300/0,v1:172.21.15.153:6789/0] conn(0x7f8934101870 0x7f8934101c80 secure :-1 s=READY pgs=84 cs=0 l=1 rev1=1 crypto rx=0x7f89240098e0 tx=0x7f8924009250 comp rx=0 tx=0).stop
2024-04-05T02:53:01.555 INFO:teuthology.orchestra.run.smithi153.stdout:/usr/bin/ceph: stderr
2024-04-05T02:53:00.577+0000 7f8939479700 1 -- 172.21.15.153:0/3467602555 shutdown_connections
2024-04-05T02:53:01.556 INFO:teuthology.orchestra.run.smithi153.stdout:/usr/bin/ceph: stderr
2024-04-05T02:53:00.577+0000 7f8939479700 1 --2- 172.21.15.153:0/3467602555 >> [v2:172.21.15.153:3300/0,v1:172.21.15.153:6789/0] conn(0x7f8934101870 0x7f8934101c80 unknown :-1 s=CLOSED pgs=84 cs=0 l=1 rev1=1 crypto rx=0 tx=0 comp rx=0 tx=0).stop
2024-04-05T02:53:01.556 INFO:teuthology.orchestra.run.smithi153.stdout:/usr/bin/ceph: stderr
2024-04-05T02:53:00.577+0000 7f8939479700 1 -- 172.21.15.153:0/3467602555 >> 172.21.15.153:0/3467602555 conn(0x7f89340fcfd0 msgr2=0x7f89340ff400 unknown :-1 s=STATE_NONE l=0).mark_down
2024-04-05T02:53:01.556 INFO:teuthology.orchestra.run.smithi153.stdout:/usr/bin/ceph: stderr
2024-04-05T02:53:00.577+0000 7f8939479700 1 -- 172.21.15.153:0/3467602555 shutdown_connections
2024-04-05T02:53:01.556 INFO:teuthology.orchestra.run.smithi153.stdout:/usr/bin/ceph: stderr
2024-04-05T02:53:00.577+0000 7f8939479700 1 -- 172.21.15.153:0/3467602555 wait complete.
2024-04-05T02:53:01.556 INFO:teuthology.orchestra.run.smithi153.stdout:/usr/bin/ceph: stderr
2024-04-05T02:53:00.578+0000 7f8939479700 1 Processor -- start
2024-04-05T02:53:01.556 INFO:teuthology.orchestra.run.smithi153.stdout:/usr/bin/ceph: stderr
2024-04-05T02:53:00.578+0000 7f8939479700 1 -- start start
2024-04-05T02:53:01.556 INFO:teuthology.orchestra.run.smithi153.stdout:/usr/bin/ceph: stderr
2024-04-05T02:53:00.578+0000 7f8939479700 1 --2- >> [v2:172.21.15.153:3300/0,v1:172.21.15.153:6789/0] conn(0x7f8934101870 0x7f8934111710 unknown :-1 s=NONE pgs=0 cs=0 l=1 rev1=0 crypto rx=0 tx=0 comp rx=0 tx=0).connect
2024-04-05T02:53:01.556 INFO:teuthology.orchestra.run.smithi153.stdout:/usr/bin/ceph: stderr
2024-04-05T02:53:00.578+0000 7f8939479700 1 -- --> [v2:172.21.15.153:3300/0,v1:172.21.15.153:6789/0] -- mon_getmap magic: 0 v1 -- 0x7f8934111c50 con 0x7f8934101870
2024-04-05T02:53:01.556 INFO:teuthology.orchestra.run.smithi153.stdout:/usr/bin/ceph: stderr
2024-04-05T02:53:00.578+0000 7f8932ffd700 1 --2- >> [v2:172.21.15.153:3300/0,v1:172.21.15.153:6789/0] conn(0x7f8934101870 0x7f8934111710 unknown :-1 s=BANNER_CONNECTING pgs=0 cs=0 l=1 rev1=0 crypto rx=0 tx=0 comp rx=0 tx=0)._handle_peer_banner_payload supported=3 required=0
2024-04-05T02:53:01.556 INFO:teuthology.orchestra.run.smithi153.stdout:/usr/bin/ceph: stderr
2024-04-05T02:53:00.578+0000 7f8932ffd700 1 --2- >> [v2:172.21.15.153:3300/0,v1:172.21.15.153:6789/0] conn(0x7f8934101870 0x7f8934111710 unknown :-1 s=HELLO_CONNECTING pgs=0 cs=0 l=1 rev1=1 crypto rx=0 tx=0 comp rx=0 tx=0).handle_hello peer v2:172.21.15.153:3300/0 says I am v2:172.21.15.153:35038/0 (socket says 172.21.15.153:35038)
2024-04-05T02:53:01.556 INFO:teuthology.orchestra.run.smithi153.stdout:/usr/bin/ceph: stderr
2024-04-05T02:53:00.578+0000 7f8932ffd700 1 -- 172.21.15.153:0/2751921912 learned_addr learned my addr 172.21.15.153:0/2751921912 (peer_addr_for_me v2:172.21.15.153:0/0)
2024-04-05T02:53:01.556 INFO:teuthology.orchestra.run.smithi153.stdout:/usr/bin/ceph: stderr
2024-04-05T02:53:00.578+0000 7f8932ffd700 1 -- 172.21.15.153:0/2751921912 --> [v2:172.21.15.153:3300/0,v1:172.21.15.153:6789/0] -- mon_subscribe({config=0+,monmap=0+}) v3 -- 0x7f89240094f0 con 0x7f8934101870
2024-04-05T02:53:01.556 INFO:teuthology.orchestra.run.smithi153.stdout:/usr/bin/ceph: stderr
2024-04-05T02:53:00.578+0000 7f8932ffd700 1 --2- 172.21.15.153:0/2751921912 >> [v2:172.21.15.153:3300/0,v1:172.21.15.153:6789/0] conn(0x7f8934101870 0x7f8934111710 secure :-1 s=READY pgs=85 cs=0 l=1 rev1=1 crypto rx=0x7f8924006b00 tx=0x7f8924009250 comp rx=0 tx=0).ready entity=mon.0 client_cookie=0 server_cookie=0 in_seq=0 out_seq=0
2024-04-05T02:53:01.556 INFO:teuthology.orchestra.run.smithi153.stdout:/usr/bin/ceph: stderr
2024-04-05T02:53:00.579+0000 7f891b7fe700 1 -- 172.21.15.153:0/2751921912 <== mon.0 v2:172.21.15.153:3300/0 1 ==== mon_map magic: 0 v1 ==== 229+0+0 (secure 0 0 0) 0x7f8924010800 con 0x7f8934101870
2024-04-05T02:53:01.556 INFO:teuthology.orchestra.run.smithi153.stdout:/usr/bin/ceph: stderr
2024-04-05T02:53:00.579+0000 7f891b7fe700 1 -- 172.21.15.153:0/2751921912 <== mon.0 v2:172.21.15.153:3300/0 2 ==== config(27 keys) v1 ==== 1109+0+0 (secure 0 0 0) 0x7f8924010e30 con 0x7f8934101870
2024-04-05T02:53:01.557 INFO:teuthology.orchestra.run.smithi153.stdout:/usr/bin/ceph: stderr
2024-04-05T02:53:00.579+0000 7f8939479700 1 -- 172.21.15.153:0/2751921912 --> [v2:172.21.15.153:3300/0,v1:172.21.15.153:6789/0] -- mon_subscribe({mgrmap=0+}) v3 -- 0x7f8934111e50 con 0x7f8934101870
2024-04-05T02:53:01.557 INFO:teuthology.orchestra.run.smithi153.stdout:/usr/bin/ceph: stderr
2024-04-05T02:53:00.579+0000 7f891b7fe700 1 -- 172.21.15.153:0/2751921912 <== mon.0 v2:172.21.15.153:3300/0 3 ==== mon_map magic: 0 v1 ==== 229+0+0 (secure 0 0 0) 0x7f892401ae40 con 0x7f8934101870
2024-04-05T02:53:01.557 INFO:teuthology.orchestra.run.smithi153.stdout:/usr/bin/ceph: stderr
2024-04-05T02:53:00.579+0000 7f8939479700 1 -- 172.21.15.153:0/2751921912 --> [v2:172.21.15.153:3300/0,v1:172.21.15.153:6789/0] -- mon_subscribe({osdmap=0}) v3 -- 0x7f89341129c0 con 0x7f8934101870
2024-04-05T02:53:01.557 INFO:teuthology.orchestra.run.smithi153.stdout:/usr/bin/ceph: stderr
2024-04-05T02:53:00.580+0000 7f891b7fe700 1 -- 172.21.15.153:0/2751921912 <== mon.0 v2:172.21.15.153:3300/0 4 ==== mgrmap(e 12) v1 ==== 43381+0+0 (secure 0 0 0) 0x7f892402e440 con 0x7f8934101870
2024-04-05T02:53:01.557 INFO:teuthology.orchestra.run.smithi153.stdout:/usr/bin/ceph: stderr
2024-04-05T02:53:00.580+0000 7f891b7fe700 1 --2- 172.21.15.153:0/2751921912 >> [v2:172.21.15.153:6800/4288916206,v1:172.21.15.153:6801/4288916206] conn(0x7f891c0367e0 0x7f891c038c90 unknown :-1 s=NONE pgs=0 cs=0 l=1 rev1=0 crypto rx=0 tx=0 comp rx=0 tx=0).connect
2024-04-05T02:53:01.557 INFO:teuthology.orchestra.run.smithi153.stdout:/usr/bin/ceph: stderr
2024-04-05T02:53:00.580+0000 7f8939479700 1 -- 172.21.15.153:0/2751921912 --> [v2:172.21.15.153:3300/0,v1:172.21.15.153:6789/0] -- mon_command({"prefix": "get_command_descriptions"} v 0) v1 -- 0x7f893405f5f0 con 0x7f8934101870
2024-04-05T02:53:01.557 INFO:teuthology.orchestra.run.smithi153.stdout:/usr/bin/ceph: stderr
2024-04-05T02:53:00.580+0000 7f891b7fe700 1 -- 172.21.15.153:0/2751921912 <== mon.0 v2:172.21.15.153:3300/0 5 ==== osd_map(3..3 src has 1..3) v4 ==== 1151+0+0 (secure 0 0 0) 0x7f892404a6e0 con 0x7f8934101870
2024-04-05T02:53:01.557 INFO:teuthology.orchestra.run.smithi153.stdout:/usr/bin/ceph: stderr
2024-04-05T02:53:00.580+0000 7f89327fc700 1 --2- 172.21.15.153:0/2751921912 >> [v2:172.21.15.153:6800/4288916206,v1:172.21.15.153:6801/4288916206] conn(0x7f891c0367e0 0x7f891c038c90 unknown :-1 s=BANNER_CONNECTING pgs=0 cs=0 l=1 rev1=0 crypto rx=0 tx=0 comp rx=0 tx=0)._handle_peer_banner_payload supported=3 required=0
2024-04-05T02:53:01.557 INFO:teuthology.orchestra.run.smithi153.stdout:/usr/bin/ceph: stderr
2024-04-05T02:53:00.580+0000 7f89327fc700 1 --2- 172.21.15.153:0/2751921912 >> [v2:172.21.15.153:6800/4288916206,v1:172.21.15.153:6801/4288916206] conn(0x7f891c0367e0 0x7f891c038c90 secure :-1 s=READY pgs=9 cs=0 l=1 rev1=1 crypto rx=0x7f8928009990 tx=0x7f8928006e40 comp rx=0 tx=0).ready entity=mgr.14162 client_cookie=0 server_cookie=0 in_seq=0 out_seq=0
2024-04-05T02:53:01.557 INFO:teuthology.orchestra.run.smithi153.stdout:/usr/bin/ceph: stderr
2024-04-05T02:53:00.585+0000 7f891b7fe700 1 -- 172.21.15.153:0/2751921912 <== mon.0 v2:172.21.15.153:3300/0 6 ==== mon_command_ack([{"prefix": "get_command_descriptions"}]=0 v0) v1 ==== 72+0+176504 (secure 0 0 0) 0x7f8924018710 con 0x7f8934101870
2024-04-05T02:53:01.557 INFO:teuthology.orchestra.run.smithi153.stdout:/usr/bin/ceph: stderr
2024-04-05T02:53:00.777+0000 7f8939479700 1 -- 172.21.15.153:0/2751921912 --> [v2:172.21.15.153:3300/0,v1:172.21.15.153:6789/0] -- mon_command({"prefix": "config get", "who": "mgr", "key": "mgr/dashboard/ssl_server_port"} v 0) v1 -- 0x7f893404bed0 con 0x7f8934101870
2024-04-05T02:53:01.557 INFO:teuthology.orchestra.run.smithi153.stdout:/usr/bin/ceph: stderr
2024-04-05T02:53:00.778+0000 7f891b7fe700 1 -- 172.21.15.153:0/2751921912 <== mon.0 v2:172.21.15.153:3300/0 7 ==== mon_command_ack([{"prefix": "config get", "who": "mgr", "key": "mgr/dashboard/ssl_server_port"}]=0 v8) v1 ==== 112+0+5 (secure 0 0 0) 0x7f8924018350 con 0x7f8934101870
2024-04-05T02:53:01.557 INFO:teuthology.orchestra.run.smithi153.stdout:/usr/bin/ceph: stderr
2024-04-05T02:53:00.780+0000 7f8939479700 1 -- 172.21.15.153:0/2751921912 >> [v2:172.21.15.153:6800/4288916206,v1:172.21.15.153:6801/4288916206] conn(0x7f891c0367e0 msgr2=0x7f891c038c90 secure :-1 s=STATE_CONNECTION_ESTABLISHED l=1).mark_down
2024-04-05T02:53:01.557 INFO:teuthology.orchestra.run.smithi153.stdout:/usr/bin/ceph: stderr
2024-04-05T02:53:00.780+0000 7f8939479700 1 --2- 172.21.15.153:0/2751921912 >> [v2:172.21.15.153:6800/4288916206,v1:172.21.15.153:6801/4288916206] conn(0x7f891c0367e0 0x7f891c038c90 secure :-1 s=READY pgs=9 cs=0 l=1 rev1=1 crypto rx=0x7f8928009990 tx=0x7f8928006e40 comp rx=0 tx=0).stop
2024-04-05T02:53:01.557 INFO:teuthology.orchestra.run.smithi153.stdout:/usr/bin/ceph: stderr
2024-04-05T02:53:00.780+0000 7f8939479700 1 -- 172.21.15.153:0/2751921912 >> [v2:172.21.15.153:3300/0,v1:172.21.15.153:6789/0] conn(0x7f8934101870 msgr2=0x7f8934111710 secure :-1 s=STATE_CONNECTION_ESTABLISHED l=1).mark_down
2024-04-05T02:53:01.558 INFO:teuthology.orchestra.run.smithi153.stdout:/usr/bin/ceph: stderr
2024-04-05T02:53:00.780+0000 7f8939479700 1 --2- 172.21.15.153:0/2751921912 >> [v2:172.21.15.153:3300/0,v1:172.21.15.153:6789/0] conn(0x7f8934101870 0x7f8934111710 secure :-1 s=READY pgs=85 cs=0 l=1 rev1=1 crypto rx=0x7f8924006b00 tx=0x7f8924009250 comp rx=0 tx=0).stop
2024-04-05T02:53:01.558 INFO:teuthology.orchestra.run.smithi153.stdout:/usr/bin/ceph: stderr
2024-04-05T02:53:00.780+0000 7f8939479700 1 -- 172.21.15.153:0/2751921912 shutdown_connections
2024-04-05T02:53:01.558 INFO:teuthology.orchestra.run.smithi153.stdout:/usr/bin/ceph: stderr
2024-04-05T02:53:00.780+0000 7f8939479700 1 --2- 172.21.15.153:0/2751921912 >> [v2:172.21.15.153:6800/4288916206,v1:172.21.15.153:6801/4288916206] conn(0x7f891c0367e0 0x7f891c038c90 unknown :-1 s=CLOSED pgs=9 cs=0 l=1 rev1=1 crypto rx=0 tx=0 comp rx=0 tx=0).stop
2024-04-05T02:53:01.558 INFO:teuthology.orchestra.run.smithi153.stdout:/usr/bin/ceph: stderr
2024-04-05T02:53:00.780+0000 7f8939479700 1 --2- 172.21.15.153:0/2751921912 >> [v2:172.21.15.153:3300/0,v1:172.21.15.153:6789/0] conn(0x7f8934101870 0x7f8934111710 unknown :-1 s=CLOSED pgs=85 cs=0 l=1 rev1=1 crypto rx=0 tx=0 comp rx=0 tx=0).stop
2024-04-05T02:53:01.558 INFO:teuthology.orchestra.run.smithi153.stdout:/usr/bin/ceph: stderr
2024-04-05T02:53:00.780+0000 7f8939479700 1 -- 172.21.15.153:0/2751921912 >> 172.21.15.153:0/2751921912 conn(0x7f89340fcfd0 msgr2=0x7f89340fdeb0 unknown :-1 s=STATE_NONE l=0).mark_down
2024-04-05T02:53:01.558 INFO:teuthology.orchestra.run.smithi153.stdout:/usr/bin/ceph: stderr
2024-04-05T02:53:00.780+0000 7f8939479700 1 -- 172.21.15.153:0/2751921912 shutdown_connections
2024-04-05T02:53:01.558 INFO:teuthology.orchestra.run.smithi153.stdout:/usr/bin/ceph: stderr
2024-04-05T02:53:00.780+0000 7f8939479700 1 -- 172.21.15.153:0/2751921912 wait complete.
2024-04-05T02:53:01.561 INFO:teuthology.orchestra.run.smithi153.stdout:Non-zero exit code 1 from systemctl is-enabled firewalld.service
2024-04-05T02:53:01.561 INFO:teuthology.orchestra.run.smithi153.stdout:systemctl: stdout disabled
2024-04-05T02:53:01.569 INFO:teuthology.orchestra.run.smithi153.stdout:Non-zero exit code 3 from systemctl is-active firewalld.service
2024-04-05T02:53:01.569 INFO:teuthology.orchestra.run.smithi153.stdout:systemctl: stdout inactive
2024-04-05T02:53:01.569 INFO:teuthology.orchestra.run.smithi153.stdout:firewalld.service is not enabled
2024-04-05T02:53:01.569 INFO:teuthology.orchestra.run.smithi153.stdout:Not possible to open ports <[8443]>. firewalld.service is not available
2024-04-05T02:53:01.571 INFO:teuthology.orchestra.run.smithi153.stdout:Ceph Dashboard is now available at:
2024-04-05T02:53:01.571 INFO:teuthology.orchestra.run.smithi153.stdout:
2024-04-05T02:53:01.571 INFO:teuthology.orchestra.run.smithi153.stdout: URL: https://smithi153.front.sepia.ceph.com:8443/
2024-04-05T02:53:01.571 INFO:teuthology.orchestra.run.smithi153.stdout: User: admin
2024-04-05T02:53:01.571 INFO:teuthology.orchestra.run.smithi153.stdout: Password: jnpdpclila
2024-04-05T02:53:01.571 INFO:teuthology.orchestra.run.smithi153.stdout:
2024-04-05T02:53:01.572 INFO:teuthology.orchestra.run.smithi153.stdout:Saving cluster configuration to /var/lib/ceph/3fa69b9e-f2f7-11ee-b649-cb9ed24678a4/config directory
2024-04-05T02:53:01.572 INFO:teuthology.orchestra.run.smithi153.stdout:Enabling autotune for osd_memory_target
2024-04-05T02:53:01.689 INFO:journalctl@ceph.mon.smithi153.smithi153.stdout:Apr 05 02:53:01 smithi153 ceph-mon[29381]: from='client.? 172.21.15.153:0/2751921912' entity='client.admin' cmd=[{"prefix": "config get", "who": "mgr", "key": "mgr/dashboard/ssl_server_port"}]: dispatch
2024-04-05T02:53:02.785 INFO:teuthology.orchestra.run.smithi153.stdout:/usr/bin/ceph: stderr
2024-04-05T02:53:01.974+0000 7fbfea9a9700 1 Processor -- start
2024-04-05T02:53:02.785 INFO:teuthology.orchestra.run.smithi153.stdout:/usr/bin/ceph: stderr
2024-04-05T02:53:01.974+0000 7fbfea9a9700 1 -- start start
2024-04-05T02:53:02.786 INFO:teuthology.orchestra.run.smithi153.stdout:/usr/bin/ceph: stderr
2024-04-05T02:53:01.974+0000 7fbfea9a9700 1 --2- >> [v2:172.21.15.153:3300/0,v1:172.21.15.153:6789/0] conn(0x7fbfe4102910 0x7fbfe4102d20 unknown :-1 s=NONE pgs=0 cs=0 l=0 rev1=0 crypto rx=0 tx=0 comp rx=0 tx=0).connect
2024-04-05T02:53:02.786 INFO:teuthology.orchestra.run.smithi153.stdout:/usr/bin/ceph: stderr
2024-04-05T02:53:01.974+0000 7fbfea9a9700 1 -- --> [v2:172.21.15.153:3300/0,v1:172.21.15.153:6789/0] -- mon_getmap magic: 0 v1 -- 0x7fbfe4103260 con 0x7fbfe4102910
2024-04-05T02:53:02.786 INFO:teuthology.orchestra.run.smithi153.stdout:/usr/bin/ceph: stderr
2024-04-05T02:53:01.975+0000 7fbfe3fff700 1 --2- >> [v2:172.21.15.153:3300/0,v1:172.21.15.153:6789/0] conn(0x7fbfe4102910 0x7fbfe4102d20 unknown :-1 s=BANNER_CONNECTING pgs=0 cs=0 l=0 rev1=0 crypto rx=0 tx=0 comp rx=0 tx=0)._handle_peer_banner_payload supported=3 required=0
2024-04-05T02:53:02.786 INFO:teuthology.orchestra.run.smithi153.stdout:/usr/bin/ceph: stderr
2024-04-05T02:53:01.975+0000 7fbfe3fff700 1 --2- >> [v2:172.21.15.153:3300/0,v1:172.21.15.153:6789/0] conn(0x7fbfe4102910 0x7fbfe4102d20 unknown :-1 s=HELLO_CONNECTING pgs=0 cs=0 l=0 rev1=1 crypto rx=0 tx=0 comp rx=0 tx=0).handle_hello peer v2:172.21.15.153:3300/0 says I am v2:172.21.15.153:35042/0 (socket says 172.21.15.153:35042)
2024-04-05T02:53:02.786 INFO:teuthology.orchestra.run.smithi153.stdout:/usr/bin/ceph: stderr
