2024-04-06T02:42:25.157 INFO:journalctl@ceph.mon.smithi105.smithi105.stdout:Apr 06 02:42:24 smithi105 ceph-mon[29228]: Saving service alertmanager spec with placement count:1
2024-04-06T02:42:25.157 INFO:journalctl@ceph.mon.smithi105.smithi105.stdout:Apr 06 02:42:24 smithi105 ceph-mon[29228]: from='mgr.14118 172.21.15.105:0/768307854' entity='mgr.smithi105.vqqcpx'
2024-04-06T02:42:25.157 INFO:journalctl@ceph.mon.smithi105.smithi105.stdout:Apr 06 02:42:24 smithi105 ceph-mon[29228]: pgmap v4: 0 pgs: ; 0 B data, 0 B used, 0 B / 0 B avail
2024-04-06T02:42:25.659 INFO:teuthology.orchestra.run.smithi105.stdout:/usr/bin/ceph: stderr
2024-04-06T02:42:24.977+0000 7f77419f2700 1 Processor -- start
2024-04-06T02:42:25.664 INFO:teuthology.orchestra.run.smithi105.stdout:/usr/bin/ceph: stderr
2024-04-06T02:42:24.977+0000 7f77419f2700 1 -- start start
2024-04-06T02:42:25.664 INFO:teuthology.orchestra.run.smithi105.stdout:/usr/bin/ceph: stderr
2024-04-06T02:42:24.977+0000 7f77419f2700 1 --2- >> [v2:172.21.15.105:3300/0,v1:172.21.15.105:6789/0] conn(0x7f773c106fe0 0x7f773c1093d0 unknown :-1 s=NONE pgs=0 cs=0 l=0 rev1=0 crypto rx=0 tx=0 comp rx=0 tx=0).connect
2024-04-06T02:42:25.664 INFO:teuthology.orchestra.run.smithi105.stdout:/usr/bin/ceph: stderr
2024-04-06T02:42:24.977+0000 7f77419f2700 1 -- --> [v2:172.21.15.105:3300/0,v1:172.21.15.105:6789/0] -- mon_getmap magic: 0 v1 -- 0x7f773c074680 con 0x7f773c106fe0
2024-04-06T02:42:25.664 INFO:teuthology.orchestra.run.smithi105.stdout:/usr/bin/ceph: stderr
2024-04-06T02:42:24.978+0000 7f773affd700 1 --2- >> [v2:172.21.15.105:3300/0,v1:172.21.15.105:6789/0] conn(0x7f773c106fe0 0x7f773c1093d0 unknown :-1 s=BANNER_CONNECTING pgs=0 cs=0 l=0 rev1=0 crypto rx=0 tx=0 comp rx=0 tx=0)._handle_peer_banner_payload supported=3 required=0
2024-04-06T02:42:25.664 INFO:teuthology.orchestra.run.smithi105.stdout:/usr/bin/ceph: stderr
2024-04-06T02:42:24.978+0000 7f773affd700 1 --2- >> [v2:172.21.15.105:3300/0,v1:172.21.15.105:6789/0] conn(0x7f773c106fe0 0x7f773c1093d0 unknown :-1 s=HELLO_CONNECTING pgs=0 cs=0 l=0 rev1=1 crypto rx=0 tx=0 comp rx=0 tx=0).handle_hello peer v2:172.21.15.105:3300/0 says I am v2:172.21.15.105:53206/0 (socket says 172.21.15.105:53206)
2024-04-06T02:42:25.664 INFO:teuthology.orchestra.run.smithi105.stdout:/usr/bin/ceph: stderr
2024-04-06T02:42:24.978+0000 7f773affd700 1 -- 172.21.15.105:0/3733473185 learned_addr learned my addr 172.21.15.105:0/3733473185 (peer_addr_for_me v2:172.21.15.105:0/0)
2024-04-06T02:42:25.664 INFO:teuthology.orchestra.run.smithi105.stdout:/usr/bin/ceph: stderr
2024-04-06T02:42:24.978+0000 7f773affd700 1 -- 172.21.15.105:0/3733473185 --> [v2:172.21.15.105:3300/0,v1:172.21.15.105:6789/0] -- mon_subscribe({config=0+,monmap=0+}) v3 -- 0x7f773c109910 con 0x7f773c106fe0
2024-04-06T02:42:25.664 INFO:teuthology.orchestra.run.smithi105.stdout:/usr/bin/ceph: stderr
2024-04-06T02:42:24.978+0000 7f773affd700 1 --2- 172.21.15.105:0/3733473185 >> [v2:172.21.15.105:3300/0,v1:172.21.15.105:6789/0] conn(0x7f773c106fe0 0x7f773c1093d0 secure :-1 s=READY pgs=61 cs=0 l=1 rev1=1 crypto rx=0x7f772c009e80 tx=0x7f772c00b330 comp rx=0 tx=0).ready entity=mon.0 client_cookie=e4efbff9dc8de796 server_cookie=0 in_seq=0 out_seq=0
2024-04-06T02:42:25.664 INFO:teuthology.orchestra.run.smithi105.stdout:/usr/bin/ceph: stderr
2024-04-06T02:42:24.978+0000 7f7739ffb700 1 -- 172.21.15.105:0/3733473185 <== mon.0 v2:172.21.15.105:3300/0 1 ==== mon_map magic: 0 v1 ==== 229+0+0 (secure 0 0 0) 0x7f772c00e070 con 0x7f773c106fe0
2024-04-06T02:42:25.664 INFO:teuthology.orchestra.run.smithi105.stdout:/usr/bin/ceph: stderr
2024-04-06T02:42:24.978+0000 7f7739ffb700 1 -- 172.21.15.105:0/3733473185 <== mon.0 v2:172.21.15.105:3300/0 2 ==== config(27 keys) v1 ==== 1101+0+0 (secure 0 0 0) 0x7f772c00b8c0 con 0x7f773c106fe0
2024-04-06T02:42:25.665 INFO:teuthology.orchestra.run.smithi105.stdout:/usr/bin/ceph: stderr
2024-04-06T02:42:24.978+0000 7f7739ffb700 1 -- 172.21.15.105:0/3733473185 <== mon.0 v2:172.21.15.105:3300/0 3 ==== mon_map magic: 0 v1 ==== 229+0+0 (secure 0 0 0) 0x7f772c0044d0 con 0x7f773c106fe0
2024-04-06T02:42:25.665 INFO:teuthology.orchestra.run.smithi105.stdout:/usr/bin/ceph: stderr
2024-04-06T02:42:24.979+0000 7f77419f2700 1 -- 172.21.15.105:0/3733473185 >> [v2:172.21.15.105:3300/0,v1:172.21.15.105:6789/0] conn(0x7f773c106fe0 msgr2=0x7f773c1093d0 secure :-1 s=STATE_CONNECTION_ESTABLISHED l=1).mark_down
2024-04-06T02:42:25.665 INFO:teuthology.orchestra.run.smithi105.stdout:/usr/bin/ceph: stderr
2024-04-06T02:42:24.979+0000 7f77419f2700 1 --2- 172.21.15.105:0/3733473185 >> [v2:172.21.15.105:3300/0,v1:172.21.15.105:6789/0] conn(0x7f773c106fe0 0x7f773c1093d0 secure :-1 s=READY pgs=61 cs=0 l=1 rev1=1 crypto rx=0x7f772c009e80 tx=0x7f772c00b330 comp rx=0 tx=0).stop
2024-04-06T02:42:25.665 INFO:teuthology.orchestra.run.smithi105.stdout:/usr/bin/ceph: stderr
2024-04-06T02:42:24.979+0000 7f77419f2700 1 -- 172.21.15.105:0/3733473185 shutdown_connections
2024-04-06T02:42:25.665 INFO:teuthology.orchestra.run.smithi105.stdout:/usr/bin/ceph: stderr
2024-04-06T02:42:24.979+0000 7f77419f2700 1 --2- 172.21.15.105:0/3733473185 >> [v2:172.21.15.105:3300/0,v1:172.21.15.105:6789/0] conn(0x7f773c106fe0 0x7f773c1093d0 unknown :-1 s=CLOSED pgs=61 cs=0 l=1 rev1=1 crypto rx=0 tx=0 comp rx=0 tx=0).stop
2024-04-06T02:42:25.665 INFO:teuthology.orchestra.run.smithi105.stdout:/usr/bin/ceph: stderr
2024-04-06T02:42:24.979+0000 7f77419f2700 1 -- 172.21.15.105:0/3733473185 >> 172.21.15.105:0/3733473185 conn(0x7f773c1009f0 msgr2=0x7f773c102e50 unknown :-1 s=STATE_NONE l=0).mark_down
2024-04-06T02:42:25.665 INFO:teuthology.orchestra.run.smithi105.stdout:/usr/bin/ceph: stderr
2024-04-06T02:42:24.979+0000 7f77419f2700 1 -- 172.21.15.105:0/3733473185 shutdown_connections
2024-04-06T02:42:25.665 INFO:teuthology.orchestra.run.smithi105.stdout:/usr/bin/ceph: stderr
2024-04-06T02:42:24.979+0000 7f77419f2700 1 -- 172.21.15.105:0/3733473185 wait complete.
2024-04-06T02:42:25.665 INFO:teuthology.orchestra.run.smithi105.stdout:/usr/bin/ceph: stderr
2024-04-06T02:42:24.979+0000 7f77419f2700 1 Processor -- start
2024-04-06T02:42:25.665 INFO:teuthology.orchestra.run.smithi105.stdout:/usr/bin/ceph: stderr
2024-04-06T02:42:24.980+0000 7f77419f2700 1 -- start start
2024-04-06T02:42:25.665 INFO:teuthology.orchestra.run.smithi105.stdout:/usr/bin/ceph: stderr
2024-04-06T02:42:24.980+0000 7f77419f2700 1 --2- >> [v2:172.21.15.105:3300/0,v1:172.21.15.105:6789/0] conn(0x7f773c106fe0 0x7f773c19a1a0 unknown :-1 s=NONE pgs=0 cs=0 l=1 rev1=0 crypto rx=0 tx=0 comp rx=0 tx=0).connect
2024-04-06T02:42:25.665 INFO:teuthology.orchestra.run.smithi105.stdout:/usr/bin/ceph: stderr
2024-04-06T02:42:24.980+0000 7f77419f2700 1 -- --> [v2:172.21.15.105:3300/0,v1:172.21.15.105:6789/0] -- mon_getmap magic: 0 v1 -- 0x7f773c19a6e0 con 0x7f773c106fe0
2024-04-06T02:42:25.665 INFO:teuthology.orchestra.run.smithi105.stdout:/usr/bin/ceph: stderr
2024-04-06T02:42:24.980+0000 7f773affd700 1 --2- >> [v2:172.21.15.105:3300/0,v1:172.21.15.105:6789/0] conn(0x7f773c106fe0 0x7f773c19a1a0 unknown :-1 s=BANNER_CONNECTING pgs=0 cs=0 l=1 rev1=0 crypto rx=0 tx=0 comp rx=0 tx=0)._handle_peer_banner_payload supported=3 required=0
2024-04-06T02:42:25.665 INFO:teuthology.orchestra.run.smithi105.stdout:/usr/bin/ceph: stderr
2024-04-06T02:42:24.980+0000 7f773affd700 1 --2- >> [v2:172.21.15.105:3300/0,v1:172.21.15.105:6789/0] conn(0x7f773c106fe0 0x7f773c19a1a0 unknown :-1 s=HELLO_CONNECTING pgs=0 cs=0 l=1 rev1=1 crypto rx=0 tx=0 comp rx=0 tx=0).handle_hello peer v2:172.21.15.105:3300/0 says I am v2:172.21.15.105:53218/0 (socket says 172.21.15.105:53218)
2024-04-06T02:42:25.665 INFO:teuthology.orchestra.run.smithi105.stdout:/usr/bin/ceph: stderr
2024-04-06T02:42:24.980+0000 7f773affd700 1 -- 172.21.15.105:0/3417990662 learned_addr learned my addr 172.21.15.105:0/3417990662 (peer_addr_for_me v2:172.21.15.105:0/0)
2024-04-06T02:42:25.665 INFO:teuthology.orchestra.run.smithi105.stdout:/usr/bin/ceph: stderr
2024-04-06T02:42:24.980+0000 7f773affd700 1 -- 172.21.15.105:0/3417990662 --> [v2:172.21.15.105:3300/0,v1:172.21.15.105:6789/0] -- mon_subscribe({config=0+,monmap=0+}) v3 -- 0x7f772c009b30 con 0x7f773c106fe0
2024-04-06T02:42:25.666 INFO:teuthology.orchestra.run.smithi105.stdout:/usr/bin/ceph: stderr
2024-04-06T02:42:24.980+0000 7f773affd700 1 --2- 172.21.15.105:0/3417990662 >> [v2:172.21.15.105:3300/0,v1:172.21.15.105:6789/0] conn(0x7f773c106fe0 0x7f773c19a1a0 secure :-1 s=READY pgs=62 cs=0 l=1 rev1=1 crypto rx=0x7f772c004070 tx=0x7f772c0049f0 comp rx=0 tx=0).ready entity=mon.0 client_cookie=0 server_cookie=0 in_seq=0 out_seq=0
2024-04-06T02:42:25.666 INFO:teuthology.orchestra.run.smithi105.stdout:/usr/bin/ceph: stderr
2024-04-06T02:42:24.980+0000 7f77409f0700 1 -- 172.21.15.105:0/3417990662 <== mon.0 v2:172.21.15.105:3300/0 1 ==== mon_map magic: 0 v1 ==== 229+0+0 (secure 0 0 0) 0x7f772c00e040 con 0x7f773c106fe0
2024-04-06T02:42:25.666 INFO:teuthology.orchestra.run.smithi105.stdout:/usr/bin/ceph: stderr
2024-04-06T02:42:24.980+0000 7f77409f0700 1 -- 172.21.15.105:0/3417990662 <== mon.0 v2:172.21.15.105:3300/0 2 ==== config(27 keys) v1 ==== 1101+0+0 (secure 0 0 0) 0x7f772c00be00 con 0x7f773c106fe0
2024-04-06T02:42:25.666 INFO:teuthology.orchestra.run.smithi105.stdout:/usr/bin/ceph: stderr
2024-04-06T02:42:24.980+0000 7f77419f2700 1 -- 172.21.15.105:0/3417990662 --> [v2:172.21.15.105:3300/0,v1:172.21.15.105:6789/0] -- mon_subscribe({mgrmap=0+}) v3 -- 0x7f773c19a8e0 con 0x7f773c106fe0
2024-04-06T02:42:25.666 INFO:teuthology.orchestra.run.smithi105.stdout:/usr/bin/ceph: stderr
2024-04-06T02:42:24.980+0000 7f77409f0700 1 -- 172.21.15.105:0/3417990662 <== mon.0 v2:172.21.15.105:3300/0 3 ==== mon_map magic: 0 v1 ==== 229+0+0 (secure 0 0 0) 0x7f772c012770 con 0x7f773c106fe0
2024-04-06T02:42:25.666 INFO:teuthology.orchestra.run.smithi105.stdout:/usr/bin/ceph: stderr
2024-04-06T02:42:24.980+0000 7f77419f2700 1 -- 172.21.15.105:0/3417990662 --> [v2:172.21.15.105:3300/0,v1:172.21.15.105:6789/0] -- mon_subscribe({osdmap=0}) v3 -- 0x7f773c19ade0 con 0x7f773c106fe0
2024-04-06T02:42:25.666 INFO:teuthology.orchestra.run.smithi105.stdout:/usr/bin/ceph: stderr
2024-04-06T02:42:24.981+0000 7f77409f0700 1 -- 172.21.15.105:0/3417990662 <== mon.0 v2:172.21.15.105:3300/0 4 ==== mgrmap(e 8) v1 ==== 45283+0+0 (secure 0 0 0) 0x7f772c019040 con 0x7f773c106fe0
2024-04-06T02:42:25.666 INFO:teuthology.orchestra.run.smithi105.stdout:/usr/bin/ceph: stderr
2024-04-06T02:42:24.981+0000 7f77409f0700 1 --2- 172.21.15.105:0/3417990662 >> [v2:172.21.15.105:6800/1394104199,v1:172.21.15.105:6801/1394104199] conn(0x7f7728038320 0x7f772803a7e0 unknown :-1 s=NONE pgs=0 cs=0 l=1 rev1=0 crypto rx=0 tx=0 comp rx=0 tx=0).connect
2024-04-06T02:42:25.666 INFO:teuthology.orchestra.run.smithi105.stdout:/usr/bin/ceph: stderr
2024-04-06T02:42:24.981+0000 7f77409f0700 1 -- 172.21.15.105:0/3417990662 <== mon.0 v2:172.21.15.105:3300/0 5 ==== osd_map(2..2 src has 1..2) v4 ==== 940+0+0 (secure 0 0 0) 0x7f772c04bf80 con 0x7f773c106fe0
2024-04-06T02:42:25.666 INFO:teuthology.orchestra.run.smithi105.stdout:/usr/bin/ceph: stderr
2024-04-06T02:42:24.981+0000 7f77419f2700 1 -- 172.21.15.105:0/3417990662 --> [v2:172.21.15.105:3300/0,v1:172.21.15.105:6789/0] -- mon_command({"prefix": "get_command_descriptions"} v 0) v1 -- 0x7f773c0623c0 con 0x7f773c106fe0
2024-04-06T02:42:25.666 INFO:teuthology.orchestra.run.smithi105.stdout:/usr/bin/ceph: stderr
2024-04-06T02:42:24.982+0000 7f773a7fc700 1 --2- 172.21.15.105:0/3417990662 >> [v2:172.21.15.105:6800/1394104199,v1:172.21.15.105:6801/1394104199] conn(0x7f7728038320 0x7f772803a7e0 unknown :-1 s=BANNER_CONNECTING pgs=0 cs=0 l=1 rev1=0 crypto rx=0 tx=0 comp rx=0 tx=0)._handle_peer_banner_payload supported=3 required=0
2024-04-06T02:42:25.666 INFO:teuthology.orchestra.run.smithi105.stdout:/usr/bin/ceph: stderr
2024-04-06T02:42:24.982+0000 7f773a7fc700 1 --2- 172.21.15.105:0/3417990662 >> [v2:172.21.15.105:6800/1394104199,v1:172.21.15.105:6801/1394104199] conn(0x7f7728038320 0x7f772803a7e0 secure :-1 s=READY pgs=20 cs=0 l=1 rev1=1 crypto rx=0x7f7724006fd0 tx=0x7f7724006e40 comp rx=0 tx=0).ready entity=mgr.14118 client_cookie=0 server_cookie=0 in_seq=0 out_seq=0
2024-04-06T02:42:25.666 INFO:teuthology.orchestra.run.smithi105.stdout:/usr/bin/ceph: stderr
2024-04-06T02:42:24.986+0000 7f77409f0700 1 -- 172.21.15.105:0/3417990662 <== mon.0 v2:172.21.15.105:3300/0 6 ==== mon_command_ack([{"prefix": "get_command_descriptions"}]=0 v0) v1 ==== 72+0+180422 (secure 0 0 0) 0x7f772c01f080 con 0x7f773c106fe0
2024-04-06T02:42:25.666 INFO:teuthology.orchestra.run.smithi105.stdout:/usr/bin/ceph: stderr
2024-04-06T02:42:25.172+0000 7f77419f2700 1 -- 172.21.15.105:0/3417990662 --> [v2:172.21.15.105:3300/0,v1:172.21.15.105:6789/0] -- mon_command([{prefix=config set, name=mgr/cephadm/container_init}] v 0) v1 -- 0x7f773c19d800 con 0x7f773c106fe0
2024-04-06T02:42:25.667 INFO:teuthology.orchestra.run.smithi105.stdout:/usr/bin/ceph: stderr
2024-04-06T02:42:25.177+0000 7f77409f0700 1 -- 172.21.15.105:0/3417990662 <== mon.0 v2:172.21.15.105:3300/0 7 ==== mon_command_ack([{prefix=config set, name=mgr/cephadm/container_init}]=0 v7)=0 v7) v1 ==== 142+0+0 (secure 0 0 0) 0x7f772c011750 con 0x7f773c106fe0
2024-04-06T02:42:25.667 INFO:teuthology.orchestra.run.smithi105.stdout:/usr/bin/ceph: stderr
2024-04-06T02:42:25.180+0000 7f77419f2700 1 -- 172.21.15.105:0/3417990662 >> [v2:172.21.15.105:6800/1394104199,v1:172.21.15.105:6801/1394104199] conn(0x7f7728038320 msgr2=0x7f772803a7e0 secure :-1 s=STATE_CONNECTION_ESTABLISHED l=1).mark_down
2024-04-06T02:42:25.667 INFO:teuthology.orchestra.run.smithi105.stdout:/usr/bin/ceph: stderr
2024-04-06T02:42:25.180+0000 7f77419f2700 1 --2- 172.21.15.105:0/3417990662 >> [v2:172.21.15.105:6800/1394104199,v1:172.21.15.105:6801/1394104199] conn(0x7f7728038320 0x7f772803a7e0 secure :-1 s=READY pgs=20 cs=0 l=1 rev1=1 crypto rx=0x7f7724006fd0 tx=0x7f7724006e40 comp rx=0 tx=0).stop
2024-04-06T02:42:25.667 INFO:teuthology.orchestra.run.smithi105.stdout:/usr/bin/ceph: stderr
2024-04-06T02:42:25.180+0000 7f77419f2700 1 -- 172.21.15.105:0/3417990662 >> [v2:172.21.15.105:3300/0,v1:172.21.15.105:6789/0] conn(0x7f773c106fe0 msgr2=0x7f773c19a1a0 secure :-1 s=STATE_CONNECTION_ESTABLISHED l=1).mark_down
2024-04-06T02:42:25.667 INFO:teuthology.orchestra.run.smithi105.stdout:/usr/bin/ceph: stderr
2024-04-06T02:42:25.180+0000 7f77419f2700 1 --2- 172.21.15.105:0/3417990662 >> [v2:172.21.15.105:3300/0,v1:172.21.15.105:6789/0] conn(0x7f773c106fe0 0x7f773c19a1a0 secure :-1 s=READY pgs=62 cs=0 l=1 rev1=1 crypto rx=0x7f772c004070 tx=0x7f772c0049f0 comp rx=0 tx=0).stop
2024-04-06T02:42:25.667 INFO:teuthology.orchestra.run.smithi105.stdout:/usr/bin/ceph: stderr
2024-04-06T02:42:25.180+0000 7f77419f2700 1 -- 172.21.15.105:0/3417990662 shutdown_connections
2024-04-06T02:42:25.667 INFO:teuthology.orchestra.run.smithi105.stdout:/usr/bin/ceph: stderr
2024-04-06T02:42:25.180+0000 7f77419f2700 1 --2- 172.21.15.105:0/3417990662 >> [v2:172.21.15.105:6800/1394104199,v1:172.21.15.105:6801/1394104199] conn(0x7f7728038320 0x7f772803a7e0 unknown :-1 s=CLOSED pgs=20 cs=0 l=1 rev1=1 crypto rx=0 tx=0 comp rx=0 tx=0).stop
2024-04-06T02:42:25.667 INFO:teuthology.orchestra.run.smithi105.stdout:/usr/bin/ceph: stderr
2024-04-06T02:42:25.180+0000 7f77419f2700 1 --2- 172.21.15.105:0/3417990662 >> [v2:172.21.15.105:3300/0,v1:172.21.15.105:6789/0] conn(0x7f773c106fe0 0x7f773c19a1a0 unknown :-1 s=CLOSED pgs=62 cs=0 l=1 rev1=1 crypto rx=0 tx=0 comp rx=0 tx=0).stop
2024-04-06T02:42:25.667 INFO:teuthology.orchestra.run.smithi105.stdout:/usr/bin/ceph: stderr
2024-04-06T02:42:25.180+0000 7f77419f2700 1 -- 172.21.15.105:0/3417990662 >> 172.21.15.105:0/3417990662 conn(0x7f773c1009f0 msgr2=0x7f773c101720 unknown :-1 s=STATE_NONE l=0).mark_down
2024-04-06T02:42:25.667 INFO:teuthology.orchestra.run.smithi105.stdout:/usr/bin/ceph: stderr
2024-04-06T02:42:25.180+0000 7f77419f2700 1 -- 172.21.15.105:0/3417990662 shutdown_connections
2024-04-06T02:42:25.667 INFO:teuthology.orchestra.run.smithi105.stdout:/usr/bin/ceph: stderr
2024-04-06T02:42:25.180+0000 7f77419f2700 1 -- 172.21.15.105:0/3417990662 wait complete.
2024-04-06T02:42:26.293 INFO:journalctl@ceph.mon.smithi105.smithi105.stdout:Apr 06 02:42:26 smithi105 ceph-mon[29228]: from='client.? 172.21.15.105:0/3417990662' entity='client.admin'
2024-04-06T02:42:26.854 INFO:teuthology.orchestra.run.smithi105.stdout:/usr/bin/ceph: stderr
2024-04-06T02:42:26.094+0000 7fb92618d700 1 Processor -- start
2024-04-06T02:42:26.855 INFO:teuthology.orchestra.run.smithi105.stdout:/usr/bin/ceph: stderr
2024-04-06T02:42:26.094+0000 7fb92618d700 1 -- start start
2024-04-06T02:42:26.855 INFO:teuthology.orchestra.run.smithi105.stdout:/usr/bin/ceph: stderr
2024-04-06T02:42:26.094+0000 7fb92618d700 1 --2- >> [v2:172.21.15.105:3300/0,v1:172.21.15.105:6789/0] conn(0x7fb920106580 0x7fb9201069a0 unknown :-1 s=NONE pgs=0 cs=0 l=0 rev1=0 crypto rx=0 tx=0 comp rx=0 tx=0).connect
2024-04-06T02:42:26.855 INFO:teuthology.orchestra.run.smithi105.stdout:/usr/bin/ceph: stderr
2024-04-06T02:42:26.094+0000 7fb92618d700 1 -- --> [v2:172.21.15.105:3300/0,v1:172.21.15.105:6789/0] -- mon_getmap magic: 0 v1 -- 0x7fb920106f70 con 0x7fb920106580
2024-04-06T02:42:26.855 INFO:teuthology.orchestra.run.smithi105.stdout:/usr/bin/ceph: stderr
2024-04-06T02:42:26.095+0000 7fb91f7fe700 1 --2- >> [v2:172.21.15.105:3300/0,v1:172.21.15.105:6789/0] conn(0x7fb920106580 0x7fb9201069a0 unknown :-1 s=BANNER_CONNECTING pgs=0 cs=0 l=0 rev1=0 crypto rx=0 tx=0 comp rx=0 tx=0)._handle_peer_banner_payload supported=3 required=0
2024-04-06T02:42:26.855 INFO:teuthology.orchestra.run.smithi105.stdout:/usr/bin/ceph: stderr
2024-04-06T02:42:26.095+0000 7fb91f7fe700 1 --2- >> [v2:172.21.15.105:3300/0,v1:172.21.15.105:6789/0] conn(0x7fb920106580 0x7fb9201069a0 unknown :-1 s=HELLO_CONNECTING pgs=0 cs=0 l=0 rev1=1 crypto rx=0 tx=0 comp rx=0 tx=0).handle_hello peer v2:172.21.15.105:3300/0 says I am v2:172.21.15.105:53222/0 (socket says 172.21.15.105:53222)
2024-04-06T02:42:26.855 INFO:teuthology.orchestra.run.smithi105.stdout:/usr/bin/ceph: stderr
2024-04-06T02:42:26.095+0000 7fb91f7fe700 1 -- 172.21.15.105:0/2333425939 learned_addr learned my addr 172.21.15.105:0/2333425939 (peer_addr_for_me v2:172.21.15.105:0/0)
2024-04-06T02:42:26.855 INFO:teuthology.orchestra.run.smithi105.stdout:/usr/bin/ceph: stderr
2024-04-06T02:42:26.095+0000 7fb91f7fe700 1 -- 172.21.15.105:0/2333425939 --> [v2:172.21.15.105:3300/0,v1:172.21.15.105:6789/0] -- mon_subscribe({config=0+,monmap=0+}) v3 -- 0x7fb920107780 con 0x7fb920106580
2024-04-06T02:42:26.855 INFO:teuthology.orchestra.run.smithi105.stdout:/usr/bin/ceph: stderr
2024-04-06T02:42:26.095+0000 7fb91f7fe700 1 --2- 172.21.15.105:0/2333425939 >> [v2:172.21.15.105:3300/0,v1:172.21.15.105:6789/0] conn(0x7fb920106580 0x7fb9201069a0 secure :-1 s=READY pgs=63 cs=0 l=1 rev1=1 crypto rx=0x7fb9100098a0 tx=0x7fb910009bb0 comp rx=0 tx=0).ready entity=mon.0 client_cookie=f6cffc9c4666ea0b server_cookie=0 in_seq=0 out_seq=0
2024-04-06T02:42:26.855 INFO:teuthology.orchestra.run.smithi105.stdout:/usr/bin/ceph: stderr
2024-04-06T02:42:26.095+0000 7fb91effd700 1 -- 172.21.15.105:0/2333425939 <== mon.0 v2:172.21.15.105:3300/0 1 ==== mon_map magic: 0 v1 ==== 229+0+0 (secure 0 0 0) 0x7fb910004180 con 0x7fb920106580
2024-04-06T02:42:26.855 INFO:teuthology.orchestra.run.smithi105.stdout:/usr/bin/ceph: stderr
2024-04-06T02:42:26.095+0000 7fb91effd700 1 -- 172.21.15.105:0/2333425939 <== mon.0 v2:172.21.15.105:3300/0 2 ==== config(27 keys) v1 ==== 1101+0+0 (secure 0 0 0) 0x7fb9100042e0 con 0x7fb920106580
2024-04-06T02:42:26.855 INFO:teuthology.orchestra.run.smithi105.stdout:/usr/bin/ceph: stderr
2024-04-06T02:42:26.095+0000 7fb91effd700 1 -- 172.21.15.105:0/2333425939 <== mon.0 v2:172.21.15.105:3300/0 3 ==== mon_map magic: 0 v1 ==== 229+0+0 (secure 0 0 0) 0x7fb910011af0 con 0x7fb920106580
2024-04-06T02:42:26.855 INFO:teuthology.orchestra.run.smithi105.stdout:/usr/bin/ceph: stderr
2024-04-06T02:42:26.096+0000 7fb92618d700 1 -- 172.21.15.105:0/2333425939 >> [v2:172.21.15.105:3300/0,v1:172.21.15.105:6789/0] conn(0x7fb920106580 msgr2=0x7fb9201069a0 secure :-1 s=STATE_CONNECTION_ESTABLISHED l=1).mark_down
2024-04-06T02:42:26.855 INFO:teuthology.orchestra.run.smithi105.stdout:/usr/bin/ceph: stderr
2024-04-06T02:42:26.096+0000 7fb92618d700 1 --2- 172.21.15.105:0/2333425939 >> [v2:172.21.15.105:3300/0,v1:172.21.15.105:6789/0] conn(0x7fb920106580 0x7fb9201069a0 secure :-1 s=READY pgs=63 cs=0 l=1 rev1=1 crypto rx=0x7fb9100098a0 tx=0x7fb910009bb0 comp rx=0 tx=0).stop
2024-04-06T02:42:26.856 INFO:teuthology.orchestra.run.smithi105.stdout:/usr/bin/ceph: stderr
2024-04-06T02:42:26.096+0000 7fb92618d700 1 -- 172.21.15.105:0/2333425939 shutdown_connections
2024-04-06T02:42:26.856 INFO:teuthology.orchestra.run.smithi105.stdout:/usr/bin/ceph: stderr
2024-04-06T02:42:26.096+0000 7fb92618d700 1 --2- 172.21.15.105:0/2333425939 >> [v2:172.21.15.105:3300/0,v1:172.21.15.105:6789/0] conn(0x7fb920106580 0x7fb9201069a0 unknown :-1 s=CLOSED pgs=63 cs=0 l=1 rev1=1 crypto rx=0 tx=0 comp rx=0 tx=0).stop
2024-04-06T02:42:26.856 INFO:teuthology.orchestra.run.smithi105.stdout:/usr/bin/ceph: stderr
2024-04-06T02:42:26.096+0000 7fb92618d700 1 -- 172.21.15.105:0/2333425939 >> 172.21.15.105:0/2333425939 conn(0x7fb920101b00 msgr2=0x7fb920103f60 unknown :-1 s=STATE_NONE l=0).mark_down
2024-04-06T02:42:26.856 INFO:teuthology.orchestra.run.smithi105.stdout:/usr/bin/ceph: stderr
2024-04-06T02:42:26.096+0000 7fb92618d700 1 -- 172.21.15.105:0/2333425939 shutdown_connections
2024-04-06T02:42:26.856 INFO:teuthology.orchestra.run.smithi105.stdout:/usr/bin/ceph: stderr
2024-04-06T02:42:26.096+0000 7fb92618d700 1 -- 172.21.15.105:0/2333425939 wait complete.
2024-04-06T02:42:26.856 INFO:teuthology.orchestra.run.smithi105.stdout:/usr/bin/ceph: stderr
2024-04-06T02:42:26.096+0000 7fb92618d700 1 Processor -- start
2024-04-06T02:42:26.856 INFO:teuthology.orchestra.run.smithi105.stdout:/usr/bin/ceph: stderr
2024-04-06T02:42:26.096+0000 7fb92618d700 1 -- start start
2024-04-06T02:42:26.856 INFO:teuthology.orchestra.run.smithi105.stdout:/usr/bin/ceph: stderr
2024-04-06T02:42:26.097+0000 7fb92618d700 1 --2- >> [v2:172.21.15.105:3300/0,v1:172.21.15.105:6789/0] conn(0x7fb920106580 0x7fb92007bc30 unknown :-1 s=NONE pgs=0 cs=0 l=1 rev1=0 crypto rx=0 tx=0 comp rx=0 tx=0).connect
2024-04-06T02:42:26.856 INFO:teuthology.orchestra.run.smithi105.stdout:/usr/bin/ceph: stderr
2024-04-06T02:42:26.097+0000 7fb92618d700 1 -- --> [v2:172.21.15.105:3300/0,v1:172.21.15.105:6789/0] -- mon_getmap magic: 0 v1 -- 0x7fb92007c170 con 0x7fb920106580
2024-04-06T02:42:26.856 INFO:teuthology.orchestra.run.smithi105.stdout:/usr/bin/ceph: stderr
2024-04-06T02:42:26.097+0000 7fb91f7fe700 1 --2- >> [v2:172.21.15.105:3300/0,v1:172.21.15.105:6789/0] conn(0x7fb920106580 0x7fb92007bc30 unknown :-1 s=BANNER_CONNECTING pgs=0 cs=0 l=1 rev1=0 crypto rx=0 tx=0 comp rx=0 tx=0)._handle_peer_banner_payload supported=3 required=0
2024-04-06T02:42:26.856 INFO:teuthology.orchestra.run.smithi105.stdout:/usr/bin/ceph: stderr
2024-04-06T02:42:26.097+0000 7fb91f7fe700 1 --2- >> [v2:172.21.15.105:3300/0,v1:172.21.15.105:6789/0] conn(0x7fb920106580 0x7fb92007bc30 unknown :-1 s=HELLO_CONNECTING pgs=0 cs=0 l=1 rev1=1 crypto rx=0 tx=0 comp rx=0 tx=0).handle_hello peer v2:172.21.15.105:3300/0 says I am v2:172.21.15.105:53232/0 (socket says 172.21.15.105:53232)
2024-04-06T02:42:26.856 INFO:teuthology.orchestra.run.smithi105.stdout:/usr/bin/ceph: stderr
2024-04-06T02:42:26.097+0000 7fb91f7fe700 1 -- 172.21.15.105:0/1933357482 learned_addr learned my addr 172.21.15.105:0/1933357482 (peer_addr_for_me v2:172.21.15.105:0/0)
2024-04-06T02:42:26.856 INFO:teuthology.orchestra.run.smithi105.stdout:/usr/bin/ceph: stderr
2024-04-06T02:42:26.097+0000 7fb91f7fe700 1 -- 172.21.15.105:0/1933357482 --> [v2:172.21.15.105:3300/0,v1:172.21.15.105:6789/0] -- mon_subscribe({config=0+,monmap=0+}) v3 -- 0x7fb910009550 con 0x7fb920106580
2024-04-06T02:42:26.856 INFO:teuthology.orchestra.run.smithi105.stdout:/usr/bin/ceph: stderr
2024-04-06T02:42:26.097+0000 7fb91f7fe700 1 --2- 172.21.15.105:0/1933357482 >> [v2:172.21.15.105:3300/0,v1:172.21.15.105:6789/0] conn(0x7fb920106580 0x7fb92007bc30 secure :-1 s=READY pgs=64 cs=0 l=1 rev1=1 crypto rx=0x7fb910011670 tx=0x7fb910011b50 comp rx=0 tx=0).ready entity=mon.0 client_cookie=0 server_cookie=0 in_seq=0 out_seq=0
2024-04-06T02:42:26.857 INFO:teuthology.orchestra.run.smithi105.stdout:/usr/bin/ceph: stderr
2024-04-06T02:42:26.097+0000 7fb91d7fa700 1 -- 172.21.15.105:0/1933357482 <== mon.0 v2:172.21.15.105:3300/0 1 ==== mon_map magic: 0 v1 ==== 229+0+0 (secure 0 0 0) 0x7fb9100039f0 con 0x7fb920106580
2024-04-06T02:42:26.857 INFO:teuthology.orchestra.run.smithi105.stdout:/usr/bin/ceph: stderr
2024-04-06T02:42:26.097+0000 7fb92618d700 1 -- 172.21.15.105:0/1933357482 --> [v2:172.21.15.105:3300/0,v1:172.21.15.105:6789/0] -- mon_subscribe({mgrmap=0+}) v3 -- 0x7fb92007a280 con 0x7fb920106580
2024-04-06T02:42:26.857 INFO:teuthology.orchestra.run.smithi105.stdout:/usr/bin/ceph: stderr
2024-04-06T02:42:26.097+0000 7fb91d7fa700 1 -- 172.21.15.105:0/1933357482 <== mon.0 v2:172.21.15.105:3300/0 2 ==== config(27 keys) v1 ==== 1101+0+0 (secure 0 0 0) 0x7fb910003b50 con 0x7fb920106580
2024-04-06T02:42:26.857 INFO:teuthology.orchestra.run.smithi105.stdout:/usr/bin/ceph: stderr
2024-04-06T02:42:26.097+0000 7fb91d7fa700 1 -- 172.21.15.105:0/1933357482 <== mon.0 v2:172.21.15.105:3300/0 3 ==== mon_map magic: 0 v1 ==== 229+0+0 (secure 0 0 0) 0x7fb9100247c0 con 0x7fb920106580
2024-04-06T02:42:26.857 INFO:teuthology.orchestra.run.smithi105.stdout:/usr/bin/ceph: stderr
2024-04-06T02:42:26.097+0000 7fb92618d700 1 -- 172.21.15.105:0/1933357482 --> [v2:172.21.15.105:3300/0,v1:172.21.15.105:6789/0] -- mon_subscribe({osdmap=0}) v3 -- 0x7fb92007a720 con 0x7fb920106580
2024-04-06T02:42:26.857 INFO:teuthology.orchestra.run.smithi105.stdout:/usr/bin/ceph: stderr
2024-04-06T02:42:26.098+0000 7fb91d7fa700 1 -- 172.21.15.105:0/1933357482 <== mon.0 v2:172.21.15.105:3300/0 4 ==== mgrmap(e 8) v1 ==== 45283+0+0 (secure 0 0 0) 0x7fb91002d3f0 con 0x7fb920106580
2024-04-06T02:42:26.857 INFO:teuthology.orchestra.run.smithi105.stdout:/usr/bin/ceph: stderr
2024-04-06T02:42:26.098+0000 7fb92618d700 1 -- 172.21.15.105:0/1933357482 --> [v2:172.21.15.105:3300/0,v1:172.21.15.105:6789/0] -- mon_command({"prefix": "get_command_descriptions"} v 0) v1 -- 0x7fb9200623c0 con 0x7fb920106580
2024-04-06T02:42:26.857 INFO:teuthology.orchestra.run.smithi105.stdout:/usr/bin/ceph: stderr
2024-04-06T02:42:26.098+0000 7fb91d7fa700 1 --2- 172.21.15.105:0/1933357482 >> [v2:172.21.15.105:6800/1394104199,v1:172.21.15.105:6801/1394104199] conn(0x7fb90c038320 0x7fb90c03a7e0 unknown :-1 s=NONE pgs=0 cs=0 l=1 rev1=0 crypto rx=0 tx=0 comp rx=0 tx=0).connect
2024-04-06T02:42:26.857 INFO:teuthology.orchestra.run.smithi105.stdout:/usr/bin/ceph: stderr
2024-04-06T02:42:26.098+0000 7fb91d7fa700 1 -- 172.21.15.105:0/1933357482 <== mon.0 v2:172.21.15.105:3300/0 5 ==== osd_map(2..2 src has 1..2) v4 ==== 940+0+0 (secure 0 0 0) 0x7fb91004c400 con 0x7fb920106580
2024-04-06T02:42:26.857 INFO:teuthology.orchestra.run.smithi105.stdout:/usr/bin/ceph: stderr
2024-04-06T02:42:26.098+0000 7fb916ffd700 1 --2- 172.21.15.105:0/1933357482 >> [v2:172.21.15.105:6800/1394104199,v1:172.21.15.105:6801/1394104199] conn(0x7fb90c038320 0x7fb90c03a7e0 unknown :-1 s=BANNER_CONNECTING pgs=0 cs=0 l=1 rev1=0 crypto rx=0 tx=0 comp rx=0 tx=0)._handle_peer_banner_payload supported=3 required=0
2024-04-06T02:42:26.857 INFO:teuthology.orchestra.run.smithi105.stdout:/usr/bin/ceph: stderr
2024-04-06T02:42:26.099+0000 7fb916ffd700 1 --2- 172.21.15.105:0/1933357482 >> [v2:172.21.15.105:6800/1394104199,v1:172.21.15.105:6801/1394104199] conn(0x7fb90c038320 0x7fb90c03a7e0 secure :-1 s=READY pgs=21 cs=0 l=1 rev1=1 crypto rx=0x7fb908006fd0 tx=0x7fb908006e40 comp rx=0 tx=0).ready entity=mgr.14118 client_cookie=0 server_cookie=0 in_seq=0 out_seq=0
2024-04-06T02:42:26.857 INFO:teuthology.orchestra.run.smithi105.stdout:/usr/bin/ceph: stderr
2024-04-06T02:42:26.103+0000 7fb91d7fa700 1 -- 172.21.15.105:0/1933357482 <== mon.0 v2:172.21.15.105:3300/0 6 ==== mon_command_ack([{"prefix": "get_command_descriptions"}]=0 v0) v1 ==== 72+0+180422 (secure 0 0 0) 0x7fb910010970 con 0x7fb920106580
2024-04-06T02:42:26.857 INFO:teuthology.orchestra.run.smithi105.stdout:/usr/bin/ceph: stderr
2024-04-06T02:42:26.291+0000 7fb92618d700 1 -- 172.21.15.105:0/1933357482 --> [v2:172.21.15.105:3300/0,v1:172.21.15.105:6789/0] -- mon_command([{prefix=config set, name=mgr/dashboard/ssl_server_port}] v 0) v1 -- 0x7fb92007af70 con 0x7fb920106580
2024-04-06T02:42:26.857 INFO:teuthology.orchestra.run.smithi105.stdout:/usr/bin/ceph: stderr
2024-04-06T02:42:26.294+0000 7fb91d7fa700 1 -- 172.21.15.105:0/1933357482 <== mon.0 v2:172.21.15.105:3300/0 7 ==== mon_command_ack([{prefix=config set, name=mgr/dashboard/ssl_server_port}]=0 v8)=0 v8) v1 ==== 130+0+0 (secure 0 0 0) 0x7fb910020220 con 0x7fb920106580
2024-04-06T02:42:26.857 INFO:teuthology.orchestra.run.smithi105.stdout:/usr/bin/ceph: stderr
2024-04-06T02:42:26.297+0000 7fb92618d700 1 -- 172.21.15.105:0/1933357482 >> [v2:172.21.15.105:6800/1394104199,v1:172.21.15.105:6801/1394104199] conn(0x7fb90c038320 msgr2=0x7fb90c03a7e0 secure :-1 s=STATE_CONNECTION_ESTABLISHED l=1).mark_down
2024-04-06T02:42:26.858 INFO:teuthology.orchestra.run.smithi105.stdout:/usr/bin/ceph: stderr
2024-04-06T02:42:26.297+0000 7fb92618d700 1 --2- 172.21.15.105:0/1933357482 >> [v2:172.21.15.105:6800/1394104199,v1:172.21.15.105:6801/1394104199] conn(0x7fb90c038320 0x7fb90c03a7e0 secure :-1 s=READY pgs=21 cs=0 l=1 rev1=1 crypto rx=0x7fb908006fd0 tx=0x7fb908006e40 comp rx=0 tx=0).stop
2024-04-06T02:42:26.858 INFO:teuthology.orchestra.run.smithi105.stdout:/usr/bin/ceph: stderr
2024-04-06T02:42:26.297+0000 7fb92618d700 1 -- 172.21.15.105:0/1933357482 >> [v2:172.21.15.105:3300/0,v1:172.21.15.105:6789/0] conn(0x7fb920106580 msgr2=0x7fb92007bc30 secure :-1 s=STATE_CONNECTION_ESTABLISHED l=1).mark_down
2024-04-06T02:42:26.858 INFO:teuthology.orchestra.run.smithi105.stdout:/usr/bin/ceph: stderr
2024-04-06T02:42:26.297+0000 7fb92618d700 1 --2- 172.21.15.105:0/1933357482 >> [v2:172.21.15.105:3300/0,v1:172.21.15.105:6789/0] conn(0x7fb920106580 0x7fb92007bc30 secure :-1 s=READY pgs=64 cs=0 l=1 rev1=1 crypto rx=0x7fb910011670 tx=0x7fb910011b50 comp rx=0 tx=0).stop
2024-04-06T02:42:26.858 INFO:teuthology.orchestra.run.smithi105.stdout:/usr/bin/ceph: stderr
2024-04-06T02:42:26.297+0000 7fb92618d700 1 -- 172.21.15.105:0/1933357482 shutdown_connections
2024-04-06T02:42:26.858 INFO:teuthology.orchestra.run.smithi105.stdout:/usr/bin/ceph: stderr
2024-04-06T02:42:26.297+0000 7fb92618d700 1 --2- 172.21.15.105:0/1933357482 >> [v2:172.21.15.105:6800/1394104199,v1:172.21.15.105:6801/1394104199] conn(0x7fb90c038320 0x7fb90c03a7e0 unknown :-1 s=CLOSED pgs=21 cs=0 l=1 rev1=1 crypto rx=0 tx=0 comp rx=0 tx=0).stop
2024-04-06T02:42:26.858 INFO:teuthology.orchestra.run.smithi105.stdout:/usr/bin/ceph: stderr
2024-04-06T02:42:26.297+0000 7fb92618d700 1 --2- 172.21.15.105:0/1933357482 >> [v2:172.21.15.105:3300/0,v1:172.21.15.105:6789/0] conn(0x7fb920106580 0x7fb92007bc30 unknown :-1 s=CLOSED pgs=64 cs=0 l=1 rev1=1 crypto rx=0 tx=0 comp rx=0 tx=0).stop
2024-04-06T02:42:26.858 INFO:teuthology.orchestra.run.smithi105.stdout:/usr/bin/ceph: stderr
2024-04-06T02:42:26.297+0000 7fb92618d700 1 -- 172.21.15.105:0/1933357482 >> 172.21.15.105:0/1933357482 conn(0x7fb920101b00 msgr2=0x7fb9201031e0 unknown :-1 s=STATE_NONE l=0).mark_down
2024-04-06T02:42:26.858 INFO:teuthology.orchestra.run.smithi105.stdout:/usr/bin/ceph: stderr
2024-04-06T02:42:26.297+0000 7fb92618d700 1 -- 172.21.15.105:0/1933357482 shutdown_connections
2024-04-06T02:42:26.858 INFO:teuthology.orchestra.run.smithi105.stdout:/usr/bin/ceph: stderr
2024-04-06T02:42:26.297+0000 7fb92618d700 1 -- 172.21.15.105:0/1933357482 wait complete.
2024-04-06T02:42:26.858 INFO:teuthology.orchestra.run.smithi105.stdout:Enabling the dashboard module...
2024-04-06T02:42:27.547 INFO:journalctl@ceph.mon.smithi105.smithi105.stdout:Apr 06 02:42:27 smithi105 ceph-mon[29228]: pgmap v5: 0 pgs: ; 0 B data, 0 B used, 0 B / 0 B avail
2024-04-06T02:42:27.547 INFO:journalctl@ceph.mon.smithi105.smithi105.stdout:Apr 06 02:42:27 smithi105 ceph-mon[29228]: from='client.? 172.21.15.105:0/1933357482' entity='client.admin'
2024-04-06T02:42:28.610 INFO:journalctl@ceph.mon.smithi105.smithi105.stdout:Apr 06 02:42:28 smithi105 ceph-mon[29228]: from='client.? 172.21.15.105:0/4265204795' entity='client.admin' cmd=[{"prefix": "mgr module enable", "module": "dashboard"}]: dispatch
2024-04-06T02:42:28.944 INFO:teuthology.orchestra.run.smithi105.stdout:/usr/bin/ceph: stderr
2024-04-06T02:42:27.313+0000 7f88ac0b1700 1 Processor -- start
2024-04-06T02:42:28.944 INFO:teuthology.orchestra.run.smithi105.stdout:/usr/bin/ceph: stderr
2024-04-06T02:42:27.313+0000 7f88ac0b1700 1 -- start start
2024-04-06T02:42:28.944 INFO:teuthology.orchestra.run.smithi105.stdout:/usr/bin/ceph: stderr
2024-04-06T02:42:27.314+0000 7f88ac0b1700 1 --2- >> [v2:172.21.15.105:3300/0,v1:172.21.15.105:6789/0] conn(0x7f88a407be80 0x7f88a407a2e0 unknown :-1 s=NONE pgs=0 cs=0 l=0 rev1=0 crypto rx=0 tx=0 comp rx=0 tx=0).connect
2024-04-06T02:42:28.944 INFO:teuthology.orchestra.run.smithi105.stdout:/usr/bin/ceph: stderr
2024-04-06T02:42:27.314+0000 7f88ac0b1700 1 -- --> [v2:172.21.15.105:3300/0,v1:172.21.15.105:6789/0] -- mon_getmap magic: 0 v1 -- 0x7f88a407a8b0 con 0x7f88a407be80
2024-04-06T02:42:28.944 INFO:teuthology.orchestra.run.smithi105.stdout:/usr/bin/ceph: stderr
2024-04-06T02:42:27.314+0000 7f88a9e4d700 1 --2- >> [v2:172.21.15.105:3300/0,v1:172.21.15.105:6789/0] conn(0x7f88a407be80 0x7f88a407a2e0 unknown :-1 s=BANNER_CONNECTING pgs=0 cs=0 l=0 rev1=0 crypto rx=0 tx=0 comp rx=0 tx=0)._handle_peer_banner_payload supported=3 required=0
2024-04-06T02:42:28.944 INFO:teuthology.orchestra.run.smithi105.stdout:/usr/bin/ceph: stderr
2024-04-06T02:42:27.314+0000 7f88a9e4d700 1 --2- >> [v2:172.21.15.105:3300/0,v1:172.21.15.105:6789/0] conn(0x7f88a407be80 0x7f88a407a2e0 unknown :-1 s=HELLO_CONNECTING pgs=0 cs=0 l=0 rev1=1 crypto rx=0 tx=0 comp rx=0 tx=0).handle_hello peer v2:172.21.15.105:3300/0 says I am v2:172.21.15.105:53240/0 (socket says 172.21.15.105:53240)
2024-04-06T02:42:28.944 INFO:teuthology.orchestra.run.smithi105.stdout:/usr/bin/ceph: stderr
2024-04-06T02:42:27.314+0000 7f88a9e4d700 1 -- 172.21.15.105:0/3116716484 learned_addr learned my addr 172.21.15.105:0/3116716484 (peer_addr_for_me v2:172.21.15.105:0/0)
2024-04-06T02:42:28.944 INFO:teuthology.orchestra.run.smithi105.stdout:/usr/bin/ceph: stderr
2024-04-06T02:42:27.314+0000 7f88a9e4d700 1 -- 172.21.15.105:0/3116716484 --> [v2:172.21.15.105:3300/0,v1:172.21.15.105:6789/0] -- mon_subscribe({config=0+,monmap=0+}) v3 -- 0x7f88a407a9f0 con 0x7f88a407be80
2024-04-06T02:42:28.944 INFO:teuthology.orchestra.run.smithi105.stdout:/usr/bin/ceph: stderr
2024-04-06T02:42:27.314+0000 7f88a9e4d700 1 --2- 172.21.15.105:0/3116716484 >> [v2:172.21.15.105:3300/0,v1:172.21.15.105:6789/0] conn(0x7f88a407be80 0x7f88a407a2e0 secure :-1 s=READY pgs=65 cs=0 l=1 rev1=1 crypto rx=0x7f88a00098a0 tx=0x7f88a0009bb0 comp rx=0 tx=0).ready entity=mon.0 client_cookie=9292cac87c359959 server_cookie=0 in_seq=0 out_seq=0
2024-04-06T02:42:28.945 INFO:teuthology.orchestra.run.smithi105.stdout:/usr/bin/ceph: stderr
2024-04-06T02:42:27.314+0000 7f88a8e4b700 1 -- 172.21.15.105:0/3116716484 <== mon.0 v2:172.21.15.105:3300/0 1 ==== mon_map magic: 0 v1 ==== 229+0+0 (secure 0 0 0) 0x7f88a0004180 con 0x7f88a407be80
2024-04-06T02:42:28.945 INFO:teuthology.orchestra.run.smithi105.stdout:/usr/bin/ceph: stderr
2024-04-06T02:42:27.314+0000 7f88a8e4b700 1 -- 172.21.15.105:0/3116716484 <== mon.0 v2:172.21.15.105:3300/0 2 ==== config(27 keys) v1 ==== 1101+0+0 (secure 0 0 0) 0x7f88a00042e0 con 0x7f88a407be80
2024-04-06T02:42:28.945 INFO:teuthology.orchestra.run.smithi105.stdout:/usr/bin/ceph: stderr
2024-04-06T02:42:27.314+0000 7f88a8e4b700 1 -- 172.21.15.105:0/3116716484 <== mon.0 v2:172.21.15.105:3300/0 3 ==== mon_map magic: 0 v1 ==== 229+0+0 (secure 0 0 0) 0x7f88a0011af0 con 0x7f88a407be80
2024-04-06T02:42:28.945 INFO:teuthology.orchestra.run.smithi105.stdout:/usr/bin/ceph: stderr
2024-04-06T02:42:27.315+0000 7f88ac0b1700 1 -- 172.21.15.105:0/3116716484 >> [v2:172.21.15.105:3300/0,v1:172.21.15.105:6789/0] conn(0x7f88a407be80 msgr2=0x7f88a407a2e0 secure :-1 s=STATE_CONNECTION_ESTABLISHED l=1).mark_down
2024-04-06T02:42:28.945 INFO:teuthology.orchestra.run.smithi105.stdout:/usr/bin/ceph: stderr
2024-04-06T02:42:27.315+0000 7f88ac0b1700 1 --2- 172.21.15.105:0/3116716484 >> [v2:172.21.15.105:3300/0,v1:172.21.15.105:6789/0] conn(0x7f88a407be80 0x7f88a407a2e0 secure :-1 s=READY pgs=65 cs=0 l=1 rev1=1 crypto rx=0x7f88a00098a0 tx=0x7f88a0009bb0 comp rx=0 tx=0).stop
2024-04-06T02:42:28.945 INFO:teuthology.orchestra.run.smithi105.stdout:/usr/bin/ceph: stderr
2024-04-06T02:42:27.315+0000 7f88ac0b1700 1 -- 172.21.15.105:0/3116716484 shutdown_connections
2024-04-06T02:42:28.945 INFO:teuthology.orchestra.run.smithi105.stdout:/usr/bin/ceph: stderr
2024-04-06T02:42:27.315+0000 7f88ac0b1700 1 --2- 172.21.15.105:0/3116716484 >> [v2:172.21.15.105:3300/0,v1:172.21.15.105:6789/0] conn(0x7f88a407be80 0x7f88a407a2e0 unknown :-1 s=CLOSED pgs=65 cs=0 l=1 rev1=1 crypto rx=0 tx=0 comp rx=0 tx=0).stop
2024-04-06T02:42:28.945 INFO:teuthology.orchestra.run.smithi105.stdout:/usr/bin/ceph: stderr
2024-04-06T02:42:27.315+0000 7f88ac0b1700 1 -- 172.21.15.105:0/3116716484 >> 172.21.15.105:0/3116716484 conn(0x7f88a4101b40 msgr2=0x7f88a4103f60 unknown :-1 s=STATE_NONE l=0).mark_down
2024-04-06T02:42:28.945 INFO:teuthology.orchestra.run.smithi105.stdout:/usr/bin/ceph: stderr
2024-04-06T02:42:27.315+0000 7f88ac0b1700 1 -- 172.21.15.105:0/3116716484 shutdown_connections
2024-04-06T02:42:28.945 INFO:teuthology.orchestra.run.smithi105.stdout:/usr/bin/ceph: stderr
2024-04-06T02:42:27.315+0000 7f88ac0b1700 1 -- 172.21.15.105:0/3116716484 wait complete.
2024-04-06T02:42:28.945 INFO:teuthology.orchestra.run.smithi105.stdout:/usr/bin/ceph: stderr
2024-04-06T02:42:27.316+0000 7f88ac0b1700 1 Processor -- start
2024-04-06T02:42:28.945 INFO:teuthology.orchestra.run.smithi105.stdout:/usr/bin/ceph: stderr
2024-04-06T02:42:27.316+0000 7f88ac0b1700 1 -- start start
2024-04-06T02:42:28.945 INFO:teuthology.orchestra.run.smithi105.stdout:/usr/bin/ceph: stderr
2024-04-06T02:42:27.316+0000 7f88ac0b1700 1 --2- >> [v2:172.21.15.105:3300/0,v1:172.21.15.105:6789/0] conn(0x7f88a407be80 0x7f88a419c460 unknown :-1 s=NONE pgs=0 cs=0 l=1 rev1=0 crypto rx=0 tx=0 comp rx=0 tx=0).connect
2024-04-06T02:42:28.945 INFO:teuthology.orchestra.run.smithi105.stdout:/usr/bin/ceph: stderr
2024-04-06T02:42:27.316+0000 7f88ac0b1700 1 -- --> [v2:172.21.15.105:3300/0,v1:172.21.15.105:6789/0] -- mon_getmap magic: 0 v1 -- 0x7f88a419c9a0 con 0x7f88a407be80
2024-04-06T02:42:28.945 INFO:teuthology.orchestra.run.smithi105.stdout:/usr/bin/ceph: stderr
2024-04-06T02:42:27.316+0000 7f88a9e4d700 1 --2- >> [v2:172.21.15.105:3300/0,v1:172.21.15.105:6789/0] conn(0x7f88a407be80 0x7f88a419c460 unknown :-1 s=BANNER_CONNECTING pgs=0 cs=0 l=1 rev1=0 crypto rx=0 tx=0 comp rx=0 tx=0)._handle_peer_banner_payload supported=3 required=0
2024-04-06T02:42:28.946 INFO:teuthology.orchestra.run.smithi105.stdout:/usr/bin/ceph: stderr
2024-04-06T02:42:27.316+0000 7f88a9e4d700 1 --2- >> [v2:172.21.15.105:3300/0,v1:172.21.15.105:6789/0] conn(0x7f88a407be80 0x7f88a419c460 unknown :-1 s=HELLO_CONNECTING pgs=0 cs=0 l=1 rev1=1 crypto rx=0 tx=0 comp rx=0 tx=0).handle_hello peer v2:172.21.15.105:3300/0 says I am v2:172.21.15.105:53244/0 (socket says 172.21.15.105:53244)
2024-04-06T02:42:28.946 INFO:teuthology.orchestra.run.smithi105.stdout:/usr/bin/ceph: stderr
2024-04-06T02:42:27.316+0000 7f88a9e4d700 1 -- 172.21.15.105:0/4265204795 learned_addr learned my addr 172.21.15.105:0/4265204795 (peer_addr_for_me v2:172.21.15.105:0/0)
2024-04-06T02:42:28.946 INFO:teuthology.orchestra.run.smithi105.stdout:/usr/bin/ceph: stderr
2024-04-06T02:42:27.316+0000 7f88a9e4d700 1 -- 172.21.15.105:0/4265204795 --> [v2:172.21.15.105:3300/0,v1:172.21.15.105:6789/0] -- mon_subscribe({config=0+,monmap=0+}) v3 -- 0x7f88a0009550 con 0x7f88a407be80
2024-04-06T02:42:28.946 INFO:teuthology.orchestra.run.smithi105.stdout:/usr/bin/ceph: stderr
2024-04-06T02:42:27.316+0000 7f88a9e4d700 1 --2- 172.21.15.105:0/4265204795 >> [v2:172.21.15.105:3300/0,v1:172.21.15.105:6789/0] conn(0x7f88a407be80 0x7f88a419c460 secure :-1 s=READY pgs=66 cs=0 l=1 rev1=1 crypto rx=0x7f88a0011670 tx=0x7f88a0011b50 comp rx=0 tx=0).ready entity=mon.0 client_cookie=0 server_cookie=0 in_seq=0 out_seq=0
2024-04-06T02:42:28.946 INFO:teuthology.orchestra.run.smithi105.stdout:/usr/bin/ceph: stderr
2024-04-06T02:42:27.317+0000 7f889affd700 1 -- 172.21.15.105:0/4265204795 <== mon.0 v2:172.21.15.105:3300/0 1 ==== mon_map magic: 0 v1 ==== 229+0+0 (secure 0 0 0) 0x7f88a00039f0 con 0x7f88a407be80
2024-04-06T02:42:28.946 INFO:teuthology.orchestra.run.smithi105.stdout:/usr/bin/ceph: stderr
2024-04-06T02:42:27.317+0000 7f889affd700 1 -- 172.21.15.105:0/4265204795 <== mon.0 v2:172.21.15.105:3300/0 2 ==== config(27 keys) v1 ==== 1101+0+0 (secure 0 0 0) 0x7f88a0003b50 con 0x7f88a407be80
2024-04-06T02:42:28.946 INFO:teuthology.orchestra.run.smithi105.stdout:/usr/bin/ceph: stderr
2024-04-06T02:42:27.317+0000 7f88ac0b1700 1 -- 172.21.15.105:0/4265204795 --> [v2:172.21.15.105:3300/0,v1:172.21.15.105:6789/0] -- mon_subscribe({mgrmap=0+}) v3 -- 0x7f88a419cba0 con 0x7f88a407be80
2024-04-06T02:42:28.946 INFO:teuthology.orchestra.run.smithi105.stdout:/usr/bin/ceph: stderr
2024-04-06T02:42:27.317+0000 7f889affd700 1 -- 172.21.15.105:0/4265204795 <== mon.0 v2:172.21.15.105:3300/0 3 ==== mon_map magic: 0 v1 ==== 229+0+0 (secure 0 0 0) 0x7f88a00247c0 con 0x7f88a407be80
2024-04-06T02:42:28.946 INFO:teuthology.orchestra.run.smithi105.stdout:/usr/bin/ceph: stderr
2024-04-06T02:42:27.317+0000 7f88ac0b1700 1 -- 172.21.15.105:0/4265204795 --> [v2:172.21.15.105:3300/0,v1:172.21.15.105:6789/0] -- mon_subscribe({osdmap=0}) v3 -- 0x7f88a419d040 con 0x7f88a407be80
2024-04-06T02:42:28.946 INFO:teuthology.orchestra.run.smithi105.stdout:/usr/bin/ceph: stderr
2024-04-06T02:42:27.317+0000 7f889affd700 1 -- 172.21.15.105:0/4265204795 <== mon.0 v2:172.21.15.105:3300/0 4 ==== mgrmap(e 8) v1 ==== 45283+0+0 (secure 0 0 0) 0x7f88a002d3f0 con 0x7f88a407be80
2024-04-06T02:42:28.946 INFO:teuthology.orchestra.run.smithi105.stdout:/usr/bin/ceph: stderr
2024-04-06T02:42:27.318+0000 7f88ac0b1700 1 -- 172.21.15.105:0/4265204795 --> [v2:172.21.15.105:3300/0,v1:172.21.15.105:6789/0] -- mon_command({"prefix": "get_command_descriptions"} v 0) v1 -- 0x7f88a410c920 con 0x7f88a407be80
2024-04-06T02:42:28.946 INFO:teuthology.orchestra.run.smithi105.stdout:/usr/bin/ceph: stderr
2024-04-06T02:42:27.318+0000 7f889affd700 1 --2- 172.21.15.105:0/4265204795 >> [v2:172.21.15.105:6800/1394104199,v1:172.21.15.105:6801/1394104199] conn(0x7f8890038370 0x7f889003a830 unknown :-1 s=NONE pgs=0 cs=0 l=1 rev1=0 crypto rx=0 tx=0 comp rx=0 tx=0).connect
2024-04-06T02:42:28.946 INFO:teuthology.orchestra.run.smithi105.stdout:/usr/bin/ceph: stderr
2024-04-06T02:42:27.318+0000 7f889affd700 1 -- 172.21.15.105:0/4265204795 <== mon.0 v2:172.21.15.105:3300/0 5 ==== osd_map(2..2 src has 1..2) v4 ==== 940+0+0 (secure 0 0 0) 0x7f88a004c390 con 0x7f88a407be80
2024-04-06T02:42:28.946 INFO:teuthology.orchestra.run.smithi105.stdout:/usr/bin/ceph: stderr
2024-04-06T02:42:27.318+0000 7f88a964c700 1 --2- 172.21.15.105:0/4265204795 >> [v2:172.21.15.105:6800/1394104199,v1:172.21.15.105:6801/1394104199] conn(0x7f8890038370 0x7f889003a830 unknown :-1 s=BANNER_CONNECTING pgs=0 cs=0 l=1 rev1=0 crypto rx=0 tx=0 comp rx=0 tx=0)._handle_peer_banner_payload supported=3 required=0
2024-04-06T02:42:28.947 INFO:teuthology.orchestra.run.smithi105.stdout:/usr/bin/ceph: stderr
2024-04-06T02:42:27.318+0000 7f88a964c700 1 --2- 172.21.15.105:0/4265204795 >> [v2:172.21.15.105:6800/1394104199,v1:172.21.15.105:6801/1394104199] conn(0x7f8890038370 0x7f889003a830 secure :-1 s=READY pgs=22 cs=0 l=1 rev1=1 crypto rx=0x7f8894006fd0 tx=0x7f8894006e40 comp rx=0 tx=0).ready entity=mgr.14118 client_cookie=0 server_cookie=0 in_seq=0 out_seq=0
2024-04-06T02:42:28.947 INFO:teuthology.orchestra.run.smithi105.stdout:/usr/bin/ceph: stderr
2024-04-06T02:42:27.323+0000 7f889affd700 1 -- 172.21.15.105:0/4265204795 <== mon.0 v2:172.21.15.105:3300/0 6 ==== mon_command_ack([{"prefix": "get_command_descriptions"}]=0 v0) v1 ==== 72+0+180422 (secure 0 0 0) 0x7f88a0010970 con 0x7f88a407be80
2024-04-06T02:42:28.947 INFO:teuthology.orchestra.run.smithi105.stdout:/usr/bin/ceph: stderr
2024-04-06T02:42:27.562+0000 7f88ac0b1700 1 -- 172.21.15.105:0/4265204795 --> [v2:172.21.15.105:3300/0,v1:172.21.15.105:6789/0] -- mon_command({"prefix": "mgr module enable", "module": "dashboard"} v 0) v1 -- 0x7f88a419fe80 con 0x7f88a407be80
2024-04-06T02:42:28.947 INFO:teuthology.orchestra.run.smithi105.stdout:/usr/bin/ceph: stderr
2024-04-06T02:42:28.299+0000 7f889affd700 1 -- 172.21.15.105:0/4265204795 <== mon.0 v2:172.21.15.105:3300/0 7 ==== mgrmap(e 9) v1 ==== 45296+0+0 (secure 0 0 0) 0x7f88a001ac00 con 0x7f88a407be80
2024-04-06T02:42:28.947 INFO:teuthology.orchestra.run.smithi105.stdout:/usr/bin/ceph: stderr
2024-04-06T02:42:28.301+0000 7f889affd700 1 -- 172.21.15.105:0/4265204795 <== mon.0 v2:172.21.15.105:3300/0 8 ==== mon_command_ack([{"prefix": "mgr module enable", "module": "dashboard"}]=0 v9) v1 ==== 88+0+0 (secure 0 0 0) 0x7f88a001a950 con 0x7f88a407be80
2024-04-06T02:42:28.947 INFO:teuthology.orchestra.run.smithi105.stdout:/usr/bin/ceph: stderr
2024-04-06T02:42:28.303+0000 7f88ac0b1700 1 -- 172.21.15.105:0/4265204795 >> [v2:172.21.15.105:6800/1394104199,v1:172.21.15.105:6801/1394104199] conn(0x7f8890038370 msgr2=0x7f889003a830 secure :-1 s=STATE_CONNECTION_ESTABLISHED l=1).mark_down
2024-04-06T02:42:28.947 INFO:teuthology.orchestra.run.smithi105.stdout:/usr/bin/ceph: stderr
2024-04-06T02:42:28.303+0000 7f88ac0b1700 1 --2- 172.21.15.105:0/4265204795 >> [v2:172.21.15.105:6800/1394104199,v1:172.21.15.105:6801/1394104199] conn(0x7f8890038370 0x7f889003a830 secure :-1 s=READY pgs=22 cs=0 l=1 rev1=1 crypto rx=0x7f8894006fd0 tx=0x7f8894006e40 comp rx=0 tx=0).stop
2024-04-06T02:42:28.947 INFO:teuthology.orchestra.run.smithi105.stdout:/usr/bin/ceph: stderr
2024-04-06T02:42:28.303+0000 7f88ac0b1700 1 -- 172.21.15.105:0/4265204795 >> [v2:172.21.15.105:3300/0,v1:172.21.15.105:6789/0] conn(0x7f88a407be80 msgr2=0x7f88a419c460 secure :-1 s=STATE_CONNECTION_ESTABLISHED l=1).mark_down
2024-04-06T02:42:28.947 INFO:teuthology.orchestra.run.smithi105.stdout:/usr/bin/ceph: stderr
2024-04-06T02:42:28.303+0000 7f88ac0b1700 1 --2- 172.21.15.105:0/4265204795 >> [v2:172.21.15.105:3300/0,v1:172.21.15.105:6789/0] conn(0x7f88a407be80 0x7f88a419c460 secure :-1 s=READY pgs=66 cs=0 l=1 rev1=1 crypto rx=0x7f88a0011670 tx=0x7f88a0011b50 comp rx=0 tx=0).stop
2024-04-06T02:42:28.947 INFO:teuthology.orchestra.run.smithi105.stdout:/usr/bin/ceph: stderr
2024-04-06T02:42:28.303+0000 7f88ac0b1700 1 -- 172.21.15.105:0/4265204795 shutdown_connections
2024-04-06T02:42:28.947 INFO:teuthology.orchestra.run.smithi105.stdout:/usr/bin/ceph: stderr
2024-04-06T02:42:28.303+0000 7f88ac0b1700 1 --2- 172.21.15.105:0/4265204795 >> [v2:172.21.15.105:6800/1394104199,v1:172.21.15.105:6801/1394104199] conn(0x7f8890038370 0x7f889003a830 unknown :-1 s=CLOSED pgs=22 cs=0 l=1 rev1=1 crypto rx=0 tx=0 comp rx=0 tx=0).stop
2024-04-06T02:42:28.947 INFO:teuthology.orchestra.run.smithi105.stdout:/usr/bin/ceph: stderr
2024-04-06T02:42:28.303+0000 7f88ac0b1700 1 --2- 172.21.15.105:0/4265204795 >> [v2:172.21.15.105:3300/0,v1:172.21.15.105:6789/0] conn(0x7f88a407be80 0x7f88a419c460 unknown :-1 s=CLOSED pgs=66 cs=0 l=1 rev1=1 crypto rx=0 tx=0 comp rx=0 tx=0).stop
2024-04-06T02:42:28.947 INFO:teuthology.orchestra.run.smithi105.stdout:/usr/bin/ceph: stderr
2024-04-06T02:42:28.303+0000 7f88ac0b1700 1 -- 172.21.15.105:0/4265204795 >> 172.21.15.105:0/4265204795 conn(0x7f88a4101b40 msgr2=0x7f88a41031a0 unknown :-1 s=STATE_NONE l=0).mark_down
2024-04-06T02:42:28.948 INFO:teuthology.orchestra.run.smithi105.stdout:/usr/bin/ceph: stderr
2024-04-06T02:42:28.304+0000 7f88ac0b1700 1 -- 172.21.15.105:0/4265204795 shutdown_connections
2024-04-06T02:42:28.948 INFO:teuthology.orchestra.run.smithi105.stdout:/usr/bin/ceph: stderr
2024-04-06T02:42:28.304+0000 7f88ac0b1700 1 -- 172.21.15.105:0/4265204795 wait complete.
2024-04-06T02:42:29.599 INFO:journalctl@ceph.mon.smithi105.smithi105.stdout:Apr 06 02:42:29 smithi105 ceph-mon[29228]: from='client.? 172.21.15.105:0/4265204795' entity='client.admin' cmd='[{"prefix": "mgr module enable", "module": "dashboard"}]': finished
2024-04-06T02:42:29.599 INFO:journalctl@ceph.mon.smithi105.smithi105.stdout:Apr 06 02:42:29 smithi105 ceph-mon[29228]: mgrmap e9: smithi105.vqqcpx(active, since 26s)
2024-04-06T02:42:30.242 INFO:teuthology.orchestra.run.smithi105.stdout:/usr/bin/ceph: stdout {
2024-04-06T02:42:30.243 INFO:teuthology.orchestra.run.smithi105.stdout:/usr/bin/ceph: stdout "epoch": 9,
2024-04-06T02:42:30.243 INFO:teuthology.orchestra.run.smithi105.stdout:/usr/bin/ceph: stdout "available": true,
2024-04-06T02:42:30.243 INFO:teuthology.orchestra.run.smithi105.stdout:/usr/bin/ceph: stdout "active_name": "smithi105.vqqcpx",
2024-04-06T02:42:30.243 INFO:teuthology.orchestra.run.smithi105.stdout:/usr/bin/ceph: stdout "num_standby": 0
2024-04-06T02:42:30.243 INFO:teuthology.orchestra.run.smithi105.stdout:/usr/bin/ceph: stdout }
2024-04-06T02:42:30.243 INFO:teuthology.orchestra.run.smithi105.stdout:/usr/bin/ceph: stderr
2024-04-06T02:42:29.414+0000 7fb54ac99700 1 Processor -- start
2024-04-06T02:42:30.243 INFO:teuthology.orchestra.run.smithi105.stdout:/usr/bin/ceph: stderr
2024-04-06T02:42:29.414+0000 7fb54ac99700 1 -- start start
