2024-04-06T03:29:18.093+0000 7f264f7fe700 1 -- 172.21.15.47:0/731196760 <== mon.0 v2:172.21.15.47:3300/0 1 ==== mon_map magic: 0 ==== 205+0+0 (secure 0 0 0) 0x7f2648003aa0 con 0x7f265807bfb0
2024-04-06T03:29:19.812 INFO:teuthology.orchestra.run.smithi047.stdout:/usr/bin/ceph: stderr
2024-04-06T03:29:18.093+0000 7f264f7fe700 1 -- 172.21.15.47:0/731196760 <== mon.0 v2:172.21.15.47:3300/0 2 ==== config(26 keys) ==== 1093+0+0 (secure 0 0 0) 0x7f264801a8e0 con 0x7f265807bfb0
2024-04-06T03:29:19.812 INFO:teuthology.orchestra.run.smithi047.stdout:/usr/bin/ceph: stderr
2024-04-06T03:29:18.093+0000 7f265ce1b700 1 -- 172.21.15.47:0/731196760 --> [v2:172.21.15.47:3300/0,v1:172.21.15.47:6789/0] -- mon_subscribe({mgrmap=0+}) -- 0x7f265819cc20 con 0x7f265807bfb0
2024-04-06T03:29:19.812 INFO:teuthology.orchestra.run.smithi047.stdout:/usr/bin/ceph: stderr
2024-04-06T03:29:18.093+0000 7f264f7fe700 1 -- 172.21.15.47:0/731196760 <== mon.0 v2:172.21.15.47:3300/0 3 ==== mon_map magic: 0 ==== 205+0+0 (secure 0 0 0) 0x7f2648024930 con 0x7f265807bfb0
2024-04-06T03:29:19.812 INFO:teuthology.orchestra.run.smithi047.stdout:/usr/bin/ceph: stderr
2024-04-06T03:29:18.093+0000 7f265ce1b700 1 -- 172.21.15.47:0/731196760 --> [v2:172.21.15.47:3300/0,v1:172.21.15.47:6789/0] -- mon_subscribe({osdmap=0}) -- 0x7f265819f910 con 0x7f265807bfb0
2024-04-06T03:29:19.812 INFO:teuthology.orchestra.run.smithi047.stdout:/usr/bin/ceph: stderr
2024-04-06T03:29:18.094+0000 7f264f7fe700 1 -- 172.21.15.47:0/731196760 <== mon.0 v2:172.21.15.47:3300/0 4 ==== mgrmap(e 12) ==== 46093+0+0 (secure 0 0 0) 0x7f2648022020 con 0x7f265807bfb0
2024-04-06T03:29:19.812 INFO:teuthology.orchestra.run.smithi047.stdout:/usr/bin/ceph: stderr
2024-04-06T03:29:18.094+0000 7f264f7fe700 1 --2- 172.21.15.47:0/731196760 >> v2:172.21.15.47:6800/850698093 conn(0x7f2644038dc0 0x7f264403b280 unknown :-1 s=NONE pgs=0 cs=0 l=1 rev1=0 crypto rx=0 tx=0 comp rx=0 tx=0).connect
2024-04-06T03:29:19.812 INFO:teuthology.orchestra.run.smithi047.stdout:/usr/bin/ceph: stderr
2024-04-06T03:29:18.094+0000 7f265ce1b700 1 -- 172.21.15.47:0/731196760 --> [v2:172.21.15.47:3300/0,v1:172.21.15.47:6789/0] -- mon_command({"prefix": "get_command_descriptions"} v 0) -- 0x7f2658063900 con 0x7f265807bfb0
2024-04-06T03:29:19.812 INFO:teuthology.orchestra.run.smithi047.stdout:/usr/bin/ceph: stderr
2024-04-06T03:29:18.095+0000 7f264f7fe700 1 -- 172.21.15.47:0/731196760 <== mon.0 v2:172.21.15.47:3300/0 5 ==== osd_map(3..3 src has 1..3) ==== 1069+0+0 (secure 0 0 0) 0x7f264804d560 con 0x7f265807bfb0
2024-04-06T03:29:19.812 INFO:teuthology.orchestra.run.smithi047.stdout:/usr/bin/ceph: stderr
2024-04-06T03:29:18.095+0000 7f2655d9b700 1 --2- 172.21.15.47:0/731196760 >> v2:172.21.15.47:6800/850698093 conn(0x7f2644038dc0 0x7f264403b280 unknown :-1 s=BANNER_CONNECTING pgs=0 cs=0 l=1 rev1=0 crypto rx=0 tx=0 comp rx=0 tx=0)._handle_peer_banner_payload supported=3 required=0
2024-04-06T03:29:19.812 INFO:teuthology.orchestra.run.smithi047.stdout:/usr/bin/ceph: stderr
2024-04-06T03:29:18.095+0000 7f2655d9b700 1 --2- 172.21.15.47:0/731196760 >> v2:172.21.15.47:6800/850698093 conn(0x7f2644038dc0 0x7f264403b280 secure :-1 s=READY pgs=8 cs=0 l=1 rev1=1 crypto rx=0x7f2640006fd0 tx=0x7f2640006e40 comp rx=0 tx=0).ready entity=mgr.14152 client_cookie=0 server_cookie=0 in_seq=0 out_seq=0
2024-04-06T03:29:19.813 INFO:teuthology.orchestra.run.smithi047.stdout:/usr/bin/ceph: stderr
2024-04-06T03:29:18.100+0000 7f264f7fe700 1 -- 172.21.15.47:0/731196760 <== mon.0 v2:172.21.15.47:3300/0 6 ==== mon_command_ack([{"prefix": "get_command_descriptions"}]=0 v0) ==== 72+0+184932 (secure 0 0 0) 0x7f264800b3e0 con 0x7f265807bfb0
2024-04-06T03:29:19.813 INFO:teuthology.orchestra.run.smithi047.stdout:/usr/bin/ceph: stderr
2024-04-06T03:29:18.327+0000 7f265ce1b700 1 -- 172.21.15.47:0/731196760 --> v2:172.21.15.47:6800/850698093 -- mgr_command(tid 0: {"prefix": "dashboard ac-user-create", "username": "admin", "rolename": "administrator", "force_password": true, "pwd_update_required": true, "target": ["mon-mgr", ""]}) -- 0x7f2658102af0 con 0x7f2644038dc0
2024-04-06T03:29:19.813 INFO:teuthology.orchestra.run.smithi047.stdout:/usr/bin/ceph: stderr
2024-04-06T03:29:18.574+0000 7f264f7fe700 1 -- 172.21.15.47:0/731196760 <== mgr.14152 v2:172.21.15.47:6800/850698093 1 ==== mgr_command_reply(tid 0: 0 ) ==== 8+0+252 (secure 0 0 0) 0x7f2658102af0 con 0x7f2644038dc0
2024-04-06T03:29:19.813 INFO:teuthology.orchestra.run.smithi047.stdout:/usr/bin/ceph: stderr
2024-04-06T03:29:18.576+0000 7f265ce1b700 1 -- 172.21.15.47:0/731196760 >> v2:172.21.15.47:6800/850698093 conn(0x7f2644038dc0 msgr2=0x7f264403b280 secure :-1 s=STATE_CONNECTION_ESTABLISHED l=1).mark_down
2024-04-06T03:29:19.813 INFO:teuthology.orchestra.run.smithi047.stdout:/usr/bin/ceph: stderr
2024-04-06T03:29:18.576+0000 7f265ce1b700 1 --2- 172.21.15.47:0/731196760 >> v2:172.21.15.47:6800/850698093 conn(0x7f2644038dc0 0x7f264403b280 secure :-1 s=READY pgs=8 cs=0 l=1 rev1=1 crypto rx=0x7f2640006fd0 tx=0x7f2640006e40 comp rx=0 tx=0).stop
2024-04-06T03:29:19.813 INFO:teuthology.orchestra.run.smithi047.stdout:/usr/bin/ceph: stderr
2024-04-06T03:29:18.576+0000 7f265ce1b700 1 -- 172.21.15.47:0/731196760 >> [v2:172.21.15.47:3300/0,v1:172.21.15.47:6789/0] conn(0x7f265807bfb0 msgr2=0x7f265819c450 secure :-1 s=STATE_CONNECTION_ESTABLISHED l=1).mark_down
2024-04-06T03:29:19.813 INFO:teuthology.orchestra.run.smithi047.stdout:/usr/bin/ceph: stderr
2024-04-06T03:29:18.576+0000 7f265ce1b700 1 --2- 172.21.15.47:0/731196760 >> [v2:172.21.15.47:3300/0,v1:172.21.15.47:6789/0] conn(0x7f265807bfb0 0x7f265819c450 secure :-1 s=READY pgs=73 cs=0 l=1 rev1=1 crypto rx=0x7f2648009fb0 tx=0x7f2648011ac0 comp rx=0 tx=0).stop
2024-04-06T03:29:19.813 INFO:teuthology.orchestra.run.smithi047.stdout:/usr/bin/ceph: stderr
2024-04-06T03:29:18.576+0000 7f265ce1b700 1 -- 172.21.15.47:0/731196760 shutdown_connections
2024-04-06T03:29:19.813 INFO:teuthology.orchestra.run.smithi047.stdout:/usr/bin/ceph: stderr
2024-04-06T03:29:18.576+0000 7f265ce1b700 1 --2- 172.21.15.47:0/731196760 >> v2:172.21.15.47:6800/850698093 conn(0x7f2644038dc0 0x7f264403b280 unknown :-1 s=CLOSED pgs=8 cs=0 l=1 rev1=1 crypto rx=0 tx=0 comp rx=0 tx=0).stop
2024-04-06T03:29:19.813 INFO:teuthology.orchestra.run.smithi047.stdout:/usr/bin/ceph: stderr
2024-04-06T03:29:18.576+0000 7f265ce1b700 1 --2- 172.21.15.47:0/731196760 >> [v2:172.21.15.47:3300/0,v1:172.21.15.47:6789/0] conn(0x7f265807bfb0 0x7f265819c450 unknown :-1 s=CLOSED pgs=73 cs=0 l=1 rev1=1 crypto rx=0 tx=0 comp rx=0 tx=0).stop
2024-04-06T03:29:19.813 INFO:teuthology.orchestra.run.smithi047.stdout:/usr/bin/ceph: stderr
2024-04-06T03:29:18.576+0000 7f265ce1b700 1 -- 172.21.15.47:0/731196760 >> 172.21.15.47:0/731196760 conn(0x7f26581018f0 msgr2=0x7f26581023e0 unknown :-1 s=STATE_NONE l=0).mark_down
2024-04-06T03:29:19.813 INFO:teuthology.orchestra.run.smithi047.stdout:/usr/bin/ceph: stderr
2024-04-06T03:29:18.576+0000 7f265ce1b700 1 -- 172.21.15.47:0/731196760 shutdown_connections
2024-04-06T03:29:19.813 INFO:teuthology.orchestra.run.smithi047.stdout:/usr/bin/ceph: stderr
2024-04-06T03:29:18.576+0000 7f265ce1b700 1 -- 172.21.15.47:0/731196760 wait complete.
2024-04-06T03:29:19.813 INFO:teuthology.orchestra.run.smithi047.stdout:Fetching dashboard port number...
2024-04-06T03:29:20.741 INFO:journalctl@ceph.mon.a.smithi047.stdout:Apr 06 03:29:20 smithi047 ceph-mon[29365]: from='client.? 172.21.15.47:0/3839390734' entity='client.admin' cmd=[{"prefix": "config get", "who": "mgr", "key": "mgr/dashboard/ssl_server_port"}]: dispatch
2024-04-06T03:29:21.024 INFO:teuthology.orchestra.run.smithi047.stdout:/usr/bin/ceph: stdout 8443
2024-04-06T03:29:21.024 INFO:teuthology.orchestra.run.smithi047.stdout:/usr/bin/ceph: stderr
2024-04-06T03:29:20.239+0000 7f4196f0f700 1 Processor -- start
2024-04-06T03:29:21.024 INFO:teuthology.orchestra.run.smithi047.stdout:/usr/bin/ceph: stderr
2024-04-06T03:29:20.239+0000 7f4196f0f700 1 -- start start
2024-04-06T03:29:21.024 INFO:teuthology.orchestra.run.smithi047.stdout:/usr/bin/ceph: stderr
2024-04-06T03:29:20.239+0000 7f4196f0f700 1 --2- >> [v2:172.21.15.47:3300/0,v1:172.21.15.47:6789/0] conn(0x7f4190107a20 0x7f4190107e40 unknown :-1 s=NONE pgs=0 cs=0 l=0 rev1=0 crypto rx=0 tx=0 comp rx=0 tx=0).connect
2024-04-06T03:29:21.024 INFO:teuthology.orchestra.run.smithi047.stdout:/usr/bin/ceph: stderr
2024-04-06T03:29:20.239+0000 7f4196f0f700 1 -- --> [v2:172.21.15.47:3300/0,v1:172.21.15.47:6789/0] -- mon_getmap magic: 0 -- 0x7f4190105f60 con 0x7f4190107a20
2024-04-06T03:29:21.024 INFO:teuthology.orchestra.run.smithi047.stdout:/usr/bin/ceph: stderr
2024-04-06T03:29:20.239+0000 7f4194cab700 1 --2- >> [v2:172.21.15.47:3300/0,v1:172.21.15.47:6789/0] conn(0x7f4190107a20 0x7f4190107e40 unknown :-1 s=BANNER_CONNECTING pgs=0 cs=0 l=0 rev1=0 crypto rx=0 tx=0 comp rx=0 tx=0)._handle_peer_banner_payload supported=3 required=0
2024-04-06T03:29:21.024 INFO:teuthology.orchestra.run.smithi047.stdout:/usr/bin/ceph: stderr
2024-04-06T03:29:20.239+0000 7f4194cab700 1 --2- >> [v2:172.21.15.47:3300/0,v1:172.21.15.47:6789/0] conn(0x7f4190107a20 0x7f4190107e40 unknown :-1 s=HELLO_CONNECTING pgs=0 cs=0 l=0 rev1=1 crypto rx=0 tx=0 comp rx=0 tx=0).handle_hello peer v2:172.21.15.47:3300/0 says I am v2:172.21.15.47:46182/0 (socket says 172.21.15.47:46182)
2024-04-06T03:29:21.025 INFO:teuthology.orchestra.run.smithi047.stdout:/usr/bin/ceph: stderr
2024-04-06T03:29:20.239+0000 7f4194cab700 1 -- 172.21.15.47:0/1178038807 learned_addr learned my addr 172.21.15.47:0/1178038807 (peer_addr_for_me v2:172.21.15.47:0/0)
2024-04-06T03:29:21.025 INFO:teuthology.orchestra.run.smithi047.stdout:/usr/bin/ceph: stderr
2024-04-06T03:29:20.239+0000 7f4194cab700 1 -- 172.21.15.47:0/1178038807 --> [v2:172.21.15.47:3300/0,v1:172.21.15.47:6789/0] -- mon_subscribe({config=0+,monmap=0+}) -- 0x7f41901060e0 con 0x7f4190107a20
2024-04-06T03:29:21.025 INFO:teuthology.orchestra.run.smithi047.stdout:/usr/bin/ceph: stderr
2024-04-06T03:29:20.239+0000 7f4194cab700 1 --2- 172.21.15.47:0/1178038807 >> [v2:172.21.15.47:3300/0,v1:172.21.15.47:6789/0] conn(0x7f4190107a20 0x7f4190107e40 secure :-1 s=READY pgs=74 cs=0 l=1 rev1=1 crypto rx=0x7f41840098a0 tx=0x7f4184009bb0 comp rx=0 tx=0).ready entity=mon.0 client_cookie=c74a47f09e4c39ee server_cookie=0 in_seq=0 out_seq=0
2024-04-06T03:29:21.025 INFO:teuthology.orchestra.run.smithi047.stdout:/usr/bin/ceph: stderr
2024-04-06T03:29:20.240+0000 7f418f7fe700 1 -- 172.21.15.47:0/1178038807 <== mon.0 v2:172.21.15.47:3300/0 1 ==== mon_map magic: 0 ==== 205+0+0 (secure 0 0 0) 0x7f4184004160 con 0x7f4190107a20
2024-04-06T03:29:21.025 INFO:teuthology.orchestra.run.smithi047.stdout:/usr/bin/ceph: stderr
2024-04-06T03:29:20.240+0000 7f418f7fe700 1 -- 172.21.15.47:0/1178038807 <== mon.0 v2:172.21.15.47:3300/0 2 ==== config(26 keys) ==== 1093+0+0 (secure 0 0 0) 0x7f4184004300 con 0x7f4190107a20
2024-04-06T03:29:21.025 INFO:teuthology.orchestra.run.smithi047.stdout:/usr/bin/ceph: stderr
2024-04-06T03:29:20.240+0000 7f418f7fe700 1 -- 172.21.15.47:0/1178038807 <== mon.0 v2:172.21.15.47:3300/0 3 ==== mon_map magic: 0 ==== 205+0+0 (secure 0 0 0) 0x7f4184011a00 con 0x7f4190107a20
2024-04-06T03:29:21.025 INFO:teuthology.orchestra.run.smithi047.stdout:/usr/bin/ceph: stderr
2024-04-06T03:29:20.240+0000 7f4196f0f700 1 -- 172.21.15.47:0/1178038807 >> [v2:172.21.15.47:3300/0,v1:172.21.15.47:6789/0] conn(0x7f4190107a20 msgr2=0x7f4190107e40 secure :-1 s=STATE_CONNECTION_ESTABLISHED l=1).mark_down
2024-04-06T03:29:21.025 INFO:teuthology.orchestra.run.smithi047.stdout:/usr/bin/ceph: stderr
2024-04-06T03:29:20.240+0000 7f4196f0f700 1 --2- 172.21.15.47:0/1178038807 >> [v2:172.21.15.47:3300/0,v1:172.21.15.47:6789/0] conn(0x7f4190107a20 0x7f4190107e40 secure :-1 s=READY pgs=74 cs=0 l=1 rev1=1 crypto rx=0x7f41840098a0 tx=0x7f4184009bb0 comp rx=0 tx=0).stop
2024-04-06T03:29:21.025 INFO:teuthology.orchestra.run.smithi047.stdout:/usr/bin/ceph: stderr
2024-04-06T03:29:20.240+0000 7f4196f0f700 1 -- 172.21.15.47:0/1178038807 shutdown_connections
2024-04-06T03:29:21.025 INFO:teuthology.orchestra.run.smithi047.stdout:/usr/bin/ceph: stderr
2024-04-06T03:29:20.240+0000 7f4196f0f700 1 --2- 172.21.15.47:0/1178038807 >> [v2:172.21.15.47:3300/0,v1:172.21.15.47:6789/0] conn(0x7f4190107a20 0x7f4190107e40 unknown :-1 s=CLOSED pgs=74 cs=0 l=1 rev1=1 crypto rx=0 tx=0 comp rx=0 tx=0).stop
2024-04-06T03:29:21.025 INFO:teuthology.orchestra.run.smithi047.stdout:/usr/bin/ceph: stderr
2024-04-06T03:29:20.240+0000 7f4196f0f700 1 -- 172.21.15.47:0/1178038807 >> 172.21.15.47:0/1178038807 conn(0x7f41901018c0 msgr2=0x7f4190103d20 unknown :-1 s=STATE_NONE l=0).mark_down
2024-04-06T03:29:21.025 INFO:teuthology.orchestra.run.smithi047.stdout:/usr/bin/ceph: stderr
2024-04-06T03:29:20.240+0000 7f4196f0f700 1 -- 172.21.15.47:0/1178038807 shutdown_connections
2024-04-06T03:29:21.025 INFO:teuthology.orchestra.run.smithi047.stdout:/usr/bin/ceph: stderr
2024-04-06T03:29:20.240+0000 7f4196f0f700 1 -- 172.21.15.47:0/1178038807 wait complete.
2024-04-06T03:29:21.026 INFO:teuthology.orchestra.run.smithi047.stdout:/usr/bin/ceph: stderr
2024-04-06T03:29:20.241+0000 7f4196f0f700 1 Processor -- start
2024-04-06T03:29:21.026 INFO:teuthology.orchestra.run.smithi047.stdout:/usr/bin/ceph: stderr
2024-04-06T03:29:20.241+0000 7f4196f0f700 1 -- start start
2024-04-06T03:29:21.026 INFO:teuthology.orchestra.run.smithi047.stdout:/usr/bin/ceph: stderr
2024-04-06T03:29:20.241+0000 7f4196f0f700 1 --2- >> [v2:172.21.15.47:3300/0,v1:172.21.15.47:6789/0] conn(0x7f4190107a20 0x7f419019c4a0 unknown :-1 s=NONE pgs=0 cs=0 l=1 rev1=0 crypto rx=0 tx=0 comp rx=0 tx=0).connect
2024-04-06T03:29:21.026 INFO:teuthology.orchestra.run.smithi047.stdout:/usr/bin/ceph: stderr
2024-04-06T03:29:20.241+0000 7f4196f0f700 1 -- --> [v2:172.21.15.47:3300/0,v1:172.21.15.47:6789/0] -- mon_getmap magic: 0 -- 0x7f419010a8f0 con 0x7f4190107a20
2024-04-06T03:29:21.026 INFO:teuthology.orchestra.run.smithi047.stdout:/usr/bin/ceph: stderr
2024-04-06T03:29:20.241+0000 7f4194cab700 1 --2- >> [v2:172.21.15.47:3300/0,v1:172.21.15.47:6789/0] conn(0x7f4190107a20 0x7f419019c4a0 unknown :-1 s=BANNER_CONNECTING pgs=0 cs=0 l=1 rev1=0 crypto rx=0 tx=0 comp rx=0 tx=0)._handle_peer_banner_payload supported=3 required=0
2024-04-06T03:29:21.026 INFO:teuthology.orchestra.run.smithi047.stdout:/usr/bin/ceph: stderr
2024-04-06T03:29:20.241+0000 7f4194cab700 1 --2- >> [v2:172.21.15.47:3300/0,v1:172.21.15.47:6789/0] conn(0x7f4190107a20 0x7f419019c4a0 unknown :-1 s=HELLO_CONNECTING pgs=0 cs=0 l=1 rev1=1 crypto rx=0 tx=0 comp rx=0 tx=0).handle_hello peer v2:172.21.15.47:3300/0 says I am v2:172.21.15.47:46186/0 (socket says 172.21.15.47:46186)
2024-04-06T03:29:21.026 INFO:teuthology.orchestra.run.smithi047.stdout:/usr/bin/ceph: stderr
2024-04-06T03:29:20.241+0000 7f4194cab700 1 -- 172.21.15.47:0/3839390734 learned_addr learned my addr 172.21.15.47:0/3839390734 (peer_addr_for_me v2:172.21.15.47:0/0)
2024-04-06T03:29:21.026 INFO:teuthology.orchestra.run.smithi047.stdout:/usr/bin/ceph: stderr
2024-04-06T03:29:20.241+0000 7f4194cab700 1 -- 172.21.15.47:0/3839390734 --> [v2:172.21.15.47:3300/0,v1:172.21.15.47:6789/0] -- mon_subscribe({config=0+,monmap=0+}) -- 0x7f419019c9e0 con 0x7f4190107a20
2024-04-06T03:29:21.026 INFO:teuthology.orchestra.run.smithi047.stdout:/usr/bin/ceph: stderr
2024-04-06T03:29:20.242+0000 7f4194cab700 1 --2- 172.21.15.47:0/3839390734 >> [v2:172.21.15.47:3300/0,v1:172.21.15.47:6789/0] conn(0x7f4190107a20 0x7f419019c4a0 secure :-1 s=READY pgs=75 cs=0 l=1 rev1=1 crypto rx=0x7f4184009fb0 tx=0x7f4184011ac0 comp rx=0 tx=0).ready entity=mon.0 client_cookie=0 server_cookie=0 in_seq=0 out_seq=0
2024-04-06T03:29:21.026 INFO:teuthology.orchestra.run.smithi047.stdout:/usr/bin/ceph: stderr
2024-04-06T03:29:20.242+0000 7f418dffb700 1 -- 172.21.15.47:0/3839390734 <== mon.0 v2:172.21.15.47:3300/0 1 ==== mon_map magic: 0 ==== 205+0+0 (secure 0 0 0) 0x7f418401a430 con 0x7f4190107a20
2024-04-06T03:29:21.026 INFO:teuthology.orchestra.run.smithi047.stdout:/usr/bin/ceph: stderr
2024-04-06T03:29:20.242+0000 7f418dffb700 1 -- 172.21.15.47:0/3839390734 <== mon.0 v2:172.21.15.47:3300/0 2 ==== config(26 keys) ==== 1093+0+0 (secure 0 0 0) 0x7f418401aa80 con 0x7f4190107a20
2024-04-06T03:29:21.026 INFO:teuthology.orchestra.run.smithi047.stdout:/usr/bin/ceph: stderr
2024-04-06T03:29:20.242+0000 7f4196f0f700 1 -- 172.21.15.47:0/3839390734 --> [v2:172.21.15.47:3300/0,v1:172.21.15.47:6789/0] -- mon_subscribe({mgrmap=0+}) -- 0x7f419019cc70 con 0x7f4190107a20
2024-04-06T03:29:21.026 INFO:teuthology.orchestra.run.smithi047.stdout:/usr/bin/ceph: stderr
2024-04-06T03:29:20.242+0000 7f418dffb700 1 -- 172.21.15.47:0/3839390734 <== mon.0 v2:172.21.15.47:3300/0 3 ==== mon_map magic: 0 ==== 205+0+0 (secure 0 0 0) 0x7f41840249b0 con 0x7f4190107a20
2024-04-06T03:29:21.027 INFO:teuthology.orchestra.run.smithi047.stdout:/usr/bin/ceph: stderr
2024-04-06T03:29:20.242+0000 7f4196f0f700 1 -- 172.21.15.47:0/3839390734 --> [v2:172.21.15.47:3300/0,v1:172.21.15.47:6789/0] -- mon_subscribe({osdmap=0}) -- 0x7f419019f960 con 0x7f4190107a20
2024-04-06T03:29:21.027 INFO:teuthology.orchestra.run.smithi047.stdout:/usr/bin/ceph: stderr
2024-04-06T03:29:20.243+0000 7f418dffb700 1 -- 172.21.15.47:0/3839390734 <== mon.0 v2:172.21.15.47:3300/0 4 ==== mgrmap(e 12) ==== 46093+0+0 (secure 0 0 0) 0x7f4184022020 con 0x7f4190107a20
2024-04-06T03:29:21.027 INFO:teuthology.orchestra.run.smithi047.stdout:/usr/bin/ceph: stderr
2024-04-06T03:29:20.243+0000 7f418dffb700 1 --2- 172.21.15.47:0/3839390734 >> v2:172.21.15.47:6800/850698093 conn(0x7f4180038e10 0x7f418003b2d0 unknown :-1 s=NONE pgs=0 cs=0 l=1 rev1=0 crypto rx=0 tx=0 comp rx=0 tx=0).connect
2024-04-06T03:29:21.027 INFO:teuthology.orchestra.run.smithi047.stdout:/usr/bin/ceph: stderr
2024-04-06T03:29:20.243+0000 7f418dffb700 1 -- 172.21.15.47:0/3839390734 <== mon.0 v2:172.21.15.47:3300/0 5 ==== osd_map(3..3 src has 1..3) ==== 1069+0+0 (secure 0 0 0) 0x7f418404d540 con 0x7f4190107a20
2024-04-06T03:29:21.027 INFO:teuthology.orchestra.run.smithi047.stdout:/usr/bin/ceph: stderr
2024-04-06T03:29:20.243+0000 7f4196f0f700 1 -- 172.21.15.47:0/3839390734 --> [v2:172.21.15.47:3300/0,v1:172.21.15.47:6789/0] -- mon_command({"prefix": "get_command_descriptions"} v 0) -- 0x7f4190063900 con 0x7f4190107a20
2024-04-06T03:29:21.027 INFO:teuthology.orchestra.run.smithi047.stdout:/usr/bin/ceph: stderr
2024-04-06T03:29:20.243+0000 7f418ffff700 1 --2- 172.21.15.47:0/3839390734 >> v2:172.21.15.47:6800/850698093 conn(0x7f4180038e10 0x7f418003b2d0 unknown :-1 s=BANNER_CONNECTING pgs=0 cs=0 l=1 rev1=0 crypto rx=0 tx=0 comp rx=0 tx=0)._handle_peer_banner_payload supported=3 required=0
2024-04-06T03:29:21.027 INFO:teuthology.orchestra.run.smithi047.stdout:/usr/bin/ceph: stderr
2024-04-06T03:29:20.243+0000 7f418ffff700 1 --2- 172.21.15.47:0/3839390734 >> v2:172.21.15.47:6800/850698093 conn(0x7f4180038e10 0x7f418003b2d0 secure :-1 s=READY pgs=9 cs=0 l=1 rev1=1 crypto rx=0x7f417c006fd0 tx=0x7f417c006e40 comp rx=0 tx=0).ready entity=mgr.14152 client_cookie=0 server_cookie=0 in_seq=0 out_seq=0
2024-04-06T03:29:21.027 INFO:teuthology.orchestra.run.smithi047.stdout:/usr/bin/ceph: stderr
2024-04-06T03:29:20.248+0000 7f418dffb700 1 -- 172.21.15.47:0/3839390734 <== mon.0 v2:172.21.15.47:3300/0 6 ==== mon_command_ack([{"prefix": "get_command_descriptions"}]=0 v0) ==== 72+0+184932 (secure 0 0 0) 0x7f418400b3e0 con 0x7f4190107a20
2024-04-06T03:29:21.027 INFO:teuthology.orchestra.run.smithi047.stdout:/usr/bin/ceph: stderr
2024-04-06T03:29:20.447+0000 7f4196f0f700 1 -- 172.21.15.47:0/3839390734 --> [v2:172.21.15.47:3300/0,v1:172.21.15.47:6789/0] -- mon_command({"prefix": "config get", "who": "mgr", "key": "mgr/dashboard/ssl_server_port"} v 0) -- 0x7f419019fb30 con 0x7f4190107a20
2024-04-06T03:29:21.027 INFO:teuthology.orchestra.run.smithi047.stdout:/usr/bin/ceph: stderr
2024-04-06T03:29:20.448+0000 7f418dffb700 1 -- 172.21.15.47:0/3839390734 <== mon.0 v2:172.21.15.47:3300/0 7 ==== mon_command_ack([{"prefix": "config get", "who": "mgr", "key": "mgr/dashboard/ssl_server_port"}]=0 v8) ==== 112+0+5 (secure 0 0 0) 0x7f41840172b0 con 0x7f4190107a20
2024-04-06T03:29:21.027 INFO:teuthology.orchestra.run.smithi047.stdout:/usr/bin/ceph: stderr
2024-04-06T03:29:20.450+0000 7f4196f0f700 1 -- 172.21.15.47:0/3839390734 >> v2:172.21.15.47:6800/850698093 conn(0x7f4180038e10 msgr2=0x7f418003b2d0 secure :-1 s=STATE_CONNECTION_ESTABLISHED l=1).mark_down
2024-04-06T03:29:21.027 INFO:teuthology.orchestra.run.smithi047.stdout:/usr/bin/ceph: stderr
2024-04-06T03:29:20.450+0000 7f4196f0f700 1 --2- 172.21.15.47:0/3839390734 >> v2:172.21.15.47:6800/850698093 conn(0x7f4180038e10 0x7f418003b2d0 secure :-1 s=READY pgs=9 cs=0 l=1 rev1=1 crypto rx=0x7f417c006fd0 tx=0x7f417c006e40 comp rx=0 tx=0).stop
2024-04-06T03:29:21.027 INFO:teuthology.orchestra.run.smithi047.stdout:/usr/bin/ceph: stderr
2024-04-06T03:29:20.450+0000 7f4196f0f700 1 -- 172.21.15.47:0/3839390734 >> [v2:172.21.15.47:3300/0,v1:172.21.15.47:6789/0] conn(0x7f4190107a20 msgr2=0x7f419019c4a0 secure :-1 s=STATE_CONNECTION_ESTABLISHED l=1).mark_down
2024-04-06T03:29:21.027 INFO:teuthology.orchestra.run.smithi047.stdout:/usr/bin/ceph: stderr
2024-04-06T03:29:20.450+0000 7f4196f0f700 1 --2- 172.21.15.47:0/3839390734 >> [v2:172.21.15.47:3300/0,v1:172.21.15.47:6789/0] conn(0x7f4190107a20 0x7f419019c4a0 secure :-1 s=READY pgs=75 cs=0 l=1 rev1=1 crypto rx=0x7f4184009fb0 tx=0x7f4184011ac0 comp rx=0 tx=0).stop
2024-04-06T03:29:21.028 INFO:teuthology.orchestra.run.smithi047.stdout:/usr/bin/ceph: stderr
2024-04-06T03:29:20.450+0000 7f4196f0f700 1 -- 172.21.15.47:0/3839390734 shutdown_connections
2024-04-06T03:29:21.028 INFO:teuthology.orchestra.run.smithi047.stdout:/usr/bin/ceph: stderr
2024-04-06T03:29:20.450+0000 7f4196f0f700 1 --2- 172.21.15.47:0/3839390734 >> v2:172.21.15.47:6800/850698093 conn(0x7f4180038e10 0x7f418003b2d0 unknown :-1 s=CLOSED pgs=9 cs=0 l=1 rev1=1 crypto rx=0 tx=0 comp rx=0 tx=0).stop
2024-04-06T03:29:21.028 INFO:teuthology.orchestra.run.smithi047.stdout:/usr/bin/ceph: stderr
2024-04-06T03:29:20.450+0000 7f4196f0f700 1 --2- 172.21.15.47:0/3839390734 >> [v2:172.21.15.47:3300/0,v1:172.21.15.47:6789/0] conn(0x7f4190107a20 0x7f419019c4a0 unknown :-1 s=CLOSED pgs=75 cs=0 l=1 rev1=1 crypto rx=0 tx=0 comp rx=0 tx=0).stop
2024-04-06T03:29:21.028 INFO:teuthology.orchestra.run.smithi047.stdout:/usr/bin/ceph: stderr
2024-04-06T03:29:20.450+0000 7f4196f0f700 1 -- 172.21.15.47:0/3839390734 >> 172.21.15.47:0/3839390734 conn(0x7f41901018c0 msgr2=0x7f41901022b0 unknown :-1 s=STATE_NONE l=0).mark_down
2024-04-06T03:29:21.028 INFO:teuthology.orchestra.run.smithi047.stdout:/usr/bin/ceph: stderr
2024-04-06T03:29:20.450+0000 7f4196f0f700 1 -- 172.21.15.47:0/3839390734 shutdown_connections
2024-04-06T03:29:21.028 INFO:teuthology.orchestra.run.smithi047.stdout:/usr/bin/ceph: stderr
2024-04-06T03:29:20.450+0000 7f4196f0f700 1 -- 172.21.15.47:0/3839390734 wait complete.
2024-04-06T03:29:21.031 INFO:teuthology.orchestra.run.smithi047.stdout:Non-zero exit code 1 from systemctl is-enabled firewalld.service
2024-04-06T03:29:21.031 INFO:teuthology.orchestra.run.smithi047.stdout:systemctl: stdout disabled
2024-04-06T03:29:21.038 INFO:teuthology.orchestra.run.smithi047.stdout:Non-zero exit code 3 from systemctl is-active firewalld.service
2024-04-06T03:29:21.038 INFO:teuthology.orchestra.run.smithi047.stdout:systemctl: stdout inactive
2024-04-06T03:29:21.038 INFO:teuthology.orchestra.run.smithi047.stdout:firewalld.service is not enabled
2024-04-06T03:29:21.038 INFO:teuthology.orchestra.run.smithi047.stdout:Not possible to open ports <[8443]>. firewalld.service is not available
2024-04-06T03:29:21.040 INFO:teuthology.orchestra.run.smithi047.stdout:Ceph Dashboard is now available at:
2024-04-06T03:29:21.040 INFO:teuthology.orchestra.run.smithi047.stdout:
2024-04-06T03:29:21.040 INFO:teuthology.orchestra.run.smithi047.stdout: URL: https://smithi047.front.sepia.ceph.com:8443/
2024-04-06T03:29:21.040 INFO:teuthology.orchestra.run.smithi047.stdout: User: admin
2024-04-06T03:29:21.040 INFO:teuthology.orchestra.run.smithi047.stdout: Password: zxqsj11xsa
2024-04-06T03:29:21.040 INFO:teuthology.orchestra.run.smithi047.stdout:
2024-04-06T03:29:21.040 INFO:teuthology.orchestra.run.smithi047.stdout:Saving cluster configuration to /var/lib/ceph/8f6329a8-f3c5-11ee-b649-cb9ed24678a4/config directory
2024-04-06T03:29:21.041 INFO:teuthology.orchestra.run.smithi047.stdout:Enabling autotune for osd_memory_target
2024-04-06T03:29:21.671 INFO:journalctl@ceph.mon.a.smithi047.stdout:Apr 06 03:29:21 smithi047 ceph-mon[29365]: mgrmap e13: y(active, since 6s)
2024-04-06T03:29:22.339 INFO:teuthology.orchestra.run.smithi047.stdout:/usr/bin/ceph: stderr
2024-04-06T03:29:21.458+0000 7fc64a1cb700 1 Processor -- start
2024-04-06T03:29:22.339 INFO:teuthology.orchestra.run.smithi047.stdout:/usr/bin/ceph: stderr
2024-04-06T03:29:21.458+0000 7fc64a1cb700 1 -- start start
2024-04-06T03:29:22.340 INFO:teuthology.orchestra.run.smithi047.stdout:/usr/bin/ceph: stderr
2024-04-06T03:29:21.458+0000 7fc64a1cb700 1 --2- >> [v2:172.21.15.47:3300/0,v1:172.21.15.47:6789/0] conn(0x7fc644106930 0x7fc644106d50 unknown :-1 s=NONE pgs=0 cs=0 l=0 rev1=0 crypto rx=0 tx=0 comp rx=0 tx=0).connect
2024-04-06T03:29:22.340 INFO:teuthology.orchestra.run.smithi047.stdout:/usr/bin/ceph: stderr
2024-04-06T03:29:21.458+0000 7fc64a1cb700 1 -- --> [v2:172.21.15.47:3300/0,v1:172.21.15.47:6789/0] -- mon_getmap magic: 0 -- 0x7fc644104e70 con 0x7fc644106930
2024-04-06T03:29:22.340 INFO:teuthology.orchestra.run.smithi047.stdout:/usr/bin/ceph: stderr
2024-04-06T03:29:21.459+0000 7fc6437fe700 1 --2- >> [v2:172.21.15.47:3300/0,v1:172.21.15.47:6789/0] conn(0x7fc644106930 0x7fc644106d50 unknown :-1 s=BANNER_CONNECTING pgs=0 cs=0 l=0 rev1=0 crypto rx=0 tx=0 comp rx=0 tx=0)._handle_peer_banner_payload supported=3 required=0
2024-04-06T03:29:22.340 INFO:teuthology.orchestra.run.smithi047.stdout:/usr/bin/ceph: stderr
2024-04-06T03:29:21.459+0000 7fc6437fe700 1 --2- >> [v2:172.21.15.47:3300/0,v1:172.21.15.47:6789/0] conn(0x7fc644106930 0x7fc644106d50 unknown :-1 s=HELLO_CONNECTING pgs=0 cs=0 l=0 rev1=1 crypto rx=0 tx=0 comp rx=0 tx=0).handle_hello peer v2:172.21.15.47:3300/0 says I am v2:172.21.15.47:46194/0 (socket says 172.21.15.47:46194)
2024-04-06T03:29:22.340 INFO:teuthology.orchestra.run.smithi047.stdout:/usr/bin/ceph: stderr
2024-04-06T03:29:21.459+0000 7fc6437fe700 1 -- 172.21.15.47:0/164251917 learned_addr learned my addr 172.21.15.47:0/164251917 (peer_addr_for_me v2:172.21.15.47:0/0)
2024-04-06T03:29:22.340 INFO:teuthology.orchestra.run.smithi047.stdout:/usr/bin/ceph: stderr
2024-04-06T03:29:21.459+0000 7fc6437fe700 1 -- 172.21.15.47:0/164251917 --> [v2:172.21.15.47:3300/0,v1:172.21.15.47:6789/0] -- mon_subscribe({config=0+,monmap=0+}) -- 0x7fc644104ff0 con 0x7fc644106930
2024-04-06T03:29:22.340 INFO:teuthology.orchestra.run.smithi047.stdout:/usr/bin/ceph: stderr
2024-04-06T03:29:21.459+0000 7fc6437fe700 1 --2- 172.21.15.47:0/164251917 >> [v2:172.21.15.47:3300/0,v1:172.21.15.47:6789/0] conn(0x7fc644106930 0x7fc644106d50 secure :-1 s=READY pgs=76 cs=0 l=1 rev1=1 crypto rx=0x7fc6340098a0 tx=0x7fc634009bb0 comp rx=0 tx=0).ready entity=mon.0 client_cookie=771bee49b90481d0 server_cookie=0 in_seq=0 out_seq=0
2024-04-06T03:29:22.340 INFO:teuthology.orchestra.run.smithi047.stdout:/usr/bin/ceph: stderr
2024-04-06T03:29:21.459+0000 7fc6427fc700 1 -- 172.21.15.47:0/164251917 <== mon.0 v2:172.21.15.47:3300/0 1 ==== mon_map magic: 0 ==== 205+0+0 (secure 0 0 0) 0x7fc634004160 con 0x7fc644106930
2024-04-06T03:29:22.340 INFO:teuthology.orchestra.run.smithi047.stdout:/usr/bin/ceph: stderr
2024-04-06T03:29:21.459+0000 7fc6427fc700 1 -- 172.21.15.47:0/164251917 <== mon.0 v2:172.21.15.47:3300/0 2 ==== config(26 keys) ==== 1093+0+0 (secure 0 0 0) 0x7fc634004300 con 0x7fc644106930
2024-04-06T03:29:22.340 INFO:teuthology.orchestra.run.smithi047.stdout:/usr/bin/ceph: stderr
2024-04-06T03:29:21.459+0000 7fc6427fc700 1 -- 172.21.15.47:0/164251917 <== mon.0 v2:172.21.15.47:3300/0 3 ==== mon_map magic: 0 ==== 205+0+0 (secure 0 0 0) 0x7fc634011a00 con 0x7fc644106930
2024-04-06T03:29:22.340 INFO:teuthology.orchestra.run.smithi047.stdout:/usr/bin/ceph: stderr
2024-04-06T03:29:21.460+0000 7fc64a1cb700 1 -- 172.21.15.47:0/164251917 >> [v2:172.21.15.47:3300/0,v1:172.21.15.47:6789/0] conn(0x7fc644106930 msgr2=0x7fc644106d50 secure :-1 s=STATE_CONNECTION_ESTABLISHED l=1).mark_down
2024-04-06T03:29:22.340 INFO:teuthology.orchestra.run.smithi047.stdout:/usr/bin/ceph: stderr
2024-04-06T03:29:21.460+0000 7fc64a1cb700 1 --2- 172.21.15.47:0/164251917 >> [v2:172.21.15.47:3300/0,v1:172.21.15.47:6789/0] conn(0x7fc644106930 0x7fc644106d50 secure :-1 s=READY pgs=76 cs=0 l=1 rev1=1 crypto rx=0x7fc6340098a0 tx=0x7fc634009bb0 comp rx=0 tx=0).stop
2024-04-06T03:29:22.340 INFO:teuthology.orchestra.run.smithi047.stdout:/usr/bin/ceph: stderr
2024-04-06T03:29:21.460+0000 7fc64a1cb700 1 -- 172.21.15.47:0/164251917 shutdown_connections
2024-04-06T03:29:22.341 INFO:teuthology.orchestra.run.smithi047.stdout:/usr/bin/ceph: stderr
2024-04-06T03:29:21.460+0000 7fc64a1cb700 1 --2- 172.21.15.47:0/164251917 >> [v2:172.21.15.47:3300/0,v1:172.21.15.47:6789/0] conn(0x7fc644106930 0x7fc644106d50 unknown :-1 s=CLOSED pgs=76 cs=0 l=1 rev1=1 crypto rx=0 tx=0 comp rx=0 tx=0).stop
2024-04-06T03:29:22.341 INFO:teuthology.orchestra.run.smithi047.stdout:/usr/bin/ceph: stderr
2024-04-06T03:29:21.460+0000 7fc64a1cb700 1 -- 172.21.15.47:0/164251917 >> 172.21.15.47:0/164251917 conn(0x7fc644100870 msgr2=0x7fc644102c90 unknown :-1 s=STATE_NONE l=0).mark_down
2024-04-06T03:29:22.341 INFO:teuthology.orchestra.run.smithi047.stdout:/usr/bin/ceph: stderr
2024-04-06T03:29:21.460+0000 7fc64a1cb700 1 -- 172.21.15.47:0/164251917 shutdown_connections
2024-04-06T03:29:22.341 INFO:teuthology.orchestra.run.smithi047.stdout:/usr/bin/ceph: stderr
2024-04-06T03:29:21.460+0000 7fc64a1cb700 1 -- 172.21.15.47:0/164251917 wait complete.
2024-04-06T03:29:22.341 INFO:teuthology.orchestra.run.smithi047.stdout:/usr/bin/ceph: stderr
2024-04-06T03:29:21.461+0000 7fc64a1cb700 1 Processor -- start
2024-04-06T03:29:22.341 INFO:teuthology.orchestra.run.smithi047.stdout:/usr/bin/ceph: stderr
2024-04-06T03:29:21.461+0000 7fc64a1cb700 1 -- start start
2024-04-06T03:29:22.341 INFO:teuthology.orchestra.run.smithi047.stdout:/usr/bin/ceph: stderr
2024-04-06T03:29:21.461+0000 7fc64a1cb700 1 --2- >> [v2:172.21.15.47:3300/0,v1:172.21.15.47:6789/0] conn(0x7fc644106930 0x7fc644198090 unknown :-1 s=NONE pgs=0 cs=0 l=1 rev1=0 crypto rx=0 tx=0 comp rx=0 tx=0).connect
2024-04-06T03:29:22.341 INFO:teuthology.orchestra.run.smithi047.stdout:/usr/bin/ceph: stderr
2024-04-06T03:29:21.461+0000 7fc64a1cb700 1 -- --> [v2:172.21.15.47:3300/0,v1:172.21.15.47:6789/0] -- mon_getmap magic: 0 -- 0x7fc6440789d0 con 0x7fc644106930
2024-04-06T03:29:22.341 INFO:teuthology.orchestra.run.smithi047.stdout:/usr/bin/ceph: stderr
2024-04-06T03:29:21.461+0000 7fc6437fe700 1 --2- >> [v2:172.21.15.47:3300/0,v1:172.21.15.47:6789/0] conn(0x7fc644106930 0x7fc644198090 unknown :-1 s=BANNER_CONNECTING pgs=0 cs=0 l=1 rev1=0 crypto rx=0 tx=0 comp rx=0 tx=0)._handle_peer_banner_payload supported=3 required=0
2024-04-06T03:29:22.341 INFO:teuthology.orchestra.run.smithi047.stdout:/usr/bin/ceph: stderr
2024-04-06T03:29:21.461+0000 7fc6437fe700 1 --2- >> [v2:172.21.15.47:3300/0,v1:172.21.15.47:6789/0] conn(0x7fc644106930 0x7fc644198090 unknown :-1 s=HELLO_CONNECTING pgs=0 cs=0 l=1 rev1=1 crypto rx=0 tx=0 comp rx=0 tx=0).handle_hello peer v2:172.21.15.47:3300/0 says I am v2:172.21.15.47:46198/0 (socket says 172.21.15.47:46198)
2024-04-06T03:29:22.341 INFO:teuthology.orchestra.run.smithi047.stdout:/usr/bin/ceph: stderr
2024-04-06T03:29:21.461+0000 7fc6437fe700 1 -- 172.21.15.47:0/4054256380 learned_addr learned my addr 172.21.15.47:0/4054256380 (peer_addr_for_me v2:172.21.15.47:0/0)
2024-04-06T03:29:22.341 INFO:teuthology.orchestra.run.smithi047.stdout:/usr/bin/ceph: stderr
2024-04-06T03:29:21.461+0000 7fc6437fe700 1 -- 172.21.15.47:0/4054256380 --> [v2:172.21.15.47:3300/0,v1:172.21.15.47:6789/0] -- mon_subscribe({config=0+,monmap=0+}) -- 0x7fc6441985d0 con 0x7fc644106930
2024-04-06T03:29:22.341 INFO:teuthology.orchestra.run.smithi047.stdout:/usr/bin/ceph: stderr
2024-04-06T03:29:21.461+0000 7fc6437fe700 1 --2- 172.21.15.47:0/4054256380 >> [v2:172.21.15.47:3300/0,v1:172.21.15.47:6789/0] conn(0x7fc644106930 0x7fc644198090 secure :-1 s=READY pgs=77 cs=0 l=1 rev1=1 crypto rx=0x7fc634009fb0 tx=0x7fc634011ac0 comp rx=0 tx=0).ready entity=mon.0 client_cookie=0 server_cookie=0 in_seq=0 out_seq=0
2024-04-06T03:29:22.341 INFO:teuthology.orchestra.run.smithi047.stdout:/usr/bin/ceph: stderr
2024-04-06T03:29:21.462+0000 7fc640ff9700 1 -- 172.21.15.47:0/4054256380 <== mon.0 v2:172.21.15.47:3300/0 1 ==== mon_map magic: 0 ==== 205+0+0 (secure 0 0 0) 0x7fc63401a430 con 0x7fc644106930
2024-04-06T03:29:22.341 INFO:teuthology.orchestra.run.smithi047.stdout:/usr/bin/ceph: stderr
2024-04-06T03:29:21.462+0000 7fc64a1cb700 1 -- 172.21.15.47:0/4054256380 --> [v2:172.21.15.47:3300/0,v1:172.21.15.47:6789/0] -- mon_subscribe({mgrmap=0+}) -- 0x7fc644198860 con 0x7fc644106930
2024-04-06T03:29:22.342 INFO:teuthology.orchestra.run.smithi047.stdout:/usr/bin/ceph: stderr
2024-04-06T03:29:21.462+0000 7fc640ff9700 1 -- 172.21.15.47:0/4054256380 <== mon.0 v2:172.21.15.47:3300/0 2 ==== config(26 keys) ==== 1093+0+0 (secure 0 0 0) 0x7fc63401aa80 con 0x7fc644106930
2024-04-06T03:29:22.342 INFO:teuthology.orchestra.run.smithi047.stdout:/usr/bin/ceph: stderr
2024-04-06T03:29:21.462+0000 7fc640ff9700 1 -- 172.21.15.47:0/4054256380 <== mon.0 v2:172.21.15.47:3300/0 3 ==== mon_map magic: 0 ==== 205+0+0 (secure 0 0 0) 0x7fc6340249b0 con 0x7fc644106930
2024-04-06T03:29:22.342 INFO:teuthology.orchestra.run.smithi047.stdout:/usr/bin/ceph: stderr
2024-04-06T03:29:21.462+0000 7fc64a1cb700 1 -- 172.21.15.47:0/4054256380 --> [v2:172.21.15.47:3300/0,v1:172.21.15.47:6789/0] -- mon_subscribe({osdmap=0}) -- 0x7fc64419b550 con 0x7fc644106930
2024-04-06T03:29:22.342 INFO:teuthology.orchestra.run.smithi047.stdout:/usr/bin/ceph: stderr
2024-04-06T03:29:21.462+0000 7fc640ff9700 1 -- 172.21.15.47:0/4054256380 <== mon.0 v2:172.21.15.47:3300/0 4 ==== mgrmap(e 13) ==== 46136+0+0 (secure 0 0 0) 0x7fc634022020 con 0x7fc644106930
2024-04-06T03:29:22.342 INFO:teuthology.orchestra.run.smithi047.stdout:/usr/bin/ceph: stderr
2024-04-06T03:29:21.463+0000 7fc64a1cb700 1 -- 172.21.15.47:0/4054256380 --> [v2:172.21.15.47:3300/0,v1:172.21.15.47:6789/0] -- mon_command({"prefix": "get_command_descriptions"} v 0) -- 0x7fc644063900 con 0x7fc644106930
2024-04-06T03:29:22.342 INFO:teuthology.orchestra.run.smithi047.stdout:/usr/bin/ceph: stderr
2024-04-06T03:29:21.463+0000 7fc640ff9700 1 --2- 172.21.15.47:0/4054256380 >> v2:172.21.15.47:6800/850698093 conn(0x7fc62c03b070 0x7fc62c03d530 unknown :-1 s=NONE pgs=0 cs=0 l=1 rev1=0 crypto rx=0 tx=0 comp rx=0 tx=0).connect
2024-04-06T03:29:22.342 INFO:teuthology.orchestra.run.smithi047.stdout:/usr/bin/ceph: stderr
2024-04-06T03:29:21.463+0000 7fc640ff9700 1 -- 172.21.15.47:0/4054256380 <== mon.0 v2:172.21.15.47:3300/0 5 ==== osd_map(3..3 src has 1..3) ==== 1069+0+0 (secure 0 0 0) 0x7fc63404d700 con 0x7fc644106930
2024-04-06T03:29:22.342 INFO:teuthology.orchestra.run.smithi047.stdout:/usr/bin/ceph: stderr
2024-04-06T03:29:21.463+0000 7fc642ffd700 1 --2- 172.21.15.47:0/4054256380 >> v2:172.21.15.47:6800/850698093 conn(0x7fc62c03b070 0x7fc62c03d530 unknown :-1 s=BANNER_CONNECTING pgs=0 cs=0 l=1 rev1=0 crypto rx=0 tx=0 comp rx=0 tx=0)._handle_peer_banner_payload supported=3 required=0
2024-04-06T03:29:22.342 INFO:teuthology.orchestra.run.smithi047.stdout:/usr/bin/ceph: stderr
2024-04-06T03:29:21.463+0000 7fc642ffd700 1 --2- 172.21.15.47:0/4054256380 >> v2:172.21.15.47:6800/850698093 conn(0x7fc62c03b070 0x7fc62c03d530 secure :-1 s=READY pgs=10 cs=0 l=1 rev1=1 crypto rx=0x7fc638006fd0 tx=0x7fc638006e40 comp rx=0 tx=0).ready entity=mgr.14152 client_cookie=0 server_cookie=0 in_seq=0 out_seq=0
2024-04-06T03:29:22.342 INFO:teuthology.orchestra.run.smithi047.stdout:/usr/bin/ceph: stderr
2024-04-06T03:29:21.468+0000 7fc640ff9700 1 -- 172.21.15.47:0/4054256380 <== mon.0 v2:172.21.15.47:3300/0 6 ==== mon_command_ack([{"prefix": "get_command_descriptions"}]=0 v0) ==== 72+0+184932 (secure 0 0 0) 0x7fc63402d4b0 con 0x7fc644106930
2024-04-06T03:29:22.342 INFO:teuthology.orchestra.run.smithi047.stdout:/usr/bin/ceph: stderr
2024-04-06T03:29:21.671+0000 7fc64a1cb700 1 -- 172.21.15.47:0/4054256380 --> [v2:172.21.15.47:3300/0,v1:172.21.15.47:6789/0] -- mon_command([{prefix=config set, name=osd_memory_target_autotune}] v 0) -- 0x7fc6441915f0 con 0x7fc644106930
2024-04-06T03:29:22.342 INFO:teuthology.orchestra.run.smithi047.stdout:/usr/bin/ceph: stderr
2024-04-06T03:29:21.671+0000 7fc640ff9700 1 -- 172.21.15.47:0/4054256380 <== mon.0 v2:172.21.15.47:3300/0 7 ==== mon_command_ack([{prefix=config set, name=osd_memory_target_autotune}]=0 v8)=0 v8) ==== 127+0+0 (secure 0 0 0) 0x7fc63402d770 con 0x7fc644106930
2024-04-06T03:29:22.343 INFO:teuthology.orchestra.run.smithi047.stdout:/usr/bin/ceph: stderr
2024-04-06T03:29:21.673+0000 7fc64a1cb700 1 -- 172.21.15.47:0/4054256380 >> v2:172.21.15.47:6800/850698093 conn(0x7fc62c03b070 msgr2=0x7fc62c03d530 secure :-1 s=STATE_CONNECTION_ESTABLISHED l=1).mark_down
2024-04-06T03:29:22.343 INFO:teuthology.orchestra.run.smithi047.stdout:/usr/bin/ceph: stderr
2024-04-06T03:29:21.673+0000 7fc64a1cb700 1 --2- 172.21.15.47:0/4054256380 >> v2:172.21.15.47:6800/850698093 conn(0x7fc62c03b070 0x7fc62c03d530 secure :-1 s=READY pgs=10 cs=0 l=1 rev1=1 crypto rx=0x7fc638006fd0 tx=0x7fc638006e40 comp rx=0 tx=0).stop
2024-04-06T03:29:22.343 INFO:teuthology.orchestra.run.smithi047.stdout:/usr/bin/ceph: stderr
2024-04-06T03:29:21.673+0000 7fc64a1cb700 1 -- 172.21.15.47:0/4054256380 >> [v2:172.21.15.47:3300/0,v1:172.21.15.47:6789/0] conn(0x7fc644106930 msgr2=0x7fc644198090 secure :-1 s=STATE_CONNECTION_ESTABLISHED l=1).mark_down
2024-04-06T03:29:22.343 INFO:teuthology.orchestra.run.smithi047.stdout:/usr/bin/ceph: stderr
2024-04-06T03:29:21.673+0000 7fc64a1cb700 1 --2- 172.21.15.47:0/4054256380 >> [v2:172.21.15.47:3300/0,v1:172.21.15.47:6789/0] conn(0x7fc644106930 0x7fc644198090 secure :-1 s=READY pgs=77 cs=0 l=1 rev1=1 crypto rx=0x7fc634009fb0 tx=0x7fc634011ac0 comp rx=0 tx=0).stop
2024-04-06T03:29:22.343 INFO:teuthology.orchestra.run.smithi047.stdout:/usr/bin/ceph: stderr
2024-04-06T03:29:21.674+0000 7fc64a1cb700 1 -- 172.21.15.47:0/4054256380 shutdown_connections
2024-04-06T03:29:22.343 INFO:teuthology.orchestra.run.smithi047.stdout:/usr/bin/ceph: stderr
2024-04-06T03:29:21.674+0000 7fc64a1cb700 1 --2- 172.21.15.47:0/4054256380 >> v2:172.21.15.47:6800/850698093 conn(0x7fc62c03b070 0x7fc62c03d530 unknown :-1 s=CLOSED pgs=10 cs=0 l=1 rev1=1 crypto rx=0 tx=0 comp rx=0 tx=0).stop
2024-04-06T03:29:22.343 INFO:teuthology.orchestra.run.smithi047.stdout:/usr/bin/ceph: stderr
2024-04-06T03:29:21.674+0000 7fc64a1cb700 1 --2- 172.21.15.47:0/4054256380 >> [v2:172.21.15.47:3300/0,v1:172.21.15.47:6789/0] conn(0x7fc644106930 0x7fc644198090 unknown :-1 s=CLOSED pgs=77 cs=0 l=1 rev1=1 crypto rx=0 tx=0 comp rx=0 tx=0).stop
2024-04-06T03:29:22.343 INFO:teuthology.orchestra.run.smithi047.stdout:/usr/bin/ceph: stderr
2024-04-06T03:29:21.674+0000 7fc64a1cb700 1 -- 172.21.15.47:0/4054256380 >> 172.21.15.47:0/4054256380 conn(0x7fc644100870 msgr2=0x7fc64418e6d0 unknown :-1 s=STATE_NONE l=0).mark_down
2024-04-06T03:29:22.343 INFO:teuthology.orchestra.run.smithi047.stdout:/usr/bin/ceph: stderr
2024-04-06T03:29:21.674+0000 7fc64a1cb700 1 -- 172.21.15.47:0/4054256380 shutdown_connections
2024-04-06T03:29:22.343 INFO:teuthology.orchestra.run.smithi047.stdout:/usr/bin/ceph: stderr
2024-04-06T03:29:21.674+0000 7fc64a1cb700 1 -- 172.21.15.47:0/4054256380 wait complete.
2024-04-06T03:29:23.671 INFO:teuthology.orchestra.run.smithi047.stdout:/usr/bin/ceph: stderr
2024-04-06T03:29:22.759+0000 7f5790a4f700 1 Processor -- start
2024-04-06T03:29:23.671 INFO:teuthology.orchestra.run.smithi047.stdout:/usr/bin/ceph: stderr
2024-04-06T03:29:22.759+0000 7f5790a4f700 1 -- start start
2024-04-06T03:29:23.671 INFO:teuthology.orchestra.run.smithi047.stdout:/usr/bin/ceph: stderr
2024-04-06T03:29:22.759+0000 7f5790a4f700 1 --2- >> [v2:172.21.15.47:3300/0,v1:172.21.15.47:6789/0] conn(0x7f578c107a20 0x7f578c107e40 unknown :-1 s=NONE pgs=0 cs=0 l=0 rev1=0 crypto rx=0 tx=0 comp rx=0 tx=0).connect
2024-04-06T03:29:23.671 INFO:teuthology.orchestra.run.smithi047.stdout:/usr/bin/ceph: stderr
2024-04-06T03:29:22.759+0000 7f5790a4f700 1 -- --> [v2:172.21.15.47:3300/0,v1:172.21.15.47:6789/0] -- mon_getmap magic: 0 -- 0x7f578c105f60 con 0x7f578c107a20
2024-04-06T03:29:23.671 INFO:teuthology.orchestra.run.smithi047.stdout:/usr/bin/ceph: stderr
2024-04-06T03:29:22.759+0000 7f578a59c700 1 --2- >> [v2:172.21.15.47:3300/0,v1:172.21.15.47:6789/0] conn(0x7f578c107a20 0x7f578c107e40 unknown :-1 s=BANNER_CONNECTING pgs=0 cs=0 l=0 rev1=0 crypto rx=0 tx=0 comp rx=0 tx=0)._handle_peer_banner_payload supported=3 required=0
2024-04-06T03:29:23.671 INFO:teuthology.orchestra.run.smithi047.stdout:/usr/bin/ceph: stderr
2024-04-06T03:29:22.759+0000 7f578a59c700 1 --2- >> [v2:172.21.15.47:3300/0,v1:172.21.15.47:6789/0] conn(0x7f578c107a20 0x7f578c107e40 unknown :-1 s=HELLO_CONNECTING pgs=0 cs=0 l=0 rev1=1 crypto rx=0 tx=0 comp rx=0 tx=0).handle_hello peer v2:172.21.15.47:3300/0 says I am v2:172.21.15.47:46214/0 (socket says 172.21.15.47:46214)
2024-04-06T03:29:23.672 INFO:teuthology.orchestra.run.smithi047.stdout:/usr/bin/ceph: stderr
2024-04-06T03:29:22.759+0000 7f578a59c700 1 -- 172.21.15.47:0/1169741391 learned_addr learned my addr 172.21.15.47:0/1169741391 (peer_addr_for_me v2:172.21.15.47:0/0)
2024-04-06T03:29:23.672 INFO:teuthology.orchestra.run.smithi047.stdout:/usr/bin/ceph: stderr
2024-04-06T03:29:22.760+0000 7f578a59c700 1 -- 172.21.15.47:0/1169741391 --> [v2:172.21.15.47:3300/0,v1:172.21.15.47:6789/0] -- mon_subscribe({config=0+,monmap=0+}) -- 0x7f578c1060e0 con 0x7f578c107a20
2024-04-06T03:29:23.672 INFO:teuthology.orchestra.run.smithi047.stdout:/usr/bin/ceph: stderr
2024-04-06T03:29:22.760+0000 7f578a59c700 1 --2- 172.21.15.47:0/1169741391 >> [v2:172.21.15.47:3300/0,v1:172.21.15.47:6789/0] conn(0x7f578c107a20 0x7f578c107e40 secure :-1 s=READY pgs=78 cs=0 l=1 rev1=1 crypto rx=0x7f577c0098a0 tx=0x7f577c009bb0 comp rx=0 tx=0).ready entity=mon.0 client_cookie=bc89fc3c9bf8ef38 server_cookie=0 in_seq=0 out_seq=0
2024-04-06T03:29:23.672 INFO:teuthology.orchestra.run.smithi047.stdout:/usr/bin/ceph: stderr
2024-04-06T03:29:22.760+0000 7f578959a700 1 -- 172.21.15.47:0/1169741391 <== mon.0 v2:172.21.15.47:3300/0 1 ==== mon_map magic: 0 ==== 205+0+0 (secure 0 0 0) 0x7f577c004160 con 0x7f578c107a20
2024-04-06T03:29:23.672 INFO:teuthology.orchestra.run.smithi047.stdout:/usr/bin/ceph: stderr
2024-04-06T03:29:22.760+0000 7f578959a700 1 -- 172.21.15.47:0/1169741391 <== mon.0 v2:172.21.15.47:3300/0 2 ==== config(26 keys) ==== 1093+0+0 (secure 0 0 0) 0x7f577c004300 con 0x7f578c107a20
2024-04-06T03:29:23.672 INFO:teuthology.orchestra.run.smithi047.stdout:/usr/bin/ceph: stderr
2024-04-06T03:29:22.760+0000 7f578959a700 1 -- 172.21.15.47:0/1169741391 <== mon.0 v2:172.21.15.47:3300/0 3 ==== mon_map magic: 0 ==== 205+0+0 (secure 0 0 0) 0x7f577c011a00 con 0x7f578c107a20
2024-04-06T03:29:23.672 INFO:teuthology.orchestra.run.smithi047.stdout:/usr/bin/ceph: stderr
2024-04-06T03:29:22.761+0000 7f5790a4f700 1 -- 172.21.15.47:0/1169741391 >> [v2:172.21.15.47:3300/0,v1:172.21.15.47:6789/0] conn(0x7f578c107a20 msgr2=0x7f578c107e40 secure :-1 s=STATE_CONNECTION_ESTABLISHED l=1).mark_down
2024-04-06T03:29:23.672 INFO:teuthology.orchestra.run.smithi047.stdout:/usr/bin/ceph: stderr
2024-04-06T03:29:22.761+0000 7f5790a4f700 1 --2- 172.21.15.47:0/1169741391 >> [v2:172.21.15.47:3300/0,v1:172.21.15.47:6789/0] conn(0x7f578c107a20 0x7f578c107e40 secure :-1 s=READY pgs=78 cs=0 l=1 rev1=1 crypto rx=0x7f577c0098a0 tx=0x7f577c009bb0 comp rx=0 tx=0).stop
2024-04-06T03:29:23.672 INFO:teuthology.orchestra.run.smithi047.stdout:/usr/bin/ceph: stderr
2024-04-06T03:29:22.761+0000 7f5790a4f700 1 -- 172.21.15.47:0/1169741391 shutdown_connections
2024-04-06T03:29:23.672 INFO:teuthology.orchestra.run.smithi047.stdout:/usr/bin/ceph: stderr
2024-04-06T03:29:22.761+0000 7f5790a4f700 1 --2- 172.21.15.47:0/1169741391 >> [v2:172.21.15.47:3300/0,v1:172.21.15.47:6789/0] conn(0x7f578c107a20 0x7f578c107e40 unknown :-1 s=CLOSED pgs=78 cs=0 l=1 rev1=1 crypto rx=0 tx=0 comp rx=0 tx=0).stop
2024-04-06T03:29:23.672 INFO:teuthology.orchestra.run.smithi047.stdout:/usr/bin/ceph: stderr
2024-04-06T03:29:22.761+0000 7f5790a4f700 1 -- 172.21.15.47:0/1169741391 >> 172.21.15.47:0/1169741391 conn(0x7f578c1018c0 msgr2=0x7f578c103d20 unknown :-1 s=STATE_NONE l=0).mark_down
2024-04-06T03:29:23.672 INFO:teuthology.orchestra.run.smithi047.stdout:/usr/bin/ceph: stderr
2024-04-06T03:29:22.761+0000 7f5790a4f700 1 -- 172.21.15.47:0/1169741391 shutdown_connections
2024-04-06T03:29:23.672 INFO:teuthology.orchestra.run.smithi047.stdout:/usr/bin/ceph: stderr
2024-04-06T03:29:22.761+0000 7f5790a4f700 1 -- 172.21.15.47:0/1169741391 wait complete.
2024-04-06T03:29:23.672 INFO:teuthology.orchestra.run.smithi047.stdout:/usr/bin/ceph: stderr
2024-04-06T03:29:22.762+0000 7f5790a4f700 1 Processor -- start
2024-04-06T03:29:23.673 INFO:teuthology.orchestra.run.smithi047.stdout:/usr/bin/ceph: stderr
2024-04-06T03:29:22.762+0000 7f5790a4f700 1 -- start start
2024-04-06T03:29:23.673 INFO:teuthology.orchestra.run.smithi047.stdout:/usr/bin/ceph: stderr
2024-04-06T03:29:22.762+0000 7f5790a4f700 1 --2- >> [v2:172.21.15.47:3300/0,v1:172.21.15.47:6789/0] conn(0x7f578c107a20 0x7f578c07bc80 unknown :-1 s=NONE pgs=0 cs=0 l=1 rev1=0 crypto rx=0 tx=0 comp rx=0 tx=0).connect
2024-04-06T03:29:23.673 INFO:teuthology.orchestra.run.smithi047.stdout:/usr/bin/ceph: stderr
2024-04-06T03:29:22.762+0000 7f5790a4f700 1 -- --> [v2:172.21.15.47:3300/0,v1:172.21.15.47:6789/0] -- mon_getmap magic: 0 -- 0x7f578c10a8f0 con 0x7f578c107a20
2024-04-06T03:29:23.673 INFO:teuthology.orchestra.run.smithi047.stdout:/usr/bin/ceph: stderr
2024-04-06T03:29:22.762+0000 7f578a59c700 1 --2- >> [v2:172.21.15.47:3300/0,v1:172.21.15.47:6789/0] conn(0x7f578c107a20 0x7f578c07bc80 unknown :-1 s=BANNER_CONNECTING pgs=0 cs=0 l=1 rev1=0 crypto rx=0 tx=0 comp rx=0 tx=0)._handle_peer_banner_payload supported=3 required=0
2024-04-06T03:29:23.673 INFO:teuthology.orchestra.run.smithi047.stdout:/usr/bin/ceph: stderr
2024-04-06T03:29:22.762+0000 7f578a59c700 1 --2- >> [v2:172.21.15.47:3300/0,v1:172.21.15.47:6789/0] conn(0x7f578c107a20 0x7f578c07bc80 unknown :-1 s=HELLO_CONNECTING pgs=0 cs=0 l=1 rev1=1 crypto rx=0 tx=0 comp rx=0 tx=0).handle_hello peer v2:172.21.15.47:3300/0 says I am v2:172.21.15.47:46224/0 (socket says 172.21.15.47:46224)
2024-04-06T03:29:23.673 INFO:teuthology.orchestra.run.smithi047.stdout:/usr/bin/ceph: stderr
2024-04-06T03:29:22.762+0000 7f578a59c700 1 -- 172.21.15.47:0/1784501890 learned_addr learned my addr 172.21.15.47:0/1784501890 (peer_addr_for_me v2:172.21.15.47:0/0)
2024-04-06T03:29:23.673 INFO:teuthology.orchestra.run.smithi047.stdout:/usr/bin/ceph: stderr
2024-04-06T03:29:22.762+0000 7f578a59c700 1 -- 172.21.15.47:0/1784501890 --> [v2:172.21.15.47:3300/0,v1:172.21.15.47:6789/0] -- mon_subscribe({config=0+,monmap=0+}) -- 0x7f578c07c1c0 con 0x7f578c107a20
2024-04-06T03:29:23.673 INFO:teuthology.orchestra.run.smithi047.stdout:/usr/bin/ceph: stderr
2024-04-06T03:29:22.762+0000 7f578a59c700 1 --2- 172.21.15.47:0/1784501890 >> [v2:172.21.15.47:3300/0,v1:172.21.15.47:6789/0] conn(0x7f578c107a20 0x7f578c07bc80 secure :-1 s=READY pgs=79 cs=0 l=1 rev1=1 crypto rx=0x7f577c009fb0 tx=0x7f577c011ac0 comp rx=0 tx=0).ready entity=mon.0 client_cookie=0 server_cookie=0 in_seq=0 out_seq=0
2024-04-06T03:29:23.673 INFO:teuthology.orchestra.run.smithi047.stdout:/usr/bin/ceph: stderr
2024-04-06T03:29:22.762+0000 7f577b7fe700 1 -- 172.21.15.47:0/1784501890 <== mon.0 v2:172.21.15.47:3300/0 1 ==== mon_map magic: 0 ==== 205+0+0 (secure 0 0 0) 0x7f577c01a430 con 0x7f578c107a20
2024-04-06T03:29:23.673 INFO:teuthology.orchestra.run.smithi047.stdout:/usr/bin/ceph: stderr
2024-04-06T03:29:22.762+0000 7f577b7fe700 1 -- 172.21.15.47:0/1784501890 <== mon.0 v2:172.21.15.47:3300/0 2 ==== config(26 keys) ==== 1093+0+0 (secure 0 0 0) 0x7f577c01aa80 con 0x7f578c107a20
2024-04-06T03:29:23.673 INFO:teuthology.orchestra.run.smithi047.stdout:/usr/bin/ceph: stderr
2024-04-06T03:29:22.762+0000 7f5790a4f700 1 -- 172.21.15.47:0/1784501890 --> [v2:172.21.15.47:3300/0,v1:172.21.15.47:6789/0] -- mon_subscribe({mgrmap=0+}) -- 0x7f578c07a3b0 con 0x7f578c107a20
2024-04-06T03:29:23.673 INFO:teuthology.orchestra.run.smithi047.stdout:/usr/bin/ceph: stderr
2024-04-06T03:29:22.763+0000 7f577b7fe700 1 -- 172.21.15.47:0/1784501890 <== mon.0 v2:172.21.15.47:3300/0 3 ==== mon_map magic: 0 ==== 205+0+0 (secure 0 0 0) 0x7f577c0249b0 con 0x7f578c107a20
2024-04-06T03:29:23.673 INFO:teuthology.orchestra.run.smithi047.stdout:/usr/bin/ceph: stderr
2024-04-06T03:29:22.763+0000 7f5790a4f700 1 -- 172.21.15.47:0/1784501890 --> [v2:172.21.15.47:3300/0,v1:172.21.15.47:6789/0] -- mon_subscribe({osdmap=0}) -- 0x7f578c07a8f0 con 0x7f578c107a20
2024-04-06T03:29:23.673 INFO:teuthology.orchestra.run.smithi047.stdout:/usr/bin/ceph: stderr
2024-04-06T03:29:22.763+0000 7f577b7fe700 1 -- 172.21.15.47:0/1784501890 <== mon.0 v2:172.21.15.47:3300/0 4 ==== mgrmap(e 13) ==== 46136+0+0 (secure 0 0 0) 0x7f577c022020 con 0x7f578c107a20
2024-04-06T03:29:23.673 INFO:teuthology.orchestra.run.smithi047.stdout:/usr/bin/ceph: stderr
2024-04-06T03:29:22.763+0000 7f5790a4f700 1 -- 172.21.15.47:0/1784501890 --> [v2:172.21.15.47:3300/0,v1:172.21.15.47:6789/0] -- mon_command({"prefix": "get_command_descriptions"} v 0) -- 0x7f578c063900 con 0x7f578c107a20
2024-04-06T03:29:23.674 INFO:teuthology.orchestra.run.smithi047.stdout:/usr/bin/ceph: stderr
