2024-04-06T03:28:51.873+0000 7f50f159a700 1 -- 172.21.15.47:0/2093848703 <== mon.0 v2:172.21.15.47:3300/0 1 ==== mon_map magic: 0 ==== 205+0+0 (secure 0 0 0) 0x7f50e400dbe0 con 0x7f50f4106930
2024-04-06T03:28:52.922 INFO:teuthology.orchestra.run.smithi047.stdout:/usr/bin/ceph: stderr
2024-04-06T03:28:51.873+0000 7f50f159a700 1 -- 172.21.15.47:0/2093848703 <== mon.0 v2:172.21.15.47:3300/0 2 ==== config(26 keys) ==== 1062+0+0 (secure 0 0 0) 0x7f50e40044c0 con 0x7f50f4106930
2024-04-06T03:28:52.922 INFO:teuthology.orchestra.run.smithi047.stdout:/usr/bin/ceph: stderr
2024-04-06T03:28:51.873+0000 7f50f159a700 1 -- 172.21.15.47:0/2093848703 <== mon.0 v2:172.21.15.47:3300/0 3 ==== mon_map magic: 0 ==== 205+0+0 (secure 0 0 0) 0x7f50e4010470 con 0x7f50f4106930
2024-04-06T03:28:52.922 INFO:teuthology.orchestra.run.smithi047.stdout:/usr/bin/ceph: stderr
2024-04-06T03:28:51.874+0000 7f50f8ec0700 1 -- 172.21.15.47:0/2093848703 >> [v2:172.21.15.47:3300/0,v1:172.21.15.47:6789/0] conn(0x7f50f4106930 msgr2=0x7f50f4106d50 secure :-1 s=STATE_CONNECTION_ESTABLISHED l=1).mark_down
2024-04-06T03:28:52.922 INFO:teuthology.orchestra.run.smithi047.stdout:/usr/bin/ceph: stderr
2024-04-06T03:28:51.874+0000 7f50f8ec0700 1 --2- 172.21.15.47:0/2093848703 >> [v2:172.21.15.47:3300/0,v1:172.21.15.47:6789/0] conn(0x7f50f4106930 0x7f50f4106d50 secure :-1 s=READY pgs=41 cs=0 l=1 rev1=1 crypto rx=0x7f50e400bb40 tx=0x7f50e400be50 comp rx=0 tx=0).stop
2024-04-06T03:28:52.922 INFO:teuthology.orchestra.run.smithi047.stdout:/usr/bin/ceph: stderr
2024-04-06T03:28:51.874+0000 7f50f8ec0700 1 -- 172.21.15.47:0/2093848703 shutdown_connections
2024-04-06T03:28:52.922 INFO:teuthology.orchestra.run.smithi047.stdout:/usr/bin/ceph: stderr
2024-04-06T03:28:51.874+0000 7f50f8ec0700 1 --2- 172.21.15.47:0/2093848703 >> [v2:172.21.15.47:3300/0,v1:172.21.15.47:6789/0] conn(0x7f50f4106930 0x7f50f4106d50 unknown :-1 s=CLOSED pgs=41 cs=0 l=1 rev1=1 crypto rx=0 tx=0 comp rx=0 tx=0).stop
2024-04-06T03:28:52.923 INFO:teuthology.orchestra.run.smithi047.stdout:/usr/bin/ceph: stderr
2024-04-06T03:28:51.874+0000 7f50f8ec0700 1 -- 172.21.15.47:0/2093848703 >> 172.21.15.47:0/2093848703 conn(0x7f50f4100870 msgr2=0x7f50f4102c90 unknown :-1 s=STATE_NONE l=0).mark_down
2024-04-06T03:28:52.923 INFO:teuthology.orchestra.run.smithi047.stdout:/usr/bin/ceph: stderr
2024-04-06T03:28:51.874+0000 7f50f8ec0700 1 -- 172.21.15.47:0/2093848703 shutdown_connections
2024-04-06T03:28:52.923 INFO:teuthology.orchestra.run.smithi047.stdout:/usr/bin/ceph: stderr
2024-04-06T03:28:51.874+0000 7f50f8ec0700 1 -- 172.21.15.47:0/2093848703 wait complete.
2024-04-06T03:28:52.923 INFO:teuthology.orchestra.run.smithi047.stdout:/usr/bin/ceph: stderr
2024-04-06T03:28:51.875+0000 7f50f8ec0700 1 Processor -- start
2024-04-06T03:28:52.923 INFO:teuthology.orchestra.run.smithi047.stdout:/usr/bin/ceph: stderr
2024-04-06T03:28:51.875+0000 7f50f8ec0700 1 -- start start
2024-04-06T03:28:52.923 INFO:teuthology.orchestra.run.smithi047.stdout:/usr/bin/ceph: stderr
2024-04-06T03:28:51.875+0000 7f50f8ec0700 1 --2- >> [v2:172.21.15.47:3300/0,v1:172.21.15.47:6789/0] conn(0x7f50f4106930 0x7f50f41980f0 unknown :-1 s=NONE pgs=0 cs=0 l=1 rev1=0 crypto rx=0 tx=0 comp rx=0 tx=0).connect
2024-04-06T03:28:52.923 INFO:teuthology.orchestra.run.smithi047.stdout:/usr/bin/ceph: stderr
2024-04-06T03:28:51.875+0000 7f50f8ec0700 1 -- --> [v2:172.21.15.47:3300/0,v1:172.21.15.47:6789/0] -- mon_getmap magic: 0 -- 0x7f50f40789d0 con 0x7f50f4106930
2024-04-06T03:28:52.923 INFO:teuthology.orchestra.run.smithi047.stdout:/usr/bin/ceph: stderr
2024-04-06T03:28:51.875+0000 7f50f259c700 1 --2- >> [v2:172.21.15.47:3300/0,v1:172.21.15.47:6789/0] conn(0x7f50f4106930 0x7f50f41980f0 unknown :-1 s=BANNER_CONNECTING pgs=0 cs=0 l=1 rev1=0 crypto rx=0 tx=0 comp rx=0 tx=0)._handle_peer_banner_payload supported=3 required=0
2024-04-06T03:28:52.923 INFO:teuthology.orchestra.run.smithi047.stdout:/usr/bin/ceph: stderr
2024-04-06T03:28:51.875+0000 7f50f259c700 1 --2- >> [v2:172.21.15.47:3300/0,v1:172.21.15.47:6789/0] conn(0x7f50f4106930 0x7f50f41980f0 unknown :-1 s=HELLO_CONNECTING pgs=0 cs=0 l=1 rev1=1 crypto rx=0 tx=0 comp rx=0 tx=0).handle_hello peer v2:172.21.15.47:3300/0 says I am v2:172.21.15.47:48544/0 (socket says 172.21.15.47:48544)
2024-04-06T03:28:52.923 INFO:teuthology.orchestra.run.smithi047.stdout:/usr/bin/ceph: stderr
2024-04-06T03:28:51.875+0000 7f50f259c700 1 -- 172.21.15.47:0/744654542 learned_addr learned my addr 172.21.15.47:0/744654542 (peer_addr_for_me v2:172.21.15.47:0/0)
2024-04-06T03:28:52.923 INFO:teuthology.orchestra.run.smithi047.stdout:/usr/bin/ceph: stderr
2024-04-06T03:28:51.876+0000 7f50f259c700 1 -- 172.21.15.47:0/744654542 --> [v2:172.21.15.47:3300/0,v1:172.21.15.47:6789/0] -- mon_subscribe({config=0+,monmap=0+}) -- 0x7f50f4198630 con 0x7f50f4106930
2024-04-06T03:28:52.923 INFO:teuthology.orchestra.run.smithi047.stdout:/usr/bin/ceph: stderr
2024-04-06T03:28:51.876+0000 7f50f259c700 1 --2- 172.21.15.47:0/744654542 >> [v2:172.21.15.47:3300/0,v1:172.21.15.47:6789/0] conn(0x7f50f4106930 0x7f50f41980f0 secure :-1 s=READY pgs=42 cs=0 l=1 rev1=1 crypto rx=0x7f50e400bfd0 tx=0x7f50e4003f00 comp rx=0 tx=0).ready entity=mon.0 client_cookie=0 server_cookie=0 in_seq=0 out_seq=0
2024-04-06T03:28:52.923 INFO:teuthology.orchestra.run.smithi047.stdout:/usr/bin/ceph: stderr
2024-04-06T03:28:51.876+0000 7f50e37fe700 1 -- 172.21.15.47:0/744654542 <== mon.0 v2:172.21.15.47:3300/0 1 ==== mon_map magic: 0 ==== 205+0+0 (secure 0 0 0) 0x7f50e4027070 con 0x7f50f4106930
2024-04-06T03:28:52.923 INFO:teuthology.orchestra.run.smithi047.stdout:/usr/bin/ceph: stderr
2024-04-06T03:28:51.876+0000 7f50e37fe700 1 -- 172.21.15.47:0/744654542 <== mon.0 v2:172.21.15.47:3300/0 2 ==== config(26 keys) ==== 1062+0+0 (secure 0 0 0) 0x7f50e4010c00 con 0x7f50f4106930
2024-04-06T03:28:52.924 INFO:teuthology.orchestra.run.smithi047.stdout:/usr/bin/ceph: stderr
2024-04-06T03:28:51.876+0000 7f50f8ec0700 1 -- 172.21.15.47:0/744654542 --> [v2:172.21.15.47:3300/0,v1:172.21.15.47:6789/0] -- mon_subscribe({mgrmap=0+}) -- 0x7f50f41988c0 con 0x7f50f4106930
2024-04-06T03:28:52.924 INFO:teuthology.orchestra.run.smithi047.stdout:/usr/bin/ceph: stderr
2024-04-06T03:28:51.876+0000 7f50e37fe700 1 -- 172.21.15.47:0/744654542 <== mon.0 v2:172.21.15.47:3300/0 3 ==== mon_map magic: 0 ==== 205+0+0 (secure 0 0 0) 0x7f50e4022b90 con 0x7f50f4106930
2024-04-06T03:28:52.924 INFO:teuthology.orchestra.run.smithi047.stdout:/usr/bin/ceph: stderr
2024-04-06T03:28:51.876+0000 7f50f8ec0700 1 -- 172.21.15.47:0/744654542 --> [v2:172.21.15.47:3300/0,v1:172.21.15.47:6789/0] -- mon_subscribe({osdmap=0}) -- 0x7f50f419b5b0 con 0x7f50f4106930
2024-04-06T03:28:52.924 INFO:teuthology.orchestra.run.smithi047.stdout:/usr/bin/ceph: stderr
2024-04-06T03:28:51.877+0000 7f50e37fe700 1 -- 172.21.15.47:0/744654542 <== mon.0 v2:172.21.15.47:3300/0 4 ==== mgrmap(e 8) ==== 46080+0+0 (secure 0 0 0) 0x7f50e402a070 con 0x7f50f4106930
2024-04-06T03:28:52.924 INFO:teuthology.orchestra.run.smithi047.stdout:/usr/bin/ceph: stderr
2024-04-06T03:28:51.877+0000 7f50e37fe700 1 --2- 172.21.15.47:0/744654542 >> v2:172.21.15.47:6800/4248661693 conn(0x7f50dc038d70 0x7f50dc03b230 unknown :-1 s=NONE pgs=0 cs=0 l=1 rev1=0 crypto rx=0 tx=0 comp rx=0 tx=0).connect
2024-04-06T03:28:52.924 INFO:teuthology.orchestra.run.smithi047.stdout:/usr/bin/ceph: stderr
2024-04-06T03:28:51.877+0000 7f50e37fe700 1 -- 172.21.15.47:0/744654542 <== mon.0 v2:172.21.15.47:3300/0 5 ==== osd_map(2..2 src has 1..2) ==== 897+0+0 (secure 0 0 0) 0x7f50e401f070 con 0x7f50f4106930
2024-04-06T03:28:52.924 INFO:teuthology.orchestra.run.smithi047.stdout:/usr/bin/ceph: stderr
2024-04-06T03:28:51.877+0000 7f50f8ec0700 1 -- 172.21.15.47:0/744654542 --> [v2:172.21.15.47:3300/0,v1:172.21.15.47:6789/0] -- mon_command({"prefix": "get_command_descriptions"} v 0) -- 0x7f50f4063900 con 0x7f50f4106930
2024-04-06T03:28:52.924 INFO:teuthology.orchestra.run.smithi047.stdout:/usr/bin/ceph: stderr
2024-04-06T03:28:51.877+0000 7f50f1d9b700 1 --2- 172.21.15.47:0/744654542 >> v2:172.21.15.47:6800/4248661693 conn(0x7f50dc038d70 0x7f50dc03b230 unknown :-1 s=BANNER_CONNECTING pgs=0 cs=0 l=1 rev1=0 crypto rx=0 tx=0 comp rx=0 tx=0)._handle_peer_banner_payload supported=3 required=0
2024-04-06T03:28:52.924 INFO:teuthology.orchestra.run.smithi047.stdout:/usr/bin/ceph: stderr
2024-04-06T03:28:51.877+0000 7f50f1d9b700 1 --2- 172.21.15.47:0/744654542 >> v2:172.21.15.47:6800/4248661693 conn(0x7f50dc038d70 0x7f50dc03b230 secure :-1 s=READY pgs=9 cs=0 l=1 rev1=1 crypto rx=0x7f50e8006fd0 tx=0x7f50e8006e40 comp rx=0 tx=0).ready entity=mgr.14120 client_cookie=0 server_cookie=0 in_seq=0 out_seq=0
2024-04-06T03:28:52.924 INFO:teuthology.orchestra.run.smithi047.stdout:/usr/bin/ceph: stderr
2024-04-06T03:28:51.882+0000 7f50e37fe700 1 -- 172.21.15.47:0/744654542 <== mon.0 v2:172.21.15.47:3300/0 6 ==== mon_command_ack([{"prefix": "get_command_descriptions"}]=0 v0) ==== 72+0+184932 (secure 0 0 0) 0x7f50e4015070 con 0x7f50f4106930
2024-04-06T03:28:52.924 INFO:teuthology.orchestra.run.smithi047.stdout:/usr/bin/ceph: stderr
2024-04-06T03:28:52.087+0000 7f50f8ec0700 1 -- 172.21.15.47:0/744654542 --> v2:172.21.15.47:6800/4248661693 -- mgr_command(tid 0: {"prefix": "cephadm generate-key", "target": ["mon-mgr", ""]}) -- 0x7f50f4062710 con 0x7f50dc038d70
2024-04-06T03:28:52.924 INFO:teuthology.orchestra.run.smithi047.stdout:/usr/bin/ceph: stderr
2024-04-06T03:28:52.336+0000 7f50e37fe700 1 -- 172.21.15.47:0/744654542 <== mgr.14120 v2:172.21.15.47:6800/4248661693 1 ==== mgr_command_reply(tid 0: 0 ) ==== 8+0+0 (secure 0 0 0) 0x7f50f4062710 con 0x7f50dc038d70
2024-04-06T03:28:52.924 INFO:teuthology.orchestra.run.smithi047.stdout:/usr/bin/ceph: stderr
2024-04-06T03:28:52.338+0000 7f50f8ec0700 1 -- 172.21.15.47:0/744654542 >> v2:172.21.15.47:6800/4248661693 conn(0x7f50dc038d70 msgr2=0x7f50dc03b230 secure :-1 s=STATE_CONNECTION_ESTABLISHED l=1).mark_down
2024-04-06T03:28:52.924 INFO:teuthology.orchestra.run.smithi047.stdout:/usr/bin/ceph: stderr
2024-04-06T03:28:52.338+0000 7f50f8ec0700 1 --2- 172.21.15.47:0/744654542 >> v2:172.21.15.47:6800/4248661693 conn(0x7f50dc038d70 0x7f50dc03b230 secure :-1 s=READY pgs=9 cs=0 l=1 rev1=1 crypto rx=0x7f50e8006fd0 tx=0x7f50e8006e40 comp rx=0 tx=0).stop
2024-04-06T03:28:52.925 INFO:teuthology.orchestra.run.smithi047.stdout:/usr/bin/ceph: stderr
2024-04-06T03:28:52.338+0000 7f50f8ec0700 1 -- 172.21.15.47:0/744654542 >> [v2:172.21.15.47:3300/0,v1:172.21.15.47:6789/0] conn(0x7f50f4106930 msgr2=0x7f50f41980f0 secure :-1 s=STATE_CONNECTION_ESTABLISHED l=1).mark_down
2024-04-06T03:28:52.925 INFO:teuthology.orchestra.run.smithi047.stdout:/usr/bin/ceph: stderr
2024-04-06T03:28:52.338+0000 7f50f8ec0700 1 --2- 172.21.15.47:0/744654542 >> [v2:172.21.15.47:3300/0,v1:172.21.15.47:6789/0] conn(0x7f50f4106930 0x7f50f41980f0 secure :-1 s=READY pgs=42 cs=0 l=1 rev1=1 crypto rx=0x7f50e400bfd0 tx=0x7f50e4003f00 comp rx=0 tx=0).stop
2024-04-06T03:28:52.925 INFO:teuthology.orchestra.run.smithi047.stdout:/usr/bin/ceph: stderr
2024-04-06T03:28:52.338+0000 7f50f8ec0700 1 -- 172.21.15.47:0/744654542 shutdown_connections
2024-04-06T03:28:52.925 INFO:teuthology.orchestra.run.smithi047.stdout:/usr/bin/ceph: stderr
2024-04-06T03:28:52.338+0000 7f50f8ec0700 1 --2- 172.21.15.47:0/744654542 >> v2:172.21.15.47:6800/4248661693 conn(0x7f50dc038d70 0x7f50dc03b230 unknown :-1 s=CLOSED pgs=9 cs=0 l=1 rev1=1 crypto rx=0 tx=0 comp rx=0 tx=0).stop
2024-04-06T03:28:52.925 INFO:teuthology.orchestra.run.smithi047.stdout:/usr/bin/ceph: stderr
2024-04-06T03:28:52.338+0000 7f50f8ec0700 1 --2- 172.21.15.47:0/744654542 >> [v2:172.21.15.47:3300/0,v1:172.21.15.47:6789/0] conn(0x7f50f4106930 0x7f50f41980f0 unknown :-1 s=CLOSED pgs=42 cs=0 l=1 rev1=1 crypto rx=0 tx=0 comp rx=0 tx=0).stop
2024-04-06T03:28:52.925 INFO:teuthology.orchestra.run.smithi047.stdout:/usr/bin/ceph: stderr
2024-04-06T03:28:52.338+0000 7f50f8ec0700 1 -- 172.21.15.47:0/744654542 >> 172.21.15.47:0/744654542 conn(0x7f50f4100870 msgr2=0x7f50f418e730 unknown :-1 s=STATE_NONE l=0).mark_down
2024-04-06T03:28:52.925 INFO:teuthology.orchestra.run.smithi047.stdout:/usr/bin/ceph: stderr
2024-04-06T03:28:52.338+0000 7f50f8ec0700 1 -- 172.21.15.47:0/744654542 shutdown_connections
2024-04-06T03:28:52.925 INFO:teuthology.orchestra.run.smithi047.stdout:/usr/bin/ceph: stderr
2024-04-06T03:28:52.338+0000 7f50f8ec0700 1 -- 172.21.15.47:0/744654542 wait complete.
2024-04-06T03:28:53.491 INFO:journalctl@ceph.mon.a.smithi047.stdout:Apr 06 03:28:53 smithi047 ceph-mon[29365]: from='client.14136 -' entity='client.admin' cmd=[{"prefix": "cephadm generate-key", "target": ["mon-mgr", ""]}]: dispatch
2024-04-06T03:28:53.492 INFO:journalctl@ceph.mon.a.smithi047.stdout:Apr 06 03:28:53 smithi047 ceph-mon[29365]: Generating ssh key...
2024-04-06T03:28:53.492 INFO:journalctl@ceph.mon.a.smithi047.stdout:Apr 06 03:28:53 smithi047 ceph-mon[29365]: from='mgr.14120 172.21.15.47:0/2760970674' entity='mgr.y'
2024-04-06T03:28:53.492 INFO:journalctl@ceph.mon.a.smithi047.stdout:Apr 06 03:28:53 smithi047 ceph-mon[29365]: from='mgr.14120 172.21.15.47:0/2760970674' entity='mgr.y'
2024-04-06T03:28:54.186 INFO:teuthology.orchestra.run.smithi047.stdout:/usr/bin/ceph: stdout ssh-rsa AAAAB3NzaC1yc2EAAAADAQABAAABgQDz6U2tH3PxCkHxixCqZQCH8qRw0+wDm0/nSB9TW9M0Xss2T0d+2qUPZXNPcJmOVtM7bl4oLIwgbbwJt+nsOfFhT2EZAUZp2ygEYaoy8GxOU6csI4L9vHZzujqhq7Lvs2jjOw8q+ujmVl58NGAzf4kXqbnFWslyw3CtO7ojlgbOyBznpAgpxl41iO77uz3RtgcW8uy04vBEjyUZwdIV46Pq7i71uNmrqpAJ1YxsadmXMmuOdH1oCOE+c6/WVOMr96qWSsQqIuKLoskv+wDrJqg6xzk8Yh735uwcgMTPnOfXySB/PqsKpi28rSh7G+B2C8ww6ANUL1bLNn2mxYrKs9v+t5/7TYUgmU7ootojX/lFPY4Hd3ORoRq6bn1tFSvLgwdTxcavIMcKMK6Ff+mVDX3xKBIHpyi3ohtqPeRdW+M/Pom9IRB+miBSsblpN1ydRSYU1JXKWETiD33V4TcOh1F45aHJ4uDaEssDyts/SCz20Zwl6E+8h1qU1ZlcCO814dk= ceph-8f6329a8-f3c5-11ee-b649-cb9ed24678a4
2024-04-06T03:28:54.186 INFO:teuthology.orchestra.run.smithi047.stdout:/usr/bin/ceph: stderr
2024-04-06T03:28:53.350+0000 7f1ecbe41700 1 Processor -- start
2024-04-06T03:28:54.187 INFO:teuthology.orchestra.run.smithi047.stdout:/usr/bin/ceph: stderr
2024-04-06T03:28:53.350+0000 7f1ecbe41700 1 -- start start
2024-04-06T03:28:54.187 INFO:teuthology.orchestra.run.smithi047.stdout:/usr/bin/ceph: stderr
2024-04-06T03:28:53.351+0000 7f1ecbe41700 1 --2- >> [v2:172.21.15.47:3300/0,v1:172.21.15.47:6789/0] conn(0x7f1ec4104c30 0x7f1ec4105050 unknown :-1 s=NONE pgs=0 cs=0 l=0 rev1=0 crypto rx=0 tx=0 comp rx=0 tx=0).connect
2024-04-06T03:28:54.187 INFO:teuthology.orchestra.run.smithi047.stdout:/usr/bin/ceph: stderr
2024-04-06T03:28:53.351+0000 7f1ecbe41700 1 -- --> [v2:172.21.15.47:3300/0,v1:172.21.15.47:6789/0] -- mon_getmap magic: 0 -- 0x7f1ec40797b0 con 0x7f1ec4104c30
2024-04-06T03:28:54.187 INFO:teuthology.orchestra.run.smithi047.stdout:/usr/bin/ceph: stderr
2024-04-06T03:28:53.351+0000 7f1ec9bdd700 1 --2- >> [v2:172.21.15.47:3300/0,v1:172.21.15.47:6789/0] conn(0x7f1ec4104c30 0x7f1ec4105050 unknown :-1 s=BANNER_CONNECTING pgs=0 cs=0 l=0 rev1=0 crypto rx=0 tx=0 comp rx=0 tx=0)._handle_peer_banner_payload supported=3 required=0
2024-04-06T03:28:54.187 INFO:teuthology.orchestra.run.smithi047.stdout:/usr/bin/ceph: stderr
2024-04-06T03:28:53.351+0000 7f1ec9bdd700 1 --2- >> [v2:172.21.15.47:3300/0,v1:172.21.15.47:6789/0] conn(0x7f1ec4104c30 0x7f1ec4105050 unknown :-1 s=HELLO_CONNECTING pgs=0 cs=0 l=0 rev1=1 crypto rx=0 tx=0 comp rx=0 tx=0).handle_hello peer v2:172.21.15.47:3300/0 says I am v2:172.21.15.47:48558/0 (socket says 172.21.15.47:48558)
2024-04-06T03:28:54.187 INFO:teuthology.orchestra.run.smithi047.stdout:/usr/bin/ceph: stderr
2024-04-06T03:28:53.351+0000 7f1ec9bdd700 1 -- 172.21.15.47:0/3757009020 learned_addr learned my addr 172.21.15.47:0/3757009020 (peer_addr_for_me v2:172.21.15.47:0/0)
2024-04-06T03:28:54.187 INFO:teuthology.orchestra.run.smithi047.stdout:/usr/bin/ceph: stderr
2024-04-06T03:28:53.351+0000 7f1ec9bdd700 1 -- 172.21.15.47:0/3757009020 --> [v2:172.21.15.47:3300/0,v1:172.21.15.47:6789/0] -- mon_subscribe({config=0+,monmap=0+}) -- 0x7f1ec4105590 con 0x7f1ec4104c30
2024-04-06T03:28:54.187 INFO:teuthology.orchestra.run.smithi047.stdout:/usr/bin/ceph: stderr
2024-04-06T03:28:53.351+0000 7f1ec9bdd700 1 --2- 172.21.15.47:0/3757009020 >> [v2:172.21.15.47:3300/0,v1:172.21.15.47:6789/0] conn(0x7f1ec4104c30 0x7f1ec4105050 secure :-1 s=READY pgs=43 cs=0 l=1 rev1=1 crypto rx=0x7f1eb4009e80 tx=0x7f1eb400b330 comp rx=0 tx=0).ready entity=mon.0 client_cookie=3bf93669dce2b975 server_cookie=0 in_seq=0 out_seq=0
2024-04-06T03:28:54.187 INFO:teuthology.orchestra.run.smithi047.stdout:/usr/bin/ceph: stderr
2024-04-06T03:28:53.351+0000 7f1ec8bdb700 1 -- 172.21.15.47:0/3757009020 <== mon.0 v2:172.21.15.47:3300/0 1 ==== mon_map magic: 0 ==== 205+0+0 (secure 0 0 0) 0x7f1eb4017070 con 0x7f1ec4104c30
2024-04-06T03:28:54.187 INFO:teuthology.orchestra.run.smithi047.stdout:/usr/bin/ceph: stderr
2024-04-06T03:28:53.351+0000 7f1ec8bdb700 1 -- 172.21.15.47:0/3757009020 <== mon.0 v2:172.21.15.47:3300/0 2 ==== config(26 keys) ==== 1062+0+0 (secure 0 0 0) 0x7f1eb400b8c0 con 0x7f1ec4104c30
2024-04-06T03:28:54.187 INFO:teuthology.orchestra.run.smithi047.stdout:/usr/bin/ceph: stderr
2024-04-06T03:28:53.351+0000 7f1ec8bdb700 1 -- 172.21.15.47:0/3757009020 <== mon.0 v2:172.21.15.47:3300/0 3 ==== mon_map magic: 0 ==== 205+0+0 (secure 0 0 0) 0x7f1eb4004470 con 0x7f1ec4104c30
2024-04-06T03:28:54.187 INFO:teuthology.orchestra.run.smithi047.stdout:/usr/bin/ceph: stderr
2024-04-06T03:28:53.352+0000 7f1ecbe41700 1 -- 172.21.15.47:0/3757009020 >> [v2:172.21.15.47:3300/0,v1:172.21.15.47:6789/0] conn(0x7f1ec4104c30 msgr2=0x7f1ec4105050 secure :-1 s=STATE_CONNECTION_ESTABLISHED l=1).mark_down
2024-04-06T03:28:54.188 INFO:teuthology.orchestra.run.smithi047.stdout:/usr/bin/ceph: stderr
2024-04-06T03:28:53.352+0000 7f1ecbe41700 1 --2- 172.21.15.47:0/3757009020 >> [v2:172.21.15.47:3300/0,v1:172.21.15.47:6789/0] conn(0x7f1ec4104c30 0x7f1ec4105050 secure :-1 s=READY pgs=43 cs=0 l=1 rev1=1 crypto rx=0x7f1eb4009e80 tx=0x7f1eb400b330 comp rx=0 tx=0).stop
2024-04-06T03:28:54.188 INFO:teuthology.orchestra.run.smithi047.stdout:/usr/bin/ceph: stderr
2024-04-06T03:28:53.352+0000 7f1ecbe41700 1 -- 172.21.15.47:0/3757009020 shutdown_connections
2024-04-06T03:28:54.188 INFO:teuthology.orchestra.run.smithi047.stdout:/usr/bin/ceph: stderr
2024-04-06T03:28:53.352+0000 7f1ecbe41700 1 --2- 172.21.15.47:0/3757009020 >> [v2:172.21.15.47:3300/0,v1:172.21.15.47:6789/0] conn(0x7f1ec4104c30 0x7f1ec4105050 unknown :-1 s=CLOSED pgs=43 cs=0 l=1 rev1=1 crypto rx=0 tx=0 comp rx=0 tx=0).stop
2024-04-06T03:28:54.188 INFO:teuthology.orchestra.run.smithi047.stdout:/usr/bin/ceph: stderr
2024-04-06T03:28:53.352+0000 7f1ecbe41700 1 -- 172.21.15.47:0/3757009020 >> 172.21.15.47:0/3757009020 conn(0x7f1ec4100870 msgr2=0x7f1ec4102c90 unknown :-1 s=STATE_NONE l=0).mark_down
2024-04-06T03:28:54.188 INFO:teuthology.orchestra.run.smithi047.stdout:/usr/bin/ceph: stderr
2024-04-06T03:28:53.352+0000 7f1ecbe41700 1 -- 172.21.15.47:0/3757009020 shutdown_connections
2024-04-06T03:28:54.188 INFO:teuthology.orchestra.run.smithi047.stdout:/usr/bin/ceph: stderr
2024-04-06T03:28:53.352+0000 7f1ecbe41700 1 -- 172.21.15.47:0/3757009020 wait complete.
2024-04-06T03:28:54.188 INFO:teuthology.orchestra.run.smithi047.stdout:/usr/bin/ceph: stderr
2024-04-06T03:28:53.353+0000 7f1ecbe41700 1 Processor -- start
2024-04-06T03:28:54.188 INFO:teuthology.orchestra.run.smithi047.stdout:/usr/bin/ceph: stderr
2024-04-06T03:28:53.353+0000 7f1ecbe41700 1 -- start start
2024-04-06T03:28:54.188 INFO:teuthology.orchestra.run.smithi047.stdout:/usr/bin/ceph: stderr
2024-04-06T03:28:53.353+0000 7f1ecbe41700 1 --2- >> [v2:172.21.15.47:3300/0,v1:172.21.15.47:6789/0] conn(0x7f1ec4104c30 0x7f1ec419c490 unknown :-1 s=NONE pgs=0 cs=0 l=1 rev1=0 crypto rx=0 tx=0 comp rx=0 tx=0).connect
2024-04-06T03:28:54.188 INFO:teuthology.orchestra.run.smithi047.stdout:/usr/bin/ceph: stderr
2024-04-06T03:28:53.353+0000 7f1ecbe41700 1 -- --> [v2:172.21.15.47:3300/0,v1:172.21.15.47:6789/0] -- mon_getmap magic: 0 -- 0x7f1ec4106550 con 0x7f1ec4104c30
2024-04-06T03:28:54.188 INFO:teuthology.orchestra.run.smithi047.stdout:/usr/bin/ceph: stderr
2024-04-06T03:28:53.353+0000 7f1ec9bdd700 1 --2- >> [v2:172.21.15.47:3300/0,v1:172.21.15.47:6789/0] conn(0x7f1ec4104c30 0x7f1ec419c490 unknown :-1 s=BANNER_CONNECTING pgs=0 cs=0 l=1 rev1=0 crypto rx=0 tx=0 comp rx=0 tx=0)._handle_peer_banner_payload supported=3 required=0
2024-04-06T03:28:54.188 INFO:teuthology.orchestra.run.smithi047.stdout:/usr/bin/ceph: stderr
2024-04-06T03:28:53.353+0000 7f1ec9bdd700 1 --2- >> [v2:172.21.15.47:3300/0,v1:172.21.15.47:6789/0] conn(0x7f1ec4104c30 0x7f1ec419c490 unknown :-1 s=HELLO_CONNECTING pgs=0 cs=0 l=1 rev1=1 crypto rx=0 tx=0 comp rx=0 tx=0).handle_hello peer v2:172.21.15.47:3300/0 says I am v2:172.21.15.47:48560/0 (socket says 172.21.15.47:48560)
2024-04-06T03:28:54.189 INFO:teuthology.orchestra.run.smithi047.stdout:/usr/bin/ceph: stderr
2024-04-06T03:28:53.353+0000 7f1ec9bdd700 1 -- 172.21.15.47:0/1578588369 learned_addr learned my addr 172.21.15.47:0/1578588369 (peer_addr_for_me v2:172.21.15.47:0/0)
2024-04-06T03:28:54.189 INFO:teuthology.orchestra.run.smithi047.stdout:/usr/bin/ceph: stderr
2024-04-06T03:28:53.353+0000 7f1ec9bdd700 1 -- 172.21.15.47:0/1578588369 --> [v2:172.21.15.47:3300/0,v1:172.21.15.47:6789/0] -- mon_subscribe({config=0+,monmap=0+}) -- 0x7f1ec419c9d0 con 0x7f1ec4104c30
2024-04-06T03:28:54.189 INFO:teuthology.orchestra.run.smithi047.stdout:/usr/bin/ceph: stderr
2024-04-06T03:28:53.353+0000 7f1ec9bdd700 1 --2- 172.21.15.47:0/1578588369 >> [v2:172.21.15.47:3300/0,v1:172.21.15.47:6789/0] conn(0x7f1ec4104c30 0x7f1ec419c490 secure :-1 s=READY pgs=44 cs=0 l=1 rev1=1 crypto rx=0x7f1eb40072a0 tx=0x7f1eb4009610 comp rx=0 tx=0).ready entity=mon.0 client_cookie=0 server_cookie=0 in_seq=0 out_seq=0
2024-04-06T03:28:54.189 INFO:teuthology.orchestra.run.smithi047.stdout:/usr/bin/ceph: stderr
2024-04-06T03:28:53.354+0000 7f1ec2ffd700 1 -- 172.21.15.47:0/1578588369 <== mon.0 v2:172.21.15.47:3300/0 1 ==== mon_map magic: 0 ==== 205+0+0 (secure 0 0 0) 0x7f1eb4021020 con 0x7f1ec4104c30
2024-04-06T03:28:54.189 INFO:teuthology.orchestra.run.smithi047.stdout:/usr/bin/ceph: stderr
2024-04-06T03:28:53.354+0000 7f1ec2ffd700 1 -- 172.21.15.47:0/1578588369 <== mon.0 v2:172.21.15.47:3300/0 2 ==== config(26 keys) ==== 1062+0+0 (secure 0 0 0) 0x7f1eb4003d40 con 0x7f1ec4104c30
2024-04-06T03:28:54.189 INFO:teuthology.orchestra.run.smithi047.stdout:/usr/bin/ceph: stderr
2024-04-06T03:28:53.354+0000 7f1ecbe41700 1 -- 172.21.15.47:0/1578588369 --> [v2:172.21.15.47:3300/0,v1:172.21.15.47:6789/0] -- mon_subscribe({mgrmap=0+}) -- 0x7f1ec419cc60 con 0x7f1ec4104c30
2024-04-06T03:28:54.189 INFO:teuthology.orchestra.run.smithi047.stdout:/usr/bin/ceph: stderr
2024-04-06T03:28:53.354+0000 7f1ec2ffd700 1 -- 172.21.15.47:0/1578588369 <== mon.0 v2:172.21.15.47:3300/0 3 ==== mon_map magic: 0 ==== 205+0+0 (secure 0 0 0) 0x7f1eb4017040 con 0x7f1ec4104c30
2024-04-06T03:28:54.189 INFO:teuthology.orchestra.run.smithi047.stdout:/usr/bin/ceph: stderr
2024-04-06T03:28:53.354+0000 7f1ecbe41700 1 -- 172.21.15.47:0/1578588369 --> [v2:172.21.15.47:3300/0,v1:172.21.15.47:6789/0] -- mon_subscribe({osdmap=0}) -- 0x7f1ec419f950 con 0x7f1ec4104c30
2024-04-06T03:28:54.189 INFO:teuthology.orchestra.run.smithi047.stdout:/usr/bin/ceph: stderr
2024-04-06T03:28:53.354+0000 7f1ec2ffd700 1 -- 172.21.15.47:0/1578588369 <== mon.0 v2:172.21.15.47:3300/0 4 ==== mgrmap(e 8) ==== 46080+0+0 (secure 0 0 0) 0x7f1eb4024020 con 0x7f1ec4104c30
2024-04-06T03:28:54.189 INFO:teuthology.orchestra.run.smithi047.stdout:/usr/bin/ceph: stderr
2024-04-06T03:28:53.355+0000 7f1ecbe41700 1 -- 172.21.15.47:0/1578588369 --> [v2:172.21.15.47:3300/0,v1:172.21.15.47:6789/0] -- mon_command({"prefix": "get_command_descriptions"} v 0) -- 0x7f1ec4063900 con 0x7f1ec4104c30
2024-04-06T03:28:54.189 INFO:teuthology.orchestra.run.smithi047.stdout:/usr/bin/ceph: stderr
2024-04-06T03:28:53.355+0000 7f1ec2ffd700 1 --2- 172.21.15.47:0/1578588369 >> v2:172.21.15.47:6800/4248661693 conn(0x7f1eac038dc0 0x7f1eac03b280 unknown :-1 s=NONE pgs=0 cs=0 l=1 rev1=0 crypto rx=0 tx=0 comp rx=0 tx=0).connect
2024-04-06T03:28:54.189 INFO:teuthology.orchestra.run.smithi047.stdout:/usr/bin/ceph: stderr
2024-04-06T03:28:53.355+0000 7f1ec2ffd700 1 -- 172.21.15.47:0/1578588369 <== mon.0 v2:172.21.15.47:3300/0 5 ==== osd_map(2..2 src has 1..2) ==== 897+0+0 (secure 0 0 0) 0x7f1eb400f050 con 0x7f1ec4104c30
2024-04-06T03:28:54.189 INFO:teuthology.orchestra.run.smithi047.stdout:/usr/bin/ceph: stderr
2024-04-06T03:28:53.355+0000 7f1ec93dc700 1 --2- 172.21.15.47:0/1578588369 >> v2:172.21.15.47:6800/4248661693 conn(0x7f1eac038dc0 0x7f1eac03b280 unknown :-1 s=BANNER_CONNECTING pgs=0 cs=0 l=1 rev1=0 crypto rx=0 tx=0 comp rx=0 tx=0)._handle_peer_banner_payload supported=3 required=0
2024-04-06T03:28:54.190 INFO:teuthology.orchestra.run.smithi047.stdout:/usr/bin/ceph: stderr
2024-04-06T03:28:53.355+0000 7f1ec93dc700 1 --2- 172.21.15.47:0/1578588369 >> v2:172.21.15.47:6800/4248661693 conn(0x7f1eac038dc0 0x7f1eac03b280 secure :-1 s=READY pgs=10 cs=0 l=1 rev1=1 crypto rx=0x7f1eb8006fd0 tx=0x7f1eb8006e40 comp rx=0 tx=0).ready entity=mgr.14120 client_cookie=0 server_cookie=0 in_seq=0 out_seq=0
2024-04-06T03:28:54.190 INFO:teuthology.orchestra.run.smithi047.stdout:/usr/bin/ceph: stderr
2024-04-06T03:28:53.360+0000 7f1ec2ffd700 1 -- 172.21.15.47:0/1578588369 <== mon.0 v2:172.21.15.47:3300/0 6 ==== mon_command_ack([{"prefix": "get_command_descriptions"}]=0 v0) ==== 72+0+184932 (secure 0 0 0) 0x7f1eb402b020 con 0x7f1ec4104c30
2024-04-06T03:28:54.190 INFO:teuthology.orchestra.run.smithi047.stdout:/usr/bin/ceph: stderr
2024-04-06T03:28:53.565+0000 7f1ecbe41700 1 -- 172.21.15.47:0/1578588369 --> v2:172.21.15.47:6800/4248661693 -- mgr_command(tid 0: {"prefix": "cephadm get-pub-key", "target": ["mon-mgr", ""]}) -- 0x7f1ec402dbe0 con 0x7f1eac038dc0
2024-04-06T03:28:54.190 INFO:teuthology.orchestra.run.smithi047.stdout:/usr/bin/ceph: stderr
2024-04-06T03:28:53.565+0000 7f1ec2ffd700 1 -- 172.21.15.47:0/1578588369 <== mgr.14120 v2:172.21.15.47:6800/4248661693 1 ==== mgr_command_reply(tid 0: 0 ) ==== 8+0+595 (secure 0 0 0) 0x7f1ec402dbe0 con 0x7f1eac038dc0
2024-04-06T03:28:54.190 INFO:teuthology.orchestra.run.smithi047.stdout:/usr/bin/ceph: stderr
2024-04-06T03:28:53.567+0000 7f1ecbe41700 1 -- 172.21.15.47:0/1578588369 >> v2:172.21.15.47:6800/4248661693 conn(0x7f1eac038dc0 msgr2=0x7f1eac03b280 secure :-1 s=STATE_CONNECTION_ESTABLISHED l=1).mark_down
2024-04-06T03:28:54.190 INFO:teuthology.orchestra.run.smithi047.stdout:/usr/bin/ceph: stderr
2024-04-06T03:28:53.567+0000 7f1ecbe41700 1 --2- 172.21.15.47:0/1578588369 >> v2:172.21.15.47:6800/4248661693 conn(0x7f1eac038dc0 0x7f1eac03b280 secure :-1 s=READY pgs=10 cs=0 l=1 rev1=1 crypto rx=0x7f1eb8006fd0 tx=0x7f1eb8006e40 comp rx=0 tx=0).stop
2024-04-06T03:28:54.190 INFO:teuthology.orchestra.run.smithi047.stdout:/usr/bin/ceph: stderr
2024-04-06T03:28:53.567+0000 7f1ecbe41700 1 -- 172.21.15.47:0/1578588369 >> [v2:172.21.15.47:3300/0,v1:172.21.15.47:6789/0] conn(0x7f1ec4104c30 msgr2=0x7f1ec419c490 secure :-1 s=STATE_CONNECTION_ESTABLISHED l=1).mark_down
2024-04-06T03:28:54.190 INFO:teuthology.orchestra.run.smithi047.stdout:/usr/bin/ceph: stderr
2024-04-06T03:28:53.567+0000 7f1ecbe41700 1 --2- 172.21.15.47:0/1578588369 >> [v2:172.21.15.47:3300/0,v1:172.21.15.47:6789/0] conn(0x7f1ec4104c30 0x7f1ec419c490 secure :-1 s=READY pgs=44 cs=0 l=1 rev1=1 crypto rx=0x7f1eb40072a0 tx=0x7f1eb4009610 comp rx=0 tx=0).stop
2024-04-06T03:28:54.190 INFO:teuthology.orchestra.run.smithi047.stdout:/usr/bin/ceph: stderr
2024-04-06T03:28:53.568+0000 7f1ecbe41700 1 -- 172.21.15.47:0/1578588369 shutdown_connections
2024-04-06T03:28:54.190 INFO:teuthology.orchestra.run.smithi047.stdout:/usr/bin/ceph: stderr
2024-04-06T03:28:53.568+0000 7f1ecbe41700 1 --2- 172.21.15.47:0/1578588369 >> v2:172.21.15.47:6800/4248661693 conn(0x7f1eac038dc0 0x7f1eac03b280 unknown :-1 s=CLOSED pgs=10 cs=0 l=1 rev1=1 crypto rx=0 tx=0 comp rx=0 tx=0).stop
2024-04-06T03:28:54.190 INFO:teuthology.orchestra.run.smithi047.stdout:/usr/bin/ceph: stderr
2024-04-06T03:28:53.568+0000 7f1ecbe41700 1 --2- 172.21.15.47:0/1578588369 >> [v2:172.21.15.47:3300/0,v1:172.21.15.47:6789/0] conn(0x7f1ec4104c30 0x7f1ec419c490 unknown :-1 s=CLOSED pgs=44 cs=0 l=1 rev1=1 crypto rx=0 tx=0 comp rx=0 tx=0).stop
2024-04-06T03:28:54.190 INFO:teuthology.orchestra.run.smithi047.stdout:/usr/bin/ceph: stderr
2024-04-06T03:28:53.568+0000 7f1ecbe41700 1 -- 172.21.15.47:0/1578588369 >> 172.21.15.47:0/1578588369 conn(0x7f1ec4100870 msgr2=0x7f1ec4193020 unknown :-1 s=STATE_NONE l=0).mark_down
2024-04-06T03:28:54.190 INFO:teuthology.orchestra.run.smithi047.stdout:/usr/bin/ceph: stderr
2024-04-06T03:28:53.568+0000 7f1ecbe41700 1 -- 172.21.15.47:0/1578588369 shutdown_connections
2024-04-06T03:28:54.190 INFO:teuthology.orchestra.run.smithi047.stdout:/usr/bin/ceph: stderr
2024-04-06T03:28:53.568+0000 7f1ecbe41700 1 -- 172.21.15.47:0/1578588369 wait complete.
2024-04-06T03:28:54.191 INFO:teuthology.orchestra.run.smithi047.stdout:Wrote public SSH key to /home/ubuntu/cephtest/ceph.pub
2024-04-06T03:28:54.191 INFO:teuthology.orchestra.run.smithi047.stdout:Adding key to root@localhost authorized_keys...
2024-04-06T03:28:54.191 INFO:teuthology.orchestra.run.smithi047.stdout:Adding host smithi047...
2024-04-06T03:28:54.590 INFO:journalctl@ceph.mon.a.smithi047.stdout:Apr 06 03:28:54 smithi047 ceph-mon[29365]: from='client.14138 -' entity='client.admin' cmd=[{"prefix": "cephadm get-pub-key", "target": ["mon-mgr", ""]}]: dispatch
2024-04-06T03:28:55.807 INFO:journalctl@ceph.mon.a.smithi047.stdout:Apr 06 03:28:55 smithi047 ceph-mon[29365]: from='client.14140 -' entity='client.admin' cmd=[{"prefix": "orch host add", "hostname": "smithi047", "addr": "172.21.15.47", "target": ["mon-mgr", ""]}]: dispatch
2024-04-06T03:28:55.807 INFO:journalctl@ceph.mon.a.smithi047.stdout:Apr 06 03:28:55 smithi047 ceph-mon[29365]: Deploying cephadm binary to smithi047
2024-04-06T03:28:59.720 INFO:teuthology.orchestra.run.smithi047.stdout:/usr/bin/ceph: stdout Added host 'smithi047' with addr '172.21.15.47'
2024-04-06T03:28:59.720 INFO:teuthology.orchestra.run.smithi047.stdout:/usr/bin/ceph: stderr
2024-04-06T03:28:54.616+0000 7fbe6f082700 1 Processor -- start
2024-04-06T03:28:59.720 INFO:teuthology.orchestra.run.smithi047.stdout:/usr/bin/ceph: stderr
2024-04-06T03:28:54.616+0000 7fbe6f082700 1 -- start start
2024-04-06T03:28:59.720 INFO:teuthology.orchestra.run.smithi047.stdout:/usr/bin/ceph: stderr
2024-04-06T03:28:54.616+0000 7fbe6f082700 1 --2- >> [v2:172.21.15.47:3300/0,v1:172.21.15.47:6789/0] conn(0x7fbe68106e00 0x7fbe681091f0 unknown :-1 s=NONE pgs=0 cs=0 l=0 rev1=0 crypto rx=0 tx=0 comp rx=0 tx=0).connect
2024-04-06T03:28:59.720 INFO:teuthology.orchestra.run.smithi047.stdout:/usr/bin/ceph: stderr
2024-04-06T03:28:54.616+0000 7fbe6f082700 1 -- --> [v2:172.21.15.47:3300/0,v1:172.21.15.47:6789/0] -- mon_getmap magic: 0 -- 0x7fbe68079f40 con 0x7fbe68106e00
2024-04-06T03:28:59.720 INFO:teuthology.orchestra.run.smithi047.stdout:/usr/bin/ceph: stderr
2024-04-06T03:28:54.616+0000 7fbe6ce1e700 1 --2- >> [v2:172.21.15.47:3300/0,v1:172.21.15.47:6789/0] conn(0x7fbe68106e00 0x7fbe681091f0 unknown :-1 s=BANNER_CONNECTING pgs=0 cs=0 l=0 rev1=0 crypto rx=0 tx=0 comp rx=0 tx=0)._handle_peer_banner_payload supported=3 required=0
2024-04-06T03:28:59.720 INFO:teuthology.orchestra.run.smithi047.stdout:/usr/bin/ceph: stderr
2024-04-06T03:28:54.616+0000 7fbe6ce1e700 1 --2- >> [v2:172.21.15.47:3300/0,v1:172.21.15.47:6789/0] conn(0x7fbe68106e00 0x7fbe681091f0 unknown :-1 s=HELLO_CONNECTING pgs=0 cs=0 l=0 rev1=1 crypto rx=0 tx=0 comp rx=0 tx=0).handle_hello peer v2:172.21.15.47:3300/0 says I am v2:172.21.15.47:48576/0 (socket says 172.21.15.47:48576)
2024-04-06T03:28:59.720 INFO:teuthology.orchestra.run.smithi047.stdout:/usr/bin/ceph: stderr
2024-04-06T03:28:54.616+0000 7fbe6ce1e700 1 -- 172.21.15.47:0/455048129 learned_addr learned my addr 172.21.15.47:0/455048129 (peer_addr_for_me v2:172.21.15.47:0/0)
2024-04-06T03:28:59.720 INFO:teuthology.orchestra.run.smithi047.stdout:/usr/bin/ceph: stderr
2024-04-06T03:28:54.616+0000 7fbe6ce1e700 1 -- 172.21.15.47:0/455048129 --> [v2:172.21.15.47:3300/0,v1:172.21.15.47:6789/0] -- mon_subscribe({config=0+,monmap=0+}) -- 0x7fbe68109730 con 0x7fbe68106e00
2024-04-06T03:28:59.720 INFO:teuthology.orchestra.run.smithi047.stdout:/usr/bin/ceph: stderr
2024-04-06T03:28:54.616+0000 7fbe6ce1e700 1 --2- 172.21.15.47:0/455048129 >> [v2:172.21.15.47:3300/0,v1:172.21.15.47:6789/0] conn(0x7fbe68106e00 0x7fbe681091f0 secure :-1 s=READY pgs=45 cs=0 l=1 rev1=1 crypto rx=0x7fbe5c0098a0 tx=0x7fbe5c009bb0 comp rx=0 tx=0).ready entity=mon.0 client_cookie=346de2b862c8abe9 server_cookie=0 in_seq=0 out_seq=0
2024-04-06T03:28:59.720 INFO:teuthology.orchestra.run.smithi047.stdout:/usr/bin/ceph: stderr
2024-04-06T03:28:54.617+0000 7fbe677fe700 1 -- 172.21.15.47:0/455048129 <== mon.0 v2:172.21.15.47:3300/0 1 ==== mon_map magic: 0 ==== 205+0+0 (secure 0 0 0) 0x7fbe5c004160 con 0x7fbe68106e00
2024-04-06T03:28:59.721 INFO:teuthology.orchestra.run.smithi047.stdout:/usr/bin/ceph: stderr
2024-04-06T03:28:54.617+0000 7fbe677fe700 1 -- 172.21.15.47:0/455048129 <== mon.0 v2:172.21.15.47:3300/0 2 ==== config(26 keys) ==== 1062+0+0 (secure 0 0 0) 0x7fbe5c004300 con 0x7fbe68106e00
2024-04-06T03:28:59.721 INFO:teuthology.orchestra.run.smithi047.stdout:/usr/bin/ceph: stderr
2024-04-06T03:28:54.617+0000 7fbe677fe700 1 -- 172.21.15.47:0/455048129 <== mon.0 v2:172.21.15.47:3300/0 3 ==== mon_map magic: 0 ==== 205+0+0 (secure 0 0 0) 0x7fbe5c011a60 con 0x7fbe68106e00
2024-04-06T03:28:59.721 INFO:teuthology.orchestra.run.smithi047.stdout:/usr/bin/ceph: stderr
2024-04-06T03:28:54.617+0000 7fbe6f082700 1 -- 172.21.15.47:0/455048129 >> [v2:172.21.15.47:3300/0,v1:172.21.15.47:6789/0] conn(0x7fbe68106e00 msgr2=0x7fbe681091f0 secure :-1 s=STATE_CONNECTION_ESTABLISHED l=1).mark_down
2024-04-06T03:28:59.721 INFO:teuthology.orchestra.run.smithi047.stdout:/usr/bin/ceph: stderr
2024-04-06T03:28:54.617+0000 7fbe6f082700 1 --2- 172.21.15.47:0/455048129 >> [v2:172.21.15.47:3300/0,v1:172.21.15.47:6789/0] conn(0x7fbe68106e00 0x7fbe681091f0 secure :-1 s=READY pgs=45 cs=0 l=1 rev1=1 crypto rx=0x7fbe5c0098a0 tx=0x7fbe5c009bb0 comp rx=0 tx=0).stop
2024-04-06T03:28:59.721 INFO:teuthology.orchestra.run.smithi047.stdout:/usr/bin/ceph: stderr
2024-04-06T03:28:54.617+0000 7fbe6f082700 1 -- 172.21.15.47:0/455048129 shutdown_connections
2024-04-06T03:28:59.721 INFO:teuthology.orchestra.run.smithi047.stdout:/usr/bin/ceph: stderr
2024-04-06T03:28:54.617+0000 7fbe6f082700 1 --2- 172.21.15.47:0/455048129 >> [v2:172.21.15.47:3300/0,v1:172.21.15.47:6789/0] conn(0x7fbe68106e00 0x7fbe681091f0 unknown :-1 s=CLOSED pgs=45 cs=0 l=1 rev1=1 crypto rx=0 tx=0 comp rx=0 tx=0).stop
2024-04-06T03:28:59.721 INFO:teuthology.orchestra.run.smithi047.stdout:/usr/bin/ceph: stderr
2024-04-06T03:28:54.617+0000 7fbe6f082700 1 -- 172.21.15.47:0/455048129 >> 172.21.15.47:0/455048129 conn(0x7fbe681007f0 msgr2=0x7fbe68102c10 unknown :-1 s=STATE_NONE l=0).mark_down
2024-04-06T03:28:59.721 INFO:teuthology.orchestra.run.smithi047.stdout:/usr/bin/ceph: stderr
2024-04-06T03:28:54.617+0000 7fbe6f082700 1 -- 172.21.15.47:0/455048129 shutdown_connections
2024-04-06T03:28:59.721 INFO:teuthology.orchestra.run.smithi047.stdout:/usr/bin/ceph: stderr
2024-04-06T03:28:54.617+0000 7fbe6f082700 1 -- 172.21.15.47:0/455048129 wait complete.
2024-04-06T03:28:59.721 INFO:teuthology.orchestra.run.smithi047.stdout:/usr/bin/ceph: stderr
2024-04-06T03:28:54.618+0000 7fbe6f082700 1 Processor -- start
2024-04-06T03:28:59.721 INFO:teuthology.orchestra.run.smithi047.stdout:/usr/bin/ceph: stderr
2024-04-06T03:28:54.618+0000 7fbe6f082700 1 -- start start
2024-04-06T03:28:59.721 INFO:teuthology.orchestra.run.smithi047.stdout:/usr/bin/ceph: stderr
2024-04-06T03:28:54.618+0000 7fbe6f082700 1 --2- >> [v2:172.21.15.47:3300/0,v1:172.21.15.47:6789/0] conn(0x7fbe68106e00 0x7fbe6819a100 unknown :-1 s=NONE pgs=0 cs=0 l=1 rev1=0 crypto rx=0 tx=0 comp rx=0 tx=0).connect
2024-04-06T03:28:59.721 INFO:teuthology.orchestra.run.smithi047.stdout:/usr/bin/ceph: stderr
2024-04-06T03:28:54.618+0000 7fbe6f082700 1 -- --> [v2:172.21.15.47:3300/0,v1:172.21.15.47:6789/0] -- mon_getmap magic: 0 -- 0x7fbe6810a620 con 0x7fbe68106e00
2024-04-06T03:28:59.722 INFO:teuthology.orchestra.run.smithi047.stdout:/usr/bin/ceph: stderr
2024-04-06T03:28:54.618+0000 7fbe6ce1e700 1 --2- >> [v2:172.21.15.47:3300/0,v1:172.21.15.47:6789/0] conn(0x7fbe68106e00 0x7fbe6819a100 unknown :-1 s=BANNER_CONNECTING pgs=0 cs=0 l=1 rev1=0 crypto rx=0 tx=0 comp rx=0 tx=0)._handle_peer_banner_payload supported=3 required=0
2024-04-06T03:28:59.722 INFO:teuthology.orchestra.run.smithi047.stdout:/usr/bin/ceph: stderr
2024-04-06T03:28:54.618+0000 7fbe6ce1e700 1 --2- >> [v2:172.21.15.47:3300/0,v1:172.21.15.47:6789/0] conn(0x7fbe68106e00 0x7fbe6819a100 unknown :-1 s=HELLO_CONNECTING pgs=0 cs=0 l=1 rev1=1 crypto rx=0 tx=0 comp rx=0 tx=0).handle_hello peer v2:172.21.15.47:3300/0 says I am v2:172.21.15.47:48586/0 (socket says 172.21.15.47:48586)
2024-04-06T03:28:59.722 INFO:teuthology.orchestra.run.smithi047.stdout:/usr/bin/ceph: stderr
2024-04-06T03:28:54.618+0000 7fbe6ce1e700 1 -- 172.21.15.47:0/4108287025 learned_addr learned my addr 172.21.15.47:0/4108287025 (peer_addr_for_me v2:172.21.15.47:0/0)
2024-04-06T03:28:59.722 INFO:teuthology.orchestra.run.smithi047.stdout:/usr/bin/ceph: stderr
2024-04-06T03:28:54.618+0000 7fbe6ce1e700 1 -- 172.21.15.47:0/4108287025 --> [v2:172.21.15.47:3300/0,v1:172.21.15.47:6789/0] -- mon_subscribe({config=0+,monmap=0+}) -- 0x7fbe6819a640 con 0x7fbe68106e00
2024-04-06T03:28:59.722 INFO:teuthology.orchestra.run.smithi047.stdout:/usr/bin/ceph: stderr
2024-04-06T03:28:54.618+0000 7fbe6ce1e700 1 --2- 172.21.15.47:0/4108287025 >> [v2:172.21.15.47:3300/0,v1:172.21.15.47:6789/0] conn(0x7fbe68106e00 0x7fbe6819a100 secure :-1 s=READY pgs=46 cs=0 l=1 rev1=1 crypto rx=0x7fbe5c009870 tx=0x7fbe5c011ae0 comp rx=0 tx=0).ready entity=mon.0 client_cookie=0 server_cookie=0 in_seq=0 out_seq=0
2024-04-06T03:28:59.722 INFO:teuthology.orchestra.run.smithi047.stdout:/usr/bin/ceph: stderr
2024-04-06T03:28:54.619+0000 7fbe65ffb700 1 -- 172.21.15.47:0/4108287025 <== mon.0 v2:172.21.15.47:3300/0 1 ==== mon_map magic: 0 ==== 205+0+0 (secure 0 0 0) 0x7fbe5c01a430 con 0x7fbe68106e00
2024-04-06T03:28:59.722 INFO:teuthology.orchestra.run.smithi047.stdout:/usr/bin/ceph: stderr
2024-04-06T03:28:54.619+0000 7fbe65ffb700 1 -- 172.21.15.47:0/4108287025 <== mon.0 v2:172.21.15.47:3300/0 2 ==== config(26 keys) ==== 1062+0+0 (secure 0 0 0) 0x7fbe5c01aa60 con 0x7fbe68106e00
2024-04-06T03:28:59.722 INFO:teuthology.orchestra.run.smithi047.stdout:/usr/bin/ceph: stderr
2024-04-06T03:28:54.619+0000 7fbe6f082700 1 -- 172.21.15.47:0/4108287025 --> [v2:172.21.15.47:3300/0,v1:172.21.15.47:6789/0] -- mon_subscribe({mgrmap=0+}) -- 0x7fbe6819a8d0 con 0x7fbe68106e00
2024-04-06T03:28:59.722 INFO:teuthology.orchestra.run.smithi047.stdout:/usr/bin/ceph: stderr
2024-04-06T03:28:54.619+0000 7fbe65ffb700 1 -- 172.21.15.47:0/4108287025 <== mon.0 v2:172.21.15.47:3300/0 3 ==== mon_map magic: 0 ==== 205+0+0 (secure 0 0 0) 0x7fbe5c0199a0 con 0x7fbe68106e00
2024-04-06T03:28:59.722 INFO:teuthology.orchestra.run.smithi047.stdout:/usr/bin/ceph: stderr
2024-04-06T03:28:54.619+0000 7fbe6f082700 1 -- 172.21.15.47:0/4108287025 --> [v2:172.21.15.47:3300/0,v1:172.21.15.47:6789/0] -- mon_subscribe({osdmap=0}) -- 0x7fbe6819d5c0 con 0x7fbe68106e00
2024-04-06T03:28:59.722 INFO:teuthology.orchestra.run.smithi047.stdout:/usr/bin/ceph: stderr
2024-04-06T03:28:54.620+0000 7fbe65ffb700 1 -- 172.21.15.47:0/4108287025 <== mon.0 v2:172.21.15.47:3300/0 4 ==== mgrmap(e 8) ==== 46080+0+0 (secure 0 0 0) 0x7fbe5c022020 con 0x7fbe68106e00
2024-04-06T03:28:59.722 INFO:teuthology.orchestra.run.smithi047.stdout:/usr/bin/ceph: stderr
2024-04-06T03:28:54.620+0000 7fbe6f082700 1 -- 172.21.15.47:0/4108287025 --> [v2:172.21.15.47:3300/0,v1:172.21.15.47:6789/0] -- mon_command({"prefix": "get_command_descriptions"} v 0) -- 0x7fbe68063900 con 0x7fbe68106e00
2024-04-06T03:28:59.722 INFO:teuthology.orchestra.run.smithi047.stdout:/usr/bin/ceph: stderr
2024-04-06T03:28:54.620+0000 7fbe65ffb700 1 --2- 172.21.15.47:0/4108287025 >> v2:172.21.15.47:6800/4248661693 conn(0x7fbe58038dc0 0x7fbe5803b280 unknown :-1 s=NONE pgs=0 cs=0 l=1 rev1=0 crypto rx=0 tx=0 comp rx=0 tx=0).connect
2024-04-06T03:28:59.723 INFO:teuthology.orchestra.run.smithi047.stdout:/usr/bin/ceph: stderr
2024-04-06T03:28:54.620+0000 7fbe65ffb700 1 -- 172.21.15.47:0/4108287025 <== mon.0 v2:172.21.15.47:3300/0 5 ==== osd_map(2..2 src has 1..2) ==== 897+0+0 (secure 0 0 0) 0x7fbe5c04cf90 con 0x7fbe68106e00
2024-04-06T03:28:59.723 INFO:teuthology.orchestra.run.smithi047.stdout:/usr/bin/ceph: stderr
2024-04-06T03:28:54.620+0000 7fbe67fff700 1 --2- 172.21.15.47:0/4108287025 >> v2:172.21.15.47:6800/4248661693 conn(0x7fbe58038dc0 0x7fbe5803b280 unknown :-1 s=BANNER_CONNECTING pgs=0 cs=0 l=1 rev1=0 crypto rx=0 tx=0 comp rx=0 tx=0)._handle_peer_banner_payload supported=3 required=0
2024-04-06T03:28:59.723 INFO:teuthology.orchestra.run.smithi047.stdout:/usr/bin/ceph: stderr
2024-04-06T03:28:54.620+0000 7fbe67fff700 1 --2- 172.21.15.47:0/4108287025 >> v2:172.21.15.47:6800/4248661693 conn(0x7fbe58038dc0 0x7fbe5803b280 secure :-1 s=READY pgs=11 cs=0 l=1 rev1=1 crypto rx=0x7fbe54006fd0 tx=0x7fbe54006e40 comp rx=0 tx=0).ready entity=mgr.14120 client_cookie=0 server_cookie=0 in_seq=0 out_seq=0
2024-04-06T03:28:59.723 INFO:teuthology.orchestra.run.smithi047.stdout:/usr/bin/ceph: stderr
2024-04-06T03:28:54.625+0000 7fbe65ffb700 1 -- 172.21.15.47:0/4108287025 <== mon.0 v2:172.21.15.47:3300/0 6 ==== mon_command_ack([{"prefix": "get_command_descriptions"}]=0 v0) ==== 72+0+184932 (secure 0 0 0) 0x7fbe5c02bdb0 con 0x7fbe68106e00
2024-04-06T03:28:59.723 INFO:teuthology.orchestra.run.smithi047.stdout:/usr/bin/ceph: stderr
2024-04-06T03:28:54.834+0000 7fbe6f082700 1 -- 172.21.15.47:0/4108287025 --> v2:172.21.15.47:6800/4248661693 -- mgr_command(tid 0: {"prefix": "orch host add", "hostname": "smithi047", "addr": "172.21.15.47", "target": ["mon-mgr", ""]}) -- 0x7fbe681018d0 con 0x7fbe58038dc0
2024-04-06T03:28:59.723 INFO:teuthology.orchestra.run.smithi047.stdout:/usr/bin/ceph: stderr
2024-04-06T03:28:59.139+0000 7fbe65ffb700 1 -- 172.21.15.47:0/4108287025 <== mgr.14120 v2:172.21.15.47:6800/4248661693 1 ==== mgr_command_reply(tid 0: 0 ) ==== 8+0+48 (secure 0 0 0) 0x7fbe681018d0 con 0x7fbe58038dc0
2024-04-06T03:28:59.723 INFO:teuthology.orchestra.run.smithi047.stdout:/usr/bin/ceph: stderr
2024-04-06T03:28:59.142+0000 7fbe6f082700 1 -- 172.21.15.47:0/4108287025 >> v2:172.21.15.47:6800/4248661693 conn(0x7fbe58038dc0 msgr2=0x7fbe5803b280 secure :-1 s=STATE_CONNECTION_ESTABLISHED l=1).mark_down
2024-04-06T03:28:59.723 INFO:teuthology.orchestra.run.smithi047.stdout:/usr/bin/ceph: stderr
2024-04-06T03:28:59.142+0000 7fbe6f082700 1 --2- 172.21.15.47:0/4108287025 >> v2:172.21.15.47:6800/4248661693 conn(0x7fbe58038dc0 0x7fbe5803b280 secure :-1 s=READY pgs=11 cs=0 l=1 rev1=1 crypto rx=0x7fbe54006fd0 tx=0x7fbe54006e40 comp rx=0 tx=0).stop
2024-04-06T03:28:59.723 INFO:teuthology.orchestra.run.smithi047.stdout:/usr/bin/ceph: stderr
2024-04-06T03:28:59.142+0000 7fbe6f082700 1 -- 172.21.15.47:0/4108287025 >> [v2:172.21.15.47:3300/0,v1:172.21.15.47:6789/0] conn(0x7fbe68106e00 msgr2=0x7fbe6819a100 secure :-1 s=STATE_CONNECTION_ESTABLISHED l=1).mark_down
2024-04-06T03:28:59.723 INFO:teuthology.orchestra.run.smithi047.stdout:/usr/bin/ceph: stderr
2024-04-06T03:28:59.142+0000 7fbe6f082700 1 --2- 172.21.15.47:0/4108287025 >> [v2:172.21.15.47:3300/0,v1:172.21.15.47:6789/0] conn(0x7fbe68106e00 0x7fbe6819a100 secure :-1 s=READY pgs=46 cs=0 l=1 rev1=1 crypto rx=0x7fbe5c009870 tx=0x7fbe5c011ae0 comp rx=0 tx=0).stop
2024-04-06T03:28:59.724 INFO:teuthology.orchestra.run.smithi047.stdout:/usr/bin/ceph: stderr
2024-04-06T03:28:59.142+0000 7fbe6f082700 1 -- 172.21.15.47:0/4108287025 shutdown_connections
2024-04-06T03:28:59.724 INFO:teuthology.orchestra.run.smithi047.stdout:/usr/bin/ceph: stderr
2024-04-06T03:28:59.142+0000 7fbe6f082700 1 --2- 172.21.15.47:0/4108287025 >> v2:172.21.15.47:6800/4248661693 conn(0x7fbe58038dc0 0x7fbe5803b280 unknown :-1 s=CLOSED pgs=11 cs=0 l=1 rev1=1 crypto rx=0 tx=0 comp rx=0 tx=0).stop
2024-04-06T03:28:59.724 INFO:teuthology.orchestra.run.smithi047.stdout:/usr/bin/ceph: stderr
2024-04-06T03:28:59.142+0000 7fbe6f082700 1 --2- 172.21.15.47:0/4108287025 >> [v2:172.21.15.47:3300/0,v1:172.21.15.47:6789/0] conn(0x7fbe68106e00 0x7fbe6819a100 unknown :-1 s=CLOSED pgs=46 cs=0 l=1 rev1=1 crypto rx=0 tx=0 comp rx=0 tx=0).stop
2024-04-06T03:28:59.724 INFO:teuthology.orchestra.run.smithi047.stdout:/usr/bin/ceph: stderr
2024-04-06T03:28:59.142+0000 7fbe6f082700 1 -- 172.21.15.47:0/4108287025 >> 172.21.15.47:0/4108287025 conn(0x7fbe681007f0 msgr2=0x7fbe681011c0 unknown :-1 s=STATE_NONE l=0).mark_down
2024-04-06T03:28:59.724 INFO:teuthology.orchestra.run.smithi047.stdout:/usr/bin/ceph: stderr
2024-04-06T03:28:59.142+0000 7fbe6f082700 1 -- 172.21.15.47:0/4108287025 shutdown_connections
2024-04-06T03:28:59.724 INFO:teuthology.orchestra.run.smithi047.stdout:/usr/bin/ceph: stderr
2024-04-06T03:28:59.142+0000 7fbe6f082700 1 -- 172.21.15.47:0/4108287025 wait complete.
2024-04-06T03:28:59.724 INFO:teuthology.orchestra.run.smithi047.stdout:Deploying unmanaged mon service...
2024-04-06T03:29:00.241 INFO:journalctl@ceph.mon.a.smithi047.stdout:Apr 06 03:29:00 smithi047 ceph-mon[29365]: from='mgr.14120 172.21.15.47:0/2760970674' entity='mgr.y'
2024-04-06T03:29:00.242 INFO:journalctl@ceph.mon.a.smithi047.stdout:Apr 06 03:29:00 smithi047 ceph-mon[29365]: Added host smithi047
2024-04-06T03:29:00.242 INFO:journalctl@ceph.mon.a.smithi047.stdout:Apr 06 03:29:00 smithi047 ceph-mon[29365]: from='mgr.14120 172.21.15.47:0/2760970674' entity='mgr.y' cmd=[{"prefix": "config dump", "format": "json"}]: dispatch
2024-04-06T03:29:01.228 INFO:teuthology.orchestra.run.smithi047.stdout:/usr/bin/ceph: stdout Scheduled mon update...
2024-04-06T03:29:01.228 INFO:teuthology.orchestra.run.smithi047.stdout:/usr/bin/ceph: stderr
2024-04-06T03:29:00.184+0000 7f7c6b1de700 1 Processor -- start
2024-04-06T03:29:01.228 INFO:teuthology.orchestra.run.smithi047.stdout:/usr/bin/ceph: stderr
2024-04-06T03:29:00.184+0000 7f7c6b1de700 1 -- start start
2024-04-06T03:29:01.228 INFO:teuthology.orchestra.run.smithi047.stdout:/usr/bin/ceph: stderr
2024-04-06T03:29:00.184+0000 7f7c6b1de700 1 --2- >> [v2:172.21.15.47:3300/0,v1:172.21.15.47:6789/0] conn(0x7f7c6407bf90 0x7f7c6407a3f0 unknown :-1 s=NONE pgs=0 cs=0 l=0 rev1=0 crypto rx=0 tx=0 comp rx=0 tx=0).connect
2024-04-06T03:29:01.228 INFO:teuthology.orchestra.run.smithi047.stdout:/usr/bin/ceph: stderr
2024-04-06T03:29:00.184+0000 7f7c6b1de700 1 -- --> [v2:172.21.15.47:3300/0,v1:172.21.15.47:6789/0] -- mon_getmap magic: 0 -- 0x7f7c6407a9c0 con 0x7f7c6407bf90
2024-04-06T03:29:01.228 INFO:teuthology.orchestra.run.smithi047.stdout:/usr/bin/ceph: stderr
2024-04-06T03:29:00.184+0000 7f7c68f7a700 1 --2- >> [v2:172.21.15.47:3300/0,v1:172.21.15.47:6789/0] conn(0x7f7c6407bf90 0x7f7c6407a3f0 unknown :-1 s=BANNER_CONNECTING pgs=0 cs=0 l=0 rev1=0 crypto rx=0 tx=0 comp rx=0 tx=0)._handle_peer_banner_payload supported=3 required=0
2024-04-06T03:29:01.228 INFO:teuthology.orchestra.run.smithi047.stdout:/usr/bin/ceph: stderr
2024-04-06T03:29:00.185+0000 7f7c68f7a700 1 --2- >> [v2:172.21.15.47:3300/0,v1:172.21.15.47:6789/0] conn(0x7f7c6407bf90 0x7f7c6407a3f0 unknown :-1 s=HELLO_CONNECTING pgs=0 cs=0 l=0 rev1=1 crypto rx=0 tx=0 comp rx=0 tx=0).handle_hello peer v2:172.21.15.47:3300/0 says I am v2:172.21.15.47:35054/0 (socket says 172.21.15.47:35054)
2024-04-06T03:29:01.229 INFO:teuthology.orchestra.run.smithi047.stdout:/usr/bin/ceph: stderr
2024-04-06T03:29:00.185+0000 7f7c68f7a700 1 -- 172.21.15.47:0/1993995383 learned_addr learned my addr 172.21.15.47:0/1993995383 (peer_addr_for_me v2:172.21.15.47:0/0)
2024-04-06T03:29:01.229 INFO:teuthology.orchestra.run.smithi047.stdout:/usr/bin/ceph: stderr
2024-04-06T03:29:00.185+0000 7f7c68f7a700 1 -- 172.21.15.47:0/1993995383 --> [v2:172.21.15.47:3300/0,v1:172.21.15.47:6789/0] -- mon_subscribe({config=0+,monmap=0+}) -- 0x7f7c6407ab40 con 0x7f7c6407bf90
2024-04-06T03:29:01.229 INFO:teuthology.orchestra.run.smithi047.stdout:/usr/bin/ceph: stderr
2024-04-06T03:29:00.185+0000 7f7c68f7a700 1 --2- 172.21.15.47:0/1993995383 >> [v2:172.21.15.47:3300/0,v1:172.21.15.47:6789/0] conn(0x7f7c6407bf90 0x7f7c6407a3f0 secure :-1 s=READY pgs=47 cs=0 l=1 rev1=1 crypto rx=0x7f7c5c009e80 tx=0x7f7c5c00b330 comp rx=0 tx=0).ready entity=mon.0 client_cookie=96335eb5b452e839 server_cookie=0 in_seq=0 out_seq=0
2024-04-06T03:29:01.229 INFO:teuthology.orchestra.run.smithi047.stdout:/usr/bin/ceph: stderr
2024-04-06T03:29:00.185+0000 7f7c637fe700 1 -- 172.21.15.47:0/1993995383 <== mon.0 v2:172.21.15.47:3300/0 1 ==== mon_map magic: 0 ==== 205+0+0 (secure 0 0 0) 0x7f7c5c017070 con 0x7f7c6407bf90
2024-04-06T03:29:01.229 INFO:teuthology.orchestra.run.smithi047.stdout:/usr/bin/ceph: stderr
2024-04-06T03:29:00.185+0000 7f7c637fe700 1 -- 172.21.15.47:0/1993995383 <== mon.0 v2:172.21.15.47:3300/0 2 ==== config(26 keys) ==== 1062+0+0 (secure 0 0 0) 0x7f7c5c00b8c0 con 0x7f7c6407bf90
2024-04-06T03:29:01.229 INFO:teuthology.orchestra.run.smithi047.stdout:/usr/bin/ceph: stderr
2024-04-06T03:29:00.185+0000 7f7c637fe700 1 -- 172.21.15.47:0/1993995383 <== mon.0 v2:172.21.15.47:3300/0 3 ==== mon_map magic: 0 ==== 205+0+0 (secure 0 0 0) 0x7f7c5c004470 con 0x7f7c6407bf90
2024-04-06T03:29:01.229 INFO:teuthology.orchestra.run.smithi047.stdout:/usr/bin/ceph: stderr
2024-04-06T03:29:00.186+0000 7f7c6b1de700 1 -- 172.21.15.47:0/1993995383 >> [v2:172.21.15.47:3300/0,v1:172.21.15.47:6789/0] conn(0x7f7c6407bf90 msgr2=0x7f7c6407a3f0 secure :-1 s=STATE_CONNECTION_ESTABLISHED l=1).mark_down
