2024-04-06T03:32:00.525+0000 7f0441b82700 1 --2- 172.21.15.94:0/112981094 >> [v2:172.21.15.94:3300/0,v1:172.21.15.94:6789/0] conn(0x7f043c1017a0 0x7f043c10f4b0 secure :-1 s=READY pgs=62 cs=0 l=1 rev1=1 crypto rx=0x7f0438006b00 tx=0x7f043800b4f0 comp rx=0 tx=0).ready entity=mon.0 client_cookie=0 server_cookie=0 in_seq=0 out_seq=0
2024-04-06T03:32:01.311 INFO:teuthology.orchestra.run.smithi094.stdout:/usr/bin/ceph: stderr
2024-04-06T03:32:00.525+0000 7f04327fc700 1 -- 172.21.15.94:0/112981094 <== mon.0 v2:172.21.15.94:3300/0 1 ==== mon_map magic: 0 v1 ==== 229+0+0 (secure 0 0 0) 0x7f0438010bd0 con 0x7f043c1017a0
2024-04-06T03:32:01.311 INFO:teuthology.orchestra.run.smithi094.stdout:/usr/bin/ceph: stderr
2024-04-06T03:32:00.525+0000 7f0443de6700 1 -- 172.21.15.94:0/112981094 --> [v2:172.21.15.94:3300/0,v1:172.21.15.94:6789/0] -- mon_subscribe({mgrmap=0+}) v3 -- 0x7f043c10fbf0 con 0x7f043c1017a0
2024-04-06T03:32:01.311 INFO:teuthology.orchestra.run.smithi094.stdout:/usr/bin/ceph: stderr
2024-04-06T03:32:00.525+0000 7f04327fc700 1 -- 172.21.15.94:0/112981094 <== mon.0 v2:172.21.15.94:3300/0 2 ==== config(27 keys) v1 ==== 1109+0+0 (secure 0 0 0) 0x7f043801d050 con 0x7f043c1017a0
2024-04-06T03:32:01.311 INFO:teuthology.orchestra.run.smithi094.stdout:/usr/bin/ceph: stderr
2024-04-06T03:32:00.525+0000 7f04327fc700 1 -- 172.21.15.94:0/112981094 <== mon.0 v2:172.21.15.94:3300/0 3 ==== mon_map magic: 0 v1 ==== 229+0+0 (secure 0 0 0) 0x7f0438022590 con 0x7f043c1017a0
2024-04-06T03:32:01.312 INFO:teuthology.orchestra.run.smithi094.stdout:/usr/bin/ceph: stderr
2024-04-06T03:32:00.525+0000 7f0443de6700 1 -- 172.21.15.94:0/112981094 --> [v2:172.21.15.94:3300/0,v1:172.21.15.94:6789/0] -- mon_subscribe({osdmap=0}) v3 -- 0x7f043c110710 con 0x7f043c1017a0
2024-04-06T03:32:01.312 INFO:teuthology.orchestra.run.smithi094.stdout:/usr/bin/ceph: stderr
2024-04-06T03:32:00.526+0000 7f04327fc700 1 -- 172.21.15.94:0/112981094 <== mon.0 v2:172.21.15.94:3300/0 4 ==== mgrmap(e 8) v1 ==== 43368+0+0 (secure 0 0 0) 0x7f0438022810 con 0x7f043c1017a0
2024-04-06T03:32:01.312 INFO:teuthology.orchestra.run.smithi094.stdout:/usr/bin/ceph: stderr
2024-04-06T03:32:00.526+0000 7f0443de6700 1 -- 172.21.15.94:0/112981094 --> [v2:172.21.15.94:3300/0,v1:172.21.15.94:6789/0] -- mon_command({"prefix": "get_command_descriptions"} v 0) v1 -- 0x7f043c05f5f0 con 0x7f043c1017a0
2024-04-06T03:32:01.312 INFO:teuthology.orchestra.run.smithi094.stdout:/usr/bin/ceph: stderr
2024-04-06T03:32:00.526+0000 7f04327fc700 1 --2- 172.21.15.94:0/112981094 >> [v2:172.21.15.94:6800/682257512,v1:172.21.15.94:6801/682257512] conn(0x7f0428036790 0x7f0428038c40 unknown :-1 s=NONE pgs=0 cs=0 l=1 rev1=0 crypto rx=0 tx=0 comp rx=0 tx=0).connect
2024-04-06T03:32:01.312 INFO:teuthology.orchestra.run.smithi094.stdout:/usr/bin/ceph: stderr
2024-04-06T03:32:00.526+0000 7f04327fc700 1 -- 172.21.15.94:0/112981094 <== mon.0 v2:172.21.15.94:3300/0 5 ==== osd_map(2..2 src has 1..2) v4 ==== 936+0+0 (secure 0 0 0) 0x7f0438014070 con 0x7f043c1017a0
2024-04-06T03:32:01.312 INFO:teuthology.orchestra.run.smithi094.stdout:/usr/bin/ceph: stderr
2024-04-06T03:32:00.526+0000 7f0441381700 1 --2- 172.21.15.94:0/112981094 >> [v2:172.21.15.94:6800/682257512,v1:172.21.15.94:6801/682257512] conn(0x7f0428036790 0x7f0428038c40 unknown :-1 s=BANNER_CONNECTING pgs=0 cs=0 l=1 rev1=0 crypto rx=0 tx=0 comp rx=0 tx=0)._handle_peer_banner_payload supported=3 required=0
2024-04-06T03:32:01.312 INFO:teuthology.orchestra.run.smithi094.stdout:/usr/bin/ceph: stderr
2024-04-06T03:32:00.526+0000 7f0441381700 1 --2- 172.21.15.94:0/112981094 >> [v2:172.21.15.94:6800/682257512,v1:172.21.15.94:6801/682257512] conn(0x7f0428036790 0x7f0428038c40 secure :-1 s=READY pgs=19 cs=0 l=1 rev1=1 crypto rx=0x7f042c009990 tx=0x7f042c006e40 comp rx=0 tx=0).ready entity=mgr.14120 client_cookie=0 server_cookie=0 in_seq=0 out_seq=0
2024-04-06T03:32:01.312 INFO:teuthology.orchestra.run.smithi094.stdout:/usr/bin/ceph: stderr
2024-04-06T03:32:00.530+0000 7f04327fc700 1 -- 172.21.15.94:0/112981094 <== mon.0 v2:172.21.15.94:3300/0 6 ==== mon_command_ack([{"prefix": "get_command_descriptions"}]=0 v0) v1 ==== 72+0+176504 (secure 0 0 0) 0x7f043800e360 con 0x7f043c1017a0
2024-04-06T03:32:01.312 INFO:teuthology.orchestra.run.smithi094.stdout:/usr/bin/ceph: stderr
2024-04-06T03:32:00.714+0000 7f0443de6700 1 -- 172.21.15.94:0/112981094 --> [v2:172.21.15.94:3300/0,v1:172.21.15.94:6789/0] -- mon_command([{prefix=config set, name=mgr/cephadm/container_init}] v 0) v1 -- 0x7f043c04bed0 con 0x7f043c1017a0
2024-04-06T03:32:01.312 INFO:teuthology.orchestra.run.smithi094.stdout:/usr/bin/ceph: stderr
2024-04-06T03:32:00.717+0000 7f04327fc700 1 -- 172.21.15.94:0/112981094 <== mon.0 v2:172.21.15.94:3300/0 7 ==== mon_command_ack([{prefix=config set, name=mgr/cephadm/container_init}]=0 v7)=0 v7) v1 ==== 142+0+0 (secure 0 0 0) 0x7f04380202d0 con 0x7f043c1017a0
2024-04-06T03:32:01.312 INFO:teuthology.orchestra.run.smithi094.stdout:/usr/bin/ceph: stderr
2024-04-06T03:32:00.719+0000 7f0443de6700 1 -- 172.21.15.94:0/112981094 >> [v2:172.21.15.94:6800/682257512,v1:172.21.15.94:6801/682257512] conn(0x7f0428036790 msgr2=0x7f0428038c40 secure :-1 s=STATE_CONNECTION_ESTABLISHED l=1).mark_down
2024-04-06T03:32:01.312 INFO:teuthology.orchestra.run.smithi094.stdout:/usr/bin/ceph: stderr
2024-04-06T03:32:00.719+0000 7f0443de6700 1 --2- 172.21.15.94:0/112981094 >> [v2:172.21.15.94:6800/682257512,v1:172.21.15.94:6801/682257512] conn(0x7f0428036790 0x7f0428038c40 secure :-1 s=READY pgs=19 cs=0 l=1 rev1=1 crypto rx=0x7f042c009990 tx=0x7f042c006e40 comp rx=0 tx=0).stop
2024-04-06T03:32:01.312 INFO:teuthology.orchestra.run.smithi094.stdout:/usr/bin/ceph: stderr
2024-04-06T03:32:00.719+0000 7f0443de6700 1 -- 172.21.15.94:0/112981094 >> [v2:172.21.15.94:3300/0,v1:172.21.15.94:6789/0] conn(0x7f043c1017a0 msgr2=0x7f043c10f4b0 secure :-1 s=STATE_CONNECTION_ESTABLISHED l=1).mark_down
2024-04-06T03:32:01.312 INFO:teuthology.orchestra.run.smithi094.stdout:/usr/bin/ceph: stderr
2024-04-06T03:32:00.719+0000 7f0443de6700 1 --2- 172.21.15.94:0/112981094 >> [v2:172.21.15.94:3300/0,v1:172.21.15.94:6789/0] conn(0x7f043c1017a0 0x7f043c10f4b0 secure :-1 s=READY pgs=62 cs=0 l=1 rev1=1 crypto rx=0x7f0438006b00 tx=0x7f043800b4f0 comp rx=0 tx=0).stop
2024-04-06T03:32:01.313 INFO:teuthology.orchestra.run.smithi094.stdout:/usr/bin/ceph: stderr
2024-04-06T03:32:00.719+0000 7f0443de6700 1 -- 172.21.15.94:0/112981094 shutdown_connections
2024-04-06T03:32:01.313 INFO:teuthology.orchestra.run.smithi094.stdout:/usr/bin/ceph: stderr
2024-04-06T03:32:00.720+0000 7f0443de6700 1 --2- 172.21.15.94:0/112981094 >> [v2:172.21.15.94:6800/682257512,v1:172.21.15.94:6801/682257512] conn(0x7f0428036790 0x7f0428038c40 unknown :-1 s=CLOSED pgs=19 cs=0 l=1 rev1=1 crypto rx=0 tx=0 comp rx=0 tx=0).stop
2024-04-06T03:32:01.313 INFO:teuthology.orchestra.run.smithi094.stdout:/usr/bin/ceph: stderr
2024-04-06T03:32:00.720+0000 7f0443de6700 1 --2- 172.21.15.94:0/112981094 >> [v2:172.21.15.94:3300/0,v1:172.21.15.94:6789/0] conn(0x7f043c1017a0 0x7f043c10f4b0 unknown :-1 s=CLOSED pgs=62 cs=0 l=1 rev1=1 crypto rx=0 tx=0 comp rx=0 tx=0).stop
2024-04-06T03:32:01.313 INFO:teuthology.orchestra.run.smithi094.stdout:/usr/bin/ceph: stderr
2024-04-06T03:32:00.720+0000 7f0443de6700 1 -- 172.21.15.94:0/112981094 >> 172.21.15.94:0/112981094 conn(0x7f043c0fcf40 msgr2=0x7f043c105c80 unknown :-1 s=STATE_NONE l=0).mark_down
2024-04-06T03:32:01.313 INFO:teuthology.orchestra.run.smithi094.stdout:/usr/bin/ceph: stderr
2024-04-06T03:32:00.720+0000 7f0443de6700 1 -- 172.21.15.94:0/112981094 shutdown_connections
2024-04-06T03:32:01.313 INFO:teuthology.orchestra.run.smithi094.stdout:/usr/bin/ceph: stderr
2024-04-06T03:32:00.720+0000 7f0443de6700 1 -- 172.21.15.94:0/112981094 wait complete.
2024-04-06T03:32:01.908 INFO:journalctl@ceph.mon.smithi094.smithi094.stdout:Apr 06 03:32:01 smithi094 ceph-mon[29713]: from='client.? 172.21.15.94:0/112981094' entity='client.admin'
2024-04-06T03:32:02.458 INFO:teuthology.orchestra.run.smithi094.stdout:/usr/bin/ceph: stderr
2024-04-06T03:32:01.703+0000 7fe0659d2700 1 Processor -- start
2024-04-06T03:32:02.458 INFO:teuthology.orchestra.run.smithi094.stdout:/usr/bin/ceph: stderr
2024-04-06T03:32:01.703+0000 7fe0659d2700 1 -- start start
2024-04-06T03:32:02.459 INFO:teuthology.orchestra.run.smithi094.stdout:/usr/bin/ceph: stderr
2024-04-06T03:32:01.703+0000 7fe0659d2700 1 --2- >> [v2:172.21.15.94:3300/0,v1:172.21.15.94:6789/0] conn(0x7fe060100ce0 0x7fe0601010f0 unknown :-1 s=NONE pgs=0 cs=0 l=0 rev1=0 crypto rx=0 tx=0 comp rx=0 tx=0).connect
2024-04-06T03:32:02.459 INFO:teuthology.orchestra.run.smithi094.stdout:/usr/bin/ceph: stderr
2024-04-06T03:32:01.703+0000 7fe0659d2700 1 -- --> [v2:172.21.15.94:3300/0,v1:172.21.15.94:6789/0] -- mon_getmap magic: 0 v1 -- 0x7fe060101630 con 0x7fe060100ce0
2024-04-06T03:32:02.459 INFO:teuthology.orchestra.run.smithi094.stdout:/usr/bin/ceph: stderr
2024-04-06T03:32:01.703+0000 7fe05effd700 1 --2- >> [v2:172.21.15.94:3300/0,v1:172.21.15.94:6789/0] conn(0x7fe060100ce0 0x7fe0601010f0 unknown :-1 s=BANNER_CONNECTING pgs=0 cs=0 l=0 rev1=0 crypto rx=0 tx=0 comp rx=0 tx=0)._handle_peer_banner_payload supported=3 required=0
2024-04-06T03:32:02.459 INFO:teuthology.orchestra.run.smithi094.stdout:/usr/bin/ceph: stderr
2024-04-06T03:32:01.703+0000 7fe05effd700 1 --2- >> [v2:172.21.15.94:3300/0,v1:172.21.15.94:6789/0] conn(0x7fe060100ce0 0x7fe0601010f0 unknown :-1 s=HELLO_CONNECTING pgs=0 cs=0 l=0 rev1=1 crypto rx=0 tx=0 comp rx=0 tx=0).handle_hello peer v2:172.21.15.94:3300/0 says I am v2:172.21.15.94:41630/0 (socket says 172.21.15.94:41630)
2024-04-06T03:32:02.459 INFO:teuthology.orchestra.run.smithi094.stdout:/usr/bin/ceph: stderr
2024-04-06T03:32:01.703+0000 7fe05effd700 1 -- 172.21.15.94:0/804747950 learned_addr learned my addr 172.21.15.94:0/804747950 (peer_addr_for_me v2:172.21.15.94:0/0)
2024-04-06T03:32:02.459 INFO:teuthology.orchestra.run.smithi094.stdout:/usr/bin/ceph: stderr
2024-04-06T03:32:01.703+0000 7fe05effd700 1 -- 172.21.15.94:0/804747950 --> [v2:172.21.15.94:3300/0,v1:172.21.15.94:6789/0] -- mon_subscribe({config=0+,monmap=0+}) v3 -- 0x7fe060101770 con 0x7fe060100ce0
2024-04-06T03:32:02.459 INFO:teuthology.orchestra.run.smithi094.stdout:/usr/bin/ceph: stderr
2024-04-06T03:32:01.704+0000 7fe05effd700 1 --2- 172.21.15.94:0/804747950 >> [v2:172.21.15.94:3300/0,v1:172.21.15.94:6789/0] conn(0x7fe060100ce0 0x7fe0601010f0 secure :-1 s=READY pgs=63 cs=0 l=1 rev1=1 crypto rx=0x7fe0500098e0 tx=0x7fe050009250 comp rx=0 tx=0).ready entity=mon.0 client_cookie=f62ca1097f5237e5 server_cookie=0 in_seq=0 out_seq=0
2024-04-06T03:32:02.459 INFO:teuthology.orchestra.run.smithi094.stdout:/usr/bin/ceph: stderr
2024-04-06T03:32:01.704+0000 7fe05dffb700 1 -- 172.21.15.94:0/804747950 <== mon.0 v2:172.21.15.94:3300/0 1 ==== mon_map magic: 0 v1 ==== 229+0+0 (secure 0 0 0) 0x7fe05000b860 con 0x7fe060100ce0
2024-04-06T03:32:02.459 INFO:teuthology.orchestra.run.smithi094.stdout:/usr/bin/ceph: stderr
2024-04-06T03:32:01.704+0000 7fe05dffb700 1 -- 172.21.15.94:0/804747950 <== mon.0 v2:172.21.15.94:3300/0 2 ==== config(27 keys) v1 ==== 1109+0+0 (secure 0 0 0) 0x7fe05000be90 con 0x7fe060100ce0
2024-04-06T03:32:02.459 INFO:teuthology.orchestra.run.smithi094.stdout:/usr/bin/ceph: stderr
2024-04-06T03:32:01.704+0000 7fe05dffb700 1 -- 172.21.15.94:0/804747950 <== mon.0 v2:172.21.15.94:3300/0 3 ==== mon_map magic: 0 v1 ==== 229+0+0 (secure 0 0 0) 0x7fe0500103c0 con 0x7fe060100ce0
2024-04-06T03:32:02.459 INFO:teuthology.orchestra.run.smithi094.stdout:/usr/bin/ceph: stderr
2024-04-06T03:32:01.704+0000 7fe0659d2700 1 -- 172.21.15.94:0/804747950 >> [v2:172.21.15.94:3300/0,v1:172.21.15.94:6789/0] conn(0x7fe060100ce0 msgr2=0x7fe0601010f0 secure :-1 s=STATE_CONNECTION_ESTABLISHED l=1).mark_down
2024-04-06T03:32:02.459 INFO:teuthology.orchestra.run.smithi094.stdout:/usr/bin/ceph: stderr
2024-04-06T03:32:01.704+0000 7fe0659d2700 1 --2- 172.21.15.94:0/804747950 >> [v2:172.21.15.94:3300/0,v1:172.21.15.94:6789/0] conn(0x7fe060100ce0 0x7fe0601010f0 secure :-1 s=READY pgs=63 cs=0 l=1 rev1=1 crypto rx=0x7fe0500098e0 tx=0x7fe050009250 comp rx=0 tx=0).stop
2024-04-06T03:32:02.459 INFO:teuthology.orchestra.run.smithi094.stdout:/usr/bin/ceph: stderr
2024-04-06T03:32:01.705+0000 7fe0659d2700 1 -- 172.21.15.94:0/804747950 shutdown_connections
2024-04-06T03:32:02.460 INFO:teuthology.orchestra.run.smithi094.stdout:/usr/bin/ceph: stderr
2024-04-06T03:32:01.705+0000 7fe0659d2700 1 --2- 172.21.15.94:0/804747950 >> [v2:172.21.15.94:3300/0,v1:172.21.15.94:6789/0] conn(0x7fe060100ce0 0x7fe0601010f0 unknown :-1 s=CLOSED pgs=63 cs=0 l=1 rev1=1 crypto rx=0 tx=0 comp rx=0 tx=0).stop
2024-04-06T03:32:02.460 INFO:teuthology.orchestra.run.smithi094.stdout:/usr/bin/ceph: stderr
2024-04-06T03:32:01.705+0000 7fe0659d2700 1 -- 172.21.15.94:0/804747950 >> 172.21.15.94:0/804747950 conn(0x7fe0600fc700 msgr2=0x7fe0600feb30 unknown :-1 s=STATE_NONE l=0).mark_down
2024-04-06T03:32:02.460 INFO:teuthology.orchestra.run.smithi094.stdout:/usr/bin/ceph: stderr
2024-04-06T03:32:01.705+0000 7fe0659d2700 1 -- 172.21.15.94:0/804747950 shutdown_connections
2024-04-06T03:32:02.460 INFO:teuthology.orchestra.run.smithi094.stdout:/usr/bin/ceph: stderr
2024-04-06T03:32:01.705+0000 7fe0659d2700 1 -- 172.21.15.94:0/804747950 wait complete.
2024-04-06T03:32:02.460 INFO:teuthology.orchestra.run.smithi094.stdout:/usr/bin/ceph: stderr
2024-04-06T03:32:01.705+0000 7fe0659d2700 1 Processor -- start
2024-04-06T03:32:02.460 INFO:teuthology.orchestra.run.smithi094.stdout:/usr/bin/ceph: stderr
2024-04-06T03:32:01.705+0000 7fe0659d2700 1 -- start start
2024-04-06T03:32:02.460 INFO:teuthology.orchestra.run.smithi094.stdout:/usr/bin/ceph: stderr
2024-04-06T03:32:01.705+0000 7fe0659d2700 1 --2- >> [v2:172.21.15.94:3300/0,v1:172.21.15.94:6789/0] conn(0x7fe060100ce0 0x7fe060103710 unknown :-1 s=NONE pgs=0 cs=0 l=1 rev1=0 crypto rx=0 tx=0 comp rx=0 tx=0).connect
2024-04-06T03:32:02.460 INFO:teuthology.orchestra.run.smithi094.stdout:/usr/bin/ceph: stderr
2024-04-06T03:32:01.705+0000 7fe0659d2700 1 -- --> [v2:172.21.15.94:3300/0,v1:172.21.15.94:6789/0] -- mon_getmap magic: 0 v1 -- 0x7fe060103c50 con 0x7fe060100ce0
2024-04-06T03:32:02.460 INFO:teuthology.orchestra.run.smithi094.stdout:/usr/bin/ceph: stderr
2024-04-06T03:32:01.706+0000 7fe05effd700 1 --2- >> [v2:172.21.15.94:3300/0,v1:172.21.15.94:6789/0] conn(0x7fe060100ce0 0x7fe060103710 unknown :-1 s=BANNER_CONNECTING pgs=0 cs=0 l=1 rev1=0 crypto rx=0 tx=0 comp rx=0 tx=0)._handle_peer_banner_payload supported=3 required=0
2024-04-06T03:32:02.460 INFO:teuthology.orchestra.run.smithi094.stdout:/usr/bin/ceph: stderr
2024-04-06T03:32:01.706+0000 7fe05effd700 1 --2- >> [v2:172.21.15.94:3300/0,v1:172.21.15.94:6789/0] conn(0x7fe060100ce0 0x7fe060103710 unknown :-1 s=HELLO_CONNECTING pgs=0 cs=0 l=1 rev1=1 crypto rx=0 tx=0 comp rx=0 tx=0).handle_hello peer v2:172.21.15.94:3300/0 says I am v2:172.21.15.94:41640/0 (socket says 172.21.15.94:41640)
2024-04-06T03:32:02.460 INFO:teuthology.orchestra.run.smithi094.stdout:/usr/bin/ceph: stderr
2024-04-06T03:32:01.706+0000 7fe05effd700 1 -- 172.21.15.94:0/2721969625 learned_addr learned my addr 172.21.15.94:0/2721969625 (peer_addr_for_me v2:172.21.15.94:0/0)
2024-04-06T03:32:02.460 INFO:teuthology.orchestra.run.smithi094.stdout:/usr/bin/ceph: stderr
2024-04-06T03:32:01.706+0000 7fe05effd700 1 -- 172.21.15.94:0/2721969625 --> [v2:172.21.15.94:3300/0,v1:172.21.15.94:6789/0] -- mon_subscribe({config=0+,monmap=0+}) v3 -- 0x7fe0500094f0 con 0x7fe060100ce0
2024-04-06T03:32:02.461 INFO:teuthology.orchestra.run.smithi094.stdout:/usr/bin/ceph: stderr
2024-04-06T03:32:01.706+0000 7fe05effd700 1 --2- 172.21.15.94:0/2721969625 >> [v2:172.21.15.94:3300/0,v1:172.21.15.94:6789/0] conn(0x7fe060100ce0 0x7fe060103710 secure :-1 s=READY pgs=64 cs=0 l=1 rev1=1 crypto rx=0x7fe050011680 tx=0x7fe050009250 comp rx=0 tx=0).ready entity=mon.0 client_cookie=0 server_cookie=0 in_seq=0 out_seq=0
2024-04-06T03:32:02.461 INFO:teuthology.orchestra.run.smithi094.stdout:/usr/bin/ceph: stderr
2024-04-06T03:32:01.706+0000 7fe0477fe700 1 -- 172.21.15.94:0/2721969625 <== mon.0 v2:172.21.15.94:3300/0 1 ==== mon_map magic: 0 v1 ==== 229+0+0 (secure 0 0 0) 0x7fe050010890 con 0x7fe060100ce0
2024-04-06T03:32:02.461 INFO:teuthology.orchestra.run.smithi094.stdout:/usr/bin/ceph: stderr
2024-04-06T03:32:01.706+0000 7fe0477fe700 1 -- 172.21.15.94:0/2721969625 <== mon.0 v2:172.21.15.94:3300/0 2 ==== config(27 keys) v1 ==== 1109+0+0 (secure 0 0 0) 0x7fe050010ec0 con 0x7fe060100ce0
2024-04-06T03:32:02.461 INFO:teuthology.orchestra.run.smithi094.stdout:/usr/bin/ceph: stderr
2024-04-06T03:32:01.706+0000 7fe0659d2700 1 -- 172.21.15.94:0/2721969625 --> [v2:172.21.15.94:3300/0,v1:172.21.15.94:6789/0] -- mon_subscribe({mgrmap=0+}) v3 -- 0x7fe060101cc0 con 0x7fe060100ce0
2024-04-06T03:32:02.461 INFO:teuthology.orchestra.run.smithi094.stdout:/usr/bin/ceph: stderr
2024-04-06T03:32:01.706+0000 7fe0477fe700 1 -- 172.21.15.94:0/2721969625 <== mon.0 v2:172.21.15.94:3300/0 3 ==== mon_map magic: 0 v1 ==== 229+0+0 (secure 0 0 0) 0x7fe0500243f0 con 0x7fe060100ce0
2024-04-06T03:32:02.461 INFO:teuthology.orchestra.run.smithi094.stdout:/usr/bin/ceph: stderr
2024-04-06T03:32:01.706+0000 7fe0659d2700 1 -- 172.21.15.94:0/2721969625 --> [v2:172.21.15.94:3300/0,v1:172.21.15.94:6789/0] -- mon_subscribe({osdmap=0}) v3 -- 0x7fe0601021b0 con 0x7fe060100ce0
2024-04-06T03:32:02.461 INFO:teuthology.orchestra.run.smithi094.stdout:/usr/bin/ceph: stderr
2024-04-06T03:32:01.707+0000 7fe0477fe700 1 -- 172.21.15.94:0/2721969625 <== mon.0 v2:172.21.15.94:3300/0 4 ==== mgrmap(e 8) v1 ==== 43368+0+0 (secure 0 0 0) 0x7fe05002d3f0 con 0x7fe060100ce0
2024-04-06T03:32:02.461 INFO:teuthology.orchestra.run.smithi094.stdout:/usr/bin/ceph: stderr
2024-04-06T03:32:01.707+0000 7fe0659d2700 1 -- 172.21.15.94:0/2721969625 --> [v2:172.21.15.94:3300/0,v1:172.21.15.94:6789/0] -- mon_command({"prefix": "get_command_descriptions"} v 0) v1 -- 0x7fe06004bed0 con 0x7fe060100ce0
2024-04-06T03:32:02.461 INFO:teuthology.orchestra.run.smithi094.stdout:/usr/bin/ceph: stderr
2024-04-06T03:32:01.707+0000 7fe0477fe700 1 --2- 172.21.15.94:0/2721969625 >> [v2:172.21.15.94:6800/682257512,v1:172.21.15.94:6801/682257512] conn(0x7fe048036790 0x7fe048038c40 unknown :-1 s=NONE pgs=0 cs=0 l=1 rev1=0 crypto rx=0 tx=0 comp rx=0 tx=0).connect
2024-04-06T03:32:02.461 INFO:teuthology.orchestra.run.smithi094.stdout:/usr/bin/ceph: stderr
2024-04-06T03:32:01.707+0000 7fe0477fe700 1 -- 172.21.15.94:0/2721969625 <== mon.0 v2:172.21.15.94:3300/0 5 ==== osd_map(2..2 src has 1..2) v4 ==== 936+0+0 (secure 0 0 0) 0x7fe05004a400 con 0x7fe060100ce0
2024-04-06T03:32:02.461 INFO:teuthology.orchestra.run.smithi094.stdout:/usr/bin/ceph: stderr
2024-04-06T03:32:01.707+0000 7fe05e7fc700 1 --2- 172.21.15.94:0/2721969625 >> [v2:172.21.15.94:6800/682257512,v1:172.21.15.94:6801/682257512] conn(0x7fe048036790 0x7fe048038c40 unknown :-1 s=BANNER_CONNECTING pgs=0 cs=0 l=1 rev1=0 crypto rx=0 tx=0 comp rx=0 tx=0)._handle_peer_banner_payload supported=3 required=0
2024-04-06T03:32:02.461 INFO:teuthology.orchestra.run.smithi094.stdout:/usr/bin/ceph: stderr
2024-04-06T03:32:01.708+0000 7fe05e7fc700 1 --2- 172.21.15.94:0/2721969625 >> [v2:172.21.15.94:6800/682257512,v1:172.21.15.94:6801/682257512] conn(0x7fe048036790 0x7fe048038c40 secure :-1 s=READY pgs=20 cs=0 l=1 rev1=1 crypto rx=0x7fe054009990 tx=0x7fe054006e40 comp rx=0 tx=0).ready entity=mgr.14120 client_cookie=0 server_cookie=0 in_seq=0 out_seq=0
2024-04-06T03:32:02.461 INFO:teuthology.orchestra.run.smithi094.stdout:/usr/bin/ceph: stderr
2024-04-06T03:32:01.712+0000 7fe0477fe700 1 -- 172.21.15.94:0/2721969625 <== mon.0 v2:172.21.15.94:3300/0 6 ==== mon_command_ack([{"prefix": "get_command_descriptions"}]=0 v0) v1 ==== 72+0+176504 (secure 0 0 0) 0x7fe0500193c0 con 0x7fe060100ce0
2024-04-06T03:32:02.461 INFO:teuthology.orchestra.run.smithi094.stdout:/usr/bin/ceph: stderr
2024-04-06T03:32:01.907+0000 7fe0659d2700 1 -- 172.21.15.94:0/2721969625 --> [v2:172.21.15.94:3300/0,v1:172.21.15.94:6789/0] -- mon_command([{prefix=config set, name=mgr/dashboard/ssl_server_port}] v 0) v1 -- 0x7fe060106830 con 0x7fe060100ce0
2024-04-06T03:32:02.461 INFO:teuthology.orchestra.run.smithi094.stdout:/usr/bin/ceph: stderr
2024-04-06T03:32:01.911+0000 7fe0477fe700 1 -- 172.21.15.94:0/2721969625 <== mon.0 v2:172.21.15.94:3300/0 7 ==== mon_command_ack([{prefix=config set, name=mgr/dashboard/ssl_server_port}]=0 v8)=0 v8) v1 ==== 130+0+0 (secure 0 0 0) 0x7fe05002c350 con 0x7fe060100ce0
2024-04-06T03:32:02.462 INFO:teuthology.orchestra.run.smithi094.stdout:/usr/bin/ceph: stderr
2024-04-06T03:32:01.914+0000 7fe0659d2700 1 -- 172.21.15.94:0/2721969625 >> [v2:172.21.15.94:6800/682257512,v1:172.21.15.94:6801/682257512] conn(0x7fe048036790 msgr2=0x7fe048038c40 secure :-1 s=STATE_CONNECTION_ESTABLISHED l=1).mark_down
2024-04-06T03:32:02.462 INFO:teuthology.orchestra.run.smithi094.stdout:/usr/bin/ceph: stderr
2024-04-06T03:32:01.914+0000 7fe0659d2700 1 --2- 172.21.15.94:0/2721969625 >> [v2:172.21.15.94:6800/682257512,v1:172.21.15.94:6801/682257512] conn(0x7fe048036790 0x7fe048038c40 secure :-1 s=READY pgs=20 cs=0 l=1 rev1=1 crypto rx=0x7fe054009990 tx=0x7fe054006e40 comp rx=0 tx=0).stop
2024-04-06T03:32:02.462 INFO:teuthology.orchestra.run.smithi094.stdout:/usr/bin/ceph: stderr
2024-04-06T03:32:01.914+0000 7fe0659d2700 1 -- 172.21.15.94:0/2721969625 >> [v2:172.21.15.94:3300/0,v1:172.21.15.94:6789/0] conn(0x7fe060100ce0 msgr2=0x7fe060103710 secure :-1 s=STATE_CONNECTION_ESTABLISHED l=1).mark_down
2024-04-06T03:32:02.462 INFO:teuthology.orchestra.run.smithi094.stdout:/usr/bin/ceph: stderr
2024-04-06T03:32:01.914+0000 7fe0659d2700 1 --2- 172.21.15.94:0/2721969625 >> [v2:172.21.15.94:3300/0,v1:172.21.15.94:6789/0] conn(0x7fe060100ce0 0x7fe060103710 secure :-1 s=READY pgs=64 cs=0 l=1 rev1=1 crypto rx=0x7fe050011680 tx=0x7fe050009250 comp rx=0 tx=0).stop
2024-04-06T03:32:02.462 INFO:teuthology.orchestra.run.smithi094.stdout:/usr/bin/ceph: stderr
2024-04-06T03:32:01.914+0000 7fe0659d2700 1 -- 172.21.15.94:0/2721969625 shutdown_connections
2024-04-06T03:32:02.462 INFO:teuthology.orchestra.run.smithi094.stdout:/usr/bin/ceph: stderr
2024-04-06T03:32:01.914+0000 7fe0659d2700 1 --2- 172.21.15.94:0/2721969625 >> [v2:172.21.15.94:6800/682257512,v1:172.21.15.94:6801/682257512] conn(0x7fe048036790 0x7fe048038c40 unknown :-1 s=CLOSED pgs=20 cs=0 l=1 rev1=1 crypto rx=0 tx=0 comp rx=0 tx=0).stop
2024-04-06T03:32:02.462 INFO:teuthology.orchestra.run.smithi094.stdout:/usr/bin/ceph: stderr
2024-04-06T03:32:01.914+0000 7fe0659d2700 1 --2- 172.21.15.94:0/2721969625 >> [v2:172.21.15.94:3300/0,v1:172.21.15.94:6789/0] conn(0x7fe060100ce0 0x7fe060103710 unknown :-1 s=CLOSED pgs=64 cs=0 l=1 rev1=1 crypto rx=0 tx=0 comp rx=0 tx=0).stop
2024-04-06T03:32:02.462 INFO:teuthology.orchestra.run.smithi094.stdout:/usr/bin/ceph: stderr
2024-04-06T03:32:01.914+0000 7fe0659d2700 1 -- 172.21.15.94:0/2721969625 >> 172.21.15.94:0/2721969625 conn(0x7fe0600fc700 msgr2=0x7fe0600fd2d0 unknown :-1 s=STATE_NONE l=0).mark_down
2024-04-06T03:32:02.462 INFO:teuthology.orchestra.run.smithi094.stdout:/usr/bin/ceph: stderr
2024-04-06T03:32:01.914+0000 7fe0659d2700 1 -- 172.21.15.94:0/2721969625 shutdown_connections
2024-04-06T03:32:02.462 INFO:teuthology.orchestra.run.smithi094.stdout:/usr/bin/ceph: stderr
2024-04-06T03:32:01.914+0000 7fe0659d2700 1 -- 172.21.15.94:0/2721969625 wait complete.
2024-04-06T03:32:02.462 INFO:teuthology.orchestra.run.smithi094.stdout:Enabling the dashboard module...
2024-04-06T03:32:03.105 INFO:journalctl@ceph.mon.smithi094.smithi094.stdout:Apr 06 03:32:02 smithi094 ceph-mon[29713]: pgmap v4: 0 pgs: ; 0 B data, 0 B used, 0 B / 0 B avail
2024-04-06T03:32:03.105 INFO:journalctl@ceph.mon.smithi094.smithi094.stdout:Apr 06 03:32:02 smithi094 ceph-mon[29713]: from='client.? 172.21.15.94:0/2721969625' entity='client.admin'
2024-04-06T03:32:04.166 INFO:journalctl@ceph.mon.smithi094.smithi094.stdout:Apr 06 03:32:03 smithi094 ceph-mon[29713]: from='client.? 172.21.15.94:0/2057017983' entity='client.admin' cmd=[{"prefix": "mgr module enable", "module": "dashboard"}]: dispatch
2024-04-06T03:32:04.550 INFO:teuthology.orchestra.run.smithi094.stdout:/usr/bin/ceph: stderr
2024-04-06T03:32:02.859+0000 7f9f78521700 1 Processor -- start
2024-04-06T03:32:04.550 INFO:teuthology.orchestra.run.smithi094.stdout:/usr/bin/ceph: stderr
2024-04-06T03:32:02.859+0000 7f9f78521700 1 -- start start
2024-04-06T03:32:04.550 INFO:teuthology.orchestra.run.smithi094.stdout:/usr/bin/ceph: stderr
2024-04-06T03:32:02.859+0000 7f9f78521700 1 --2- >> [v2:172.21.15.94:3300/0,v1:172.21.15.94:6789/0] conn(0x7f9f70101d50 0x7f9f70102160 unknown :-1 s=NONE pgs=0 cs=0 l=0 rev1=0 crypto rx=0 tx=0 comp rx=0 tx=0).connect
2024-04-06T03:32:04.551 INFO:teuthology.orchestra.run.smithi094.stdout:/usr/bin/ceph: stderr
2024-04-06T03:32:02.859+0000 7f9f78521700 1 -- --> [v2:172.21.15.94:3300/0,v1:172.21.15.94:6789/0] -- mon_getmap magic: 0 v1 -- 0x7f9f701026a0 con 0x7f9f70101d50
2024-04-06T03:32:04.551 INFO:teuthology.orchestra.run.smithi094.stdout:/usr/bin/ceph: stderr
2024-04-06T03:32:02.859+0000 7f9f762bd700 1 --2- >> [v2:172.21.15.94:3300/0,v1:172.21.15.94:6789/0] conn(0x7f9f70101d50 0x7f9f70102160 unknown :-1 s=BANNER_CONNECTING pgs=0 cs=0 l=0 rev1=0 crypto rx=0 tx=0 comp rx=0 tx=0)._handle_peer_banner_payload supported=3 required=0
2024-04-06T03:32:04.551 INFO:teuthology.orchestra.run.smithi094.stdout:/usr/bin/ceph: stderr
2024-04-06T03:32:02.859+0000 7f9f762bd700 1 --2- >> [v2:172.21.15.94:3300/0,v1:172.21.15.94:6789/0] conn(0x7f9f70101d50 0x7f9f70102160 unknown :-1 s=HELLO_CONNECTING pgs=0 cs=0 l=0 rev1=1 crypto rx=0 tx=0 comp rx=0 tx=0).handle_hello peer v2:172.21.15.94:3300/0 says I am v2:172.21.15.94:41652/0 (socket says 172.21.15.94:41652)
2024-04-06T03:32:04.551 INFO:teuthology.orchestra.run.smithi094.stdout:/usr/bin/ceph: stderr
2024-04-06T03:32:02.859+0000 7f9f762bd700 1 -- 172.21.15.94:0/377277772 learned_addr learned my addr 172.21.15.94:0/377277772 (peer_addr_for_me v2:172.21.15.94:0/0)
2024-04-06T03:32:04.551 INFO:teuthology.orchestra.run.smithi094.stdout:/usr/bin/ceph: stderr
2024-04-06T03:32:02.860+0000 7f9f762bd700 1 -- 172.21.15.94:0/377277772 --> [v2:172.21.15.94:3300/0,v1:172.21.15.94:6789/0] -- mon_subscribe({config=0+,monmap=0+}) v3 -- 0x7f9f701027e0 con 0x7f9f70101d50
2024-04-06T03:32:04.551 INFO:teuthology.orchestra.run.smithi094.stdout:/usr/bin/ceph: stderr
2024-04-06T03:32:02.860+0000 7f9f762bd700 1 --2- 172.21.15.94:0/377277772 >> [v2:172.21.15.94:3300/0,v1:172.21.15.94:6789/0] conn(0x7f9f70101d50 0x7f9f70102160 secure :-1 s=READY pgs=65 cs=0 l=1 rev1=1 crypto rx=0x7f9f6c0098e0 tx=0x7f9f6c009250 comp rx=0 tx=0).ready entity=mon.0 client_cookie=875c0ce43b36bc4b server_cookie=0 in_seq=0 out_seq=0
2024-04-06T03:32:04.551 INFO:teuthology.orchestra.run.smithi094.stdout:/usr/bin/ceph: stderr
2024-04-06T03:32:02.860+0000 7f9f752bb700 1 -- 172.21.15.94:0/377277772 <== mon.0 v2:172.21.15.94:3300/0 1 ==== mon_map magic: 0 v1 ==== 229+0+0 (secure 0 0 0) 0x7f9f6c00b860 con 0x7f9f70101d50
2024-04-06T03:32:04.551 INFO:teuthology.orchestra.run.smithi094.stdout:/usr/bin/ceph: stderr
2024-04-06T03:32:02.860+0000 7f9f752bb700 1 -- 172.21.15.94:0/377277772 <== mon.0 v2:172.21.15.94:3300/0 2 ==== config(27 keys) v1 ==== 1109+0+0 (secure 0 0 0) 0x7f9f6c00be90 con 0x7f9f70101d50
2024-04-06T03:32:04.551 INFO:teuthology.orchestra.run.smithi094.stdout:/usr/bin/ceph: stderr
2024-04-06T03:32:02.860+0000 7f9f752bb700 1 -- 172.21.15.94:0/377277772 <== mon.0 v2:172.21.15.94:3300/0 3 ==== mon_map magic: 0 v1 ==== 229+0+0 (secure 0 0 0) 0x7f9f6c0103c0 con 0x7f9f70101d50
2024-04-06T03:32:04.551 INFO:teuthology.orchestra.run.smithi094.stdout:/usr/bin/ceph: stderr
2024-04-06T03:32:02.861+0000 7f9f78521700 1 -- 172.21.15.94:0/377277772 >> [v2:172.21.15.94:3300/0,v1:172.21.15.94:6789/0] conn(0x7f9f70101d50 msgr2=0x7f9f70102160 secure :-1 s=STATE_CONNECTION_ESTABLISHED l=1).mark_down
2024-04-06T03:32:04.551 INFO:teuthology.orchestra.run.smithi094.stdout:/usr/bin/ceph: stderr
2024-04-06T03:32:02.861+0000 7f9f78521700 1 --2- 172.21.15.94:0/377277772 >> [v2:172.21.15.94:3300/0,v1:172.21.15.94:6789/0] conn(0x7f9f70101d50 0x7f9f70102160 secure :-1 s=READY pgs=65 cs=0 l=1 rev1=1 crypto rx=0x7f9f6c0098e0 tx=0x7f9f6c009250 comp rx=0 tx=0).stop
2024-04-06T03:32:04.551 INFO:teuthology.orchestra.run.smithi094.stdout:/usr/bin/ceph: stderr
2024-04-06T03:32:02.861+0000 7f9f78521700 1 -- 172.21.15.94:0/377277772 shutdown_connections
2024-04-06T03:32:04.551 INFO:teuthology.orchestra.run.smithi094.stdout:/usr/bin/ceph: stderr
2024-04-06T03:32:02.861+0000 7f9f78521700 1 --2- 172.21.15.94:0/377277772 >> [v2:172.21.15.94:3300/0,v1:172.21.15.94:6789/0] conn(0x7f9f70101d50 0x7f9f70102160 unknown :-1 s=CLOSED pgs=65 cs=0 l=1 rev1=1 crypto rx=0 tx=0 comp rx=0 tx=0).stop
2024-04-06T03:32:04.552 INFO:teuthology.orchestra.run.smithi094.stdout:/usr/bin/ceph: stderr
2024-04-06T03:32:02.861+0000 7f9f78521700 1 -- 172.21.15.94:0/377277772 >> 172.21.15.94:0/377277772 conn(0x7f9f700fc6c0 msgr2=0x7f9f700fead0 unknown :-1 s=STATE_NONE l=0).mark_down
2024-04-06T03:32:04.552 INFO:teuthology.orchestra.run.smithi094.stdout:/usr/bin/ceph: stderr
2024-04-06T03:32:02.861+0000 7f9f78521700 1 -- 172.21.15.94:0/377277772 shutdown_connections
2024-04-06T03:32:04.552 INFO:teuthology.orchestra.run.smithi094.stdout:/usr/bin/ceph: stderr
2024-04-06T03:32:02.861+0000 7f9f78521700 1 -- 172.21.15.94:0/377277772 wait complete.
2024-04-06T03:32:04.552 INFO:teuthology.orchestra.run.smithi094.stdout:/usr/bin/ceph: stderr
2024-04-06T03:32:02.861+0000 7f9f78521700 1 Processor -- start
2024-04-06T03:32:04.552 INFO:teuthology.orchestra.run.smithi094.stdout:/usr/bin/ceph: stderr
2024-04-06T03:32:02.861+0000 7f9f78521700 1 -- start start
2024-04-06T03:32:04.552 INFO:teuthology.orchestra.run.smithi094.stdout:/usr/bin/ceph: stderr
2024-04-06T03:32:02.861+0000 7f9f78521700 1 --2- >> [v2:172.21.15.94:3300/0,v1:172.21.15.94:6789/0] conn(0x7f9f70101d50 0x7f9f70101550 unknown :-1 s=NONE pgs=0 cs=0 l=1 rev1=0 crypto rx=0 tx=0 comp rx=0 tx=0).connect
2024-04-06T03:32:04.552 INFO:teuthology.orchestra.run.smithi094.stdout:/usr/bin/ceph: stderr
2024-04-06T03:32:02.861+0000 7f9f78521700 1 -- --> [v2:172.21.15.94:3300/0,v1:172.21.15.94:6789/0] -- mon_getmap magic: 0 v1 -- 0x7f9f701144b0 con 0x7f9f70101d50
2024-04-06T03:32:04.552 INFO:teuthology.orchestra.run.smithi094.stdout:/usr/bin/ceph: stderr
2024-04-06T03:32:02.862+0000 7f9f762bd700 1 --2- >> [v2:172.21.15.94:3300/0,v1:172.21.15.94:6789/0] conn(0x7f9f70101d50 0x7f9f70101550 unknown :-1 s=BANNER_CONNECTING pgs=0 cs=0 l=1 rev1=0 crypto rx=0 tx=0 comp rx=0 tx=0)._handle_peer_banner_payload supported=3 required=0
2024-04-06T03:32:04.552 INFO:teuthology.orchestra.run.smithi094.stdout:/usr/bin/ceph: stderr
2024-04-06T03:32:02.862+0000 7f9f762bd700 1 --2- >> [v2:172.21.15.94:3300/0,v1:172.21.15.94:6789/0] conn(0x7f9f70101d50 0x7f9f70101550 unknown :-1 s=HELLO_CONNECTING pgs=0 cs=0 l=1 rev1=1 crypto rx=0 tx=0 comp rx=0 tx=0).handle_hello peer v2:172.21.15.94:3300/0 says I am v2:172.21.15.94:41664/0 (socket says 172.21.15.94:41664)
2024-04-06T03:32:04.552 INFO:teuthology.orchestra.run.smithi094.stdout:/usr/bin/ceph: stderr
2024-04-06T03:32:02.862+0000 7f9f762bd700 1 -- 172.21.15.94:0/2057017983 learned_addr learned my addr 172.21.15.94:0/2057017983 (peer_addr_for_me v2:172.21.15.94:0/0)
2024-04-06T03:32:04.552 INFO:teuthology.orchestra.run.smithi094.stdout:/usr/bin/ceph: stderr
2024-04-06T03:32:02.862+0000 7f9f762bd700 1 -- 172.21.15.94:0/2057017983 --> [v2:172.21.15.94:3300/0,v1:172.21.15.94:6789/0] -- mon_subscribe({config=0+,monmap=0+}) v3 -- 0x7f9f6c0094f0 con 0x7f9f70101d50
2024-04-06T03:32:04.552 INFO:teuthology.orchestra.run.smithi094.stdout:/usr/bin/ceph: stderr
2024-04-06T03:32:02.862+0000 7f9f762bd700 1 --2- 172.21.15.94:0/2057017983 >> [v2:172.21.15.94:3300/0,v1:172.21.15.94:6789/0] conn(0x7f9f70101d50 0x7f9f70101550 secure :-1 s=READY pgs=66 cs=0 l=1 rev1=1 crypto rx=0x7f9f6c011c10 tx=0x7f9f6c009250 comp rx=0 tx=0).ready entity=mon.0 client_cookie=0 server_cookie=0 in_seq=0 out_seq=0
2024-04-06T03:32:04.552 INFO:teuthology.orchestra.run.smithi094.stdout:/usr/bin/ceph: stderr
2024-04-06T03:32:02.862+0000 7f9f66ffd700 1 -- 172.21.15.94:0/2057017983 <== mon.0 v2:172.21.15.94:3300/0 1 ==== mon_map magic: 0 v1 ==== 229+0+0 (secure 0 0 0) 0x7f9f6c010890 con 0x7f9f70101d50
2024-04-06T03:32:04.552 INFO:teuthology.orchestra.run.smithi094.stdout:/usr/bin/ceph: stderr
2024-04-06T03:32:02.862+0000 7f9f66ffd700 1 -- 172.21.15.94:0/2057017983 <== mon.0 v2:172.21.15.94:3300/0 2 ==== config(27 keys) v1 ==== 1109+0+0 (secure 0 0 0) 0x7f9f6c010ec0 con 0x7f9f70101d50
2024-04-06T03:32:04.552 INFO:teuthology.orchestra.run.smithi094.stdout:/usr/bin/ceph: stderr
2024-04-06T03:32:02.862+0000 7f9f78521700 1 -- 172.21.15.94:0/2057017983 --> [v2:172.21.15.94:3300/0,v1:172.21.15.94:6789/0] -- mon_subscribe({mgrmap=0+}) v3 -- 0x7f9f701145f0 con 0x7f9f70101d50
2024-04-06T03:32:04.553 INFO:teuthology.orchestra.run.smithi094.stdout:/usr/bin/ceph: stderr
2024-04-06T03:32:02.862+0000 7f9f66ffd700 1 -- 172.21.15.94:0/2057017983 <== mon.0 v2:172.21.15.94:3300/0 3 ==== mon_map magic: 0 v1 ==== 229+0+0 (secure 0 0 0) 0x7f9f6c0243f0 con 0x7f9f70101d50
2024-04-06T03:32:04.553 INFO:teuthology.orchestra.run.smithi094.stdout:/usr/bin/ceph: stderr
2024-04-06T03:32:02.862+0000 7f9f78521700 1 -- 172.21.15.94:0/2057017983 --> [v2:172.21.15.94:3300/0,v1:172.21.15.94:6789/0] -- mon_subscribe({osdmap=0}) v3 -- 0x7f9f70114a80 con 0x7f9f70101d50
2024-04-06T03:32:04.553 INFO:teuthology.orchestra.run.smithi094.stdout:/usr/bin/ceph: stderr
2024-04-06T03:32:02.863+0000 7f9f66ffd700 1 -- 172.21.15.94:0/2057017983 <== mon.0 v2:172.21.15.94:3300/0 4 ==== mgrmap(e 8) v1 ==== 43368+0+0 (secure 0 0 0) 0x7f9f6c02d3f0 con 0x7f9f70101d50
2024-04-06T03:32:04.553 INFO:teuthology.orchestra.run.smithi094.stdout:/usr/bin/ceph: stderr
2024-04-06T03:32:02.863+0000 7f9f78521700 1 -- 172.21.15.94:0/2057017983 --> [v2:172.21.15.94:3300/0,v1:172.21.15.94:6789/0] -- mon_command({"prefix": "get_command_descriptions"} v 0) v1 -- 0x7f9f7004bed0 con 0x7f9f70101d50
2024-04-06T03:32:04.553 INFO:teuthology.orchestra.run.smithi094.stdout:/usr/bin/ceph: stderr
2024-04-06T03:32:02.863+0000 7f9f66ffd700 1 --2- 172.21.15.94:0/2057017983 >> [v2:172.21.15.94:6800/682257512,v1:172.21.15.94:6801/682257512] conn(0x7f9f5c036790 0x7f9f5c038c40 unknown :-1 s=NONE pgs=0 cs=0 l=1 rev1=0 crypto rx=0 tx=0 comp rx=0 tx=0).connect
2024-04-06T03:32:04.553 INFO:teuthology.orchestra.run.smithi094.stdout:/usr/bin/ceph: stderr
2024-04-06T03:32:02.863+0000 7f9f66ffd700 1 -- 172.21.15.94:0/2057017983 <== mon.0 v2:172.21.15.94:3300/0 5 ==== osd_map(2..2 src has 1..2) v4 ==== 936+0+0 (secure 0 0 0) 0x7f9f6c04a430 con 0x7f9f70101d50
2024-04-06T03:32:04.553 INFO:teuthology.orchestra.run.smithi094.stdout:/usr/bin/ceph: stderr
2024-04-06T03:32:02.863+0000 7f9f75abc700 1 --2- 172.21.15.94:0/2057017983 >> [v2:172.21.15.94:6800/682257512,v1:172.21.15.94:6801/682257512] conn(0x7f9f5c036790 0x7f9f5c038c40 unknown :-1 s=BANNER_CONNECTING pgs=0 cs=0 l=1 rev1=0 crypto rx=0 tx=0 comp rx=0 tx=0)._handle_peer_banner_payload supported=3 required=0
2024-04-06T03:32:04.553 INFO:teuthology.orchestra.run.smithi094.stdout:/usr/bin/ceph: stderr
2024-04-06T03:32:02.864+0000 7f9f75abc700 1 --2- 172.21.15.94:0/2057017983 >> [v2:172.21.15.94:6800/682257512,v1:172.21.15.94:6801/682257512] conn(0x7f9f5c036790 0x7f9f5c038c40 secure :-1 s=READY pgs=21 cs=0 l=1 rev1=1 crypto rx=0x7f9f60009990 tx=0x7f9f60006e40 comp rx=0 tx=0).ready entity=mgr.14120 client_cookie=0 server_cookie=0 in_seq=0 out_seq=0
2024-04-06T03:32:04.553 INFO:teuthology.orchestra.run.smithi094.stdout:/usr/bin/ceph: stderr
2024-04-06T03:32:02.868+0000 7f9f66ffd700 1 -- 172.21.15.94:0/2057017983 <== mon.0 v2:172.21.15.94:3300/0 6 ==== mon_command_ack([{"prefix": "get_command_descriptions"}]=0 v0) v1 ==== 72+0+176504 (secure 0 0 0) 0x7f9f6c018e60 con 0x7f9f70101d50
2024-04-06T03:32:04.553 INFO:teuthology.orchestra.run.smithi094.stdout:/usr/bin/ceph: stderr
2024-04-06T03:32:03.104+0000 7f9f78521700 1 -- 172.21.15.94:0/2057017983 --> [v2:172.21.15.94:3300/0,v1:172.21.15.94:6789/0] -- mon_command({"prefix": "mgr module enable", "module": "dashboard"} v 0) v1 -- 0x7f9f70103560 con 0x7f9f70101d50
2024-04-06T03:32:04.553 INFO:teuthology.orchestra.run.smithi094.stdout:/usr/bin/ceph: stderr
2024-04-06T03:32:03.913+0000 7f9f66ffd700 1 -- 172.21.15.94:0/2057017983 <== mon.0 v2:172.21.15.94:3300/0 7 ==== mgrmap(e 9) v1 ==== 43381+0+0 (secure 0 0 0) 0x7f9f6c02d6a0 con 0x7f9f70101d50
2024-04-06T03:32:04.553 INFO:teuthology.orchestra.run.smithi094.stdout:/usr/bin/ceph: stderr
2024-04-06T03:32:03.915+0000 7f9f66ffd700 1 -- 172.21.15.94:0/2057017983 <== mon.0 v2:172.21.15.94:3300/0 8 ==== mon_command_ack([{"prefix": "mgr module enable", "module": "dashboard"}]=0 v9) v1 ==== 88+0+0 (secure 0 0 0) 0x7f9f6c02cbc0 con 0x7f9f70101d50
2024-04-06T03:32:04.553 INFO:teuthology.orchestra.run.smithi094.stdout:/usr/bin/ceph: stderr
2024-04-06T03:32:03.918+0000 7f9f78521700 1 -- 172.21.15.94:0/2057017983 >> [v2:172.21.15.94:6800/682257512,v1:172.21.15.94:6801/682257512] conn(0x7f9f5c036790 msgr2=0x7f9f5c038c40 secure :-1 s=STATE_CONNECTION_ESTABLISHED l=1).mark_down
2024-04-06T03:32:04.554 INFO:teuthology.orchestra.run.smithi094.stdout:/usr/bin/ceph: stderr
2024-04-06T03:32:03.918+0000 7f9f78521700 1 --2- 172.21.15.94:0/2057017983 >> [v2:172.21.15.94:6800/682257512,v1:172.21.15.94:6801/682257512] conn(0x7f9f5c036790 0x7f9f5c038c40 secure :-1 s=READY pgs=21 cs=0 l=1 rev1=1 crypto rx=0x7f9f60009990 tx=0x7f9f60006e40 comp rx=0 tx=0).stop
2024-04-06T03:32:04.554 INFO:teuthology.orchestra.run.smithi094.stdout:/usr/bin/ceph: stderr
2024-04-06T03:32:03.918+0000 7f9f78521700 1 -- 172.21.15.94:0/2057017983 >> [v2:172.21.15.94:3300/0,v1:172.21.15.94:6789/0] conn(0x7f9f70101d50 msgr2=0x7f9f70101550 secure :-1 s=STATE_CONNECTION_ESTABLISHED l=1).mark_down
2024-04-06T03:32:04.554 INFO:teuthology.orchestra.run.smithi094.stdout:/usr/bin/ceph: stderr
2024-04-06T03:32:03.918+0000 7f9f78521700 1 --2- 172.21.15.94:0/2057017983 >> [v2:172.21.15.94:3300/0,v1:172.21.15.94:6789/0] conn(0x7f9f70101d50 0x7f9f70101550 secure :-1 s=READY pgs=66 cs=0 l=1 rev1=1 crypto rx=0x7f9f6c011c10 tx=0x7f9f6c009250 comp rx=0 tx=0).stop
2024-04-06T03:32:04.554 INFO:teuthology.orchestra.run.smithi094.stdout:/usr/bin/ceph: stderr
2024-04-06T03:32:03.918+0000 7f9f78521700 1 -- 172.21.15.94:0/2057017983 shutdown_connections
2024-04-06T03:32:04.554 INFO:teuthology.orchestra.run.smithi094.stdout:/usr/bin/ceph: stderr
2024-04-06T03:32:03.918+0000 7f9f78521700 1 --2- 172.21.15.94:0/2057017983 >> [v2:172.21.15.94:6800/682257512,v1:172.21.15.94:6801/682257512] conn(0x7f9f5c036790 0x7f9f5c038c40 unknown :-1 s=CLOSED pgs=21 cs=0 l=1 rev1=1 crypto rx=0 tx=0 comp rx=0 tx=0).stop
2024-04-06T03:32:04.554 INFO:teuthology.orchestra.run.smithi094.stdout:/usr/bin/ceph: stderr
2024-04-06T03:32:03.918+0000 7f9f78521700 1 --2- 172.21.15.94:0/2057017983 >> [v2:172.21.15.94:3300/0,v1:172.21.15.94:6789/0] conn(0x7f9f70101d50 0x7f9f70101550 unknown :-1 s=CLOSED pgs=66 cs=0 l=1 rev1=1 crypto rx=0 tx=0 comp rx=0 tx=0).stop
2024-04-06T03:32:04.554 INFO:teuthology.orchestra.run.smithi094.stdout:/usr/bin/ceph: stderr
2024-04-06T03:32:03.918+0000 7f9f78521700 1 -- 172.21.15.94:0/2057017983 >> 172.21.15.94:0/2057017983 conn(0x7f9f700fc6c0 msgr2=0x7f9f700fd260 unknown :-1 s=STATE_NONE l=0).mark_down
2024-04-06T03:32:04.554 INFO:teuthology.orchestra.run.smithi094.stdout:/usr/bin/ceph: stderr
2024-04-06T03:32:03.918+0000 7f9f78521700 1 -- 172.21.15.94:0/2057017983 shutdown_connections
2024-04-06T03:32:04.554 INFO:teuthology.orchestra.run.smithi094.stdout:/usr/bin/ceph: stderr
2024-04-06T03:32:03.918+0000 7f9f78521700 1 -- 172.21.15.94:0/2057017983 wait complete.
2024-04-06T03:32:05.156 INFO:journalctl@ceph.mon.smithi094.smithi094.stdout:Apr 06 03:32:04 smithi094 ceph-mon[29713]: from='client.? 172.21.15.94:0/2057017983' entity='client.admin' cmd='[{"prefix": "mgr module enable", "module": "dashboard"}]': finished
2024-04-06T03:32:05.156 INFO:journalctl@ceph.mon.smithi094.smithi094.stdout:Apr 06 03:32:04 smithi094 ceph-mon[29713]: mgrmap e9: smithi094.purlzp(active, since 24s)
2024-04-06T03:32:05.977 INFO:teuthology.orchestra.run.smithi094.stdout:/usr/bin/ceph: stdout {
2024-04-06T03:32:05.977 INFO:teuthology.orchestra.run.smithi094.stdout:/usr/bin/ceph: stdout "epoch": 9,
2024-04-06T03:32:05.977 INFO:teuthology.orchestra.run.smithi094.stdout:/usr/bin/ceph: stdout "available": true,
2024-04-06T03:32:05.977 INFO:teuthology.orchestra.run.smithi094.stdout:/usr/bin/ceph: stdout "active_name": "smithi094.purlzp",
2024-04-06T03:32:05.977 INFO:teuthology.orchestra.run.smithi094.stdout:/usr/bin/ceph: stdout "num_standby": 0
2024-04-06T03:32:05.977 INFO:teuthology.orchestra.run.smithi094.stdout:/usr/bin/ceph: stdout }
2024-04-06T03:32:05.977 INFO:teuthology.orchestra.run.smithi094.stdout:/usr/bin/ceph: stderr
2024-04-06T03:32:04.950+0000 7f26b540a700 1 Processor -- start
2024-04-06T03:32:05.977 INFO:teuthology.orchestra.run.smithi094.stdout:/usr/bin/ceph: stderr
2024-04-06T03:32:04.950+0000 7f26b540a700 1 -- start start
2024-04-06T03:32:05.977 INFO:teuthology.orchestra.run.smithi094.stdout:/usr/bin/ceph: stderr
2024-04-06T03:32:04.950+0000 7f26b540a700 1 --2- >> [v2:172.21.15.94:3300/0,v1:172.21.15.94:6789/0] conn(0x7f26b0071230 0x7f26b0105560 unknown :-1 s=NONE pgs=0 cs=0 l=0 rev1=0 crypto rx=0 tx=0 comp rx=0 tx=0).connect
2024-04-06T03:32:05.978 INFO:teuthology.orchestra.run.smithi094.stdout:/usr/bin/ceph: stderr
2024-04-06T03:32:04.950+0000 7f26b540a700 1 -- --> [v2:172.21.15.94:3300/0,v1:172.21.15.94:6789/0] -- mon_getmap magic: 0 v1 -- 0x7f26b0071640 con 0x7f26b0071230
2024-04-06T03:32:05.978 INFO:teuthology.orchestra.run.smithi094.stdout:/usr/bin/ceph: stderr
2024-04-06T03:32:04.950+0000 7f26aeffd700 1 --2- >> [v2:172.21.15.94:3300/0,v1:172.21.15.94:6789/0] conn(0x7f26b0071230 0x7f26b0105560 unknown :-1 s=BANNER_CONNECTING pgs=0 cs=0 l=0 rev1=0 crypto rx=0 tx=0 comp rx=0 tx=0)._handle_peer_banner_payload supported=3 required=0
2024-04-06T03:32:05.978 INFO:teuthology.orchestra.run.smithi094.stdout:/usr/bin/ceph: stderr
2024-04-06T03:32:04.950+0000 7f26aeffd700 1 --2- >> [v2:172.21.15.94:3300/0,v1:172.21.15.94:6789/0] conn(0x7f26b0071230 0x7f26b0105560 unknown :-1 s=HELLO_CONNECTING pgs=0 cs=0 l=0 rev1=1 crypto rx=0 tx=0 comp rx=0 tx=0).handle_hello peer v2:172.21.15.94:3300/0 says I am v2:172.21.15.94:41688/0 (socket says 172.21.15.94:41688)
2024-04-06T03:32:05.978 INFO:teuthology.orchestra.run.smithi094.stdout:/usr/bin/ceph: stderr
2024-04-06T03:32:04.950+0000 7f26aeffd700 1 -- 172.21.15.94:0/2214386333 learned_addr learned my addr 172.21.15.94:0/2214386333 (peer_addr_for_me v2:172.21.15.94:0/0)
2024-04-06T03:32:05.978 INFO:teuthology.orchestra.run.smithi094.stdout:/usr/bin/ceph: stderr
2024-04-06T03:32:04.950+0000 7f26aeffd700 1 -- 172.21.15.94:0/2214386333 --> [v2:172.21.15.94:3300/0,v1:172.21.15.94:6789/0] -- mon_subscribe({config=0+,monmap=0+}) v3 -- 0x7f26b0105aa0 con 0x7f26b0071230
2024-04-06T03:32:05.978 INFO:teuthology.orchestra.run.smithi094.stdout:/usr/bin/ceph: stderr
2024-04-06T03:32:04.951+0000 7f26aeffd700 1 --2- 172.21.15.94:0/2214386333 >> [v2:172.21.15.94:3300/0,v1:172.21.15.94:6789/0] conn(0x7f26b0071230 0x7f26b0105560 secure :-1 s=READY pgs=69 cs=0 l=1 rev1=1 crypto rx=0x7f26a00098e0 tx=0x7f26a0009250 comp rx=0 tx=0).ready entity=mon.0 client_cookie=ba2fc57c43e057 server_cookie=0 in_seq=0 out_seq=0
2024-04-06T03:32:05.978 INFO:teuthology.orchestra.run.smithi094.stdout:/usr/bin/ceph: stderr
2024-04-06T03:32:04.951+0000 7f26adffb700 1 -- 172.21.15.94:0/2214386333 <== mon.0 v2:172.21.15.94:3300/0 1 ==== mon_map magic: 0 v1 ==== 229+0+0 (secure 0 0 0) 0x7f26a000b860 con 0x7f26b0071230
2024-04-06T03:32:05.978 INFO:teuthology.orchestra.run.smithi094.stdout:/usr/bin/ceph: stderr
2024-04-06T03:32:04.951+0000 7f26adffb700 1 -- 172.21.15.94:0/2214386333 <== mon.0 v2:172.21.15.94:3300/0 2 ==== config(27 keys) v1 ==== 1109+0+0 (secure 0 0 0) 0x7f26a000be90 con 0x7f26b0071230
2024-04-06T03:32:05.978 INFO:teuthology.orchestra.run.smithi094.stdout:/usr/bin/ceph: stderr
2024-04-06T03:32:04.951+0000 7f26adffb700 1 -- 172.21.15.94:0/2214386333 <== mon.0 v2:172.21.15.94:3300/0 3 ==== mon_map magic: 0 v1 ==== 229+0+0 (secure 0 0 0) 0x7f26a00103c0 con 0x7f26b0071230
2024-04-06T03:32:05.978 INFO:teuthology.orchestra.run.smithi094.stdout:/usr/bin/ceph: stderr
2024-04-06T03:32:04.951+0000 7f26b540a700 1 -- 172.21.15.94:0/2214386333 >> [v2:172.21.15.94:3300/0,v1:172.21.15.94:6789/0] conn(0x7f26b0071230 msgr2=0x7f26b0105560 secure :-1 s=STATE_CONNECTION_ESTABLISHED l=1).mark_down
2024-04-06T03:32:05.978 INFO:teuthology.orchestra.run.smithi094.stdout:/usr/bin/ceph: stderr
2024-04-06T03:32:04.951+0000 7f26b540a700 1 --2- 172.21.15.94:0/2214386333 >> [v2:172.21.15.94:3300/0,v1:172.21.15.94:6789/0] conn(0x7f26b0071230 0x7f26b0105560 secure :-1 s=READY pgs=69 cs=0 l=1 rev1=1 crypto rx=0x7f26a00098e0 tx=0x7f26a0009250 comp rx=0 tx=0).stop
2024-04-06T03:32:05.978 INFO:teuthology.orchestra.run.smithi094.stdout:/usr/bin/ceph: stderr
2024-04-06T03:32:04.951+0000 7f26b540a700 1 -- 172.21.15.94:0/2214386333 shutdown_connections
2024-04-06T03:32:05.978 INFO:teuthology.orchestra.run.smithi094.stdout:/usr/bin/ceph: stderr
2024-04-06T03:32:04.951+0000 7f26b540a700 1 --2- 172.21.15.94:0/2214386333 >> [v2:172.21.15.94:3300/0,v1:172.21.15.94:6789/0] conn(0x7f26b0071230 0x7f26b0105560 unknown :-1 s=CLOSED pgs=69 cs=0 l=1 rev1=1 crypto rx=0 tx=0 comp rx=0 tx=0).stop
2024-04-06T03:32:05.979 INFO:teuthology.orchestra.run.smithi094.stdout:/usr/bin/ceph: stderr
2024-04-06T03:32:04.951+0000 7f26b540a700 1 -- 172.21.15.94:0/2214386333 >> 172.21.15.94:0/2214386333 conn(0x7f26b00fcfb0 msgr2=0x7f26b00ff3c0 unknown :-1 s=STATE_NONE l=0).mark_down
2024-04-06T03:32:05.979 INFO:teuthology.orchestra.run.smithi094.stdout:/usr/bin/ceph: stderr
2024-04-06T03:32:04.952+0000 7f26b540a700 1 -- 172.21.15.94:0/2214386333 shutdown_connections
2024-04-06T03:32:05.979 INFO:teuthology.orchestra.run.smithi094.stdout:/usr/bin/ceph: stderr
2024-04-06T03:32:04.952+0000 7f26b540a700 1 -- 172.21.15.94:0/2214386333 wait complete.
2024-04-06T03:32:05.979 INFO:teuthology.orchestra.run.smithi094.stdout:/usr/bin/ceph: stderr
2024-04-06T03:32:04.952+0000 7f26b540a700 1 Processor -- start
2024-04-06T03:32:05.979 INFO:teuthology.orchestra.run.smithi094.stdout:/usr/bin/ceph: stderr
2024-04-06T03:32:04.952+0000 7f26b540a700 1 -- start start
2024-04-06T03:32:05.979 INFO:teuthology.orchestra.run.smithi094.stdout:/usr/bin/ceph: stderr
2024-04-06T03:32:04.952+0000 7f26b540a700 1 --2- >> [v2:172.21.15.94:3300/0,v1:172.21.15.94:6789/0] conn(0x7f26b0071230 0x7f26b0102eb0 unknown :-1 s=NONE pgs=0 cs=0 l=1 rev1=0 crypto rx=0 tx=0 comp rx=0 tx=0).connect
2024-04-06T03:32:05.979 INFO:teuthology.orchestra.run.smithi094.stdout:/usr/bin/ceph: stderr
2024-04-06T03:32:04.952+0000 7f26b540a700 1 -- --> [v2:172.21.15.94:3300/0,v1:172.21.15.94:6789/0] -- mon_getmap magic: 0 v1 -- 0x7f26b01033f0 con 0x7f26b0071230
2024-04-06T03:32:05.979 INFO:teuthology.orchestra.run.smithi094.stdout:/usr/bin/ceph: stderr
2024-04-06T03:32:04.952+0000 7f26aeffd700 1 --2- >> [v2:172.21.15.94:3300/0,v1:172.21.15.94:6789/0] conn(0x7f26b0071230 0x7f26b0102eb0 unknown :-1 s=BANNER_CONNECTING pgs=0 cs=0 l=1 rev1=0 crypto rx=0 tx=0 comp rx=0 tx=0)._handle_peer_banner_payload supported=3 required=0
2024-04-06T03:32:05.979 INFO:teuthology.orchestra.run.smithi094.stdout:/usr/bin/ceph: stderr
2024-04-06T03:32:04.952+0000 7f26aeffd700 1 --2- >> [v2:172.21.15.94:3300/0,v1:172.21.15.94:6789/0] conn(0x7f26b0071230 0x7f26b0102eb0 unknown :-1 s=HELLO_CONNECTING pgs=0 cs=0 l=1 rev1=1 crypto rx=0 tx=0 comp rx=0 tx=0).handle_hello peer v2:172.21.15.94:3300/0 says I am v2:172.21.15.94:41696/0 (socket says 172.21.15.94:41696)
2024-04-06T03:32:05.979 INFO:teuthology.orchestra.run.smithi094.stdout:/usr/bin/ceph: stderr
2024-04-06T03:32:04.953+0000 7f26aeffd700 1 -- 172.21.15.94:0/594129927 learned_addr learned my addr 172.21.15.94:0/594129927 (peer_addr_for_me v2:172.21.15.94:0/0)
2024-04-06T03:32:05.979 INFO:teuthology.orchestra.run.smithi094.stdout:/usr/bin/ceph: stderr
2024-04-06T03:32:04.953+0000 7f26aeffd700 1 -- 172.21.15.94:0/594129927 --> [v2:172.21.15.94:3300/0,v1:172.21.15.94:6789/0] -- mon_subscribe({config=0+,monmap=0+}) v3 -- 0x7f26a00094f0 con 0x7f26b0071230
2024-04-06T03:32:05.979 INFO:teuthology.orchestra.run.smithi094.stdout:/usr/bin/ceph: stderr
2024-04-06T03:32:04.953+0000 7f26aeffd700 1 --2- 172.21.15.94:0/594129927 >> [v2:172.21.15.94:3300/0,v1:172.21.15.94:6789/0] conn(0x7f26b0071230 0x7f26b0102eb0 secure :-1 s=READY pgs=70 cs=0 l=1 rev1=1 crypto rx=0x7f26a00105b0 tx=0x7f26a0009250 comp rx=0 tx=0).ready entity=mon.0 client_cookie=0 server_cookie=0 in_seq=0 out_seq=0
2024-04-06T03:32:05.979 INFO:teuthology.orchestra.run.smithi094.stdout:/usr/bin/ceph: stderr
2024-04-06T03:32:04.953+0000 7f26977fe700 1 -- 172.21.15.94:0/594129927 <== mon.0 v2:172.21.15.94:3300/0 1 ==== mon_map magic: 0 v1 ==== 229+0+0 (secure 0 0 0) 0x7f26a0010840 con 0x7f26b0071230
2024-04-06T03:32:05.979 INFO:teuthology.orchestra.run.smithi094.stdout:/usr/bin/ceph: stderr
2024-04-06T03:32:04.953+0000 7f26977fe700 1 -- 172.21.15.94:0/594129927 <== mon.0 v2:172.21.15.94:3300/0 2 ==== config(27 keys) v1 ==== 1109+0+0 (secure 0 0 0) 0x7f26a0010e70 con 0x7f26b0071230
2024-04-06T03:32:05.980 INFO:teuthology.orchestra.run.smithi094.stdout:/usr/bin/ceph: stderr
2024-04-06T03:32:04.953+0000 7f26b540a700 1 -- 172.21.15.94:0/594129927 --> [v2:172.21.15.94:3300/0,v1:172.21.15.94:6789/0] -- mon_subscribe({mgrmap=0+}) v3 -- 0x7f26b0101460 con 0x7f26b0071230
2024-04-06T03:32:05.980 INFO:teuthology.orchestra.run.smithi094.stdout:/usr/bin/ceph: stderr
