2024-04-06T03:31:51.165+0000 7fea037fe700 1 --2- >> [v2:172.21.15.94:3300/0,v1:172.21.15.94:6789/0] conn(0x7fea04102920 0x7fea041116a0 unknown :-1 s=HELLO_CONNECTING pgs=0 cs=0 l=1 rev1=1 crypto rx=0 tx=0 comp rx=0 tx=0).handle_hello peer v2:172.21.15.94:3300/0 says I am v2:172.21.15.94:57124/0 (socket says 172.21.15.94:57124)
2024-04-06T03:31:52.029 INFO:teuthology.orchestra.run.smithi094.stdout:/usr/bin/ceph: stderr
2024-04-06T03:31:51.165+0000 7fea037fe700 1 -- 172.21.15.94:0/3382296859 learned_addr learned my addr 172.21.15.94:0/3382296859 (peer_addr_for_me v2:172.21.15.94:0/0)
2024-04-06T03:31:52.029 INFO:teuthology.orchestra.run.smithi094.stdout:/usr/bin/ceph: stderr
2024-04-06T03:31:51.165+0000 7fea037fe700 1 -- 172.21.15.94:0/3382296859 --> [v2:172.21.15.94:3300/0,v1:172.21.15.94:6789/0] -- mon_subscribe({config=0+,monmap=0+}) v3 -- 0x7fe9f80094f0 con 0x7fea04102920
2024-04-06T03:31:52.029 INFO:teuthology.orchestra.run.smithi094.stdout:/usr/bin/ceph: stderr
2024-04-06T03:31:51.166+0000 7fea037fe700 1 --2- 172.21.15.94:0/3382296859 >> [v2:172.21.15.94:3300/0,v1:172.21.15.94:6789/0] conn(0x7fea04102920 0x7fea041116a0 secure :-1 s=READY pgs=50 cs=0 l=1 rev1=1 crypto rx=0x7fe9f800b440 tx=0x7fe9f8009250 comp rx=0 tx=0).ready entity=mon.0 client_cookie=0 server_cookie=0 in_seq=0 out_seq=0
2024-04-06T03:31:52.029 INFO:teuthology.orchestra.run.smithi094.stdout:/usr/bin/ceph: stderr
2024-04-06T03:31:51.166+0000 7fe9ebfff700 1 -- 172.21.15.94:0/3382296859 <== mon.0 v2:172.21.15.94:3300/0 1 ==== mon_map magic: 0 v1 ==== 229+0+0 (secure 0 0 0) 0x7fe9f8010760 con 0x7fea04102920
2024-04-06T03:31:52.029 INFO:teuthology.orchestra.run.smithi094.stdout:/usr/bin/ceph: stderr
2024-04-06T03:31:51.166+0000 7fe9ebfff700 1 -- 172.21.15.94:0/3382296859 <== mon.0 v2:172.21.15.94:3300/0 2 ==== config(27 keys) v1 ==== 1044+0+0 (secure 0 0 0) 0x7fe9f8010d50 con 0x7fea04102920
2024-04-06T03:31:52.029 INFO:teuthology.orchestra.run.smithi094.stdout:/usr/bin/ceph: stderr
2024-04-06T03:31:51.166+0000 7fea09e16700 1 -- 172.21.15.94:0/3382296859 --> [v2:172.21.15.94:3300/0,v1:172.21.15.94:6789/0] -- mon_subscribe({mgrmap=0+}) v3 -- 0x7fea04111de0 con 0x7fea04102920
2024-04-06T03:31:52.029 INFO:teuthology.orchestra.run.smithi094.stdout:/usr/bin/ceph: stderr
2024-04-06T03:31:51.166+0000 7fe9ebfff700 1 -- 172.21.15.94:0/3382296859 <== mon.0 v2:172.21.15.94:3300/0 3 ==== mon_map magic: 0 v1 ==== 229+0+0 (secure 0 0 0) 0x7fe9f801ae20 con 0x7fea04102920
2024-04-06T03:31:52.030 INFO:teuthology.orchestra.run.smithi094.stdout:/usr/bin/ceph: stderr
2024-04-06T03:31:51.166+0000 7fea09e16700 1 -- 172.21.15.94:0/3382296859 --> [v2:172.21.15.94:3300/0,v1:172.21.15.94:6789/0] -- mon_subscribe({osdmap=0}) v3 -- 0x7fea04112950 con 0x7fea04102920
2024-04-06T03:31:52.030 INFO:teuthology.orchestra.run.smithi094.stdout:/usr/bin/ceph: stderr
2024-04-06T03:31:51.167+0000 7fe9ebfff700 1 -- 172.21.15.94:0/3382296859 <== mon.0 v2:172.21.15.94:3300/0 4 ==== mgrmap(e 8) v1 ==== 43368+0+0 (secure 0 0 0) 0x7fe9f802e440 con 0x7fea04102920
2024-04-06T03:31:52.030 INFO:teuthology.orchestra.run.smithi094.stdout:/usr/bin/ceph: stderr
2024-04-06T03:31:51.167+0000 7fe9ebfff700 1 --2- 172.21.15.94:0/3382296859 >> [v2:172.21.15.94:6800/682257512,v1:172.21.15.94:6801/682257512] conn(0x7fe9ec0367e0 0x7fe9ec038c90 unknown :-1 s=NONE pgs=0 cs=0 l=1 rev1=0 crypto rx=0 tx=0 comp rx=0 tx=0).connect
2024-04-06T03:31:52.030 INFO:teuthology.orchestra.run.smithi094.stdout:/usr/bin/ceph: stderr
2024-04-06T03:31:51.167+0000 7fea09e16700 1 -- 172.21.15.94:0/3382296859 --> [v2:172.21.15.94:3300/0,v1:172.21.15.94:6789/0] -- mon_command({"prefix": "get_command_descriptions"} v 0) v1 -- 0x7fea0405f5f0 con 0x7fea04102920
2024-04-06T03:31:52.030 INFO:teuthology.orchestra.run.smithi094.stdout:/usr/bin/ceph: stderr
2024-04-06T03:31:51.167+0000 7fe9ebfff700 1 -- 172.21.15.94:0/3382296859 <== mon.0 v2:172.21.15.94:3300/0 5 ==== osd_map(2..2 src has 1..2) v4 ==== 936+0+0 (secure 0 0 0) 0x7fe9f804a6f0 con 0x7fea04102920
2024-04-06T03:31:52.030 INFO:teuthology.orchestra.run.smithi094.stdout:/usr/bin/ceph: stderr
2024-04-06T03:31:51.167+0000 7fea02ffd700 1 --2- 172.21.15.94:0/3382296859 >> [v2:172.21.15.94:6800/682257512,v1:172.21.15.94:6801/682257512] conn(0x7fe9ec0367e0 0x7fe9ec038c90 unknown :-1 s=BANNER_CONNECTING pgs=0 cs=0 l=1 rev1=0 crypto rx=0 tx=0 comp rx=0 tx=0)._handle_peer_banner_payload supported=3 required=0
2024-04-06T03:31:52.030 INFO:teuthology.orchestra.run.smithi094.stdout:/usr/bin/ceph: stderr
2024-04-06T03:31:51.167+0000 7fea02ffd700 1 --2- 172.21.15.94:0/3382296859 >> [v2:172.21.15.94:6800/682257512,v1:172.21.15.94:6801/682257512] conn(0x7fe9ec0367e0 0x7fe9ec038c90 secure :-1 s=READY pgs=13 cs=0 l=1 rev1=1 crypto rx=0x7fe9f4009990 tx=0x7fe9f4006e40 comp rx=0 tx=0).ready entity=mgr.14120 client_cookie=0 server_cookie=0 in_seq=0 out_seq=0
2024-04-06T03:31:52.030 INFO:teuthology.orchestra.run.smithi094.stdout:/usr/bin/ceph: stderr
2024-04-06T03:31:51.171+0000 7fe9ebfff700 1 -- 172.21.15.94:0/3382296859 <== mon.0 v2:172.21.15.94:3300/0 6 ==== mon_command_ack([{"prefix": "get_command_descriptions"}]=0 v0) v1 ==== 72+0+176504 (secure 0 0 0) 0x7fe9f8018350 con 0x7fea04102920
2024-04-06T03:31:52.030 INFO:teuthology.orchestra.run.smithi094.stdout:/usr/bin/ceph: stderr
2024-04-06T03:31:51.372+0000 7fea09e16700 1 -- 172.21.15.94:0/3382296859 --> [v2:172.21.15.94:6800/682257512,v1:172.21.15.94:6801/682257512] -- mgr_command(tid 0: {"prefix": "orch apply", "service_type": "mgr", "target": ["mon-mgr", ""]}) v1 -- 0x7fea040ff310 con 0x7fe9ec0367e0
2024-04-06T03:31:52.030 INFO:teuthology.orchestra.run.smithi094.stdout:/usr/bin/ceph: stderr
2024-04-06T03:31:51.376+0000 7fe9ebfff700 1 -- 172.21.15.94:0/3382296859 <== mgr.14120 v2:172.21.15.94:6800/682257512 1 ==== mgr_command_reply(tid 0: 0 ) v1 ==== 8+0+24 (secure 0 0 0) 0x7fea040ff310 con 0x7fe9ec0367e0
2024-04-06T03:31:52.030 INFO:teuthology.orchestra.run.smithi094.stdout:/usr/bin/ceph: stderr
2024-04-06T03:31:51.378+0000 7fea09e16700 1 -- 172.21.15.94:0/3382296859 >> [v2:172.21.15.94:6800/682257512,v1:172.21.15.94:6801/682257512] conn(0x7fe9ec0367e0 msgr2=0x7fe9ec038c90 secure :-1 s=STATE_CONNECTION_ESTABLISHED l=1).mark_down
2024-04-06T03:31:52.030 INFO:teuthology.orchestra.run.smithi094.stdout:/usr/bin/ceph: stderr
2024-04-06T03:31:51.378+0000 7fea09e16700 1 --2- 172.21.15.94:0/3382296859 >> [v2:172.21.15.94:6800/682257512,v1:172.21.15.94:6801/682257512] conn(0x7fe9ec0367e0 0x7fe9ec038c90 secure :-1 s=READY pgs=13 cs=0 l=1 rev1=1 crypto rx=0x7fe9f4009990 tx=0x7fe9f4006e40 comp rx=0 tx=0).stop
2024-04-06T03:31:52.030 INFO:teuthology.orchestra.run.smithi094.stdout:/usr/bin/ceph: stderr
2024-04-06T03:31:51.378+0000 7fea09e16700 1 -- 172.21.15.94:0/3382296859 >> [v2:172.21.15.94:3300/0,v1:172.21.15.94:6789/0] conn(0x7fea04102920 msgr2=0x7fea041116a0 secure :-1 s=STATE_CONNECTION_ESTABLISHED l=1).mark_down
2024-04-06T03:31:52.030 INFO:teuthology.orchestra.run.smithi094.stdout:/usr/bin/ceph: stderr
2024-04-06T03:31:51.378+0000 7fea09e16700 1 --2- 172.21.15.94:0/3382296859 >> [v2:172.21.15.94:3300/0,v1:172.21.15.94:6789/0] conn(0x7fea04102920 0x7fea041116a0 secure :-1 s=READY pgs=50 cs=0 l=1 rev1=1 crypto rx=0x7fe9f800b440 tx=0x7fe9f8009250 comp rx=0 tx=0).stop
2024-04-06T03:31:52.031 INFO:teuthology.orchestra.run.smithi094.stdout:/usr/bin/ceph: stderr
2024-04-06T03:31:51.378+0000 7fea09e16700 1 -- 172.21.15.94:0/3382296859 shutdown_connections
2024-04-06T03:31:52.031 INFO:teuthology.orchestra.run.smithi094.stdout:/usr/bin/ceph: stderr
2024-04-06T03:31:51.378+0000 7fea09e16700 1 --2- 172.21.15.94:0/3382296859 >> [v2:172.21.15.94:6800/682257512,v1:172.21.15.94:6801/682257512] conn(0x7fe9ec0367e0 0x7fe9ec038c90 unknown :-1 s=CLOSED pgs=13 cs=0 l=1 rev1=1 crypto rx=0 tx=0 comp rx=0 tx=0).stop
2024-04-06T03:31:52.031 INFO:teuthology.orchestra.run.smithi094.stdout:/usr/bin/ceph: stderr
2024-04-06T03:31:51.378+0000 7fea09e16700 1 --2- 172.21.15.94:0/3382296859 >> [v2:172.21.15.94:3300/0,v1:172.21.15.94:6789/0] conn(0x7fea04102920 0x7fea041116a0 unknown :-1 s=CLOSED pgs=50 cs=0 l=1 rev1=1 crypto rx=0 tx=0 comp rx=0 tx=0).stop
2024-04-06T03:31:52.031 INFO:teuthology.orchestra.run.smithi094.stdout:/usr/bin/ceph: stderr
2024-04-06T03:31:51.378+0000 7fea09e16700 1 -- 172.21.15.94:0/3382296859 >> 172.21.15.94:0/3382296859 conn(0x7fea040fe0a0 msgr2=0x7fea040fec00 unknown :-1 s=STATE_NONE l=0).mark_down
2024-04-06T03:31:52.031 INFO:teuthology.orchestra.run.smithi094.stdout:/usr/bin/ceph: stderr
2024-04-06T03:31:51.378+0000 7fea09e16700 1 -- 172.21.15.94:0/3382296859 shutdown_connections
2024-04-06T03:31:52.031 INFO:teuthology.orchestra.run.smithi094.stdout:/usr/bin/ceph: stderr
2024-04-06T03:31:51.378+0000 7fea09e16700 1 -- 172.21.15.94:0/3382296859 wait complete.
2024-04-06T03:31:52.031 INFO:teuthology.orchestra.run.smithi094.stdout:Deploying crash service with default placement...
2024-04-06T03:31:52.648 INFO:journalctl@ceph.mon.smithi094.smithi094.stdout:Apr 06 03:31:52 smithi094 ceph-mon[29713]: from='client.14144 -' entity='client.admin' cmd=[{"prefix": "orch apply", "service_type": "mgr", "target": ["mon-mgr", ""]}]: dispatch
2024-04-06T03:31:52.648 INFO:journalctl@ceph.mon.smithi094.smithi094.stdout:Apr 06 03:31:52 smithi094 ceph-mon[29713]: Saving service mgr spec with placement count:2
2024-04-06T03:31:52.648 INFO:journalctl@ceph.mon.smithi094.smithi094.stdout:Apr 06 03:31:52 smithi094 ceph-mon[29713]: from='mgr.14120 172.21.15.94:0/1372463263' entity='mgr.smithi094.purlzp'
2024-04-06T03:31:53.847 INFO:journalctl@ceph.mon.smithi094.smithi094.stdout:Apr 06 03:31:53 smithi094 ceph-mon[29713]: from='client.14146 -' entity='client.admin' cmd=[{"prefix": "orch apply", "service_type": "crash", "target": ["mon-mgr", ""]}]: dispatch
2024-04-06T03:31:53.847 INFO:journalctl@ceph.mon.smithi094.smithi094.stdout:Apr 06 03:31:53 smithi094 ceph-mon[29713]: Saving service crash spec with placement *
2024-04-06T03:31:53.847 INFO:journalctl@ceph.mon.smithi094.smithi094.stdout:Apr 06 03:31:53 smithi094 ceph-mon[29713]: from='mgr.14120 172.21.15.94:0/1372463263' entity='mgr.smithi094.purlzp'
2024-04-06T03:31:53.847 INFO:journalctl@ceph.mon.smithi094.smithi094.stdout:Apr 06 03:31:53 smithi094 ceph-mon[29713]: from='mgr.14120 172.21.15.94:0/1372463263' entity='mgr.smithi094.purlzp'
2024-04-06T03:31:53.854 INFO:teuthology.orchestra.run.smithi094.stdout:/usr/bin/ceph: stdout Scheduled crash update...
2024-04-06T03:31:53.854 INFO:teuthology.orchestra.run.smithi094.stdout:/usr/bin/ceph: stderr
2024-04-06T03:31:52.450+0000 7f39d421d700 1 Processor -- start
2024-04-06T03:31:53.854 INFO:teuthology.orchestra.run.smithi094.stdout:/usr/bin/ceph: stderr
2024-04-06T03:31:52.450+0000 7f39d421d700 1 -- start start
2024-04-06T03:31:53.854 INFO:teuthology.orchestra.run.smithi094.stdout:/usr/bin/ceph: stderr
2024-04-06T03:31:52.450+0000 7f39d421d700 1 --2- >> [v2:172.21.15.94:3300/0,v1:172.21.15.94:6789/0] conn(0x7f39cc100c00 0x7f39cc101010 unknown :-1 s=NONE pgs=0 cs=0 l=0 rev1=0 crypto rx=0 tx=0 comp rx=0 tx=0).connect
2024-04-06T03:31:53.854 INFO:teuthology.orchestra.run.smithi094.stdout:/usr/bin/ceph: stderr
2024-04-06T03:31:52.450+0000 7f39d421d700 1 -- --> [v2:172.21.15.94:3300/0,v1:172.21.15.94:6789/0] -- mon_getmap magic: 0 v1 -- 0x7f39cc101550 con 0x7f39cc100c00
2024-04-06T03:31:53.854 INFO:teuthology.orchestra.run.smithi094.stdout:/usr/bin/ceph: stderr
2024-04-06T03:31:52.451+0000 7f39d1fb9700 1 --2- >> [v2:172.21.15.94:3300/0,v1:172.21.15.94:6789/0] conn(0x7f39cc100c00 0x7f39cc101010 unknown :-1 s=BANNER_CONNECTING pgs=0 cs=0 l=0 rev1=0 crypto rx=0 tx=0 comp rx=0 tx=0)._handle_peer_banner_payload supported=3 required=0
2024-04-06T03:31:53.855 INFO:teuthology.orchestra.run.smithi094.stdout:/usr/bin/ceph: stderr
2024-04-06T03:31:52.451+0000 7f39d1fb9700 1 --2- >> [v2:172.21.15.94:3300/0,v1:172.21.15.94:6789/0] conn(0x7f39cc100c00 0x7f39cc101010 unknown :-1 s=HELLO_CONNECTING pgs=0 cs=0 l=0 rev1=1 crypto rx=0 tx=0 comp rx=0 tx=0).handle_hello peer v2:172.21.15.94:3300/0 says I am v2:172.21.15.94:57138/0 (socket says 172.21.15.94:57138)
2024-04-06T03:31:53.855 INFO:teuthology.orchestra.run.smithi094.stdout:/usr/bin/ceph: stderr
2024-04-06T03:31:52.451+0000 7f39d1fb9700 1 -- 172.21.15.94:0/4047220953 learned_addr learned my addr 172.21.15.94:0/4047220953 (peer_addr_for_me v2:172.21.15.94:0/0)
2024-04-06T03:31:53.855 INFO:teuthology.orchestra.run.smithi094.stdout:/usr/bin/ceph: stderr
2024-04-06T03:31:52.451+0000 7f39d1fb9700 1 -- 172.21.15.94:0/4047220953 --> [v2:172.21.15.94:3300/0,v1:172.21.15.94:6789/0] -- mon_subscribe({config=0+,monmap=0+}) v3 -- 0x7f39cc101690 con 0x7f39cc100c00
2024-04-06T03:31:53.855 INFO:teuthology.orchestra.run.smithi094.stdout:/usr/bin/ceph: stderr
2024-04-06T03:31:52.451+0000 7f39d1fb9700 1 --2- 172.21.15.94:0/4047220953 >> [v2:172.21.15.94:3300/0,v1:172.21.15.94:6789/0] conn(0x7f39cc100c00 0x7f39cc101010 secure :-1 s=READY pgs=51 cs=0 l=1 rev1=1 crypto rx=0x7f39c4009e50 tx=0x7f39c4009840 comp rx=0 tx=0).ready entity=mon.0 client_cookie=e6fb9aab04e3f57f server_cookie=0 in_seq=0 out_seq=0
2024-04-06T03:31:53.855 INFO:teuthology.orchestra.run.smithi094.stdout:/usr/bin/ceph: stderr
2024-04-06T03:31:52.451+0000 7f39d0fb7700 1 -- 172.21.15.94:0/4047220953 <== mon.0 v2:172.21.15.94:3300/0 1 ==== mon_map magic: 0 v1 ==== 229+0+0 (secure 0 0 0) 0x7f39c40092e0 con 0x7f39cc100c00
2024-04-06T03:31:53.855 INFO:teuthology.orchestra.run.smithi094.stdout:/usr/bin/ceph: stderr
2024-04-06T03:31:52.451+0000 7f39d0fb7700 1 -- 172.21.15.94:0/4047220953 <== mon.0 v2:172.21.15.94:3300/0 2 ==== config(27 keys) v1 ==== 1044+0+0 (secure 0 0 0) 0x7f39c4012430 con 0x7f39cc100c00
2024-04-06T03:31:53.855 INFO:teuthology.orchestra.run.smithi094.stdout:/usr/bin/ceph: stderr
2024-04-06T03:31:52.451+0000 7f39d0fb7700 1 -- 172.21.15.94:0/4047220953 <== mon.0 v2:172.21.15.94:3300/0 3 ==== mon_map magic: 0 v1 ==== 229+0+0 (secure 0 0 0) 0x7f39c40075c0 con 0x7f39cc100c00
2024-04-06T03:31:53.855 INFO:teuthology.orchestra.run.smithi094.stdout:/usr/bin/ceph: stderr
2024-04-06T03:31:52.452+0000 7f39d421d700 1 -- 172.21.15.94:0/4047220953 >> [v2:172.21.15.94:3300/0,v1:172.21.15.94:6789/0] conn(0x7f39cc100c00 msgr2=0x7f39cc101010 secure :-1 s=STATE_CONNECTION_ESTABLISHED l=1).mark_down
2024-04-06T03:31:53.855 INFO:teuthology.orchestra.run.smithi094.stdout:/usr/bin/ceph: stderr
2024-04-06T03:31:52.452+0000 7f39d421d700 1 --2- 172.21.15.94:0/4047220953 >> [v2:172.21.15.94:3300/0,v1:172.21.15.94:6789/0] conn(0x7f39cc100c00 0x7f39cc101010 secure :-1 s=READY pgs=51 cs=0 l=1 rev1=1 crypto rx=0x7f39c4009e50 tx=0x7f39c4009840 comp rx=0 tx=0).stop
2024-04-06T03:31:53.855 INFO:teuthology.orchestra.run.smithi094.stdout:/usr/bin/ceph: stderr
2024-04-06T03:31:52.452+0000 7f39d421d700 1 -- 172.21.15.94:0/4047220953 shutdown_connections
2024-04-06T03:31:53.855 INFO:teuthology.orchestra.run.smithi094.stdout:/usr/bin/ceph: stderr
2024-04-06T03:31:52.452+0000 7f39d421d700 1 --2- 172.21.15.94:0/4047220953 >> [v2:172.21.15.94:3300/0,v1:172.21.15.94:6789/0] conn(0x7f39cc100c00 0x7f39cc101010 unknown :-1 s=CLOSED pgs=51 cs=0 l=1 rev1=1 crypto rx=0 tx=0 comp rx=0 tx=0).stop
2024-04-06T03:31:53.855 INFO:teuthology.orchestra.run.smithi094.stdout:/usr/bin/ceph: stderr
2024-04-06T03:31:52.452+0000 7f39d421d700 1 -- 172.21.15.94:0/4047220953 >> 172.21.15.94:0/4047220953 conn(0x7f39cc0fc6e0 msgr2=0x7f39cc0feb10 unknown :-1 s=STATE_NONE l=0).mark_down
2024-04-06T03:31:53.855 INFO:teuthology.orchestra.run.smithi094.stdout:/usr/bin/ceph: stderr
2024-04-06T03:31:52.452+0000 7f39d421d700 1 -- 172.21.15.94:0/4047220953 shutdown_connections
2024-04-06T03:31:53.855 INFO:teuthology.orchestra.run.smithi094.stdout:/usr/bin/ceph: stderr
2024-04-06T03:31:52.452+0000 7f39d421d700 1 -- 172.21.15.94:0/4047220953 wait complete.
2024-04-06T03:31:53.856 INFO:teuthology.orchestra.run.smithi094.stdout:/usr/bin/ceph: stderr
2024-04-06T03:31:52.452+0000 7f39d421d700 1 Processor -- start
2024-04-06T03:31:53.856 INFO:teuthology.orchestra.run.smithi094.stdout:/usr/bin/ceph: stderr
2024-04-06T03:31:52.452+0000 7f39d421d700 1 -- start start
2024-04-06T03:31:53.856 INFO:teuthology.orchestra.run.smithi094.stdout:/usr/bin/ceph: stderr
2024-04-06T03:31:52.453+0000 7f39d421d700 1 --2- >> [v2:172.21.15.94:3300/0,v1:172.21.15.94:6789/0] conn(0x7f39cc100c00 0x7f39cc1116b0 unknown :-1 s=NONE pgs=0 cs=0 l=1 rev1=0 crypto rx=0 tx=0 comp rx=0 tx=0).connect
2024-04-06T03:31:53.856 INFO:teuthology.orchestra.run.smithi094.stdout:/usr/bin/ceph: stderr
2024-04-06T03:31:52.453+0000 7f39d421d700 1 -- --> [v2:172.21.15.94:3300/0,v1:172.21.15.94:6789/0] -- mon_getmap magic: 0 v1 -- 0x7f39cc111bf0 con 0x7f39cc100c00
2024-04-06T03:31:53.856 INFO:teuthology.orchestra.run.smithi094.stdout:/usr/bin/ceph: stderr
2024-04-06T03:31:52.453+0000 7f39d1fb9700 1 --2- >> [v2:172.21.15.94:3300/0,v1:172.21.15.94:6789/0] conn(0x7f39cc100c00 0x7f39cc1116b0 unknown :-1 s=BANNER_CONNECTING pgs=0 cs=0 l=1 rev1=0 crypto rx=0 tx=0 comp rx=0 tx=0)._handle_peer_banner_payload supported=3 required=0
2024-04-06T03:31:53.856 INFO:teuthology.orchestra.run.smithi094.stdout:/usr/bin/ceph: stderr
2024-04-06T03:31:52.453+0000 7f39d1fb9700 1 --2- >> [v2:172.21.15.94:3300/0,v1:172.21.15.94:6789/0] conn(0x7f39cc100c00 0x7f39cc1116b0 unknown :-1 s=HELLO_CONNECTING pgs=0 cs=0 l=1 rev1=1 crypto rx=0 tx=0 comp rx=0 tx=0).handle_hello peer v2:172.21.15.94:3300/0 says I am v2:172.21.15.94:57154/0 (socket says 172.21.15.94:57154)
2024-04-06T03:31:53.856 INFO:teuthology.orchestra.run.smithi094.stdout:/usr/bin/ceph: stderr
2024-04-06T03:31:52.453+0000 7f39d1fb9700 1 -- 172.21.15.94:0/2354435095 learned_addr learned my addr 172.21.15.94:0/2354435095 (peer_addr_for_me v2:172.21.15.94:0/0)
2024-04-06T03:31:53.856 INFO:teuthology.orchestra.run.smithi094.stdout:/usr/bin/ceph: stderr
2024-04-06T03:31:52.453+0000 7f39d1fb9700 1 -- 172.21.15.94:0/2354435095 --> [v2:172.21.15.94:3300/0,v1:172.21.15.94:6789/0] -- mon_subscribe({config=0+,monmap=0+}) v3 -- 0x7f39c4009ae0 con 0x7f39cc100c00
2024-04-06T03:31:53.856 INFO:teuthology.orchestra.run.smithi094.stdout:/usr/bin/ceph: stderr
2024-04-06T03:31:52.453+0000 7f39d1fb9700 1 --2- 172.21.15.94:0/2354435095 >> [v2:172.21.15.94:3300/0,v1:172.21.15.94:6789/0] conn(0x7f39cc100c00 0x7f39cc1116b0 secure :-1 s=READY pgs=52 cs=0 l=1 rev1=1 crypto rx=0x7f39c4009ab0 tx=0x7f39c4009840 comp rx=0 tx=0).ready entity=mon.0 client_cookie=0 server_cookie=0 in_seq=0 out_seq=0
2024-04-06T03:31:53.856 INFO:teuthology.orchestra.run.smithi094.stdout:/usr/bin/ceph: stderr
2024-04-06T03:31:52.453+0000 7f39ca7fc700 1 -- 172.21.15.94:0/2354435095 <== mon.0 v2:172.21.15.94:3300/0 1 ==== mon_map magic: 0 v1 ==== 229+0+0 (secure 0 0 0) 0x7f39c40092e0 con 0x7f39cc100c00
2024-04-06T03:31:53.856 INFO:teuthology.orchestra.run.smithi094.stdout:/usr/bin/ceph: stderr
2024-04-06T03:31:52.453+0000 7f39ca7fc700 1 -- 172.21.15.94:0/2354435095 <== mon.0 v2:172.21.15.94:3300/0 2 ==== config(27 keys) v1 ==== 1044+0+0 (secure 0 0 0) 0x7f39c4007d10 con 0x7f39cc100c00
2024-04-06T03:31:53.856 INFO:teuthology.orchestra.run.smithi094.stdout:/usr/bin/ceph: stderr
2024-04-06T03:31:52.453+0000 7f39d421d700 1 -- 172.21.15.94:0/2354435095 --> [v2:172.21.15.94:3300/0,v1:172.21.15.94:6789/0] -- mon_subscribe({mgrmap=0+}) v3 -- 0x7f39cc111df0 con 0x7f39cc100c00
2024-04-06T03:31:53.856 INFO:teuthology.orchestra.run.smithi094.stdout:/usr/bin/ceph: stderr
2024-04-06T03:31:52.453+0000 7f39ca7fc700 1 -- 172.21.15.94:0/2354435095 <== mon.0 v2:172.21.15.94:3300/0 3 ==== mon_map magic: 0 v1 ==== 229+0+0 (secure 0 0 0) 0x7f39c401c990 con 0x7f39cc100c00
2024-04-06T03:31:53.856 INFO:teuthology.orchestra.run.smithi094.stdout:/usr/bin/ceph: stderr
2024-04-06T03:31:52.453+0000 7f39d421d700 1 -- 172.21.15.94:0/2354435095 --> [v2:172.21.15.94:3300/0,v1:172.21.15.94:6789/0] -- mon_subscribe({osdmap=0}) v3 -- 0x7f39cc112960 con 0x7f39cc100c00
2024-04-06T03:31:53.856 INFO:teuthology.orchestra.run.smithi094.stdout:/usr/bin/ceph: stderr
2024-04-06T03:31:52.454+0000 7f39ca7fc700 1 -- 172.21.15.94:0/2354435095 <== mon.0 v2:172.21.15.94:3300/0 4 ==== mgrmap(e 8) v1 ==== 43368+0+0 (secure 0 0 0) 0x7f39c4019070 con 0x7f39cc100c00
2024-04-06T03:31:53.857 INFO:teuthology.orchestra.run.smithi094.stdout:/usr/bin/ceph: stderr
2024-04-06T03:31:52.454+0000 7f39ca7fc700 1 --2- 172.21.15.94:0/2354435095 >> [v2:172.21.15.94:6800/682257512,v1:172.21.15.94:6801/682257512] conn(0x7f39b4036790 0x7f39b4038c40 unknown :-1 s=NONE pgs=0 cs=0 l=1 rev1=0 crypto rx=0 tx=0 comp rx=0 tx=0).connect
2024-04-06T03:31:53.857 INFO:teuthology.orchestra.run.smithi094.stdout:/usr/bin/ceph: stderr
2024-04-06T03:31:52.454+0000 7f39ca7fc700 1 -- 172.21.15.94:0/2354435095 <== mon.0 v2:172.21.15.94:3300/0 5 ==== osd_map(2..2 src has 1..2) v4 ==== 936+0+0 (secure 0 0 0) 0x7f39c4049ea0 con 0x7f39cc100c00
2024-04-06T03:31:53.857 INFO:teuthology.orchestra.run.smithi094.stdout:/usr/bin/ceph: stderr
2024-04-06T03:31:52.454+0000 7f39d421d700 1 -- 172.21.15.94:0/2354435095 --> [v2:172.21.15.94:3300/0,v1:172.21.15.94:6789/0] -- mon_command({"prefix": "get_command_descriptions"} v 0) v1 -- 0x7f39cc05f5f0 con 0x7f39cc100c00
2024-04-06T03:31:53.857 INFO:teuthology.orchestra.run.smithi094.stdout:/usr/bin/ceph: stderr
2024-04-06T03:31:52.454+0000 7f39d17b8700 1 --2- 172.21.15.94:0/2354435095 >> [v2:172.21.15.94:6800/682257512,v1:172.21.15.94:6801/682257512] conn(0x7f39b4036790 0x7f39b4038c40 unknown :-1 s=BANNER_CONNECTING pgs=0 cs=0 l=1 rev1=0 crypto rx=0 tx=0 comp rx=0 tx=0)._handle_peer_banner_payload supported=3 required=0
2024-04-06T03:31:53.857 INFO:teuthology.orchestra.run.smithi094.stdout:/usr/bin/ceph: stderr
2024-04-06T03:31:52.455+0000 7f39d17b8700 1 --2- 172.21.15.94:0/2354435095 >> [v2:172.21.15.94:6800/682257512,v1:172.21.15.94:6801/682257512] conn(0x7f39b4036790 0x7f39b4038c40 secure :-1 s=READY pgs=14 cs=0 l=1 rev1=1 crypto rx=0x7f39c0009990 tx=0x7f39c0006e40 comp rx=0 tx=0).ready entity=mgr.14120 client_cookie=0 server_cookie=0 in_seq=0 out_seq=0
2024-04-06T03:31:53.857 INFO:teuthology.orchestra.run.smithi094.stdout:/usr/bin/ceph: stderr
2024-04-06T03:31:52.459+0000 7f39ca7fc700 1 -- 172.21.15.94:0/2354435095 <== mon.0 v2:172.21.15.94:3300/0 6 ==== mon_command_ack([{"prefix": "get_command_descriptions"}]=0 v0) v1 ==== 72+0+176504 (secure 0 0 0) 0x7f39c4017080 con 0x7f39cc100c00
2024-04-06T03:31:53.857 INFO:teuthology.orchestra.run.smithi094.stdout:/usr/bin/ceph: stderr
2024-04-06T03:31:52.658+0000 7f39d421d700 1 -- 172.21.15.94:0/2354435095 --> [v2:172.21.15.94:6800/682257512,v1:172.21.15.94:6801/682257512] -- mgr_command(tid 0: {"prefix": "orch apply", "service_type": "crash", "target": ["mon-mgr", ""]}) v1 -- 0x7f39cc0fdac0 con 0x7f39b4036790
2024-04-06T03:31:53.857 INFO:teuthology.orchestra.run.smithi094.stdout:/usr/bin/ceph: stderr
2024-04-06T03:31:52.663+0000 7f39ca7fc700 1 -- 172.21.15.94:0/2354435095 <== mgr.14120 v2:172.21.15.94:6800/682257512 1 ==== mgr_command_reply(tid 0: 0 ) v1 ==== 8+0+26 (secure 0 0 0) 0x7f39cc0fdac0 con 0x7f39b4036790
2024-04-06T03:31:53.857 INFO:teuthology.orchestra.run.smithi094.stdout:/usr/bin/ceph: stderr
2024-04-06T03:31:52.665+0000 7f39d421d700 1 -- 172.21.15.94:0/2354435095 >> [v2:172.21.15.94:6800/682257512,v1:172.21.15.94:6801/682257512] conn(0x7f39b4036790 msgr2=0x7f39b4038c40 secure :-1 s=STATE_CONNECTION_ESTABLISHED l=1).mark_down
2024-04-06T03:31:53.857 INFO:teuthology.orchestra.run.smithi094.stdout:/usr/bin/ceph: stderr
2024-04-06T03:31:52.665+0000 7f39d421d700 1 --2- 172.21.15.94:0/2354435095 >> [v2:172.21.15.94:6800/682257512,v1:172.21.15.94:6801/682257512] conn(0x7f39b4036790 0x7f39b4038c40 secure :-1 s=READY pgs=14 cs=0 l=1 rev1=1 crypto rx=0x7f39c0009990 tx=0x7f39c0006e40 comp rx=0 tx=0).stop
2024-04-06T03:31:53.857 INFO:teuthology.orchestra.run.smithi094.stdout:/usr/bin/ceph: stderr
2024-04-06T03:31:52.665+0000 7f39d421d700 1 -- 172.21.15.94:0/2354435095 >> [v2:172.21.15.94:3300/0,v1:172.21.15.94:6789/0] conn(0x7f39cc100c00 msgr2=0x7f39cc1116b0 secure :-1 s=STATE_CONNECTION_ESTABLISHED l=1).mark_down
2024-04-06T03:31:53.857 INFO:teuthology.orchestra.run.smithi094.stdout:/usr/bin/ceph: stderr
2024-04-06T03:31:52.665+0000 7f39d421d700 1 --2- 172.21.15.94:0/2354435095 >> [v2:172.21.15.94:3300/0,v1:172.21.15.94:6789/0] conn(0x7f39cc100c00 0x7f39cc1116b0 secure :-1 s=READY pgs=52 cs=0 l=1 rev1=1 crypto rx=0x7f39c4009ab0 tx=0x7f39c4009840 comp rx=0 tx=0).stop
2024-04-06T03:31:53.857 INFO:teuthology.orchestra.run.smithi094.stdout:/usr/bin/ceph: stderr
2024-04-06T03:31:52.665+0000 7f39d421d700 1 -- 172.21.15.94:0/2354435095 shutdown_connections
2024-04-06T03:31:53.857 INFO:teuthology.orchestra.run.smithi094.stdout:/usr/bin/ceph: stderr
2024-04-06T03:31:52.665+0000 7f39d421d700 1 --2- 172.21.15.94:0/2354435095 >> [v2:172.21.15.94:6800/682257512,v1:172.21.15.94:6801/682257512] conn(0x7f39b4036790 0x7f39b4038c40 unknown :-1 s=CLOSED pgs=14 cs=0 l=1 rev1=1 crypto rx=0 tx=0 comp rx=0 tx=0).stop
2024-04-06T03:31:53.857 INFO:teuthology.orchestra.run.smithi094.stdout:/usr/bin/ceph: stderr
2024-04-06T03:31:52.665+0000 7f39d421d700 1 --2- 172.21.15.94:0/2354435095 >> [v2:172.21.15.94:3300/0,v1:172.21.15.94:6789/0] conn(0x7f39cc100c00 0x7f39cc1116b0 unknown :-1 s=CLOSED pgs=52 cs=0 l=1 rev1=1 crypto rx=0 tx=0 comp rx=0 tx=0).stop
2024-04-06T03:31:53.858 INFO:teuthology.orchestra.run.smithi094.stdout:/usr/bin/ceph: stderr
2024-04-06T03:31:52.665+0000 7f39d421d700 1 -- 172.21.15.94:0/2354435095 >> 172.21.15.94:0/2354435095 conn(0x7f39cc0fc6e0 msgr2=0x7f39cc0fd2f0 unknown :-1 s=STATE_NONE l=0).mark_down
2024-04-06T03:31:53.858 INFO:teuthology.orchestra.run.smithi094.stdout:/usr/bin/ceph: stderr
2024-04-06T03:31:52.665+0000 7f39d421d700 1 -- 172.21.15.94:0/2354435095 shutdown_connections
2024-04-06T03:31:53.858 INFO:teuthology.orchestra.run.smithi094.stdout:/usr/bin/ceph: stderr
2024-04-06T03:31:52.665+0000 7f39d421d700 1 -- 172.21.15.94:0/2354435095 wait complete.
2024-04-06T03:31:53.858 INFO:teuthology.orchestra.run.smithi094.stdout:Deploying prometheus service with default placement...
2024-04-06T03:31:55.053 INFO:journalctl@ceph.mon.smithi094.smithi094.stdout:Apr 06 03:31:54 smithi094 ceph-mon[29713]: from='mgr.14120 172.21.15.94:0/1372463263' entity='mgr.smithi094.purlzp'
2024-04-06T03:31:55.054 INFO:journalctl@ceph.mon.smithi094.smithi094.stdout:Apr 06 03:31:54 smithi094 ceph-mon[29713]: from='mgr.14120 172.21.15.94:0/1372463263' entity='mgr.smithi094.purlzp'
2024-04-06T03:31:55.614 INFO:teuthology.orchestra.run.smithi094.stdout:/usr/bin/ceph: stdout Scheduled prometheus update...
2024-04-06T03:31:55.614 INFO:teuthology.orchestra.run.smithi094.stdout:/usr/bin/ceph: stderr
2024-04-06T03:31:54.273+0000 7f89d86e5700 1 Processor -- start
2024-04-06T03:31:55.614 INFO:teuthology.orchestra.run.smithi094.stdout:/usr/bin/ceph: stderr
2024-04-06T03:31:54.273+0000 7f89d86e5700 1 -- start start
2024-04-06T03:31:55.614 INFO:teuthology.orchestra.run.smithi094.stdout:/usr/bin/ceph: stderr
2024-04-06T03:31:54.273+0000 7f89d86e5700 1 --2- >> [v2:172.21.15.94:3300/0,v1:172.21.15.94:6789/0] conn(0x7f89d0076c90 0x7f89d0105420 unknown :-1 s=NONE pgs=0 cs=0 l=0 rev1=0 crypto rx=0 tx=0 comp rx=0 tx=0).connect
2024-04-06T03:31:55.614 INFO:teuthology.orchestra.run.smithi094.stdout:/usr/bin/ceph: stderr
2024-04-06T03:31:54.273+0000 7f89d86e5700 1 -- --> [v2:172.21.15.94:3300/0,v1:172.21.15.94:6789/0] -- mon_getmap magic: 0 v1 -- 0x7f89d0105960 con 0x7f89d0076c90
2024-04-06T03:31:55.614 INFO:teuthology.orchestra.run.smithi094.stdout:/usr/bin/ceph: stderr
2024-04-06T03:31:54.273+0000 7f89d6481700 1 --2- >> [v2:172.21.15.94:3300/0,v1:172.21.15.94:6789/0] conn(0x7f89d0076c90 0x7f89d0105420 unknown :-1 s=BANNER_CONNECTING pgs=0 cs=0 l=0 rev1=0 crypto rx=0 tx=0 comp rx=0 tx=0)._handle_peer_banner_payload supported=3 required=0
2024-04-06T03:31:55.614 INFO:teuthology.orchestra.run.smithi094.stdout:/usr/bin/ceph: stderr
2024-04-06T03:31:54.273+0000 7f89d6481700 1 --2- >> [v2:172.21.15.94:3300/0,v1:172.21.15.94:6789/0] conn(0x7f89d0076c90 0x7f89d0105420 unknown :-1 s=HELLO_CONNECTING pgs=0 cs=0 l=0 rev1=1 crypto rx=0 tx=0 comp rx=0 tx=0).handle_hello peer v2:172.21.15.94:3300/0 says I am v2:172.21.15.94:57168/0 (socket says 172.21.15.94:57168)
2024-04-06T03:31:55.614 INFO:teuthology.orchestra.run.smithi094.stdout:/usr/bin/ceph: stderr
2024-04-06T03:31:54.273+0000 7f89d6481700 1 -- 172.21.15.94:0/922773816 learned_addr learned my addr 172.21.15.94:0/922773816 (peer_addr_for_me v2:172.21.15.94:0/0)
2024-04-06T03:31:55.615 INFO:teuthology.orchestra.run.smithi094.stdout:/usr/bin/ceph: stderr
2024-04-06T03:31:54.274+0000 7f89d6481700 1 -- 172.21.15.94:0/922773816 --> [v2:172.21.15.94:3300/0,v1:172.21.15.94:6789/0] -- mon_subscribe({config=0+,monmap=0+}) v3 -- 0x7f89d0105aa0 con 0x7f89d0076c90
2024-04-06T03:31:55.615 INFO:teuthology.orchestra.run.smithi094.stdout:/usr/bin/ceph: stderr
2024-04-06T03:31:54.274+0000 7f89d6481700 1 --2- 172.21.15.94:0/922773816 >> [v2:172.21.15.94:3300/0,v1:172.21.15.94:6789/0] conn(0x7f89d0076c90 0x7f89d0105420 secure :-1 s=READY pgs=53 cs=0 l=1 rev1=1 crypto rx=0x7f89cc0098e0 tx=0x7f89cc009250 comp rx=0 tx=0).ready entity=mon.0 client_cookie=edada6bb1087a8fd server_cookie=0 in_seq=0 out_seq=0
2024-04-06T03:31:55.615 INFO:teuthology.orchestra.run.smithi094.stdout:/usr/bin/ceph: stderr
2024-04-06T03:31:54.274+0000 7f89d547f700 1 -- 172.21.15.94:0/922773816 <== mon.0 v2:172.21.15.94:3300/0 1 ==== mon_map magic: 0 v1 ==== 229+0+0 (secure 0 0 0) 0x7f89cc00b860 con 0x7f89d0076c90
2024-04-06T03:31:55.615 INFO:teuthology.orchestra.run.smithi094.stdout:/usr/bin/ceph: stderr
2024-04-06T03:31:54.274+0000 7f89d547f700 1 -- 172.21.15.94:0/922773816 <== mon.0 v2:172.21.15.94:3300/0 2 ==== config(27 keys) v1 ==== 1109+0+0 (secure 0 0 0) 0x7f89cc00be90 con 0x7f89d0076c90
2024-04-06T03:31:55.615 INFO:teuthology.orchestra.run.smithi094.stdout:/usr/bin/ceph: stderr
2024-04-06T03:31:54.274+0000 7f89d547f700 1 -- 172.21.15.94:0/922773816 <== mon.0 v2:172.21.15.94:3300/0 3 ==== mon_map magic: 0 v1 ==== 229+0+0 (secure 0 0 0) 0x7f89cc0103c0 con 0x7f89d0076c90
2024-04-06T03:31:55.615 INFO:teuthology.orchestra.run.smithi094.stdout:/usr/bin/ceph: stderr
2024-04-06T03:31:54.274+0000 7f89d86e5700 1 -- 172.21.15.94:0/922773816 >> [v2:172.21.15.94:3300/0,v1:172.21.15.94:6789/0] conn(0x7f89d0076c90 msgr2=0x7f89d0105420 secure :-1 s=STATE_CONNECTION_ESTABLISHED l=1).mark_down
2024-04-06T03:31:55.615 INFO:teuthology.orchestra.run.smithi094.stdout:/usr/bin/ceph: stderr
2024-04-06T03:31:54.274+0000 7f89d86e5700 1 --2- 172.21.15.94:0/922773816 >> [v2:172.21.15.94:3300/0,v1:172.21.15.94:6789/0] conn(0x7f89d0076c90 0x7f89d0105420 secure :-1 s=READY pgs=53 cs=0 l=1 rev1=1 crypto rx=0x7f89cc0098e0 tx=0x7f89cc009250 comp rx=0 tx=0).stop
2024-04-06T03:31:55.615 INFO:teuthology.orchestra.run.smithi094.stdout:/usr/bin/ceph: stderr
2024-04-06T03:31:54.275+0000 7f89d86e5700 1 -- 172.21.15.94:0/922773816 shutdown_connections
2024-04-06T03:31:55.615 INFO:teuthology.orchestra.run.smithi094.stdout:/usr/bin/ceph: stderr
2024-04-06T03:31:54.275+0000 7f89d86e5700 1 --2- 172.21.15.94:0/922773816 >> [v2:172.21.15.94:3300/0,v1:172.21.15.94:6789/0] conn(0x7f89d0076c90 0x7f89d0105420 unknown :-1 s=CLOSED pgs=53 cs=0 l=1 rev1=1 crypto rx=0 tx=0 comp rx=0 tx=0).stop
2024-04-06T03:31:55.615 INFO:teuthology.orchestra.run.smithi094.stdout:/usr/bin/ceph: stderr
2024-04-06T03:31:54.275+0000 7f89d86e5700 1 -- 172.21.15.94:0/922773816 >> 172.21.15.94:0/922773816 conn(0x7f89d00fcf30 msgr2=0x7f89d00ff340 unknown :-1 s=STATE_NONE l=0).mark_down
2024-04-06T03:31:55.615 INFO:teuthology.orchestra.run.smithi094.stdout:/usr/bin/ceph: stderr
2024-04-06T03:31:54.275+0000 7f89d86e5700 1 -- 172.21.15.94:0/922773816 shutdown_connections
2024-04-06T03:31:55.615 INFO:teuthology.orchestra.run.smithi094.stdout:/usr/bin/ceph: stderr
2024-04-06T03:31:54.275+0000 7f89d86e5700 1 -- 172.21.15.94:0/922773816 wait complete.
2024-04-06T03:31:55.615 INFO:teuthology.orchestra.run.smithi094.stdout:/usr/bin/ceph: stderr
2024-04-06T03:31:54.275+0000 7f89d86e5700 1 Processor -- start
2024-04-06T03:31:55.615 INFO:teuthology.orchestra.run.smithi094.stdout:/usr/bin/ceph: stderr
2024-04-06T03:31:54.275+0000 7f89d86e5700 1 -- start start
2024-04-06T03:31:55.616 INFO:teuthology.orchestra.run.smithi094.stdout:/usr/bin/ceph: stderr
2024-04-06T03:31:54.275+0000 7f89d86e5700 1 --2- >> [v2:172.21.15.94:3300/0,v1:172.21.15.94:6789/0] conn(0x7f89d0076c90 0x7f89d0111710 unknown :-1 s=NONE pgs=0 cs=0 l=1 rev1=0 crypto rx=0 tx=0 comp rx=0 tx=0).connect
2024-04-06T03:31:55.616 INFO:teuthology.orchestra.run.smithi094.stdout:/usr/bin/ceph: stderr
2024-04-06T03:31:54.275+0000 7f89d86e5700 1 -- --> [v2:172.21.15.94:3300/0,v1:172.21.15.94:6789/0] -- mon_getmap magic: 0 v1 -- 0x7f89d0111c50 con 0x7f89d0076c90
2024-04-06T03:31:55.616 INFO:teuthology.orchestra.run.smithi094.stdout:/usr/bin/ceph: stderr
2024-04-06T03:31:54.275+0000 7f89d6481700 1 --2- >> [v2:172.21.15.94:3300/0,v1:172.21.15.94:6789/0] conn(0x7f89d0076c90 0x7f89d0111710 unknown :-1 s=BANNER_CONNECTING pgs=0 cs=0 l=1 rev1=0 crypto rx=0 tx=0 comp rx=0 tx=0)._handle_peer_banner_payload supported=3 required=0
2024-04-06T03:31:55.616 INFO:teuthology.orchestra.run.smithi094.stdout:/usr/bin/ceph: stderr
2024-04-06T03:31:54.275+0000 7f89d6481700 1 --2- >> [v2:172.21.15.94:3300/0,v1:172.21.15.94:6789/0] conn(0x7f89d0076c90 0x7f89d0111710 unknown :-1 s=HELLO_CONNECTING pgs=0 cs=0 l=1 rev1=1 crypto rx=0 tx=0 comp rx=0 tx=0).handle_hello peer v2:172.21.15.94:3300/0 says I am v2:172.21.15.94:57176/0 (socket says 172.21.15.94:57176)
2024-04-06T03:31:55.616 INFO:teuthology.orchestra.run.smithi094.stdout:/usr/bin/ceph: stderr
2024-04-06T03:31:54.275+0000 7f89d6481700 1 -- 172.21.15.94:0/91846101 learned_addr learned my addr 172.21.15.94:0/91846101 (peer_addr_for_me v2:172.21.15.94:0/0)
2024-04-06T03:31:55.616 INFO:teuthology.orchestra.run.smithi094.stdout:/usr/bin/ceph: stderr
2024-04-06T03:31:54.276+0000 7f89d6481700 1 -- 172.21.15.94:0/91846101 --> [v2:172.21.15.94:3300/0,v1:172.21.15.94:6789/0] -- mon_subscribe({config=0+,monmap=0+}) v3 -- 0x7f89cc0094f0 con 0x7f89d0076c90
2024-04-06T03:31:55.616 INFO:teuthology.orchestra.run.smithi094.stdout:/usr/bin/ceph: stderr
2024-04-06T03:31:54.276+0000 7f89d6481700 1 --2- 172.21.15.94:0/91846101 >> [v2:172.21.15.94:3300/0,v1:172.21.15.94:6789/0] conn(0x7f89d0076c90 0x7f89d0111710 secure :-1 s=READY pgs=54 cs=0 l=1 rev1=1 crypto rx=0x7f89cc0105b0 tx=0x7f89cc009250 comp rx=0 tx=0).ready entity=mon.0 client_cookie=0 server_cookie=0 in_seq=0 out_seq=0
2024-04-06T03:31:55.616 INFO:teuthology.orchestra.run.smithi094.stdout:/usr/bin/ceph: stderr
2024-04-06T03:31:54.276+0000 7f89c6ffd700 1 -- 172.21.15.94:0/91846101 <== mon.0 v2:172.21.15.94:3300/0 1 ==== mon_map magic: 0 v1 ==== 229+0+0 (secure 0 0 0) 0x7f89cc010840 con 0x7f89d0076c90
2024-04-06T03:31:55.616 INFO:teuthology.orchestra.run.smithi094.stdout:/usr/bin/ceph: stderr
2024-04-06T03:31:54.276+0000 7f89c6ffd700 1 -- 172.21.15.94:0/91846101 <== mon.0 v2:172.21.15.94:3300/0 2 ==== config(27 keys) v1 ==== 1109+0+0 (secure 0 0 0) 0x7f89cc010e70 con 0x7f89d0076c90
2024-04-06T03:31:55.616 INFO:teuthology.orchestra.run.smithi094.stdout:/usr/bin/ceph: stderr
2024-04-06T03:31:54.276+0000 7f89d86e5700 1 -- 172.21.15.94:0/91846101 --> [v2:172.21.15.94:3300/0,v1:172.21.15.94:6789/0] -- mon_subscribe({mgrmap=0+}) v3 -- 0x7f89d0111e50 con 0x7f89d0076c90
2024-04-06T03:31:55.616 INFO:teuthology.orchestra.run.smithi094.stdout:/usr/bin/ceph: stderr
2024-04-06T03:31:54.276+0000 7f89c6ffd700 1 -- 172.21.15.94:0/91846101 <== mon.0 v2:172.21.15.94:3300/0 3 ==== mon_map magic: 0 v1 ==== 229+0+0 (secure 0 0 0) 0x7f89cc01ae30 con 0x7f89d0076c90
2024-04-06T03:31:55.616 INFO:teuthology.orchestra.run.smithi094.stdout:/usr/bin/ceph: stderr
2024-04-06T03:31:54.276+0000 7f89d86e5700 1 -- 172.21.15.94:0/91846101 --> [v2:172.21.15.94:3300/0,v1:172.21.15.94:6789/0] -- mon_subscribe({osdmap=0}) v3 -- 0x7f89d01129c0 con 0x7f89d0076c90
2024-04-06T03:31:55.616 INFO:teuthology.orchestra.run.smithi094.stdout:/usr/bin/ceph: stderr
2024-04-06T03:31:54.277+0000 7f89c6ffd700 1 -- 172.21.15.94:0/91846101 <== mon.0 v2:172.21.15.94:3300/0 4 ==== mgrmap(e 8) v1 ==== 43368+0+0 (secure 0 0 0) 0x7f89cc02d3f0 con 0x7f89d0076c90
2024-04-06T03:31:55.617 INFO:teuthology.orchestra.run.smithi094.stdout:/usr/bin/ceph: stderr
2024-04-06T03:31:54.277+0000 7f89c6ffd700 1 --2- 172.21.15.94:0/91846101 >> [v2:172.21.15.94:6800/682257512,v1:172.21.15.94:6801/682257512] conn(0x7f89bc0367e0 0x7f89bc038c90 unknown :-1 s=NONE pgs=0 cs=0 l=1 rev1=0 crypto rx=0 tx=0 comp rx=0 tx=0).connect
2024-04-06T03:31:55.617 INFO:teuthology.orchestra.run.smithi094.stdout:/usr/bin/ceph: stderr
2024-04-06T03:31:54.277+0000 7f89c6ffd700 1 -- 172.21.15.94:0/91846101 <== mon.0 v2:172.21.15.94:3300/0 5 ==== osd_map(2..2 src has 1..2) v4 ==== 936+0+0 (secure 0 0 0) 0x7f89cc04a1a0 con 0x7f89d0076c90
2024-04-06T03:31:55.617 INFO:teuthology.orchestra.run.smithi094.stdout:/usr/bin/ceph: stderr
2024-04-06T03:31:54.277+0000 7f89d5c80700 1 --2- 172.21.15.94:0/91846101 >> [v2:172.21.15.94:6800/682257512,v1:172.21.15.94:6801/682257512] conn(0x7f89bc0367e0 0x7f89bc038c90 unknown :-1 s=BANNER_CONNECTING pgs=0 cs=0 l=1 rev1=0 crypto rx=0 tx=0 comp rx=0 tx=0)._handle_peer_banner_payload supported=3 required=0
2024-04-06T03:31:55.617 INFO:teuthology.orchestra.run.smithi094.stdout:/usr/bin/ceph: stderr
2024-04-06T03:31:54.277+0000 7f89d86e5700 1 -- 172.21.15.94:0/91846101 --> [v2:172.21.15.94:3300/0,v1:172.21.15.94:6789/0] -- mon_command({"prefix": "get_command_descriptions"} v 0) v1 -- 0x7f89d005f5f0 con 0x7f89d0076c90
2024-04-06T03:31:55.617 INFO:teuthology.orchestra.run.smithi094.stdout:/usr/bin/ceph: stderr
2024-04-06T03:31:54.277+0000 7f89d5c80700 1 --2- 172.21.15.94:0/91846101 >> [v2:172.21.15.94:6800/682257512,v1:172.21.15.94:6801/682257512] conn(0x7f89bc0367e0 0x7f89bc038c90 secure :-1 s=READY pgs=15 cs=0 l=1 rev1=1 crypto rx=0x7f89c0009990 tx=0x7f89c0006e40 comp rx=0 tx=0).ready entity=mgr.14120 client_cookie=0 server_cookie=0 in_seq=0 out_seq=0
2024-04-06T03:31:55.617 INFO:teuthology.orchestra.run.smithi094.stdout:/usr/bin/ceph: stderr
2024-04-06T03:31:54.282+0000 7f89c6ffd700 1 -- 172.21.15.94:0/91846101 <== mon.0 v2:172.21.15.94:3300/0 6 ==== mon_command_ack([{"prefix": "get_command_descriptions"}]=0 v0) v1 ==== 72+0+176504 (secure 0 0 0) 0x7f89cc02b8e0 con 0x7f89d0076c90
2024-04-06T03:31:55.617 INFO:teuthology.orchestra.run.smithi094.stdout:/usr/bin/ceph: stderr
2024-04-06T03:31:54.506+0000 7f89d86e5700 1 -- 172.21.15.94:0/91846101 --> [v2:172.21.15.94:6800/682257512,v1:172.21.15.94:6801/682257512] -- mgr_command(tid 0: {"prefix": "orch apply", "service_type": "prometheus", "target": ["mon-mgr", ""]}) v1 -- 0x7f89d00fe270 con 0x7f89bc0367e0
2024-04-06T03:31:55.617 INFO:teuthology.orchestra.run.smithi094.stdout:/usr/bin/ceph: stderr
2024-04-06T03:31:54.510+0000 7f89c6ffd700 1 -- 172.21.15.94:0/91846101 <== mgr.14120 v2:172.21.15.94:6800/682257512 1 ==== mgr_command_reply(tid 0: 0 ) v1 ==== 8+0+31 (secure 0 0 0) 0x7f89d00fe270 con 0x7f89bc0367e0
2024-04-06T03:31:55.617 INFO:teuthology.orchestra.run.smithi094.stdout:/usr/bin/ceph: stderr
2024-04-06T03:31:54.512+0000 7f89d86e5700 1 -- 172.21.15.94:0/91846101 >> [v2:172.21.15.94:6800/682257512,v1:172.21.15.94:6801/682257512] conn(0x7f89bc0367e0 msgr2=0x7f89bc038c90 secure :-1 s=STATE_CONNECTION_ESTABLISHED l=1).mark_down
2024-04-06T03:31:55.617 INFO:teuthology.orchestra.run.smithi094.stdout:/usr/bin/ceph: stderr
2024-04-06T03:31:54.512+0000 7f89d86e5700 1 --2- 172.21.15.94:0/91846101 >> [v2:172.21.15.94:6800/682257512,v1:172.21.15.94:6801/682257512] conn(0x7f89bc0367e0 0x7f89bc038c90 secure :-1 s=READY pgs=15 cs=0 l=1 rev1=1 crypto rx=0x7f89c0009990 tx=0x7f89c0006e40 comp rx=0 tx=0).stop
2024-04-06T03:31:55.618 INFO:teuthology.orchestra.run.smithi094.stdout:/usr/bin/ceph: stderr
2024-04-06T03:31:54.512+0000 7f89d86e5700 1 -- 172.21.15.94:0/91846101 >> [v2:172.21.15.94:3300/0,v1:172.21.15.94:6789/0] conn(0x7f89d0076c90 msgr2=0x7f89d0111710 secure :-1 s=STATE_CONNECTION_ESTABLISHED l=1).mark_down
2024-04-06T03:31:55.618 INFO:teuthology.orchestra.run.smithi094.stdout:/usr/bin/ceph: stderr
2024-04-06T03:31:54.512+0000 7f89d86e5700 1 --2- 172.21.15.94:0/91846101 >> [v2:172.21.15.94:3300/0,v1:172.21.15.94:6789/0] conn(0x7f89d0076c90 0x7f89d0111710 secure :-1 s=READY pgs=54 cs=0 l=1 rev1=1 crypto rx=0x7f89cc0105b0 tx=0x7f89cc009250 comp rx=0 tx=0).stop
2024-04-06T03:31:55.618 INFO:teuthology.orchestra.run.smithi094.stdout:/usr/bin/ceph: stderr
2024-04-06T03:31:54.512+0000 7f89d86e5700 1 -- 172.21.15.94:0/91846101 shutdown_connections
2024-04-06T03:31:55.618 INFO:teuthology.orchestra.run.smithi094.stdout:/usr/bin/ceph: stderr
2024-04-06T03:31:54.512+0000 7f89d86e5700 1 --2- 172.21.15.94:0/91846101 >> [v2:172.21.15.94:6800/682257512,v1:172.21.15.94:6801/682257512] conn(0x7f89bc0367e0 0x7f89bc038c90 unknown :-1 s=CLOSED pgs=15 cs=0 l=1 rev1=1 crypto rx=0 tx=0 comp rx=0 tx=0).stop
2024-04-06T03:31:55.618 INFO:teuthology.orchestra.run.smithi094.stdout:/usr/bin/ceph: stderr
2024-04-06T03:31:54.512+0000 7f89d86e5700 1 --2- 172.21.15.94:0/91846101 >> [v2:172.21.15.94:3300/0,v1:172.21.15.94:6789/0] conn(0x7f89d0076c90 0x7f89d0111710 unknown :-1 s=CLOSED pgs=54 cs=0 l=1 rev1=1 crypto rx=0 tx=0 comp rx=0 tx=0).stop
2024-04-06T03:31:55.618 INFO:teuthology.orchestra.run.smithi094.stdout:/usr/bin/ceph: stderr
2024-04-06T03:31:54.512+0000 7f89d86e5700 1 -- 172.21.15.94:0/91846101 >> 172.21.15.94:0/91846101 conn(0x7f89d00fcf30 msgr2=0x7f89d00fdb20 unknown :-1 s=STATE_NONE l=0).mark_down
2024-04-06T03:31:55.618 INFO:teuthology.orchestra.run.smithi094.stdout:/usr/bin/ceph: stderr
2024-04-06T03:31:54.513+0000 7f89d86e5700 1 -- 172.21.15.94:0/91846101 shutdown_connections
2024-04-06T03:31:55.618 INFO:teuthology.orchestra.run.smithi094.stdout:/usr/bin/ceph: stderr
2024-04-06T03:31:54.513+0000 7f89d86e5700 1 -- 172.21.15.94:0/91846101 wait complete.
2024-04-06T03:31:55.619 INFO:teuthology.orchestra.run.smithi094.stdout:Deploying grafana service with default placement...
2024-04-06T03:31:56.166 INFO:journalctl@ceph.mon.smithi094.smithi094.stdout:Apr 06 03:31:55 smithi094 ceph-mon[29713]: from='client.14148 -' entity='client.admin' cmd=[{"prefix": "orch apply", "service_type": "prometheus", "target": ["mon-mgr", ""]}]: dispatch
2024-04-06T03:31:56.167 INFO:journalctl@ceph.mon.smithi094.smithi094.stdout:Apr 06 03:31:55 smithi094 ceph-mon[29713]: Saving service prometheus spec with placement count:1
2024-04-06T03:31:56.167 INFO:journalctl@ceph.mon.smithi094.smithi094.stdout:Apr 06 03:31:55 smithi094 ceph-mon[29713]: from='mgr.14120 172.21.15.94:0/1372463263' entity='mgr.smithi094.purlzp'
2024-04-06T03:31:56.912 INFO:teuthology.orchestra.run.smithi094.stdout:/usr/bin/ceph: stdout Scheduled grafana update...
2024-04-06T03:31:56.912 INFO:teuthology.orchestra.run.smithi094.stdout:/usr/bin/ceph: stderr
2024-04-06T03:31:56.092+0000 7fbb2e384700 1 Processor -- start
2024-04-06T03:31:56.912 INFO:teuthology.orchestra.run.smithi094.stdout:/usr/bin/ceph: stderr
2024-04-06T03:31:56.092+0000 7fbb2e384700 1 -- start start
2024-04-06T03:31:56.912 INFO:teuthology.orchestra.run.smithi094.stdout:/usr/bin/ceph: stderr
2024-04-06T03:31:56.092+0000 7fbb2e384700 1 --2- >> [v2:172.21.15.94:3300/0,v1:172.21.15.94:6789/0] conn(0x7fbb28102df0 0x7fbb28103200 unknown :-1 s=NONE pgs=0 cs=0 l=0 rev1=0 crypto rx=0 tx=0 comp rx=0 tx=0).connect
2024-04-06T03:31:56.912 INFO:teuthology.orchestra.run.smithi094.stdout:/usr/bin/ceph: stderr
2024-04-06T03:31:56.092+0000 7fbb2e384700 1 -- --> [v2:172.21.15.94:3300/0,v1:172.21.15.94:6789/0] -- mon_getmap magic: 0 v1 -- 0x7fbb28103740 con 0x7fbb28102df0
2024-04-06T03:31:56.912 INFO:teuthology.orchestra.run.smithi094.stdout:/usr/bin/ceph: stderr
2024-04-06T03:31:56.092+0000 7fbb27fff700 1 --2- >> [v2:172.21.15.94:3300/0,v1:172.21.15.94:6789/0] conn(0x7fbb28102df0 0x7fbb28103200 unknown :-1 s=BANNER_CONNECTING pgs=0 cs=0 l=0 rev1=0 crypto rx=0 tx=0 comp rx=0 tx=0)._handle_peer_banner_payload supported=3 required=0
2024-04-06T03:31:56.912 INFO:teuthology.orchestra.run.smithi094.stdout:/usr/bin/ceph: stderr
2024-04-06T03:31:56.092+0000 7fbb27fff700 1 --2- >> [v2:172.21.15.94:3300/0,v1:172.21.15.94:6789/0] conn(0x7fbb28102df0 0x7fbb28103200 unknown :-1 s=HELLO_CONNECTING pgs=0 cs=0 l=0 rev1=1 crypto rx=0 tx=0 comp rx=0 tx=0).handle_hello peer v2:172.21.15.94:3300/0 says I am v2:172.21.15.94:57182/0 (socket says 172.21.15.94:57182)
2024-04-06T03:31:56.912 INFO:teuthology.orchestra.run.smithi094.stdout:/usr/bin/ceph: stderr
2024-04-06T03:31:56.092+0000 7fbb27fff700 1 -- 172.21.15.94:0/1087605403 learned_addr learned my addr 172.21.15.94:0/1087605403 (peer_addr_for_me v2:172.21.15.94:0/0)
2024-04-06T03:31:56.912 INFO:teuthology.orchestra.run.smithi094.stdout:/usr/bin/ceph: stderr
2024-04-06T03:31:56.093+0000 7fbb27fff700 1 -- 172.21.15.94:0/1087605403 --> [v2:172.21.15.94:3300/0,v1:172.21.15.94:6789/0] -- mon_subscribe({config=0+,monmap=0+}) v3 -- 0x7fbb28101480 con 0x7fbb28102df0
2024-04-06T03:31:56.913 INFO:teuthology.orchestra.run.smithi094.stdout:/usr/bin/ceph: stderr
2024-04-06T03:31:56.093+0000 7fbb27fff700 1 --2- 172.21.15.94:0/1087605403 >> [v2:172.21.15.94:3300/0,v1:172.21.15.94:6789/0] conn(0x7fbb28102df0 0x7fbb28103200 secure :-1 s=READY pgs=55 cs=0 l=1 rev1=1 crypto rx=0x7fbb180098e0 tx=0x7fbb18009250 comp rx=0 tx=0).ready entity=mon.0 client_cookie=1f71f04be4e6bbe0 server_cookie=0 in_seq=0 out_seq=0
2024-04-06T03:31:56.913 INFO:teuthology.orchestra.run.smithi094.stdout:/usr/bin/ceph: stderr
2024-04-06T03:31:56.093+0000 7fbb26ffd700 1 -- 172.21.15.94:0/1087605403 <== mon.0 v2:172.21.15.94:3300/0 1 ==== mon_map magic: 0 v1 ==== 229+0+0 (secure 0 0 0) 0x7fbb1800b860 con 0x7fbb28102df0
2024-04-06T03:31:56.913 INFO:teuthology.orchestra.run.smithi094.stdout:/usr/bin/ceph: stderr
2024-04-06T03:31:56.093+0000 7fbb26ffd700 1 -- 172.21.15.94:0/1087605403 <== mon.0 v2:172.21.15.94:3300/0 2 ==== config(27 keys) v1 ==== 1109+0+0 (secure 0 0 0) 0x7fbb1800be90 con 0x7fbb28102df0
2024-04-06T03:31:56.913 INFO:teuthology.orchestra.run.smithi094.stdout:/usr/bin/ceph: stderr
2024-04-06T03:31:56.093+0000 7fbb26ffd700 1 -- 172.21.15.94:0/1087605403 <== mon.0 v2:172.21.15.94:3300/0 3 ==== mon_map magic: 0 v1 ==== 229+0+0 (secure 0 0 0) 0x7fbb180103c0 con 0x7fbb28102df0
2024-04-06T03:31:56.913 INFO:teuthology.orchestra.run.smithi094.stdout:/usr/bin/ceph: stderr
2024-04-06T03:31:56.094+0000 7fbb2e384700 1 -- 172.21.15.94:0/1087605403 >> [v2:172.21.15.94:3300/0,v1:172.21.15.94:6789/0] conn(0x7fbb28102df0 msgr2=0x7fbb28103200 secure :-1 s=STATE_CONNECTION_ESTABLISHED l=1).mark_down
2024-04-06T03:31:56.913 INFO:teuthology.orchestra.run.smithi094.stdout:/usr/bin/ceph: stderr
2024-04-06T03:31:56.094+0000 7fbb2e384700 1 --2- 172.21.15.94:0/1087605403 >> [v2:172.21.15.94:3300/0,v1:172.21.15.94:6789/0] conn(0x7fbb28102df0 0x7fbb28103200 secure :-1 s=READY pgs=55 cs=0 l=1 rev1=1 crypto rx=0x7fbb180098e0 tx=0x7fbb18009250 comp rx=0 tx=0).stop
2024-04-06T03:31:56.913 INFO:teuthology.orchestra.run.smithi094.stdout:/usr/bin/ceph: stderr
2024-04-06T03:31:56.094+0000 7fbb2e384700 1 -- 172.21.15.94:0/1087605403 shutdown_connections
2024-04-06T03:31:56.913 INFO:teuthology.orchestra.run.smithi094.stdout:/usr/bin/ceph: stderr
2024-04-06T03:31:56.094+0000 7fbb2e384700 1 --2- 172.21.15.94:0/1087605403 >> [v2:172.21.15.94:3300/0,v1:172.21.15.94:6789/0] conn(0x7fbb28102df0 0x7fbb28103200 unknown :-1 s=CLOSED pgs=55 cs=0 l=1 rev1=1 crypto rx=0 tx=0 comp rx=0 tx=0).stop
2024-04-06T03:31:56.913 INFO:teuthology.orchestra.run.smithi094.stdout:/usr/bin/ceph: stderr
2024-04-06T03:31:56.094+0000 7fbb2e384700 1 -- 172.21.15.94:0/1087605403 >> 172.21.15.94:0/1087605403 conn(0x7fbb280fcf30 msgr2=0x7fbb280ff340 unknown :-1 s=STATE_NONE l=0).mark_down
2024-04-06T03:31:56.913 INFO:teuthology.orchestra.run.smithi094.stdout:/usr/bin/ceph: stderr
2024-04-06T03:31:56.094+0000 7fbb2e384700 1 -- 172.21.15.94:0/1087605403 shutdown_connections
2024-04-06T03:31:56.913 INFO:teuthology.orchestra.run.smithi094.stdout:/usr/bin/ceph: stderr
2024-04-06T03:31:56.094+0000 7fbb2e384700 1 -- 172.21.15.94:0/1087605403 wait complete.
2024-04-06T03:31:56.913 INFO:teuthology.orchestra.run.smithi094.stdout:/usr/bin/ceph: stderr
2024-04-06T03:31:56.094+0000 7fbb2e384700 1 Processor -- start
2024-04-06T03:31:56.913 INFO:teuthology.orchestra.run.smithi094.stdout:/usr/bin/ceph: stderr
2024-04-06T03:31:56.095+0000 7fbb2e384700 1 -- start start
2024-04-06T03:31:56.914 INFO:teuthology.orchestra.run.smithi094.stdout:/usr/bin/ceph: stderr
2024-04-06T03:31:56.095+0000 7fbb2e384700 1 --2- >> [v2:172.21.15.94:3300/0,v1:172.21.15.94:6789/0] conn(0x7fbb28102df0 0x7fbb281138d0 unknown :-1 s=NONE pgs=0 cs=0 l=1 rev1=0 crypto rx=0 tx=0 comp rx=0 tx=0).connect
2024-04-06T03:31:56.914 INFO:teuthology.orchestra.run.smithi094.stdout:/usr/bin/ceph: stderr
2024-04-06T03:31:56.095+0000 7fbb2e384700 1 -- --> [v2:172.21.15.94:3300/0,v1:172.21.15.94:6789/0] -- mon_getmap magic: 0 v1 -- 0x7fbb28113e10 con 0x7fbb28102df0
2024-04-06T03:31:56.914 INFO:teuthology.orchestra.run.smithi094.stdout:/usr/bin/ceph: stderr
2024-04-06T03:31:56.095+0000 7fbb27fff700 1 --2- >> [v2:172.21.15.94:3300/0,v1:172.21.15.94:6789/0] conn(0x7fbb28102df0 0x7fbb281138d0 unknown :-1 s=BANNER_CONNECTING pgs=0 cs=0 l=1 rev1=0 crypto rx=0 tx=0 comp rx=0 tx=0)._handle_peer_banner_payload supported=3 required=0
2024-04-06T03:31:56.914 INFO:teuthology.orchestra.run.smithi094.stdout:/usr/bin/ceph: stderr
2024-04-06T03:31:56.095+0000 7fbb27fff700 1 --2- >> [v2:172.21.15.94:3300/0,v1:172.21.15.94:6789/0] conn(0x7fbb28102df0 0x7fbb281138d0 unknown :-1 s=HELLO_CONNECTING pgs=0 cs=0 l=1 rev1=1 crypto rx=0 tx=0 comp rx=0 tx=0).handle_hello peer v2:172.21.15.94:3300/0 says I am v2:172.21.15.94:57188/0 (socket says 172.21.15.94:57188)
2024-04-06T03:31:56.914 INFO:teuthology.orchestra.run.smithi094.stdout:/usr/bin/ceph: stderr
