2024-04-06T03:31:46.238 INFO:teuthology.orchestra.run.smithi094.stdout:/usr/bin/ceph: stderr
2024-04-06T03:31:45.497+0000 7f5d0dac7700 1 --2- >> [v2:172.21.15.94:3300/0,v1:172.21.15.94:6789/0] conn(0x7f5d08102920 0x7f5d08078c40 unknown :-1 s=BANNER_CONNECTING pgs=0 cs=0 l=1 rev1=0 crypto rx=0 tx=0 comp rx=0 tx=0)._handle_peer_banner_payload supported=3 required=0
2024-04-06T03:31:46.238 INFO:teuthology.orchestra.run.smithi094.stdout:/usr/bin/ceph: stderr
2024-04-06T03:31:45.497+0000 7f5d0dac7700 1 --2- >> [v2:172.21.15.94:3300/0,v1:172.21.15.94:6789/0] conn(0x7f5d08102920 0x7f5d08078c40 unknown :-1 s=HELLO_CONNECTING pgs=0 cs=0 l=1 rev1=1 crypto rx=0 tx=0 comp rx=0 tx=0).handle_hello peer v2:172.21.15.94:3300/0 says I am v2:172.21.15.94:39532/0 (socket says 172.21.15.94:39532)
2024-04-06T03:31:46.238 INFO:teuthology.orchestra.run.smithi094.stdout:/usr/bin/ceph: stderr
2024-04-06T03:31:45.497+0000 7f5d0dac7700 1 -- 172.21.15.94:0/2198707359 learned_addr learned my addr 172.21.15.94:0/2198707359 (peer_addr_for_me v2:172.21.15.94:0/0)
2024-04-06T03:31:46.238 INFO:teuthology.orchestra.run.smithi094.stdout:/usr/bin/ceph: stderr
2024-04-06T03:31:45.497+0000 7f5d0dac7700 1 -- 172.21.15.94:0/2198707359 --> [v2:172.21.15.94:3300/0,v1:172.21.15.94:6789/0] -- mon_subscribe({config=0+,monmap=0+}) v3 -- 0x7f5d040094f0 con 0x7f5d08102920
2024-04-06T03:31:46.238 INFO:teuthology.orchestra.run.smithi094.stdout:/usr/bin/ceph: stderr
2024-04-06T03:31:45.497+0000 7f5d0dac7700 1 --2- 172.21.15.94:0/2198707359 >> [v2:172.21.15.94:3300/0,v1:172.21.15.94:6789/0] conn(0x7f5d08102920 0x7f5d08078c40 secure :-1 s=READY pgs=44 cs=0 l=1 rev1=1 crypto rx=0x7f5d0400b440 tx=0x7f5d04009250 comp rx=0 tx=0).ready entity=mon.0 client_cookie=0 server_cookie=0 in_seq=0 out_seq=0
2024-04-06T03:31:46.238 INFO:teuthology.orchestra.run.smithi094.stdout:/usr/bin/ceph: stderr
2024-04-06T03:31:45.498+0000 7f5cfe7fc700 1 -- 172.21.15.94:0/2198707359 <== mon.0 v2:172.21.15.94:3300/0 1 ==== mon_map magic: 0 v1 ==== 229+0+0 (secure 0 0 0) 0x7f5d04010760 con 0x7f5d08102920
2024-04-06T03:31:46.238 INFO:teuthology.orchestra.run.smithi094.stdout:/usr/bin/ceph: stderr
2024-04-06T03:31:45.498+0000 7f5cfe7fc700 1 -- 172.21.15.94:0/2198707359 <== mon.0 v2:172.21.15.94:3300/0 2 ==== config(27 keys) v1 ==== 1044+0+0 (secure 0 0 0) 0x7f5d04010d50 con 0x7f5d08102920
2024-04-06T03:31:46.238 INFO:teuthology.orchestra.run.smithi094.stdout:/usr/bin/ceph: stderr
2024-04-06T03:31:45.498+0000 7f5d0fd2b700 1 -- 172.21.15.94:0/2198707359 --> [v2:172.21.15.94:3300/0,v1:172.21.15.94:6789/0] -- mon_subscribe({mgrmap=0+}) v3 -- 0x7f5d080771f0 con 0x7f5d08102920
2024-04-06T03:31:46.239 INFO:teuthology.orchestra.run.smithi094.stdout:/usr/bin/ceph: stderr
2024-04-06T03:31:45.498+0000 7f5cfe7fc700 1 -- 172.21.15.94:0/2198707359 <== mon.0 v2:172.21.15.94:3300/0 3 ==== mon_map magic: 0 v1 ==== 229+0+0 (secure 0 0 0) 0x7f5d0401ae20 con 0x7f5d08102920
2024-04-06T03:31:46.239 INFO:teuthology.orchestra.run.smithi094.stdout:/usr/bin/ceph: stderr
2024-04-06T03:31:45.498+0000 7f5d0fd2b700 1 -- 172.21.15.94:0/2198707359 --> [v2:172.21.15.94:3300/0,v1:172.21.15.94:6789/0] -- mon_subscribe({osdmap=0}) v3 -- 0x7f5d080776e0 con 0x7f5d08102920
2024-04-06T03:31:46.239 INFO:teuthology.orchestra.run.smithi094.stdout:/usr/bin/ceph: stderr
2024-04-06T03:31:45.498+0000 7f5cfe7fc700 1 -- 172.21.15.94:0/2198707359 <== mon.0 v2:172.21.15.94:3300/0 4 ==== mgrmap(e 8) v1 ==== 43368+0+0 (secure 0 0 0) 0x7f5d040108c0 con 0x7f5d08102920
2024-04-06T03:31:46.239 INFO:teuthology.orchestra.run.smithi094.stdout:/usr/bin/ceph: stderr
2024-04-06T03:31:45.499+0000 7f5cfe7fc700 1 --2- 172.21.15.94:0/2198707359 >> [v2:172.21.15.94:6800/682257512,v1:172.21.15.94:6801/682257512] conn(0x7f5cf40367e0 0x7f5cf4038c90 unknown :-1 s=NONE pgs=0 cs=0 l=1 rev1=0 crypto rx=0 tx=0 comp rx=0 tx=0).connect
2024-04-06T03:31:46.239 INFO:teuthology.orchestra.run.smithi094.stdout:/usr/bin/ceph: stderr
2024-04-06T03:31:45.499+0000 7f5d0fd2b700 1 -- 172.21.15.94:0/2198707359 --> [v2:172.21.15.94:3300/0,v1:172.21.15.94:6789/0] -- mon_command({"prefix": "get_command_descriptions"} v 0) v1 -- 0x7f5d0804bed0 con 0x7f5d08102920
2024-04-06T03:31:46.239 INFO:teuthology.orchestra.run.smithi094.stdout:/usr/bin/ceph: stderr
2024-04-06T03:31:45.499+0000 7f5cfe7fc700 1 -- 172.21.15.94:0/2198707359 <== mon.0 v2:172.21.15.94:3300/0 5 ==== osd_map(2..2 src has 1..2) v4 ==== 936+0+0 (secure 0 0 0) 0x7f5d0404a5b0 con 0x7f5d08102920
2024-04-06T03:31:46.239 INFO:teuthology.orchestra.run.smithi094.stdout:/usr/bin/ceph: stderr
2024-04-06T03:31:45.499+0000 7f5d0d2c6700 1 --2- 172.21.15.94:0/2198707359 >> [v2:172.21.15.94:6800/682257512,v1:172.21.15.94:6801/682257512] conn(0x7f5cf40367e0 0x7f5cf4038c90 unknown :-1 s=BANNER_CONNECTING pgs=0 cs=0 l=1 rev1=0 crypto rx=0 tx=0 comp rx=0 tx=0)._handle_peer_banner_payload supported=3 required=0
2024-04-06T03:31:46.239 INFO:teuthology.orchestra.run.smithi094.stdout:/usr/bin/ceph: stderr
2024-04-06T03:31:45.499+0000 7f5d0d2c6700 1 --2- 172.21.15.94:0/2198707359 >> [v2:172.21.15.94:6800/682257512,v1:172.21.15.94:6801/682257512] conn(0x7f5cf40367e0 0x7f5cf4038c90 secure :-1 s=READY pgs=10 cs=0 l=1 rev1=1 crypto rx=0x7f5cf8009990 tx=0x7f5cf8006e40 comp rx=0 tx=0).ready entity=mgr.14120 client_cookie=0 server_cookie=0 in_seq=0 out_seq=0
2024-04-06T03:31:46.239 INFO:teuthology.orchestra.run.smithi094.stdout:/usr/bin/ceph: stderr
2024-04-06T03:31:45.503+0000 7f5cfe7fc700 1 -- 172.21.15.94:0/2198707359 <== mon.0 v2:172.21.15.94:3300/0 6 ==== mon_command_ack([{"prefix": "get_command_descriptions"}]=0 v0) v1 ==== 72+0+176504 (secure 0 0 0) 0x7f5d04079190 con 0x7f5d08102920
2024-04-06T03:31:46.239 INFO:teuthology.orchestra.run.smithi094.stdout:/usr/bin/ceph: stderr
2024-04-06T03:31:45.690+0000 7f5d0fd2b700 1 -- 172.21.15.94:0/2198707359 --> [v2:172.21.15.94:6800/682257512,v1:172.21.15.94:6801/682257512] -- mgr_command(tid 0: {"prefix": "cephadm get-pub-key", "target": ["mon-mgr", ""]}) v1 -- 0x7f5d08077df0 con 0x7f5cf40367e0
2024-04-06T03:31:46.239 INFO:teuthology.orchestra.run.smithi094.stdout:/usr/bin/ceph: stderr
2024-04-06T03:31:45.691+0000 7f5cfe7fc700 1 -- 172.21.15.94:0/2198707359 <== mgr.14120 v2:172.21.15.94:6800/682257512 1 ==== mgr_command_reply(tid 0: 0 ) v1 ==== 8+0+595 (secure 0 0 0) 0x7f5d08077df0 con 0x7f5cf40367e0
2024-04-06T03:31:46.239 INFO:teuthology.orchestra.run.smithi094.stdout:/usr/bin/ceph: stderr
2024-04-06T03:31:45.693+0000 7f5d0fd2b700 1 -- 172.21.15.94:0/2198707359 >> [v2:172.21.15.94:6800/682257512,v1:172.21.15.94:6801/682257512] conn(0x7f5cf40367e0 msgr2=0x7f5cf4038c90 secure :-1 s=STATE_CONNECTION_ESTABLISHED l=1).mark_down
2024-04-06T03:31:46.239 INFO:teuthology.orchestra.run.smithi094.stdout:/usr/bin/ceph: stderr
2024-04-06T03:31:45.693+0000 7f5d0fd2b700 1 --2- 172.21.15.94:0/2198707359 >> [v2:172.21.15.94:6800/682257512,v1:172.21.15.94:6801/682257512] conn(0x7f5cf40367e0 0x7f5cf4038c90 secure :-1 s=READY pgs=10 cs=0 l=1 rev1=1 crypto rx=0x7f5cf8009990 tx=0x7f5cf8006e40 comp rx=0 tx=0).stop
2024-04-06T03:31:46.239 INFO:teuthology.orchestra.run.smithi094.stdout:/usr/bin/ceph: stderr
2024-04-06T03:31:45.693+0000 7f5d0fd2b700 1 -- 172.21.15.94:0/2198707359 >> [v2:172.21.15.94:3300/0,v1:172.21.15.94:6789/0] conn(0x7f5d08102920 msgr2=0x7f5d08078c40 secure :-1 s=STATE_CONNECTION_ESTABLISHED l=1).mark_down
2024-04-06T03:31:46.239 INFO:teuthology.orchestra.run.smithi094.stdout:/usr/bin/ceph: stderr
2024-04-06T03:31:45.693+0000 7f5d0fd2b700 1 --2- 172.21.15.94:0/2198707359 >> [v2:172.21.15.94:3300/0,v1:172.21.15.94:6789/0] conn(0x7f5d08102920 0x7f5d08078c40 secure :-1 s=READY pgs=44 cs=0 l=1 rev1=1 crypto rx=0x7f5d0400b440 tx=0x7f5d04009250 comp rx=0 tx=0).stop
2024-04-06T03:31:46.239 INFO:teuthology.orchestra.run.smithi094.stdout:/usr/bin/ceph: stderr
2024-04-06T03:31:45.693+0000 7f5d0fd2b700 1 -- 172.21.15.94:0/2198707359 shutdown_connections
2024-04-06T03:31:46.240 INFO:teuthology.orchestra.run.smithi094.stdout:/usr/bin/ceph: stderr
2024-04-06T03:31:45.693+0000 7f5d0fd2b700 1 --2- 172.21.15.94:0/2198707359 >> [v2:172.21.15.94:6800/682257512,v1:172.21.15.94:6801/682257512] conn(0x7f5cf40367e0 0x7f5cf4038c90 unknown :-1 s=CLOSED pgs=10 cs=0 l=1 rev1=1 crypto rx=0 tx=0 comp rx=0 tx=0).stop
2024-04-06T03:31:46.240 INFO:teuthology.orchestra.run.smithi094.stdout:/usr/bin/ceph: stderr
2024-04-06T03:31:45.693+0000 7f5d0fd2b700 1 --2- 172.21.15.94:0/2198707359 >> [v2:172.21.15.94:3300/0,v1:172.21.15.94:6789/0] conn(0x7f5d08102920 0x7f5d08078c40 unknown :-1 s=CLOSED pgs=44 cs=0 l=1 rev1=1 crypto rx=0 tx=0 comp rx=0 tx=0).stop
2024-04-06T03:31:46.240 INFO:teuthology.orchestra.run.smithi094.stdout:/usr/bin/ceph: stderr
2024-04-06T03:31:45.693+0000 7f5d0fd2b700 1 -- 172.21.15.94:0/2198707359 >> 172.21.15.94:0/2198707359 conn(0x7f5d080fe0a0 msgr2=0x7f5d080fec00 unknown :-1 s=STATE_NONE l=0).mark_down
2024-04-06T03:31:46.240 INFO:teuthology.orchestra.run.smithi094.stdout:/usr/bin/ceph: stderr
2024-04-06T03:31:45.693+0000 7f5d0fd2b700 1 -- 172.21.15.94:0/2198707359 shutdown_connections
2024-04-06T03:31:46.240 INFO:teuthology.orchestra.run.smithi094.stdout:/usr/bin/ceph: stderr
2024-04-06T03:31:45.693+0000 7f5d0fd2b700 1 -- 172.21.15.94:0/2198707359 wait complete.
2024-04-06T03:31:46.240 INFO:teuthology.orchestra.run.smithi094.stdout:Wrote public SSH key to /home/ubuntu/cephtest/ceph.pub
2024-04-06T03:31:46.240 INFO:teuthology.orchestra.run.smithi094.stdout:Adding key to root@localhost authorized_keys...
2024-04-06T03:31:46.240 INFO:teuthology.orchestra.run.smithi094.stdout:Adding host smithi094...
2024-04-06T03:31:46.907 INFO:journalctl@ceph.mon.smithi094.smithi094.stdout:Apr 06 03:31:46 smithi094 ceph-mon[29713]: from='client.14138 -' entity='client.admin' cmd=[{"prefix": "cephadm get-pub-key", "target": ["mon-mgr", ""]}]: dispatch
2024-04-06T03:31:47.740 INFO:journalctl@ceph.mon.smithi094.smithi094.stdout:Apr 06 03:31:47 smithi094 ceph-mon[29713]: from='client.14140 -' entity='client.admin' cmd=[{"prefix": "orch host add", "hostname": "smithi094", "addr": "172.21.15.94", "target": ["mon-mgr", ""]}]: dispatch
2024-04-06T03:31:48.666 INFO:journalctl@ceph.mon.smithi094.smithi094.stdout:Apr 06 03:31:48 smithi094 ceph-mon[29713]: Deploying cephadm binary to smithi094
2024-04-06T03:31:49.510 INFO:teuthology.orchestra.run.smithi094.stdout:/usr/bin/ceph: stdout Added host 'smithi094' with addr '172.21.15.94'
2024-04-06T03:31:49.511 INFO:teuthology.orchestra.run.smithi094.stdout:/usr/bin/ceph: stderr
2024-04-06T03:31:46.708+0000 7f8a4c1da700 1 Processor -- start
2024-04-06T03:31:49.511 INFO:teuthology.orchestra.run.smithi094.stdout:/usr/bin/ceph: stderr
2024-04-06T03:31:46.708+0000 7f8a4c1da700 1 -- start start
2024-04-06T03:31:49.511 INFO:teuthology.orchestra.run.smithi094.stdout:/usr/bin/ceph: stderr
2024-04-06T03:31:46.708+0000 7f8a4c1da700 1 --2- >> [v2:172.21.15.94:3300/0,v1:172.21.15.94:6789/0] conn(0x7f8a44102920 0x7f8a44102d30 unknown :-1 s=NONE pgs=0 cs=0 l=0 rev1=0 crypto rx=0 tx=0 comp rx=0 tx=0).connect
2024-04-06T03:31:49.511 INFO:teuthology.orchestra.run.smithi094.stdout:/usr/bin/ceph: stderr
2024-04-06T03:31:46.708+0000 7f8a4c1da700 1 -- --> [v2:172.21.15.94:3300/0,v1:172.21.15.94:6789/0] -- mon_getmap magic: 0 v1 -- 0x7f8a44103270 con 0x7f8a44102920
2024-04-06T03:31:49.511 INFO:teuthology.orchestra.run.smithi094.stdout:/usr/bin/ceph: stderr
2024-04-06T03:31:46.709+0000 7f8a49f76700 1 --2- >> [v2:172.21.15.94:3300/0,v1:172.21.15.94:6789/0] conn(0x7f8a44102920 0x7f8a44102d30 unknown :-1 s=BANNER_CONNECTING pgs=0 cs=0 l=0 rev1=0 crypto rx=0 tx=0 comp rx=0 tx=0)._handle_peer_banner_payload supported=3 required=0
2024-04-06T03:31:49.511 INFO:teuthology.orchestra.run.smithi094.stdout:/usr/bin/ceph: stderr
2024-04-06T03:31:46.709+0000 7f8a49f76700 1 --2- >> [v2:172.21.15.94:3300/0,v1:172.21.15.94:6789/0] conn(0x7f8a44102920 0x7f8a44102d30 unknown :-1 s=HELLO_CONNECTING pgs=0 cs=0 l=0 rev1=1 crypto rx=0 tx=0 comp rx=0 tx=0).handle_hello peer v2:172.21.15.94:3300/0 says I am v2:172.21.15.94:39548/0 (socket says 172.21.15.94:39548)
2024-04-06T03:31:49.511 INFO:teuthology.orchestra.run.smithi094.stdout:/usr/bin/ceph: stderr
2024-04-06T03:31:46.709+0000 7f8a49f76700 1 -- 172.21.15.94:0/4169065228 learned_addr learned my addr 172.21.15.94:0/4169065228 (peer_addr_for_me v2:172.21.15.94:0/0)
2024-04-06T03:31:49.511 INFO:teuthology.orchestra.run.smithi094.stdout:/usr/bin/ceph: stderr
2024-04-06T03:31:46.709+0000 7f8a49f76700 1 -- 172.21.15.94:0/4169065228 --> [v2:172.21.15.94:3300/0,v1:172.21.15.94:6789/0] -- mon_subscribe({config=0+,monmap=0+}) v3 -- 0x7f8a441033b0 con 0x7f8a44102920
2024-04-06T03:31:49.511 INFO:teuthology.orchestra.run.smithi094.stdout:/usr/bin/ceph: stderr
2024-04-06T03:31:46.709+0000 7f8a49f76700 1 --2- 172.21.15.94:0/4169065228 >> [v2:172.21.15.94:3300/0,v1:172.21.15.94:6789/0] conn(0x7f8a44102920 0x7f8a44102d30 secure :-1 s=READY pgs=45 cs=0 l=1 rev1=1 crypto rx=0x7f8a400098e0 tx=0x7f8a40009250 comp rx=0 tx=0).ready entity=mon.0 client_cookie=48b7ce9813dad120 server_cookie=0 in_seq=0 out_seq=0
2024-04-06T03:31:49.511 INFO:teuthology.orchestra.run.smithi094.stdout:/usr/bin/ceph: stderr
2024-04-06T03:31:46.709+0000 7f8a48f74700 1 -- 172.21.15.94:0/4169065228 <== mon.0 v2:172.21.15.94:3300/0 1 ==== mon_map magic: 0 v1 ==== 229+0+0 (secure 0 0 0) 0x7f8a4000b860 con 0x7f8a44102920
2024-04-06T03:31:49.511 INFO:teuthology.orchestra.run.smithi094.stdout:/usr/bin/ceph: stderr
2024-04-06T03:31:46.709+0000 7f8a48f74700 1 -- 172.21.15.94:0/4169065228 <== mon.0 v2:172.21.15.94:3300/0 2 ==== config(27 keys) v1 ==== 1044+0+0 (secure 0 0 0) 0x7f8a4000be50 con 0x7f8a44102920
2024-04-06T03:31:49.511 INFO:teuthology.orchestra.run.smithi094.stdout:/usr/bin/ceph: stderr
2024-04-06T03:31:46.709+0000 7f8a48f74700 1 -- 172.21.15.94:0/4169065228 <== mon.0 v2:172.21.15.94:3300/0 3 ==== mon_map magic: 0 v1 ==== 229+0+0 (secure 0 0 0) 0x7f8a40010380 con 0x7f8a44102920
2024-04-06T03:31:49.512 INFO:teuthology.orchestra.run.smithi094.stdout:/usr/bin/ceph: stderr
2024-04-06T03:31:46.710+0000 7f8a4c1da700 1 -- 172.21.15.94:0/4169065228 >> [v2:172.21.15.94:3300/0,v1:172.21.15.94:6789/0] conn(0x7f8a44102920 msgr2=0x7f8a44102d30 secure :-1 s=STATE_CONNECTION_ESTABLISHED l=1).mark_down
2024-04-06T03:31:49.512 INFO:teuthology.orchestra.run.smithi094.stdout:/usr/bin/ceph: stderr
2024-04-06T03:31:46.710+0000 7f8a4c1da700 1 --2- 172.21.15.94:0/4169065228 >> [v2:172.21.15.94:3300/0,v1:172.21.15.94:6789/0] conn(0x7f8a44102920 0x7f8a44102d30 secure :-1 s=READY pgs=45 cs=0 l=1 rev1=1 crypto rx=0x7f8a400098e0 tx=0x7f8a40009250 comp rx=0 tx=0).stop
2024-04-06T03:31:49.512 INFO:teuthology.orchestra.run.smithi094.stdout:/usr/bin/ceph: stderr
2024-04-06T03:31:46.710+0000 7f8a4c1da700 1 -- 172.21.15.94:0/4169065228 shutdown_connections
2024-04-06T03:31:49.512 INFO:teuthology.orchestra.run.smithi094.stdout:/usr/bin/ceph: stderr
2024-04-06T03:31:46.710+0000 7f8a4c1da700 1 --2- 172.21.15.94:0/4169065228 >> [v2:172.21.15.94:3300/0,v1:172.21.15.94:6789/0] conn(0x7f8a44102920 0x7f8a44102d30 unknown :-1 s=CLOSED pgs=45 cs=0 l=1 rev1=1 crypto rx=0 tx=0 comp rx=0 tx=0).stop
2024-04-06T03:31:49.512 INFO:teuthology.orchestra.run.smithi094.stdout:/usr/bin/ceph: stderr
2024-04-06T03:31:46.710+0000 7f8a4c1da700 1 -- 172.21.15.94:0/4169065228 >> 172.21.15.94:0/4169065228 conn(0x7f8a440fe0a0 msgr2=0x7f8a441004b0 unknown :-1 s=STATE_NONE l=0).mark_down
2024-04-06T03:31:49.512 INFO:teuthology.orchestra.run.smithi094.stdout:/usr/bin/ceph: stderr
2024-04-06T03:31:46.710+0000 7f8a4c1da700 1 -- 172.21.15.94:0/4169065228 shutdown_connections
2024-04-06T03:31:49.512 INFO:teuthology.orchestra.run.smithi094.stdout:/usr/bin/ceph: stderr
2024-04-06T03:31:46.710+0000 7f8a4c1da700 1 -- 172.21.15.94:0/4169065228 wait complete.
2024-04-06T03:31:49.512 INFO:teuthology.orchestra.run.smithi094.stdout:/usr/bin/ceph: stderr
2024-04-06T03:31:46.711+0000 7f8a4c1da700 1 Processor -- start
2024-04-06T03:31:49.512 INFO:teuthology.orchestra.run.smithi094.stdout:/usr/bin/ceph: stderr
2024-04-06T03:31:46.711+0000 7f8a4c1da700 1 -- start start
2024-04-06T03:31:49.512 INFO:teuthology.orchestra.run.smithi094.stdout:/usr/bin/ceph: stderr
2024-04-06T03:31:46.711+0000 7f8a4c1da700 1 --2- >> [v2:172.21.15.94:3300/0,v1:172.21.15.94:6789/0] conn(0x7f8a44102920 0x7f8a441116c0 unknown :-1 s=NONE pgs=0 cs=0 l=1 rev1=0 crypto rx=0 tx=0 comp rx=0 tx=0).connect
2024-04-06T03:31:49.512 INFO:teuthology.orchestra.run.smithi094.stdout:/usr/bin/ceph: stderr
2024-04-06T03:31:46.711+0000 7f8a4c1da700 1 -- --> [v2:172.21.15.94:3300/0,v1:172.21.15.94:6789/0] -- mon_getmap magic: 0 v1 -- 0x7f8a44111c00 con 0x7f8a44102920
2024-04-06T03:31:49.512 INFO:teuthology.orchestra.run.smithi094.stdout:/usr/bin/ceph: stderr
2024-04-06T03:31:46.711+0000 7f8a49f76700 1 --2- >> [v2:172.21.15.94:3300/0,v1:172.21.15.94:6789/0] conn(0x7f8a44102920 0x7f8a441116c0 unknown :-1 s=BANNER_CONNECTING pgs=0 cs=0 l=1 rev1=0 crypto rx=0 tx=0 comp rx=0 tx=0)._handle_peer_banner_payload supported=3 required=0
2024-04-06T03:31:49.512 INFO:teuthology.orchestra.run.smithi094.stdout:/usr/bin/ceph: stderr
2024-04-06T03:31:46.711+0000 7f8a49f76700 1 --2- >> [v2:172.21.15.94:3300/0,v1:172.21.15.94:6789/0] conn(0x7f8a44102920 0x7f8a441116c0 unknown :-1 s=HELLO_CONNECTING pgs=0 cs=0 l=1 rev1=1 crypto rx=0 tx=0 comp rx=0 tx=0).handle_hello peer v2:172.21.15.94:3300/0 says I am v2:172.21.15.94:39552/0 (socket says 172.21.15.94:39552)
2024-04-06T03:31:49.512 INFO:teuthology.orchestra.run.smithi094.stdout:/usr/bin/ceph: stderr
2024-04-06T03:31:46.711+0000 7f8a49f76700 1 -- 172.21.15.94:0/3692573551 learned_addr learned my addr 172.21.15.94:0/3692573551 (peer_addr_for_me v2:172.21.15.94:0/0)
2024-04-06T03:31:49.512 INFO:teuthology.orchestra.run.smithi094.stdout:/usr/bin/ceph: stderr
2024-04-06T03:31:46.711+0000 7f8a49f76700 1 -- 172.21.15.94:0/3692573551 --> [v2:172.21.15.94:3300/0,v1:172.21.15.94:6789/0] -- mon_subscribe({config=0+,monmap=0+}) v3 -- 0x7f8a400094f0 con 0x7f8a44102920
2024-04-06T03:31:49.513 INFO:teuthology.orchestra.run.smithi094.stdout:/usr/bin/ceph: stderr
2024-04-06T03:31:46.711+0000 7f8a49f76700 1 --2- 172.21.15.94:0/3692573551 >> [v2:172.21.15.94:3300/0,v1:172.21.15.94:6789/0] conn(0x7f8a44102920 0x7f8a441116c0 secure :-1 s=READY pgs=46 cs=0 l=1 rev1=1 crypto rx=0x7f8a4000b440 tx=0x7f8a40009250 comp rx=0 tx=0).ready entity=mon.0 client_cookie=0 server_cookie=0 in_seq=0 out_seq=0
2024-04-06T03:31:49.513 INFO:teuthology.orchestra.run.smithi094.stdout:/usr/bin/ceph: stderr
2024-04-06T03:31:46.711+0000 7f8a3a7fc700 1 -- 172.21.15.94:0/3692573551 <== mon.0 v2:172.21.15.94:3300/0 1 ==== mon_map magic: 0 v1 ==== 229+0+0 (secure 0 0 0) 0x7f8a40010760 con 0x7f8a44102920
2024-04-06T03:31:49.513 INFO:teuthology.orchestra.run.smithi094.stdout:/usr/bin/ceph: stderr
2024-04-06T03:31:46.711+0000 7f8a3a7fc700 1 -- 172.21.15.94:0/3692573551 <== mon.0 v2:172.21.15.94:3300/0 2 ==== config(27 keys) v1 ==== 1044+0+0 (secure 0 0 0) 0x7f8a40010d50 con 0x7f8a44102920
2024-04-06T03:31:49.513 INFO:teuthology.orchestra.run.smithi094.stdout:/usr/bin/ceph: stderr
2024-04-06T03:31:46.711+0000 7f8a4c1da700 1 -- 172.21.15.94:0/3692573551 --> [v2:172.21.15.94:3300/0,v1:172.21.15.94:6789/0] -- mon_subscribe({mgrmap=0+}) v3 -- 0x7f8a44111e00 con 0x7f8a44102920
2024-04-06T03:31:49.513 INFO:teuthology.orchestra.run.smithi094.stdout:/usr/bin/ceph: stderr
2024-04-06T03:31:46.711+0000 7f8a3a7fc700 1 -- 172.21.15.94:0/3692573551 <== mon.0 v2:172.21.15.94:3300/0 3 ==== mon_map magic: 0 v1 ==== 229+0+0 (secure 0 0 0) 0x7f8a4001ae20 con 0x7f8a44102920
2024-04-06T03:31:49.513 INFO:teuthology.orchestra.run.smithi094.stdout:/usr/bin/ceph: stderr
2024-04-06T03:31:46.712+0000 7f8a4c1da700 1 -- 172.21.15.94:0/3692573551 --> [v2:172.21.15.94:3300/0,v1:172.21.15.94:6789/0] -- mon_subscribe({osdmap=0}) v3 -- 0x7f8a44112970 con 0x7f8a44102920
2024-04-06T03:31:49.513 INFO:teuthology.orchestra.run.smithi094.stdout:/usr/bin/ceph: stderr
2024-04-06T03:31:46.712+0000 7f8a3a7fc700 1 -- 172.21.15.94:0/3692573551 <== mon.0 v2:172.21.15.94:3300/0 4 ==== mgrmap(e 8) v1 ==== 43368+0+0 (secure 0 0 0) 0x7f8a4002e440 con 0x7f8a44102920
2024-04-06T03:31:49.513 INFO:teuthology.orchestra.run.smithi094.stdout:/usr/bin/ceph: stderr
2024-04-06T03:31:46.712+0000 7f8a3a7fc700 1 --2- 172.21.15.94:0/3692573551 >> [v2:172.21.15.94:6800/682257512,v1:172.21.15.94:6801/682257512] conn(0x7f8a30036770 0x7f8a30038c20 unknown :-1 s=NONE pgs=0 cs=0 l=1 rev1=0 crypto rx=0 tx=0 comp rx=0 tx=0).connect
2024-04-06T03:31:49.513 INFO:teuthology.orchestra.run.smithi094.stdout:/usr/bin/ceph: stderr
2024-04-06T03:31:46.712+0000 7f8a4c1da700 1 -- 172.21.15.94:0/3692573551 --> [v2:172.21.15.94:3300/0,v1:172.21.15.94:6789/0] -- mon_command({"prefix": "get_command_descriptions"} v 0) v1 -- 0x7f8a4405f5f0 con 0x7f8a44102920
2024-04-06T03:31:49.513 INFO:teuthology.orchestra.run.smithi094.stdout:/usr/bin/ceph: stderr
2024-04-06T03:31:46.712+0000 7f8a3a7fc700 1 -- 172.21.15.94:0/3692573551 <== mon.0 v2:172.21.15.94:3300/0 5 ==== osd_map(2..2 src has 1..2) v4 ==== 936+0+0 (secure 0 0 0) 0x7f8a4004a8c0 con 0x7f8a44102920
2024-04-06T03:31:49.513 INFO:teuthology.orchestra.run.smithi094.stdout:/usr/bin/ceph: stderr
2024-04-06T03:31:46.713+0000 7f8a49775700 1 --2- 172.21.15.94:0/3692573551 >> [v2:172.21.15.94:6800/682257512,v1:172.21.15.94:6801/682257512] conn(0x7f8a30036770 0x7f8a30038c20 unknown :-1 s=BANNER_CONNECTING pgs=0 cs=0 l=1 rev1=0 crypto rx=0 tx=0 comp rx=0 tx=0)._handle_peer_banner_payload supported=3 required=0
2024-04-06T03:31:49.513 INFO:teuthology.orchestra.run.smithi094.stdout:/usr/bin/ceph: stderr
2024-04-06T03:31:46.713+0000 7f8a49775700 1 --2- 172.21.15.94:0/3692573551 >> [v2:172.21.15.94:6800/682257512,v1:172.21.15.94:6801/682257512] conn(0x7f8a30036770 0x7f8a30038c20 secure :-1 s=READY pgs=11 cs=0 l=1 rev1=1 crypto rx=0x7f8a34009990 tx=0x7f8a34006e40 comp rx=0 tx=0).ready entity=mgr.14120 client_cookie=0 server_cookie=0 in_seq=0 out_seq=0
2024-04-06T03:31:49.513 INFO:teuthology.orchestra.run.smithi094.stdout:/usr/bin/ceph: stderr
2024-04-06T03:31:46.718+0000 7f8a3a7fc700 1 -- 172.21.15.94:0/3692573551 <== mon.0 v2:172.21.15.94:3300/0 6 ==== mon_command_ack([{"prefix": "get_command_descriptions"}]=0 v0) v1 ==== 72+0+176504 (secure 0 0 0) 0x7f8a40018940 con 0x7f8a44102920
2024-04-06T03:31:49.513 INFO:teuthology.orchestra.run.smithi094.stdout:/usr/bin/ceph: stderr
2024-04-06T03:31:46.905+0000 7f8a4c1da700 1 -- 172.21.15.94:0/3692573551 --> [v2:172.21.15.94:6800/682257512,v1:172.21.15.94:6801/682257512] -- mgr_command(tid 0: {"prefix": "orch host add", "hostname": "smithi094", "addr": "172.21.15.94", "target": ["mon-mgr", ""]}) v1 -- 0x7f8a440ff350 con 0x7f8a30036770
2024-04-06T03:31:49.514 INFO:teuthology.orchestra.run.smithi094.stdout:/usr/bin/ceph: stderr
2024-04-06T03:31:48.937+0000 7f8a3a7fc700 1 -- 172.21.15.94:0/3692573551 <== mgr.14120 v2:172.21.15.94:6800/682257512 1 ==== mgr_command_reply(tid 0: 0 ) v1 ==== 8+0+48 (secure 0 0 0) 0x7f8a440ff350 con 0x7f8a30036770
2024-04-06T03:31:49.514 INFO:teuthology.orchestra.run.smithi094.stdout:/usr/bin/ceph: stderr
2024-04-06T03:31:48.940+0000 7f8a4c1da700 1 -- 172.21.15.94:0/3692573551 >> [v2:172.21.15.94:6800/682257512,v1:172.21.15.94:6801/682257512] conn(0x7f8a30036770 msgr2=0x7f8a30038c20 secure :-1 s=STATE_CONNECTION_ESTABLISHED l=1).mark_down
2024-04-06T03:31:49.514 INFO:teuthology.orchestra.run.smithi094.stdout:/usr/bin/ceph: stderr
2024-04-06T03:31:48.940+0000 7f8a4c1da700 1 --2- 172.21.15.94:0/3692573551 >> [v2:172.21.15.94:6800/682257512,v1:172.21.15.94:6801/682257512] conn(0x7f8a30036770 0x7f8a30038c20 secure :-1 s=READY pgs=11 cs=0 l=1 rev1=1 crypto rx=0x7f8a34009990 tx=0x7f8a34006e40 comp rx=0 tx=0).stop
2024-04-06T03:31:49.514 INFO:teuthology.orchestra.run.smithi094.stdout:/usr/bin/ceph: stderr
2024-04-06T03:31:48.940+0000 7f8a4c1da700 1 -- 172.21.15.94:0/3692573551 >> [v2:172.21.15.94:3300/0,v1:172.21.15.94:6789/0] conn(0x7f8a44102920 msgr2=0x7f8a441116c0 secure :-1 s=STATE_CONNECTION_ESTABLISHED l=1).mark_down
2024-04-06T03:31:49.514 INFO:teuthology.orchestra.run.smithi094.stdout:/usr/bin/ceph: stderr
2024-04-06T03:31:48.940+0000 7f8a4c1da700 1 --2- 172.21.15.94:0/3692573551 >> [v2:172.21.15.94:3300/0,v1:172.21.15.94:6789/0] conn(0x7f8a44102920 0x7f8a441116c0 secure :-1 s=READY pgs=46 cs=0 l=1 rev1=1 crypto rx=0x7f8a4000b440 tx=0x7f8a40009250 comp rx=0 tx=0).stop
2024-04-06T03:31:49.514 INFO:teuthology.orchestra.run.smithi094.stdout:/usr/bin/ceph: stderr
2024-04-06T03:31:48.940+0000 7f8a4c1da700 1 -- 172.21.15.94:0/3692573551 shutdown_connections
2024-04-06T03:31:49.514 INFO:teuthology.orchestra.run.smithi094.stdout:/usr/bin/ceph: stderr
2024-04-06T03:31:48.940+0000 7f8a4c1da700 1 --2- 172.21.15.94:0/3692573551 >> [v2:172.21.15.94:6800/682257512,v1:172.21.15.94:6801/682257512] conn(0x7f8a30036770 0x7f8a30038c20 unknown :-1 s=CLOSED pgs=11 cs=0 l=1 rev1=1 crypto rx=0 tx=0 comp rx=0 tx=0).stop
2024-04-06T03:31:49.514 INFO:teuthology.orchestra.run.smithi094.stdout:/usr/bin/ceph: stderr
2024-04-06T03:31:48.940+0000 7f8a4c1da700 1 --2- 172.21.15.94:0/3692573551 >> [v2:172.21.15.94:3300/0,v1:172.21.15.94:6789/0] conn(0x7f8a44102920 0x7f8a441116c0 unknown :-1 s=CLOSED pgs=46 cs=0 l=1 rev1=1 crypto rx=0 tx=0 comp rx=0 tx=0).stop
2024-04-06T03:31:49.514 INFO:teuthology.orchestra.run.smithi094.stdout:/usr/bin/ceph: stderr
2024-04-06T03:31:48.940+0000 7f8a4c1da700 1 -- 172.21.15.94:0/3692573551 >> 172.21.15.94:0/3692573551 conn(0x7f8a440fe0a0 msgr2=0x7f8a440fec40 unknown :-1 s=STATE_NONE l=0).mark_down
2024-04-06T03:31:49.514 INFO:teuthology.orchestra.run.smithi094.stdout:/usr/bin/ceph: stderr
2024-04-06T03:31:48.940+0000 7f8a4c1da700 1 -- 172.21.15.94:0/3692573551 shutdown_connections
2024-04-06T03:31:49.514 INFO:teuthology.orchestra.run.smithi094.stdout:/usr/bin/ceph: stderr
2024-04-06T03:31:48.940+0000 7f8a4c1da700 1 -- 172.21.15.94:0/3692573551 wait complete.
2024-04-06T03:31:49.514 INFO:teuthology.orchestra.run.smithi094.stdout:Deploying mon service with default placement...
2024-04-06T03:31:50.166 INFO:journalctl@ceph.mon.smithi094.smithi094.stdout:Apr 06 03:31:49 smithi094 ceph-mon[29713]: from='mgr.14120 172.21.15.94:0/1372463263' entity='mgr.smithi094.purlzp'
2024-04-06T03:31:50.166 INFO:journalctl@ceph.mon.smithi094.smithi094.stdout:Apr 06 03:31:49 smithi094 ceph-mon[29713]: Added host smithi094
2024-04-06T03:31:50.166 INFO:journalctl@ceph.mon.smithi094.smithi094.stdout:Apr 06 03:31:49 smithi094 ceph-mon[29713]: from='mgr.14120 172.21.15.94:0/1372463263' entity='mgr.smithi094.purlzp' cmd=[{"prefix": "config dump", "format": "json"}]: dispatch
2024-04-06T03:31:50.753 INFO:teuthology.orchestra.run.smithi094.stdout:/usr/bin/ceph: stdout Scheduled mon update...
2024-04-06T03:31:50.753 INFO:teuthology.orchestra.run.smithi094.stdout:/usr/bin/ceph: stderr
2024-04-06T03:31:49.927+0000 7f1d6133c700 1 Processor -- start
2024-04-06T03:31:50.753 INFO:teuthology.orchestra.run.smithi094.stdout:/usr/bin/ceph: stderr
2024-04-06T03:31:49.927+0000 7f1d6133c700 1 -- start start
2024-04-06T03:31:50.753 INFO:teuthology.orchestra.run.smithi094.stdout:/usr/bin/ceph: stderr
2024-04-06T03:31:49.927+0000 7f1d6133c700 1 --2- >> [v2:172.21.15.94:3300/0,v1:172.21.15.94:6789/0] conn(0x7f1d5c101830 0x7f1d5c101c40 unknown :-1 s=NONE pgs=0 cs=0 l=0 rev1=0 crypto rx=0 tx=0 comp rx=0 tx=0).connect
2024-04-06T03:31:50.753 INFO:teuthology.orchestra.run.smithi094.stdout:/usr/bin/ceph: stderr
2024-04-06T03:31:49.927+0000 7f1d6133c700 1 -- --> [v2:172.21.15.94:3300/0,v1:172.21.15.94:6789/0] -- mon_getmap magic: 0 v1 -- 0x7f1d5c102180 con 0x7f1d5c101830
2024-04-06T03:31:50.753 INFO:teuthology.orchestra.run.smithi094.stdout:/usr/bin/ceph: stderr
2024-04-06T03:31:49.928+0000 7f1d5affd700 1 --2- >> [v2:172.21.15.94:3300/0,v1:172.21.15.94:6789/0] conn(0x7f1d5c101830 0x7f1d5c101c40 unknown :-1 s=BANNER_CONNECTING pgs=0 cs=0 l=0 rev1=0 crypto rx=0 tx=0 comp rx=0 tx=0)._handle_peer_banner_payload supported=3 required=0
2024-04-06T03:31:50.753 INFO:teuthology.orchestra.run.smithi094.stdout:/usr/bin/ceph: stderr
2024-04-06T03:31:49.928+0000 7f1d5affd700 1 --2- >> [v2:172.21.15.94:3300/0,v1:172.21.15.94:6789/0] conn(0x7f1d5c101830 0x7f1d5c101c40 unknown :-1 s=HELLO_CONNECTING pgs=0 cs=0 l=0 rev1=1 crypto rx=0 tx=0 comp rx=0 tx=0).handle_hello peer v2:172.21.15.94:3300/0 says I am v2:172.21.15.94:57094/0 (socket says 172.21.15.94:57094)
2024-04-06T03:31:50.754 INFO:teuthology.orchestra.run.smithi094.stdout:/usr/bin/ceph: stderr
2024-04-06T03:31:49.928+0000 7f1d5affd700 1 -- 172.21.15.94:0/826609432 learned_addr learned my addr 172.21.15.94:0/826609432 (peer_addr_for_me v2:172.21.15.94:0/0)
2024-04-06T03:31:50.754 INFO:teuthology.orchestra.run.smithi094.stdout:/usr/bin/ceph: stderr
2024-04-06T03:31:49.928+0000 7f1d5affd700 1 -- 172.21.15.94:0/826609432 --> [v2:172.21.15.94:3300/0,v1:172.21.15.94:6789/0] -- mon_subscribe({config=0+,monmap=0+}) v3 -- 0x7f1d5c1022c0 con 0x7f1d5c101830
2024-04-06T03:31:50.754 INFO:teuthology.orchestra.run.smithi094.stdout:/usr/bin/ceph: stderr
2024-04-06T03:31:49.928+0000 7f1d5affd700 1 --2- 172.21.15.94:0/826609432 >> [v2:172.21.15.94:3300/0,v1:172.21.15.94:6789/0] conn(0x7f1d5c101830 0x7f1d5c101c40 secure :-1 s=READY pgs=47 cs=0 l=1 rev1=1 crypto rx=0x7f1d4c009e50 tx=0x7f1d4c009840 comp rx=0 tx=0).ready entity=mon.0 client_cookie=80fcc542a2045c93 server_cookie=0 in_seq=0 out_seq=0
2024-04-06T03:31:50.754 INFO:teuthology.orchestra.run.smithi094.stdout:/usr/bin/ceph: stderr
2024-04-06T03:31:49.928+0000 7f1d59ffb700 1 -- 172.21.15.94:0/826609432 <== mon.0 v2:172.21.15.94:3300/0 1 ==== mon_map magic: 0 v1 ==== 229+0+0 (secure 0 0 0) 0x7f1d4c0092e0 con 0x7f1d5c101830
2024-04-06T03:31:50.754 INFO:teuthology.orchestra.run.smithi094.stdout:/usr/bin/ceph: stderr
2024-04-06T03:31:49.928+0000 7f1d59ffb700 1 -- 172.21.15.94:0/826609432 <== mon.0 v2:172.21.15.94:3300/0 2 ==== config(27 keys) v1 ==== 1044+0+0 (secure 0 0 0) 0x7f1d4c012430 con 0x7f1d5c101830
2024-04-06T03:31:50.754 INFO:teuthology.orchestra.run.smithi094.stdout:/usr/bin/ceph: stderr
2024-04-06T03:31:49.928+0000 7f1d59ffb700 1 -- 172.21.15.94:0/826609432 <== mon.0 v2:172.21.15.94:3300/0 3 ==== mon_map magic: 0 v1 ==== 229+0+0 (secure 0 0 0) 0x7f1d4c0075c0 con 0x7f1d5c101830
2024-04-06T03:31:50.754 INFO:teuthology.orchestra.run.smithi094.stdout:/usr/bin/ceph: stderr
2024-04-06T03:31:49.929+0000 7f1d6133c700 1 -- 172.21.15.94:0/826609432 >> [v2:172.21.15.94:3300/0,v1:172.21.15.94:6789/0] conn(0x7f1d5c101830 msgr2=0x7f1d5c101c40 secure :-1 s=STATE_CONNECTION_ESTABLISHED l=1).mark_down
2024-04-06T03:31:50.754 INFO:teuthology.orchestra.run.smithi094.stdout:/usr/bin/ceph: stderr
2024-04-06T03:31:49.929+0000 7f1d6133c700 1 --2- 172.21.15.94:0/826609432 >> [v2:172.21.15.94:3300/0,v1:172.21.15.94:6789/0] conn(0x7f1d5c101830 0x7f1d5c101c40 secure :-1 s=READY pgs=47 cs=0 l=1 rev1=1 crypto rx=0x7f1d4c009e50 tx=0x7f1d4c009840 comp rx=0 tx=0).stop
2024-04-06T03:31:50.754 INFO:teuthology.orchestra.run.smithi094.stdout:/usr/bin/ceph: stderr
2024-04-06T03:31:49.929+0000 7f1d6133c700 1 -- 172.21.15.94:0/826609432 shutdown_connections
2024-04-06T03:31:50.754 INFO:teuthology.orchestra.run.smithi094.stdout:/usr/bin/ceph: stderr
2024-04-06T03:31:49.929+0000 7f1d6133c700 1 --2- 172.21.15.94:0/826609432 >> [v2:172.21.15.94:3300/0,v1:172.21.15.94:6789/0] conn(0x7f1d5c101830 0x7f1d5c101c40 unknown :-1 s=CLOSED pgs=47 cs=0 l=1 rev1=1 crypto rx=0 tx=0 comp rx=0 tx=0).stop
2024-04-06T03:31:50.754 INFO:teuthology.orchestra.run.smithi094.stdout:/usr/bin/ceph: stderr
2024-04-06T03:31:49.929+0000 7f1d6133c700 1 -- 172.21.15.94:0/826609432 >> 172.21.15.94:0/826609432 conn(0x7f1d5c0fcfb0 msgr2=0x7f1d5c0ff3c0 unknown :-1 s=STATE_NONE l=0).mark_down
2024-04-06T03:31:50.754 INFO:teuthology.orchestra.run.smithi094.stdout:/usr/bin/ceph: stderr
2024-04-06T03:31:49.929+0000 7f1d6133c700 1 -- 172.21.15.94:0/826609432 shutdown_connections
2024-04-06T03:31:50.754 INFO:teuthology.orchestra.run.smithi094.stdout:/usr/bin/ceph: stderr
2024-04-06T03:31:49.929+0000 7f1d6133c700 1 -- 172.21.15.94:0/826609432 wait complete.
2024-04-06T03:31:50.755 INFO:teuthology.orchestra.run.smithi094.stdout:/usr/bin/ceph: stderr
2024-04-06T03:31:49.930+0000 7f1d6133c700 1 Processor -- start
2024-04-06T03:31:50.755 INFO:teuthology.orchestra.run.smithi094.stdout:/usr/bin/ceph: stderr
2024-04-06T03:31:49.930+0000 7f1d6133c700 1 -- start start
2024-04-06T03:31:50.755 INFO:teuthology.orchestra.run.smithi094.stdout:/usr/bin/ceph: stderr
2024-04-06T03:31:49.930+0000 7f1d6133c700 1 --2- >> [v2:172.21.15.94:3300/0,v1:172.21.15.94:6789/0] conn(0x7f1d5c101830 0x7f1d5c111760 unknown :-1 s=NONE pgs=0 cs=0 l=1 rev1=0 crypto rx=0 tx=0 comp rx=0 tx=0).connect
2024-04-06T03:31:50.755 INFO:teuthology.orchestra.run.smithi094.stdout:/usr/bin/ceph: stderr
2024-04-06T03:31:49.930+0000 7f1d6133c700 1 -- --> [v2:172.21.15.94:3300/0,v1:172.21.15.94:6789/0] -- mon_getmap magic: 0 v1 -- 0x7f1d5c111ca0 con 0x7f1d5c101830
2024-04-06T03:31:50.755 INFO:teuthology.orchestra.run.smithi094.stdout:/usr/bin/ceph: stderr
2024-04-06T03:31:49.930+0000 7f1d5affd700 1 --2- >> [v2:172.21.15.94:3300/0,v1:172.21.15.94:6789/0] conn(0x7f1d5c101830 0x7f1d5c111760 unknown :-1 s=BANNER_CONNECTING pgs=0 cs=0 l=1 rev1=0 crypto rx=0 tx=0 comp rx=0 tx=0)._handle_peer_banner_payload supported=3 required=0
2024-04-06T03:31:50.755 INFO:teuthology.orchestra.run.smithi094.stdout:/usr/bin/ceph: stderr
2024-04-06T03:31:49.930+0000 7f1d5affd700 1 --2- >> [v2:172.21.15.94:3300/0,v1:172.21.15.94:6789/0] conn(0x7f1d5c101830 0x7f1d5c111760 unknown :-1 s=HELLO_CONNECTING pgs=0 cs=0 l=1 rev1=1 crypto rx=0 tx=0 comp rx=0 tx=0).handle_hello peer v2:172.21.15.94:3300/0 says I am v2:172.21.15.94:57108/0 (socket says 172.21.15.94:57108)
2024-04-06T03:31:50.755 INFO:teuthology.orchestra.run.smithi094.stdout:/usr/bin/ceph: stderr
2024-04-06T03:31:49.930+0000 7f1d5affd700 1 -- 172.21.15.94:0/2948375278 learned_addr learned my addr 172.21.15.94:0/2948375278 (peer_addr_for_me v2:172.21.15.94:0/0)
2024-04-06T03:31:50.755 INFO:teuthology.orchestra.run.smithi094.stdout:/usr/bin/ceph: stderr
2024-04-06T03:31:49.930+0000 7f1d5affd700 1 -- 172.21.15.94:0/2948375278 --> [v2:172.21.15.94:3300/0,v1:172.21.15.94:6789/0] -- mon_subscribe({config=0+,monmap=0+}) v3 -- 0x7f1d4c009ae0 con 0x7f1d5c101830
2024-04-06T03:31:50.755 INFO:teuthology.orchestra.run.smithi094.stdout:/usr/bin/ceph: stderr
2024-04-06T03:31:49.930+0000 7f1d5affd700 1 --2- 172.21.15.94:0/2948375278 >> [v2:172.21.15.94:3300/0,v1:172.21.15.94:6789/0] conn(0x7f1d5c101830 0x7f1d5c111760 secure :-1 s=READY pgs=48 cs=0 l=1 rev1=1 crypto rx=0x7f1d4c012da0 tx=0x7f1d4c009840 comp rx=0 tx=0).ready entity=mon.0 client_cookie=0 server_cookie=0 in_seq=0 out_seq=0
2024-04-06T03:31:50.755 INFO:teuthology.orchestra.run.smithi094.stdout:/usr/bin/ceph: stderr
2024-04-06T03:31:49.931+0000 7f1d537fe700 1 -- 172.21.15.94:0/2948375278 <== mon.0 v2:172.21.15.94:3300/0 1 ==== mon_map magic: 0 v1 ==== 229+0+0 (secure 0 0 0) 0x7f1d4c0092e0 con 0x7f1d5c101830
2024-04-06T03:31:50.755 INFO:teuthology.orchestra.run.smithi094.stdout:/usr/bin/ceph: stderr
2024-04-06T03:31:49.931+0000 7f1d537fe700 1 -- 172.21.15.94:0/2948375278 <== mon.0 v2:172.21.15.94:3300/0 2 ==== config(27 keys) v1 ==== 1044+0+0 (secure 0 0 0) 0x7f1d4c007cc0 con 0x7f1d5c101830
2024-04-06T03:31:50.755 INFO:teuthology.orchestra.run.smithi094.stdout:/usr/bin/ceph: stderr
2024-04-06T03:31:49.931+0000 7f1d6133c700 1 -- 172.21.15.94:0/2948375278 --> [v2:172.21.15.94:3300/0,v1:172.21.15.94:6789/0] -- mon_subscribe({mgrmap=0+}) v3 -- 0x7f1d5c111ea0 con 0x7f1d5c101830
2024-04-06T03:31:50.756 INFO:teuthology.orchestra.run.smithi094.stdout:/usr/bin/ceph: stderr
2024-04-06T03:31:49.931+0000 7f1d537fe700 1 -- 172.21.15.94:0/2948375278 <== mon.0 v2:172.21.15.94:3300/0 3 ==== mon_map magic: 0 v1 ==== 229+0+0 (secure 0 0 0) 0x7f1d4c01c910 con 0x7f1d5c101830
2024-04-06T03:31:50.756 INFO:teuthology.orchestra.run.smithi094.stdout:/usr/bin/ceph: stderr
2024-04-06T03:31:49.931+0000 7f1d6133c700 1 -- 172.21.15.94:0/2948375278 --> [v2:172.21.15.94:3300/0,v1:172.21.15.94:6789/0] -- mon_subscribe({osdmap=0}) v3 -- 0x7f1d5c112a10 con 0x7f1d5c101830
2024-04-06T03:31:50.756 INFO:teuthology.orchestra.run.smithi094.stdout:/usr/bin/ceph: stderr
2024-04-06T03:31:49.931+0000 7f1d537fe700 1 -- 172.21.15.94:0/2948375278 <== mon.0 v2:172.21.15.94:3300/0 4 ==== mgrmap(e 8) v1 ==== 43368+0+0 (secure 0 0 0) 0x7f1d4c019070 con 0x7f1d5c101830
2024-04-06T03:31:50.756 INFO:teuthology.orchestra.run.smithi094.stdout:/usr/bin/ceph: stderr
2024-04-06T03:31:49.932+0000 7f1d537fe700 1 --2- 172.21.15.94:0/2948375278 >> [v2:172.21.15.94:6800/682257512,v1:172.21.15.94:6801/682257512] conn(0x7f1d480367e0 0x7f1d48038c90 unknown :-1 s=NONE pgs=0 cs=0 l=1 rev1=0 crypto rx=0 tx=0 comp rx=0 tx=0).connect
2024-04-06T03:31:50.756 INFO:teuthology.orchestra.run.smithi094.stdout:/usr/bin/ceph: stderr
2024-04-06T03:31:49.932+0000 7f1d6133c700 1 -- 172.21.15.94:0/2948375278 --> [v2:172.21.15.94:3300/0,v1:172.21.15.94:6789/0] -- mon_command({"prefix": "get_command_descriptions"} v 0) v1 -- 0x7f1d5c05f5f0 con 0x7f1d5c101830
2024-04-06T03:31:50.756 INFO:teuthology.orchestra.run.smithi094.stdout:/usr/bin/ceph: stderr
2024-04-06T03:31:49.932+0000 7f1d5a7fc700 1 --2- 172.21.15.94:0/2948375278 >> [v2:172.21.15.94:6800/682257512,v1:172.21.15.94:6801/682257512] conn(0x7f1d480367e0 0x7f1d48038c90 unknown :-1 s=BANNER_CONNECTING pgs=0 cs=0 l=1 rev1=0 crypto rx=0 tx=0 comp rx=0 tx=0)._handle_peer_banner_payload supported=3 required=0
2024-04-06T03:31:50.756 INFO:teuthology.orchestra.run.smithi094.stdout:/usr/bin/ceph: stderr
2024-04-06T03:31:49.932+0000 7f1d537fe700 1 -- 172.21.15.94:0/2948375278 <== mon.0 v2:172.21.15.94:3300/0 5 ==== osd_map(2..2 src has 1..2) v4 ==== 936+0+0 (secure 0 0 0) 0x7f1d4c049dc0 con 0x7f1d5c101830
2024-04-06T03:31:50.756 INFO:teuthology.orchestra.run.smithi094.stdout:/usr/bin/ceph: stderr
2024-04-06T03:31:49.932+0000 7f1d5a7fc700 1 --2- 172.21.15.94:0/2948375278 >> [v2:172.21.15.94:6800/682257512,v1:172.21.15.94:6801/682257512] conn(0x7f1d480367e0 0x7f1d48038c90 secure :-1 s=READY pgs=12 cs=0 l=1 rev1=1 crypto rx=0x7f1d44009990 tx=0x7f1d44006e40 comp rx=0 tx=0).ready entity=mgr.14120 client_cookie=0 server_cookie=0 in_seq=0 out_seq=0
2024-04-06T03:31:50.756 INFO:teuthology.orchestra.run.smithi094.stdout:/usr/bin/ceph: stderr
2024-04-06T03:31:49.936+0000 7f1d537fe700 1 -- 172.21.15.94:0/2948375278 <== mon.0 v2:172.21.15.94:3300/0 6 ==== mon_command_ack([{"prefix": "get_command_descriptions"}]=0 v0) v1 ==== 72+0+176504 (secure 0 0 0) 0x7f1d4c0196e0 con 0x7f1d5c101830
2024-04-06T03:31:50.756 INFO:teuthology.orchestra.run.smithi094.stdout:/usr/bin/ceph: stderr
2024-04-06T03:31:50.136+0000 7f1d6133c700 1 -- 172.21.15.94:0/2948375278 --> [v2:172.21.15.94:6800/682257512,v1:172.21.15.94:6801/682257512] -- mgr_command(tid 0: {"prefix": "orch apply", "service_type": "mon", "target": ["mon-mgr", ""]}) v1 -- 0x7f1d5c1135d0 con 0x7f1d480367e0
2024-04-06T03:31:50.756 INFO:teuthology.orchestra.run.smithi094.stdout:/usr/bin/ceph: stderr
2024-04-06T03:31:50.140+0000 7f1d537fe700 1 -- 172.21.15.94:0/2948375278 <== mgr.14120 v2:172.21.15.94:6800/682257512 1 ==== mgr_command_reply(tid 0: 0 ) v1 ==== 8+0+24 (secure 0 0 0) 0x7f1d5c1135d0 con 0x7f1d480367e0
2024-04-06T03:31:50.757 INFO:teuthology.orchestra.run.smithi094.stdout:/usr/bin/ceph: stderr
2024-04-06T03:31:50.142+0000 7f1d6133c700 1 -- 172.21.15.94:0/2948375278 >> [v2:172.21.15.94:6800/682257512,v1:172.21.15.94:6801/682257512] conn(0x7f1d480367e0 msgr2=0x7f1d48038c90 secure :-1 s=STATE_CONNECTION_ESTABLISHED l=1).mark_down
2024-04-06T03:31:50.757 INFO:teuthology.orchestra.run.smithi094.stdout:/usr/bin/ceph: stderr
2024-04-06T03:31:50.142+0000 7f1d6133c700 1 --2- 172.21.15.94:0/2948375278 >> [v2:172.21.15.94:6800/682257512,v1:172.21.15.94:6801/682257512] conn(0x7f1d480367e0 0x7f1d48038c90 secure :-1 s=READY pgs=12 cs=0 l=1 rev1=1 crypto rx=0x7f1d44009990 tx=0x7f1d44006e40 comp rx=0 tx=0).stop
2024-04-06T03:31:50.757 INFO:teuthology.orchestra.run.smithi094.stdout:/usr/bin/ceph: stderr
2024-04-06T03:31:50.142+0000 7f1d6133c700 1 -- 172.21.15.94:0/2948375278 >> [v2:172.21.15.94:3300/0,v1:172.21.15.94:6789/0] conn(0x7f1d5c101830 msgr2=0x7f1d5c111760 secure :-1 s=STATE_CONNECTION_ESTABLISHED l=1).mark_down
2024-04-06T03:31:50.757 INFO:teuthology.orchestra.run.smithi094.stdout:/usr/bin/ceph: stderr
2024-04-06T03:31:50.142+0000 7f1d6133c700 1 --2- 172.21.15.94:0/2948375278 >> [v2:172.21.15.94:3300/0,v1:172.21.15.94:6789/0] conn(0x7f1d5c101830 0x7f1d5c111760 secure :-1 s=READY pgs=48 cs=0 l=1 rev1=1 crypto rx=0x7f1d4c012da0 tx=0x7f1d4c009840 comp rx=0 tx=0).stop
2024-04-06T03:31:50.757 INFO:teuthology.orchestra.run.smithi094.stdout:/usr/bin/ceph: stderr
2024-04-06T03:31:50.143+0000 7f1d6133c700 1 -- 172.21.15.94:0/2948375278 shutdown_connections
2024-04-06T03:31:50.757 INFO:teuthology.orchestra.run.smithi094.stdout:/usr/bin/ceph: stderr
2024-04-06T03:31:50.143+0000 7f1d6133c700 1 --2- 172.21.15.94:0/2948375278 >> [v2:172.21.15.94:6800/682257512,v1:172.21.15.94:6801/682257512] conn(0x7f1d480367e0 0x7f1d48038c90 unknown :-1 s=CLOSED pgs=12 cs=0 l=1 rev1=1 crypto rx=0 tx=0 comp rx=0 tx=0).stop
2024-04-06T03:31:50.757 INFO:teuthology.orchestra.run.smithi094.stdout:/usr/bin/ceph: stderr
2024-04-06T03:31:50.143+0000 7f1d6133c700 1 --2- 172.21.15.94:0/2948375278 >> [v2:172.21.15.94:3300/0,v1:172.21.15.94:6789/0] conn(0x7f1d5c101830 0x7f1d5c111760 unknown :-1 s=CLOSED pgs=48 cs=0 l=1 rev1=1 crypto rx=0 tx=0 comp rx=0 tx=0).stop
2024-04-06T03:31:50.757 INFO:teuthology.orchestra.run.smithi094.stdout:/usr/bin/ceph: stderr
2024-04-06T03:31:50.143+0000 7f1d6133c700 1 -- 172.21.15.94:0/2948375278 >> 172.21.15.94:0/2948375278 conn(0x7f1d5c0fcfb0 msgr2=0x7f1d5c0fdef0 unknown :-1 s=STATE_NONE l=0).mark_down
2024-04-06T03:31:50.757 INFO:teuthology.orchestra.run.smithi094.stdout:/usr/bin/ceph: stderr
2024-04-06T03:31:50.143+0000 7f1d6133c700 1 -- 172.21.15.94:0/2948375278 shutdown_connections
2024-04-06T03:31:50.757 INFO:teuthology.orchestra.run.smithi094.stdout:/usr/bin/ceph: stderr
2024-04-06T03:31:50.143+0000 7f1d6133c700 1 -- 172.21.15.94:0/2948375278 wait complete.
2024-04-06T03:31:50.757 INFO:teuthology.orchestra.run.smithi094.stdout:Deploying mgr service with default placement...
2024-04-06T03:31:51.345 INFO:journalctl@ceph.mon.smithi094.smithi094.stdout:Apr 06 03:31:51 smithi094 ceph-mon[29713]: from='client.14142 -' entity='client.admin' cmd=[{"prefix": "orch apply", "service_type": "mon", "target": ["mon-mgr", ""]}]: dispatch
2024-04-06T03:31:51.345 INFO:journalctl@ceph.mon.smithi094.smithi094.stdout:Apr 06 03:31:51 smithi094 ceph-mon[29713]: Saving service mon spec with placement count:5
2024-04-06T03:31:51.345 INFO:journalctl@ceph.mon.smithi094.smithi094.stdout:Apr 06 03:31:51 smithi094 ceph-mon[29713]: from='mgr.14120 172.21.15.94:0/1372463263' entity='mgr.smithi094.purlzp'
2024-04-06T03:31:52.027 INFO:teuthology.orchestra.run.smithi094.stdout:/usr/bin/ceph: stdout Scheduled mgr update...
2024-04-06T03:31:52.027 INFO:teuthology.orchestra.run.smithi094.stdout:/usr/bin/ceph: stderr
2024-04-06T03:31:51.163+0000 7fea09e16700 1 Processor -- start
2024-04-06T03:31:52.027 INFO:teuthology.orchestra.run.smithi094.stdout:/usr/bin/ceph: stderr
2024-04-06T03:31:51.163+0000 7fea09e16700 1 -- start start
2024-04-06T03:31:52.027 INFO:teuthology.orchestra.run.smithi094.stdout:/usr/bin/ceph: stderr
2024-04-06T03:31:51.163+0000 7fea09e16700 1 --2- >> [v2:172.21.15.94:3300/0,v1:172.21.15.94:6789/0] conn(0x7fea04102920 0x7fea04102d30 unknown :-1 s=NONE pgs=0 cs=0 l=0 rev1=0 crypto rx=0 tx=0 comp rx=0 tx=0).connect
2024-04-06T03:31:52.028 INFO:teuthology.orchestra.run.smithi094.stdout:/usr/bin/ceph: stderr
2024-04-06T03:31:51.163+0000 7fea09e16700 1 -- --> [v2:172.21.15.94:3300/0,v1:172.21.15.94:6789/0] -- mon_getmap magic: 0 v1 -- 0x7fea04103270 con 0x7fea04102920
2024-04-06T03:31:52.028 INFO:teuthology.orchestra.run.smithi094.stdout:/usr/bin/ceph: stderr
2024-04-06T03:31:51.163+0000 7fea037fe700 1 --2- >> [v2:172.21.15.94:3300/0,v1:172.21.15.94:6789/0] conn(0x7fea04102920 0x7fea04102d30 unknown :-1 s=BANNER_CONNECTING pgs=0 cs=0 l=0 rev1=0 crypto rx=0 tx=0 comp rx=0 tx=0)._handle_peer_banner_payload supported=3 required=0
2024-04-06T03:31:52.028 INFO:teuthology.orchestra.run.smithi094.stdout:/usr/bin/ceph: stderr
2024-04-06T03:31:51.163+0000 7fea037fe700 1 --2- >> [v2:172.21.15.94:3300/0,v1:172.21.15.94:6789/0] conn(0x7fea04102920 0x7fea04102d30 unknown :-1 s=HELLO_CONNECTING pgs=0 cs=0 l=0 rev1=1 crypto rx=0 tx=0 comp rx=0 tx=0).handle_hello peer v2:172.21.15.94:3300/0 says I am v2:172.21.15.94:57114/0 (socket says 172.21.15.94:57114)
2024-04-06T03:31:52.028 INFO:teuthology.orchestra.run.smithi094.stdout:/usr/bin/ceph: stderr
2024-04-06T03:31:51.163+0000 7fea037fe700 1 -- 172.21.15.94:0/2163663566 learned_addr learned my addr 172.21.15.94:0/2163663566 (peer_addr_for_me v2:172.21.15.94:0/0)
2024-04-06T03:31:52.028 INFO:teuthology.orchestra.run.smithi094.stdout:/usr/bin/ceph: stderr
2024-04-06T03:31:51.163+0000 7fea037fe700 1 -- 172.21.15.94:0/2163663566 --> [v2:172.21.15.94:3300/0,v1:172.21.15.94:6789/0] -- mon_subscribe({config=0+,monmap=0+}) v3 -- 0x7fea041033b0 con 0x7fea04102920
2024-04-06T03:31:52.028 INFO:teuthology.orchestra.run.smithi094.stdout:/usr/bin/ceph: stderr
2024-04-06T03:31:51.163+0000 7fea037fe700 1 --2- 172.21.15.94:0/2163663566 >> [v2:172.21.15.94:3300/0,v1:172.21.15.94:6789/0] conn(0x7fea04102920 0x7fea04102d30 secure :-1 s=READY pgs=49 cs=0 l=1 rev1=1 crypto rx=0x7fe9f80098e0 tx=0x7fe9f8009250 comp rx=0 tx=0).ready entity=mon.0 client_cookie=6fcd06fdbbd978b3 server_cookie=0 in_seq=0 out_seq=0
2024-04-06T03:31:52.028 INFO:teuthology.orchestra.run.smithi094.stdout:/usr/bin/ceph: stderr
2024-04-06T03:31:51.164+0000 7fea027fc700 1 -- 172.21.15.94:0/2163663566 <== mon.0 v2:172.21.15.94:3300/0 1 ==== mon_map magic: 0 v1 ==== 229+0+0 (secure 0 0 0) 0x7fe9f800b860 con 0x7fea04102920
2024-04-06T03:31:52.028 INFO:teuthology.orchestra.run.smithi094.stdout:/usr/bin/ceph: stderr
2024-04-06T03:31:51.164+0000 7fea027fc700 1 -- 172.21.15.94:0/2163663566 <== mon.0 v2:172.21.15.94:3300/0 2 ==== config(27 keys) v1 ==== 1044+0+0 (secure 0 0 0) 0x7fe9f800be50 con 0x7fea04102920
2024-04-06T03:31:52.028 INFO:teuthology.orchestra.run.smithi094.stdout:/usr/bin/ceph: stderr
2024-04-06T03:31:51.164+0000 7fea027fc700 1 -- 172.21.15.94:0/2163663566 <== mon.0 v2:172.21.15.94:3300/0 3 ==== mon_map magic: 0 v1 ==== 229+0+0 (secure 0 0 0) 0x7fe9f8010380 con 0x7fea04102920
2024-04-06T03:31:52.028 INFO:teuthology.orchestra.run.smithi094.stdout:/usr/bin/ceph: stderr
2024-04-06T03:31:51.164+0000 7fea09e16700 1 -- 172.21.15.94:0/2163663566 >> [v2:172.21.15.94:3300/0,v1:172.21.15.94:6789/0] conn(0x7fea04102920 msgr2=0x7fea04102d30 secure :-1 s=STATE_CONNECTION_ESTABLISHED l=1).mark_down
2024-04-06T03:31:52.028 INFO:teuthology.orchestra.run.smithi094.stdout:/usr/bin/ceph: stderr
2024-04-06T03:31:51.164+0000 7fea09e16700 1 --2- 172.21.15.94:0/2163663566 >> [v2:172.21.15.94:3300/0,v1:172.21.15.94:6789/0] conn(0x7fea04102920 0x7fea04102d30 secure :-1 s=READY pgs=49 cs=0 l=1 rev1=1 crypto rx=0x7fe9f80098e0 tx=0x7fe9f8009250 comp rx=0 tx=0).stop
2024-04-06T03:31:52.028 INFO:teuthology.orchestra.run.smithi094.stdout:/usr/bin/ceph: stderr
2024-04-06T03:31:51.164+0000 7fea09e16700 1 -- 172.21.15.94:0/2163663566 shutdown_connections
2024-04-06T03:31:52.028 INFO:teuthology.orchestra.run.smithi094.stdout:/usr/bin/ceph: stderr
2024-04-06T03:31:51.164+0000 7fea09e16700 1 --2- 172.21.15.94:0/2163663566 >> [v2:172.21.15.94:3300/0,v1:172.21.15.94:6789/0] conn(0x7fea04102920 0x7fea04102d30 unknown :-1 s=CLOSED pgs=49 cs=0 l=1 rev1=1 crypto rx=0 tx=0 comp rx=0 tx=0).stop
2024-04-06T03:31:52.028 INFO:teuthology.orchestra.run.smithi094.stdout:/usr/bin/ceph: stderr
2024-04-06T03:31:51.164+0000 7fea09e16700 1 -- 172.21.15.94:0/2163663566 >> 172.21.15.94:0/2163663566 conn(0x7fea040fe0a0 msgr2=0x7fea041004b0 unknown :-1 s=STATE_NONE l=0).mark_down
2024-04-06T03:31:52.029 INFO:teuthology.orchestra.run.smithi094.stdout:/usr/bin/ceph: stderr
2024-04-06T03:31:51.164+0000 7fea09e16700 1 -- 172.21.15.94:0/2163663566 shutdown_connections
2024-04-06T03:31:52.029 INFO:teuthology.orchestra.run.smithi094.stdout:/usr/bin/ceph: stderr
2024-04-06T03:31:51.164+0000 7fea09e16700 1 -- 172.21.15.94:0/2163663566 wait complete.
2024-04-06T03:31:52.029 INFO:teuthology.orchestra.run.smithi094.stdout:/usr/bin/ceph: stderr
2024-04-06T03:31:51.165+0000 7fea09e16700 1 Processor -- start
2024-04-06T03:31:52.029 INFO:teuthology.orchestra.run.smithi094.stdout:/usr/bin/ceph: stderr
2024-04-06T03:31:51.165+0000 7fea09e16700 1 -- start start
2024-04-06T03:31:52.029 INFO:teuthology.orchestra.run.smithi094.stdout:/usr/bin/ceph: stderr
2024-04-06T03:31:51.165+0000 7fea09e16700 1 --2- >> [v2:172.21.15.94:3300/0,v1:172.21.15.94:6789/0] conn(0x7fea04102920 0x7fea041116a0 unknown :-1 s=NONE pgs=0 cs=0 l=1 rev1=0 crypto rx=0 tx=0 comp rx=0 tx=0).connect
2024-04-06T03:31:52.029 INFO:teuthology.orchestra.run.smithi094.stdout:/usr/bin/ceph: stderr
2024-04-06T03:31:51.165+0000 7fea09e16700 1 -- --> [v2:172.21.15.94:3300/0,v1:172.21.15.94:6789/0] -- mon_getmap magic: 0 v1 -- 0x7fea04111be0 con 0x7fea04102920
2024-04-06T03:31:52.029 INFO:teuthology.orchestra.run.smithi094.stdout:/usr/bin/ceph: stderr
2024-04-06T03:31:51.165+0000 7fea037fe700 1 --2- >> [v2:172.21.15.94:3300/0,v1:172.21.15.94:6789/0] conn(0x7fea04102920 0x7fea041116a0 unknown :-1 s=BANNER_CONNECTING pgs=0 cs=0 l=1 rev1=0 crypto rx=0 tx=0 comp rx=0 tx=0)._handle_peer_banner_payload supported=3 required=0
2024-04-06T03:31:52.029 INFO:teuthology.orchestra.run.smithi094.stdout:/usr/bin/ceph: stderr
