2024-04-14T15:05:28.912+0000 7fda28ff9700 1 -- 172.21.15.45:0/2352384486 <== mon.0 v1:172.21.15.45:6789/0 7 ==== mgrmap(e 8) ==== 46523+0+0 (unknown 1702799921 0 0) 0x7fda1c0072f0 con 0x7fda2c107340
2024-04-14T15:05:29.907 INFO:teuthology.orchestra.run.smithi045.stdout:/usr/bin/ceph: stderr
2024-04-14T15:05:28.912+0000 7fda32233700 1 -- 172.21.15.45:0/2352384486 --> v1:172.21.15.45:6789/0 -- mon_command({"prefix": "get_command_descriptions"} v 0) -- 0x7fda18005150 con 0x7fda2c107340
2024-04-14T15:05:29.907 INFO:teuthology.orchestra.run.smithi045.stdout:/usr/bin/ceph: stderr
2024-04-14T15:05:28.913+0000 7fda28ff9700 1 -- 172.21.15.45:0/2352384486 <== mon.0 v1:172.21.15.45:6789/0 8 ==== osd_map(2..2 src has 1..2) ==== 897+0+0 (unknown 3402240117 0 0) 0x7fda1c048e00 con 0x7fda2c107340
2024-04-14T15:05:29.907 INFO:teuthology.orchestra.run.smithi045.stdout:/usr/bin/ceph: stderr
2024-04-14T15:05:28.921+0000 7fda28ff9700 1 -- 172.21.15.45:0/2352384486 <== mon.0 v1:172.21.15.45:6789/0 9 ==== mon_command_ack([{"prefix": "get_command_descriptions"}]=0 v0) ==== 72+0+188297 (unknown 1092875540 0 2267177403) 0x7fda1c0176d0 con 0x7fda2c107340
2024-04-14T15:05:29.907 INFO:teuthology.orchestra.run.smithi045.stdout:/usr/bin/ceph: stderr
2024-04-14T15:05:29.142+0000 7fda32233700 1 -- 172.21.15.45:0/2352384486 --> v1:172.21.15.45:6789/0 -- mon_command([{prefix=config set, name=mgr/dashboard/ssl_server_port}] v 0) -- 0x7fda18005440 con 0x7fda2c107340
2024-04-14T15:05:29.908 INFO:teuthology.orchestra.run.smithi045.stdout:/usr/bin/ceph: stderr
2024-04-14T15:05:29.144+0000 7fda28ff9700 1 -- 172.21.15.45:0/2352384486 <== mon.0 v1:172.21.15.45:6789/0 10 ==== mon_command_ack([{prefix=config set, name=mgr/dashboard/ssl_server_port}]=0 v8)=0 v8) ==== 130+0+0 (unknown 1496729260 0 0) 0x7fda1c016fd0 con 0x7fda2c107340
2024-04-14T15:05:29.908 INFO:teuthology.orchestra.run.smithi045.stdout:/usr/bin/ceph: stderr
2024-04-14T15:05:29.146+0000 7fda32233700 1 -- 172.21.15.45:0/2352384486 >> v1:172.21.15.45:6800/2598686815 conn(0x7fda1403aa60 legacy=0x7fda1403cf20 unknown :-1 s=STATE_CONNECTION_ESTABLISHED l=1).mark_down
2024-04-14T15:05:29.908 INFO:teuthology.orchestra.run.smithi045.stdout:/usr/bin/ceph: stderr
2024-04-14T15:05:29.146+0000 7fda32233700 1 -- 172.21.15.45:0/2352384486 >> v1:172.21.15.45:6789/0 conn(0x7fda2c107340 legacy=0x7fda2c106bc0 unknown :-1 s=STATE_CONNECTION_ESTABLISHED l=1).mark_down
2024-04-14T15:05:29.908 INFO:teuthology.orchestra.run.smithi045.stdout:/usr/bin/ceph: stderr
2024-04-14T15:05:29.146+0000 7fda32233700 1 -- 172.21.15.45:0/2352384486 shutdown_connections
2024-04-14T15:05:29.908 INFO:teuthology.orchestra.run.smithi045.stdout:/usr/bin/ceph: stderr
2024-04-14T15:05:29.146+0000 7fda32233700 1 -- 172.21.15.45:0/2352384486 >> 172.21.15.45:0/2352384486 conn(0x7fda2c100d50 msgr2=0x7fda2c1911a0 unknown :-1 s=STATE_NONE l=0).mark_down
2024-04-14T15:05:29.908 INFO:teuthology.orchestra.run.smithi045.stdout:/usr/bin/ceph: stderr
2024-04-14T15:05:29.147+0000 7fda32233700 1 -- 172.21.15.45:0/2352384486 shutdown_connections
2024-04-14T15:05:29.908 INFO:teuthology.orchestra.run.smithi045.stdout:/usr/bin/ceph: stderr
2024-04-14T15:05:29.147+0000 7fda32233700 1 -- 172.21.15.45:0/2352384486 wait complete.
2024-04-14T15:05:29.908 INFO:teuthology.orchestra.run.smithi045.stdout:Enabling the dashboard module...
2024-04-14T15:05:30.334 INFO:journalctl@ceph.mon.a.smithi045.stdout:Apr 14 15:05:30 smithi045 ceph-mon[29624]: from='client.? v1:172.21.15.45:0/2352384486' entity='client.admin'
2024-04-14T15:05:31.739 INFO:journalctl@ceph.mon.a.smithi045.stdout:Apr 14 15:05:31 smithi045 ceph-mon[29624]: from='mgr.14120 v1:172.21.15.45:0/3647192266' entity='mgr.y'
2024-04-14T15:05:31.739 INFO:journalctl@ceph.mon.a.smithi045.stdout:Apr 14 15:05:31 smithi045 ceph-mon[29624]: from='client.? v1:172.21.15.45:0/381486802' entity='client.admin' cmd=[{"prefix": "mgr module enable", "module": "dashboard"}]: dispatch
2024-04-14T15:05:31.739 INFO:journalctl@ceph.mgr.y.smithi045.stdout:Apr 14 15:05:31 smithi045 ceph-1eba33fc-fa70-11ee-bc8e-c7b262605968-mgr-y[29859]: ignoring --setuser ceph since I am not root
2024-04-14T15:05:31.739 INFO:journalctl@ceph.mgr.y.smithi045.stdout:Apr 14 15:05:31 smithi045 ceph-1eba33fc-fa70-11ee-bc8e-c7b262605968-mgr-y[29859]: ignoring --setgroup ceph since I am not root
2024-04-14T15:05:32.021 INFO:teuthology.orchestra.run.smithi045.stdout:/usr/bin/ceph: stderr
2024-04-14T15:05:30.340+0000 7f708e9ad700 1 Processor -- start
2024-04-14T15:05:32.022 INFO:teuthology.orchestra.run.smithi045.stdout:/usr/bin/ceph: stderr
2024-04-14T15:05:30.340+0000 7f708e9ad700 1 -- start start
2024-04-14T15:05:32.022 INFO:teuthology.orchestra.run.smithi045.stdout:/usr/bin/ceph: stderr
2024-04-14T15:05:30.340+0000 7f708e9ad700 1 -- --> v1:172.21.15.45:6789/0 -- auth(proto 0 34 bytes epoch 0) -- 0x7f708810ad10 con 0x7f70881068e0
2024-04-14T15:05:32.022 INFO:teuthology.orchestra.run.smithi045.stdout:/usr/bin/ceph: stderr
2024-04-14T15:05:30.340+0000 7f7087fff700 1 --1- >> v1:172.21.15.45:6789/0 conn(0x7f70881068e0 0x7f7088106d00 :-1 s=CONNECTING_WAIT_BANNER_AND_IDENTIFY pgs=0 cs=0 l=0).handle_server_banner_and_identify peer v1:172.21.15.45:6789/0 says I am v1:172.21.15.45:34718/0 (socket says 172.21.15.45:34718)
2024-04-14T15:05:32.022 INFO:teuthology.orchestra.run.smithi045.stdout:/usr/bin/ceph: stderr
2024-04-14T15:05:30.340+0000 7f7087fff700 1 -- 172.21.15.45:0/2808687535 learned_addr learned my addr 172.21.15.45:0/2808687535 (peer_addr_for_me v1:172.21.15.45:0/0)
2024-04-14T15:05:32.022 INFO:teuthology.orchestra.run.smithi045.stdout:/usr/bin/ceph: stderr
2024-04-14T15:05:30.340+0000 7f7086ffd700 1 -- 172.21.15.45:0/2808687535 <== mon.0 v1:172.21.15.45:6789/0 1 ==== auth_reply(proto 2 0 (0) Success) ==== 33+0+0 (unknown 3662708437 0 0) 0x7f708810ad10 con 0x7f70881068e0
2024-04-14T15:05:32.022 INFO:teuthology.orchestra.run.smithi045.stdout:/usr/bin/ceph: stderr
2024-04-14T15:05:30.340+0000 7f7086ffd700 1 -- 172.21.15.45:0/2808687535 --> v1:172.21.15.45:6789/0 -- auth(proto 2 36 bytes epoch 0) -- 0x7f70700035b0 con 0x7f70881068e0
2024-04-14T15:05:32.022 INFO:teuthology.orchestra.run.smithi045.stdout:/usr/bin/ceph: stderr
2024-04-14T15:05:30.341+0000 7f7086ffd700 1 -- 172.21.15.45:0/2808687535 <== mon.0 v1:172.21.15.45:6789/0 2 ==== auth_reply(proto 2 0 (0) Success) ==== 214+0+0 (unknown 1894427519 0 0) 0x7f70700035b0 con 0x7f70881068e0
2024-04-14T15:05:32.022 INFO:teuthology.orchestra.run.smithi045.stdout:/usr/bin/ceph: stderr
2024-04-14T15:05:30.341+0000 7f7086ffd700 1 -- 172.21.15.45:0/2808687535 --> v1:172.21.15.45:6789/0 -- mon_subscribe({config=0+,monmap=0+}) -- 0x7f708810bef0 con 0x7f70881068e0
2024-04-14T15:05:32.022 INFO:teuthology.orchestra.run.smithi045.stdout:/usr/bin/ceph: stderr
2024-04-14T15:05:30.341+0000 7f7086ffd700 1 -- 172.21.15.45:0/2808687535 <== mon.0 v1:172.21.15.45:6789/0 3 ==== mon_map magic: 0 ==== 170+0+0 (unknown 3535813903 0 0) 0x7f7078001580 con 0x7f70881068e0
2024-04-14T15:05:32.022 INFO:teuthology.orchestra.run.smithi045.stdout:/usr/bin/ceph: stderr
2024-04-14T15:05:30.341+0000 7f7086ffd700 1 -- 172.21.15.45:0/2808687535 <== mon.0 v1:172.21.15.45:6789/0 4 ==== config(25 keys) ==== 1068+0+0 (unknown 887181305 0 0) 0x7f7078004930 con 0x7f70881068e0
2024-04-14T15:05:32.022 INFO:teuthology.orchestra.run.smithi045.stdout:/usr/bin/ceph: stderr
2024-04-14T15:05:30.341+0000 7f7086ffd700 1 -- 172.21.15.45:0/2808687535 <== mon.0 v1:172.21.15.45:6789/0 5 ==== mon_map magic: 0 ==== 170+0+0 (unknown 3535813903 0 0) 0x7f7078005960 con 0x7f70881068e0
2024-04-14T15:05:32.022 INFO:teuthology.orchestra.run.smithi045.stdout:/usr/bin/ceph: stderr
2024-04-14T15:05:30.341+0000 7f708e9ad700 1 -- 172.21.15.45:0/2808687535 >> v1:172.21.15.45:6789/0 conn(0x7f70881068e0 legacy=0x7f7088106d00 unknown :-1 s=STATE_CONNECTION_ESTABLISHED l=1).mark_down
2024-04-14T15:05:32.023 INFO:teuthology.orchestra.run.smithi045.stdout:/usr/bin/ceph: stderr
2024-04-14T15:05:30.341+0000 7f708e9ad700 1 -- 172.21.15.45:0/2808687535 shutdown_connections
2024-04-14T15:05:32.023 INFO:teuthology.orchestra.run.smithi045.stdout:/usr/bin/ceph: stderr
2024-04-14T15:05:30.341+0000 7f708e9ad700 1 -- 172.21.15.45:0/2808687535 >> 172.21.15.45:0/2808687535 conn(0x7f7088101e60 msgr2=0x7f70881042c0 unknown :-1 s=STATE_NONE l=0).mark_down
2024-04-14T15:05:32.023 INFO:teuthology.orchestra.run.smithi045.stdout:/usr/bin/ceph: stderr
2024-04-14T15:05:30.341+0000 7f708e9ad700 1 -- 172.21.15.45:0/2808687535 shutdown_connections
2024-04-14T15:05:32.023 INFO:teuthology.orchestra.run.smithi045.stdout:/usr/bin/ceph: stderr
2024-04-14T15:05:30.341+0000 7f708e9ad700 1 -- 172.21.15.45:0/2808687535 wait complete.
2024-04-14T15:05:32.023 INFO:teuthology.orchestra.run.smithi045.stdout:/usr/bin/ceph: stderr
2024-04-14T15:05:30.342+0000 7f708e9ad700 1 Processor -- start
2024-04-14T15:05:32.023 INFO:teuthology.orchestra.run.smithi045.stdout:/usr/bin/ceph: stderr
2024-04-14T15:05:30.342+0000 7f708e9ad700 1 -- start start
2024-04-14T15:05:32.023 INFO:teuthology.orchestra.run.smithi045.stdout:/usr/bin/ceph: stderr
2024-04-14T15:05:30.342+0000 7f708e9ad700 1 -- --> v1:172.21.15.45:6789/0 -- auth(proto 0 34 bytes epoch 0) -- 0x7f708819ab70 con 0x7f70881068e0
2024-04-14T15:05:32.023 INFO:teuthology.orchestra.run.smithi045.stdout:/usr/bin/ceph: stderr
2024-04-14T15:05:30.342+0000 7f7087fff700 1 --1- >> v1:172.21.15.45:6789/0 conn(0x7f70881068e0 0x7f708819a460 :-1 s=CONNECTING_WAIT_BANNER_AND_IDENTIFY pgs=0 cs=0 l=1).handle_server_banner_and_identify peer v1:172.21.15.45:6789/0 says I am v1:172.21.15.45:34730/0 (socket says 172.21.15.45:34730)
2024-04-14T15:05:32.023 INFO:teuthology.orchestra.run.smithi045.stdout:/usr/bin/ceph: stderr
2024-04-14T15:05:30.342+0000 7f7087fff700 1 -- 172.21.15.45:0/381486802 learned_addr learned my addr 172.21.15.45:0/381486802 (peer_addr_for_me v1:172.21.15.45:0/0)
2024-04-14T15:05:32.023 INFO:teuthology.orchestra.run.smithi045.stdout:/usr/bin/ceph: stderr
2024-04-14T15:05:30.343+0000 7f70857fa700 1 -- 172.21.15.45:0/381486802 <== mon.0 v1:172.21.15.45:6789/0 1 ==== auth_reply(proto 2 0 (0) Success) ==== 33+0+0 (unknown 2205273845 0 0) 0x7f708819ab70 con 0x7f70881068e0
2024-04-14T15:05:32.023 INFO:teuthology.orchestra.run.smithi045.stdout:/usr/bin/ceph: stderr
2024-04-14T15:05:30.343+0000 7f70857fa700 1 -- 172.21.15.45:0/381486802 --> v1:172.21.15.45:6789/0 -- auth(proto 2 36 bytes epoch 0) -- 0x7f7070005530 con 0x7f70881068e0
2024-04-14T15:05:32.023 INFO:teuthology.orchestra.run.smithi045.stdout:/usr/bin/ceph: stderr
2024-04-14T15:05:30.343+0000 7f70857fa700 1 -- 172.21.15.45:0/381486802 <== mon.0 v1:172.21.15.45:6789/0 2 ==== auth_reply(proto 2 0 (0) Success) ==== 764+0+0 (unknown 209992474 0 0) 0x7f7070005530 con 0x7f70881068e0
2024-04-14T15:05:32.023 INFO:teuthology.orchestra.run.smithi045.stdout:/usr/bin/ceph: stderr
2024-04-14T15:05:30.343+0000 7f70857fa700 1 -- 172.21.15.45:0/381486802 --> v1:172.21.15.45:6789/0 -- auth(proto 2 165 bytes epoch 0) -- 0x7f708819ab70 con 0x7f70881068e0
2024-04-14T15:05:32.023 INFO:teuthology.orchestra.run.smithi045.stdout:/usr/bin/ceph: stderr
2024-04-14T15:05:30.343+0000 7f70857fa700 1 -- 172.21.15.45:0/381486802 <== mon.0 v1:172.21.15.45:6789/0 3 ==== mon_map magic: 0 ==== 170+0+0 (unknown 3535813903 0 0) 0x7f7078001080 con 0x7f70881068e0
2024-04-14T15:05:32.023 INFO:teuthology.orchestra.run.smithi045.stdout:/usr/bin/ceph: stderr
2024-04-14T15:05:30.343+0000 7f70857fa700 1 -- 172.21.15.45:0/381486802 <== mon.0 v1:172.21.15.45:6789/0 4 ==== auth_reply(proto 2 0 (0) Success) ==== 580+0+0 (unknown 486314863 0 0) 0x7f708819ab70 con 0x7f70881068e0
2024-04-14T15:05:32.024 INFO:teuthology.orchestra.run.smithi045.stdout:/usr/bin/ceph: stderr
2024-04-14T15:05:30.343+0000 7f70857fa700 1 -- 172.21.15.45:0/381486802 --> v1:172.21.15.45:6789/0 -- mon_subscribe({config=0+,monmap=0+}) -- 0x7f708819ad40 con 0x7f70881068e0
2024-04-14T15:05:32.024 INFO:teuthology.orchestra.run.smithi045.stdout:/usr/bin/ceph: stderr
2024-04-14T15:05:30.343+0000 7f708e9ad700 1 -- 172.21.15.45:0/381486802 --> v1:172.21.15.45:6789/0 -- mon_subscribe({mgrmap=0+}) -- 0x7f708819b030 con 0x7f70881068e0
2024-04-14T15:05:32.024 INFO:teuthology.orchestra.run.smithi045.stdout:/usr/bin/ceph: stderr
2024-04-14T15:05:30.343+0000 7f708e9ad700 1 -- 172.21.15.45:0/381486802 --> v1:172.21.15.45:6789/0 -- mon_subscribe({osdmap=0}) -- 0x7f708819eb80 con 0x7f70881068e0
2024-04-14T15:05:32.024 INFO:teuthology.orchestra.run.smithi045.stdout:/usr/bin/ceph: stderr
2024-04-14T15:05:30.343+0000 7f70857fa700 1 -- 172.21.15.45:0/381486802 <== mon.0 v1:172.21.15.45:6789/0 5 ==== config(25 keys) ==== 1068+0+0 (unknown 887181305 0 0) 0x7f7078004930 con 0x7f70881068e0
2024-04-14T15:05:32.024 INFO:teuthology.orchestra.run.smithi045.stdout:/usr/bin/ceph: stderr
2024-04-14T15:05:30.343+0000 7f70857fa700 1 -- 172.21.15.45:0/381486802 <== mon.0 v1:172.21.15.45:6789/0 6 ==== mon_map magic: 0 ==== 170+0+0 (unknown 3535813903 0 0) 0x7f7078006030 con 0x7f70881068e0
2024-04-14T15:05:32.024 INFO:teuthology.orchestra.run.smithi045.stdout:/usr/bin/ceph: stderr
2024-04-14T15:05:30.344+0000 7f70857fa700 1 -- 172.21.15.45:0/381486802 <== mon.0 v1:172.21.15.45:6789/0 7 ==== mgrmap(e 8) ==== 46523+0+0 (unknown 1702799921 0 0) 0x7f70780118a0 con 0x7f70881068e0
2024-04-14T15:05:32.024 INFO:teuthology.orchestra.run.smithi045.stdout:/usr/bin/ceph: stderr
2024-04-14T15:05:30.344+0000 7f708e9ad700 1 -- 172.21.15.45:0/381486802 --> v1:172.21.15.45:6789/0 -- mon_command({"prefix": "get_command_descriptions"} v 0) -- 0x7f7074005150 con 0x7f70881068e0
2024-04-14T15:05:32.024 INFO:teuthology.orchestra.run.smithi045.stdout:/usr/bin/ceph: stderr
2024-04-14T15:05:30.344+0000 7f70857fa700 1 -- 172.21.15.45:0/381486802 <== mon.0 v1:172.21.15.45:6789/0 8 ==== osd_map(2..2 src has 1..2) ==== 897+0+0 (unknown 3402240117 0 0) 0x7f7078048060 con 0x7f70881068e0
2024-04-14T15:05:32.024 INFO:teuthology.orchestra.run.smithi045.stdout:/usr/bin/ceph: stderr
2024-04-14T15:05:30.349+0000 7f70857fa700 1 -- 172.21.15.45:0/381486802 <== mon.0 v1:172.21.15.45:6789/0 9 ==== mon_command_ack([{"prefix": "get_command_descriptions"}]=0 v0) ==== 72+0+188297 (unknown 1092875540 0 2267177403) 0x7f70780177a0 con 0x7f70881068e0
2024-04-14T15:05:32.024 INFO:teuthology.orchestra.run.smithi045.stdout:/usr/bin/ceph: stderr
2024-04-14T15:05:30.625+0000 7f708e9ad700 1 -- 172.21.15.45:0/381486802 --> v1:172.21.15.45:6789/0 -- mon_command({"prefix": "mgr module enable", "module": "dashboard"} v 0) -- 0x7f7074005440 con 0x7f70881068e0
2024-04-14T15:05:32.024 INFO:teuthology.orchestra.run.smithi045.stdout:/usr/bin/ceph: stderr
2024-04-14T15:05:31.408+0000 7f70857fa700 1 -- 172.21.15.45:0/381486802 <== mon.0 v1:172.21.15.45:6789/0 10 ==== mon_command_ack([{"prefix": "mgr module enable", "module": "dashboard"}]=0 v9) ==== 88+0+0 (unknown 1498667528 0 0) 0x7f70780170a0 con 0x7f70881068e0
2024-04-14T15:05:32.024 INFO:teuthology.orchestra.run.smithi045.stdout:/usr/bin/ceph: stderr
2024-04-14T15:05:31.410+0000 7f70857fa700 1 -- 172.21.15.45:0/381486802 <== mon.0 v1:172.21.15.45:6789/0 11 ==== mgrmap(e 9) ==== 46536+0+0 (unknown 1243592525 0 0) 0x7f70780469a0 con 0x7f70881068e0
2024-04-14T15:05:32.024 INFO:teuthology.orchestra.run.smithi045.stdout:/usr/bin/ceph: stderr
2024-04-14T15:05:31.412+0000 7f708e9ad700 1 -- 172.21.15.45:0/381486802 >> v1:172.21.15.45:6800/2598686815 conn(0x7f707003a9d0 legacy=0x7f707003ce90 unknown :-1 s=STATE_CONNECTION_ESTABLISHED l=1).mark_down
2024-04-14T15:05:32.025 INFO:teuthology.orchestra.run.smithi045.stdout:/usr/bin/ceph: stderr
2024-04-14T15:05:31.412+0000 7f708e9ad700 1 -- 172.21.15.45:0/381486802 >> v1:172.21.15.45:6789/0 conn(0x7f70881068e0 legacy=0x7f708819a460 unknown :-1 s=STATE_CONNECTION_ESTABLISHED l=1).mark_down
2024-04-14T15:05:32.025 INFO:teuthology.orchestra.run.smithi045.stdout:/usr/bin/ceph: stderr
2024-04-14T15:05:31.412+0000 7f708e9ad700 1 -- 172.21.15.45:0/381486802 shutdown_connections
2024-04-14T15:05:32.025 INFO:teuthology.orchestra.run.smithi045.stdout:/usr/bin/ceph: stderr
2024-04-14T15:05:31.412+0000 7f708e9ad700 1 -- 172.21.15.45:0/381486802 >> 172.21.15.45:0/381486802 conn(0x7f7088101e60 msgr2=0x7f70881042c0 unknown :-1 s=STATE_NONE l=0).mark_down
2024-04-14T15:05:32.025 INFO:teuthology.orchestra.run.smithi045.stdout:/usr/bin/ceph: stderr
2024-04-14T15:05:31.412+0000 7f708e9ad700 1 -- 172.21.15.45:0/381486802 shutdown_connections
2024-04-14T15:05:32.025 INFO:teuthology.orchestra.run.smithi045.stdout:/usr/bin/ceph: stderr
2024-04-14T15:05:31.412+0000 7f708e9ad700 1 -- 172.21.15.45:0/381486802 wait complete.
2024-04-14T15:05:32.269 INFO:journalctl@ceph.mgr.y.smithi045.stdout:Apr 14 15:05:32 smithi045 ceph-1eba33fc-fa70-11ee-bc8e-c7b262605968-mgr-y[29859]:
2024-04-14T15:05:32.016+0000 7f4f61895200 -1 mgr[py] Module osd_perf_query has missing NOTIFY_TYPES member
2024-04-14T15:05:32.269 INFO:journalctl@ceph.mgr.y.smithi045.stdout:Apr 14 15:05:32 smithi045 ceph-1eba33fc-fa70-11ee-bc8e-c7b262605968-mgr-y[29859]:
2024-04-14T15:05:32.129+0000 7f4f61895200 -1 mgr[py] Module snap_schedule has missing NOTIFY_TYPES member
2024-04-14T15:05:32.658 INFO:journalctl@ceph.mon.a.smithi045.stdout:Apr 14 15:05:32 smithi045 ceph-mon[29624]: from='client.? v1:172.21.15.45:0/381486802' entity='client.admin' cmd='[{"prefix": "mgr module enable", "module": "dashboard"}]': finished
2024-04-14T15:05:32.658 INFO:journalctl@ceph.mon.a.smithi045.stdout:Apr 14 15:05:32 smithi045 ceph-mon[29624]: mgrmap e9: y(active, since 19s)
2024-04-14T15:05:32.918 INFO:journalctl@ceph.mgr.y.smithi045.stdout:Apr 14 15:05:32 smithi045 ceph-1eba33fc-fa70-11ee-bc8e-c7b262605968-mgr-y[29859]:
2024-04-14T15:05:32.822+0000 7f4f61895200 -1 mgr[py] Module zabbix has missing NOTIFY_TYPES member
2024-04-14T15:05:32.918 INFO:journalctl@ceph.mgr.y.smithi045.stdout:Apr 14 15:05:32 smithi045 ceph-1eba33fc-fa70-11ee-bc8e-c7b262605968-mgr-y[29859]:
2024-04-14T15:05:32.917+0000 7f4f61895200 -1 mgr[py] Module balancer has missing NOTIFY_TYPES member
2024-04-14T15:05:33.246 INFO:journalctl@ceph.mgr.y.smithi045.stdout:Apr 14 15:05:33 smithi045 ceph-1eba33fc-fa70-11ee-bc8e-c7b262605968-mgr-y[29859]:
2024-04-14T15:05:33.066+0000 7f4f61895200 -1 mgr[py] Module influx has missing NOTIFY_TYPES member
2024-04-14T15:05:33.246 INFO:journalctl@ceph.mgr.y.smithi045.stdout:Apr 14 15:05:33 smithi045 ceph-1eba33fc-fa70-11ee-bc8e-c7b262605968-mgr-y[29859]:
2024-04-14T15:05:33.164+0000 7f4f61895200 -1 mgr[py] Module alerts has missing NOTIFY_TYPES member
2024-04-14T15:05:33.353 INFO:teuthology.orchestra.run.smithi045.stdout:/usr/bin/ceph: stdout {
2024-04-14T15:05:33.353 INFO:teuthology.orchestra.run.smithi045.stdout:/usr/bin/ceph: stdout "epoch": 9,
2024-04-14T15:05:33.354 INFO:teuthology.orchestra.run.smithi045.stdout:/usr/bin/ceph: stdout "available": true,
2024-04-14T15:05:33.354 INFO:teuthology.orchestra.run.smithi045.stdout:/usr/bin/ceph: stdout "active_name": "y",
2024-04-14T15:05:33.354 INFO:teuthology.orchestra.run.smithi045.stdout:/usr/bin/ceph: stdout "num_standby": 0
2024-04-14T15:05:33.354 INFO:teuthology.orchestra.run.smithi045.stdout:/usr/bin/ceph: stdout }
2024-04-14T15:05:33.354 INFO:teuthology.orchestra.run.smithi045.stdout:/usr/bin/ceph: stderr
2024-04-14T15:05:32.451+0000 7f93a4f7d700 1 Processor -- start
2024-04-14T15:05:33.354 INFO:teuthology.orchestra.run.smithi045.stdout:/usr/bin/ceph: stderr
2024-04-14T15:05:32.451+0000 7f93a4f7d700 1 -- start start
2024-04-14T15:05:33.354 INFO:teuthology.orchestra.run.smithi045.stdout:/usr/bin/ceph: stderr
2024-04-14T15:05:32.452+0000 7f93a4f7d700 1 -- --> v1:172.21.15.45:6789/0 -- auth(proto 0 34 bytes epoch 0) -- 0x7f93a010ae60 con 0x7f93a0104bb0
2024-04-14T15:05:33.354 INFO:teuthology.orchestra.run.smithi045.stdout:/usr/bin/ceph: stderr
2024-04-14T15:05:32.452+0000 7f939e59c700 1 --1- >> v1:172.21.15.45:6789/0 conn(0x7f93a0104bb0 0x7f93a0104fd0 :-1 s=CONNECTING_WAIT_BANNER_AND_IDENTIFY pgs=0 cs=0 l=0).handle_server_banner_and_identify peer v1:172.21.15.45:6789/0 says I am v1:172.21.15.45:34064/0 (socket says 172.21.15.45:34064)
2024-04-14T15:05:33.354 INFO:teuthology.orchestra.run.smithi045.stdout:/usr/bin/ceph: stderr
2024-04-14T15:05:32.452+0000 7f939e59c700 1 -- 172.21.15.45:0/2900747077 learned_addr learned my addr 172.21.15.45:0/2900747077 (peer_addr_for_me v1:172.21.15.45:0/0)
2024-04-14T15:05:33.354 INFO:teuthology.orchestra.run.smithi045.stdout:/usr/bin/ceph: stderr
2024-04-14T15:05:32.452+0000 7f939d59a700 1 -- 172.21.15.45:0/2900747077 <== mon.0 v1:172.21.15.45:6789/0 1 ==== auth_reply(proto 2 0 (0) Success) ==== 33+0+0 (unknown 3660647960 0 0) 0x7f93a010ae60 con 0x7f93a0104bb0
2024-04-14T15:05:33.354 INFO:teuthology.orchestra.run.smithi045.stdout:/usr/bin/ceph: stderr
2024-04-14T15:05:32.452+0000 7f939d59a700 1 -- 172.21.15.45:0/2900747077 --> v1:172.21.15.45:6789/0 -- auth(proto 2 36 bytes epoch 0) -- 0x7f938c0035b0 con 0x7f93a0104bb0
2024-04-14T15:05:33.354 INFO:teuthology.orchestra.run.smithi045.stdout:/usr/bin/ceph: stderr
2024-04-14T15:05:32.452+0000 7f939d59a700 1 -- 172.21.15.45:0/2900747077 <== mon.0 v1:172.21.15.45:6789/0 2 ==== auth_reply(proto 2 0 (0) Success) ==== 214+0+0 (unknown 2505302356 0 0) 0x7f938c0035b0 con 0x7f93a0104bb0
2024-04-14T15:05:33.354 INFO:teuthology.orchestra.run.smithi045.stdout:/usr/bin/ceph: stderr
2024-04-14T15:05:32.452+0000 7f939d59a700 1 -- 172.21.15.45:0/2900747077 --> v1:172.21.15.45:6789/0 -- mon_subscribe({config=0+,monmap=0+}) -- 0x7f93a010c040 con 0x7f93a0104bb0
2024-04-14T15:05:33.355 INFO:teuthology.orchestra.run.smithi045.stdout:/usr/bin/ceph: stderr
2024-04-14T15:05:32.452+0000 7f939d59a700 1 -- 172.21.15.45:0/2900747077 <== mon.0 v1:172.21.15.45:6789/0 3 ==== mon_map magic: 0 ==== 170+0+0 (unknown 3535813903 0 0) 0x7f9390001580 con 0x7f93a0104bb0
2024-04-14T15:05:33.355 INFO:teuthology.orchestra.run.smithi045.stdout:/usr/bin/ceph: stderr
2024-04-14T15:05:32.452+0000 7f939d59a700 1 -- 172.21.15.45:0/2900747077 <== mon.0 v1:172.21.15.45:6789/0 4 ==== config(25 keys) ==== 1068+0+0 (unknown 887181305 0 0) 0x7f9390001c70 con 0x7f93a0104bb0
2024-04-14T15:05:33.355 INFO:teuthology.orchestra.run.smithi045.stdout:/usr/bin/ceph: stderr
2024-04-14T15:05:32.452+0000 7f939d59a700 1 -- 172.21.15.45:0/2900747077 <== mon.0 v1:172.21.15.45:6789/0 5 ==== mon_map magic: 0 ==== 170+0+0 (unknown 3535813903 0 0) 0x7f9390005960 con 0x7f93a0104bb0
2024-04-14T15:05:33.355 INFO:teuthology.orchestra.run.smithi045.stdout:/usr/bin/ceph: stderr
2024-04-14T15:05:32.453+0000 7f93a4f7d700 1 -- 172.21.15.45:0/2900747077 >> v1:172.21.15.45:6789/0 conn(0x7f93a0104bb0 legacy=0x7f93a0104fd0 unknown :-1 s=STATE_CONNECTION_ESTABLISHED l=1).mark_down
2024-04-14T15:05:33.355 INFO:teuthology.orchestra.run.smithi045.stdout:/usr/bin/ceph: stderr
2024-04-14T15:05:32.453+0000 7f93a4f7d700 1 -- 172.21.15.45:0/2900747077 shutdown_connections
2024-04-14T15:05:33.355 INFO:teuthology.orchestra.run.smithi045.stdout:/usr/bin/ceph: stderr
2024-04-14T15:05:32.453+0000 7f93a4f7d700 1 -- 172.21.15.45:0/2900747077 >> 172.21.15.45:0/2900747077 conn(0x7f93a0100550 msgr2=0x7f93a0102970 unknown :-1 s=STATE_NONE l=0).mark_down
2024-04-14T15:05:33.355 INFO:teuthology.orchestra.run.smithi045.stdout:/usr/bin/ceph: stderr
2024-04-14T15:05:32.453+0000 7f93a4f7d700 1 -- 172.21.15.45:0/2900747077 shutdown_connections
2024-04-14T15:05:33.355 INFO:teuthology.orchestra.run.smithi045.stdout:/usr/bin/ceph: stderr
2024-04-14T15:05:32.453+0000 7f93a4f7d700 1 -- 172.21.15.45:0/2900747077 wait complete.
2024-04-14T15:05:33.355 INFO:teuthology.orchestra.run.smithi045.stdout:/usr/bin/ceph: stderr
2024-04-14T15:05:32.454+0000 7f93a4f7d700 1 Processor -- start
2024-04-14T15:05:33.355 INFO:teuthology.orchestra.run.smithi045.stdout:/usr/bin/ceph: stderr
2024-04-14T15:05:32.454+0000 7f93a4f7d700 1 -- start start
2024-04-14T15:05:33.355 INFO:teuthology.orchestra.run.smithi045.stdout:/usr/bin/ceph: stderr
2024-04-14T15:05:32.454+0000 7f93a4f7d700 1 -- --> v1:172.21.15.45:6789/0 -- auth(proto 0 34 bytes epoch 0) -- 0x7f93a019ac70 con 0x7f93a0104bb0
2024-04-14T15:05:33.355 INFO:teuthology.orchestra.run.smithi045.stdout:/usr/bin/ceph: stderr
2024-04-14T15:05:32.455+0000 7f939e59c700 1 --1- >> v1:172.21.15.45:6789/0 conn(0x7f93a0104bb0 0x7f93a019a560 :-1 s=CONNECTING_WAIT_BANNER_AND_IDENTIFY pgs=0 cs=0 l=1).handle_server_banner_and_identify peer v1:172.21.15.45:6789/0 says I am v1:172.21.15.45:34072/0 (socket says 172.21.15.45:34072)
2024-04-14T15:05:33.355 INFO:teuthology.orchestra.run.smithi045.stdout:/usr/bin/ceph: stderr
2024-04-14T15:05:32.455+0000 7f939e59c700 1 -- 172.21.15.45:0/2828327321 learned_addr learned my addr 172.21.15.45:0/2828327321 (peer_addr_for_me v1:172.21.15.45:0/0)
2024-04-14T15:05:33.355 INFO:teuthology.orchestra.run.smithi045.stdout:/usr/bin/ceph: stderr
2024-04-14T15:05:32.455+0000 7f93977fe700 1 -- 172.21.15.45:0/2828327321 <== mon.0 v1:172.21.15.45:6789/0 1 ==== auth_reply(proto 2 0 (0) Success) ==== 33+0+0 (unknown 1204963968 0 0) 0x7f93a019ac70 con 0x7f93a0104bb0
2024-04-14T15:05:33.355 INFO:teuthology.orchestra.run.smithi045.stdout:/usr/bin/ceph: stderr
2024-04-14T15:05:32.455+0000 7f93977fe700 1 -- 172.21.15.45:0/2828327321 --> v1:172.21.15.45:6789/0 -- auth(proto 2 36 bytes epoch 0) -- 0x7f938c005580 con 0x7f93a0104bb0
2024-04-14T15:05:33.356 INFO:teuthology.orchestra.run.smithi045.stdout:/usr/bin/ceph: stderr
2024-04-14T15:05:32.455+0000 7f93977fe700 1 -- 172.21.15.45:0/2828327321 <== mon.0 v1:172.21.15.45:6789/0 2 ==== auth_reply(proto 2 0 (0) Success) ==== 764+0+0 (unknown 3296738716 0 0) 0x7f938c005580 con 0x7f93a0104bb0
2024-04-14T15:05:33.356 INFO:teuthology.orchestra.run.smithi045.stdout:/usr/bin/ceph: stderr
2024-04-14T15:05:32.455+0000 7f93977fe700 1 -- 172.21.15.45:0/2828327321 --> v1:172.21.15.45:6789/0 -- auth(proto 2 165 bytes epoch 0) -- 0x7f93a019ac70 con 0x7f93a0104bb0
2024-04-14T15:05:33.356 INFO:teuthology.orchestra.run.smithi045.stdout:/usr/bin/ceph: stderr
2024-04-14T15:05:32.455+0000 7f93977fe700 1 -- 172.21.15.45:0/2828327321 <== mon.0 v1:172.21.15.45:6789/0 3 ==== mon_map magic: 0 ==== 170+0+0 (unknown 3535813903 0 0) 0x7f9390005920 con 0x7f93a0104bb0
2024-04-14T15:05:33.356 INFO:teuthology.orchestra.run.smithi045.stdout:/usr/bin/ceph: stderr
2024-04-14T15:05:32.455+0000 7f93977fe700 1 -- 172.21.15.45:0/2828327321 <== mon.0 v1:172.21.15.45:6789/0 4 ==== auth_reply(proto 2 0 (0) Success) ==== 580+0+0 (unknown 2589976402 0 0) 0x7f93a019ac70 con 0x7f93a0104bb0
2024-04-14T15:05:33.356 INFO:teuthology.orchestra.run.smithi045.stdout:/usr/bin/ceph: stderr
2024-04-14T15:05:32.455+0000 7f93977fe700 1 -- 172.21.15.45:0/2828327321 --> v1:172.21.15.45:6789/0 -- mon_subscribe({config=0+,monmap=0+}) -- 0x7f93a019ae40 con 0x7f93a0104bb0
2024-04-14T15:05:33.356 INFO:teuthology.orchestra.run.smithi045.stdout:/usr/bin/ceph: stderr
2024-04-14T15:05:32.455+0000 7f93a4f7d700 1 -- 172.21.15.45:0/2828327321 --> v1:172.21.15.45:6789/0 -- mon_subscribe({mgrmap=0+}) -- 0x7f93a019b130 con 0x7f93a0104bb0
2024-04-14T15:05:33.356 INFO:teuthology.orchestra.run.smithi045.stdout:/usr/bin/ceph: stderr
2024-04-14T15:05:32.455+0000 7f93a4f7d700 1 -- 172.21.15.45:0/2828327321 --> v1:172.21.15.45:6789/0 -- mon_subscribe({osdmap=0}) -- 0x7f93a019ec80 con 0x7f93a0104bb0
2024-04-14T15:05:33.356 INFO:teuthology.orchestra.run.smithi045.stdout:/usr/bin/ceph: stderr
2024-04-14T15:05:32.456+0000 7f93977fe700 1 -- 172.21.15.45:0/2828327321 <== mon.0 v1:172.21.15.45:6789/0 5 ==== config(25 keys) ==== 1068+0+0 (unknown 887181305 0 0) 0x7f9390005660 con 0x7f93a0104bb0
2024-04-14T15:05:33.356 INFO:teuthology.orchestra.run.smithi045.stdout:/usr/bin/ceph: stderr
2024-04-14T15:05:32.456+0000 7f93977fe700 1 -- 172.21.15.45:0/2828327321 <== mon.0 v1:172.21.15.45:6789/0 6 ==== mon_map magic: 0 ==== 170+0+0 (unknown 3535813903 0 0) 0x7f9390005f70 con 0x7f93a0104bb0
2024-04-14T15:05:33.356 INFO:teuthology.orchestra.run.smithi045.stdout:/usr/bin/ceph: stderr
2024-04-14T15:05:32.456+0000 7f93977fe700 1 -- 172.21.15.45:0/2828327321 <== mon.0 v1:172.21.15.45:6789/0 7 ==== mgrmap(e 9) ==== 46536+0+0 (unknown 1243592525 0 0) 0x7f93900117a0 con 0x7f93a0104bb0
2024-04-14T15:05:33.356 INFO:teuthology.orchestra.run.smithi045.stdout:/usr/bin/ceph: stderr
2024-04-14T15:05:32.456+0000 7f93977fe700 1 -- 172.21.15.45:0/2828327321 <== mon.0 v1:172.21.15.45:6789/0 8 ==== osd_map(2..2 src has 1..2) ==== 897+0+0 (unknown 3402240117 0 0) 0x7f9390048ea0 con 0x7f93a0104bb0
2024-04-14T15:05:33.356 INFO:teuthology.orchestra.run.smithi045.stdout:/usr/bin/ceph: stderr
2024-04-14T15:05:32.456+0000 7f93a4f7d700 1 -- 172.21.15.45:0/2828327321 --> v1:172.21.15.45:6789/0 -- mon_command({"prefix": "get_command_descriptions"} v 0) -- 0x7f9380005150 con 0x7f93a0104bb0
2024-04-14T15:05:33.356 INFO:teuthology.orchestra.run.smithi045.stdout:/usr/bin/ceph: stderr
2024-04-14T15:05:32.457+0000 7f939dd9b700 1 -- 172.21.15.45:0/2828327321 >> v1:172.21.15.45:6800/2598686815 conn(0x7f938c03a8c0 legacy=0x7f938c03cd80 unknown :-1 s=STATE_CONNECTING_RE l=1).process reconnect failed to v1:172.21.15.45:6800/2598686815
2024-04-14T15:05:33.356 INFO:teuthology.orchestra.run.smithi045.stdout:/usr/bin/ceph: stderr
2024-04-14T15:05:32.461+0000 7f93977fe700 1 -- 172.21.15.45:0/2828327321 <== mon.0 v1:172.21.15.45:6789/0 9 ==== mon_command_ack([{"prefix": "get_command_descriptions"}]=0 v0) ==== 72+0+188297 (unknown 1092875540 0 2267177403) 0x7f9390017710 con 0x7f93a0104bb0
2024-04-14T15:05:33.356 INFO:teuthology.orchestra.run.smithi045.stdout:/usr/bin/ceph: stderr
2024-04-14T15:05:32.658+0000 7f939dd9b700 1 -- 172.21.15.45:0/2828327321 >> v1:172.21.15.45:6800/2598686815 conn(0x7f938c03a8c0 legacy=0x7f938c03cd80 unknown :-1 s=STATE_CONNECTING_RE l=1).process reconnect failed to v1:172.21.15.45:6800/2598686815
2024-04-14T15:05:33.356 INFO:teuthology.orchestra.run.smithi045.stdout:/usr/bin/ceph: stderr
2024-04-14T15:05:32.735+0000 7f93a4f7d700 1 -- 172.21.15.45:0/2828327321 --> v1:172.21.15.45:6789/0 -- mon_command({"prefix": "mgr stat"} v 0) -- 0x7f9380005c50 con 0x7f93a0104bb0
2024-04-14T15:05:33.357 INFO:teuthology.orchestra.run.smithi045.stdout:/usr/bin/ceph: stderr
2024-04-14T15:05:32.735+0000 7f93977fe700 1 -- 172.21.15.45:0/2828327321 <== mon.0 v1:172.21.15.45:6789/0 10 ==== mon_command_ack([{"prefix": "mgr stat"}]=0 v9) ==== 56+0+88 (unknown 2005831594 0 1748205903) 0x7f9390017010 con 0x7f93a0104bb0
2024-04-14T15:05:33.357 INFO:teuthology.orchestra.run.smithi045.stdout:/usr/bin/ceph: stderr
2024-04-14T15:05:32.738+0000 7f93a4f7d700 1 -- 172.21.15.45:0/2828327321 >> v1:172.21.15.45:6800/2598686815 conn(0x7f938c03a8c0 legacy=0x7f938c03cd80 unknown :-1 s=STATE_CONNECTING l=1).mark_down
2024-04-14T15:05:33.357 INFO:teuthology.orchestra.run.smithi045.stdout:/usr/bin/ceph: stderr
2024-04-14T15:05:32.738+0000 7f93a4f7d700 1 -- 172.21.15.45:0/2828327321 >> v1:172.21.15.45:6789/0 conn(0x7f93a0104bb0 legacy=0x7f93a019a560 unknown :-1 s=STATE_CONNECTION_ESTABLISHED l=1).mark_down
2024-04-14T15:05:33.357 INFO:teuthology.orchestra.run.smithi045.stdout:/usr/bin/ceph: stderr
2024-04-14T15:05:32.738+0000 7f93a4f7d700 1 -- 172.21.15.45:0/2828327321 shutdown_connections
2024-04-14T15:05:33.357 INFO:teuthology.orchestra.run.smithi045.stdout:/usr/bin/ceph: stderr
2024-04-14T15:05:32.738+0000 7f93a4f7d700 1 -- 172.21.15.45:0/2828327321 >> 172.21.15.45:0/2828327321 conn(0x7f93a0100550 msgr2=0x7f93a01911e0 unknown :-1 s=STATE_NONE l=0).mark_down
2024-04-14T15:05:33.357 INFO:teuthology.orchestra.run.smithi045.stdout:/usr/bin/ceph: stderr
2024-04-14T15:05:32.738+0000 7f93a4f7d700 1 -- 172.21.15.45:0/2828327321 shutdown_connections
2024-04-14T15:05:33.357 INFO:teuthology.orchestra.run.smithi045.stdout:/usr/bin/ceph: stderr
2024-04-14T15:05:32.738+0000 7f93a4f7d700 1 -- 172.21.15.45:0/2828327321 wait complete.
2024-04-14T15:05:33.357 INFO:teuthology.orchestra.run.smithi045.stdout:Waiting for the mgr to restart...
2024-04-14T15:05:33.357 INFO:teuthology.orchestra.run.smithi045.stdout:Waiting for mgr epoch 9...
2024-04-14T15:05:33.526 INFO:journalctl@ceph.mon.a.smithi045.stdout:Apr 14 15:05:33 smithi045 ceph-mon[29624]: from='client.? v1:172.21.15.45:0/2828327321' entity='client.admin' cmd=[{"prefix": "mgr stat"}]: dispatch
2024-04-14T15:05:33.526 INFO:journalctl@ceph.mgr.y.smithi045.stdout:Apr 14 15:05:33 smithi045 ceph-1eba33fc-fa70-11ee-bc8e-c7b262605968-mgr-y[29859]:
2024-04-14T15:05:33.249+0000 7f4f61895200 -1 mgr[py] Module iostat has missing NOTIFY_TYPES member
2024-04-14T15:05:33.526 INFO:journalctl@ceph.mgr.y.smithi045.stdout:Apr 14 15:05:33 smithi045 ceph-1eba33fc-fa70-11ee-bc8e-c7b262605968-mgr-y[29859]:
2024-04-14T15:05:33.525+0000 7f4f61895200 -1 mgr[py] Module rgw has missing NOTIFY_TYPES member
2024-04-14T15:05:33.782 INFO:journalctl@ceph.mgr.y.smithi045.stdout:Apr 14 15:05:33 smithi045 ceph-1eba33fc-fa70-11ee-bc8e-c7b262605968-mgr-y[29859]:
2024-04-14T15:05:33.641+0000 7f4f61895200 -1 mgr[py] Module rbd_support has missing NOTIFY_TYPES member
2024-04-14T15:05:33.782 INFO:journalctl@ceph.mgr.y.smithi045.stdout:Apr 14 15:05:33 smithi045 ceph-1eba33fc-fa70-11ee-bc8e-c7b262605968-mgr-y[29859]:
2024-04-14T15:05:33.731+0000 7f4f61895200 -1 mgr[py] Module progress has missing NOTIFY_TYPES member
2024-04-14T15:05:34.246 INFO:journalctl@ceph.mgr.y.smithi045.stdout:Apr 14 15:05:33 smithi045 ceph-1eba33fc-fa70-11ee-bc8e-c7b262605968-mgr-y[29859]:
2024-04-14T15:05:33.832+0000 7f4f61895200 -1 mgr[py] Module pg_autoscaler has missing NOTIFY_TYPES member
2024-04-14T15:05:34.246 INFO:journalctl@ceph.mgr.y.smithi045.stdout:Apr 14 15:05:34 smithi045 ceph-1eba33fc-fa70-11ee-bc8e-c7b262605968-mgr-y[29859]:
2024-04-14T15:05:34.011+0000 7f4f61895200 -1 mgr[py] Module devicehealth has missing NOTIFY_TYPES member
2024-04-14T15:05:35.479 INFO:journalctl@ceph.mgr.y.smithi045.stdout:Apr 14 15:05:35 smithi045 ceph-1eba33fc-fa70-11ee-bc8e-c7b262605968-mgr-y[29859]:
2024-04-14T15:05:35.004+0000 7f4f61895200 -1 mgr[py] Module rook has missing NOTIFY_TYPES member
2024-04-14T15:05:35.479 INFO:journalctl@ceph.mgr.y.smithi045.stdout:Apr 14 15:05:35 smithi045 ceph-1eba33fc-fa70-11ee-bc8e-c7b262605968-mgr-y[29859]:
2024-04-14T15:05:35.139+0000 7f4f61895200 -1 mgr[py] Module diskprediction_local has missing NOTIFY_TYPES member
2024-04-14T15:05:35.479 INFO:journalctl@ceph.mgr.y.smithi045.stdout:Apr 14 15:05:35 smithi045 ceph-1eba33fc-fa70-11ee-bc8e-c7b262605968-mgr-y[29859]:
2024-04-14T15:05:35.478+0000 7f4f61895200 -1 mgr[py] Module selftest has missing NOTIFY_TYPES member
2024-04-14T15:05:35.746 INFO:journalctl@ceph.mgr.y.smithi045.stdout:Apr 14 15:05:35 smithi045 ceph-1eba33fc-fa70-11ee-bc8e-c7b262605968-mgr-y[29859]:
2024-04-14T15:05:35.571+0000 7f4f61895200 -1 mgr[py] Module telegraf has missing NOTIFY_TYPES member
2024-04-14T15:05:36.246 INFO:journalctl@ceph.mgr.y.smithi045.stdout:Apr 14 15:05:35 smithi045 ceph-1eba33fc-fa70-11ee-bc8e-c7b262605968-mgr-y[29859]:
2024-04-14T15:05:35.773+0000 7f4f61895200 -1 mgr[py] Module test_orchestrator has missing NOTIFY_TYPES member
2024-04-14T15:05:36.247 INFO:journalctl@ceph.mgr.y.smithi045.stdout:Apr 14 15:05:35 smithi045 ceph-1eba33fc-fa70-11ee-bc8e-c7b262605968-mgr-y[29859]:
2024-04-14T15:05:35.963+0000 7f4f61895200 -1 mgr[py] Module crash has missing NOTIFY_TYPES member
2024-04-14T15:05:36.519 INFO:journalctl@ceph.mgr.y.smithi045.stdout:Apr 14 15:05:36 smithi045 ceph-1eba33fc-fa70-11ee-bc8e-c7b262605968-mgr-y[29859]:
2024-04-14T15:05:36.257+0000 7f4f61895200 -1 mgr[py] Module orchestrator has missing NOTIFY_TYPES member
2024-04-14T15:05:36.519 INFO:journalctl@ceph.mgr.y.smithi045.stdout:Apr 14 15:05:36 smithi045 ceph-1eba33fc-fa70-11ee-bc8e-c7b262605968-mgr-y[29859]:
2024-04-14T15:05:36.519+0000 7f4f61895200 -1 mgr[py] Module osd_support has missing NOTIFY_TYPES member
2024-04-14T15:05:36.791 INFO:journalctl@ceph.mgr.y.smithi045.stdout:Apr 14 15:05:36 smithi045 ceph-1eba33fc-fa70-11ee-bc8e-c7b262605968-mgr-y[29859]:
2024-04-14T15:05:36.763+0000 7f4f61895200 -1 mgr[py] Module volumes has missing NOTIFY_TYPES member
2024-04-14T15:05:37.996 INFO:journalctl@ceph.mgr.y.smithi045.stdout:Apr 14 15:05:37 smithi045 ceph-1eba33fc-fa70-11ee-bc8e-c7b262605968-mgr-y[29859]:
2024-04-14T15:05:37.595+0000 7f4f61895200 -1 mgr[py] Module telemetry has missing NOTIFY_TYPES member
2024-04-14T15:05:38.496 INFO:journalctl@ceph.mgr.y.smithi045.stdout:Apr 14 15:05:38 smithi045 ceph-1eba33fc-fa70-11ee-bc8e-c7b262605968-mgr-y[29859]:
2024-04-14T15:05:38.180+0000 7f4f61895200 -1 mgr[py] Module prometheus has missing NOTIFY_TYPES member
2024-04-14T15:05:38.496 INFO:journalctl@ceph.mgr.y.smithi045.stdout:Apr 14 15:05:38 smithi045 ceph-1eba33fc-fa70-11ee-bc8e-c7b262605968-mgr-y[29859]:
2024-04-14T15:05:38.281+0000 7f4f61895200 -1 mgr[py] Module status has missing NOTIFY_TYPES member
2024-04-14T15:05:38.996 INFO:journalctl@ceph.mgr.y.smithi045.stdout:Apr 14 15:05:38 smithi045 ceph-1eba33fc-fa70-11ee-bc8e-c7b262605968-mgr-y[29859]:
2024-04-14T15:05:38.508+0000 7f4f61895200 -1 mgr[py] Module nfs has missing NOTIFY_TYPES member
2024-04-14T15:05:38.997 INFO:journalctl@ceph.mon.a.smithi045.stdout:Apr 14 15:05:38 smithi045 ceph-mon[29624]: Active manager daemon y restarted
2024-04-14T15:05:38.997 INFO:journalctl@ceph.mon.a.smithi045.stdout:Apr 14 15:05:38 smithi045 ceph-mon[29624]: Activating manager daemon y
2024-04-14T15:05:38.997 INFO:journalctl@ceph.mon.a.smithi045.stdout:Apr 14 15:05:38 smithi045 ceph-mon[29624]: osdmap e3: 0 total, 0 up, 0 in
2024-04-14T15:05:38.997 INFO:journalctl@ceph.mon.a.smithi045.stdout:Apr 14 15:05:38 smithi045 ceph-mon[29624]: mgrmap e10: y(active, starting, since 0.00331278s)
2024-04-14T15:05:38.997 INFO:journalctl@ceph.mon.a.smithi045.stdout:Apr 14 15:05:38 smithi045 ceph-mon[29624]: from='mgr.14152 v1:172.21.15.45:0/3330400389' entity='mgr.y' cmd=[{"prefix": "mon metadata", "id": "a"}]: dispatch
2024-04-14T15:05:38.997 INFO:journalctl@ceph.mon.a.smithi045.stdout:Apr 14 15:05:38 smithi045 ceph-mon[29624]: from='mgr.14152 v1:172.21.15.45:0/3330400389' entity='mgr.y' cmd=[{"prefix": "mgr metadata", "who": "y", "id": "y"}]: dispatch
2024-04-14T15:05:38.997 INFO:journalctl@ceph.mon.a.smithi045.stdout:Apr 14 15:05:38 smithi045 ceph-mon[29624]: from='mgr.14152 v1:172.21.15.45:0/3330400389' entity='mgr.y' cmd=[{"prefix": "mds metadata"}]: dispatch
2024-04-14T15:05:38.997 INFO:journalctl@ceph.mon.a.smithi045.stdout:Apr 14 15:05:38 smithi045 ceph-mon[29624]: from='mgr.14152 v1:172.21.15.45:0/3330400389' entity='mgr.y' cmd=[{"prefix": "osd metadata"}]: dispatch
2024-04-14T15:05:38.997 INFO:journalctl@ceph.mon.a.smithi045.stdout:Apr 14 15:05:38 smithi045 ceph-mon[29624]: from='mgr.14152 v1:172.21.15.45:0/3330400389' entity='mgr.y' cmd=[{"prefix": "mon metadata"}]: dispatch
2024-04-14T15:05:38.997 INFO:journalctl@ceph.mon.a.smithi045.stdout:Apr 14 15:05:38 smithi045 ceph-mon[29624]: Manager daemon y is now available
2024-04-14T15:05:38.997 INFO:journalctl@ceph.mon.a.smithi045.stdout:Apr 14 15:05:38 smithi045 ceph-mon[29624]: from='mgr.14152 v1:172.21.15.45:0/3330400389' entity='mgr.y' cmd=[{"prefix": "config dump", "format": "json"}]: dispatch
2024-04-14T15:05:38.997 INFO:journalctl@ceph.mon.a.smithi045.stdout:Apr 14 15:05:38 smithi045 ceph-mon[29624]: from='mgr.14152 v1:172.21.15.45:0/3330400389' entity='mgr.y' cmd=[{"prefix":"config rm","who":"mgr","name":"mgr/rbd_support/y/mirror_snapshot_schedule"}]: dispatch
2024-04-14T15:05:38.997 INFO:journalctl@ceph.mon.a.smithi045.stdout:Apr 14 15:05:38 smithi045 ceph-mon[29624]: from='mgr.14152 v1:172.21.15.45:0/3330400389' entity='mgr.y' cmd=[{"prefix":"config rm","who":"mgr","name":"mgr/rbd_support/y/trash_purge_schedule"}]: dispatch
2024-04-14T15:05:39.746 INFO:journalctl@ceph.mon.a.smithi045.stdout:Apr 14 15:05:39 smithi045 ceph-mon[29624]: [14/Apr/2024:15:05:39] ENGINE Bus STARTING
2024-04-14T15:05:39.747 INFO:journalctl@ceph.mon.a.smithi045.stdout:Apr 14 15:05:39 smithi045 ceph-mon[29624]: [14/Apr/2024:15:05:39] ENGINE Serving on http://172.21.15.45:8765
2024-04-14T15:05:39.747 INFO:journalctl@ceph.mon.a.smithi045.stdout:Apr 14 15:05:39 smithi045 ceph-mon[29624]: mgrmap e11: y(active, since 1.00591s)
2024-04-14T15:05:40.078 INFO:teuthology.orchestra.run.smithi045.stdout:/usr/bin/ceph: stdout {
2024-04-14T15:05:40.078 INFO:teuthology.orchestra.run.smithi045.stdout:/usr/bin/ceph: stdout "mgrmap_epoch": 11,
2024-04-14T15:05:40.079 INFO:teuthology.orchestra.run.smithi045.stdout:/usr/bin/ceph: stdout "initialized": true
2024-04-14T15:05:40.079 INFO:teuthology.orchestra.run.smithi045.stdout:/usr/bin/ceph: stdout }
2024-04-14T15:05:40.079 INFO:teuthology.orchestra.run.smithi045.stdout:/usr/bin/ceph: stderr
2024-04-14T15:05:33.781+0000 7fd8d7ed2700 1 Processor -- start
2024-04-14T15:05:40.079 INFO:teuthology.orchestra.run.smithi045.stdout:/usr/bin/ceph: stderr
2024-04-14T15:05:33.782+0000 7fd8d7ed2700 1 -- start start
2024-04-14T15:05:40.079 INFO:teuthology.orchestra.run.smithi045.stdout:/usr/bin/ceph: stderr
2024-04-14T15:05:33.782+0000 7fd8d7ed2700 1 -- --> v1:172.21.15.45:6789/0 -- auth(proto 0 34 bytes epoch 0) -- 0x7fd8d010ad30 con 0x7fd8d0106900
2024-04-14T15:05:40.079 INFO:teuthology.orchestra.run.smithi045.stdout:/usr/bin/ceph: stderr
2024-04-14T15:05:33.782+0000 7fd8d5c6e700 1 --1- >> v1:172.21.15.45:6789/0 conn(0x7fd8d0106900 0x7fd8d0106d20 :-1 s=CONNECTING_WAIT_BANNER_AND_IDENTIFY pgs=0 cs=0 l=0).handle_server_banner_and_identify peer v1:172.21.15.45:6789/0 says I am v1:172.21.15.45:34074/0 (socket says 172.21.15.45:34074)
2024-04-14T15:05:40.079 INFO:teuthology.orchestra.run.smithi045.stdout:/usr/bin/ceph: stderr
2024-04-14T15:05:33.782+0000 7fd8d5c6e700 1 -- 172.21.15.45:0/3499015504 learned_addr learned my addr 172.21.15.45:0/3499015504 (peer_addr_for_me v1:172.21.15.45:0/0)
2024-04-14T15:05:40.079 INFO:teuthology.orchestra.run.smithi045.stdout:/usr/bin/ceph: stderr
2024-04-14T15:05:33.783+0000 7fd8d4c6c700 1 -- 172.21.15.45:0/3499015504 <== mon.0 v1:172.21.15.45:6789/0 1 ==== auth_reply(proto 2 0 (0) Success) ==== 33+0+0 (unknown 3228133107 0 0) 0x7fd8d010ad30 con 0x7fd8d0106900
2024-04-14T15:05:40.079 INFO:teuthology.orchestra.run.smithi045.stdout:/usr/bin/ceph: stderr
2024-04-14T15:05:33.783+0000 7fd8d4c6c700 1 -- 172.21.15.45:0/3499015504 --> v1:172.21.15.45:6789/0 -- auth(proto 2 36 bytes epoch 0) -- 0x7fd8bc0035b0 con 0x7fd8d0106900
2024-04-14T15:05:40.079 INFO:teuthology.orchestra.run.smithi045.stdout:/usr/bin/ceph: stderr
2024-04-14T15:05:33.783+0000 7fd8d4c6c700 1 -- 172.21.15.45:0/3499015504 <== mon.0 v1:172.21.15.45:6789/0 2 ==== auth_reply(proto 2 0 (0) Success) ==== 214+0+0 (unknown 3903131041 0 0) 0x7fd8bc0035b0 con 0x7fd8d0106900
2024-04-14T15:05:40.079 INFO:teuthology.orchestra.run.smithi045.stdout:/usr/bin/ceph: stderr
2024-04-14T15:05:33.783+0000 7fd8d4c6c700 1 -- 172.21.15.45:0/3499015504 --> v1:172.21.15.45:6789/0 -- mon_subscribe({config=0+,monmap=0+}) -- 0x7fd8d010bf10 con 0x7fd8d0106900
2024-04-14T15:05:40.079 INFO:teuthology.orchestra.run.smithi045.stdout:/usr/bin/ceph: stderr
2024-04-14T15:05:33.783+0000 7fd8d4c6c700 1 -- 172.21.15.45:0/3499015504 <== mon.0 v1:172.21.15.45:6789/0 3 ==== mon_map magic: 0 ==== 170+0+0 (unknown 3535813903 0 0) 0x7fd8c0001580 con 0x7fd8d0106900
2024-04-14T15:05:40.079 INFO:teuthology.orchestra.run.smithi045.stdout:/usr/bin/ceph: stderr
2024-04-14T15:05:33.783+0000 7fd8d4c6c700 1 -- 172.21.15.45:0/3499015504 <== mon.0 v1:172.21.15.45:6789/0 4 ==== config(25 keys) ==== 1068+0+0 (unknown 887181305 0 0) 0x7fd8c0001c70 con 0x7fd8d0106900
2024-04-14T15:05:40.080 INFO:teuthology.orchestra.run.smithi045.stdout:/usr/bin/ceph: stderr
2024-04-14T15:05:33.783+0000 7fd8d4c6c700 1 -- 172.21.15.45:0/3499015504 <== mon.0 v1:172.21.15.45:6789/0 5 ==== mon_map magic: 0 ==== 170+0+0 (unknown 3535813903 0 0) 0x7fd8c0005960 con 0x7fd8d0106900
2024-04-14T15:05:40.080 INFO:teuthology.orchestra.run.smithi045.stdout:/usr/bin/ceph: stderr
2024-04-14T15:05:33.784+0000 7fd8d7ed2700 1 -- 172.21.15.45:0/3499015504 >> v1:172.21.15.45:6789/0 conn(0x7fd8d0106900 legacy=0x7fd8d0106d20 unknown :-1 s=STATE_CONNECTION_ESTABLISHED l=1).mark_down
2024-04-14T15:05:40.080 INFO:teuthology.orchestra.run.smithi045.stdout:/usr/bin/ceph: stderr
2024-04-14T15:05:33.784+0000 7fd8d7ed2700 1 -- 172.21.15.45:0/3499015504 shutdown_connections
2024-04-14T15:05:40.080 INFO:teuthology.orchestra.run.smithi045.stdout:/usr/bin/ceph: stderr
2024-04-14T15:05:33.784+0000 7fd8d7ed2700 1 -- 172.21.15.45:0/3499015504 >> 172.21.15.45:0/3499015504 conn(0x7fd8d0101e60 msgr2=0x7fd8d01042e0 unknown :-1 s=STATE_NONE l=0).mark_down
2024-04-14T15:05:40.080 INFO:teuthology.orchestra.run.smithi045.stdout:/usr/bin/ceph: stderr
2024-04-14T15:05:33.784+0000 7fd8d7ed2700 1 -- 172.21.15.45:0/3499015504 shutdown_connections
2024-04-14T15:05:40.080 INFO:teuthology.orchestra.run.smithi045.stdout:/usr/bin/ceph: stderr
2024-04-14T15:05:33.784+0000 7fd8d7ed2700 1 -- 172.21.15.45:0/3499015504 wait complete.
2024-04-14T15:05:40.080 INFO:teuthology.orchestra.run.smithi045.stdout:/usr/bin/ceph: stderr
2024-04-14T15:05:33.784+0000 7fd8d7ed2700 1 Processor -- start
2024-04-14T15:05:40.080 INFO:teuthology.orchestra.run.smithi045.stdout:/usr/bin/ceph: stderr
2024-04-14T15:05:33.784+0000 7fd8d7ed2700 1 -- start start
2024-04-14T15:05:40.080 INFO:teuthology.orchestra.run.smithi045.stdout:/usr/bin/ceph: stderr
2024-04-14T15:05:33.785+0000 7fd8d7ed2700 1 -- --> v1:172.21.15.45:6789/0 -- auth(proto 0 34 bytes epoch 0) -- 0x7fd8d01a05f0 con 0x7fd8d0106900
2024-04-14T15:05:40.080 INFO:teuthology.orchestra.run.smithi045.stdout:/usr/bin/ceph: stderr
2024-04-14T15:05:33.785+0000 7fd8d5c6e700 1 --1- >> v1:172.21.15.45:6789/0 conn(0x7fd8d0106900 0x7fd8d007c3e0 :-1 s=CONNECTING_WAIT_BANNER_AND_IDENTIFY pgs=0 cs=0 l=1).handle_server_banner_and_identify peer v1:172.21.15.45:6789/0 says I am v1:172.21.15.45:34088/0 (socket says 172.21.15.45:34088)
2024-04-14T15:05:40.080 INFO:teuthology.orchestra.run.smithi045.stdout:/usr/bin/ceph: stderr
2024-04-14T15:05:33.785+0000 7fd8d5c6e700 1 -- 172.21.15.45:0/4291790329 learned_addr learned my addr 172.21.15.45:0/4291790329 (peer_addr_for_me v1:172.21.15.45:0/0)
2024-04-14T15:05:40.080 INFO:teuthology.orchestra.run.smithi045.stdout:/usr/bin/ceph: stderr
2024-04-14T15:05:33.785+0000 7fd8c6ffd700 1 -- 172.21.15.45:0/4291790329 <== mon.0 v1:172.21.15.45:6789/0 1 ==== auth_reply(proto 2 0 (0) Success) ==== 33+0+0 (unknown 2698363927 0 0) 0x7fd8d01a05f0 con 0x7fd8d0106900
2024-04-14T15:05:40.081 INFO:teuthology.orchestra.run.smithi045.stdout:/usr/bin/ceph: stderr
2024-04-14T15:05:33.785+0000 7fd8c6ffd700 1 -- 172.21.15.45:0/4291790329 --> v1:172.21.15.45:6789/0 -- auth(proto 2 36 bytes epoch 0) -- 0x7fd8bc005580 con 0x7fd8d0106900
2024-04-14T15:05:40.081 INFO:teuthology.orchestra.run.smithi045.stdout:/usr/bin/ceph: stderr
2024-04-14T15:05:33.785+0000 7fd8c6ffd700 1 -- 172.21.15.45:0/4291790329 <== mon.0 v1:172.21.15.45:6789/0 2 ==== auth_reply(proto 2 0 (0) Success) ==== 764+0+0 (unknown 3338802946 0 0) 0x7fd8bc005580 con 0x7fd8d0106900
2024-04-14T15:05:40.081 INFO:teuthology.orchestra.run.smithi045.stdout:/usr/bin/ceph: stderr
2024-04-14T15:05:33.785+0000 7fd8c6ffd700 1 -- 172.21.15.45:0/4291790329 --> v1:172.21.15.45:6789/0 -- auth(proto 2 165 bytes epoch 0) -- 0x7fd8d01a05f0 con 0x7fd8d0106900
2024-04-14T15:05:40.081 INFO:teuthology.orchestra.run.smithi045.stdout:/usr/bin/ceph: stderr
2024-04-14T15:05:33.785+0000 7fd8c6ffd700 1 -- 172.21.15.45:0/4291790329 <== mon.0 v1:172.21.15.45:6789/0 3 ==== mon_map magic: 0 ==== 170+0+0 (unknown 3535813903 0 0) 0x7fd8c0001080 con 0x7fd8d0106900
2024-04-14T15:05:40.081 INFO:teuthology.orchestra.run.smithi045.stdout:/usr/bin/ceph: stderr
2024-04-14T15:05:33.785+0000 7fd8c6ffd700 1 -- 172.21.15.45:0/4291790329 <== mon.0 v1:172.21.15.45:6789/0 4 ==== auth_reply(proto 2 0 (0) Success) ==== 580+0+0 (unknown 1140318316 0 0) 0x7fd8d01a05f0 con 0x7fd8d0106900
2024-04-14T15:05:40.081 INFO:teuthology.orchestra.run.smithi045.stdout:/usr/bin/ceph: stderr
2024-04-14T15:05:33.785+0000 7fd8c6ffd700 1 -- 172.21.15.45:0/4291790329 --> v1:172.21.15.45:6789/0 -- mon_subscribe({config=0+,monmap=0+}) -- 0x7fd8d01a17d0 con 0x7fd8d0106900
2024-04-14T15:05:40.081 INFO:teuthology.orchestra.run.smithi045.stdout:/usr/bin/ceph: stderr
2024-04-14T15:05:33.785+0000 7fd8d7ed2700 1 -- 172.21.15.45:0/4291790329 --> v1:172.21.15.45:6789/0 -- mon_subscribe({mgrmap=0+}) -- 0x7fd8d01a0820 con 0x7fd8d0106900
2024-04-14T15:05:40.081 INFO:teuthology.orchestra.run.smithi045.stdout:/usr/bin/ceph: stderr
2024-04-14T15:05:33.785+0000 7fd8d7ed2700 1 -- 172.21.15.45:0/4291790329 --> v1:172.21.15.45:6789/0 -- mon_subscribe({osdmap=0}) -- 0x7fd8d01a0d60 con 0x7fd8d0106900
2024-04-14T15:05:40.081 INFO:teuthology.orchestra.run.smithi045.stdout:/usr/bin/ceph: stderr
2024-04-14T15:05:33.786+0000 7fd8c6ffd700 1 -- 172.21.15.45:0/4291790329 <== mon.0 v1:172.21.15.45:6789/0 5 ==== config(25 keys) ==== 1068+0+0 (unknown 887181305 0 0) 0x7fd8c0005660 con 0x7fd8d0106900
2024-04-14T15:05:40.082 INFO:teuthology.orchestra.run.smithi045.stdout:/usr/bin/ceph: stderr
2024-04-14T15:05:33.786+0000 7fd8c6ffd700 1 -- 172.21.15.45:0/4291790329 <== mon.0 v1:172.21.15.45:6789/0 6 ==== mon_map magic: 0 ==== 170+0+0 (unknown 3535813903 0 0) 0x7fd8c0005fd0 con 0x7fd8d0106900
2024-04-14T15:05:40.082 INFO:teuthology.orchestra.run.smithi045.stdout:/usr/bin/ceph: stderr
2024-04-14T15:05:33.786+0000 7fd8c6ffd700 1 -- 172.21.15.45:0/4291790329 <== mon.0 v1:172.21.15.45:6789/0 7 ==== mgrmap(e 9) ==== 46536+0+0 (unknown 1243592525 0 0) 0x7fd8c0011780 con 0x7fd8d0106900
2024-04-14T15:05:40.082 INFO:teuthology.orchestra.run.smithi045.stdout:/usr/bin/ceph: stderr
2024-04-14T15:05:33.787+0000 7fd8c6ffd700 1 -- 172.21.15.45:0/4291790329 --> v1:172.21.15.45:6800/2598686815 -- command(tid 0: {"prefix": "get_command_descriptions"}) -- 0x7fd8c0001080 con 0x7fd8bc03aa60
2024-04-14T15:05:40.082 INFO:teuthology.orchestra.run.smithi045.stdout:/usr/bin/ceph: stderr
