2024-04-14T15:36:18.182+0000 7f71d7d86700 1 --2- 172.21.15.121:0/3852090185 >> [v2:172.21.15.121:3300/0,v1:172.21.15.121:6789/0] conn(0x7f71d0106850 0x7f71d019a6d0 secure :-1 s=READY pgs=40 cs=0 l=1 rev1=1 crypto rx=0x7f71cc003e40 tx=0x7f71cc0119c0 comp rx=0 tx=0).stop
2024-04-14T15:36:18.724 INFO:teuthology.orchestra.run.smithi121.stdout:/usr/bin/ceph: stderr
2024-04-14T15:36:18.182+0000 7f71d7d86700 1 -- 172.21.15.121:0/3852090185 shutdown_connections
2024-04-14T15:36:18.724 INFO:teuthology.orchestra.run.smithi121.stdout:/usr/bin/ceph: stderr
2024-04-14T15:36:18.182+0000 7f71d7d86700 1 --2- 172.21.15.121:0/3852090185 >> [v2:172.21.15.121:6800/1968068090,v1:172.21.15.121:6801/1968068090] conn(0x7f71bc039560 0x7f71bc03ba20 unknown :-1 s=CLOSED pgs=8 cs=0 l=1 rev1=1 crypto rx=0 tx=0 comp rx=0 tx=0).stop
2024-04-14T15:36:18.724 INFO:teuthology.orchestra.run.smithi121.stdout:/usr/bin/ceph: stderr
2024-04-14T15:36:18.182+0000 7f71d7d86700 1 --2- 172.21.15.121:0/3852090185 >> [v2:172.21.15.121:3300/0,v1:172.21.15.121:6789/0] conn(0x7f71d0106850 0x7f71d019a6d0 unknown :-1 s=CLOSED pgs=40 cs=0 l=1 rev1=1 crypto rx=0 tx=0 comp rx=0 tx=0).stop
2024-04-14T15:36:18.724 INFO:teuthology.orchestra.run.smithi121.stdout:/usr/bin/ceph: stderr
2024-04-14T15:36:18.182+0000 7f71d7d86700 1 -- 172.21.15.121:0/3852090185 >> 172.21.15.121:0/3852090185 conn(0x7f71d0101e30 msgr2=0x7f71d01028f0 unknown :-1 s=STATE_NONE l=0).mark_down
2024-04-14T15:36:18.724 INFO:teuthology.orchestra.run.smithi121.stdout:/usr/bin/ceph: stderr
2024-04-14T15:36:18.182+0000 7f71d7d86700 1 -- 172.21.15.121:0/3852090185 shutdown_connections
2024-04-14T15:36:18.724 INFO:teuthology.orchestra.run.smithi121.stdout:/usr/bin/ceph: stderr
2024-04-14T15:36:18.182+0000 7f71d7d86700 1 -- 172.21.15.121:0/3852090185 wait complete.
2024-04-14T15:36:18.724 INFO:teuthology.orchestra.run.smithi121.stdout:Generating ssh key...
2024-04-14T15:36:19.473 INFO:journalctl@ceph.mon.a.smithi121.stdout:Apr 14 15:36:19 smithi121 ceph-mon[29686]: from='client.14134 -' entity='client.admin' cmd=[{"prefix": "cephadm set-user", "user": "root", "target": ["mon-mgr", ""]}]: dispatch
2024-04-14T15:36:20.070 INFO:journalctl@ceph.mgr.y.smithi121.stdout:Apr 14 15:36:19 smithi121 ceph-60a84322-fa74-11ee-bc8e-c7b262605968-mgr-y[29916]: Generating public/private rsa key pair.
2024-04-14T15:36:20.070 INFO:journalctl@ceph.mgr.y.smithi121.stdout:Apr 14 15:36:19 smithi121 ceph-60a84322-fa74-11ee-bc8e-c7b262605968-mgr-y[29916]: Your identification has been saved in /tmp/tmp58gwp7ax/key.
2024-04-14T15:36:20.070 INFO:journalctl@ceph.mgr.y.smithi121.stdout:Apr 14 15:36:19 smithi121 ceph-60a84322-fa74-11ee-bc8e-c7b262605968-mgr-y[29916]: Your public key has been saved in /tmp/tmp58gwp7ax/key.pub.
2024-04-14T15:36:20.070 INFO:journalctl@ceph.mgr.y.smithi121.stdout:Apr 14 15:36:19 smithi121 ceph-60a84322-fa74-11ee-bc8e-c7b262605968-mgr-y[29916]: The key fingerprint is:
2024-04-14T15:36:20.070 INFO:journalctl@ceph.mgr.y.smithi121.stdout:Apr 14 15:36:19 smithi121 ceph-60a84322-fa74-11ee-bc8e-c7b262605968-mgr-y[29916]: SHA256:u0KuyIKZ6TcrDi6Ap/nIQG/H2s44qW1K7ipXREiJ2Gw ceph-60a84322-fa74-11ee-bc8e-c7b262605968
2024-04-14T15:36:20.070 INFO:journalctl@ceph.mgr.y.smithi121.stdout:Apr 14 15:36:19 smithi121 ceph-60a84322-fa74-11ee-bc8e-c7b262605968-mgr-y[29916]: The key's randomart image is:
2024-04-14T15:36:20.070 INFO:journalctl@ceph.mgr.y.smithi121.stdout:Apr 14 15:36:19 smithi121 ceph-60a84322-fa74-11ee-bc8e-c7b262605968-mgr-y[29916]: +---[RSA 3072]----+
2024-04-14T15:36:20.070 INFO:journalctl@ceph.mgr.y.smithi121.stdout:Apr 14 15:36:19 smithi121 ceph-60a84322-fa74-11ee-bc8e-c7b262605968-mgr-y[29916]: |.=.o |
2024-04-14T15:36:20.070 INFO:journalctl@ceph.mgr.y.smithi121.stdout:Apr 14 15:36:19 smithi121 ceph-60a84322-fa74-11ee-bc8e-c7b262605968-mgr-y[29916]: |o E . |
2024-04-14T15:36:20.070 INFO:journalctl@ceph.mgr.y.smithi121.stdout:Apr 14 15:36:19 smithi121 ceph-60a84322-fa74-11ee-bc8e-c7b262605968-mgr-y[29916]: | . . |
2024-04-14T15:36:20.070 INFO:journalctl@ceph.mgr.y.smithi121.stdout:Apr 14 15:36:19 smithi121 ceph-60a84322-fa74-11ee-bc8e-c7b262605968-mgr-y[29916]: | . |
2024-04-14T15:36:20.071 INFO:journalctl@ceph.mgr.y.smithi121.stdout:Apr 14 15:36:19 smithi121 ceph-60a84322-fa74-11ee-bc8e-c7b262605968-mgr-y[29916]: |.. . S |
2024-04-14T15:36:20.071 INFO:journalctl@ceph.mgr.y.smithi121.stdout:Apr 14 15:36:19 smithi121 ceph-60a84322-fa74-11ee-bc8e-c7b262605968-mgr-y[29916]: |+ o o . . |
2024-04-14T15:36:20.071 INFO:journalctl@ceph.mgr.y.smithi121.stdout:Apr 14 15:36:19 smithi121 ceph-60a84322-fa74-11ee-bc8e-c7b262605968-mgr-y[29916]: |=O +.= . |
2024-04-14T15:36:20.071 INFO:journalctl@ceph.mgr.y.smithi121.stdout:Apr 14 15:36:19 smithi121 ceph-60a84322-fa74-11ee-bc8e-c7b262605968-mgr-y[29916]: |^++B* o . |
2024-04-14T15:36:20.071 INFO:journalctl@ceph.mgr.y.smithi121.stdout:Apr 14 15:36:19 smithi121 ceph-60a84322-fa74-11ee-bc8e-c7b262605968-mgr-y[29916]: |X&X=*= .. |
2024-04-14T15:36:20.071 INFO:journalctl@ceph.mgr.y.smithi121.stdout:Apr 14 15:36:19 smithi121 ceph-60a84322-fa74-11ee-bc8e-c7b262605968-mgr-y[29916]: +----[SHA256]-----+
2024-04-14T15:36:20.344 INFO:teuthology.orchestra.run.smithi121.stdout:/usr/bin/ceph: stderr
2024-04-14T15:36:19.138+0000 7f3dfb0d3700 1 Processor -- start
2024-04-14T15:36:20.345 INFO:teuthology.orchestra.run.smithi121.stdout:/usr/bin/ceph: stderr
2024-04-14T15:36:19.138+0000 7f3dfb0d3700 1 -- start start
2024-04-14T15:36:20.345 INFO:teuthology.orchestra.run.smithi121.stdout:/usr/bin/ceph: stderr
2024-04-14T15:36:19.138+0000 7f3dfb0d3700 1 --2- >> [v2:172.21.15.121:3300/0,v1:172.21.15.121:6789/0] conn(0x7f3df4107380 0x7f3df4109770 unknown :-1 s=NONE pgs=0 cs=0 l=0 rev1=0 crypto rx=0 tx=0 comp rx=0 tx=0).connect
2024-04-14T15:36:20.345 INFO:teuthology.orchestra.run.smithi121.stdout:/usr/bin/ceph: stderr
2024-04-14T15:36:19.138+0000 7f3dfb0d3700 1 -- --> [v2:172.21.15.121:3300/0,v1:172.21.15.121:6789/0] -- mon_getmap magic: 0 -- 0x7f3df407a650 con 0x7f3df4107380
2024-04-14T15:36:20.345 INFO:teuthology.orchestra.run.smithi121.stdout:/usr/bin/ceph: stderr
2024-04-14T15:36:19.138+0000 7f3df8e6f700 1 --2- >> [v2:172.21.15.121:3300/0,v1:172.21.15.121:6789/0] conn(0x7f3df4107380 0x7f3df4109770 unknown :-1 s=BANNER_CONNECTING pgs=0 cs=0 l=0 rev1=0 crypto rx=0 tx=0 comp rx=0 tx=0)._handle_peer_banner_payload supported=3 required=0
2024-04-14T15:36:20.345 INFO:teuthology.orchestra.run.smithi121.stdout:/usr/bin/ceph: stderr
2024-04-14T15:36:19.139+0000 7f3df8e6f700 1 --2- >> [v2:172.21.15.121:3300/0,v1:172.21.15.121:6789/0] conn(0x7f3df4107380 0x7f3df4109770 unknown :-1 s=HELLO_CONNECTING pgs=0 cs=0 l=0 rev1=1 crypto rx=0 tx=0 comp rx=0 tx=0).handle_hello peer v2:172.21.15.121:3300/0 says I am v2:172.21.15.121:49172/0 (socket says 172.21.15.121:49172)
2024-04-14T15:36:20.345 INFO:teuthology.orchestra.run.smithi121.stdout:/usr/bin/ceph: stderr
2024-04-14T15:36:19.139+0000 7f3df8e6f700 1 -- 172.21.15.121:0/3137610533 learned_addr learned my addr 172.21.15.121:0/3137610533 (peer_addr_for_me v2:172.21.15.121:0/0)
2024-04-14T15:36:20.345 INFO:teuthology.orchestra.run.smithi121.stdout:/usr/bin/ceph: stderr
2024-04-14T15:36:19.139+0000 7f3df8e6f700 1 -- 172.21.15.121:0/3137610533 --> [v2:172.21.15.121:3300/0,v1:172.21.15.121:6789/0] -- mon_subscribe({config=0+,monmap=0+}) -- 0x7f3df4109cb0 con 0x7f3df4107380
2024-04-14T15:36:20.345 INFO:teuthology.orchestra.run.smithi121.stdout:/usr/bin/ceph: stderr
2024-04-14T15:36:19.139+0000 7f3df8e6f700 1 --2- 172.21.15.121:0/3137610533 >> [v2:172.21.15.121:3300/0,v1:172.21.15.121:6789/0] conn(0x7f3df4107380 0x7f3df4109770 secure :-1 s=READY pgs=41 cs=0 l=1 rev1=1 crypto rx=0x7f3de80098a0 tx=0x7f3de8009bb0 comp rx=0 tx=0).ready entity=mon.0 client_cookie=20322705f877bc69 server_cookie=0 in_seq=0 out_seq=0
2024-04-14T15:36:20.345 INFO:teuthology.orchestra.run.smithi121.stdout:/usr/bin/ceph: stderr
2024-04-14T15:36:19.139+0000 7f3df37fe700 1 -- 172.21.15.121:0/3137610533 <== mon.0 v2:172.21.15.121:3300/0 1 ==== mon_map magic: 0 ==== 205+0+0 (secure 0 0 0) 0x7f3de8004160 con 0x7f3df4107380
2024-04-14T15:36:20.345 INFO:teuthology.orchestra.run.smithi121.stdout:/usr/bin/ceph: stderr
2024-04-14T15:36:19.139+0000 7f3df37fe700 1 -- 172.21.15.121:0/3137610533 <== mon.0 v2:172.21.15.121:3300/0 2 ==== config(24 keys) ==== 1011+0+0 (secure 0 0 0) 0x7f3de8004300 con 0x7f3df4107380
2024-04-14T15:36:20.345 INFO:teuthology.orchestra.run.smithi121.stdout:/usr/bin/ceph: stderr
2024-04-14T15:36:19.139+0000 7f3df37fe700 1 -- 172.21.15.121:0/3137610533 <== mon.0 v2:172.21.15.121:3300/0 3 ==== mon_map magic: 0 ==== 205+0+0 (secure 0 0 0) 0x7f3de8011940 con 0x7f3df4107380
2024-04-14T15:36:20.345 INFO:teuthology.orchestra.run.smithi121.stdout:/usr/bin/ceph: stderr
2024-04-14T15:36:19.140+0000 7f3dfb0d3700 1 -- 172.21.15.121:0/3137610533 >> [v2:172.21.15.121:3300/0,v1:172.21.15.121:6789/0] conn(0x7f3df4107380 msgr2=0x7f3df4109770 secure :-1 s=STATE_CONNECTION_ESTABLISHED l=1).mark_down
2024-04-14T15:36:20.346 INFO:teuthology.orchestra.run.smithi121.stdout:/usr/bin/ceph: stderr
2024-04-14T15:36:19.140+0000 7f3dfb0d3700 1 --2- 172.21.15.121:0/3137610533 >> [v2:172.21.15.121:3300/0,v1:172.21.15.121:6789/0] conn(0x7f3df4107380 0x7f3df4109770 secure :-1 s=READY pgs=41 cs=0 l=1 rev1=1 crypto rx=0x7f3de80098a0 tx=0x7f3de8009bb0 comp rx=0 tx=0).stop
2024-04-14T15:36:20.346 INFO:teuthology.orchestra.run.smithi121.stdout:/usr/bin/ceph: stderr
2024-04-14T15:36:19.140+0000 7f3dfb0d3700 1 -- 172.21.15.121:0/3137610533 shutdown_connections
2024-04-14T15:36:20.346 INFO:teuthology.orchestra.run.smithi121.stdout:/usr/bin/ceph: stderr
2024-04-14T15:36:19.140+0000 7f3dfb0d3700 1 --2- 172.21.15.121:0/3137610533 >> [v2:172.21.15.121:3300/0,v1:172.21.15.121:6789/0] conn(0x7f3df4107380 0x7f3df4109770 unknown :-1 s=CLOSED pgs=41 cs=0 l=1 rev1=1 crypto rx=0 tx=0 comp rx=0 tx=0).stop
2024-04-14T15:36:20.346 INFO:teuthology.orchestra.run.smithi121.stdout:/usr/bin/ceph: stderr
2024-04-14T15:36:19.140+0000 7f3dfb0d3700 1 -- 172.21.15.121:0/3137610533 >> 172.21.15.121:0/3137610533 conn(0x7f3df4100cf0 msgr2=0x7f3df4103110 unknown :-1 s=STATE_NONE l=0).mark_down
2024-04-14T15:36:20.346 INFO:teuthology.orchestra.run.smithi121.stdout:/usr/bin/ceph: stderr
2024-04-14T15:36:19.140+0000 7f3dfb0d3700 1 -- 172.21.15.121:0/3137610533 shutdown_connections
2024-04-14T15:36:20.346 INFO:teuthology.orchestra.run.smithi121.stdout:/usr/bin/ceph: stderr
2024-04-14T15:36:19.140+0000 7f3dfb0d3700 1 -- 172.21.15.121:0/3137610533 wait complete.
2024-04-14T15:36:20.346 INFO:teuthology.orchestra.run.smithi121.stdout:/usr/bin/ceph: stderr
2024-04-14T15:36:19.140+0000 7f3dfb0d3700 1 Processor -- start
2024-04-14T15:36:20.346 INFO:teuthology.orchestra.run.smithi121.stdout:/usr/bin/ceph: stderr
2024-04-14T15:36:19.140+0000 7f3dfb0d3700 1 -- start start
2024-04-14T15:36:20.346 INFO:teuthology.orchestra.run.smithi121.stdout:/usr/bin/ceph: stderr
2024-04-14T15:36:19.140+0000 7f3dfb0d3700 1 --2- >> [v2:172.21.15.121:3300/0,v1:172.21.15.121:6789/0] conn(0x7f3df4107380 0x7f3df4106c00 unknown :-1 s=NONE pgs=0 cs=0 l=1 rev1=0 crypto rx=0 tx=0 comp rx=0 tx=0).connect
2024-04-14T15:36:20.346 INFO:teuthology.orchestra.run.smithi121.stdout:/usr/bin/ceph: stderr
2024-04-14T15:36:19.140+0000 7f3dfb0d3700 1 -- --> [v2:172.21.15.121:3300/0,v1:172.21.15.121:6789/0] -- mon_getmap magic: 0 -- 0x7f3df410aae0 con 0x7f3df4107380
2024-04-14T15:36:20.346 INFO:teuthology.orchestra.run.smithi121.stdout:/usr/bin/ceph: stderr
2024-04-14T15:36:19.140+0000 7f3df8e6f700 1 --2- >> [v2:172.21.15.121:3300/0,v1:172.21.15.121:6789/0] conn(0x7f3df4107380 0x7f3df4106c00 unknown :-1 s=BANNER_CONNECTING pgs=0 cs=0 l=1 rev1=0 crypto rx=0 tx=0 comp rx=0 tx=0)._handle_peer_banner_payload supported=3 required=0
2024-04-14T15:36:20.346 INFO:teuthology.orchestra.run.smithi121.stdout:/usr/bin/ceph: stderr
2024-04-14T15:36:19.141+0000 7f3df8e6f700 1 --2- >> [v2:172.21.15.121:3300/0,v1:172.21.15.121:6789/0] conn(0x7f3df4107380 0x7f3df4106c00 unknown :-1 s=HELLO_CONNECTING pgs=0 cs=0 l=1 rev1=1 crypto rx=0 tx=0 comp rx=0 tx=0).handle_hello peer v2:172.21.15.121:3300/0 says I am v2:172.21.15.121:49178/0 (socket says 172.21.15.121:49178)
2024-04-14T15:36:20.346 INFO:teuthology.orchestra.run.smithi121.stdout:/usr/bin/ceph: stderr
2024-04-14T15:36:19.141+0000 7f3df8e6f700 1 -- 172.21.15.121:0/2574369673 learned_addr learned my addr 172.21.15.121:0/2574369673 (peer_addr_for_me v2:172.21.15.121:0/0)
2024-04-14T15:36:20.347 INFO:teuthology.orchestra.run.smithi121.stdout:/usr/bin/ceph: stderr
2024-04-14T15:36:19.141+0000 7f3df8e6f700 1 -- 172.21.15.121:0/2574369673 --> [v2:172.21.15.121:3300/0,v1:172.21.15.121:6789/0] -- mon_subscribe({config=0+,monmap=0+}) -- 0x7f3df4107140 con 0x7f3df4107380
2024-04-14T15:36:20.347 INFO:teuthology.orchestra.run.smithi121.stdout:/usr/bin/ceph: stderr
2024-04-14T15:36:19.141+0000 7f3df8e6f700 1 --2- 172.21.15.121:0/2574369673 >> [v2:172.21.15.121:3300/0,v1:172.21.15.121:6789/0] conn(0x7f3df4107380 0x7f3df4106c00 secure :-1 s=READY pgs=42 cs=0 l=1 rev1=1 crypto rx=0x7f3de8003e40 tx=0x7f3de80119c0 comp rx=0 tx=0).ready entity=mon.0 client_cookie=0 server_cookie=0 in_seq=0 out_seq=0
2024-04-14T15:36:20.347 INFO:teuthology.orchestra.run.smithi121.stdout:/usr/bin/ceph: stderr
2024-04-14T15:36:19.141+0000 7f3df1ffb700 1 -- 172.21.15.121:0/2574369673 <== mon.0 v2:172.21.15.121:3300/0 1 ==== mon_map magic: 0 ==== 205+0+0 (secure 0 0 0) 0x7f3de8003b20 con 0x7f3df4107380
2024-04-14T15:36:20.347 INFO:teuthology.orchestra.run.smithi121.stdout:/usr/bin/ceph: stderr
2024-04-14T15:36:19.141+0000 7f3dfb0d3700 1 -- 172.21.15.121:0/2574369673 --> [v2:172.21.15.121:3300/0,v1:172.21.15.121:6789/0] -- mon_subscribe({mgrmap=0+}) -- 0x7f3df4105330 con 0x7f3df4107380
2024-04-14T15:36:20.347 INFO:teuthology.orchestra.run.smithi121.stdout:/usr/bin/ceph: stderr
2024-04-14T15:36:19.141+0000 7f3df1ffb700 1 -- 172.21.15.121:0/2574369673 <== mon.0 v2:172.21.15.121:3300/0 2 ==== config(24 keys) ==== 1011+0+0 (secure 0 0 0) 0x7f3de801a890 con 0x7f3df4107380
2024-04-14T15:36:20.347 INFO:teuthology.orchestra.run.smithi121.stdout:/usr/bin/ceph: stderr
2024-04-14T15:36:19.141+0000 7f3df1ffb700 1 -- 172.21.15.121:0/2574369673 <== mon.0 v2:172.21.15.121:3300/0 3 ==== mon_map magic: 0 ==== 205+0+0 (secure 0 0 0) 0x7f3de8024890 con 0x7f3df4107380
2024-04-14T15:36:20.347 INFO:teuthology.orchestra.run.smithi121.stdout:/usr/bin/ceph: stderr
2024-04-14T15:36:19.141+0000 7f3dfb0d3700 1 -- 172.21.15.121:0/2574369673 --> [v2:172.21.15.121:3300/0,v1:172.21.15.121:6789/0] -- mon_subscribe({osdmap=0}) -- 0x7f3df4105870 con 0x7f3df4107380
2024-04-14T15:36:20.347 INFO:teuthology.orchestra.run.smithi121.stdout:/usr/bin/ceph: stderr
2024-04-14T15:36:19.142+0000 7f3df1ffb700 1 -- 172.21.15.121:0/2574369673 <== mon.0 v2:172.21.15.121:3300/0 4 ==== mgrmap(e 8) ==== 46558+0+0 (secure 0 0 0) 0x7f3de8022020 con 0x7f3df4107380
2024-04-14T15:36:20.347 INFO:teuthology.orchestra.run.smithi121.stdout:/usr/bin/ceph: stderr
2024-04-14T15:36:19.142+0000 7f3dfb0d3700 1 -- 172.21.15.121:0/2574369673 --> [v2:172.21.15.121:3300/0,v1:172.21.15.121:6789/0] -- mon_command({"prefix": "get_command_descriptions"} v 0) -- 0x7f3df4064110 con 0x7f3df4107380
2024-04-14T15:36:20.347 INFO:teuthology.orchestra.run.smithi121.stdout:/usr/bin/ceph: stderr
2024-04-14T15:36:19.142+0000 7f3df1ffb700 1 --2- 172.21.15.121:0/2574369673 >> [v2:172.21.15.121:6800/1968068090,v1:172.21.15.121:6801/1968068090] conn(0x7f3de40395b0 0x7f3de403ba70 unknown :-1 s=NONE pgs=0 cs=0 l=1 rev1=0 crypto rx=0 tx=0 comp rx=0 tx=0).connect
2024-04-14T15:36:20.347 INFO:teuthology.orchestra.run.smithi121.stdout:/usr/bin/ceph: stderr
2024-04-14T15:36:19.142+0000 7f3df1ffb700 1 -- 172.21.15.121:0/2574369673 <== mon.0 v2:172.21.15.121:3300/0 5 ==== osd_map(2..2 src has 1..2) ==== 940+0+0 (secure 0 0 0) 0x7f3de804d8a0 con 0x7f3df4107380
2024-04-14T15:36:20.347 INFO:teuthology.orchestra.run.smithi121.stdout:/usr/bin/ceph: stderr
2024-04-14T15:36:19.142+0000 7f3df3fff700 1 --2- 172.21.15.121:0/2574369673 >> [v2:172.21.15.121:6800/1968068090,v1:172.21.15.121:6801/1968068090] conn(0x7f3de40395b0 0x7f3de403ba70 unknown :-1 s=BANNER_CONNECTING pgs=0 cs=0 l=1 rev1=0 crypto rx=0 tx=0 comp rx=0 tx=0)._handle_peer_banner_payload supported=3 required=0
2024-04-14T15:36:20.347 INFO:teuthology.orchestra.run.smithi121.stdout:/usr/bin/ceph: stderr
2024-04-14T15:36:19.143+0000 7f3df3fff700 1 --2- 172.21.15.121:0/2574369673 >> [v2:172.21.15.121:6800/1968068090,v1:172.21.15.121:6801/1968068090] conn(0x7f3de40395b0 0x7f3de403ba70 secure :-1 s=READY pgs=9 cs=0 l=1 rev1=1 crypto rx=0x7f3de0006fd0 tx=0x7f3de0006e40 comp rx=0 tx=0).ready entity=mgr.14120 client_cookie=0 server_cookie=0 in_seq=0 out_seq=0
2024-04-14T15:36:20.348 INFO:teuthology.orchestra.run.smithi121.stdout:/usr/bin/ceph: stderr
2024-04-14T15:36:19.147+0000 7f3df1ffb700 1 -- 172.21.15.121:0/2574369673 <== mon.0 v2:172.21.15.121:3300/0 6 ==== mon_command_ack([{"prefix": "get_command_descriptions"}]=0 v0) ==== 72+0+188297 (secure 0 0 0) 0x7f3de801aa40 con 0x7f3df4107380
2024-04-14T15:36:20.348 INFO:teuthology.orchestra.run.smithi121.stdout:/usr/bin/ceph: stderr
2024-04-14T15:36:19.346+0000 7f3dfb0d3700 1 -- 172.21.15.121:0/2574369673 --> [v2:172.21.15.121:6800/1968068090,v1:172.21.15.121:6801/1968068090] -- mgr_command(tid 0: {"prefix": "cephadm generate-key", "target": ["mon-mgr", ""]}) -- 0x7f3df4106060 con 0x7f3de40395b0
2024-04-14T15:36:20.348 INFO:teuthology.orchestra.run.smithi121.stdout:/usr/bin/ceph: stderr
2024-04-14T15:36:19.778+0000 7f3df1ffb700 1 -- 172.21.15.121:0/2574369673 <== mgr.14120 v2:172.21.15.121:6800/1968068090 1 ==== mgr_command_reply(tid 0: 0 ) ==== 8+0+0 (secure 0 0 0) 0x7f3df4106060 con 0x7f3de40395b0
2024-04-14T15:36:20.348 INFO:teuthology.orchestra.run.smithi121.stdout:/usr/bin/ceph: stderr
2024-04-14T15:36:19.780+0000 7f3dfb0d3700 1 -- 172.21.15.121:0/2574369673 >> [v2:172.21.15.121:6800/1968068090,v1:172.21.15.121:6801/1968068090] conn(0x7f3de40395b0 msgr2=0x7f3de403ba70 secure :-1 s=STATE_CONNECTION_ESTABLISHED l=1).mark_down
2024-04-14T15:36:20.348 INFO:teuthology.orchestra.run.smithi121.stdout:/usr/bin/ceph: stderr
2024-04-14T15:36:19.780+0000 7f3dfb0d3700 1 --2- 172.21.15.121:0/2574369673 >> [v2:172.21.15.121:6800/1968068090,v1:172.21.15.121:6801/1968068090] conn(0x7f3de40395b0 0x7f3de403ba70 secure :-1 s=READY pgs=9 cs=0 l=1 rev1=1 crypto rx=0x7f3de0006fd0 tx=0x7f3de0006e40 comp rx=0 tx=0).stop
2024-04-14T15:36:20.348 INFO:teuthology.orchestra.run.smithi121.stdout:/usr/bin/ceph: stderr
2024-04-14T15:36:19.780+0000 7f3dfb0d3700 1 -- 172.21.15.121:0/2574369673 >> [v2:172.21.15.121:3300/0,v1:172.21.15.121:6789/0] conn(0x7f3df4107380 msgr2=0x7f3df4106c00 secure :-1 s=STATE_CONNECTION_ESTABLISHED l=1).mark_down
2024-04-14T15:36:20.348 INFO:teuthology.orchestra.run.smithi121.stdout:/usr/bin/ceph: stderr
2024-04-14T15:36:19.780+0000 7f3dfb0d3700 1 --2- 172.21.15.121:0/2574369673 >> [v2:172.21.15.121:3300/0,v1:172.21.15.121:6789/0] conn(0x7f3df4107380 0x7f3df4106c00 secure :-1 s=READY pgs=42 cs=0 l=1 rev1=1 crypto rx=0x7f3de8003e40 tx=0x7f3de80119c0 comp rx=0 tx=0).stop
2024-04-14T15:36:20.348 INFO:teuthology.orchestra.run.smithi121.stdout:/usr/bin/ceph: stderr
2024-04-14T15:36:19.780+0000 7f3dfb0d3700 1 -- 172.21.15.121:0/2574369673 shutdown_connections
2024-04-14T15:36:20.348 INFO:teuthology.orchestra.run.smithi121.stdout:/usr/bin/ceph: stderr
2024-04-14T15:36:19.780+0000 7f3dfb0d3700 1 --2- 172.21.15.121:0/2574369673 >> [v2:172.21.15.121:6800/1968068090,v1:172.21.15.121:6801/1968068090] conn(0x7f3de40395b0 0x7f3de403ba70 unknown :-1 s=CLOSED pgs=9 cs=0 l=1 rev1=1 crypto rx=0 tx=0 comp rx=0 tx=0).stop
2024-04-14T15:36:20.348 INFO:teuthology.orchestra.run.smithi121.stdout:/usr/bin/ceph: stderr
2024-04-14T15:36:19.780+0000 7f3dfb0d3700 1 --2- 172.21.15.121:0/2574369673 >> [v2:172.21.15.121:3300/0,v1:172.21.15.121:6789/0] conn(0x7f3df4107380 0x7f3df4106c00 unknown :-1 s=CLOSED pgs=42 cs=0 l=1 rev1=1 crypto rx=0 tx=0 comp rx=0 tx=0).stop
2024-04-14T15:36:20.348 INFO:teuthology.orchestra.run.smithi121.stdout:/usr/bin/ceph: stderr
2024-04-14T15:36:19.780+0000 7f3dfb0d3700 1 -- 172.21.15.121:0/2574369673 >> 172.21.15.121:0/2574369673 conn(0x7f3df4100cf0 msgr2=0x7f3df41017e0 unknown :-1 s=STATE_NONE l=0).mark_down
2024-04-14T15:36:20.348 INFO:teuthology.orchestra.run.smithi121.stdout:/usr/bin/ceph: stderr
2024-04-14T15:36:19.780+0000 7f3dfb0d3700 1 -- 172.21.15.121:0/2574369673 shutdown_connections
2024-04-14T15:36:20.348 INFO:teuthology.orchestra.run.smithi121.stdout:/usr/bin/ceph: stderr
2024-04-14T15:36:19.780+0000 7f3dfb0d3700 1 -- 172.21.15.121:0/2574369673 wait complete.
2024-04-14T15:36:20.947 INFO:journalctl@ceph.mon.a.smithi121.stdout:Apr 14 15:36:20 smithi121 ceph-mon[29686]: from='client.14136 -' entity='client.admin' cmd=[{"prefix": "cephadm generate-key", "target": ["mon-mgr", ""]}]: dispatch
2024-04-14T15:36:20.947 INFO:journalctl@ceph.mon.a.smithi121.stdout:Apr 14 15:36:20 smithi121 ceph-mon[29686]: Generating ssh key...
2024-04-14T15:36:20.947 INFO:journalctl@ceph.mon.a.smithi121.stdout:Apr 14 15:36:20 smithi121 ceph-mon[29686]: from='mgr.14120 172.21.15.121:0/2390161124' entity='mgr.y'
2024-04-14T15:36:20.947 INFO:journalctl@ceph.mon.a.smithi121.stdout:Apr 14 15:36:20 smithi121 ceph-mon[29686]: from='mgr.14120 172.21.15.121:0/2390161124' entity='mgr.y'
2024-04-14T15:36:21.510 INFO:teuthology.orchestra.run.smithi121.stdout:/usr/bin/ceph: stdout ssh-rsa AAAAB3NzaC1yc2EAAAADAQABAAABgQDSsCdNti+65Yg+6/KVyFbhnjRv4x0+0+emq1sr29mCiYPncNtEBvEvZm09XKCs4Wdi4I5fBcjTb16Eidp9PhN0OSnaRq3PEff3kjateGzL3ngzFxLfDHm82fdO5ki0e334GCo7LRy6qJi9bsiSFtFIC5tUK8snw7wnSq881AhzxDA79pkh6BA92vaCtwiV1EYGxiDySgDzwQwNgyoPOL0dVnsJ+QtpfPHEwrTStgrPaHLUucjCrtzL5ONOLorsVxhq3nJkwURZZid6IR/HHnKOjwJO9KORtxrym5ObZMXCQS4WYlDXxqAFDsX+GqM/TZ6ObkeoxnI7Gm4MiVDuCIqVaBfn5fNAoGWO9IwzwgFWdd9qs46HIXm2XrWGBRzF3jbZ7CtR9EHjZHy+yUi9rDpvnLenp2rqdHf5iWL1fVkUb6qVZzGtfKz8ecMaQJWohF36hMfIG5b/16ZTfMjDnSXICRuQf7coO+mFTb2jxD5UWBMB48OA7RelMzwOlxVdID8= ceph-60a84322-fa74-11ee-bc8e-c7b262605968
2024-04-14T15:36:21.510 INFO:teuthology.orchestra.run.smithi121.stdout:/usr/bin/ceph: stderr
2024-04-14T15:36:20.736+0000 7f26b3cfc700 1 Processor -- start
2024-04-14T15:36:21.510 INFO:teuthology.orchestra.run.smithi121.stdout:/usr/bin/ceph: stderr
2024-04-14T15:36:20.736+0000 7f26b3cfc700 1 -- start start
2024-04-14T15:36:21.510 INFO:teuthology.orchestra.run.smithi121.stdout:/usr/bin/ceph: stderr
2024-04-14T15:36:20.736+0000 7f26b3cfc700 1 --2- >> [v2:172.21.15.121:3300/0,v1:172.21.15.121:6789/0] conn(0x7f26ac105750 0x7f26ac105b70 unknown :-1 s=NONE pgs=0 cs=0 l=0 rev1=0 crypto rx=0 tx=0 comp rx=0 tx=0).connect
2024-04-14T15:36:21.510 INFO:teuthology.orchestra.run.smithi121.stdout:/usr/bin/ceph: stderr
2024-04-14T15:36:20.736+0000 7f26b3cfc700 1 -- --> [v2:172.21.15.121:3300/0,v1:172.21.15.121:6789/0] -- mon_getmap magic: 0 -- 0x7f26ac106140 con 0x7f26ac105750
2024-04-14T15:36:21.510 INFO:teuthology.orchestra.run.smithi121.stdout:/usr/bin/ceph: stderr
2024-04-14T15:36:20.736+0000 7f26b1a98700 1 --2- >> [v2:172.21.15.121:3300/0,v1:172.21.15.121:6789/0] conn(0x7f26ac105750 0x7f26ac105b70 unknown :-1 s=BANNER_CONNECTING pgs=0 cs=0 l=0 rev1=0 crypto rx=0 tx=0 comp rx=0 tx=0)._handle_peer_banner_payload supported=3 required=0
2024-04-14T15:36:21.510 INFO:teuthology.orchestra.run.smithi121.stdout:/usr/bin/ceph: stderr
2024-04-14T15:36:20.736+0000 7f26b1a98700 1 --2- >> [v2:172.21.15.121:3300/0,v1:172.21.15.121:6789/0] conn(0x7f26ac105750 0x7f26ac105b70 unknown :-1 s=HELLO_CONNECTING pgs=0 cs=0 l=0 rev1=1 crypto rx=0 tx=0 comp rx=0 tx=0).handle_hello peer v2:172.21.15.121:3300/0 says I am v2:172.21.15.121:49190/0 (socket says 172.21.15.121:49190)
2024-04-14T15:36:21.510 INFO:teuthology.orchestra.run.smithi121.stdout:/usr/bin/ceph: stderr
2024-04-14T15:36:20.736+0000 7f26b1a98700 1 -- 172.21.15.121:0/1076364582 learned_addr learned my addr 172.21.15.121:0/1076364582 (peer_addr_for_me v2:172.21.15.121:0/0)
2024-04-14T15:36:21.511 INFO:teuthology.orchestra.run.smithi121.stdout:/usr/bin/ceph: stderr
2024-04-14T15:36:20.736+0000 7f26b1a98700 1 -- 172.21.15.121:0/1076364582 --> [v2:172.21.15.121:3300/0,v1:172.21.15.121:6789/0] -- mon_subscribe({config=0+,monmap=0+}) -- 0x7f26ac106950 con 0x7f26ac105750
2024-04-14T15:36:21.511 INFO:teuthology.orchestra.run.smithi121.stdout:/usr/bin/ceph: stderr
2024-04-14T15:36:20.736+0000 7f26b1a98700 1 --2- 172.21.15.121:0/1076364582 >> [v2:172.21.15.121:3300/0,v1:172.21.15.121:6789/0] conn(0x7f26ac105750 0x7f26ac105b70 secure :-1 s=READY pgs=43 cs=0 l=1 rev1=1 crypto rx=0x7f269c0098a0 tx=0x7f269c009bb0 comp rx=0 tx=0).ready entity=mon.0 client_cookie=394b6e1f2928b1ad server_cookie=0 in_seq=0 out_seq=0
2024-04-14T15:36:21.511 INFO:teuthology.orchestra.run.smithi121.stdout:/usr/bin/ceph: stderr
2024-04-14T15:36:20.737+0000 7f26b0a96700 1 -- 172.21.15.121:0/1076364582 <== mon.0 v2:172.21.15.121:3300/0 1 ==== mon_map magic: 0 ==== 205+0+0 (secure 0 0 0) 0x7f269c004160 con 0x7f26ac105750
2024-04-14T15:36:21.511 INFO:teuthology.orchestra.run.smithi121.stdout:/usr/bin/ceph: stderr
2024-04-14T15:36:20.737+0000 7f26b0a96700 1 -- 172.21.15.121:0/1076364582 <== mon.0 v2:172.21.15.121:3300/0 2 ==== config(24 keys) ==== 1011+0+0 (secure 0 0 0) 0x7f269c004300 con 0x7f26ac105750
2024-04-14T15:36:21.511 INFO:teuthology.orchestra.run.smithi121.stdout:/usr/bin/ceph: stderr
2024-04-14T15:36:20.737+0000 7f26b0a96700 1 -- 172.21.15.121:0/1076364582 <== mon.0 v2:172.21.15.121:3300/0 3 ==== mon_map magic: 0 ==== 205+0+0 (secure 0 0 0) 0x7f269c011940 con 0x7f26ac105750
2024-04-14T15:36:21.511 INFO:teuthology.orchestra.run.smithi121.stdout:/usr/bin/ceph: stderr
2024-04-14T15:36:20.737+0000 7f26b3cfc700 1 -- 172.21.15.121:0/1076364582 >> [v2:172.21.15.121:3300/0,v1:172.21.15.121:6789/0] conn(0x7f26ac105750 msgr2=0x7f26ac105b70 secure :-1 s=STATE_CONNECTION_ESTABLISHED l=1).mark_down
2024-04-14T15:36:21.511 INFO:teuthology.orchestra.run.smithi121.stdout:/usr/bin/ceph: stderr
2024-04-14T15:36:20.737+0000 7f26b3cfc700 1 --2- 172.21.15.121:0/1076364582 >> [v2:172.21.15.121:3300/0,v1:172.21.15.121:6789/0] conn(0x7f26ac105750 0x7f26ac105b70 secure :-1 s=READY pgs=43 cs=0 l=1 rev1=1 crypto rx=0x7f269c0098a0 tx=0x7f269c009bb0 comp rx=0 tx=0).stop
2024-04-14T15:36:21.511 INFO:teuthology.orchestra.run.smithi121.stdout:/usr/bin/ceph: stderr
2024-04-14T15:36:20.737+0000 7f26b3cfc700 1 -- 172.21.15.121:0/1076364582 shutdown_connections
2024-04-14T15:36:21.511 INFO:teuthology.orchestra.run.smithi121.stdout:/usr/bin/ceph: stderr
2024-04-14T15:36:20.737+0000 7f26b3cfc700 1 --2- 172.21.15.121:0/1076364582 >> [v2:172.21.15.121:3300/0,v1:172.21.15.121:6789/0] conn(0x7f26ac105750 0x7f26ac105b70 unknown :-1 s=CLOSED pgs=43 cs=0 l=1 rev1=1 crypto rx=0 tx=0 comp rx=0 tx=0).stop
2024-04-14T15:36:21.511 INFO:teuthology.orchestra.run.smithi121.stdout:/usr/bin/ceph: stderr
2024-04-14T15:36:20.737+0000 7f26b3cfc700 1 -- 172.21.15.121:0/1076364582 >> 172.21.15.121:0/1076364582 conn(0x7f26ac100d50 msgr2=0x7f26ac103170 unknown :-1 s=STATE_NONE l=0).mark_down
2024-04-14T15:36:21.511 INFO:teuthology.orchestra.run.smithi121.stdout:/usr/bin/ceph: stderr
2024-04-14T15:36:20.737+0000 7f26b3cfc700 1 -- 172.21.15.121:0/1076364582 shutdown_connections
2024-04-14T15:36:21.511 INFO:teuthology.orchestra.run.smithi121.stdout:/usr/bin/ceph: stderr
2024-04-14T15:36:20.737+0000 7f26b3cfc700 1 -- 172.21.15.121:0/1076364582 wait complete.
2024-04-14T15:36:21.511 INFO:teuthology.orchestra.run.smithi121.stdout:/usr/bin/ceph: stderr
2024-04-14T15:36:20.738+0000 7f26b3cfc700 1 Processor -- start
2024-04-14T15:36:21.512 INFO:teuthology.orchestra.run.smithi121.stdout:/usr/bin/ceph: stderr
2024-04-14T15:36:20.738+0000 7f26b3cfc700 1 -- start start
2024-04-14T15:36:21.512 INFO:teuthology.orchestra.run.smithi121.stdout:/usr/bin/ceph: stderr
2024-04-14T15:36:20.738+0000 7f26b3cfc700 1 --2- >> [v2:172.21.15.121:3300/0,v1:172.21.15.121:6789/0] conn(0x7f26ac105750 0x7f26ac19a750 unknown :-1 s=NONE pgs=0 cs=0 l=1 rev1=0 crypto rx=0 tx=0 comp rx=0 tx=0).connect
2024-04-14T15:36:21.512 INFO:teuthology.orchestra.run.smithi121.stdout:/usr/bin/ceph: stderr
2024-04-14T15:36:20.738+0000 7f26b3cfc700 1 -- --> [v2:172.21.15.121:3300/0,v1:172.21.15.121:6789/0] -- mon_getmap magic: 0 -- 0x7f26ac109b80 con 0x7f26ac105750
2024-04-14T15:36:21.512 INFO:teuthology.orchestra.run.smithi121.stdout:/usr/bin/ceph: stderr
2024-04-14T15:36:20.738+0000 7f26b1a98700 1 --2- >> [v2:172.21.15.121:3300/0,v1:172.21.15.121:6789/0] conn(0x7f26ac105750 0x7f26ac19a750 unknown :-1 s=BANNER_CONNECTING pgs=0 cs=0 l=1 rev1=0 crypto rx=0 tx=0 comp rx=0 tx=0)._handle_peer_banner_payload supported=3 required=0
2024-04-14T15:36:21.512 INFO:teuthology.orchestra.run.smithi121.stdout:/usr/bin/ceph: stderr
2024-04-14T15:36:20.738+0000 7f26b1a98700 1 --2- >> [v2:172.21.15.121:3300/0,v1:172.21.15.121:6789/0] conn(0x7f26ac105750 0x7f26ac19a750 unknown :-1 s=HELLO_CONNECTING pgs=0 cs=0 l=1 rev1=1 crypto rx=0 tx=0 comp rx=0 tx=0).handle_hello peer v2:172.21.15.121:3300/0 says I am v2:172.21.15.121:49206/0 (socket says 172.21.15.121:49206)
2024-04-14T15:36:21.512 INFO:teuthology.orchestra.run.smithi121.stdout:/usr/bin/ceph: stderr
2024-04-14T15:36:20.738+0000 7f26b1a98700 1 -- 172.21.15.121:0/1296738374 learned_addr learned my addr 172.21.15.121:0/1296738374 (peer_addr_for_me v2:172.21.15.121:0/0)
2024-04-14T15:36:21.512 INFO:teuthology.orchestra.run.smithi121.stdout:/usr/bin/ceph: stderr
2024-04-14T15:36:20.738+0000 7f26b1a98700 1 -- 172.21.15.121:0/1296738374 --> [v2:172.21.15.121:3300/0,v1:172.21.15.121:6789/0] -- mon_subscribe({config=0+,monmap=0+}) -- 0x7f26ac19ac90 con 0x7f26ac105750
2024-04-14T15:36:21.512 INFO:teuthology.orchestra.run.smithi121.stdout:/usr/bin/ceph: stderr
2024-04-14T15:36:20.739+0000 7f26b1a98700 1 --2- 172.21.15.121:0/1296738374 >> [v2:172.21.15.121:3300/0,v1:172.21.15.121:6789/0] conn(0x7f26ac105750 0x7f26ac19a750 secure :-1 s=READY pgs=44 cs=0 l=1 rev1=1 crypto rx=0x7f269c003e40 tx=0x7f269c0119c0 comp rx=0 tx=0).ready entity=mon.0 client_cookie=0 server_cookie=0 in_seq=0 out_seq=0
2024-04-14T15:36:21.512 INFO:teuthology.orchestra.run.smithi121.stdout:/usr/bin/ceph: stderr
2024-04-14T15:36:20.739+0000 7f26a2ffd700 1 -- 172.21.15.121:0/1296738374 <== mon.0 v2:172.21.15.121:3300/0 1 ==== mon_map magic: 0 ==== 205+0+0 (secure 0 0 0) 0x7f269c01a430 con 0x7f26ac105750
2024-04-14T15:36:21.512 INFO:teuthology.orchestra.run.smithi121.stdout:/usr/bin/ceph: stderr
2024-04-14T15:36:20.739+0000 7f26a2ffd700 1 -- 172.21.15.121:0/1296738374 <== mon.0 v2:172.21.15.121:3300/0 2 ==== config(24 keys) ==== 1011+0+0 (secure 0 0 0) 0x7f269c01aa30 con 0x7f26ac105750
2024-04-14T15:36:21.512 INFO:teuthology.orchestra.run.smithi121.stdout:/usr/bin/ceph: stderr
2024-04-14T15:36:20.739+0000 7f26b3cfc700 1 -- 172.21.15.121:0/1296738374 --> [v2:172.21.15.121:3300/0,v1:172.21.15.121:6789/0] -- mon_subscribe({mgrmap=0+}) -- 0x7f26ac19af20 con 0x7f26ac105750
2024-04-14T15:36:21.512 INFO:teuthology.orchestra.run.smithi121.stdout:/usr/bin/ceph: stderr
2024-04-14T15:36:20.739+0000 7f26a2ffd700 1 -- 172.21.15.121:0/1296738374 <== mon.0 v2:172.21.15.121:3300/0 3 ==== mon_map magic: 0 ==== 205+0+0 (secure 0 0 0) 0x7f269c024960 con 0x7f26ac105750
2024-04-14T15:36:21.512 INFO:teuthology.orchestra.run.smithi121.stdout:/usr/bin/ceph: stderr
2024-04-14T15:36:20.739+0000 7f26b3cfc700 1 -- 172.21.15.121:0/1296738374 --> [v2:172.21.15.121:3300/0,v1:172.21.15.121:6789/0] -- mon_subscribe({osdmap=0}) -- 0x7f26ac19dc10 con 0x7f26ac105750
2024-04-14T15:36:21.512 INFO:teuthology.orchestra.run.smithi121.stdout:/usr/bin/ceph: stderr
2024-04-14T15:36:20.739+0000 7f26a2ffd700 1 -- 172.21.15.121:0/1296738374 <== mon.0 v2:172.21.15.121:3300/0 4 ==== mgrmap(e 8) ==== 46558+0+0 (secure 0 0 0) 0x7f269c022020 con 0x7f26ac105750
2024-04-14T15:36:21.512 INFO:teuthology.orchestra.run.smithi121.stdout:/usr/bin/ceph: stderr
2024-04-14T15:36:20.740+0000 7f26a2ffd700 1 --2- 172.21.15.121:0/1296738374 >> [v2:172.21.15.121:6800/1968068090,v1:172.21.15.121:6801/1968068090] conn(0x7f26980395b0 0x7f269803ba70 unknown :-1 s=NONE pgs=0 cs=0 l=1 rev1=0 crypto rx=0 tx=0 comp rx=0 tx=0).connect
2024-04-14T15:36:21.513 INFO:teuthology.orchestra.run.smithi121.stdout:/usr/bin/ceph: stderr
2024-04-14T15:36:20.740+0000 7f26a2ffd700 1 -- 172.21.15.121:0/1296738374 <== mon.0 v2:172.21.15.121:3300/0 5 ==== osd_map(2..2 src has 1..2) ==== 940+0+0 (secure 0 0 0) 0x7f269c04e950 con 0x7f26ac105750
2024-04-14T15:36:21.513 INFO:teuthology.orchestra.run.smithi121.stdout:/usr/bin/ceph: stderr
2024-04-14T15:36:20.740+0000 7f26b1297700 1 --2- 172.21.15.121:0/1296738374 >> [v2:172.21.15.121:6800/1968068090,v1:172.21.15.121:6801/1968068090] conn(0x7f26980395b0 0x7f269803ba70 unknown :-1 s=BANNER_CONNECTING pgs=0 cs=0 l=1 rev1=0 crypto rx=0 tx=0 comp rx=0 tx=0)._handle_peer_banner_payload supported=3 required=0
2024-04-14T15:36:21.513 INFO:teuthology.orchestra.run.smithi121.stdout:/usr/bin/ceph: stderr
2024-04-14T15:36:20.740+0000 7f26b3cfc700 1 -- 172.21.15.121:0/1296738374 --> [v2:172.21.15.121:3300/0,v1:172.21.15.121:6789/0] -- mon_command({"prefix": "get_command_descriptions"} v 0) -- 0x7f26ac109d00 con 0x7f26ac105750
2024-04-14T15:36:21.513 INFO:teuthology.orchestra.run.smithi121.stdout:/usr/bin/ceph: stderr
2024-04-14T15:36:20.740+0000 7f26b1297700 1 --2- 172.21.15.121:0/1296738374 >> [v2:172.21.15.121:6800/1968068090,v1:172.21.15.121:6801/1968068090] conn(0x7f26980395b0 0x7f269803ba70 secure :-1 s=READY pgs=10 cs=0 l=1 rev1=1 crypto rx=0x7f26a8006fd0 tx=0x7f26a8006e40 comp rx=0 tx=0).ready entity=mgr.14120 client_cookie=0 server_cookie=0 in_seq=0 out_seq=0
2024-04-14T15:36:21.513 INFO:teuthology.orchestra.run.smithi121.stdout:/usr/bin/ceph: stderr
2024-04-14T15:36:20.745+0000 7f26a2ffd700 1 -- 172.21.15.121:0/1296738374 <== mon.0 v2:172.21.15.121:3300/0 6 ==== mon_command_ack([{"prefix": "get_command_descriptions"}]=0 v0) ==== 72+0+188297 (secure 0 0 0) 0x7f269c01abe0 con 0x7f26ac105750
2024-04-14T15:36:21.513 INFO:teuthology.orchestra.run.smithi121.stdout:/usr/bin/ceph: stderr
2024-04-14T15:36:20.946+0000 7f26b3cfc700 1 -- 172.21.15.121:0/1296738374 --> [v2:172.21.15.121:6800/1968068090,v1:172.21.15.121:6801/1968068090] -- mgr_command(tid 0: {"prefix": "cephadm get-pub-key", "target": ["mon-mgr", ""]}) -- 0x7f26ac062ef0 con 0x7f26980395b0
2024-04-14T15:36:21.513 INFO:teuthology.orchestra.run.smithi121.stdout:/usr/bin/ceph: stderr
2024-04-14T15:36:20.947+0000 7f26a2ffd700 1 -- 172.21.15.121:0/1296738374 <== mgr.14120 v2:172.21.15.121:6800/1968068090 1 ==== mgr_command_reply(tid 0: 0 ) ==== 8+0+595 (secure 0 0 0) 0x7f26ac062ef0 con 0x7f26980395b0
2024-04-14T15:36:21.513 INFO:teuthology.orchestra.run.smithi121.stdout:/usr/bin/ceph: stderr
2024-04-14T15:36:20.948+0000 7f26b3cfc700 1 -- 172.21.15.121:0/1296738374 >> [v2:172.21.15.121:6800/1968068090,v1:172.21.15.121:6801/1968068090] conn(0x7f26980395b0 msgr2=0x7f269803ba70 secure :-1 s=STATE_CONNECTION_ESTABLISHED l=1).mark_down
2024-04-14T15:36:21.513 INFO:teuthology.orchestra.run.smithi121.stdout:/usr/bin/ceph: stderr
2024-04-14T15:36:20.948+0000 7f26b3cfc700 1 --2- 172.21.15.121:0/1296738374 >> [v2:172.21.15.121:6800/1968068090,v1:172.21.15.121:6801/1968068090] conn(0x7f26980395b0 0x7f269803ba70 secure :-1 s=READY pgs=10 cs=0 l=1 rev1=1 crypto rx=0x7f26a8006fd0 tx=0x7f26a8006e40 comp rx=0 tx=0).stop
2024-04-14T15:36:21.513 INFO:teuthology.orchestra.run.smithi121.stdout:/usr/bin/ceph: stderr
2024-04-14T15:36:20.949+0000 7f26b3cfc700 1 -- 172.21.15.121:0/1296738374 >> [v2:172.21.15.121:3300/0,v1:172.21.15.121:6789/0] conn(0x7f26ac105750 msgr2=0x7f26ac19a750 secure :-1 s=STATE_CONNECTION_ESTABLISHED l=1).mark_down
2024-04-14T15:36:21.513 INFO:teuthology.orchestra.run.smithi121.stdout:/usr/bin/ceph: stderr
2024-04-14T15:36:20.949+0000 7f26b3cfc700 1 --2- 172.21.15.121:0/1296738374 >> [v2:172.21.15.121:3300/0,v1:172.21.15.121:6789/0] conn(0x7f26ac105750 0x7f26ac19a750 secure :-1 s=READY pgs=44 cs=0 l=1 rev1=1 crypto rx=0x7f269c003e40 tx=0x7f269c0119c0 comp rx=0 tx=0).stop
2024-04-14T15:36:21.513 INFO:teuthology.orchestra.run.smithi121.stdout:/usr/bin/ceph: stderr
2024-04-14T15:36:20.949+0000 7f26b3cfc700 1 -- 172.21.15.121:0/1296738374 shutdown_connections
2024-04-14T15:36:21.513 INFO:teuthology.orchestra.run.smithi121.stdout:/usr/bin/ceph: stderr
2024-04-14T15:36:20.949+0000 7f26b3cfc700 1 --2- 172.21.15.121:0/1296738374 >> [v2:172.21.15.121:6800/1968068090,v1:172.21.15.121:6801/1968068090] conn(0x7f26980395b0 0x7f269803ba70 unknown :-1 s=CLOSED pgs=10 cs=0 l=1 rev1=1 crypto rx=0 tx=0 comp rx=0 tx=0).stop
2024-04-14T15:36:21.513 INFO:teuthology.orchestra.run.smithi121.stdout:/usr/bin/ceph: stderr
2024-04-14T15:36:20.949+0000 7f26b3cfc700 1 --2- 172.21.15.121:0/1296738374 >> [v2:172.21.15.121:3300/0,v1:172.21.15.121:6789/0] conn(0x7f26ac105750 0x7f26ac19a750 unknown :-1 s=CLOSED pgs=44 cs=0 l=1 rev1=1 crypto rx=0 tx=0 comp rx=0 tx=0).stop
2024-04-14T15:36:21.513 INFO:teuthology.orchestra.run.smithi121.stdout:/usr/bin/ceph: stderr
2024-04-14T15:36:20.949+0000 7f26b3cfc700 1 -- 172.21.15.121:0/1296738374 >> 172.21.15.121:0/1296738374 conn(0x7f26ac100d50 msgr2=0x7f26ac101c80 unknown :-1 s=STATE_NONE l=0).mark_down
2024-04-14T15:36:21.514 INFO:teuthology.orchestra.run.smithi121.stdout:/usr/bin/ceph: stderr
2024-04-14T15:36:20.949+0000 7f26b3cfc700 1 -- 172.21.15.121:0/1296738374 shutdown_connections
2024-04-14T15:36:21.514 INFO:teuthology.orchestra.run.smithi121.stdout:/usr/bin/ceph: stderr
2024-04-14T15:36:20.949+0000 7f26b3cfc700 1 -- 172.21.15.121:0/1296738374 wait complete.
2024-04-14T15:36:21.514 INFO:teuthology.orchestra.run.smithi121.stdout:Wrote public SSH key to /home/ubuntu/cephtest/ceph.pub
2024-04-14T15:36:21.514 INFO:teuthology.orchestra.run.smithi121.stdout:Adding key to root@localhost authorized_keys...
2024-04-14T15:36:21.514 INFO:teuthology.orchestra.run.smithi121.stdout:Adding host smithi121...
2024-04-14T15:36:22.094 INFO:journalctl@ceph.mon.a.smithi121.stdout:Apr 14 15:36:21 smithi121 ceph-mon[29686]: from='client.14138 -' entity='client.admin' cmd=[{"prefix": "cephadm get-pub-key", "target": ["mon-mgr", ""]}]: dispatch
2024-04-14T15:36:22.939 INFO:journalctl@ceph.mon.a.smithi121.stdout:Apr 14 15:36:22 smithi121 ceph-mon[29686]: from='client.14140 -' entity='client.admin' cmd=[{"prefix": "orch host add", "hostname": "smithi121", "addr": "172.21.15.121", "target": ["mon-mgr", ""]}]: dispatch
2024-04-14T15:36:24.222 INFO:journalctl@ceph.mon.a.smithi121.stdout:Apr 14 15:36:23 smithi121 ceph-mon[29686]: Deploying cephadm binary to smithi121
2024-04-14T15:36:26.982 INFO:teuthology.orchestra.run.smithi121.stdout:/usr/bin/ceph: stdout Added host 'smithi121' with addr '172.21.15.121'
2024-04-14T15:36:26.983 INFO:teuthology.orchestra.run.smithi121.stdout:/usr/bin/ceph: stderr
2024-04-14T15:36:21.881+0000 7f299affd700 1 Processor -- start
2024-04-14T15:36:26.983 INFO:teuthology.orchestra.run.smithi121.stdout:/usr/bin/ceph: stderr
2024-04-14T15:36:21.881+0000 7f299affd700 1 -- start start
2024-04-14T15:36:26.983 INFO:teuthology.orchestra.run.smithi121.stdout:/usr/bin/ceph: stderr
2024-04-14T15:36:21.882+0000 7f299affd700 1 --2- >> [v2:172.21.15.121:3300/0,v1:172.21.15.121:6789/0] conn(0x7f29941072d0 0x7f29941096c0 unknown :-1 s=NONE pgs=0 cs=0 l=0 rev1=0 crypto rx=0 tx=0 comp rx=0 tx=0).connect
2024-04-14T15:36:26.983 INFO:teuthology.orchestra.run.smithi121.stdout:/usr/bin/ceph: stderr
2024-04-14T15:36:21.882+0000 7f299affd700 1 -- --> [v2:172.21.15.121:3300/0,v1:172.21.15.121:6789/0] -- mon_getmap magic: 0 -- 0x7f2994079e60 con 0x7f29941072d0
2024-04-14T15:36:26.983 INFO:teuthology.orchestra.run.smithi121.stdout:/usr/bin/ceph: stderr
2024-04-14T15:36:21.882+0000 7f2998d99700 1 --2- >> [v2:172.21.15.121:3300/0,v1:172.21.15.121:6789/0] conn(0x7f29941072d0 0x7f29941096c0 unknown :-1 s=BANNER_CONNECTING pgs=0 cs=0 l=0 rev1=0 crypto rx=0 tx=0 comp rx=0 tx=0)._handle_peer_banner_payload supported=3 required=0
2024-04-14T15:36:26.983 INFO:teuthology.orchestra.run.smithi121.stdout:/usr/bin/ceph: stderr
2024-04-14T15:36:21.882+0000 7f2998d99700 1 --2- >> [v2:172.21.15.121:3300/0,v1:172.21.15.121:6789/0] conn(0x7f29941072d0 0x7f29941096c0 unknown :-1 s=HELLO_CONNECTING pgs=0 cs=0 l=0 rev1=1 crypto rx=0 tx=0 comp rx=0 tx=0).handle_hello peer v2:172.21.15.121:3300/0 says I am v2:172.21.15.121:49218/0 (socket says 172.21.15.121:49218)
2024-04-14T15:36:26.983 INFO:teuthology.orchestra.run.smithi121.stdout:/usr/bin/ceph: stderr
2024-04-14T15:36:21.882+0000 7f2998d99700 1 -- 172.21.15.121:0/3971852201 learned_addr learned my addr 172.21.15.121:0/3971852201 (peer_addr_for_me v2:172.21.15.121:0/0)
2024-04-14T15:36:26.983 INFO:teuthology.orchestra.run.smithi121.stdout:/usr/bin/ceph: stderr
2024-04-14T15:36:21.882+0000 7f2998d99700 1 -- 172.21.15.121:0/3971852201 --> [v2:172.21.15.121:3300/0,v1:172.21.15.121:6789/0] -- mon_subscribe({config=0+,monmap=0+}) -- 0x7f2994109c00 con 0x7f29941072d0
2024-04-14T15:36:26.983 INFO:teuthology.orchestra.run.smithi121.stdout:/usr/bin/ceph: stderr
2024-04-14T15:36:21.882+0000 7f2998d99700 1 --2- 172.21.15.121:0/3971852201 >> [v2:172.21.15.121:3300/0,v1:172.21.15.121:6789/0] conn(0x7f29941072d0 0x7f29941096c0 secure :-1 s=READY pgs=45 cs=0 l=1 rev1=1 crypto rx=0x7f29880098a0 tx=0x7f2988009bb0 comp rx=0 tx=0).ready entity=mon.0 client_cookie=d20d415080447ab8 server_cookie=0 in_seq=0 out_seq=0
2024-04-14T15:36:26.983 INFO:teuthology.orchestra.run.smithi121.stdout:/usr/bin/ceph: stderr
2024-04-14T15:36:21.882+0000 7f29937fe700 1 -- 172.21.15.121:0/3971852201 <== mon.0 v2:172.21.15.121:3300/0 1 ==== mon_map magic: 0 ==== 205+0+0 (secure 0 0 0) 0x7f2988004160 con 0x7f29941072d0
2024-04-14T15:36:26.983 INFO:teuthology.orchestra.run.smithi121.stdout:/usr/bin/ceph: stderr
2024-04-14T15:36:21.882+0000 7f29937fe700 1 -- 172.21.15.121:0/3971852201 <== mon.0 v2:172.21.15.121:3300/0 2 ==== config(24 keys) ==== 1011+0+0 (secure 0 0 0) 0x7f2988004300 con 0x7f29941072d0
2024-04-14T15:36:26.983 INFO:teuthology.orchestra.run.smithi121.stdout:/usr/bin/ceph: stderr
2024-04-14T15:36:21.882+0000 7f29937fe700 1 -- 172.21.15.121:0/3971852201 <== mon.0 v2:172.21.15.121:3300/0 3 ==== mon_map magic: 0 ==== 205+0+0 (secure 0 0 0) 0x7f2988011940 con 0x7f29941072d0
2024-04-14T15:36:26.984 INFO:teuthology.orchestra.run.smithi121.stdout:/usr/bin/ceph: stderr
2024-04-14T15:36:21.883+0000 7f299affd700 1 -- 172.21.15.121:0/3971852201 >> [v2:172.21.15.121:3300/0,v1:172.21.15.121:6789/0] conn(0x7f29941072d0 msgr2=0x7f29941096c0 secure :-1 s=STATE_CONNECTION_ESTABLISHED l=1).mark_down
2024-04-14T15:36:26.984 INFO:teuthology.orchestra.run.smithi121.stdout:/usr/bin/ceph: stderr
2024-04-14T15:36:21.883+0000 7f299affd700 1 --2- 172.21.15.121:0/3971852201 >> [v2:172.21.15.121:3300/0,v1:172.21.15.121:6789/0] conn(0x7f29941072d0 0x7f29941096c0 secure :-1 s=READY pgs=45 cs=0 l=1 rev1=1 crypto rx=0x7f29880098a0 tx=0x7f2988009bb0 comp rx=0 tx=0).stop
2024-04-14T15:36:26.984 INFO:teuthology.orchestra.run.smithi121.stdout:/usr/bin/ceph: stderr
2024-04-14T15:36:21.883+0000 7f299affd700 1 -- 172.21.15.121:0/3971852201 shutdown_connections
2024-04-14T15:36:26.984 INFO:teuthology.orchestra.run.smithi121.stdout:/usr/bin/ceph: stderr
2024-04-14T15:36:21.883+0000 7f299affd700 1 --2- 172.21.15.121:0/3971852201 >> [v2:172.21.15.121:3300/0,v1:172.21.15.121:6789/0] conn(0x7f29941072d0 0x7f29941096c0 unknown :-1 s=CLOSED pgs=45 cs=0 l=1 rev1=1 crypto rx=0 tx=0 comp rx=0 tx=0).stop
2024-04-14T15:36:26.984 INFO:teuthology.orchestra.run.smithi121.stdout:/usr/bin/ceph: stderr
2024-04-14T15:36:21.883+0000 7f299affd700 1 -- 172.21.15.121:0/3971852201 >> 172.21.15.121:0/3971852201 conn(0x7f2994100d20 msgr2=0x7f2994103140 unknown :-1 s=STATE_NONE l=0).mark_down
2024-04-14T15:36:26.984 INFO:teuthology.orchestra.run.smithi121.stdout:/usr/bin/ceph: stderr
2024-04-14T15:36:21.883+0000 7f299affd700 1 -- 172.21.15.121:0/3971852201 shutdown_connections
2024-04-14T15:36:26.984 INFO:teuthology.orchestra.run.smithi121.stdout:/usr/bin/ceph: stderr
2024-04-14T15:36:21.883+0000 7f299affd700 1 -- 172.21.15.121:0/3971852201 wait complete.
2024-04-14T15:36:26.984 INFO:teuthology.orchestra.run.smithi121.stdout:/usr/bin/ceph: stderr
2024-04-14T15:36:21.883+0000 7f299affd700 1 Processor -- start
2024-04-14T15:36:26.984 INFO:teuthology.orchestra.run.smithi121.stdout:/usr/bin/ceph: stderr
2024-04-14T15:36:21.883+0000 7f299affd700 1 -- start start
2024-04-14T15:36:26.984 INFO:teuthology.orchestra.run.smithi121.stdout:/usr/bin/ceph: stderr
2024-04-14T15:36:21.884+0000 7f299affd700 1 --2- >> [v2:172.21.15.121:3300/0,v1:172.21.15.121:6789/0] conn(0x7f29941072d0 0x7f299419a6d0 unknown :-1 s=NONE pgs=0 cs=0 l=1 rev1=0 crypto rx=0 tx=0 comp rx=0 tx=0).connect
2024-04-14T15:36:26.984 INFO:teuthology.orchestra.run.smithi121.stdout:/usr/bin/ceph: stderr
2024-04-14T15:36:21.884+0000 7f299affd700 1 -- --> [v2:172.21.15.121:3300/0,v1:172.21.15.121:6789/0] -- mon_getmap magic: 0 -- 0x7f299410ab00 con 0x7f29941072d0
2024-04-14T15:36:26.984 INFO:teuthology.orchestra.run.smithi121.stdout:/usr/bin/ceph: stderr
2024-04-14T15:36:21.884+0000 7f2998d99700 1 --2- >> [v2:172.21.15.121:3300/0,v1:172.21.15.121:6789/0] conn(0x7f29941072d0 0x7f299419a6d0 unknown :-1 s=BANNER_CONNECTING pgs=0 cs=0 l=1 rev1=0 crypto rx=0 tx=0 comp rx=0 tx=0)._handle_peer_banner_payload supported=3 required=0
2024-04-14T15:36:26.984 INFO:teuthology.orchestra.run.smithi121.stdout:/usr/bin/ceph: stderr
2024-04-14T15:36:21.884+0000 7f2998d99700 1 --2- >> [v2:172.21.15.121:3300/0,v1:172.21.15.121:6789/0] conn(0x7f29941072d0 0x7f299419a6d0 unknown :-1 s=HELLO_CONNECTING pgs=0 cs=0 l=1 rev1=1 crypto rx=0 tx=0 comp rx=0 tx=0).handle_hello peer v2:172.21.15.121:3300/0 says I am v2:172.21.15.121:49226/0 (socket says 172.21.15.121:49226)
2024-04-14T15:36:26.984 INFO:teuthology.orchestra.run.smithi121.stdout:/usr/bin/ceph: stderr
2024-04-14T15:36:21.884+0000 7f2998d99700 1 -- 172.21.15.121:0/3728028041 learned_addr learned my addr 172.21.15.121:0/3728028041 (peer_addr_for_me v2:172.21.15.121:0/0)
2024-04-14T15:36:26.985 INFO:teuthology.orchestra.run.smithi121.stdout:/usr/bin/ceph: stderr
2024-04-14T15:36:21.884+0000 7f2998d99700 1 -- 172.21.15.121:0/3728028041 --> [v2:172.21.15.121:3300/0,v1:172.21.15.121:6789/0] -- mon_subscribe({config=0+,monmap=0+}) -- 0x7f299419ac10 con 0x7f29941072d0
2024-04-14T15:36:26.985 INFO:teuthology.orchestra.run.smithi121.stdout:/usr/bin/ceph: stderr
2024-04-14T15:36:21.884+0000 7f2998d99700 1 --2- 172.21.15.121:0/3728028041 >> [v2:172.21.15.121:3300/0,v1:172.21.15.121:6789/0] conn(0x7f29941072d0 0x7f299419a6d0 secure :-1 s=READY pgs=46 cs=0 l=1 rev1=1 crypto rx=0x7f2988009870 tx=0x7f29880119c0 comp rx=0 tx=0).ready entity=mon.0 client_cookie=0 server_cookie=0 in_seq=0 out_seq=0
2024-04-14T15:36:26.985 INFO:teuthology.orchestra.run.smithi121.stdout:/usr/bin/ceph: stderr
2024-04-14T15:36:21.884+0000 7f2991ffb700 1 -- 172.21.15.121:0/3728028041 <== mon.0 v2:172.21.15.121:3300/0 1 ==== mon_map magic: 0 ==== 205+0+0 (secure 0 0 0) 0x7f298801a430 con 0x7f29941072d0
2024-04-14T15:36:26.985 INFO:teuthology.orchestra.run.smithi121.stdout:/usr/bin/ceph: stderr
2024-04-14T15:36:21.884+0000 7f2991ffb700 1 -- 172.21.15.121:0/3728028041 <== mon.0 v2:172.21.15.121:3300/0 2 ==== config(24 keys) ==== 1011+0+0 (secure 0 0 0) 0x7f298801aa30 con 0x7f29941072d0
2024-04-14T15:36:26.985 INFO:teuthology.orchestra.run.smithi121.stdout:/usr/bin/ceph: stderr
2024-04-14T15:36:21.884+0000 7f299affd700 1 -- 172.21.15.121:0/3728028041 --> [v2:172.21.15.121:3300/0,v1:172.21.15.121:6789/0] -- mon_subscribe({mgrmap=0+}) -- 0x7f299419aea0 con 0x7f29941072d0
2024-04-14T15:36:26.985 INFO:teuthology.orchestra.run.smithi121.stdout:/usr/bin/ceph: stderr
2024-04-14T15:36:21.884+0000 7f2991ffb700 1 -- 172.21.15.121:0/3728028041 <== mon.0 v2:172.21.15.121:3300/0 3 ==== mon_map magic: 0 ==== 205+0+0 (secure 0 0 0) 0x7f29880248d0 con 0x7f29941072d0
2024-04-14T15:36:26.985 INFO:teuthology.orchestra.run.smithi121.stdout:/usr/bin/ceph: stderr
2024-04-14T15:36:21.884+0000 7f299affd700 1 -- 172.21.15.121:0/3728028041 --> [v2:172.21.15.121:3300/0,v1:172.21.15.121:6789/0] -- mon_subscribe({osdmap=0}) -- 0x7f299419db90 con 0x7f29941072d0
2024-04-14T15:36:26.985 INFO:teuthology.orchestra.run.smithi121.stdout:/usr/bin/ceph: stderr
2024-04-14T15:36:21.885+0000 7f2991ffb700 1 -- 172.21.15.121:0/3728028041 <== mon.0 v2:172.21.15.121:3300/0 4 ==== mgrmap(e 8) ==== 46558+0+0 (secure 0 0 0) 0x7f2988022020 con 0x7f29941072d0
2024-04-14T15:36:26.985 INFO:teuthology.orchestra.run.smithi121.stdout:/usr/bin/ceph: stderr
2024-04-14T15:36:21.885+0000 7f299affd700 1 -- 172.21.15.121:0/3728028041 --> [v2:172.21.15.121:3300/0,v1:172.21.15.121:6789/0] -- mon_command({"prefix": "get_command_descriptions"} v 0) -- 0x7f2994064110 con 0x7f29941072d0
2024-04-14T15:36:26.985 INFO:teuthology.orchestra.run.smithi121.stdout:/usr/bin/ceph: stderr
2024-04-14T15:36:21.885+0000 7f2991ffb700 1 --2- 172.21.15.121:0/3728028041 >> [v2:172.21.15.121:6800/1968068090,v1:172.21.15.121:6801/1968068090] conn(0x7f29840395b0 0x7f298403ba70 unknown :-1 s=NONE pgs=0 cs=0 l=1 rev1=0 crypto rx=0 tx=0 comp rx=0 tx=0).connect
2024-04-14T15:36:26.985 INFO:teuthology.orchestra.run.smithi121.stdout:/usr/bin/ceph: stderr
2024-04-14T15:36:21.885+0000 7f2991ffb700 1 -- 172.21.15.121:0/3728028041 <== mon.0 v2:172.21.15.121:3300/0 5 ==== osd_map(2..2 src has 1..2) ==== 940+0+0 (secure 0 0 0) 0x7f298804dba0 con 0x7f29941072d0
2024-04-14T15:36:26.985 INFO:teuthology.orchestra.run.smithi121.stdout:/usr/bin/ceph: stderr
2024-04-14T15:36:21.886+0000 7f2993fff700 1 --2- 172.21.15.121:0/3728028041 >> [v2:172.21.15.121:6800/1968068090,v1:172.21.15.121:6801/1968068090] conn(0x7f29840395b0 0x7f298403ba70 unknown :-1 s=BANNER_CONNECTING pgs=0 cs=0 l=1 rev1=0 crypto rx=0 tx=0 comp rx=0 tx=0)._handle_peer_banner_payload supported=3 required=0
2024-04-14T15:36:26.986 INFO:teuthology.orchestra.run.smithi121.stdout:/usr/bin/ceph: stderr
