2024-04-14T15:36:21.886+0000 7f2993fff700 1 --2- 172.21.15.121:0/3728028041 >> [v2:172.21.15.121:6800/1968068090,v1:172.21.15.121:6801/1968068090] conn(0x7f29840395b0 0x7f298403ba70 secure :-1 s=READY pgs=11 cs=0 l=1 rev1=1 crypto rx=0x7f2980006fd0 tx=0x7f2980006e40 comp rx=0 tx=0).ready entity=mgr.14120 client_cookie=0 server_cookie=0 in_seq=0 out_seq=0
2024-04-14T15:36:26.986 INFO:teuthology.orchestra.run.smithi121.stdout:/usr/bin/ceph: stderr
2024-04-14T15:36:21.890+0000 7f2991ffb700 1 -- 172.21.15.121:0/3728028041 <== mon.0 v2:172.21.15.121:3300/0 6 ==== mon_command_ack([{"prefix": "get_command_descriptions"}]=0 v0) ==== 72+0+188297 (secure 0 0 0) 0x7f298802d910 con 0x7f29941072d0
2024-04-14T15:36:26.986 INFO:teuthology.orchestra.run.smithi121.stdout:/usr/bin/ceph: stderr
2024-04-14T15:36:22.093+0000 7f299affd700 1 -- 172.21.15.121:0/3728028041 --> [v2:172.21.15.121:6800/1968068090,v1:172.21.15.121:6801/1968068090] -- mgr_command(tid 0: {"prefix": "orch host add", "hostname": "smithi121", "addr": "172.21.15.121", "target": ["mon-mgr", ""]}) -- 0x7f2994102030 con 0x7f29840395b0
2024-04-14T15:36:26.986 INFO:teuthology.orchestra.run.smithi121.stdout:/usr/bin/ceph: stderr
2024-04-14T15:36:26.382+0000 7f2991ffb700 1 -- 172.21.15.121:0/3728028041 <== mgr.14120 v2:172.21.15.121:6800/1968068090 1 ==== mgr_command_reply(tid 0: 0 ) ==== 8+0+49 (secure 0 0 0) 0x7f2994102030 con 0x7f29840395b0
2024-04-14T15:36:26.986 INFO:teuthology.orchestra.run.smithi121.stdout:/usr/bin/ceph: stderr
2024-04-14T15:36:26.384+0000 7f299affd700 1 -- 172.21.15.121:0/3728028041 >> [v2:172.21.15.121:6800/1968068090,v1:172.21.15.121:6801/1968068090] conn(0x7f29840395b0 msgr2=0x7f298403ba70 secure :-1 s=STATE_CONNECTION_ESTABLISHED l=1).mark_down
2024-04-14T15:36:26.986 INFO:teuthology.orchestra.run.smithi121.stdout:/usr/bin/ceph: stderr
2024-04-14T15:36:26.384+0000 7f299affd700 1 --2- 172.21.15.121:0/3728028041 >> [v2:172.21.15.121:6800/1968068090,v1:172.21.15.121:6801/1968068090] conn(0x7f29840395b0 0x7f298403ba70 secure :-1 s=READY pgs=11 cs=0 l=1 rev1=1 crypto rx=0x7f2980006fd0 tx=0x7f2980006e40 comp rx=0 tx=0).stop
2024-04-14T15:36:26.986 INFO:teuthology.orchestra.run.smithi121.stdout:/usr/bin/ceph: stderr
2024-04-14T15:36:26.384+0000 7f299affd700 1 -- 172.21.15.121:0/3728028041 >> [v2:172.21.15.121:3300/0,v1:172.21.15.121:6789/0] conn(0x7f29941072d0 msgr2=0x7f299419a6d0 secure :-1 s=STATE_CONNECTION_ESTABLISHED l=1).mark_down
2024-04-14T15:36:26.986 INFO:teuthology.orchestra.run.smithi121.stdout:/usr/bin/ceph: stderr
2024-04-14T15:36:26.384+0000 7f299affd700 1 --2- 172.21.15.121:0/3728028041 >> [v2:172.21.15.121:3300/0,v1:172.21.15.121:6789/0] conn(0x7f29941072d0 0x7f299419a6d0 secure :-1 s=READY pgs=46 cs=0 l=1 rev1=1 crypto rx=0x7f2988009870 tx=0x7f29880119c0 comp rx=0 tx=0).stop
2024-04-14T15:36:26.986 INFO:teuthology.orchestra.run.smithi121.stdout:/usr/bin/ceph: stderr
2024-04-14T15:36:26.384+0000 7f299affd700 1 -- 172.21.15.121:0/3728028041 shutdown_connections
2024-04-14T15:36:26.986 INFO:teuthology.orchestra.run.smithi121.stdout:/usr/bin/ceph: stderr
2024-04-14T15:36:26.384+0000 7f299affd700 1 --2- 172.21.15.121:0/3728028041 >> [v2:172.21.15.121:6800/1968068090,v1:172.21.15.121:6801/1968068090] conn(0x7f29840395b0 0x7f298403ba70 unknown :-1 s=CLOSED pgs=11 cs=0 l=1 rev1=1 crypto rx=0 tx=0 comp rx=0 tx=0).stop
2024-04-14T15:36:26.986 INFO:teuthology.orchestra.run.smithi121.stdout:/usr/bin/ceph: stderr
2024-04-14T15:36:26.384+0000 7f299affd700 1 --2- 172.21.15.121:0/3728028041 >> [v2:172.21.15.121:3300/0,v1:172.21.15.121:6789/0] conn(0x7f29941072d0 0x7f299419a6d0 unknown :-1 s=CLOSED pgs=46 cs=0 l=1 rev1=1 crypto rx=0 tx=0 comp rx=0 tx=0).stop
2024-04-14T15:36:26.987 INFO:teuthology.orchestra.run.smithi121.stdout:/usr/bin/ceph: stderr
2024-04-14T15:36:26.384+0000 7f299affd700 1 -- 172.21.15.121:0/3728028041 >> 172.21.15.121:0/3728028041 conn(0x7f2994100d20 msgr2=0x7f2994101920 unknown :-1 s=STATE_NONE l=0).mark_down
2024-04-14T15:36:26.987 INFO:teuthology.orchestra.run.smithi121.stdout:/usr/bin/ceph: stderr
2024-04-14T15:36:26.385+0000 7f299affd700 1 -- 172.21.15.121:0/3728028041 shutdown_connections
2024-04-14T15:36:26.987 INFO:teuthology.orchestra.run.smithi121.stdout:/usr/bin/ceph: stderr
2024-04-14T15:36:26.385+0000 7f299affd700 1 -- 172.21.15.121:0/3728028041 wait complete.
2024-04-14T15:36:26.987 INFO:teuthology.orchestra.run.smithi121.stdout:Deploying unmanaged mon service...
2024-04-14T15:36:27.676 INFO:journalctl@ceph.mon.a.smithi121.stdout:Apr 14 15:36:27 smithi121 ceph-mon[29686]: from='mgr.14120 172.21.15.121:0/2390161124' entity='mgr.y'
2024-04-14T15:36:27.676 INFO:journalctl@ceph.mon.a.smithi121.stdout:Apr 14 15:36:27 smithi121 ceph-mon[29686]: Added host smithi121
2024-04-14T15:36:27.676 INFO:journalctl@ceph.mon.a.smithi121.stdout:Apr 14 15:36:27 smithi121 ceph-mon[29686]: from='mgr.14120 172.21.15.121:0/2390161124' entity='mgr.y' cmd=[{"prefix": "config dump", "format": "json"}]: dispatch
2024-04-14T15:36:28.248 INFO:teuthology.orchestra.run.smithi121.stdout:/usr/bin/ceph: stdout Scheduled mon update...
2024-04-14T15:36:28.249 INFO:teuthology.orchestra.run.smithi121.stdout:/usr/bin/ceph: stderr
2024-04-14T15:36:27.419+0000 7f673727a700 1 Processor -- start
2024-04-14T15:36:28.249 INFO:teuthology.orchestra.run.smithi121.stdout:/usr/bin/ceph: stderr
2024-04-14T15:36:27.420+0000 7f673727a700 1 -- start start
2024-04-14T15:36:28.249 INFO:teuthology.orchestra.run.smithi121.stdout:/usr/bin/ceph: stderr
2024-04-14T15:36:27.420+0000 7f673727a700 1 --2- >> [v2:172.21.15.121:3300/0,v1:172.21.15.121:6789/0] conn(0x7f6730106820 0x7f6730106c40 unknown :-1 s=NONE pgs=0 cs=0 l=0 rev1=0 crypto rx=0 tx=0 comp rx=0 tx=0).connect
2024-04-14T15:36:28.249 INFO:teuthology.orchestra.run.smithi121.stdout:/usr/bin/ceph: stderr
2024-04-14T15:36:27.420+0000 7f673727a700 1 -- --> [v2:172.21.15.121:3300/0,v1:172.21.15.121:6789/0] -- mon_getmap magic: 0 -- 0x7f6730107210 con 0x7f6730106820
2024-04-14T15:36:28.249 INFO:teuthology.orchestra.run.smithi121.stdout:/usr/bin/ceph: stderr
2024-04-14T15:36:27.420+0000 7f6735016700 1 --2- >> [v2:172.21.15.121:3300/0,v1:172.21.15.121:6789/0] conn(0x7f6730106820 0x7f6730106c40 unknown :-1 s=BANNER_CONNECTING pgs=0 cs=0 l=0 rev1=0 crypto rx=0 tx=0 comp rx=0 tx=0)._handle_peer_banner_payload supported=3 required=0
2024-04-14T15:36:28.249 INFO:teuthology.orchestra.run.smithi121.stdout:/usr/bin/ceph: stderr
2024-04-14T15:36:27.420+0000 7f6735016700 1 --2- >> [v2:172.21.15.121:3300/0,v1:172.21.15.121:6789/0] conn(0x7f6730106820 0x7f6730106c40 unknown :-1 s=HELLO_CONNECTING pgs=0 cs=0 l=0 rev1=1 crypto rx=0 tx=0 comp rx=0 tx=0).handle_hello peer v2:172.21.15.121:3300/0 says I am v2:172.21.15.121:36204/0 (socket says 172.21.15.121:36204)
2024-04-14T15:36:28.249 INFO:teuthology.orchestra.run.smithi121.stdout:/usr/bin/ceph: stderr
2024-04-14T15:36:27.420+0000 7f6735016700 1 -- 172.21.15.121:0/491875675 learned_addr learned my addr 172.21.15.121:0/491875675 (peer_addr_for_me v2:172.21.15.121:0/0)
2024-04-14T15:36:28.249 INFO:teuthology.orchestra.run.smithi121.stdout:/usr/bin/ceph: stderr
2024-04-14T15:36:27.420+0000 7f6735016700 1 -- 172.21.15.121:0/491875675 --> [v2:172.21.15.121:3300/0,v1:172.21.15.121:6789/0] -- mon_subscribe({config=0+,monmap=0+}) -- 0x7f6730107a20 con 0x7f6730106820
2024-04-14T15:36:28.249 INFO:teuthology.orchestra.run.smithi121.stdout:/usr/bin/ceph: stderr
2024-04-14T15:36:27.420+0000 7f6735016700 1 --2- 172.21.15.121:0/491875675 >> [v2:172.21.15.121:3300/0,v1:172.21.15.121:6789/0] conn(0x7f6730106820 0x7f6730106c40 secure :-1 s=READY pgs=47 cs=0 l=1 rev1=1 crypto rx=0x7f672c0098a0 tx=0x7f672c009bb0 comp rx=0 tx=0).ready entity=mon.0 client_cookie=3b957d843871d638 server_cookie=0 in_seq=0 out_seq=0
2024-04-14T15:36:28.249 INFO:teuthology.orchestra.run.smithi121.stdout:/usr/bin/ceph: stderr
2024-04-14T15:36:27.421+0000 7f6727fff700 1 -- 172.21.15.121:0/491875675 <== mon.0 v2:172.21.15.121:3300/0 1 ==== mon_map magic: 0 ==== 205+0+0 (secure 0 0 0) 0x7f672c004160 con 0x7f6730106820
2024-04-14T15:36:28.249 INFO:teuthology.orchestra.run.smithi121.stdout:/usr/bin/ceph: stderr
2024-04-14T15:36:27.421+0000 7f6727fff700 1 -- 172.21.15.121:0/491875675 <== mon.0 v2:172.21.15.121:3300/0 2 ==== config(24 keys) ==== 1011+0+0 (secure 0 0 0) 0x7f672c004300 con 0x7f6730106820
2024-04-14T15:36:28.250 INFO:teuthology.orchestra.run.smithi121.stdout:/usr/bin/ceph: stderr
2024-04-14T15:36:27.421+0000 7f6727fff700 1 -- 172.21.15.121:0/491875675 <== mon.0 v2:172.21.15.121:3300/0 3 ==== mon_map magic: 0 ==== 205+0+0 (secure 0 0 0) 0x7f672c011940 con 0x7f6730106820
2024-04-14T15:36:28.250 INFO:teuthology.orchestra.run.smithi121.stdout:/usr/bin/ceph: stderr
2024-04-14T15:36:27.421+0000 7f673727a700 1 -- 172.21.15.121:0/491875675 >> [v2:172.21.15.121:3300/0,v1:172.21.15.121:6789/0] conn(0x7f6730106820 msgr2=0x7f6730106c40 secure :-1 s=STATE_CONNECTION_ESTABLISHED l=1).mark_down
2024-04-14T15:36:28.250 INFO:teuthology.orchestra.run.smithi121.stdout:/usr/bin/ceph: stderr
2024-04-14T15:36:27.421+0000 7f673727a700 1 --2- 172.21.15.121:0/491875675 >> [v2:172.21.15.121:3300/0,v1:172.21.15.121:6789/0] conn(0x7f6730106820 0x7f6730106c40 secure :-1 s=READY pgs=47 cs=0 l=1 rev1=1 crypto rx=0x7f672c0098a0 tx=0x7f672c009bb0 comp rx=0 tx=0).stop
2024-04-14T15:36:28.250 INFO:teuthology.orchestra.run.smithi121.stdout:/usr/bin/ceph: stderr
2024-04-14T15:36:27.421+0000 7f673727a700 1 -- 172.21.15.121:0/491875675 shutdown_connections
2024-04-14T15:36:28.250 INFO:teuthology.orchestra.run.smithi121.stdout:/usr/bin/ceph: stderr
2024-04-14T15:36:27.421+0000 7f673727a700 1 --2- 172.21.15.121:0/491875675 >> [v2:172.21.15.121:3300/0,v1:172.21.15.121:6789/0] conn(0x7f6730106820 0x7f6730106c40 unknown :-1 s=CLOSED pgs=47 cs=0 l=1 rev1=1 crypto rx=0 tx=0 comp rx=0 tx=0).stop
2024-04-14T15:36:28.250 INFO:teuthology.orchestra.run.smithi121.stdout:/usr/bin/ceph: stderr
2024-04-14T15:36:27.421+0000 7f673727a700 1 -- 172.21.15.121:0/491875675 >> 172.21.15.121:0/491875675 conn(0x7f6730101e20 msgr2=0x7f6730104240 unknown :-1 s=STATE_NONE l=0).mark_down
2024-04-14T15:36:28.250 INFO:teuthology.orchestra.run.smithi121.stdout:/usr/bin/ceph: stderr
2024-04-14T15:36:27.421+0000 7f673727a700 1 -- 172.21.15.121:0/491875675 shutdown_connections
2024-04-14T15:36:28.250 INFO:teuthology.orchestra.run.smithi121.stdout:/usr/bin/ceph: stderr
2024-04-14T15:36:27.421+0000 7f673727a700 1 -- 172.21.15.121:0/491875675 wait complete.
2024-04-14T15:36:28.250 INFO:teuthology.orchestra.run.smithi121.stdout:/usr/bin/ceph: stderr
2024-04-14T15:36:27.422+0000 7f673727a700 1 Processor -- start
2024-04-14T15:36:28.250 INFO:teuthology.orchestra.run.smithi121.stdout:/usr/bin/ceph: stderr
2024-04-14T15:36:27.422+0000 7f673727a700 1 -- start start
2024-04-14T15:36:28.250 INFO:teuthology.orchestra.run.smithi121.stdout:/usr/bin/ceph: stderr
2024-04-14T15:36:27.422+0000 7f673727a700 1 --2- >> [v2:172.21.15.121:3300/0,v1:172.21.15.121:6789/0] conn(0x7f6730106820 0x7f673007c3f0 unknown :-1 s=NONE pgs=0 cs=0 l=1 rev1=0 crypto rx=0 tx=0 comp rx=0 tx=0).connect
2024-04-14T15:36:28.250 INFO:teuthology.orchestra.run.smithi121.stdout:/usr/bin/ceph: stderr
2024-04-14T15:36:27.422+0000 7f673727a700 1 -- --> [v2:172.21.15.121:3300/0,v1:172.21.15.121:6789/0] -- mon_getmap magic: 0 -- 0x7f673010ac50 con 0x7f6730106820
2024-04-14T15:36:28.250 INFO:teuthology.orchestra.run.smithi121.stdout:/usr/bin/ceph: stderr
2024-04-14T15:36:27.422+0000 7f6735016700 1 --2- >> [v2:172.21.15.121:3300/0,v1:172.21.15.121:6789/0] conn(0x7f6730106820 0x7f673007c3f0 unknown :-1 s=BANNER_CONNECTING pgs=0 cs=0 l=1 rev1=0 crypto rx=0 tx=0 comp rx=0 tx=0)._handle_peer_banner_payload supported=3 required=0
2024-04-14T15:36:28.250 INFO:teuthology.orchestra.run.smithi121.stdout:/usr/bin/ceph: stderr
2024-04-14T15:36:27.422+0000 7f6735016700 1 --2- >> [v2:172.21.15.121:3300/0,v1:172.21.15.121:6789/0] conn(0x7f6730106820 0x7f673007c3f0 unknown :-1 s=HELLO_CONNECTING pgs=0 cs=0 l=1 rev1=1 crypto rx=0 tx=0 comp rx=0 tx=0).handle_hello peer v2:172.21.15.121:3300/0 says I am v2:172.21.15.121:36214/0 (socket says 172.21.15.121:36214)
2024-04-14T15:36:28.250 INFO:teuthology.orchestra.run.smithi121.stdout:/usr/bin/ceph: stderr
2024-04-14T15:36:27.422+0000 7f6735016700 1 -- 172.21.15.121:0/2709108775 learned_addr learned my addr 172.21.15.121:0/2709108775 (peer_addr_for_me v2:172.21.15.121:0/0)
2024-04-14T15:36:28.251 INFO:teuthology.orchestra.run.smithi121.stdout:/usr/bin/ceph: stderr
2024-04-14T15:36:27.422+0000 7f6735016700 1 -- 172.21.15.121:0/2709108775 --> [v2:172.21.15.121:3300/0,v1:172.21.15.121:6789/0] -- mon_subscribe({config=0+,monmap=0+}) -- 0x7f673007c930 con 0x7f6730106820
2024-04-14T15:36:28.251 INFO:teuthology.orchestra.run.smithi121.stdout:/usr/bin/ceph: stderr
2024-04-14T15:36:27.422+0000 7f6735016700 1 --2- 172.21.15.121:0/2709108775 >> [v2:172.21.15.121:3300/0,v1:172.21.15.121:6789/0] conn(0x7f6730106820 0x7f673007c3f0 secure :-1 s=READY pgs=48 cs=0 l=1 rev1=1 crypto rx=0x7f672c009fb0 tx=0x7f672c0119c0 comp rx=0 tx=0).ready entity=mon.0 client_cookie=0 server_cookie=0 in_seq=0 out_seq=0
2024-04-14T15:36:28.251 INFO:teuthology.orchestra.run.smithi121.stdout:/usr/bin/ceph: stderr
2024-04-14T15:36:27.423+0000 7f67267fc700 1 -- 172.21.15.121:0/2709108775 <== mon.0 v2:172.21.15.121:3300/0 1 ==== mon_map magic: 0 ==== 205+0+0 (secure 0 0 0) 0x7f672c01a430 con 0x7f6730106820
2024-04-14T15:36:28.251 INFO:teuthology.orchestra.run.smithi121.stdout:/usr/bin/ceph: stderr
2024-04-14T15:36:27.423+0000 7f67267fc700 1 -- 172.21.15.121:0/2709108775 <== mon.0 v2:172.21.15.121:3300/0 2 ==== config(24 keys) ==== 1011+0+0 (secure 0 0 0) 0x7f672c01aa30 con 0x7f6730106820
2024-04-14T15:36:28.251 INFO:teuthology.orchestra.run.smithi121.stdout:/usr/bin/ceph: stderr
2024-04-14T15:36:27.423+0000 7f673727a700 1 -- 172.21.15.121:0/2709108775 --> [v2:172.21.15.121:3300/0,v1:172.21.15.121:6789/0] -- mon_subscribe({mgrmap=0+}) -- 0x7f673007ab20 con 0x7f6730106820
2024-04-14T15:36:28.251 INFO:teuthology.orchestra.run.smithi121.stdout:/usr/bin/ceph: stderr
2024-04-14T15:36:27.423+0000 7f67267fc700 1 -- 172.21.15.121:0/2709108775 <== mon.0 v2:172.21.15.121:3300/0 3 ==== mon_map magic: 0 ==== 205+0+0 (secure 0 0 0) 0x7f672c024860 con 0x7f6730106820
2024-04-14T15:36:28.251 INFO:teuthology.orchestra.run.smithi121.stdout:/usr/bin/ceph: stderr
2024-04-14T15:36:27.423+0000 7f673727a700 1 -- 172.21.15.121:0/2709108775 --> [v2:172.21.15.121:3300/0,v1:172.21.15.121:6789/0] -- mon_subscribe({osdmap=0}) -- 0x7f673007b060 con 0x7f6730106820
2024-04-14T15:36:28.251 INFO:teuthology.orchestra.run.smithi121.stdout:/usr/bin/ceph: stderr
2024-04-14T15:36:27.423+0000 7f67267fc700 1 -- 172.21.15.121:0/2709108775 <== mon.0 v2:172.21.15.121:3300/0 4 ==== mgrmap(e 8) ==== 46558+0+0 (secure 0 0 0) 0x7f672c022020 con 0x7f6730106820
2024-04-14T15:36:28.251 INFO:teuthology.orchestra.run.smithi121.stdout:/usr/bin/ceph: stderr
2024-04-14T15:36:27.424+0000 7f67267fc700 1 --2- 172.21.15.121:0/2709108775 >> [v2:172.21.15.121:6800/1968068090,v1:172.21.15.121:6801/1968068090] conn(0x7f671c039600 0x7f671c03bac0 unknown :-1 s=NONE pgs=0 cs=0 l=1 rev1=0 crypto rx=0 tx=0 comp rx=0 tx=0).connect
2024-04-14T15:36:28.251 INFO:teuthology.orchestra.run.smithi121.stdout:/usr/bin/ceph: stderr
2024-04-14T15:36:27.424+0000 7f67267fc700 1 -- 172.21.15.121:0/2709108775 <== mon.0 v2:172.21.15.121:3300/0 5 ==== osd_map(2..2 src has 1..2) ==== 940+0+0 (secure 0 0 0) 0x7f672c04d860 con 0x7f6730106820
2024-04-14T15:36:28.251 INFO:teuthology.orchestra.run.smithi121.stdout:/usr/bin/ceph: stderr
2024-04-14T15:36:27.424+0000 7f6734815700 1 --2- 172.21.15.121:0/2709108775 >> [v2:172.21.15.121:6800/1968068090,v1:172.21.15.121:6801/1968068090] conn(0x7f671c039600 0x7f671c03bac0 unknown :-1 s=BANNER_CONNECTING pgs=0 cs=0 l=1 rev1=0 crypto rx=0 tx=0 comp rx=0 tx=0)._handle_peer_banner_payload supported=3 required=0
2024-04-14T15:36:28.251 INFO:teuthology.orchestra.run.smithi121.stdout:/usr/bin/ceph: stderr
2024-04-14T15:36:27.424+0000 7f673727a700 1 -- 172.21.15.121:0/2709108775 --> [v2:172.21.15.121:3300/0,v1:172.21.15.121:6789/0] -- mon_command({"prefix": "get_command_descriptions"} v 0) -- 0x7f673010add0 con 0x7f6730106820
2024-04-14T15:36:28.251 INFO:teuthology.orchestra.run.smithi121.stdout:/usr/bin/ceph: stderr
2024-04-14T15:36:27.424+0000 7f6734815700 1 --2- 172.21.15.121:0/2709108775 >> [v2:172.21.15.121:6800/1968068090,v1:172.21.15.121:6801/1968068090] conn(0x7f671c039600 0x7f671c03bac0 secure :-1 s=READY pgs=12 cs=0 l=1 rev1=1 crypto rx=0x7f6720006fd0 tx=0x7f6720006e40 comp rx=0 tx=0).ready entity=mgr.14120 client_cookie=0 server_cookie=0 in_seq=0 out_seq=0
2024-04-14T15:36:28.252 INFO:teuthology.orchestra.run.smithi121.stdout:/usr/bin/ceph: stderr
2024-04-14T15:36:27.429+0000 7f67267fc700 1 -- 172.21.15.121:0/2709108775 <== mon.0 v2:172.21.15.121:3300/0 6 ==== mon_command_ack([{"prefix": "get_command_descriptions"}]=0 v0) ==== 72+0+188297 (secure 0 0 0) 0x7f672c00b3e0 con 0x7f6730106820
2024-04-14T15:36:28.252 INFO:teuthology.orchestra.run.smithi121.stdout:/usr/bin/ceph: stderr
2024-04-14T15:36:27.674+0000 7f673727a700 1 -- 172.21.15.121:0/2709108775 --> [v2:172.21.15.121:6800/1968068090,v1:172.21.15.121:6801/1968068090] -- mgr_command(tid 0: {"prefix": "orch apply", "service_type": "mon", "unmanaged": true, "target": ["mon-mgr", ""]}) -- 0x7f673007b6b0 con 0x7f671c039600
2024-04-14T15:36:28.252 INFO:teuthology.orchestra.run.smithi121.stdout:/usr/bin/ceph: stderr
2024-04-14T15:36:27.679+0000 7f67267fc700 1 -- 172.21.15.121:0/2709108775 <== mgr.14120 v2:172.21.15.121:6800/1968068090 1 ==== mgr_command_reply(tid 0: 0 ) ==== 8+0+24 (secure 0 0 0) 0x7f673007b6b0 con 0x7f671c039600
2024-04-14T15:36:28.252 INFO:teuthology.orchestra.run.smithi121.stdout:/usr/bin/ceph: stderr
2024-04-14T15:36:27.682+0000 7f673727a700 1 -- 172.21.15.121:0/2709108775 >> [v2:172.21.15.121:6800/1968068090,v1:172.21.15.121:6801/1968068090] conn(0x7f671c039600 msgr2=0x7f671c03bac0 secure :-1 s=STATE_CONNECTION_ESTABLISHED l=1).mark_down
2024-04-14T15:36:28.252 INFO:teuthology.orchestra.run.smithi121.stdout:/usr/bin/ceph: stderr
2024-04-14T15:36:27.682+0000 7f673727a700 1 --2- 172.21.15.121:0/2709108775 >> [v2:172.21.15.121:6800/1968068090,v1:172.21.15.121:6801/1968068090] conn(0x7f671c039600 0x7f671c03bac0 secure :-1 s=READY pgs=12 cs=0 l=1 rev1=1 crypto rx=0x7f6720006fd0 tx=0x7f6720006e40 comp rx=0 tx=0).stop
2024-04-14T15:36:28.252 INFO:teuthology.orchestra.run.smithi121.stdout:/usr/bin/ceph: stderr
2024-04-14T15:36:27.682+0000 7f673727a700 1 -- 172.21.15.121:0/2709108775 >> [v2:172.21.15.121:3300/0,v1:172.21.15.121:6789/0] conn(0x7f6730106820 msgr2=0x7f673007c3f0 secure :-1 s=STATE_CONNECTION_ESTABLISHED l=1).mark_down
2024-04-14T15:36:28.252 INFO:teuthology.orchestra.run.smithi121.stdout:/usr/bin/ceph: stderr
2024-04-14T15:36:27.682+0000 7f673727a700 1 --2- 172.21.15.121:0/2709108775 >> [v2:172.21.15.121:3300/0,v1:172.21.15.121:6789/0] conn(0x7f6730106820 0x7f673007c3f0 secure :-1 s=READY pgs=48 cs=0 l=1 rev1=1 crypto rx=0x7f672c009fb0 tx=0x7f672c0119c0 comp rx=0 tx=0).stop
2024-04-14T15:36:28.252 INFO:teuthology.orchestra.run.smithi121.stdout:/usr/bin/ceph: stderr
2024-04-14T15:36:27.682+0000 7f673727a700 1 -- 172.21.15.121:0/2709108775 shutdown_connections
2024-04-14T15:36:28.252 INFO:teuthology.orchestra.run.smithi121.stdout:/usr/bin/ceph: stderr
2024-04-14T15:36:27.682+0000 7f673727a700 1 --2- 172.21.15.121:0/2709108775 >> [v2:172.21.15.121:6800/1968068090,v1:172.21.15.121:6801/1968068090] conn(0x7f671c039600 0x7f671c03bac0 unknown :-1 s=CLOSED pgs=12 cs=0 l=1 rev1=1 crypto rx=0 tx=0 comp rx=0 tx=0).stop
2024-04-14T15:36:28.252 INFO:teuthology.orchestra.run.smithi121.stdout:/usr/bin/ceph: stderr
2024-04-14T15:36:27.682+0000 7f673727a700 1 --2- 172.21.15.121:0/2709108775 >> [v2:172.21.15.121:3300/0,v1:172.21.15.121:6789/0] conn(0x7f6730106820 0x7f673007c3f0 unknown :-1 s=CLOSED pgs=48 cs=0 l=1 rev1=1 crypto rx=0 tx=0 comp rx=0 tx=0).stop
2024-04-14T15:36:28.252 INFO:teuthology.orchestra.run.smithi121.stdout:/usr/bin/ceph: stderr
2024-04-14T15:36:27.682+0000 7f673727a700 1 -- 172.21.15.121:0/2709108775 >> 172.21.15.121:0/2709108775 conn(0x7f6730101e20 msgr2=0x7f67301029d0 unknown :-1 s=STATE_NONE l=0).mark_down
2024-04-14T15:36:28.252 INFO:teuthology.orchestra.run.smithi121.stdout:/usr/bin/ceph: stderr
2024-04-14T15:36:27.682+0000 7f673727a700 1 -- 172.21.15.121:0/2709108775 shutdown_connections
2024-04-14T15:36:28.252 INFO:teuthology.orchestra.run.smithi121.stdout:/usr/bin/ceph: stderr
2024-04-14T15:36:27.682+0000 7f673727a700 1 -- 172.21.15.121:0/2709108775 wait complete.
2024-04-14T15:36:28.253 INFO:teuthology.orchestra.run.smithi121.stdout:Deploying unmanaged mgr service...
2024-04-14T15:36:28.785 INFO:journalctl@ceph.mon.a.smithi121.stdout:Apr 14 15:36:28 smithi121 ceph-mon[29686]: from='client.14142 -' entity='client.admin' cmd=[{"prefix": "orch apply", "service_type": "mon", "unmanaged": true, "target": ["mon-mgr", ""]}]: dispatch
2024-04-14T15:36:28.785 INFO:journalctl@ceph.mon.a.smithi121.stdout:Apr 14 15:36:28 smithi121 ceph-mon[29686]: Saving service mon spec with placement count:5
2024-04-14T15:36:28.785 INFO:journalctl@ceph.mon.a.smithi121.stdout:Apr 14 15:36:28 smithi121 ceph-mon[29686]: from='mgr.14120 172.21.15.121:0/2390161124' entity='mgr.y'
2024-04-14T15:36:29.752 INFO:teuthology.orchestra.run.smithi121.stdout:/usr/bin/ceph: stdout Scheduled mgr update...
2024-04-14T15:36:29.752 INFO:teuthology.orchestra.run.smithi121.stdout:/usr/bin/ceph: stderr
2024-04-14T15:36:28.779+0000 7fa6d90e7700 1 Processor -- start
2024-04-14T15:36:29.752 INFO:teuthology.orchestra.run.smithi121.stdout:/usr/bin/ceph: stderr
2024-04-14T15:36:28.779+0000 7fa6d90e7700 1 -- start start
2024-04-14T15:36:29.752 INFO:teuthology.orchestra.run.smithi121.stdout:/usr/bin/ceph: stderr
2024-04-14T15:36:28.779+0000 7fa6d90e7700 1 --2- >> [v2:172.21.15.121:3300/0,v1:172.21.15.121:6789/0] conn(0x7fa6d4106860 0x7fa6d4106c80 unknown :-1 s=NONE pgs=0 cs=0 l=0 rev1=0 crypto rx=0 tx=0 comp rx=0 tx=0).connect
2024-04-14T15:36:29.752 INFO:teuthology.orchestra.run.smithi121.stdout:/usr/bin/ceph: stderr
2024-04-14T15:36:28.779+0000 7fa6d90e7700 1 -- --> [v2:172.21.15.121:3300/0,v1:172.21.15.121:6789/0] -- mon_getmap magic: 0 -- 0x7fa6d4107250 con 0x7fa6d4106860
2024-04-14T15:36:29.752 INFO:teuthology.orchestra.run.smithi121.stdout:/usr/bin/ceph: stderr
2024-04-14T15:36:28.779+0000 7fa6d2d9d700 1 --2- >> [v2:172.21.15.121:3300/0,v1:172.21.15.121:6789/0] conn(0x7fa6d4106860 0x7fa6d4106c80 unknown :-1 s=BANNER_CONNECTING pgs=0 cs=0 l=0 rev1=0 crypto rx=0 tx=0 comp rx=0 tx=0)._handle_peer_banner_payload supported=3 required=0
2024-04-14T15:36:29.752 INFO:teuthology.orchestra.run.smithi121.stdout:/usr/bin/ceph: stderr
2024-04-14T15:36:28.779+0000 7fa6d2d9d700 1 --2- >> [v2:172.21.15.121:3300/0,v1:172.21.15.121:6789/0] conn(0x7fa6d4106860 0x7fa6d4106c80 unknown :-1 s=HELLO_CONNECTING pgs=0 cs=0 l=0 rev1=1 crypto rx=0 tx=0 comp rx=0 tx=0).handle_hello peer v2:172.21.15.121:3300/0 says I am v2:172.21.15.121:36220/0 (socket says 172.21.15.121:36220)
2024-04-14T15:36:29.752 INFO:teuthology.orchestra.run.smithi121.stdout:/usr/bin/ceph: stderr
2024-04-14T15:36:28.779+0000 7fa6d2d9d700 1 -- 172.21.15.121:0/3505983446 learned_addr learned my addr 172.21.15.121:0/3505983446 (peer_addr_for_me v2:172.21.15.121:0/0)
2024-04-14T15:36:29.752 INFO:teuthology.orchestra.run.smithi121.stdout:/usr/bin/ceph: stderr
2024-04-14T15:36:28.779+0000 7fa6d2d9d700 1 -- 172.21.15.121:0/3505983446 --> [v2:172.21.15.121:3300/0,v1:172.21.15.121:6789/0] -- mon_subscribe({config=0+,monmap=0+}) -- 0x7fa6d4107a10 con 0x7fa6d4106860
2024-04-14T15:36:29.753 INFO:teuthology.orchestra.run.smithi121.stdout:/usr/bin/ceph: stderr
2024-04-14T15:36:28.779+0000 7fa6d2d9d700 1 --2- 172.21.15.121:0/3505983446 >> [v2:172.21.15.121:3300/0,v1:172.21.15.121:6789/0] conn(0x7fa6d4106860 0x7fa6d4106c80 secure :-1 s=READY pgs=49 cs=0 l=1 rev1=1 crypto rx=0x7fa6c40098a0 tx=0x7fa6c4009bb0 comp rx=0 tx=0).ready entity=mon.0 client_cookie=2a5b0268508a98ce server_cookie=0 in_seq=0 out_seq=0
2024-04-14T15:36:29.753 INFO:teuthology.orchestra.run.smithi121.stdout:/usr/bin/ceph: stderr
2024-04-14T15:36:28.780+0000 7fa6d1d9b700 1 -- 172.21.15.121:0/3505983446 <== mon.0 v2:172.21.15.121:3300/0 1 ==== mon_map magic: 0 ==== 205+0+0 (secure 0 0 0) 0x7fa6c4004160 con 0x7fa6d4106860
2024-04-14T15:36:29.753 INFO:teuthology.orchestra.run.smithi121.stdout:/usr/bin/ceph: stderr
2024-04-14T15:36:28.780+0000 7fa6d1d9b700 1 -- 172.21.15.121:0/3505983446 <== mon.0 v2:172.21.15.121:3300/0 2 ==== config(24 keys) ==== 1011+0+0 (secure 0 0 0) 0x7fa6c4004300 con 0x7fa6d4106860
2024-04-14T15:36:29.753 INFO:teuthology.orchestra.run.smithi121.stdout:/usr/bin/ceph: stderr
2024-04-14T15:36:28.780+0000 7fa6d1d9b700 1 -- 172.21.15.121:0/3505983446 <== mon.0 v2:172.21.15.121:3300/0 3 ==== mon_map magic: 0 ==== 205+0+0 (secure 0 0 0) 0x7fa6c4011940 con 0x7fa6d4106860
2024-04-14T15:36:29.753 INFO:teuthology.orchestra.run.smithi121.stdout:/usr/bin/ceph: stderr
2024-04-14T15:36:28.780+0000 7fa6d90e7700 1 -- 172.21.15.121:0/3505983446 >> [v2:172.21.15.121:3300/0,v1:172.21.15.121:6789/0] conn(0x7fa6d4106860 msgr2=0x7fa6d4106c80 secure :-1 s=STATE_CONNECTION_ESTABLISHED l=1).mark_down
2024-04-14T15:36:29.753 INFO:teuthology.orchestra.run.smithi121.stdout:/usr/bin/ceph: stderr
2024-04-14T15:36:28.780+0000 7fa6d90e7700 1 --2- 172.21.15.121:0/3505983446 >> [v2:172.21.15.121:3300/0,v1:172.21.15.121:6789/0] conn(0x7fa6d4106860 0x7fa6d4106c80 secure :-1 s=READY pgs=49 cs=0 l=1 rev1=1 crypto rx=0x7fa6c40098a0 tx=0x7fa6c4009bb0 comp rx=0 tx=0).stop
2024-04-14T15:36:29.753 INFO:teuthology.orchestra.run.smithi121.stdout:/usr/bin/ceph: stderr
2024-04-14T15:36:28.780+0000 7fa6d90e7700 1 -- 172.21.15.121:0/3505983446 shutdown_connections
2024-04-14T15:36:29.753 INFO:teuthology.orchestra.run.smithi121.stdout:/usr/bin/ceph: stderr
2024-04-14T15:36:28.780+0000 7fa6d90e7700 1 --2- 172.21.15.121:0/3505983446 >> [v2:172.21.15.121:3300/0,v1:172.21.15.121:6789/0] conn(0x7fa6d4106860 0x7fa6d4106c80 unknown :-1 s=CLOSED pgs=49 cs=0 l=1 rev1=1 crypto rx=0 tx=0 comp rx=0 tx=0).stop
2024-04-14T15:36:29.753 INFO:teuthology.orchestra.run.smithi121.stdout:/usr/bin/ceph: stderr
2024-04-14T15:36:28.780+0000 7fa6d90e7700 1 -- 172.21.15.121:0/3505983446 >> 172.21.15.121:0/3505983446 conn(0x7fa6d4101e20 msgr2=0x7fa6d4104240 unknown :-1 s=STATE_NONE l=0).mark_down
2024-04-14T15:36:29.753 INFO:teuthology.orchestra.run.smithi121.stdout:/usr/bin/ceph: stderr
2024-04-14T15:36:28.780+0000 7fa6d90e7700 1 -- 172.21.15.121:0/3505983446 shutdown_connections
2024-04-14T15:36:29.753 INFO:teuthology.orchestra.run.smithi121.stdout:/usr/bin/ceph: stderr
2024-04-14T15:36:28.780+0000 7fa6d90e7700 1 -- 172.21.15.121:0/3505983446 wait complete.
2024-04-14T15:36:29.753 INFO:teuthology.orchestra.run.smithi121.stdout:/usr/bin/ceph: stderr
2024-04-14T15:36:28.781+0000 7fa6d90e7700 1 Processor -- start
2024-04-14T15:36:29.753 INFO:teuthology.orchestra.run.smithi121.stdout:/usr/bin/ceph: stderr
2024-04-14T15:36:28.781+0000 7fa6d90e7700 1 -- start start
2024-04-14T15:36:29.753 INFO:teuthology.orchestra.run.smithi121.stdout:/usr/bin/ceph: stderr
2024-04-14T15:36:28.781+0000 7fa6d90e7700 1 --2- >> [v2:172.21.15.121:3300/0,v1:172.21.15.121:6789/0] conn(0x7fa6d4106860 0x7fa6d419a720 unknown :-1 s=NONE pgs=0 cs=0 l=1 rev1=0 crypto rx=0 tx=0 comp rx=0 tx=0).connect
2024-04-14T15:36:29.754 INFO:teuthology.orchestra.run.smithi121.stdout:/usr/bin/ceph: stderr
2024-04-14T15:36:28.781+0000 7fa6d90e7700 1 -- --> [v2:172.21.15.121:3300/0,v1:172.21.15.121:6789/0] -- mon_getmap magic: 0 -- 0x7fa6d410ac40 con 0x7fa6d4106860
2024-04-14T15:36:29.754 INFO:teuthology.orchestra.run.smithi121.stdout:/usr/bin/ceph: stderr
2024-04-14T15:36:28.781+0000 7fa6d2d9d700 1 --2- >> [v2:172.21.15.121:3300/0,v1:172.21.15.121:6789/0] conn(0x7fa6d4106860 0x7fa6d419a720 unknown :-1 s=BANNER_CONNECTING pgs=0 cs=0 l=1 rev1=0 crypto rx=0 tx=0 comp rx=0 tx=0)._handle_peer_banner_payload supported=3 required=0
2024-04-14T15:36:29.754 INFO:teuthology.orchestra.run.smithi121.stdout:/usr/bin/ceph: stderr
2024-04-14T15:36:28.781+0000 7fa6d2d9d700 1 --2- >> [v2:172.21.15.121:3300/0,v1:172.21.15.121:6789/0] conn(0x7fa6d4106860 0x7fa6d419a720 unknown :-1 s=HELLO_CONNECTING pgs=0 cs=0 l=1 rev1=1 crypto rx=0 tx=0 comp rx=0 tx=0).handle_hello peer v2:172.21.15.121:3300/0 says I am v2:172.21.15.121:36228/0 (socket says 172.21.15.121:36228)
2024-04-14T15:36:29.754 INFO:teuthology.orchestra.run.smithi121.stdout:/usr/bin/ceph: stderr
2024-04-14T15:36:28.781+0000 7fa6d2d9d700 1 -- 172.21.15.121:0/4276075984 learned_addr learned my addr 172.21.15.121:0/4276075984 (peer_addr_for_me v2:172.21.15.121:0/0)
2024-04-14T15:36:29.754 INFO:teuthology.orchestra.run.smithi121.stdout:/usr/bin/ceph: stderr
2024-04-14T15:36:28.782+0000 7fa6d2d9d700 1 -- 172.21.15.121:0/4276075984 --> [v2:172.21.15.121:3300/0,v1:172.21.15.121:6789/0] -- mon_subscribe({config=0+,monmap=0+}) -- 0x7fa6d419ac60 con 0x7fa6d4106860
2024-04-14T15:36:29.754 INFO:teuthology.orchestra.run.smithi121.stdout:/usr/bin/ceph: stderr
2024-04-14T15:36:28.782+0000 7fa6d2d9d700 1 --2- 172.21.15.121:0/4276075984 >> [v2:172.21.15.121:3300/0,v1:172.21.15.121:6789/0] conn(0x7fa6d4106860 0x7fa6d419a720 secure :-1 s=READY pgs=50 cs=0 l=1 rev1=1 crypto rx=0x7fa6c4003e40 tx=0x7fa6c40119c0 comp rx=0 tx=0).ready entity=mon.0 client_cookie=0 server_cookie=0 in_seq=0 out_seq=0
2024-04-14T15:36:29.754 INFO:teuthology.orchestra.run.smithi121.stdout:/usr/bin/ceph: stderr
2024-04-14T15:36:28.782+0000 7fa6bbfff700 1 -- 172.21.15.121:0/4276075984 <== mon.0 v2:172.21.15.121:3300/0 1 ==== mon_map magic: 0 ==== 205+0+0 (secure 0 0 0) 0x7fa6c401a430 con 0x7fa6d4106860
2024-04-14T15:36:29.754 INFO:teuthology.orchestra.run.smithi121.stdout:/usr/bin/ceph: stderr
2024-04-14T15:36:28.782+0000 7fa6bbfff700 1 -- 172.21.15.121:0/4276075984 <== mon.0 v2:172.21.15.121:3300/0 2 ==== config(24 keys) ==== 1011+0+0 (secure 0 0 0) 0x7fa6c401aa30 con 0x7fa6d4106860
2024-04-14T15:36:29.754 INFO:teuthology.orchestra.run.smithi121.stdout:/usr/bin/ceph: stderr
2024-04-14T15:36:28.782+0000 7fa6d90e7700 1 -- 172.21.15.121:0/4276075984 --> [v2:172.21.15.121:3300/0,v1:172.21.15.121:6789/0] -- mon_subscribe({mgrmap=0+}) -- 0x7fa6d419aef0 con 0x7fa6d4106860
2024-04-14T15:36:29.755 INFO:teuthology.orchestra.run.smithi121.stdout:/usr/bin/ceph: stderr
2024-04-14T15:36:28.782+0000 7fa6bbfff700 1 -- 172.21.15.121:0/4276075984 <== mon.0 v2:172.21.15.121:3300/0 3 ==== mon_map magic: 0 ==== 205+0+0 (secure 0 0 0) 0x7fa6c4024960 con 0x7fa6d4106860
2024-04-14T15:36:29.755 INFO:teuthology.orchestra.run.smithi121.stdout:/usr/bin/ceph: stderr
2024-04-14T15:36:28.782+0000 7fa6d90e7700 1 -- 172.21.15.121:0/4276075984 --> [v2:172.21.15.121:3300/0,v1:172.21.15.121:6789/0] -- mon_subscribe({osdmap=0}) -- 0x7fa6d419dbe0 con 0x7fa6d4106860
2024-04-14T15:36:29.755 INFO:teuthology.orchestra.run.smithi121.stdout:/usr/bin/ceph: stderr
2024-04-14T15:36:28.783+0000 7fa6bbfff700 1 -- 172.21.15.121:0/4276075984 <== mon.0 v2:172.21.15.121:3300/0 4 ==== mgrmap(e 8) ==== 46558+0+0 (secure 0 0 0) 0x7fa6c4022020 con 0x7fa6d4106860
2024-04-14T15:36:29.755 INFO:teuthology.orchestra.run.smithi121.stdout:/usr/bin/ceph: stderr
2024-04-14T15:36:28.783+0000 7fa6bbfff700 1 --2- 172.21.15.121:0/4276075984 >> [v2:172.21.15.121:6800/1968068090,v1:172.21.15.121:6801/1968068090] conn(0x7fa6bc0395b0 0x7fa6bc03ba70 unknown :-1 s=NONE pgs=0 cs=0 l=1 rev1=0 crypto rx=0 tx=0 comp rx=0 tx=0).connect
2024-04-14T15:36:29.755 INFO:teuthology.orchestra.run.smithi121.stdout:/usr/bin/ceph: stderr
2024-04-14T15:36:28.783+0000 7fa6bbfff700 1 -- 172.21.15.121:0/4276075984 <== mon.0 v2:172.21.15.121:3300/0 5 ==== osd_map(2..2 src has 1..2) ==== 940+0+0 (secure 0 0 0) 0x7fa6c404e950 con 0x7fa6d4106860
2024-04-14T15:36:29.755 INFO:teuthology.orchestra.run.smithi121.stdout:/usr/bin/ceph: stderr
2024-04-14T15:36:28.783+0000 7fa6d259c700 1 --2- 172.21.15.121:0/4276075984 >> [v2:172.21.15.121:6800/1968068090,v1:172.21.15.121:6801/1968068090] conn(0x7fa6bc0395b0 0x7fa6bc03ba70 unknown :-1 s=BANNER_CONNECTING pgs=0 cs=0 l=1 rev1=0 crypto rx=0 tx=0 comp rx=0 tx=0)._handle_peer_banner_payload supported=3 required=0
2024-04-14T15:36:29.755 INFO:teuthology.orchestra.run.smithi121.stdout:/usr/bin/ceph: stderr
2024-04-14T15:36:28.783+0000 7fa6d90e7700 1 -- 172.21.15.121:0/4276075984 --> [v2:172.21.15.121:3300/0,v1:172.21.15.121:6789/0] -- mon_command({"prefix": "get_command_descriptions"} v 0) -- 0x7fa6d410adc0 con 0x7fa6d4106860
2024-04-14T15:36:29.755 INFO:teuthology.orchestra.run.smithi121.stdout:/usr/bin/ceph: stderr
2024-04-14T15:36:28.783+0000 7fa6d259c700 1 --2- 172.21.15.121:0/4276075984 >> [v2:172.21.15.121:6800/1968068090,v1:172.21.15.121:6801/1968068090] conn(0x7fa6bc0395b0 0x7fa6bc03ba70 secure :-1 s=READY pgs=13 cs=0 l=1 rev1=1 crypto rx=0x7fa6c8006fd0 tx=0x7fa6c8006e40 comp rx=0 tx=0).ready entity=mgr.14120 client_cookie=0 server_cookie=0 in_seq=0 out_seq=0
2024-04-14T15:36:29.755 INFO:teuthology.orchestra.run.smithi121.stdout:/usr/bin/ceph: stderr
2024-04-14T15:36:28.790+0000 7fa6bbfff700 1 -- 172.21.15.121:0/4276075984 <== mon.0 v2:172.21.15.121:3300/0 6 ==== mon_command_ack([{"prefix": "get_command_descriptions"}]=0 v0) ==== 72+0+188297 (secure 0 0 0) 0x7fa6c401abe0 con 0x7fa6d4106860
2024-04-14T15:36:29.755 INFO:teuthology.orchestra.run.smithi121.stdout:/usr/bin/ceph: stderr
2024-04-14T15:36:29.013+0000 7fa6d90e7700 1 -- 172.21.15.121:0/4276075984 --> [v2:172.21.15.121:6800/1968068090,v1:172.21.15.121:6801/1968068090] -- mgr_command(tid 0: {"prefix": "orch apply", "service_type": "mgr", "unmanaged": true, "target": ["mon-mgr", ""]}) -- 0x7fa6d41030e0 con 0x7fa6bc0395b0
2024-04-14T15:36:29.755 INFO:teuthology.orchestra.run.smithi121.stdout:/usr/bin/ceph: stderr
2024-04-14T15:36:29.018+0000 7fa6bbfff700 1 -- 172.21.15.121:0/4276075984 <== mgr.14120 v2:172.21.15.121:6800/1968068090 1 ==== mgr_command_reply(tid 0: 0 ) ==== 8+0+24 (secure 0 0 0) 0x7fa6d41030e0 con 0x7fa6bc0395b0
2024-04-14T15:36:29.755 INFO:teuthology.orchestra.run.smithi121.stdout:/usr/bin/ceph: stderr
2024-04-14T15:36:29.020+0000 7fa6d90e7700 1 -- 172.21.15.121:0/4276075984 >> [v2:172.21.15.121:6800/1968068090,v1:172.21.15.121:6801/1968068090] conn(0x7fa6bc0395b0 msgr2=0x7fa6bc03ba70 secure :-1 s=STATE_CONNECTION_ESTABLISHED l=1).mark_down
2024-04-14T15:36:29.756 INFO:teuthology.orchestra.run.smithi121.stdout:/usr/bin/ceph: stderr
2024-04-14T15:36:29.020+0000 7fa6d90e7700 1 --2- 172.21.15.121:0/4276075984 >> [v2:172.21.15.121:6800/1968068090,v1:172.21.15.121:6801/1968068090] conn(0x7fa6bc0395b0 0x7fa6bc03ba70 secure :-1 s=READY pgs=13 cs=0 l=1 rev1=1 crypto rx=0x7fa6c8006fd0 tx=0x7fa6c8006e40 comp rx=0 tx=0).stop
2024-04-14T15:36:29.756 INFO:teuthology.orchestra.run.smithi121.stdout:/usr/bin/ceph: stderr
2024-04-14T15:36:29.020+0000 7fa6d90e7700 1 -- 172.21.15.121:0/4276075984 >> [v2:172.21.15.121:3300/0,v1:172.21.15.121:6789/0] conn(0x7fa6d4106860 msgr2=0x7fa6d419a720 secure :-1 s=STATE_CONNECTION_ESTABLISHED l=1).mark_down
2024-04-14T15:36:29.756 INFO:teuthology.orchestra.run.smithi121.stdout:/usr/bin/ceph: stderr
2024-04-14T15:36:29.020+0000 7fa6d90e7700 1 --2- 172.21.15.121:0/4276075984 >> [v2:172.21.15.121:3300/0,v1:172.21.15.121:6789/0] conn(0x7fa6d4106860 0x7fa6d419a720 secure :-1 s=READY pgs=50 cs=0 l=1 rev1=1 crypto rx=0x7fa6c4003e40 tx=0x7fa6c40119c0 comp rx=0 tx=0).stop
2024-04-14T15:36:29.756 INFO:teuthology.orchestra.run.smithi121.stdout:/usr/bin/ceph: stderr
2024-04-14T15:36:29.020+0000 7fa6d90e7700 1 -- 172.21.15.121:0/4276075984 shutdown_connections
2024-04-14T15:36:29.756 INFO:teuthology.orchestra.run.smithi121.stdout:/usr/bin/ceph: stderr
2024-04-14T15:36:29.020+0000 7fa6d90e7700 1 --2- 172.21.15.121:0/4276075984 >> [v2:172.21.15.121:6800/1968068090,v1:172.21.15.121:6801/1968068090] conn(0x7fa6bc0395b0 0x7fa6bc03ba70 unknown :-1 s=CLOSED pgs=13 cs=0 l=1 rev1=1 crypto rx=0 tx=0 comp rx=0 tx=0).stop
2024-04-14T15:36:29.756 INFO:teuthology.orchestra.run.smithi121.stdout:/usr/bin/ceph: stderr
2024-04-14T15:36:29.020+0000 7fa6d90e7700 1 --2- 172.21.15.121:0/4276075984 >> [v2:172.21.15.121:3300/0,v1:172.21.15.121:6789/0] conn(0x7fa6d4106860 0x7fa6d419a720 unknown :-1 s=CLOSED pgs=50 cs=0 l=1 rev1=1 crypto rx=0 tx=0 comp rx=0 tx=0).stop
2024-04-14T15:36:29.756 INFO:teuthology.orchestra.run.smithi121.stdout:/usr/bin/ceph: stderr
2024-04-14T15:36:29.020+0000 7fa6d90e7700 1 -- 172.21.15.121:0/4276075984 >> 172.21.15.121:0/4276075984 conn(0x7fa6d4101e20 msgr2=0x7fa6d41029d0 unknown :-1 s=STATE_NONE l=0).mark_down
2024-04-14T15:36:29.756 INFO:teuthology.orchestra.run.smithi121.stdout:/usr/bin/ceph: stderr
2024-04-14T15:36:29.020+0000 7fa6d90e7700 1 -- 172.21.15.121:0/4276075984 shutdown_connections
2024-04-14T15:36:29.756 INFO:teuthology.orchestra.run.smithi121.stdout:/usr/bin/ceph: stderr
2024-04-14T15:36:29.020+0000 7fa6d90e7700 1 -- 172.21.15.121:0/4276075984 wait complete.
2024-04-14T15:36:30.270 INFO:journalctl@ceph.mon.a.smithi121.stdout:Apr 14 15:36:30 smithi121 ceph-mon[29686]: from='client.14144 -' entity='client.admin' cmd=[{"prefix": "orch apply", "service_type": "mgr", "unmanaged": true, "target": ["mon-mgr", ""]}]: dispatch
2024-04-14T15:36:30.271 INFO:journalctl@ceph.mon.a.smithi121.stdout:Apr 14 15:36:30 smithi121 ceph-mon[29686]: Saving service mgr spec with placement count:2
2024-04-14T15:36:30.271 INFO:journalctl@ceph.mon.a.smithi121.stdout:Apr 14 15:36:30 smithi121 ceph-mon[29686]: from='mgr.14120 172.21.15.121:0/2390161124' entity='mgr.y'
2024-04-14T15:36:31.298 INFO:teuthology.orchestra.run.smithi121.stdout:/usr/bin/ceph: stderr
2024-04-14T15:36:30.357+0000 7f015d2a5700 1 Processor -- start
2024-04-14T15:36:31.304 INFO:teuthology.orchestra.run.smithi121.stdout:/usr/bin/ceph: stderr
2024-04-14T15:36:30.357+0000 7f015d2a5700 1 -- start start
2024-04-14T15:36:31.304 INFO:teuthology.orchestra.run.smithi121.stdout:/usr/bin/ceph: stderr
2024-04-14T15:36:30.358+0000 7f015d2a5700 1 --2- >> [v2:172.21.15.121:3300/0,v1:172.21.15.121:6789/0] conn(0x7f0158106800 0x7f0158106c20 unknown :-1 s=NONE pgs=0 cs=0 l=0 rev1=0 crypto rx=0 tx=0 comp rx=0 tx=0).connect
2024-04-14T15:36:31.304 INFO:teuthology.orchestra.run.smithi121.stdout:/usr/bin/ceph: stderr
2024-04-14T15:36:30.358+0000 7f015d2a5700 1 -- --> [v2:172.21.15.121:3300/0,v1:172.21.15.121:6789/0] -- mon_getmap magic: 0 -- 0x7f01581071f0 con 0x7f0158106800
2024-04-14T15:36:31.304 INFO:teuthology.orchestra.run.smithi121.stdout:/usr/bin/ceph: stderr
2024-04-14T15:36:30.358+0000 7f0156ffd700 1 --2- >> [v2:172.21.15.121:3300/0,v1:172.21.15.121:6789/0] conn(0x7f0158106800 0x7f0158106c20 unknown :-1 s=BANNER_CONNECTING pgs=0 cs=0 l=0 rev1=0 crypto rx=0 tx=0 comp rx=0 tx=0)._handle_peer_banner_payload supported=3 required=0
2024-04-14T15:36:31.304 INFO:teuthology.orchestra.run.smithi121.stdout:/usr/bin/ceph: stderr
2024-04-14T15:36:30.358+0000 7f0156ffd700 1 --2- >> [v2:172.21.15.121:3300/0,v1:172.21.15.121:6789/0] conn(0x7f0158106800 0x7f0158106c20 unknown :-1 s=HELLO_CONNECTING pgs=0 cs=0 l=0 rev1=1 crypto rx=0 tx=0 comp rx=0 tx=0).handle_hello peer v2:172.21.15.121:3300/0 says I am v2:172.21.15.121:36238/0 (socket says 172.21.15.121:36238)
2024-04-14T15:36:31.304 INFO:teuthology.orchestra.run.smithi121.stdout:/usr/bin/ceph: stderr
2024-04-14T15:36:30.358+0000 7f0156ffd700 1 -- 172.21.15.121:0/3572684157 learned_addr learned my addr 172.21.15.121:0/3572684157 (peer_addr_for_me v2:172.21.15.121:0/0)
2024-04-14T15:36:31.304 INFO:teuthology.orchestra.run.smithi121.stdout:/usr/bin/ceph: stderr
2024-04-14T15:36:30.358+0000 7f0156ffd700 1 -- 172.21.15.121:0/3572684157 --> [v2:172.21.15.121:3300/0,v1:172.21.15.121:6789/0] -- mon_subscribe({config=0+,monmap=0+}) -- 0x7f0158107a00 con 0x7f0158106800
2024-04-14T15:36:31.304 INFO:teuthology.orchestra.run.smithi121.stdout:/usr/bin/ceph: stderr
2024-04-14T15:36:30.358+0000 7f0156ffd700 1 --2- 172.21.15.121:0/3572684157 >> [v2:172.21.15.121:3300/0,v1:172.21.15.121:6789/0] conn(0x7f0158106800 0x7f0158106c20 secure :-1 s=READY pgs=51 cs=0 l=1 rev1=1 crypto rx=0x7f01480098a0 tx=0x7f0148009bb0 comp rx=0 tx=0).ready entity=mon.0 client_cookie=35024e030096cf8a server_cookie=0 in_seq=0 out_seq=0
2024-04-14T15:36:31.304 INFO:teuthology.orchestra.run.smithi121.stdout:/usr/bin/ceph: stderr
2024-04-14T15:36:30.358+0000 7f0155ffb700 1 -- 172.21.15.121:0/3572684157 <== mon.0 v2:172.21.15.121:3300/0 1 ==== mon_map magic: 0 ==== 205+0+0 (secure 0 0 0) 0x7f0148004160 con 0x7f0158106800
2024-04-14T15:36:31.304 INFO:teuthology.orchestra.run.smithi121.stdout:/usr/bin/ceph: stderr
2024-04-14T15:36:30.358+0000 7f0155ffb700 1 -- 172.21.15.121:0/3572684157 <== mon.0 v2:172.21.15.121:3300/0 2 ==== config(24 keys) ==== 1011+0+0 (secure 0 0 0) 0x7f0148004300 con 0x7f0158106800
2024-04-14T15:36:31.304 INFO:teuthology.orchestra.run.smithi121.stdout:/usr/bin/ceph: stderr
2024-04-14T15:36:30.358+0000 7f0155ffb700 1 -- 172.21.15.121:0/3572684157 <== mon.0 v2:172.21.15.121:3300/0 3 ==== mon_map magic: 0 ==== 205+0+0 (secure 0 0 0) 0x7f0148011940 con 0x7f0158106800
2024-04-14T15:36:31.305 INFO:teuthology.orchestra.run.smithi121.stdout:/usr/bin/ceph: stderr
2024-04-14T15:36:30.359+0000 7f015d2a5700 1 -- 172.21.15.121:0/3572684157 >> [v2:172.21.15.121:3300/0,v1:172.21.15.121:6789/0] conn(0x7f0158106800 msgr2=0x7f0158106c20 secure :-1 s=STATE_CONNECTION_ESTABLISHED l=1).mark_down
2024-04-14T15:36:31.305 INFO:teuthology.orchestra.run.smithi121.stdout:/usr/bin/ceph: stderr
2024-04-14T15:36:30.359+0000 7f015d2a5700 1 --2- 172.21.15.121:0/3572684157 >> [v2:172.21.15.121:3300/0,v1:172.21.15.121:6789/0] conn(0x7f0158106800 0x7f0158106c20 secure :-1 s=READY pgs=51 cs=0 l=1 rev1=1 crypto rx=0x7f01480098a0 tx=0x7f0148009bb0 comp rx=0 tx=0).stop
2024-04-14T15:36:31.305 INFO:teuthology.orchestra.run.smithi121.stdout:/usr/bin/ceph: stderr
2024-04-14T15:36:30.359+0000 7f015d2a5700 1 -- 172.21.15.121:0/3572684157 shutdown_connections
2024-04-14T15:36:31.305 INFO:teuthology.orchestra.run.smithi121.stdout:/usr/bin/ceph: stderr
2024-04-14T15:36:30.359+0000 7f015d2a5700 1 --2- 172.21.15.121:0/3572684157 >> [v2:172.21.15.121:3300/0,v1:172.21.15.121:6789/0] conn(0x7f0158106800 0x7f0158106c20 unknown :-1 s=CLOSED pgs=51 cs=0 l=1 rev1=1 crypto rx=0 tx=0 comp rx=0 tx=0).stop
2024-04-14T15:36:31.305 INFO:teuthology.orchestra.run.smithi121.stdout:/usr/bin/ceph: stderr
2024-04-14T15:36:30.359+0000 7f015d2a5700 1 -- 172.21.15.121:0/3572684157 >> 172.21.15.121:0/3572684157 conn(0x7f0158101de0 msgr2=0x7f0158104200 unknown :-1 s=STATE_NONE l=0).mark_down
2024-04-14T15:36:31.305 INFO:teuthology.orchestra.run.smithi121.stdout:/usr/bin/ceph: stderr
2024-04-14T15:36:30.359+0000 7f015d2a5700 1 -- 172.21.15.121:0/3572684157 shutdown_connections
2024-04-14T15:36:31.305 INFO:teuthology.orchestra.run.smithi121.stdout:/usr/bin/ceph: stderr
2024-04-14T15:36:30.359+0000 7f015d2a5700 1 -- 172.21.15.121:0/3572684157 wait complete.
2024-04-14T15:36:31.305 INFO:teuthology.orchestra.run.smithi121.stdout:/usr/bin/ceph: stderr
2024-04-14T15:36:30.360+0000 7f015d2a5700 1 Processor -- start
2024-04-14T15:36:31.305 INFO:teuthology.orchestra.run.smithi121.stdout:/usr/bin/ceph: stderr
2024-04-14T15:36:30.360+0000 7f015d2a5700 1 -- start start
2024-04-14T15:36:31.305 INFO:teuthology.orchestra.run.smithi121.stdout:/usr/bin/ceph: stderr
2024-04-14T15:36:30.360+0000 7f015d2a5700 1 --2- >> [v2:172.21.15.121:3300/0,v1:172.21.15.121:6789/0] conn(0x7f0158106800 0x7f015807c3f0 unknown :-1 s=NONE pgs=0 cs=0 l=1 rev1=0 crypto rx=0 tx=0 comp rx=0 tx=0).connect
2024-04-14T15:36:31.305 INFO:teuthology.orchestra.run.smithi121.stdout:/usr/bin/ceph: stderr
2024-04-14T15:36:30.360+0000 7f015d2a5700 1 -- --> [v2:172.21.15.121:3300/0,v1:172.21.15.121:6789/0] -- mon_getmap magic: 0 -- 0x7f015810ac30 con 0x7f0158106800
2024-04-14T15:36:31.305 INFO:teuthology.orchestra.run.smithi121.stdout:/usr/bin/ceph: stderr
2024-04-14T15:36:30.360+0000 7f0156ffd700 1 --2- >> [v2:172.21.15.121:3300/0,v1:172.21.15.121:6789/0] conn(0x7f0158106800 0x7f015807c3f0 unknown :-1 s=BANNER_CONNECTING pgs=0 cs=0 l=1 rev1=0 crypto rx=0 tx=0 comp rx=0 tx=0)._handle_peer_banner_payload supported=3 required=0
2024-04-14T15:36:31.305 INFO:teuthology.orchestra.run.smithi121.stdout:/usr/bin/ceph: stderr
2024-04-14T15:36:30.360+0000 7f0156ffd700 1 --2- >> [v2:172.21.15.121:3300/0,v1:172.21.15.121:6789/0] conn(0x7f0158106800 0x7f015807c3f0 unknown :-1 s=HELLO_CONNECTING pgs=0 cs=0 l=1 rev1=1 crypto rx=0 tx=0 comp rx=0 tx=0).handle_hello peer v2:172.21.15.121:3300/0 says I am v2:172.21.15.121:36242/0 (socket says 172.21.15.121:36242)
2024-04-14T15:36:31.305 INFO:teuthology.orchestra.run.smithi121.stdout:/usr/bin/ceph: stderr
2024-04-14T15:36:30.360+0000 7f0156ffd700 1 -- 172.21.15.121:0/3282760304 learned_addr learned my addr 172.21.15.121:0/3282760304 (peer_addr_for_me v2:172.21.15.121:0/0)
2024-04-14T15:36:31.306 INFO:teuthology.orchestra.run.smithi121.stdout:/usr/bin/ceph: stderr
2024-04-14T15:36:30.360+0000 7f0156ffd700 1 -- 172.21.15.121:0/3282760304 --> [v2:172.21.15.121:3300/0,v1:172.21.15.121:6789/0] -- mon_subscribe({config=0+,monmap=0+}) -- 0x7f015807c930 con 0x7f0158106800
2024-04-14T15:36:31.306 INFO:teuthology.orchestra.run.smithi121.stdout:/usr/bin/ceph: stderr
2024-04-14T15:36:30.360+0000 7f0156ffd700 1 --2- 172.21.15.121:0/3282760304 >> [v2:172.21.15.121:3300/0,v1:172.21.15.121:6789/0] conn(0x7f0158106800 0x7f015807c3f0 secure :-1 s=READY pgs=52 cs=0 l=1 rev1=1 crypto rx=0x7f0148003e40 tx=0x7f01480119c0 comp rx=0 tx=0).ready entity=mon.0 client_cookie=0 server_cookie=0 in_seq=0 out_seq=0
2024-04-14T15:36:31.306 INFO:teuthology.orchestra.run.smithi121.stdout:/usr/bin/ceph: stderr
2024-04-14T15:36:30.360+0000 7f013ffff700 1 -- 172.21.15.121:0/3282760304 <== mon.0 v2:172.21.15.121:3300/0 1 ==== mon_map magic: 0 ==== 205+0+0 (secure 0 0 0) 0x7f014801a430 con 0x7f0158106800
2024-04-14T15:36:31.306 INFO:teuthology.orchestra.run.smithi121.stdout:/usr/bin/ceph: stderr
2024-04-14T15:36:30.361+0000 7f013ffff700 1 -- 172.21.15.121:0/3282760304 <== mon.0 v2:172.21.15.121:3300/0 2 ==== config(24 keys) ==== 1011+0+0 (secure 0 0 0) 0x7f014801aa30 con 0x7f0158106800
2024-04-14T15:36:31.306 INFO:teuthology.orchestra.run.smithi121.stdout:/usr/bin/ceph: stderr
2024-04-14T15:36:30.361+0000 7f015d2a5700 1 -- 172.21.15.121:0/3282760304 --> [v2:172.21.15.121:3300/0,v1:172.21.15.121:6789/0] -- mon_subscribe({mgrmap=0+}) -- 0x7f015807ab20 con 0x7f0158106800
2024-04-14T15:36:31.306 INFO:teuthology.orchestra.run.smithi121.stdout:/usr/bin/ceph: stderr
2024-04-14T15:36:30.361+0000 7f013ffff700 1 -- 172.21.15.121:0/3282760304 <== mon.0 v2:172.21.15.121:3300/0 3 ==== mon_map magic: 0 ==== 205+0+0 (secure 0 0 0) 0x7f0148024960 con 0x7f0158106800
2024-04-14T15:36:31.306 INFO:teuthology.orchestra.run.smithi121.stdout:/usr/bin/ceph: stderr
2024-04-14T15:36:30.361+0000 7f015d2a5700 1 -- 172.21.15.121:0/3282760304 --> [v2:172.21.15.121:3300/0,v1:172.21.15.121:6789/0] -- mon_subscribe({osdmap=0}) -- 0x7f015807b060 con 0x7f0158106800
2024-04-14T15:36:31.306 INFO:teuthology.orchestra.run.smithi121.stdout:/usr/bin/ceph: stderr
2024-04-14T15:36:30.361+0000 7f013ffff700 1 -- 172.21.15.121:0/3282760304 <== mon.0 v2:172.21.15.121:3300/0 4 ==== mgrmap(e 8) ==== 46558+0+0 (secure 0 0 0) 0x7f0148022020 con 0x7f0158106800
2024-04-14T15:36:31.306 INFO:teuthology.orchestra.run.smithi121.stdout:/usr/bin/ceph: stderr
2024-04-14T15:36:30.361+0000 7f015d2a5700 1 -- 172.21.15.121:0/3282760304 --> [v2:172.21.15.121:3300/0,v1:172.21.15.121:6789/0] -- mon_command({"prefix": "get_command_descriptions"} v 0) -- 0x7f015810adb0 con 0x7f0158106800
2024-04-14T15:36:31.306 INFO:teuthology.orchestra.run.smithi121.stdout:/usr/bin/ceph: stderr
2024-04-14T15:36:30.362+0000 7f013ffff700 1 --2- 172.21.15.121:0/3282760304 >> [v2:172.21.15.121:6800/1968068090,v1:172.21.15.121:6801/1968068090] conn(0x7f0140039560 0x7f014003ba20 unknown :-1 s=NONE pgs=0 cs=0 l=1 rev1=0 crypto rx=0 tx=0 comp rx=0 tx=0).connect
2024-04-14T15:36:31.306 INFO:teuthology.orchestra.run.smithi121.stdout:/usr/bin/ceph: stderr
2024-04-14T15:36:30.362+0000 7f013ffff700 1 -- 172.21.15.121:0/3282760304 <== mon.0 v2:172.21.15.121:3300/0 5 ==== osd_map(2..2 src has 1..2) ==== 940+0+0 (secure 0 0 0) 0x7f014804e0b0 con 0x7f0158106800
2024-04-14T15:36:31.306 INFO:teuthology.orchestra.run.smithi121.stdout:/usr/bin/ceph: stderr
2024-04-14T15:36:30.362+0000 7f01567fc700 1 --2- 172.21.15.121:0/3282760304 >> [v2:172.21.15.121:6800/1968068090,v1:172.21.15.121:6801/1968068090] conn(0x7f0140039560 0x7f014003ba20 unknown :-1 s=BANNER_CONNECTING pgs=0 cs=0 l=1 rev1=0 crypto rx=0 tx=0 comp rx=0 tx=0)._handle_peer_banner_payload supported=3 required=0
2024-04-14T15:36:31.306 INFO:teuthology.orchestra.run.smithi121.stdout:/usr/bin/ceph: stderr
2024-04-14T15:36:30.362+0000 7f01567fc700 1 --2- 172.21.15.121:0/3282760304 >> [v2:172.21.15.121:6800/1968068090,v1:172.21.15.121:6801/1968068090] conn(0x7f0140039560 0x7f014003ba20 secure :-1 s=READY pgs=14 cs=0 l=1 rev1=1 crypto rx=0x7f014c006fd0 tx=0x7f014c006e40 comp rx=0 tx=0).ready entity=mgr.14120 client_cookie=0 server_cookie=0 in_seq=0 out_seq=0
2024-04-14T15:36:31.307 INFO:teuthology.orchestra.run.smithi121.stdout:/usr/bin/ceph: stderr
2024-04-14T15:36:30.366+0000 7f013ffff700 1 -- 172.21.15.121:0/3282760304 <== mon.0 v2:172.21.15.121:3300/0 6 ==== mon_command_ack([{"prefix": "get_command_descriptions"}]=0 v0) ==== 72+0+188297 (secure 0 0 0) 0x7f014800b3e0 con 0x7f0158106800
2024-04-14T15:36:31.307 INFO:teuthology.orchestra.run.smithi121.stdout:/usr/bin/ceph: stderr
2024-04-14T15:36:30.567+0000 7f015d2a5700 1 -- 172.21.15.121:0/3282760304 --> [v2:172.21.15.121:3300/0,v1:172.21.15.121:6789/0] -- mon_command([{prefix=config set, name=mgr/cephadm/container_init}] v 0) -- 0x7f0158064110 con 0x7f0158106800
2024-04-14T15:36:31.307 INFO:teuthology.orchestra.run.smithi121.stdout:/usr/bin/ceph: stderr
