2024-04-14T15:36:30.569+0000 7f013ffff700 1 -- 172.21.15.121:0/3282760304 <== mon.0 v2:172.21.15.121:3300/0 7 ==== mon_command_ack([{prefix=config set, name=mgr/cephadm/container_init}]=0 v6)=0 v6) ==== 142+0+0 (secure 0 0 0) 0x7f0148004300 con 0x7f0158106800
2024-04-14T15:36:31.307 INFO:teuthology.orchestra.run.smithi121.stdout:/usr/bin/ceph: stderr
2024-04-14T15:36:30.572+0000 7f015d2a5700 1 -- 172.21.15.121:0/3282760304 >> [v2:172.21.15.121:6800/1968068090,v1:172.21.15.121:6801/1968068090] conn(0x7f0140039560 msgr2=0x7f014003ba20 secure :-1 s=STATE_CONNECTION_ESTABLISHED l=1).mark_down
2024-04-14T15:36:31.307 INFO:teuthology.orchestra.run.smithi121.stdout:/usr/bin/ceph: stderr
2024-04-14T15:36:30.572+0000 7f015d2a5700 1 --2- 172.21.15.121:0/3282760304 >> [v2:172.21.15.121:6800/1968068090,v1:172.21.15.121:6801/1968068090] conn(0x7f0140039560 0x7f014003ba20 secure :-1 s=READY pgs=14 cs=0 l=1 rev1=1 crypto rx=0x7f014c006fd0 tx=0x7f014c006e40 comp rx=0 tx=0).stop
2024-04-14T15:36:31.307 INFO:teuthology.orchestra.run.smithi121.stdout:/usr/bin/ceph: stderr
2024-04-14T15:36:30.572+0000 7f015d2a5700 1 -- 172.21.15.121:0/3282760304 >> [v2:172.21.15.121:3300/0,v1:172.21.15.121:6789/0] conn(0x7f0158106800 msgr2=0x7f015807c3f0 secure :-1 s=STATE_CONNECTION_ESTABLISHED l=1).mark_down
2024-04-14T15:36:31.307 INFO:teuthology.orchestra.run.smithi121.stdout:/usr/bin/ceph: stderr
2024-04-14T15:36:30.572+0000 7f015d2a5700 1 --2- 172.21.15.121:0/3282760304 >> [v2:172.21.15.121:3300/0,v1:172.21.15.121:6789/0] conn(0x7f0158106800 0x7f015807c3f0 secure :-1 s=READY pgs=52 cs=0 l=1 rev1=1 crypto rx=0x7f0148003e40 tx=0x7f01480119c0 comp rx=0 tx=0).stop
2024-04-14T15:36:31.307 INFO:teuthology.orchestra.run.smithi121.stdout:/usr/bin/ceph: stderr
2024-04-14T15:36:30.572+0000 7f015d2a5700 1 -- 172.21.15.121:0/3282760304 shutdown_connections
2024-04-14T15:36:31.307 INFO:teuthology.orchestra.run.smithi121.stdout:/usr/bin/ceph: stderr
2024-04-14T15:36:30.572+0000 7f015d2a5700 1 --2- 172.21.15.121:0/3282760304 >> [v2:172.21.15.121:6800/1968068090,v1:172.21.15.121:6801/1968068090] conn(0x7f0140039560 0x7f014003ba20 unknown :-1 s=CLOSED pgs=14 cs=0 l=1 rev1=1 crypto rx=0 tx=0 comp rx=0 tx=0).stop
2024-04-14T15:36:31.307 INFO:teuthology.orchestra.run.smithi121.stdout:/usr/bin/ceph: stderr
2024-04-14T15:36:30.572+0000 7f015d2a5700 1 --2- 172.21.15.121:0/3282760304 >> [v2:172.21.15.121:3300/0,v1:172.21.15.121:6789/0] conn(0x7f0158106800 0x7f015807c3f0 unknown :-1 s=CLOSED pgs=52 cs=0 l=1 rev1=1 crypto rx=0 tx=0 comp rx=0 tx=0).stop
2024-04-14T15:36:31.307 INFO:teuthology.orchestra.run.smithi121.stdout:/usr/bin/ceph: stderr
2024-04-14T15:36:30.572+0000 7f015d2a5700 1 -- 172.21.15.121:0/3282760304 >> 172.21.15.121:0/3282760304 conn(0x7f0158101de0 msgr2=0x7f0158102920 unknown :-1 s=STATE_NONE l=0).mark_down
2024-04-14T15:36:31.307 INFO:teuthology.orchestra.run.smithi121.stdout:/usr/bin/ceph: stderr
2024-04-14T15:36:30.572+0000 7f015d2a5700 1 -- 172.21.15.121:0/3282760304 shutdown_connections
2024-04-14T15:36:31.307 INFO:teuthology.orchestra.run.smithi121.stdout:/usr/bin/ceph: stderr
2024-04-14T15:36:30.572+0000 7f015d2a5700 1 -- 172.21.15.121:0/3282760304 wait complete.
2024-04-14T15:36:31.973 INFO:journalctl@ceph.mon.a.smithi121.stdout:Apr 14 15:36:31 smithi121 ceph-mon[29686]: from='client.? 172.21.15.121:0/3282760304' entity='client.admin'
2024-04-14T15:36:31.973 INFO:journalctl@ceph.mon.a.smithi121.stdout:Apr 14 15:36:31 smithi121 ceph-mon[29686]: from='mgr.14120 172.21.15.121:0/2390161124' entity='mgr.y'
2024-04-14T15:36:31.973 INFO:journalctl@ceph.mon.a.smithi121.stdout:Apr 14 15:36:31 smithi121 ceph-mon[29686]: from='mgr.14120 172.21.15.121:0/2390161124' entity='mgr.y'
2024-04-14T15:36:33.289 INFO:journalctl@ceph.mon.a.smithi121.stdout:Apr 14 15:36:33 smithi121 ceph-mon[29686]: from='client.? 172.21.15.121:0/1702939183' entity='client.admin'
2024-04-14T15:36:33.289 INFO:journalctl@ceph.mon.a.smithi121.stdout:Apr 14 15:36:33 smithi121 ceph-mon[29686]: from='mgr.14120 172.21.15.121:0/2390161124' entity='mgr.y'
2024-04-14T15:36:33.297 INFO:teuthology.orchestra.run.smithi121.stdout:/usr/bin/ceph: stderr
2024-04-14T15:36:31.778+0000 7f0e72bf9700 1 Processor -- start
2024-04-14T15:36:33.297 INFO:teuthology.orchestra.run.smithi121.stdout:/usr/bin/ceph: stderr
2024-04-14T15:36:31.778+0000 7f0e72bf9700 1 -- start start
2024-04-14T15:36:33.297 INFO:teuthology.orchestra.run.smithi121.stdout:/usr/bin/ceph: stderr
2024-04-14T15:36:31.778+0000 7f0e72bf9700 1 --2- >> [v2:172.21.15.121:3300/0,v1:172.21.15.121:6789/0] conn(0x7f0e6c106850 0x7f0e6c106c70 unknown :-1 s=NONE pgs=0 cs=0 l=0 rev1=0 crypto rx=0 tx=0 comp rx=0 tx=0).connect
2024-04-14T15:36:33.297 INFO:teuthology.orchestra.run.smithi121.stdout:/usr/bin/ceph: stderr
2024-04-14T15:36:31.778+0000 7f0e72bf9700 1 -- --> [v2:172.21.15.121:3300/0,v1:172.21.15.121:6789/0] -- mon_getmap magic: 0 -- 0x7f0e6c107240 con 0x7f0e6c106850
2024-04-14T15:36:33.297 INFO:teuthology.orchestra.run.smithi121.stdout:/usr/bin/ceph: stderr
2024-04-14T15:36:31.779+0000 7f0e70995700 1 --2- >> [v2:172.21.15.121:3300/0,v1:172.21.15.121:6789/0] conn(0x7f0e6c106850 0x7f0e6c106c70 unknown :-1 s=BANNER_CONNECTING pgs=0 cs=0 l=0 rev1=0 crypto rx=0 tx=0 comp rx=0 tx=0)._handle_peer_banner_payload supported=3 required=0
2024-04-14T15:36:33.297 INFO:teuthology.orchestra.run.smithi121.stdout:/usr/bin/ceph: stderr
2024-04-14T15:36:31.779+0000 7f0e70995700 1 --2- >> [v2:172.21.15.121:3300/0,v1:172.21.15.121:6789/0] conn(0x7f0e6c106850 0x7f0e6c106c70 unknown :-1 s=HELLO_CONNECTING pgs=0 cs=0 l=0 rev1=1 crypto rx=0 tx=0 comp rx=0 tx=0).handle_hello peer v2:172.21.15.121:3300/0 says I am v2:172.21.15.121:36248/0 (socket says 172.21.15.121:36248)
2024-04-14T15:36:33.297 INFO:teuthology.orchestra.run.smithi121.stdout:/usr/bin/ceph: stderr
2024-04-14T15:36:31.779+0000 7f0e70995700 1 -- 172.21.15.121:0/3701238333 learned_addr learned my addr 172.21.15.121:0/3701238333 (peer_addr_for_me v2:172.21.15.121:0/0)
2024-04-14T15:36:33.297 INFO:teuthology.orchestra.run.smithi121.stdout:/usr/bin/ceph: stderr
2024-04-14T15:36:31.779+0000 7f0e70995700 1 -- 172.21.15.121:0/3701238333 --> [v2:172.21.15.121:3300/0,v1:172.21.15.121:6789/0] -- mon_subscribe({config=0+,monmap=0+}) -- 0x7f0e6c107a00 con 0x7f0e6c106850
2024-04-14T15:36:33.297 INFO:teuthology.orchestra.run.smithi121.stdout:/usr/bin/ceph: stderr
2024-04-14T15:36:31.779+0000 7f0e70995700 1 --2- 172.21.15.121:0/3701238333 >> [v2:172.21.15.121:3300/0,v1:172.21.15.121:6789/0] conn(0x7f0e6c106850 0x7f0e6c106c70 secure :-1 s=READY pgs=53 cs=0 l=1 rev1=1 crypto rx=0x7f0e600098a0 tx=0x7f0e60009bb0 comp rx=0 tx=0).ready entity=mon.0 client_cookie=4f3a5999c2bb19a server_cookie=0 in_seq=0 out_seq=0
2024-04-14T15:36:33.297 INFO:teuthology.orchestra.run.smithi121.stdout:/usr/bin/ceph: stderr
2024-04-14T15:36:31.779+0000 7f0e6b7fe700 1 -- 172.21.15.121:0/3701238333 <== mon.0 v2:172.21.15.121:3300/0 1 ==== mon_map magic: 0 ==== 205+0+0 (secure 0 0 0) 0x7f0e60004160 con 0x7f0e6c106850
2024-04-14T15:36:33.298 INFO:teuthology.orchestra.run.smithi121.stdout:/usr/bin/ceph: stderr
2024-04-14T15:36:31.779+0000 7f0e6b7fe700 1 -- 172.21.15.121:0/3701238333 <== mon.0 v2:172.21.15.121:3300/0 2 ==== config(24 keys) ==== 1042+0+0 (secure 0 0 0) 0x7f0e60004300 con 0x7f0e6c106850
2024-04-14T15:36:33.298 INFO:teuthology.orchestra.run.smithi121.stdout:/usr/bin/ceph: stderr
2024-04-14T15:36:31.779+0000 7f0e6b7fe700 1 -- 172.21.15.121:0/3701238333 <== mon.0 v2:172.21.15.121:3300/0 3 ==== mon_map magic: 0 ==== 205+0+0 (secure 0 0 0) 0x7f0e600118f0 con 0x7f0e6c106850
2024-04-14T15:36:33.298 INFO:teuthology.orchestra.run.smithi121.stdout:/usr/bin/ceph: stderr
2024-04-14T15:36:31.780+0000 7f0e72bf9700 1 -- 172.21.15.121:0/3701238333 >> [v2:172.21.15.121:3300/0,v1:172.21.15.121:6789/0] conn(0x7f0e6c106850 msgr2=0x7f0e6c106c70 secure :-1 s=STATE_CONNECTION_ESTABLISHED l=1).mark_down
2024-04-14T15:36:33.298 INFO:teuthology.orchestra.run.smithi121.stdout:/usr/bin/ceph: stderr
2024-04-14T15:36:31.780+0000 7f0e72bf9700 1 --2- 172.21.15.121:0/3701238333 >> [v2:172.21.15.121:3300/0,v1:172.21.15.121:6789/0] conn(0x7f0e6c106850 0x7f0e6c106c70 secure :-1 s=READY pgs=53 cs=0 l=1 rev1=1 crypto rx=0x7f0e600098a0 tx=0x7f0e60009bb0 comp rx=0 tx=0).stop
2024-04-14T15:36:33.298 INFO:teuthology.orchestra.run.smithi121.stdout:/usr/bin/ceph: stderr
2024-04-14T15:36:31.780+0000 7f0e72bf9700 1 -- 172.21.15.121:0/3701238333 shutdown_connections
2024-04-14T15:36:33.298 INFO:teuthology.orchestra.run.smithi121.stdout:/usr/bin/ceph: stderr
2024-04-14T15:36:31.780+0000 7f0e72bf9700 1 --2- 172.21.15.121:0/3701238333 >> [v2:172.21.15.121:3300/0,v1:172.21.15.121:6789/0] conn(0x7f0e6c106850 0x7f0e6c106c70 unknown :-1 s=CLOSED pgs=53 cs=0 l=1 rev1=1 crypto rx=0 tx=0 comp rx=0 tx=0).stop
2024-04-14T15:36:33.298 INFO:teuthology.orchestra.run.smithi121.stdout:/usr/bin/ceph: stderr
2024-04-14T15:36:31.780+0000 7f0e72bf9700 1 -- 172.21.15.121:0/3701238333 >> 172.21.15.121:0/3701238333 conn(0x7f0e6c101dd0 msgr2=0x7f0e6c104230 unknown :-1 s=STATE_NONE l=0).mark_down
2024-04-14T15:36:33.298 INFO:teuthology.orchestra.run.smithi121.stdout:/usr/bin/ceph: stderr
2024-04-14T15:36:31.781+0000 7f0e72bf9700 1 -- 172.21.15.121:0/3701238333 shutdown_connections
2024-04-14T15:36:33.298 INFO:teuthology.orchestra.run.smithi121.stdout:/usr/bin/ceph: stderr
2024-04-14T15:36:31.781+0000 7f0e72bf9700 1 -- 172.21.15.121:0/3701238333 wait complete.
2024-04-14T15:36:33.298 INFO:teuthology.orchestra.run.smithi121.stdout:/usr/bin/ceph: stderr
2024-04-14T15:36:31.781+0000 7f0e72bf9700 1 Processor -- start
2024-04-14T15:36:33.298 INFO:teuthology.orchestra.run.smithi121.stdout:/usr/bin/ceph: stderr
2024-04-14T15:36:31.781+0000 7f0e72bf9700 1 -- start start
2024-04-14T15:36:33.298 INFO:teuthology.orchestra.run.smithi121.stdout:/usr/bin/ceph: stderr
2024-04-14T15:36:31.782+0000 7f0e72bf9700 1 --2- >> [v2:172.21.15.121:3300/0,v1:172.21.15.121:6789/0] conn(0x7f0e6c106850 0x7f0e6c19a680 unknown :-1 s=NONE pgs=0 cs=0 l=1 rev1=0 crypto rx=0 tx=0 comp rx=0 tx=0).connect
2024-04-14T15:36:33.298 INFO:teuthology.orchestra.run.smithi121.stdout:/usr/bin/ceph: stderr
2024-04-14T15:36:31.782+0000 7f0e72bf9700 1 -- --> [v2:172.21.15.121:3300/0,v1:172.21.15.121:6789/0] -- mon_getmap magic: 0 -- 0x7f0e6c10ac30 con 0x7f0e6c106850
2024-04-14T15:36:33.299 INFO:teuthology.orchestra.run.smithi121.stdout:/usr/bin/ceph: stderr
2024-04-14T15:36:31.782+0000 7f0e70995700 1 --2- >> [v2:172.21.15.121:3300/0,v1:172.21.15.121:6789/0] conn(0x7f0e6c106850 0x7f0e6c19a680 unknown :-1 s=BANNER_CONNECTING pgs=0 cs=0 l=1 rev1=0 crypto rx=0 tx=0 comp rx=0 tx=0)._handle_peer_banner_payload supported=3 required=0
2024-04-14T15:36:33.299 INFO:teuthology.orchestra.run.smithi121.stdout:/usr/bin/ceph: stderr
2024-04-14T15:36:31.782+0000 7f0e70995700 1 --2- >> [v2:172.21.15.121:3300/0,v1:172.21.15.121:6789/0] conn(0x7f0e6c106850 0x7f0e6c19a680 unknown :-1 s=HELLO_CONNECTING pgs=0 cs=0 l=1 rev1=1 crypto rx=0 tx=0 comp rx=0 tx=0).handle_hello peer v2:172.21.15.121:3300/0 says I am v2:172.21.15.121:36264/0 (socket says 172.21.15.121:36264)
2024-04-14T15:36:33.299 INFO:teuthology.orchestra.run.smithi121.stdout:/usr/bin/ceph: stderr
2024-04-14T15:36:31.782+0000 7f0e70995700 1 -- 172.21.15.121:0/1702939183 learned_addr learned my addr 172.21.15.121:0/1702939183 (peer_addr_for_me v2:172.21.15.121:0/0)
2024-04-14T15:36:33.299 INFO:teuthology.orchestra.run.smithi121.stdout:/usr/bin/ceph: stderr
2024-04-14T15:36:31.782+0000 7f0e70995700 1 -- 172.21.15.121:0/1702939183 --> [v2:172.21.15.121:3300/0,v1:172.21.15.121:6789/0] -- mon_subscribe({config=0+,monmap=0+}) -- 0x7f0e6c19abc0 con 0x7f0e6c106850
2024-04-14T15:36:33.299 INFO:teuthology.orchestra.run.smithi121.stdout:/usr/bin/ceph: stderr
2024-04-14T15:36:31.782+0000 7f0e70995700 1 --2- 172.21.15.121:0/1702939183 >> [v2:172.21.15.121:3300/0,v1:172.21.15.121:6789/0] conn(0x7f0e6c106850 0x7f0e6c19a680 secure :-1 s=READY pgs=54 cs=0 l=1 rev1=1 crypto rx=0x7f0e60003f60 tx=0x7f0e600119b0 comp rx=0 tx=0).ready entity=mon.0 client_cookie=0 server_cookie=0 in_seq=0 out_seq=0
2024-04-14T15:36:33.299 INFO:teuthology.orchestra.run.smithi121.stdout:/usr/bin/ceph: stderr
2024-04-14T15:36:31.782+0000 7f0e69ffb700 1 -- 172.21.15.121:0/1702939183 <== mon.0 v2:172.21.15.121:3300/0 1 ==== mon_map magic: 0 ==== 205+0+0 (secure 0 0 0) 0x7f0e60003a40 con 0x7f0e6c106850
2024-04-14T15:36:33.299 INFO:teuthology.orchestra.run.smithi121.stdout:/usr/bin/ceph: stderr
2024-04-14T15:36:31.782+0000 7f0e72bf9700 1 -- 172.21.15.121:0/1702939183 --> [v2:172.21.15.121:3300/0,v1:172.21.15.121:6789/0] -- mon_subscribe({mgrmap=0+}) -- 0x7f0e6c19ae50 con 0x7f0e6c106850
2024-04-14T15:36:33.299 INFO:teuthology.orchestra.run.smithi121.stdout:/usr/bin/ceph: stderr
2024-04-14T15:36:31.782+0000 7f0e69ffb700 1 -- 172.21.15.121:0/1702939183 <== mon.0 v2:172.21.15.121:3300/0 2 ==== config(24 keys) ==== 1042+0+0 (secure 0 0 0) 0x7f0e600248b0 con 0x7f0e6c106850
2024-04-14T15:36:33.299 INFO:teuthology.orchestra.run.smithi121.stdout:/usr/bin/ceph: stderr
2024-04-14T15:36:31.782+0000 7f0e69ffb700 1 -- 172.21.15.121:0/1702939183 <== mon.0 v2:172.21.15.121:3300/0 3 ==== mon_map magic: 0 ==== 205+0+0 (secure 0 0 0) 0x7f0e6001a670 con 0x7f0e6c106850
2024-04-14T15:36:33.299 INFO:teuthology.orchestra.run.smithi121.stdout:/usr/bin/ceph: stderr
2024-04-14T15:36:31.782+0000 7f0e72bf9700 1 -- 172.21.15.121:0/1702939183 --> [v2:172.21.15.121:3300/0,v1:172.21.15.121:6789/0] -- mon_subscribe({osdmap=0}) -- 0x7f0e6c19db40 con 0x7f0e6c106850
2024-04-14T15:36:33.299 INFO:teuthology.orchestra.run.smithi121.stdout:/usr/bin/ceph: stderr
2024-04-14T15:36:31.783+0000 7f0e72bf9700 1 -- 172.21.15.121:0/1702939183 --> [v2:172.21.15.121:3300/0,v1:172.21.15.121:6789/0] -- mon_command({"prefix": "get_command_descriptions"} v 0) -- 0x7f0e6c10adb0 con 0x7f0e6c106850
2024-04-14T15:36:33.299 INFO:teuthology.orchestra.run.smithi121.stdout:/usr/bin/ceph: stderr
2024-04-14T15:36:31.783+0000 7f0e69ffb700 1 -- 172.21.15.121:0/1702939183 <== mon.0 v2:172.21.15.121:3300/0 4 ==== mgrmap(e 8) ==== 46558+0+0 (secure 0 0 0) 0x7f0e6001a970 con 0x7f0e6c106850
2024-04-14T15:36:33.299 INFO:teuthology.orchestra.run.smithi121.stdout:/usr/bin/ceph: stderr
2024-04-14T15:36:31.784+0000 7f0e69ffb700 1 --2- 172.21.15.121:0/1702939183 >> [v2:172.21.15.121:6800/1968068090,v1:172.21.15.121:6801/1968068090] conn(0x7f0e5c039560 0x7f0e5c03ba20 unknown :-1 s=NONE pgs=0 cs=0 l=1 rev1=0 crypto rx=0 tx=0 comp rx=0 tx=0).connect
2024-04-14T15:36:33.299 INFO:teuthology.orchestra.run.smithi121.stdout:/usr/bin/ceph: stderr
2024-04-14T15:36:31.784+0000 7f0e69ffb700 1 -- 172.21.15.121:0/1702939183 <== mon.0 v2:172.21.15.121:3300/0 5 ==== osd_map(2..2 src has 1..2) ==== 940+0+0 (secure 0 0 0) 0x7f0e6004db00 con 0x7f0e6c106850
2024-04-14T15:36:33.300 INFO:teuthology.orchestra.run.smithi121.stdout:/usr/bin/ceph: stderr
2024-04-14T15:36:31.784+0000 7f0e6bfff700 1 --2- 172.21.15.121:0/1702939183 >> [v2:172.21.15.121:6800/1968068090,v1:172.21.15.121:6801/1968068090] conn(0x7f0e5c039560 0x7f0e5c03ba20 unknown :-1 s=BANNER_CONNECTING pgs=0 cs=0 l=1 rev1=0 crypto rx=0 tx=0 comp rx=0 tx=0)._handle_peer_banner_payload supported=3 required=0
2024-04-14T15:36:33.300 INFO:teuthology.orchestra.run.smithi121.stdout:/usr/bin/ceph: stderr
2024-04-14T15:36:31.784+0000 7f0e6bfff700 1 --2- 172.21.15.121:0/1702939183 >> [v2:172.21.15.121:6800/1968068090,v1:172.21.15.121:6801/1968068090] conn(0x7f0e5c039560 0x7f0e5c03ba20 secure :-1 s=READY pgs=15 cs=0 l=1 rev1=1 crypto rx=0x7f0e58006fd0 tx=0x7f0e58006e40 comp rx=0 tx=0).ready entity=mgr.14120 client_cookie=0 server_cookie=0 in_seq=0 out_seq=0
2024-04-14T15:36:33.300 INFO:teuthology.orchestra.run.smithi121.stdout:/usr/bin/ceph: stderr
2024-04-14T15:36:31.793+0000 7f0e69ffb700 1 -- 172.21.15.121:0/1702939183 <== mon.0 v2:172.21.15.121:3300/0 6 ==== mon_command_ack([{"prefix": "get_command_descriptions"}]=0 v0) ==== 72+0+188297 (secure 0 0 0) 0x7f0e6004d7e0 con 0x7f0e6c106850
2024-04-14T15:36:33.300 INFO:teuthology.orchestra.run.smithi121.stdout:/usr/bin/ceph: stderr
2024-04-14T15:36:32.013+0000 7f0e72bf9700 1 -- 172.21.15.121:0/1702939183 --> [v2:172.21.15.121:3300/0,v1:172.21.15.121:6789/0] -- mon_command([{prefix=config set, name=mgr/dashboard/ssl_server_port}] v 0) -- 0x7f0e6c19df90 con 0x7f0e6c106850
2024-04-14T15:36:33.300 INFO:teuthology.orchestra.run.smithi121.stdout:/usr/bin/ceph: stderr
2024-04-14T15:36:32.016+0000 7f0e69ffb700 1 -- 172.21.15.121:0/1702939183 <== mon.0 v2:172.21.15.121:3300/0 7 ==== mon_command_ack([{prefix=config set, name=mgr/dashboard/ssl_server_port}]=0 v8)=0 v8) ==== 130+0+0 (secure 0 0 0) 0x7f0e6004de20 con 0x7f0e6c106850
2024-04-14T15:36:33.300 INFO:teuthology.orchestra.run.smithi121.stdout:/usr/bin/ceph: stderr
2024-04-14T15:36:32.018+0000 7f0e72bf9700 1 -- 172.21.15.121:0/1702939183 >> [v2:172.21.15.121:6800/1968068090,v1:172.21.15.121:6801/1968068090] conn(0x7f0e5c039560 msgr2=0x7f0e5c03ba20 secure :-1 s=STATE_CONNECTION_ESTABLISHED l=1).mark_down
2024-04-14T15:36:33.300 INFO:teuthology.orchestra.run.smithi121.stdout:/usr/bin/ceph: stderr
2024-04-14T15:36:32.018+0000 7f0e72bf9700 1 --2- 172.21.15.121:0/1702939183 >> [v2:172.21.15.121:6800/1968068090,v1:172.21.15.121:6801/1968068090] conn(0x7f0e5c039560 0x7f0e5c03ba20 secure :-1 s=READY pgs=15 cs=0 l=1 rev1=1 crypto rx=0x7f0e58006fd0 tx=0x7f0e58006e40 comp rx=0 tx=0).stop
2024-04-14T15:36:33.300 INFO:teuthology.orchestra.run.smithi121.stdout:/usr/bin/ceph: stderr
2024-04-14T15:36:32.018+0000 7f0e72bf9700 1 -- 172.21.15.121:0/1702939183 >> [v2:172.21.15.121:3300/0,v1:172.21.15.121:6789/0] conn(0x7f0e6c106850 msgr2=0x7f0e6c19a680 secure :-1 s=STATE_CONNECTION_ESTABLISHED l=1).mark_down
2024-04-14T15:36:33.300 INFO:teuthology.orchestra.run.smithi121.stdout:/usr/bin/ceph: stderr
2024-04-14T15:36:32.018+0000 7f0e72bf9700 1 --2- 172.21.15.121:0/1702939183 >> [v2:172.21.15.121:3300/0,v1:172.21.15.121:6789/0] conn(0x7f0e6c106850 0x7f0e6c19a680 secure :-1 s=READY pgs=54 cs=0 l=1 rev1=1 crypto rx=0x7f0e60003f60 tx=0x7f0e600119b0 comp rx=0 tx=0).stop
2024-04-14T15:36:33.300 INFO:teuthology.orchestra.run.smithi121.stdout:/usr/bin/ceph: stderr
2024-04-14T15:36:32.018+0000 7f0e72bf9700 1 -- 172.21.15.121:0/1702939183 shutdown_connections
2024-04-14T15:36:33.300 INFO:teuthology.orchestra.run.smithi121.stdout:/usr/bin/ceph: stderr
2024-04-14T15:36:32.018+0000 7f0e72bf9700 1 --2- 172.21.15.121:0/1702939183 >> [v2:172.21.15.121:6800/1968068090,v1:172.21.15.121:6801/1968068090] conn(0x7f0e5c039560 0x7f0e5c03ba20 unknown :-1 s=CLOSED pgs=15 cs=0 l=1 rev1=1 crypto rx=0 tx=0 comp rx=0 tx=0).stop
2024-04-14T15:36:33.300 INFO:teuthology.orchestra.run.smithi121.stdout:/usr/bin/ceph: stderr
2024-04-14T15:36:32.018+0000 7f0e72bf9700 1 --2- 172.21.15.121:0/1702939183 >> [v2:172.21.15.121:3300/0,v1:172.21.15.121:6789/0] conn(0x7f0e6c106850 0x7f0e6c19a680 unknown :-1 s=CLOSED pgs=54 cs=0 l=1 rev1=1 crypto rx=0 tx=0 comp rx=0 tx=0).stop
2024-04-14T15:36:33.300 INFO:teuthology.orchestra.run.smithi121.stdout:/usr/bin/ceph: stderr
2024-04-14T15:36:32.018+0000 7f0e72bf9700 1 -- 172.21.15.121:0/1702939183 >> 172.21.15.121:0/1702939183 conn(0x7f0e6c101dd0 msgr2=0x7f0e6c1028b0 unknown :-1 s=STATE_NONE l=0).mark_down
2024-04-14T15:36:33.300 INFO:teuthology.orchestra.run.smithi121.stdout:/usr/bin/ceph: stderr
2024-04-14T15:36:32.018+0000 7f0e72bf9700 1 -- 172.21.15.121:0/1702939183 shutdown_connections
2024-04-14T15:36:33.301 INFO:teuthology.orchestra.run.smithi121.stdout:/usr/bin/ceph: stderr
2024-04-14T15:36:32.018+0000 7f0e72bf9700 1 -- 172.21.15.121:0/1702939183 wait complete.
2024-04-14T15:36:33.301 INFO:teuthology.orchestra.run.smithi121.stdout:Enabling the dashboard module...
2024-04-14T15:36:35.223 INFO:journalctl@ceph.mon.a.smithi121.stdout:Apr 14 15:36:35 smithi121 ceph-mon[29686]: from='mgr.14120 172.21.15.121:0/2390161124' entity='mgr.y'
2024-04-14T15:36:35.223 INFO:journalctl@ceph.mon.a.smithi121.stdout:Apr 14 15:36:35 smithi121 ceph-mon[29686]: from='client.? 172.21.15.121:0/1983484834' entity='client.admin' cmd=[{"prefix": "mgr module enable", "module": "dashboard"}]: dispatch
2024-04-14T15:36:35.223 INFO:journalctl@ceph.mgr.y.smithi121.stdout:Apr 14 15:36:35 smithi121 ceph-60a84322-fa74-11ee-bc8e-c7b262605968-mgr-y[29916]: ignoring --setuser ceph since I am not root
2024-04-14T15:36:35.223 INFO:journalctl@ceph.mgr.y.smithi121.stdout:Apr 14 15:36:35 smithi121 ceph-60a84322-fa74-11ee-bc8e-c7b262605968-mgr-y[29916]: ignoring --setgroup ceph since I am not root
2024-04-14T15:36:35.616 INFO:teuthology.orchestra.run.smithi121.stdout:/usr/bin/ceph: stderr
2024-04-14T15:36:33.727+0000 7fdd65f17700 1 Processor -- start
2024-04-14T15:36:35.617 INFO:teuthology.orchestra.run.smithi121.stdout:/usr/bin/ceph: stderr
2024-04-14T15:36:33.727+0000 7fdd65f17700 1 -- start start
2024-04-14T15:36:35.617 INFO:teuthology.orchestra.run.smithi121.stdout:/usr/bin/ceph: stderr
2024-04-14T15:36:33.727+0000 7fdd65f17700 1 --2- >> [v2:172.21.15.121:3300/0,v1:172.21.15.121:6789/0] conn(0x7fdd60106d00 0x7fdd60107120 unknown :-1 s=NONE pgs=0 cs=0 l=0 rev1=0 crypto rx=0 tx=0 comp rx=0 tx=0).connect
2024-04-14T15:36:35.617 INFO:teuthology.orchestra.run.smithi121.stdout:/usr/bin/ceph: stderr
2024-04-14T15:36:33.727+0000 7fdd65f17700 1 -- --> [v2:172.21.15.121:3300/0,v1:172.21.15.121:6789/0] -- mon_getmap magic: 0 -- 0x7fdd601076f0 con 0x7fdd60106d00
2024-04-14T15:36:35.617 INFO:teuthology.orchestra.run.smithi121.stdout:/usr/bin/ceph: stderr
2024-04-14T15:36:33.728+0000 7fdd5f7fe700 1 --2- >> [v2:172.21.15.121:3300/0,v1:172.21.15.121:6789/0] conn(0x7fdd60106d00 0x7fdd60107120 unknown :-1 s=BANNER_CONNECTING pgs=0 cs=0 l=0 rev1=0 crypto rx=0 tx=0 comp rx=0 tx=0)._handle_peer_banner_payload supported=3 required=0
2024-04-14T15:36:35.617 INFO:teuthology.orchestra.run.smithi121.stdout:/usr/bin/ceph: stderr
2024-04-14T15:36:33.728+0000 7fdd5f7fe700 1 --2- >> [v2:172.21.15.121:3300/0,v1:172.21.15.121:6789/0] conn(0x7fdd60106d00 0x7fdd60107120 unknown :-1 s=HELLO_CONNECTING pgs=0 cs=0 l=0 rev1=1 crypto rx=0 tx=0 comp rx=0 tx=0).handle_hello peer v2:172.21.15.121:3300/0 says I am v2:172.21.15.121:36280/0 (socket says 172.21.15.121:36280)
2024-04-14T15:36:35.617 INFO:teuthology.orchestra.run.smithi121.stdout:/usr/bin/ceph: stderr
2024-04-14T15:36:33.728+0000 7fdd5f7fe700 1 -- 172.21.15.121:0/1325616520 learned_addr learned my addr 172.21.15.121:0/1325616520 (peer_addr_for_me v2:172.21.15.121:0/0)
2024-04-14T15:36:35.617 INFO:teuthology.orchestra.run.smithi121.stdout:/usr/bin/ceph: stderr
2024-04-14T15:36:33.728+0000 7fdd5f7fe700 1 -- 172.21.15.121:0/1325616520 --> [v2:172.21.15.121:3300/0,v1:172.21.15.121:6789/0] -- mon_subscribe({config=0+,monmap=0+}) -- 0x7fdd601059b0 con 0x7fdd60106d00
2024-04-14T15:36:35.617 INFO:teuthology.orchestra.run.smithi121.stdout:/usr/bin/ceph: stderr
2024-04-14T15:36:33.728+0000 7fdd5f7fe700 1 --2- 172.21.15.121:0/1325616520 >> [v2:172.21.15.121:3300/0,v1:172.21.15.121:6789/0] conn(0x7fdd60106d00 0x7fdd60107120 secure :-1 s=READY pgs=55 cs=0 l=1 rev1=1 crypto rx=0x7fdd540098a0 tx=0x7fdd54009bb0 comp rx=0 tx=0).ready entity=mon.0 client_cookie=5d4d245371e4a0f0 server_cookie=0 in_seq=0 out_seq=0
2024-04-14T15:36:35.617 INFO:teuthology.orchestra.run.smithi121.stdout:/usr/bin/ceph: stderr
2024-04-14T15:36:33.728+0000 7fdd5e7fc700 1 -- 172.21.15.121:0/1325616520 <== mon.0 v2:172.21.15.121:3300/0 1 ==== mon_map magic: 0 ==== 205+0+0 (secure 0 0 0) 0x7fdd54004160 con 0x7fdd60106d00
2024-04-14T15:36:35.617 INFO:teuthology.orchestra.run.smithi121.stdout:/usr/bin/ceph: stderr
2024-04-14T15:36:33.728+0000 7fdd5e7fc700 1 -- 172.21.15.121:0/1325616520 <== mon.0 v2:172.21.15.121:3300/0 2 ==== config(24 keys) ==== 1042+0+0 (secure 0 0 0) 0x7fdd54004300 con 0x7fdd60106d00
2024-04-14T15:36:35.617 INFO:teuthology.orchestra.run.smithi121.stdout:/usr/bin/ceph: stderr
2024-04-14T15:36:33.728+0000 7fdd5e7fc700 1 -- 172.21.15.121:0/1325616520 <== mon.0 v2:172.21.15.121:3300/0 3 ==== mon_map magic: 0 ==== 205+0+0 (secure 0 0 0) 0x7fdd540118f0 con 0x7fdd60106d00
2024-04-14T15:36:35.617 INFO:teuthology.orchestra.run.smithi121.stdout:/usr/bin/ceph: stderr
2024-04-14T15:36:33.729+0000 7fdd65f17700 1 -- 172.21.15.121:0/1325616520 >> [v2:172.21.15.121:3300/0,v1:172.21.15.121:6789/0] conn(0x7fdd60106d00 msgr2=0x7fdd60107120 secure :-1 s=STATE_CONNECTION_ESTABLISHED l=1).mark_down
2024-04-14T15:36:35.617 INFO:teuthology.orchestra.run.smithi121.stdout:/usr/bin/ceph: stderr
2024-04-14T15:36:33.729+0000 7fdd65f17700 1 --2- 172.21.15.121:0/1325616520 >> [v2:172.21.15.121:3300/0,v1:172.21.15.121:6789/0] conn(0x7fdd60106d00 0x7fdd60107120 secure :-1 s=READY pgs=55 cs=0 l=1 rev1=1 crypto rx=0x7fdd540098a0 tx=0x7fdd54009bb0 comp rx=0 tx=0).stop
2024-04-14T15:36:35.618 INFO:teuthology.orchestra.run.smithi121.stdout:/usr/bin/ceph: stderr
2024-04-14T15:36:33.729+0000 7fdd65f17700 1 -- 172.21.15.121:0/1325616520 shutdown_connections
2024-04-14T15:36:35.618 INFO:teuthology.orchestra.run.smithi121.stdout:/usr/bin/ceph: stderr
2024-04-14T15:36:33.729+0000 7fdd65f17700 1 --2- 172.21.15.121:0/1325616520 >> [v2:172.21.15.121:3300/0,v1:172.21.15.121:6789/0] conn(0x7fdd60106d00 0x7fdd60107120 unknown :-1 s=CLOSED pgs=55 cs=0 l=1 rev1=1 crypto rx=0 tx=0 comp rx=0 tx=0).stop
2024-04-14T15:36:35.618 INFO:teuthology.orchestra.run.smithi121.stdout:/usr/bin/ceph: stderr
2024-04-14T15:36:33.729+0000 7fdd65f17700 1 -- 172.21.15.121:0/1325616520 >> 172.21.15.121:0/1325616520 conn(0x7fdd601004a0 msgr2=0x7fdd601028c0 unknown :-1 s=STATE_NONE l=0).mark_down
2024-04-14T15:36:35.618 INFO:teuthology.orchestra.run.smithi121.stdout:/usr/bin/ceph: stderr
2024-04-14T15:36:33.729+0000 7fdd65f17700 1 -- 172.21.15.121:0/1325616520 shutdown_connections
2024-04-14T15:36:35.618 INFO:teuthology.orchestra.run.smithi121.stdout:/usr/bin/ceph: stderr
2024-04-14T15:36:33.729+0000 7fdd65f17700 1 -- 172.21.15.121:0/1325616520 wait complete.
2024-04-14T15:36:35.618 INFO:teuthology.orchestra.run.smithi121.stdout:/usr/bin/ceph: stderr
2024-04-14T15:36:33.730+0000 7fdd65f17700 1 Processor -- start
2024-04-14T15:36:35.618 INFO:teuthology.orchestra.run.smithi121.stdout:/usr/bin/ceph: stderr
2024-04-14T15:36:33.730+0000 7fdd65f17700 1 -- start start
2024-04-14T15:36:35.618 INFO:teuthology.orchestra.run.smithi121.stdout:/usr/bin/ceph: stderr
2024-04-14T15:36:33.730+0000 7fdd65f17700 1 --2- >> [v2:172.21.15.121:3300/0,v1:172.21.15.121:6789/0] conn(0x7fdd60106d00 0x7fdd60190810 unknown :-1 s=NONE pgs=0 cs=0 l=1 rev1=0 crypto rx=0 tx=0 comp rx=0 tx=0).connect
2024-04-14T15:36:35.618 INFO:teuthology.orchestra.run.smithi121.stdout:/usr/bin/ceph: stderr
2024-04-14T15:36:33.730+0000 7fdd65f17700 1 -- --> [v2:172.21.15.121:3300/0,v1:172.21.15.121:6789/0] -- mon_getmap magic: 0 -- 0x7fdd60109bf0 con 0x7fdd60106d00
2024-04-14T15:36:35.618 INFO:teuthology.orchestra.run.smithi121.stdout:/usr/bin/ceph: stderr
2024-04-14T15:36:33.730+0000 7fdd5f7fe700 1 --2- >> [v2:172.21.15.121:3300/0,v1:172.21.15.121:6789/0] conn(0x7fdd60106d00 0x7fdd60190810 unknown :-1 s=BANNER_CONNECTING pgs=0 cs=0 l=1 rev1=0 crypto rx=0 tx=0 comp rx=0 tx=0)._handle_peer_banner_payload supported=3 required=0
2024-04-14T15:36:35.618 INFO:teuthology.orchestra.run.smithi121.stdout:/usr/bin/ceph: stderr
2024-04-14T15:36:33.730+0000 7fdd5f7fe700 1 --2- >> [v2:172.21.15.121:3300/0,v1:172.21.15.121:6789/0] conn(0x7fdd60106d00 0x7fdd60190810 unknown :-1 s=HELLO_CONNECTING pgs=0 cs=0 l=1 rev1=1 crypto rx=0 tx=0 comp rx=0 tx=0).handle_hello peer v2:172.21.15.121:3300/0 says I am v2:172.21.15.121:36292/0 (socket says 172.21.15.121:36292)
2024-04-14T15:36:35.618 INFO:teuthology.orchestra.run.smithi121.stdout:/usr/bin/ceph: stderr
2024-04-14T15:36:33.730+0000 7fdd5f7fe700 1 -- 172.21.15.121:0/1983484834 learned_addr learned my addr 172.21.15.121:0/1983484834 (peer_addr_for_me v2:172.21.15.121:0/0)
2024-04-14T15:36:35.618 INFO:teuthology.orchestra.run.smithi121.stdout:/usr/bin/ceph: stderr
2024-04-14T15:36:33.731+0000 7fdd5f7fe700 1 -- 172.21.15.121:0/1983484834 --> [v2:172.21.15.121:3300/0,v1:172.21.15.121:6789/0] -- mon_subscribe({config=0+,monmap=0+}) -- 0x7fdd60190d50 con 0x7fdd60106d00
2024-04-14T15:36:35.619 INFO:teuthology.orchestra.run.smithi121.stdout:/usr/bin/ceph: stderr
2024-04-14T15:36:33.731+0000 7fdd5f7fe700 1 --2- 172.21.15.121:0/1983484834 >> [v2:172.21.15.121:3300/0,v1:172.21.15.121:6789/0] conn(0x7fdd60106d00 0x7fdd60190810 secure :-1 s=READY pgs=56 cs=0 l=1 rev1=1 crypto rx=0x7fdd54009fb0 tx=0x7fdd54011a20 comp rx=0 tx=0).ready entity=mon.0 client_cookie=0 server_cookie=0 in_seq=0 out_seq=0
2024-04-14T15:36:35.619 INFO:teuthology.orchestra.run.smithi121.stdout:/usr/bin/ceph: stderr
2024-04-14T15:36:33.731+0000 7fdd5cff9700 1 -- 172.21.15.121:0/1983484834 <== mon.0 v2:172.21.15.121:3300/0 1 ==== mon_map magic: 0 ==== 205+0+0 (secure 0 0 0) 0x7fdd54003bf0 con 0x7fdd60106d00
2024-04-14T15:36:35.619 INFO:teuthology.orchestra.run.smithi121.stdout:/usr/bin/ceph: stderr
2024-04-14T15:36:33.731+0000 7fdd5cff9700 1 -- 172.21.15.121:0/1983484834 <== mon.0 v2:172.21.15.121:3300/0 2 ==== config(24 keys) ==== 1042+0+0 (secure 0 0 0) 0x7fdd5401a8b0 con 0x7fdd60106d00
2024-04-14T15:36:35.619 INFO:teuthology.orchestra.run.smithi121.stdout:/usr/bin/ceph: stderr
2024-04-14T15:36:33.731+0000 7fdd65f17700 1 -- 172.21.15.121:0/1983484834 --> [v2:172.21.15.121:3300/0,v1:172.21.15.121:6789/0] -- mon_subscribe({mgrmap=0+}) -- 0x7fdd6018ef40 con 0x7fdd60106d00
2024-04-14T15:36:35.619 INFO:teuthology.orchestra.run.smithi121.stdout:/usr/bin/ceph: stderr
2024-04-14T15:36:33.731+0000 7fdd5cff9700 1 -- 172.21.15.121:0/1983484834 <== mon.0 v2:172.21.15.121:3300/0 3 ==== mon_map magic: 0 ==== 205+0+0 (secure 0 0 0) 0x7fdd54019710 con 0x7fdd60106d00
2024-04-14T15:36:35.619 INFO:teuthology.orchestra.run.smithi121.stdout:/usr/bin/ceph: stderr
2024-04-14T15:36:33.731+0000 7fdd65f17700 1 -- 172.21.15.121:0/1983484834 --> [v2:172.21.15.121:3300/0,v1:172.21.15.121:6789/0] -- mon_subscribe({osdmap=0}) -- 0x7fdd6018f480 con 0x7fdd60106d00
2024-04-14T15:36:35.619 INFO:teuthology.orchestra.run.smithi121.stdout:/usr/bin/ceph: stderr
2024-04-14T15:36:33.732+0000 7fdd5cff9700 1 -- 172.21.15.121:0/1983484834 <== mon.0 v2:172.21.15.121:3300/0 4 ==== mgrmap(e 8) ==== 46558+0+0 (secure 0 0 0) 0x7fdd54022020 con 0x7fdd60106d00
2024-04-14T15:36:35.619 INFO:teuthology.orchestra.run.smithi121.stdout:/usr/bin/ceph: stderr
2024-04-14T15:36:33.732+0000 7fdd65f17700 1 -- 172.21.15.121:0/1983484834 --> [v2:172.21.15.121:3300/0,v1:172.21.15.121:6789/0] -- mon_command({"prefix": "get_command_descriptions"} v 0) -- 0x7fdd60064110 con 0x7fdd60106d00
2024-04-14T15:36:35.619 INFO:teuthology.orchestra.run.smithi121.stdout:/usr/bin/ceph: stderr
2024-04-14T15:36:33.732+0000 7fdd5cff9700 1 --2- 172.21.15.121:0/1983484834 >> [v2:172.21.15.121:6800/1968068090,v1:172.21.15.121:6801/1968068090] conn(0x7fdd480395b0 0x7fdd4803ba70 unknown :-1 s=NONE pgs=0 cs=0 l=1 rev1=0 crypto rx=0 tx=0 comp rx=0 tx=0).connect
2024-04-14T15:36:35.619 INFO:teuthology.orchestra.run.smithi121.stdout:/usr/bin/ceph: stderr
2024-04-14T15:36:33.732+0000 7fdd5cff9700 1 -- 172.21.15.121:0/1983484834 <== mon.0 v2:172.21.15.121:3300/0 5 ==== osd_map(2..2 src has 1..2) ==== 940+0+0 (secure 0 0 0) 0x7fdd5404d700 con 0x7fdd60106d00
2024-04-14T15:36:35.619 INFO:teuthology.orchestra.run.smithi121.stdout:/usr/bin/ceph: stderr
2024-04-14T15:36:33.732+0000 7fdd5effd700 1 --2- 172.21.15.121:0/1983484834 >> [v2:172.21.15.121:6800/1968068090,v1:172.21.15.121:6801/1968068090] conn(0x7fdd480395b0 0x7fdd4803ba70 unknown :-1 s=BANNER_CONNECTING pgs=0 cs=0 l=1 rev1=0 crypto rx=0 tx=0 comp rx=0 tx=0)._handle_peer_banner_payload supported=3 required=0
2024-04-14T15:36:35.619 INFO:teuthology.orchestra.run.smithi121.stdout:/usr/bin/ceph: stderr
2024-04-14T15:36:33.733+0000 7fdd5effd700 1 --2- 172.21.15.121:0/1983484834 >> [v2:172.21.15.121:6800/1968068090,v1:172.21.15.121:6801/1968068090] conn(0x7fdd480395b0 0x7fdd4803ba70 secure :-1 s=READY pgs=16 cs=0 l=1 rev1=1 crypto rx=0x7fdd50006fd0 tx=0x7fdd50006e40 comp rx=0 tx=0).ready entity=mgr.14120 client_cookie=0 server_cookie=0 in_seq=0 out_seq=0
2024-04-14T15:36:35.619 INFO:teuthology.orchestra.run.smithi121.stdout:/usr/bin/ceph: stderr
2024-04-14T15:36:33.737+0000 7fdd5cff9700 1 -- 172.21.15.121:0/1983484834 <== mon.0 v2:172.21.15.121:3300/0 6 ==== mon_command_ack([{"prefix": "get_command_descriptions"}]=0 v0) ==== 72+0+188297 (secure 0 0 0) 0x7fdd5400e260 con 0x7fdd60106d00
2024-04-14T15:36:35.619 INFO:teuthology.orchestra.run.smithi121.stdout:/usr/bin/ceph: stderr
2024-04-14T15:36:34.002+0000 7fdd65f17700 1 -- 172.21.15.121:0/1983484834 --> [v2:172.21.15.121:3300/0,v1:172.21.15.121:6789/0] -- mon_command({"prefix": "mgr module enable", "module": "dashboard"} v 0) -- 0x7fdd60194300 con 0x7fdd60106d00
2024-04-14T15:36:35.619 INFO:teuthology.orchestra.run.smithi121.stdout:/usr/bin/ceph: stderr
2024-04-14T15:36:35.006+0000 7fdd5cff9700 1 -- 172.21.15.121:0/1983484834 <== mon.0 v2:172.21.15.121:3300/0 7 ==== mon_command_ack([{"prefix": "mgr module enable", "module": "dashboard"}]=0 v9) ==== 88+0+0 (secure 0 0 0) 0x7fdd54020c10 con 0x7fdd60106d00
2024-04-14T15:36:35.620 INFO:teuthology.orchestra.run.smithi121.stdout:/usr/bin/ceph: stderr
2024-04-14T15:36:35.007+0000 7fdd5cff9700 1 -- 172.21.15.121:0/1983484834 <== mon.0 v2:172.21.15.121:3300/0 8 ==== mgrmap(e 9) ==== 46571+0+0 (secure 0 0 0) 0x7fdd5402c720 con 0x7fdd60106d00
2024-04-14T15:36:35.620 INFO:teuthology.orchestra.run.smithi121.stdout:/usr/bin/ceph: stderr
2024-04-14T15:36:35.009+0000 7fdd65f17700 1 -- 172.21.15.121:0/1983484834 >> [v2:172.21.15.121:6800/1968068090,v1:172.21.15.121:6801/1968068090] conn(0x7fdd480395b0 msgr2=0x7fdd4803ba70 secure :-1 s=STATE_CONNECTION_ESTABLISHED l=1).mark_down
2024-04-14T15:36:35.620 INFO:teuthology.orchestra.run.smithi121.stdout:/usr/bin/ceph: stderr
2024-04-14T15:36:35.009+0000 7fdd65f17700 1 --2- 172.21.15.121:0/1983484834 >> [v2:172.21.15.121:6800/1968068090,v1:172.21.15.121:6801/1968068090] conn(0x7fdd480395b0 0x7fdd4803ba70 secure :-1 s=READY pgs=16 cs=0 l=1 rev1=1 crypto rx=0x7fdd50006fd0 tx=0x7fdd50006e40 comp rx=0 tx=0).stop
2024-04-14T15:36:35.620 INFO:teuthology.orchestra.run.smithi121.stdout:/usr/bin/ceph: stderr
2024-04-14T15:36:35.009+0000 7fdd65f17700 1 -- 172.21.15.121:0/1983484834 >> [v2:172.21.15.121:3300/0,v1:172.21.15.121:6789/0] conn(0x7fdd60106d00 msgr2=0x7fdd60190810 secure :-1 s=STATE_CONNECTION_ESTABLISHED l=1).mark_down
2024-04-14T15:36:35.620 INFO:teuthology.orchestra.run.smithi121.stdout:/usr/bin/ceph: stderr
2024-04-14T15:36:35.009+0000 7fdd65f17700 1 --2- 172.21.15.121:0/1983484834 >> [v2:172.21.15.121:3300/0,v1:172.21.15.121:6789/0] conn(0x7fdd60106d00 0x7fdd60190810 secure :-1 s=READY pgs=56 cs=0 l=1 rev1=1 crypto rx=0x7fdd54009fb0 tx=0x7fdd54011a20 comp rx=0 tx=0).stop
2024-04-14T15:36:35.620 INFO:teuthology.orchestra.run.smithi121.stdout:/usr/bin/ceph: stderr
2024-04-14T15:36:35.009+0000 7fdd65f17700 1 -- 172.21.15.121:0/1983484834 shutdown_connections
2024-04-14T15:36:35.620 INFO:teuthology.orchestra.run.smithi121.stdout:/usr/bin/ceph: stderr
2024-04-14T15:36:35.009+0000 7fdd65f17700 1 --2- 172.21.15.121:0/1983484834 >> [v2:172.21.15.121:6800/1968068090,v1:172.21.15.121:6801/1968068090] conn(0x7fdd480395b0 0x7fdd4803ba70 unknown :-1 s=CLOSED pgs=16 cs=0 l=1 rev1=1 crypto rx=0 tx=0 comp rx=0 tx=0).stop
2024-04-14T15:36:35.620 INFO:teuthology.orchestra.run.smithi121.stdout:/usr/bin/ceph: stderr
2024-04-14T15:36:35.009+0000 7fdd65f17700 1 --2- 172.21.15.121:0/1983484834 >> [v2:172.21.15.121:3300/0,v1:172.21.15.121:6789/0] conn(0x7fdd60106d00 0x7fdd60190810 unknown :-1 s=CLOSED pgs=56 cs=0 l=1 rev1=1 crypto rx=0 tx=0 comp rx=0 tx=0).stop
2024-04-14T15:36:35.620 INFO:teuthology.orchestra.run.smithi121.stdout:/usr/bin/ceph: stderr
2024-04-14T15:36:35.009+0000 7fdd65f17700 1 -- 172.21.15.121:0/1983484834 >> 172.21.15.121:0/1983484834 conn(0x7fdd601004a0 msgr2=0x7fdd60101370 unknown :-1 s=STATE_NONE l=0).mark_down
2024-04-14T15:36:35.620 INFO:teuthology.orchestra.run.smithi121.stdout:/usr/bin/ceph: stderr
2024-04-14T15:36:35.009+0000 7fdd65f17700 1 -- 172.21.15.121:0/1983484834 shutdown_connections
2024-04-14T15:36:35.620 INFO:teuthology.orchestra.run.smithi121.stdout:/usr/bin/ceph: stderr
2024-04-14T15:36:35.009+0000 7fdd65f17700 1 -- 172.21.15.121:0/1983484834 wait complete.
2024-04-14T15:36:35.673 INFO:journalctl@ceph.mgr.y.smithi121.stdout:Apr 14 15:36:35 smithi121 ceph-60a84322-fa74-11ee-bc8e-c7b262605968-mgr-y[29916]:
2024-04-14T15:36:35.573+0000 7f3d6c419200 -1 mgr[py] Module osd_perf_query has missing NOTIFY_TYPES member
2024-04-14T15:36:35.673 INFO:journalctl@ceph.mgr.y.smithi121.stdout:Apr 14 15:36:35 smithi121 ceph-60a84322-fa74-11ee-bc8e-c7b262605968-mgr-y[29916]:
2024-04-14T15:36:35.672+0000 7f3d6c419200 -1 mgr[py] Module snap_schedule has missing NOTIFY_TYPES member
2024-04-14T15:36:36.179 INFO:journalctl@ceph.mon.a.smithi121.stdout:Apr 14 15:36:36 smithi121 ceph-mon[29686]: from='client.? 172.21.15.121:0/1983484834' entity='client.admin' cmd='[{"prefix": "mgr module enable", "module": "dashboard"}]': finished
2024-04-14T15:36:36.180 INFO:journalctl@ceph.mon.a.smithi121.stdout:Apr 14 15:36:36 smithi121 ceph-mon[29686]: mgrmap e9: y(active, since 20s)
2024-04-14T15:36:36.434 INFO:journalctl@ceph.mgr.y.smithi121.stdout:Apr 14 15:36:36 smithi121 ceph-60a84322-fa74-11ee-bc8e-c7b262605968-mgr-y[29916]:
2024-04-14T15:36:36.338+0000 7f3d6c419200 -1 mgr[py] Module zabbix has missing NOTIFY_TYPES member
2024-04-14T15:36:36.434 INFO:journalctl@ceph.mgr.y.smithi121.stdout:Apr 14 15:36:36 smithi121 ceph-60a84322-fa74-11ee-bc8e-c7b262605968-mgr-y[29916]:
2024-04-14T15:36:36.433+0000 7f3d6c419200 -1 mgr[py] Module balancer has missing NOTIFY_TYPES member
2024-04-14T15:36:36.723 INFO:journalctl@ceph.mgr.y.smithi121.stdout:Apr 14 15:36:36 smithi121 ceph-60a84322-fa74-11ee-bc8e-c7b262605968-mgr-y[29916]:
2024-04-14T15:36:36.579+0000 7f3d6c419200 -1 mgr[py] Module influx has missing NOTIFY_TYPES member
2024-04-14T15:36:36.723 INFO:journalctl@ceph.mgr.y.smithi121.stdout:Apr 14 15:36:36 smithi121 ceph-60a84322-fa74-11ee-bc8e-c7b262605968-mgr-y[29916]:
2024-04-14T15:36:36.676+0000 7f3d6c419200 -1 mgr[py] Module alerts has missing NOTIFY_TYPES member
2024-04-14T15:36:37.029 INFO:journalctl@ceph.mon.a.smithi121.stdout:Apr 14 15:36:37 smithi121 ceph-mon[29686]: from='client.? 172.21.15.121:0/2256421464' entity='client.admin' cmd=[{"prefix": "mgr stat"}]: dispatch
2024-04-14T15:36:37.029 INFO:journalctl@ceph.mgr.y.smithi121.stdout:Apr 14 15:36:36 smithi121 ceph-60a84322-fa74-11ee-bc8e-c7b262605968-mgr-y[29916]:
2024-04-14T15:36:36.760+0000 7f3d6c419200 -1 mgr[py] Module iostat has missing NOTIFY_TYPES member
2024-04-14T15:36:37.062 INFO:teuthology.orchestra.run.smithi121.stdout:/usr/bin/ceph: stdout {
2024-04-14T15:36:37.062 INFO:teuthology.orchestra.run.smithi121.stdout:/usr/bin/ceph: stdout "epoch": 9,
2024-04-14T15:36:37.062 INFO:teuthology.orchestra.run.smithi121.stdout:/usr/bin/ceph: stdout "available": true,
2024-04-14T15:36:37.062 INFO:teuthology.orchestra.run.smithi121.stdout:/usr/bin/ceph: stdout "active_name": "y",
2024-04-14T15:36:37.062 INFO:teuthology.orchestra.run.smithi121.stdout:/usr/bin/ceph: stdout "num_standby": 0
2024-04-14T15:36:37.062 INFO:teuthology.orchestra.run.smithi121.stdout:/usr/bin/ceph: stdout }
2024-04-14T15:36:37.062 INFO:teuthology.orchestra.run.smithi121.stdout:/usr/bin/ceph: stderr
2024-04-14T15:36:36.027+0000 7f14e2a4a700 1 Processor -- start
2024-04-14T15:36:37.062 INFO:teuthology.orchestra.run.smithi121.stdout:/usr/bin/ceph: stderr
2024-04-14T15:36:36.028+0000 7f14e2a4a700 1 -- start start
2024-04-14T15:36:37.062 INFO:teuthology.orchestra.run.smithi121.stdout:/usr/bin/ceph: stderr
2024-04-14T15:36:36.028+0000 7f14e2a4a700 1 --2- >> [v2:172.21.15.121:3300/0,v1:172.21.15.121:6789/0] conn(0x7f14dc106830 0x7f14dc106c50 unknown :-1 s=NONE pgs=0 cs=0 l=0 rev1=0 crypto rx=0 tx=0 comp rx=0 tx=0).connect
2024-04-14T15:36:37.062 INFO:teuthology.orchestra.run.smithi121.stdout:/usr/bin/ceph: stderr
2024-04-14T15:36:36.028+0000 7f14e2a4a700 1 -- --> [v2:172.21.15.121:3300/0,v1:172.21.15.121:6789/0] -- mon_getmap magic: 0 -- 0x7f14dc107220 con 0x7f14dc106830
2024-04-14T15:36:37.063 INFO:teuthology.orchestra.run.smithi121.stdout:/usr/bin/ceph: stderr
2024-04-14T15:36:36.028+0000 7f14dbfff700 1 --2- >> [v2:172.21.15.121:3300/0,v1:172.21.15.121:6789/0] conn(0x7f14dc106830 0x7f14dc106c50 unknown :-1 s=BANNER_CONNECTING pgs=0 cs=0 l=0 rev1=0 crypto rx=0 tx=0 comp rx=0 tx=0)._handle_peer_banner_payload supported=3 required=0
2024-04-14T15:36:37.063 INFO:teuthology.orchestra.run.smithi121.stdout:/usr/bin/ceph: stderr
2024-04-14T15:36:36.028+0000 7f14dbfff700 1 --2- >> [v2:172.21.15.121:3300/0,v1:172.21.15.121:6789/0] conn(0x7f14dc106830 0x7f14dc106c50 unknown :-1 s=HELLO_CONNECTING pgs=0 cs=0 l=0 rev1=1 crypto rx=0 tx=0 comp rx=0 tx=0).handle_hello peer v2:172.21.15.121:3300/0 says I am v2:172.21.15.121:33946/0 (socket says 172.21.15.121:33946)
2024-04-14T15:36:37.063 INFO:teuthology.orchestra.run.smithi121.stdout:/usr/bin/ceph: stderr
2024-04-14T15:36:36.028+0000 7f14dbfff700 1 -- 172.21.15.121:0/1945869553 learned_addr learned my addr 172.21.15.121:0/1945869553 (peer_addr_for_me v2:172.21.15.121:0/0)
2024-04-14T15:36:37.063 INFO:teuthology.orchestra.run.smithi121.stdout:/usr/bin/ceph: stderr
2024-04-14T15:36:36.028+0000 7f14dbfff700 1 -- 172.21.15.121:0/1945869553 --> [v2:172.21.15.121:3300/0,v1:172.21.15.121:6789/0] -- mon_subscribe({config=0+,monmap=0+}) -- 0x7f14dc1079e0 con 0x7f14dc106830
2024-04-14T15:36:37.063 INFO:teuthology.orchestra.run.smithi121.stdout:/usr/bin/ceph: stderr
2024-04-14T15:36:36.028+0000 7f14dbfff700 1 --2- 172.21.15.121:0/1945869553 >> [v2:172.21.15.121:3300/0,v1:172.21.15.121:6789/0] conn(0x7f14dc106830 0x7f14dc106c50 secure :-1 s=READY pgs=59 cs=0 l=1 rev1=1 crypto rx=0x7f14d00098a0 tx=0x7f14d0009bb0 comp rx=0 tx=0).ready entity=mon.0 client_cookie=9e466162c4303d83 server_cookie=0 in_seq=0 out_seq=0
2024-04-14T15:36:37.063 INFO:teuthology.orchestra.run.smithi121.stdout:/usr/bin/ceph: stderr
2024-04-14T15:36:36.029+0000 7f14daffd700 1 -- 172.21.15.121:0/1945869553 <== mon.0 v2:172.21.15.121:3300/0 1 ==== mon_map magic: 0 ==== 205+0+0 (secure 0 0 0) 0x7f14d0004160 con 0x7f14dc106830
2024-04-14T15:36:37.063 INFO:teuthology.orchestra.run.smithi121.stdout:/usr/bin/ceph: stderr
2024-04-14T15:36:36.029+0000 7f14daffd700 1 -- 172.21.15.121:0/1945869553 <== mon.0 v2:172.21.15.121:3300/0 2 ==== config(24 keys) ==== 1042+0+0 (secure 0 0 0) 0x7f14d0004300 con 0x7f14dc106830
2024-04-14T15:36:37.063 INFO:teuthology.orchestra.run.smithi121.stdout:/usr/bin/ceph: stderr
2024-04-14T15:36:36.029+0000 7f14daffd700 1 -- 172.21.15.121:0/1945869553 <== mon.0 v2:172.21.15.121:3300/0 3 ==== mon_map magic: 0 ==== 205+0+0 (secure 0 0 0) 0x7f14d00118f0 con 0x7f14dc106830
2024-04-14T15:36:37.063 INFO:teuthology.orchestra.run.smithi121.stdout:/usr/bin/ceph: stderr
2024-04-14T15:36:36.029+0000 7f14e2a4a700 1 -- 172.21.15.121:0/1945869553 >> [v2:172.21.15.121:3300/0,v1:172.21.15.121:6789/0] conn(0x7f14dc106830 msgr2=0x7f14dc106c50 secure :-1 s=STATE_CONNECTION_ESTABLISHED l=1).mark_down
2024-04-14T15:36:37.063 INFO:teuthology.orchestra.run.smithi121.stdout:/usr/bin/ceph: stderr
2024-04-14T15:36:36.029+0000 7f14e2a4a700 1 --2- 172.21.15.121:0/1945869553 >> [v2:172.21.15.121:3300/0,v1:172.21.15.121:6789/0] conn(0x7f14dc106830 0x7f14dc106c50 secure :-1 s=READY pgs=59 cs=0 l=1 rev1=1 crypto rx=0x7f14d00098a0 tx=0x7f14d0009bb0 comp rx=0 tx=0).stop
2024-04-14T15:36:37.063 INFO:teuthology.orchestra.run.smithi121.stdout:/usr/bin/ceph: stderr
2024-04-14T15:36:36.029+0000 7f14e2a4a700 1 -- 172.21.15.121:0/1945869553 shutdown_connections
2024-04-14T15:36:37.063 INFO:teuthology.orchestra.run.smithi121.stdout:/usr/bin/ceph: stderr
2024-04-14T15:36:36.029+0000 7f14e2a4a700 1 --2- 172.21.15.121:0/1945869553 >> [v2:172.21.15.121:3300/0,v1:172.21.15.121:6789/0] conn(0x7f14dc106830 0x7f14dc106c50 unknown :-1 s=CLOSED pgs=59 cs=0 l=1 rev1=1 crypto rx=0 tx=0 comp rx=0 tx=0).stop
2024-04-14T15:36:37.064 INFO:teuthology.orchestra.run.smithi121.stdout:/usr/bin/ceph: stderr
2024-04-14T15:36:36.029+0000 7f14e2a4a700 1 -- 172.21.15.121:0/1945869553 >> 172.21.15.121:0/1945869553 conn(0x7f14dc101e10 msgr2=0x7f14dc104230 unknown :-1 s=STATE_NONE l=0).mark_down
2024-04-14T15:36:37.064 INFO:teuthology.orchestra.run.smithi121.stdout:/usr/bin/ceph: stderr
2024-04-14T15:36:36.029+0000 7f14e2a4a700 1 -- 172.21.15.121:0/1945869553 shutdown_connections
2024-04-14T15:36:37.064 INFO:teuthology.orchestra.run.smithi121.stdout:/usr/bin/ceph: stderr
2024-04-14T15:36:36.029+0000 7f14e2a4a700 1 -- 172.21.15.121:0/1945869553 wait complete.
2024-04-14T15:36:37.064 INFO:teuthology.orchestra.run.smithi121.stdout:/usr/bin/ceph: stderr
2024-04-14T15:36:36.030+0000 7f14e2a4a700 1 Processor -- start
2024-04-14T15:36:37.064 INFO:teuthology.orchestra.run.smithi121.stdout:/usr/bin/ceph: stderr
2024-04-14T15:36:36.030+0000 7f14e2a4a700 1 -- start start
2024-04-14T15:36:37.064 INFO:teuthology.orchestra.run.smithi121.stdout:/usr/bin/ceph: stderr
2024-04-14T15:36:36.030+0000 7f14e2a4a700 1 --2- >> [v2:172.21.15.121:3300/0,v1:172.21.15.121:6789/0] conn(0x7f14dc106830 0x7f14dc19c8b0 unknown :-1 s=NONE pgs=0 cs=0 l=1 rev1=0 crypto rx=0 tx=0 comp rx=0 tx=0).connect
2024-04-14T15:36:37.064 INFO:teuthology.orchestra.run.smithi121.stdout:/usr/bin/ceph: stderr
2024-04-14T15:36:36.030+0000 7f14e2a4a700 1 -- --> [v2:172.21.15.121:3300/0,v1:172.21.15.121:6789/0] -- mon_getmap magic: 0 -- 0x7f14dc10ac10 con 0x7f14dc106830
2024-04-14T15:36:37.064 INFO:teuthology.orchestra.run.smithi121.stdout:/usr/bin/ceph: stderr
2024-04-14T15:36:36.030+0000 7f14dbfff700 1 --2- >> [v2:172.21.15.121:3300/0,v1:172.21.15.121:6789/0] conn(0x7f14dc106830 0x7f14dc19c8b0 unknown :-1 s=BANNER_CONNECTING pgs=0 cs=0 l=1 rev1=0 crypto rx=0 tx=0 comp rx=0 tx=0)._handle_peer_banner_payload supported=3 required=0
2024-04-14T15:36:37.064 INFO:teuthology.orchestra.run.smithi121.stdout:/usr/bin/ceph: stderr
2024-04-14T15:36:36.030+0000 7f14dbfff700 1 --2- >> [v2:172.21.15.121:3300/0,v1:172.21.15.121:6789/0] conn(0x7f14dc106830 0x7f14dc19c8b0 unknown :-1 s=HELLO_CONNECTING pgs=0 cs=0 l=1 rev1=1 crypto rx=0 tx=0 comp rx=0 tx=0).handle_hello peer v2:172.21.15.121:3300/0 says I am v2:172.21.15.121:33950/0 (socket says 172.21.15.121:33950)
2024-04-14T15:36:37.064 INFO:teuthology.orchestra.run.smithi121.stdout:/usr/bin/ceph: stderr
2024-04-14T15:36:36.030+0000 7f14dbfff700 1 -- 172.21.15.121:0/2256421464 learned_addr learned my addr 172.21.15.121:0/2256421464 (peer_addr_for_me v2:172.21.15.121:0/0)
2024-04-14T15:36:37.064 INFO:teuthology.orchestra.run.smithi121.stdout:/usr/bin/ceph: stderr
2024-04-14T15:36:36.031+0000 7f14dbfff700 1 -- 172.21.15.121:0/2256421464 --> [v2:172.21.15.121:3300/0,v1:172.21.15.121:6789/0] -- mon_subscribe({config=0+,monmap=0+}) -- 0x7f14dc19cdf0 con 0x7f14dc106830
2024-04-14T15:36:37.064 INFO:teuthology.orchestra.run.smithi121.stdout:/usr/bin/ceph: stderr
2024-04-14T15:36:36.031+0000 7f14dbfff700 1 --2- 172.21.15.121:0/2256421464 >> [v2:172.21.15.121:3300/0,v1:172.21.15.121:6789/0] conn(0x7f14dc106830 0x7f14dc19c8b0 secure :-1 s=READY pgs=60 cs=0 l=1 rev1=1 crypto rx=0x7f14d0003f60 tx=0x7f14d0011ef0 comp rx=0 tx=0).ready entity=mon.0 client_cookie=0 server_cookie=0 in_seq=0 out_seq=0
2024-04-14T15:36:37.064 INFO:teuthology.orchestra.run.smithi121.stdout:/usr/bin/ceph: stderr
2024-04-14T15:36:36.031+0000 7f14d97fa700 1 -- 172.21.15.121:0/2256421464 <== mon.0 v2:172.21.15.121:3300/0 1 ==== mon_map magic: 0 ==== 205+0+0 (secure 0 0 0) 0x7f14d00038b0 con 0x7f14dc106830
2024-04-14T15:36:37.064 INFO:teuthology.orchestra.run.smithi121.stdout:/usr/bin/ceph: stderr
2024-04-14T15:36:36.031+0000 7f14d97fa700 1 -- 172.21.15.121:0/2256421464 <== mon.0 v2:172.21.15.121:3300/0 2 ==== config(24 keys) ==== 1042+0+0 (secure 0 0 0) 0x7f14d0003a50 con 0x7f14dc106830
2024-04-14T15:36:37.064 INFO:teuthology.orchestra.run.smithi121.stdout:/usr/bin/ceph: stderr
2024-04-14T15:36:36.031+0000 7f14d97fa700 1 -- 172.21.15.121:0/2256421464 <== mon.0 v2:172.21.15.121:3300/0 3 ==== mon_map magic: 0 ==== 205+0+0 (secure 0 0 0) 0x7f14d0024410 con 0x7f14dc106830
2024-04-14T15:36:37.065 INFO:teuthology.orchestra.run.smithi121.stdout:/usr/bin/ceph: stderr
2024-04-14T15:36:36.031+0000 7f14e2a4a700 1 -- 172.21.15.121:0/2256421464 --> [v2:172.21.15.121:3300/0,v1:172.21.15.121:6789/0] -- mon_subscribe({mgrmap=0+}) -- 0x7f14dc19d080 con 0x7f14dc106830
2024-04-14T15:36:37.065 INFO:teuthology.orchestra.run.smithi121.stdout:/usr/bin/ceph: stderr
2024-04-14T15:36:36.031+0000 7f14e2a4a700 1 -- 172.21.15.121:0/2256421464 --> [v2:172.21.15.121:3300/0,v1:172.21.15.121:6789/0] -- mon_subscribe({osdmap=0}) -- 0x7f14dc19fd70 con 0x7f14dc106830
2024-04-14T15:36:37.065 INFO:teuthology.orchestra.run.smithi121.stdout:/usr/bin/ceph: stderr
2024-04-14T15:36:36.032+0000 7f14d97fa700 1 -- 172.21.15.121:0/2256421464 <== mon.0 v2:172.21.15.121:3300/0 4 ==== mgrmap(e 9) ==== 46571+0+0 (secure 0 0 0) 0x7f14d0022020 con 0x7f14dc106830
2024-04-14T15:36:37.065 INFO:teuthology.orchestra.run.smithi121.stdout:/usr/bin/ceph: stderr
2024-04-14T15:36:36.032+0000 7f14e2a4a700 1 -- 172.21.15.121:0/2256421464 --> [v2:172.21.15.121:3300/0,v1:172.21.15.121:6789/0] -- mon_command({"prefix": "get_command_descriptions"} v 0) -- 0x7f14dc10ad90 con 0x7f14dc106830
2024-04-14T15:36:37.065 INFO:teuthology.orchestra.run.smithi121.stdout:/usr/bin/ceph: stderr
2024-04-14T15:36:36.032+0000 7f14d97fa700 1 --2- 172.21.15.121:0/2256421464 >> [v2:172.21.15.121:6800/1968068090,v1:172.21.15.121:6801/1968068090] conn(0x7f14c4039600 0x7f14c403bac0 unknown :-1 s=NONE pgs=0 cs=0 l=1 rev1=0 crypto rx=0 tx=0 comp rx=0 tx=0).connect
2024-04-14T15:36:37.065 INFO:teuthology.orchestra.run.smithi121.stdout:/usr/bin/ceph: stderr
