2024-04-13T10:48:36.413+0000 7f1257463700 1 --2- 172.21.15.134:0/2861212479 >> [v2:172.21.15.134:3300/0,v1:172.21.15.134:6789/0] conn(0x7f1250103f20 0x7f125019b740 unknown :-1 s=CLOSED pgs=36 cs=0 l=1 rev1=1 crypto rx=0 tx=0 comp rx=0 tx=0).stop
2024-04-13T10:48:37.032 INFO:teuthology.orchestra.run.smithi134.stdout:/usr/bin/ceph: stderr
2024-04-13T10:48:36.414+0000 7f1257463700 1 -- 172.21.15.134:0/2861212479 >> 172.21.15.134:0/2861212479 conn(0x7f12500ff590 msgr2=0x7f125018b0f0 unknown :-1 s=STATE_NONE l=0).mark_down
2024-04-13T10:48:37.032 INFO:teuthology.orchestra.run.smithi134.stdout:/usr/bin/ceph: stderr
2024-04-13T10:48:36.414+0000 7f1257463700 1 -- 172.21.15.134:0/2861212479 shutdown_connections
2024-04-13T10:48:37.032 INFO:teuthology.orchestra.run.smithi134.stdout:/usr/bin/ceph: stderr
2024-04-13T10:48:36.414+0000 7f1257463700 1 -- 172.21.15.134:0/2861212479 wait complete.
2024-04-13T10:48:37.032 INFO:journalctl@ceph.mon.smithi134.smithi134.stdout:Apr 13 10:48:36 smithi134 ceph-mon[39696]: [13/Apr/2024:10:48:35] ENGINE Bus STARTING
2024-04-13T10:48:37.032 INFO:journalctl@ceph.mon.smithi134.smithi134.stdout:Apr 13 10:48:36 smithi134 ceph-mon[39696]: [13/Apr/2024:10:48:35] ENGINE Serving on https://172.21.15.134:7150
2024-04-13T10:48:37.033 INFO:journalctl@ceph.mon.smithi134.smithi134.stdout:Apr 13 10:48:36 smithi134 ceph-mon[39696]: [13/Apr/2024:10:48:35] ENGINE Serving on http://172.21.15.134:8765
2024-04-13T10:48:37.033 INFO:journalctl@ceph.mon.smithi134.smithi134.stdout:Apr 13 10:48:36 smithi134 ceph-mon[39696]: [13/Apr/2024:10:48:35] ENGINE Bus STARTED
2024-04-13T10:48:37.033 INFO:journalctl@ceph.mon.smithi134.smithi134.stdout:Apr 13 10:48:36 smithi134 ceph-mon[39696]: mgrmap e8: smithi134.tmanda(active, since 2s)
2024-04-13T10:48:37.033 INFO:journalctl@ceph.mon.smithi134.smithi134.stdout:Apr 13 10:48:36 smithi134 ceph-mon[39696]: from='mgr.14118 172.21.15.134:0/2760204221' entity='mgr.smithi134.tmanda'
2024-04-13T10:48:37.033 INFO:journalctl@ceph.mon.smithi134.smithi134.stdout:Apr 13 10:48:36 smithi134 ceph-mon[39696]: from='mgr.14118 172.21.15.134:0/2760204221' entity='mgr.smithi134.tmanda' cmd=[{"prefix": "config dump", "format": "json"}]: dispatch
2024-04-13T10:48:38.143 INFO:journalctl@ceph.mon.smithi134.smithi134.stdout:Apr 13 10:48:37 smithi134 ceph-mon[39696]: from='client.14130 -' entity='client.admin' cmd=[{"prefix": "orch set backend", "module_name": "cephadm", "target": ["mon-mgr", ""]}]: dispatch
2024-04-13T10:48:38.453 INFO:teuthology.orchestra.run.smithi134.stdout:/usr/bin/ceph: stdout value unchanged
2024-04-13T10:48:38.453 INFO:teuthology.orchestra.run.smithi134.stdout:/usr/bin/ceph: stderr
2024-04-13T10:48:37.527+0000 7f36111c1700 1 Processor -- start
2024-04-13T10:48:38.453 INFO:teuthology.orchestra.run.smithi134.stdout:/usr/bin/ceph: stderr
2024-04-13T10:48:37.527+0000 7f36111c1700 1 -- start start
2024-04-13T10:48:38.453 INFO:teuthology.orchestra.run.smithi134.stdout:/usr/bin/ceph: stderr
2024-04-13T10:48:37.527+0000 7f36111c1700 1 --2- >> [v2:172.21.15.134:3300/0,v1:172.21.15.134:6789/0] conn(0x7f360c0742e0 0x7f360c1084b0 unknown :-1 s=NONE pgs=0 cs=0 l=0 rev1=0 crypto rx=0 tx=0 comp rx=0 tx=0).connect
2024-04-13T10:48:38.453 INFO:teuthology.orchestra.run.smithi134.stdout:/usr/bin/ceph: stderr
2024-04-13T10:48:37.527+0000 7f36111c1700 1 -- --> [v2:172.21.15.134:3300/0,v1:172.21.15.134:6789/0] -- mon_getmap magic: 0 v1 -- 0x7f360c1089f0 con 0x7f360c0742e0
2024-04-13T10:48:38.453 INFO:teuthology.orchestra.run.smithi134.stdout:/usr/bin/ceph: stderr
2024-04-13T10:48:37.527+0000 7f360ad9d700 1 --2- >> [v2:172.21.15.134:3300/0,v1:172.21.15.134:6789/0] conn(0x7f360c0742e0 0x7f360c1084b0 unknown :-1 s=BANNER_CONNECTING pgs=0 cs=0 l=0 rev1=0 crypto rx=0 tx=0 comp rx=0 tx=0)._handle_peer_banner_payload supported=3 required=0
2024-04-13T10:48:38.453 INFO:teuthology.orchestra.run.smithi134.stdout:/usr/bin/ceph: stderr
2024-04-13T10:48:37.527+0000 7f360ad9d700 1 --2- >> [v2:172.21.15.134:3300/0,v1:172.21.15.134:6789/0] conn(0x7f360c0742e0 0x7f360c1084b0 unknown :-1 s=HELLO_CONNECTING pgs=0 cs=0 l=0 rev1=1 crypto rx=0 tx=0 comp rx=0 tx=0).handle_hello peer v2:172.21.15.134:3300/0 says I am v2:172.21.15.134:35314/0 (socket says 172.21.15.134:35314)
2024-04-13T10:48:38.453 INFO:teuthology.orchestra.run.smithi134.stdout:/usr/bin/ceph: stderr
2024-04-13T10:48:37.527+0000 7f360ad9d700 1 -- 172.21.15.134:0/3505429839 learned_addr learned my addr 172.21.15.134:0/3505429839 (peer_addr_for_me v2:172.21.15.134:0/0)
2024-04-13T10:48:38.454 INFO:teuthology.orchestra.run.smithi134.stdout:/usr/bin/ceph: stderr
2024-04-13T10:48:37.527+0000 7f360ad9d700 1 -- 172.21.15.134:0/3505429839 --> [v2:172.21.15.134:3300/0,v1:172.21.15.134:6789/0] -- mon_subscribe({config=0+,monmap=0+}) v3 -- 0x7f360c108b30 con 0x7f360c0742e0
2024-04-13T10:48:38.454 INFO:teuthology.orchestra.run.smithi134.stdout:/usr/bin/ceph: stderr
2024-04-13T10:48:37.527+0000 7f360ad9d700 1 --2- 172.21.15.134:0/3505429839 >> [v2:172.21.15.134:3300/0,v1:172.21.15.134:6789/0] conn(0x7f360c0742e0 0x7f360c1084b0 secure :-1 s=READY pgs=37 cs=0 l=1 rev1=1 crypto rx=0x7f36000098a0 tx=0x7f3600009bb0 comp rx=0 tx=0).ready entity=mon.0 client_cookie=34aa02c2388f0d0b server_cookie=0 in_seq=0 out_seq=0
2024-04-13T10:48:38.454 INFO:teuthology.orchestra.run.smithi134.stdout:/usr/bin/ceph: stderr
2024-04-13T10:48:37.527+0000 7f3609d9b700 1 -- 172.21.15.134:0/3505429839 <== mon.0 v2:172.21.15.134:3300/0 1 ==== mon_map magic: 0 v1 ==== 229+0+0 (secure 0 0 0) 0x7f3600004180 con 0x7f360c0742e0
2024-04-13T10:48:38.454 INFO:teuthology.orchestra.run.smithi134.stdout:/usr/bin/ceph: stderr
2024-04-13T10:48:37.527+0000 7f3609d9b700 1 -- 172.21.15.134:0/3505429839 <== mon.0 v2:172.21.15.134:3300/0 2 ==== config(26 keys) v1 ==== 1002+0+0 (secure 0 0 0) 0x7f36000042e0 con 0x7f360c0742e0
2024-04-13T10:48:38.454 INFO:teuthology.orchestra.run.smithi134.stdout:/usr/bin/ceph: stderr
2024-04-13T10:48:37.527+0000 7f3609d9b700 1 -- 172.21.15.134:0/3505429839 <== mon.0 v2:172.21.15.134:3300/0 3 ==== mon_map magic: 0 v1 ==== 229+0+0 (secure 0 0 0) 0x7f36000119d0 con 0x7f360c0742e0
2024-04-13T10:48:38.454 INFO:teuthology.orchestra.run.smithi134.stdout:/usr/bin/ceph: stderr
2024-04-13T10:48:37.528+0000 7f36111c1700 1 -- 172.21.15.134:0/3505429839 >> [v2:172.21.15.134:3300/0,v1:172.21.15.134:6789/0] conn(0x7f360c0742e0 msgr2=0x7f360c1084b0 secure :-1 s=STATE_CONNECTION_ESTABLISHED l=1).mark_down
2024-04-13T10:48:38.454 INFO:teuthology.orchestra.run.smithi134.stdout:/usr/bin/ceph: stderr
2024-04-13T10:48:37.528+0000 7f36111c1700 1 --2- 172.21.15.134:0/3505429839 >> [v2:172.21.15.134:3300/0,v1:172.21.15.134:6789/0] conn(0x7f360c0742e0 0x7f360c1084b0 secure :-1 s=READY pgs=37 cs=0 l=1 rev1=1 crypto rx=0x7f36000098a0 tx=0x7f3600009bb0 comp rx=0 tx=0).stop
2024-04-13T10:48:38.454 INFO:teuthology.orchestra.run.smithi134.stdout:/usr/bin/ceph: stderr
2024-04-13T10:48:37.528+0000 7f36111c1700 1 -- 172.21.15.134:0/3505429839 shutdown_connections
2024-04-13T10:48:38.454 INFO:teuthology.orchestra.run.smithi134.stdout:/usr/bin/ceph: stderr
2024-04-13T10:48:37.528+0000 7f36111c1700 1 --2- 172.21.15.134:0/3505429839 >> [v2:172.21.15.134:3300/0,v1:172.21.15.134:6789/0] conn(0x7f360c0742e0 0x7f360c1084b0 unknown :-1 s=CLOSED pgs=37 cs=0 l=1 rev1=1 crypto rx=0 tx=0 comp rx=0 tx=0).stop
2024-04-13T10:48:38.454 INFO:teuthology.orchestra.run.smithi134.stdout:/usr/bin/ceph: stderr
2024-04-13T10:48:37.528+0000 7f36111c1700 1 -- 172.21.15.134:0/3505429839 >> 172.21.15.134:0/3505429839 conn(0x7f360c0ffe20 msgr2=0x7f360c102230 unknown :-1 s=STATE_NONE l=0).mark_down
2024-04-13T10:48:38.454 INFO:teuthology.orchestra.run.smithi134.stdout:/usr/bin/ceph: stderr
2024-04-13T10:48:37.528+0000 7f36111c1700 1 -- 172.21.15.134:0/3505429839 shutdown_connections
2024-04-13T10:48:38.454 INFO:teuthology.orchestra.run.smithi134.stdout:/usr/bin/ceph: stderr
2024-04-13T10:48:37.528+0000 7f36111c1700 1 -- 172.21.15.134:0/3505429839 wait complete.
2024-04-13T10:48:38.454 INFO:teuthology.orchestra.run.smithi134.stdout:/usr/bin/ceph: stderr
2024-04-13T10:48:37.529+0000 7f36111c1700 1 Processor -- start
2024-04-13T10:48:38.455 INFO:teuthology.orchestra.run.smithi134.stdout:/usr/bin/ceph: stderr
2024-04-13T10:48:37.529+0000 7f36111c1700 1 -- start start
2024-04-13T10:48:38.455 INFO:teuthology.orchestra.run.smithi134.stdout:/usr/bin/ceph: stderr
2024-04-13T10:48:37.529+0000 7f36111c1700 1 --2- >> [v2:172.21.15.134:3300/0,v1:172.21.15.134:6789/0] conn(0x7f360c0742e0 0x7f360c1995b0 unknown :-1 s=NONE pgs=0 cs=0 l=1 rev1=0 crypto rx=0 tx=0 comp rx=0 tx=0).connect
2024-04-13T10:48:38.455 INFO:teuthology.orchestra.run.smithi134.stdout:/usr/bin/ceph: stderr
2024-04-13T10:48:37.529+0000 7f36111c1700 1 -- --> [v2:172.21.15.134:3300/0,v1:172.21.15.134:6789/0] -- mon_getmap magic: 0 v1 -- 0x7f360c199af0 con 0x7f360c0742e0
2024-04-13T10:48:38.455 INFO:teuthology.orchestra.run.smithi134.stdout:/usr/bin/ceph: stderr
2024-04-13T10:48:37.529+0000 7f360ad9d700 1 --2- >> [v2:172.21.15.134:3300/0,v1:172.21.15.134:6789/0] conn(0x7f360c0742e0 0x7f360c1995b0 unknown :-1 s=BANNER_CONNECTING pgs=0 cs=0 l=1 rev1=0 crypto rx=0 tx=0 comp rx=0 tx=0)._handle_peer_banner_payload supported=3 required=0
2024-04-13T10:48:38.455 INFO:teuthology.orchestra.run.smithi134.stdout:/usr/bin/ceph: stderr
2024-04-13T10:48:37.529+0000 7f360ad9d700 1 --2- >> [v2:172.21.15.134:3300/0,v1:172.21.15.134:6789/0] conn(0x7f360c0742e0 0x7f360c1995b0 unknown :-1 s=HELLO_CONNECTING pgs=0 cs=0 l=1 rev1=1 crypto rx=0 tx=0 comp rx=0 tx=0).handle_hello peer v2:172.21.15.134:3300/0 says I am v2:172.21.15.134:35326/0 (socket says 172.21.15.134:35326)
2024-04-13T10:48:38.455 INFO:teuthology.orchestra.run.smithi134.stdout:/usr/bin/ceph: stderr
2024-04-13T10:48:37.529+0000 7f360ad9d700 1 -- 172.21.15.134:0/1279038305 learned_addr learned my addr 172.21.15.134:0/1279038305 (peer_addr_for_me v2:172.21.15.134:0/0)
2024-04-13T10:48:38.455 INFO:teuthology.orchestra.run.smithi134.stdout:/usr/bin/ceph: stderr
2024-04-13T10:48:37.529+0000 7f360ad9d700 1 -- 172.21.15.134:0/1279038305 --> [v2:172.21.15.134:3300/0,v1:172.21.15.134:6789/0] -- mon_subscribe({config=0+,monmap=0+}) v3 -- 0x7f3600009550 con 0x7f360c0742e0
2024-04-13T10:48:38.455 INFO:teuthology.orchestra.run.smithi134.stdout:/usr/bin/ceph: stderr
2024-04-13T10:48:37.529+0000 7f360ad9d700 1 --2- 172.21.15.134:0/1279038305 >> [v2:172.21.15.134:3300/0,v1:172.21.15.134:6789/0] conn(0x7f360c0742e0 0x7f360c1995b0 secure :-1 s=READY pgs=38 cs=0 l=1 rev1=1 crypto rx=0x7f3600006af0 tx=0x7f3600011a30 comp rx=0 tx=0).ready entity=mon.0 client_cookie=0 server_cookie=0 in_seq=0 out_seq=0
2024-04-13T10:48:38.455 INFO:teuthology.orchestra.run.smithi134.stdout:/usr/bin/ceph: stderr
2024-04-13T10:48:37.530+0000 7f35f3fff700 1 -- 172.21.15.134:0/1279038305 <== mon.0 v2:172.21.15.134:3300/0 1 ==== mon_map magic: 0 v1 ==== 229+0+0 (secure 0 0 0) 0x7f3600024430 con 0x7f360c0742e0
2024-04-13T10:48:38.455 INFO:teuthology.orchestra.run.smithi134.stdout:/usr/bin/ceph: stderr
2024-04-13T10:48:37.530+0000 7f36111c1700 1 -- 172.21.15.134:0/1279038305 --> [v2:172.21.15.134:3300/0,v1:172.21.15.134:6789/0] -- mon_subscribe({mgrmap=0+}) v3 -- 0x7f360c199cf0 con 0x7f360c0742e0
2024-04-13T10:48:38.455 INFO:teuthology.orchestra.run.smithi134.stdout:/usr/bin/ceph: stderr
2024-04-13T10:48:37.530+0000 7f35f3fff700 1 -- 172.21.15.134:0/1279038305 <== mon.0 v2:172.21.15.134:3300/0 2 ==== config(26 keys) v1 ==== 1002+0+0 (secure 0 0 0) 0x7f36000249e0 con 0x7f360c0742e0
2024-04-13T10:48:38.455 INFO:teuthology.orchestra.run.smithi134.stdout:/usr/bin/ceph: stderr
2024-04-13T10:48:37.530+0000 7f35f3fff700 1 -- 172.21.15.134:0/1279038305 <== mon.0 v2:172.21.15.134:3300/0 3 ==== mon_map magic: 0 v1 ==== 229+0+0 (secure 0 0 0) 0x7f360001a970 con 0x7f360c0742e0
2024-04-13T10:48:38.455 INFO:teuthology.orchestra.run.smithi134.stdout:/usr/bin/ceph: stderr
2024-04-13T10:48:37.530+0000 7f36111c1700 1 -- 172.21.15.134:0/1279038305 --> [v2:172.21.15.134:3300/0,v1:172.21.15.134:6789/0] -- mon_subscribe({osdmap=0}) v3 -- 0x7f360c19a110 con 0x7f360c0742e0
2024-04-13T10:48:38.455 INFO:teuthology.orchestra.run.smithi134.stdout:/usr/bin/ceph: stderr
2024-04-13T10:48:37.530+0000 7f35f3fff700 1 -- 172.21.15.134:0/1279038305 <== mon.0 v2:172.21.15.134:3300/0 4 ==== mgrmap(e 8) v1 ==== 45084+0+0 (secure 0 0 0) 0x7f360001ac30 con 0x7f360c0742e0
2024-04-13T10:48:38.456 INFO:teuthology.orchestra.run.smithi134.stdout:/usr/bin/ceph: stderr
2024-04-13T10:48:37.531+0000 7f36111c1700 1 -- 172.21.15.134:0/1279038305 --> [v2:172.21.15.134:3300/0,v1:172.21.15.134:6789/0] -- mon_command({"prefix": "get_command_descriptions"} v 0) v1 -- 0x7f360c062380 con 0x7f360c0742e0
2024-04-13T10:48:38.456 INFO:teuthology.orchestra.run.smithi134.stdout:/usr/bin/ceph: stderr
2024-04-13T10:48:37.531+0000 7f35f3fff700 1 --2- 172.21.15.134:0/1279038305 >> [v2:172.21.15.134:6800/1656434316,v1:172.21.15.134:6801/1656434316] conn(0x7f35f40383f0 0x7f35f403a8a0 unknown :-1 s=NONE pgs=0 cs=0 l=1 rev1=0 crypto rx=0 tx=0 comp rx=0 tx=0).connect
2024-04-13T10:48:38.456 INFO:teuthology.orchestra.run.smithi134.stdout:/usr/bin/ceph: stderr
2024-04-13T10:48:37.531+0000 7f35f3fff700 1 -- 172.21.15.134:0/1279038305 <== mon.0 v2:172.21.15.134:3300/0 5 ==== osd_map(2..2 src has 1..2) v4 ==== 940+0+0 (secure 0 0 0) 0x7f360004c4e0 con 0x7f360c0742e0
2024-04-13T10:48:38.456 INFO:teuthology.orchestra.run.smithi134.stdout:/usr/bin/ceph: stderr
2024-04-13T10:48:37.531+0000 7f360a59c700 1 --2- 172.21.15.134:0/1279038305 >> [v2:172.21.15.134:6800/1656434316,v1:172.21.15.134:6801/1656434316] conn(0x7f35f40383f0 0x7f35f403a8a0 unknown :-1 s=BANNER_CONNECTING pgs=0 cs=0 l=1 rev1=0 crypto rx=0 tx=0 comp rx=0 tx=0)._handle_peer_banner_payload supported=3 required=0
2024-04-13T10:48:38.456 INFO:teuthology.orchestra.run.smithi134.stdout:/usr/bin/ceph: stderr
2024-04-13T10:48:37.531+0000 7f360a59c700 1 --2- 172.21.15.134:0/1279038305 >> [v2:172.21.15.134:6800/1656434316,v1:172.21.15.134:6801/1656434316] conn(0x7f35f40383f0 0x7f35f403a8a0 secure :-1 s=READY pgs=8 cs=0 l=1 rev1=1 crypto rx=0x7f35fc006fd0 tx=0x7f35fc006e40 comp rx=0 tx=0).ready entity=mgr.14118 client_cookie=0 server_cookie=0 in_seq=0 out_seq=0
2024-04-13T10:48:38.456 INFO:teuthology.orchestra.run.smithi134.stdout:/usr/bin/ceph: stderr
2024-04-13T10:48:37.535+0000 7f35f3fff700 1 -- 172.21.15.134:0/1279038305 <== mon.0 v2:172.21.15.134:3300/0 6 ==== mon_command_ack([{"prefix": "get_command_descriptions"}]=0 v0) v1 ==== 72+0+177933 (secure 0 0 0) 0x7f360002de30 con 0x7f360c0742e0
2024-04-13T10:48:38.456 INFO:teuthology.orchestra.run.smithi134.stdout:/usr/bin/ceph: stderr
2024-04-13T10:48:37.725+0000 7f36111c1700 1 -- 172.21.15.134:0/1279038305 --> [v2:172.21.15.134:6800/1656434316,v1:172.21.15.134:6801/1656434316] -- mgr_command(tid 0: {"prefix": "cephadm set-user", "user": "root", "target": ["mon-mgr", ""]}) v1 -- 0x7f360c102150 con 0x7f35f40383f0
2024-04-13T10:48:38.456 INFO:teuthology.orchestra.run.smithi134.stdout:/usr/bin/ceph: stderr
2024-04-13T10:48:37.726+0000 7f35f3fff700 1 -- 172.21.15.134:0/1279038305 <== mgr.14118 v2:172.21.15.134:6800/1656434316 1 ==== mgr_command_reply(tid 0: 0 ) v1 ==== 8+0+16 (secure 0 0 0) 0x7f360c102150 con 0x7f35f40383f0
2024-04-13T10:48:38.456 INFO:teuthology.orchestra.run.smithi134.stdout:/usr/bin/ceph: stderr
2024-04-13T10:48:37.728+0000 7f36111c1700 1 -- 172.21.15.134:0/1279038305 >> [v2:172.21.15.134:6800/1656434316,v1:172.21.15.134:6801/1656434316] conn(0x7f35f40383f0 msgr2=0x7f35f403a8a0 secure :-1 s=STATE_CONNECTION_ESTABLISHED l=1).mark_down
2024-04-13T10:48:38.456 INFO:teuthology.orchestra.run.smithi134.stdout:/usr/bin/ceph: stderr
2024-04-13T10:48:37.728+0000 7f36111c1700 1 --2- 172.21.15.134:0/1279038305 >> [v2:172.21.15.134:6800/1656434316,v1:172.21.15.134:6801/1656434316] conn(0x7f35f40383f0 0x7f35f403a8a0 secure :-1 s=READY pgs=8 cs=0 l=1 rev1=1 crypto rx=0x7f35fc006fd0 tx=0x7f35fc006e40 comp rx=0 tx=0).stop
2024-04-13T10:48:38.456 INFO:teuthology.orchestra.run.smithi134.stdout:/usr/bin/ceph: stderr
2024-04-13T10:48:37.728+0000 7f36111c1700 1 -- 172.21.15.134:0/1279038305 >> [v2:172.21.15.134:3300/0,v1:172.21.15.134:6789/0] conn(0x7f360c0742e0 msgr2=0x7f360c1995b0 secure :-1 s=STATE_CONNECTION_ESTABLISHED l=1).mark_down
2024-04-13T10:48:38.456 INFO:teuthology.orchestra.run.smithi134.stdout:/usr/bin/ceph: stderr
2024-04-13T10:48:37.728+0000 7f36111c1700 1 --2- 172.21.15.134:0/1279038305 >> [v2:172.21.15.134:3300/0,v1:172.21.15.134:6789/0] conn(0x7f360c0742e0 0x7f360c1995b0 secure :-1 s=READY pgs=38 cs=0 l=1 rev1=1 crypto rx=0x7f3600006af0 tx=0x7f3600011a30 comp rx=0 tx=0).stop
2024-04-13T10:48:38.456 INFO:teuthology.orchestra.run.smithi134.stdout:/usr/bin/ceph: stderr
2024-04-13T10:48:37.728+0000 7f36111c1700 1 -- 172.21.15.134:0/1279038305 shutdown_connections
2024-04-13T10:48:38.457 INFO:teuthology.orchestra.run.smithi134.stdout:/usr/bin/ceph: stderr
2024-04-13T10:48:37.728+0000 7f36111c1700 1 --2- 172.21.15.134:0/1279038305 >> [v2:172.21.15.134:6800/1656434316,v1:172.21.15.134:6801/1656434316] conn(0x7f35f40383f0 0x7f35f403a8a0 unknown :-1 s=CLOSED pgs=8 cs=0 l=1 rev1=1 crypto rx=0 tx=0 comp rx=0 tx=0).stop
2024-04-13T10:48:38.457 INFO:teuthology.orchestra.run.smithi134.stdout:/usr/bin/ceph: stderr
2024-04-13T10:48:37.728+0000 7f36111c1700 1 --2- 172.21.15.134:0/1279038305 >> [v2:172.21.15.134:3300/0,v1:172.21.15.134:6789/0] conn(0x7f360c0742e0 0x7f360c1995b0 unknown :-1 s=CLOSED pgs=38 cs=0 l=1 rev1=1 crypto rx=0 tx=0 comp rx=0 tx=0).stop
2024-04-13T10:48:38.457 INFO:teuthology.orchestra.run.smithi134.stdout:/usr/bin/ceph: stderr
2024-04-13T10:48:37.728+0000 7f36111c1700 1 -- 172.21.15.134:0/1279038305 >> 172.21.15.134:0/1279038305 conn(0x7f360c0ffe20 msgr2=0x7f360c101530 unknown :-1 s=STATE_NONE l=0).mark_down
2024-04-13T10:48:38.457 INFO:teuthology.orchestra.run.smithi134.stdout:/usr/bin/ceph: stderr
2024-04-13T10:48:37.729+0000 7f36111c1700 1 -- 172.21.15.134:0/1279038305 shutdown_connections
2024-04-13T10:48:38.457 INFO:teuthology.orchestra.run.smithi134.stdout:/usr/bin/ceph: stderr
2024-04-13T10:48:37.729+0000 7f36111c1700 1 -- 172.21.15.134:0/1279038305 wait complete.
2024-04-13T10:48:38.457 INFO:teuthology.orchestra.run.smithi134.stdout:Generating ssh key...
2024-04-13T10:48:39.184 INFO:journalctl@ceph.mon.smithi134.smithi134.stdout:Apr 13 10:48:38 smithi134 ceph-mon[39696]: from='client.14132 -' entity='client.admin' cmd=[{"prefix": "cephadm set-user", "user": "root", "target": ["mon-mgr", ""]}]: dispatch
2024-04-13T10:48:40.123 INFO:teuthology.orchestra.run.smithi134.stdout:/usr/bin/ceph: stderr
2024-04-13T10:48:38.989+0000 7f9b02976700 1 Processor -- start
2024-04-13T10:48:40.123 INFO:teuthology.orchestra.run.smithi134.stdout:/usr/bin/ceph: stderr
2024-04-13T10:48:38.989+0000 7f9b02976700 1 -- start start
2024-04-13T10:48:40.123 INFO:teuthology.orchestra.run.smithi134.stdout:/usr/bin/ceph: stderr
2024-04-13T10:48:38.990+0000 7f9b02976700 1 --2- >> [v2:172.21.15.134:3300/0,v1:172.21.15.134:6789/0] conn(0x7f9afc106400 0x7f9afc1087e0 unknown :-1 s=NONE pgs=0 cs=0 l=0 rev1=0 crypto rx=0 tx=0 comp rx=0 tx=0).connect
2024-04-13T10:48:40.123 INFO:teuthology.orchestra.run.smithi134.stdout:/usr/bin/ceph: stderr
2024-04-13T10:48:38.990+0000 7f9b02976700 1 -- --> [v2:172.21.15.134:3300/0,v1:172.21.15.134:6789/0] -- mon_getmap magic: 0 v1 -- 0x7f9afc074380 con 0x7f9afc106400
2024-04-13T10:48:40.123 INFO:teuthology.orchestra.run.smithi134.stdout:/usr/bin/ceph: stderr
2024-04-13T10:48:38.990+0000 7f9afbfff700 1 --2- >> [v2:172.21.15.134:3300/0,v1:172.21.15.134:6789/0] conn(0x7f9afc106400 0x7f9afc1087e0 unknown :-1 s=BANNER_CONNECTING pgs=0 cs=0 l=0 rev1=0 crypto rx=0 tx=0 comp rx=0 tx=0)._handle_peer_banner_payload supported=3 required=0
2024-04-13T10:48:40.123 INFO:teuthology.orchestra.run.smithi134.stdout:/usr/bin/ceph: stderr
2024-04-13T10:48:38.990+0000 7f9afbfff700 1 --2- >> [v2:172.21.15.134:3300/0,v1:172.21.15.134:6789/0] conn(0x7f9afc106400 0x7f9afc1087e0 unknown :-1 s=HELLO_CONNECTING pgs=0 cs=0 l=0 rev1=1 crypto rx=0 tx=0 comp rx=0 tx=0).handle_hello peer v2:172.21.15.134:3300/0 says I am v2:172.21.15.134:35338/0 (socket says 172.21.15.134:35338)
2024-04-13T10:48:40.124 INFO:teuthology.orchestra.run.smithi134.stdout:/usr/bin/ceph: stderr
2024-04-13T10:48:38.990+0000 7f9afbfff700 1 -- 172.21.15.134:0/4027015042 learned_addr learned my addr 172.21.15.134:0/4027015042 (peer_addr_for_me v2:172.21.15.134:0/0)
2024-04-13T10:48:40.124 INFO:teuthology.orchestra.run.smithi134.stdout:/usr/bin/ceph: stderr
2024-04-13T10:48:38.990+0000 7f9afbfff700 1 -- 172.21.15.134:0/4027015042 --> [v2:172.21.15.134:3300/0,v1:172.21.15.134:6789/0] -- mon_subscribe({config=0+,monmap=0+}) v3 -- 0x7f9afc0744c0 con 0x7f9afc106400
2024-04-13T10:48:40.124 INFO:teuthology.orchestra.run.smithi134.stdout:/usr/bin/ceph: stderr
2024-04-13T10:48:38.990+0000 7f9afbfff700 1 --2- 172.21.15.134:0/4027015042 >> [v2:172.21.15.134:3300/0,v1:172.21.15.134:6789/0] conn(0x7f9afc106400 0x7f9afc1087e0 secure :-1 s=READY pgs=39 cs=0 l=1 rev1=1 crypto rx=0x7f9aec0098a0 tx=0x7f9aec009bb0 comp rx=0 tx=0).ready entity=mon.0 client_cookie=90fc64479047f36e server_cookie=0 in_seq=0 out_seq=0
2024-04-13T10:48:40.124 INFO:teuthology.orchestra.run.smithi134.stdout:/usr/bin/ceph: stderr
2024-04-13T10:48:38.990+0000 7f9afaffd700 1 -- 172.21.15.134:0/4027015042 <== mon.0 v2:172.21.15.134:3300/0 1 ==== mon_map magic: 0 v1 ==== 229+0+0 (secure 0 0 0) 0x7f9aec004180 con 0x7f9afc106400
2024-04-13T10:48:40.124 INFO:teuthology.orchestra.run.smithi134.stdout:/usr/bin/ceph: stderr
2024-04-13T10:48:38.990+0000 7f9afaffd700 1 -- 172.21.15.134:0/4027015042 <== mon.0 v2:172.21.15.134:3300/0 2 ==== config(26 keys) v1 ==== 1002+0+0 (secure 0 0 0) 0x7f9aec0042e0 con 0x7f9afc106400
2024-04-13T10:48:40.124 INFO:teuthology.orchestra.run.smithi134.stdout:/usr/bin/ceph: stderr
2024-04-13T10:48:38.990+0000 7f9afaffd700 1 -- 172.21.15.134:0/4027015042 <== mon.0 v2:172.21.15.134:3300/0 3 ==== mon_map magic: 0 v1 ==== 229+0+0 (secure 0 0 0) 0x7f9aec0119d0 con 0x7f9afc106400
2024-04-13T10:48:40.124 INFO:teuthology.orchestra.run.smithi134.stdout:/usr/bin/ceph: stderr
2024-04-13T10:48:38.991+0000 7f9b02976700 1 -- 172.21.15.134:0/4027015042 >> [v2:172.21.15.134:3300/0,v1:172.21.15.134:6789/0] conn(0x7f9afc106400 msgr2=0x7f9afc1087e0 secure :-1 s=STATE_CONNECTION_ESTABLISHED l=1).mark_down
2024-04-13T10:48:40.124 INFO:teuthology.orchestra.run.smithi134.stdout:/usr/bin/ceph: stderr
2024-04-13T10:48:38.991+0000 7f9b02976700 1 --2- 172.21.15.134:0/4027015042 >> [v2:172.21.15.134:3300/0,v1:172.21.15.134:6789/0] conn(0x7f9afc106400 0x7f9afc1087e0 secure :-1 s=READY pgs=39 cs=0 l=1 rev1=1 crypto rx=0x7f9aec0098a0 tx=0x7f9aec009bb0 comp rx=0 tx=0).stop
2024-04-13T10:48:40.124 INFO:teuthology.orchestra.run.smithi134.stdout:/usr/bin/ceph: stderr
2024-04-13T10:48:38.991+0000 7f9b02976700 1 -- 172.21.15.134:0/4027015042 shutdown_connections
2024-04-13T10:48:40.124 INFO:teuthology.orchestra.run.smithi134.stdout:/usr/bin/ceph: stderr
2024-04-13T10:48:38.991+0000 7f9b02976700 1 --2- 172.21.15.134:0/4027015042 >> [v2:172.21.15.134:3300/0,v1:172.21.15.134:6789/0] conn(0x7f9afc106400 0x7f9afc1087e0 unknown :-1 s=CLOSED pgs=39 cs=0 l=1 rev1=1 crypto rx=0 tx=0 comp rx=0 tx=0).stop
2024-04-13T10:48:40.124 INFO:teuthology.orchestra.run.smithi134.stdout:/usr/bin/ceph: stderr
2024-04-13T10:48:38.991+0000 7f9b02976700 1 -- 172.21.15.134:0/4027015042 >> 172.21.15.134:0/4027015042 conn(0x7f9afc0ffe20 msgr2=0x7f9afc102230 unknown :-1 s=STATE_NONE l=0).mark_down
2024-04-13T10:48:40.124 INFO:teuthology.orchestra.run.smithi134.stdout:/usr/bin/ceph: stderr
2024-04-13T10:48:38.991+0000 7f9b02976700 1 -- 172.21.15.134:0/4027015042 shutdown_connections
2024-04-13T10:48:40.124 INFO:teuthology.orchestra.run.smithi134.stdout:/usr/bin/ceph: stderr
2024-04-13T10:48:38.991+0000 7f9b02976700 1 -- 172.21.15.134:0/4027015042 wait complete.
2024-04-13T10:48:40.125 INFO:teuthology.orchestra.run.smithi134.stdout:/usr/bin/ceph: stderr
2024-04-13T10:48:38.992+0000 7f9b02976700 1 Processor -- start
2024-04-13T10:48:40.125 INFO:teuthology.orchestra.run.smithi134.stdout:/usr/bin/ceph: stderr
2024-04-13T10:48:38.992+0000 7f9b02976700 1 -- start start
2024-04-13T10:48:40.125 INFO:teuthology.orchestra.run.smithi134.stdout:/usr/bin/ceph: stderr
2024-04-13T10:48:38.992+0000 7f9b02976700 1 --2- >> [v2:172.21.15.134:3300/0,v1:172.21.15.134:6789/0] conn(0x7f9afc106400 0x7f9afc105d60 unknown :-1 s=NONE pgs=0 cs=0 l=1 rev1=0 crypto rx=0 tx=0 comp rx=0 tx=0).connect
2024-04-13T10:48:40.125 INFO:teuthology.orchestra.run.smithi134.stdout:/usr/bin/ceph: stderr
2024-04-13T10:48:38.992+0000 7f9b02976700 1 -- --> [v2:172.21.15.134:3300/0,v1:172.21.15.134:6789/0] -- mon_getmap magic: 0 v1 -- 0x7f9afc1062a0 con 0x7f9afc106400
2024-04-13T10:48:40.125 INFO:teuthology.orchestra.run.smithi134.stdout:/usr/bin/ceph: stderr
2024-04-13T10:48:38.992+0000 7f9afbfff700 1 --2- >> [v2:172.21.15.134:3300/0,v1:172.21.15.134:6789/0] conn(0x7f9afc106400 0x7f9afc105d60 unknown :-1 s=BANNER_CONNECTING pgs=0 cs=0 l=1 rev1=0 crypto rx=0 tx=0 comp rx=0 tx=0)._handle_peer_banner_payload supported=3 required=0
2024-04-13T10:48:40.125 INFO:teuthology.orchestra.run.smithi134.stdout:/usr/bin/ceph: stderr
2024-04-13T10:48:38.992+0000 7f9afbfff700 1 --2- >> [v2:172.21.15.134:3300/0,v1:172.21.15.134:6789/0] conn(0x7f9afc106400 0x7f9afc105d60 unknown :-1 s=HELLO_CONNECTING pgs=0 cs=0 l=1 rev1=1 crypto rx=0 tx=0 comp rx=0 tx=0).handle_hello peer v2:172.21.15.134:3300/0 says I am v2:172.21.15.134:35348/0 (socket says 172.21.15.134:35348)
2024-04-13T10:48:40.125 INFO:teuthology.orchestra.run.smithi134.stdout:/usr/bin/ceph: stderr
2024-04-13T10:48:38.992+0000 7f9afbfff700 1 -- 172.21.15.134:0/2683952320 learned_addr learned my addr 172.21.15.134:0/2683952320 (peer_addr_for_me v2:172.21.15.134:0/0)
2024-04-13T10:48:40.125 INFO:teuthology.orchestra.run.smithi134.stdout:/usr/bin/ceph: stderr
2024-04-13T10:48:38.992+0000 7f9afbfff700 1 -- 172.21.15.134:0/2683952320 --> [v2:172.21.15.134:3300/0,v1:172.21.15.134:6789/0] -- mon_subscribe({config=0+,monmap=0+}) v3 -- 0x7f9aec009550 con 0x7f9afc106400
2024-04-13T10:48:40.125 INFO:teuthology.orchestra.run.smithi134.stdout:/usr/bin/ceph: stderr
2024-04-13T10:48:38.992+0000 7f9afbfff700 1 --2- 172.21.15.134:0/2683952320 >> [v2:172.21.15.134:3300/0,v1:172.21.15.134:6789/0] conn(0x7f9afc106400 0x7f9afc105d60 secure :-1 s=READY pgs=40 cs=0 l=1 rev1=1 crypto rx=0x7f9aec006af0 tx=0x7f9aec011a30 comp rx=0 tx=0).ready entity=mon.0 client_cookie=0 server_cookie=0 in_seq=0 out_seq=0
2024-04-13T10:48:40.125 INFO:teuthology.orchestra.run.smithi134.stdout:/usr/bin/ceph: stderr
2024-04-13T10:48:38.993+0000 7f9af97fa700 1 -- 172.21.15.134:0/2683952320 <== mon.0 v2:172.21.15.134:3300/0 1 ==== mon_map magic: 0 v1 ==== 229+0+0 (secure 0 0 0) 0x7f9aec003b40 con 0x7f9afc106400
2024-04-13T10:48:40.125 INFO:teuthology.orchestra.run.smithi134.stdout:/usr/bin/ceph: stderr
2024-04-13T10:48:38.993+0000 7f9af97fa700 1 -- 172.21.15.134:0/2683952320 <== mon.0 v2:172.21.15.134:3300/0 2 ==== config(26 keys) v1 ==== 1002+0+0 (secure 0 0 0) 0x7f9aec01a880 con 0x7f9afc106400
2024-04-13T10:48:40.125 INFO:teuthology.orchestra.run.smithi134.stdout:/usr/bin/ceph: stderr
2024-04-13T10:48:38.993+0000 7f9af97fa700 1 -- 172.21.15.134:0/2683952320 <== mon.0 v2:172.21.15.134:3300/0 3 ==== mon_map magic: 0 v1 ==== 229+0+0 (secure 0 0 0) 0x7f9aec019890 con 0x7f9afc106400
2024-04-13T10:48:40.125 INFO:teuthology.orchestra.run.smithi134.stdout:/usr/bin/ceph: stderr
2024-04-13T10:48:38.993+0000 7f9b02976700 1 -- 172.21.15.134:0/2683952320 --> [v2:172.21.15.134:3300/0,v1:172.21.15.134:6789/0] -- mon_subscribe({mgrmap=0+}) v3 -- 0x7f9afc104410 con 0x7f9afc106400
2024-04-13T10:48:40.126 INFO:teuthology.orchestra.run.smithi134.stdout:/usr/bin/ceph: stderr
2024-04-13T10:48:38.993+0000 7f9b02976700 1 -- 172.21.15.134:0/2683952320 --> [v2:172.21.15.134:3300/0,v1:172.21.15.134:6789/0] -- mon_subscribe({osdmap=0}) v3 -- 0x7f9afc104890 con 0x7f9afc106400
2024-04-13T10:48:40.126 INFO:teuthology.orchestra.run.smithi134.stdout:/usr/bin/ceph: stderr
2024-04-13T10:48:38.993+0000 7f9af97fa700 1 -- 172.21.15.134:0/2683952320 <== mon.0 v2:172.21.15.134:3300/0 4 ==== mgrmap(e 8) v1 ==== 45084+0+0 (secure 0 0 0) 0x7f9aec01a9f0 con 0x7f9afc106400
2024-04-13T10:48:40.126 INFO:teuthology.orchestra.run.smithi134.stdout:/usr/bin/ceph: stderr
2024-04-13T10:48:38.994+0000 7f9af97fa700 1 --2- 172.21.15.134:0/2683952320 >> [v2:172.21.15.134:6800/1656434316,v1:172.21.15.134:6801/1656434316] conn(0x7f9ae4038400 0x7f9ae403a8b0 unknown :-1 s=NONE pgs=0 cs=0 l=1 rev1=0 crypto rx=0 tx=0 comp rx=0 tx=0).connect
2024-04-13T10:48:40.126 INFO:teuthology.orchestra.run.smithi134.stdout:/usr/bin/ceph: stderr
2024-04-13T10:48:38.994+0000 7f9b02976700 1 -- 172.21.15.134:0/2683952320 --> [v2:172.21.15.134:3300/0,v1:172.21.15.134:6789/0] -- mon_command({"prefix": "get_command_descriptions"} v 0) v1 -- 0x7f9afc109880 con 0x7f9afc106400
2024-04-13T10:48:40.126 INFO:teuthology.orchestra.run.smithi134.stdout:/usr/bin/ceph: stderr
2024-04-13T10:48:38.994+0000 7f9af97fa700 1 -- 172.21.15.134:0/2683952320 <== mon.0 v2:172.21.15.134:3300/0 5 ==== osd_map(2..2 src has 1..2) v4 ==== 940+0+0 (secure 0 0 0) 0x7f9aec04c730 con 0x7f9afc106400
2024-04-13T10:48:40.126 INFO:teuthology.orchestra.run.smithi134.stdout:/usr/bin/ceph: stderr
2024-04-13T10:48:38.994+0000 7f9afb7fe700 1 --2- 172.21.15.134:0/2683952320 >> [v2:172.21.15.134:6800/1656434316,v1:172.21.15.134:6801/1656434316] conn(0x7f9ae4038400 0x7f9ae403a8b0 unknown :-1 s=BANNER_CONNECTING pgs=0 cs=0 l=1 rev1=0 crypto rx=0 tx=0 comp rx=0 tx=0)._handle_peer_banner_payload supported=3 required=0
2024-04-13T10:48:40.126 INFO:teuthology.orchestra.run.smithi134.stdout:/usr/bin/ceph: stderr
2024-04-13T10:48:38.994+0000 7f9afb7fe700 1 --2- 172.21.15.134:0/2683952320 >> [v2:172.21.15.134:6800/1656434316,v1:172.21.15.134:6801/1656434316] conn(0x7f9ae4038400 0x7f9ae403a8b0 secure :-1 s=READY pgs=9 cs=0 l=1 rev1=1 crypto rx=0x7f9af0006fd0 tx=0x7f9af0006e40 comp rx=0 tx=0).ready entity=mgr.14118 client_cookie=0 server_cookie=0 in_seq=0 out_seq=0
2024-04-13T10:48:40.126 INFO:teuthology.orchestra.run.smithi134.stdout:/usr/bin/ceph: stderr
2024-04-13T10:48:38.999+0000 7f9af97fa700 1 -- 172.21.15.134:0/2683952320 <== mon.0 v2:172.21.15.134:3300/0 6 ==== mon_command_ack([{"prefix": "get_command_descriptions"}]=0 v0) v1 ==== 72+0+177933 (secure 0 0 0) 0x7f9aec01adf0 con 0x7f9afc106400
2024-04-13T10:48:40.126 INFO:teuthology.orchestra.run.smithi134.stdout:/usr/bin/ceph: stderr
2024-04-13T10:48:39.185+0000 7f9b02976700 1 -- 172.21.15.134:0/2683952320 --> [v2:172.21.15.134:6800/1656434316,v1:172.21.15.134:6801/1656434316] -- mgr_command(tid 0: {"prefix": "cephadm generate-key", "target": ["mon-mgr", ""]}) v1 -- 0x7f9afc1020d0 con 0x7f9ae4038400
2024-04-13T10:48:40.126 INFO:teuthology.orchestra.run.smithi134.stdout:/usr/bin/ceph: stderr
2024-04-13T10:48:39.407+0000 7f9af97fa700 1 -- 172.21.15.134:0/2683952320 <== mgr.14118 v2:172.21.15.134:6800/1656434316 1 ==== mgr_command_reply(tid 0: 0 ) v1 ==== 8+0+0 (secure 0 0 0) 0x7f9afc1020d0 con 0x7f9ae4038400
2024-04-13T10:48:40.126 INFO:teuthology.orchestra.run.smithi134.stdout:/usr/bin/ceph: stderr
2024-04-13T10:48:39.409+0000 7f9b02976700 1 -- 172.21.15.134:0/2683952320 >> [v2:172.21.15.134:6800/1656434316,v1:172.21.15.134:6801/1656434316] conn(0x7f9ae4038400 msgr2=0x7f9ae403a8b0 secure :-1 s=STATE_CONNECTION_ESTABLISHED l=1).mark_down
2024-04-13T10:48:40.126 INFO:teuthology.orchestra.run.smithi134.stdout:/usr/bin/ceph: stderr
2024-04-13T10:48:39.409+0000 7f9b02976700 1 --2- 172.21.15.134:0/2683952320 >> [v2:172.21.15.134:6800/1656434316,v1:172.21.15.134:6801/1656434316] conn(0x7f9ae4038400 0x7f9ae403a8b0 secure :-1 s=READY pgs=9 cs=0 l=1 rev1=1 crypto rx=0x7f9af0006fd0 tx=0x7f9af0006e40 comp rx=0 tx=0).stop
2024-04-13T10:48:40.126 INFO:teuthology.orchestra.run.smithi134.stdout:/usr/bin/ceph: stderr
2024-04-13T10:48:39.409+0000 7f9b02976700 1 -- 172.21.15.134:0/2683952320 >> [v2:172.21.15.134:3300/0,v1:172.21.15.134:6789/0] conn(0x7f9afc106400 msgr2=0x7f9afc105d60 secure :-1 s=STATE_CONNECTION_ESTABLISHED l=1).mark_down
2024-04-13T10:48:40.127 INFO:teuthology.orchestra.run.smithi134.stdout:/usr/bin/ceph: stderr
2024-04-13T10:48:39.409+0000 7f9b02976700 1 --2- 172.21.15.134:0/2683952320 >> [v2:172.21.15.134:3300/0,v1:172.21.15.134:6789/0] conn(0x7f9afc106400 0x7f9afc105d60 secure :-1 s=READY pgs=40 cs=0 l=1 rev1=1 crypto rx=0x7f9aec006af0 tx=0x7f9aec011a30 comp rx=0 tx=0).stop
2024-04-13T10:48:40.127 INFO:teuthology.orchestra.run.smithi134.stdout:/usr/bin/ceph: stderr
2024-04-13T10:48:39.409+0000 7f9b02976700 1 -- 172.21.15.134:0/2683952320 shutdown_connections
2024-04-13T10:48:40.127 INFO:teuthology.orchestra.run.smithi134.stdout:/usr/bin/ceph: stderr
2024-04-13T10:48:39.409+0000 7f9b02976700 1 --2- 172.21.15.134:0/2683952320 >> [v2:172.21.15.134:6800/1656434316,v1:172.21.15.134:6801/1656434316] conn(0x7f9ae4038400 0x7f9ae403a8b0 unknown :-1 s=CLOSED pgs=9 cs=0 l=1 rev1=1 crypto rx=0 tx=0 comp rx=0 tx=0).stop
2024-04-13T10:48:40.127 INFO:journalctl@ceph.mon.smithi134.smithi134.stdout:Apr 13 10:48:39 smithi134 ceph-mon[39696]: from='client.14134 -' entity='client.admin' cmd=[{"prefix": "cephadm generate-key", "target": ["mon-mgr", ""]}]: dispatch
2024-04-13T10:48:40.127 INFO:journalctl@ceph.mon.smithi134.smithi134.stdout:Apr 13 10:48:39 smithi134 ceph-mon[39696]: Generating ssh key...
2024-04-13T10:48:40.127 INFO:journalctl@ceph.mon.smithi134.smithi134.stdout:Apr 13 10:48:39 smithi134 ceph-mon[39696]: from='mgr.14118 172.21.15.134:0/2760204221' entity='mgr.smithi134.tmanda'
2024-04-13T10:48:40.127 INFO:journalctl@ceph.mon.smithi134.smithi134.stdout:Apr 13 10:48:39 smithi134 ceph-mon[39696]: from='mgr.14118 172.21.15.134:0/2760204221' entity='mgr.smithi134.tmanda'
2024-04-13T10:48:40.128 INFO:teuthology.orchestra.run.smithi134.stdout:/usr/bin/ceph: stderr
2024-04-13T10:48:39.409+0000 7f9b02976700 1 --2- 172.21.15.134:0/2683952320 >> [v2:172.21.15.134:3300/0,v1:172.21.15.134:6789/0] conn(0x7f9afc106400 0x7f9afc105d60 unknown :-1 s=CLOSED pgs=40 cs=0 l=1 rev1=1 crypto rx=0 tx=0 comp rx=0 tx=0).stop
2024-04-13T10:48:40.128 INFO:teuthology.orchestra.run.smithi134.stdout:/usr/bin/ceph: stderr
2024-04-13T10:48:39.409+0000 7f9b02976700 1 -- 172.21.15.134:0/2683952320 >> 172.21.15.134:0/2683952320 conn(0x7f9afc0ffe20 msgr2=0x7f9afc1014b0 unknown :-1 s=STATE_NONE l=0).mark_down
2024-04-13T10:48:40.128 INFO:teuthology.orchestra.run.smithi134.stdout:/usr/bin/ceph: stderr
2024-04-13T10:48:39.409+0000 7f9b02976700 1 -- 172.21.15.134:0/2683952320 shutdown_connections
2024-04-13T10:48:40.128 INFO:teuthology.orchestra.run.smithi134.stdout:/usr/bin/ceph: stderr
2024-04-13T10:48:39.409+0000 7f9b02976700 1 -- 172.21.15.134:0/2683952320 wait complete.
2024-04-13T10:48:41.673 INFO:teuthology.orchestra.run.smithi134.stdout:/usr/bin/ceph: stdout ssh-rsa AAAAB3NzaC1yc2EAAAADAQABAAABgQCn+rVs2MGTIY7OkY+kaeWrk2kRwgPlrYoyq56DnelerR3OnfRenGDZ5Jno22uedTO8zfPaavNwlTA8ct7AmWsAj/IUb/4h8/K2AbJD0SEVvxUfLTLh8RsvNaSkD0PknVRuYAT8yi9CuRDw0OqCyHnjQItqYhlAo2rIH2ViMboy9Q30wT8EATb2uEPMaL+IKGe3aAwLcxIDJ3lnxjgxK8X8xGpOKVflkMTO/xkQ1ELU+jKWlvK0YI3FbLCjDjnI99aov8WbJAv3ratJCY3Ou1xQZaYoGBCYRa6hokYNgQTL25nplui9B5BB6NXE6dyFn022jMeNTxJl+HI6trpZGCupJrXv5Vh0PQxz6HS3l7HyDPW1W+aga/OeJbswYWlnO/GRQupQOh6gaNXEB6szqZDwqP9KanYTkWZ/ahMLXf9FZFi5khVZvVbDzwaImTKyd/NFp9IZ2UsK0pBeZ+rp+jiSD2tZrJuHeVT+mwQQ55K7ErI2RgIFfl41xAOOI9HYdUM= ceph-38dd2ea8-f983-11ee-bc8d-c7b262605968
2024-04-13T10:48:41.674 INFO:teuthology.orchestra.run.smithi134.stdout:/usr/bin/ceph: stderr
2024-04-13T10:48:40.887+0000 7efe41b60700 1 Processor -- start
2024-04-13T10:48:41.674 INFO:teuthology.orchestra.run.smithi134.stdout:/usr/bin/ceph: stderr
2024-04-13T10:48:40.887+0000 7efe41b60700 1 -- start start
2024-04-13T10:48:41.674 INFO:teuthology.orchestra.run.smithi134.stdout:/usr/bin/ceph: stderr
2024-04-13T10:48:40.887+0000 7efe41b60700 1 --2- >> [v2:172.21.15.134:3300/0,v1:172.21.15.134:6789/0] conn(0x7efe3c074300 0x7efe3c108490 unknown :-1 s=NONE pgs=0 cs=0 l=0 rev1=0 crypto rx=0 tx=0 comp rx=0 tx=0).connect
2024-04-13T10:48:41.674 INFO:teuthology.orchestra.run.smithi134.stdout:/usr/bin/ceph: stderr
2024-04-13T10:48:40.887+0000 7efe41b60700 1 -- --> [v2:172.21.15.134:3300/0,v1:172.21.15.134:6789/0] -- mon_getmap magic: 0 v1 -- 0x7efe3c1089d0 con 0x7efe3c074300
2024-04-13T10:48:41.674 INFO:teuthology.orchestra.run.smithi134.stdout:/usr/bin/ceph: stderr
2024-04-13T10:48:40.887+0000 7efe3b7fe700 1 --2- >> [v2:172.21.15.134:3300/0,v1:172.21.15.134:6789/0] conn(0x7efe3c074300 0x7efe3c108490 unknown :-1 s=BANNER_CONNECTING pgs=0 cs=0 l=0 rev1=0 crypto rx=0 tx=0 comp rx=0 tx=0)._handle_peer_banner_payload supported=3 required=0
2024-04-13T10:48:41.674 INFO:teuthology.orchestra.run.smithi134.stdout:/usr/bin/ceph: stderr
2024-04-13T10:48:40.887+0000 7efe3b7fe700 1 --2- >> [v2:172.21.15.134:3300/0,v1:172.21.15.134:6789/0] conn(0x7efe3c074300 0x7efe3c108490 unknown :-1 s=HELLO_CONNECTING pgs=0 cs=0 l=0 rev1=1 crypto rx=0 tx=0 comp rx=0 tx=0).handle_hello peer v2:172.21.15.134:3300/0 says I am v2:172.21.15.134:39444/0 (socket says 172.21.15.134:39444)
2024-04-13T10:48:41.674 INFO:teuthology.orchestra.run.smithi134.stdout:/usr/bin/ceph: stderr
2024-04-13T10:48:40.887+0000 7efe3b7fe700 1 -- 172.21.15.134:0/3121143973 learned_addr learned my addr 172.21.15.134:0/3121143973 (peer_addr_for_me v2:172.21.15.134:0/0)
2024-04-13T10:48:41.674 INFO:teuthology.orchestra.run.smithi134.stdout:/usr/bin/ceph: stderr
2024-04-13T10:48:40.888+0000 7efe3b7fe700 1 -- 172.21.15.134:0/3121143973 --> [v2:172.21.15.134:3300/0,v1:172.21.15.134:6789/0] -- mon_subscribe({config=0+,monmap=0+}) v3 -- 0x7efe3c108b10 con 0x7efe3c074300
2024-04-13T10:48:41.674 INFO:teuthology.orchestra.run.smithi134.stdout:/usr/bin/ceph: stderr
2024-04-13T10:48:40.888+0000 7efe3b7fe700 1 --2- 172.21.15.134:0/3121143973 >> [v2:172.21.15.134:3300/0,v1:172.21.15.134:6789/0] conn(0x7efe3c074300 0x7efe3c108490 secure :-1 s=READY pgs=41 cs=0 l=1 rev1=1 crypto rx=0x7efe240098a0 tx=0x7efe24009bb0 comp rx=0 tx=0).ready entity=mon.0 client_cookie=f39e7d5085f53d7 server_cookie=0 in_seq=0 out_seq=0
2024-04-13T10:48:41.674 INFO:teuthology.orchestra.run.smithi134.stdout:/usr/bin/ceph: stderr
2024-04-13T10:48:40.888+0000 7efe3a7fc700 1 -- 172.21.15.134:0/3121143973 <== mon.0 v2:172.21.15.134:3300/0 1 ==== mon_map magic: 0 v1 ==== 229+0+0 (secure 0 0 0) 0x7efe24004180 con 0x7efe3c074300
2024-04-13T10:48:41.674 INFO:teuthology.orchestra.run.smithi134.stdout:/usr/bin/ceph: stderr
2024-04-13T10:48:40.888+0000 7efe3a7fc700 1 -- 172.21.15.134:0/3121143973 <== mon.0 v2:172.21.15.134:3300/0 2 ==== config(26 keys) v1 ==== 1002+0+0 (secure 0 0 0) 0x7efe240042e0 con 0x7efe3c074300
2024-04-13T10:48:41.675 INFO:teuthology.orchestra.run.smithi134.stdout:/usr/bin/ceph: stderr
2024-04-13T10:48:40.888+0000 7efe3a7fc700 1 -- 172.21.15.134:0/3121143973 <== mon.0 v2:172.21.15.134:3300/0 3 ==== mon_map magic: 0 v1 ==== 229+0+0 (secure 0 0 0) 0x7efe240119d0 con 0x7efe3c074300
2024-04-13T10:48:41.675 INFO:teuthology.orchestra.run.smithi134.stdout:/usr/bin/ceph: stderr
2024-04-13T10:48:40.889+0000 7efe41b60700 1 -- 172.21.15.134:0/3121143973 >> [v2:172.21.15.134:3300/0,v1:172.21.15.134:6789/0] conn(0x7efe3c074300 msgr2=0x7efe3c108490 secure :-1 s=STATE_CONNECTION_ESTABLISHED l=1).mark_down
2024-04-13T10:48:41.675 INFO:teuthology.orchestra.run.smithi134.stdout:/usr/bin/ceph: stderr
2024-04-13T10:48:40.889+0000 7efe41b60700 1 --2- 172.21.15.134:0/3121143973 >> [v2:172.21.15.134:3300/0,v1:172.21.15.134:6789/0] conn(0x7efe3c074300 0x7efe3c108490 secure :-1 s=READY pgs=41 cs=0 l=1 rev1=1 crypto rx=0x7efe240098a0 tx=0x7efe24009bb0 comp rx=0 tx=0).stop
2024-04-13T10:48:41.675 INFO:teuthology.orchestra.run.smithi134.stdout:/usr/bin/ceph: stderr
2024-04-13T10:48:40.889+0000 7efe41b60700 1 -- 172.21.15.134:0/3121143973 shutdown_connections
2024-04-13T10:48:41.675 INFO:teuthology.orchestra.run.smithi134.stdout:/usr/bin/ceph: stderr
2024-04-13T10:48:40.889+0000 7efe41b60700 1 --2- 172.21.15.134:0/3121143973 >> [v2:172.21.15.134:3300/0,v1:172.21.15.134:6789/0] conn(0x7efe3c074300 0x7efe3c108490 unknown :-1 s=CLOSED pgs=41 cs=0 l=1 rev1=1 crypto rx=0 tx=0 comp rx=0 tx=0).stop
2024-04-13T10:48:41.675 INFO:teuthology.orchestra.run.smithi134.stdout:/usr/bin/ceph: stderr
2024-04-13T10:48:40.889+0000 7efe41b60700 1 -- 172.21.15.134:0/3121143973 >> 172.21.15.134:0/3121143973 conn(0x7efe3c0ffe20 msgr2=0x7efe3c102230 unknown :-1 s=STATE_NONE l=0).mark_down
2024-04-13T10:48:41.675 INFO:teuthology.orchestra.run.smithi134.stdout:/usr/bin/ceph: stderr
2024-04-13T10:48:40.889+0000 7efe41b60700 1 -- 172.21.15.134:0/3121143973 shutdown_connections
2024-04-13T10:48:41.675 INFO:teuthology.orchestra.run.smithi134.stdout:/usr/bin/ceph: stderr
2024-04-13T10:48:40.889+0000 7efe41b60700 1 -- 172.21.15.134:0/3121143973 wait complete.
2024-04-13T10:48:41.675 INFO:teuthology.orchestra.run.smithi134.stdout:/usr/bin/ceph: stderr
2024-04-13T10:48:40.889+0000 7efe41b60700 1 Processor -- start
2024-04-13T10:48:41.675 INFO:teuthology.orchestra.run.smithi134.stdout:/usr/bin/ceph: stderr
2024-04-13T10:48:40.889+0000 7efe41b60700 1 -- start start
2024-04-13T10:48:41.675 INFO:teuthology.orchestra.run.smithi134.stdout:/usr/bin/ceph: stderr
2024-04-13T10:48:40.890+0000 7efe41b60700 1 --2- >> [v2:172.21.15.134:3300/0,v1:172.21.15.134:6789/0] conn(0x7efe3c074300 0x7efe3c1995e0 unknown :-1 s=NONE pgs=0 cs=0 l=1 rev1=0 crypto rx=0 tx=0 comp rx=0 tx=0).connect
2024-04-13T10:48:41.675 INFO:teuthology.orchestra.run.smithi134.stdout:/usr/bin/ceph: stderr
2024-04-13T10:48:40.890+0000 7efe41b60700 1 -- --> [v2:172.21.15.134:3300/0,v1:172.21.15.134:6789/0] -- mon_getmap magic: 0 v1 -- 0x7efe3c199b20 con 0x7efe3c074300
2024-04-13T10:48:41.675 INFO:teuthology.orchestra.run.smithi134.stdout:/usr/bin/ceph: stderr
2024-04-13T10:48:40.890+0000 7efe3b7fe700 1 --2- >> [v2:172.21.15.134:3300/0,v1:172.21.15.134:6789/0] conn(0x7efe3c074300 0x7efe3c1995e0 unknown :-1 s=BANNER_CONNECTING pgs=0 cs=0 l=1 rev1=0 crypto rx=0 tx=0 comp rx=0 tx=0)._handle_peer_banner_payload supported=3 required=0
2024-04-13T10:48:41.676 INFO:teuthology.orchestra.run.smithi134.stdout:/usr/bin/ceph: stderr
2024-04-13T10:48:40.890+0000 7efe3b7fe700 1 --2- >> [v2:172.21.15.134:3300/0,v1:172.21.15.134:6789/0] conn(0x7efe3c074300 0x7efe3c1995e0 unknown :-1 s=HELLO_CONNECTING pgs=0 cs=0 l=1 rev1=1 crypto rx=0 tx=0 comp rx=0 tx=0).handle_hello peer v2:172.21.15.134:3300/0 says I am v2:172.21.15.134:39450/0 (socket says 172.21.15.134:39450)
2024-04-13T10:48:41.676 INFO:teuthology.orchestra.run.smithi134.stdout:/usr/bin/ceph: stderr
2024-04-13T10:48:40.890+0000 7efe3b7fe700 1 -- 172.21.15.134:0/3588997 learned_addr learned my addr 172.21.15.134:0/3588997 (peer_addr_for_me v2:172.21.15.134:0/0)
2024-04-13T10:48:41.676 INFO:teuthology.orchestra.run.smithi134.stdout:/usr/bin/ceph: stderr
2024-04-13T10:48:40.890+0000 7efe3b7fe700 1 -- 172.21.15.134:0/3588997 --> [v2:172.21.15.134:3300/0,v1:172.21.15.134:6789/0] -- mon_subscribe({config=0+,monmap=0+}) v3 -- 0x7efe24009550 con 0x7efe3c074300
2024-04-13T10:48:41.676 INFO:teuthology.orchestra.run.smithi134.stdout:/usr/bin/ceph: stderr
2024-04-13T10:48:40.890+0000 7efe3b7fe700 1 --2- 172.21.15.134:0/3588997 >> [v2:172.21.15.134:3300/0,v1:172.21.15.134:6789/0] conn(0x7efe3c074300 0x7efe3c1995e0 secure :-1 s=READY pgs=42 cs=0 l=1 rev1=1 crypto rx=0x7efe24009130 tx=0x7efe24011a30 comp rx=0 tx=0).ready entity=mon.0 client_cookie=0 server_cookie=0 in_seq=0 out_seq=0
2024-04-13T10:48:41.676 INFO:teuthology.orchestra.run.smithi134.stdout:/usr/bin/ceph: stderr
2024-04-13T10:48:40.890+0000 7efe38ff9700 1 -- 172.21.15.134:0/3588997 <== mon.0 v2:172.21.15.134:3300/0 1 ==== mon_map magic: 0 v1 ==== 229+0+0 (secure 0 0 0) 0x7efe240039c0 con 0x7efe3c074300
2024-04-13T10:48:41.676 INFO:teuthology.orchestra.run.smithi134.stdout:/usr/bin/ceph: stderr
2024-04-13T10:48:40.890+0000 7efe38ff9700 1 -- 172.21.15.134:0/3588997 <== mon.0 v2:172.21.15.134:3300/0 2 ==== config(26 keys) v1 ==== 1002+0+0 (secure 0 0 0) 0x7efe24003b20 con 0x7efe3c074300
2024-04-13T10:48:41.676 INFO:teuthology.orchestra.run.smithi134.stdout:/usr/bin/ceph: stderr
2024-04-13T10:48:40.890+0000 7efe38ff9700 1 -- 172.21.15.134:0/3588997 <== mon.0 v2:172.21.15.134:3300/0 3 ==== mon_map magic: 0 v1 ==== 229+0+0 (secure 0 0 0) 0x7efe24019780 con 0x7efe3c074300
2024-04-13T10:48:41.676 INFO:teuthology.orchestra.run.smithi134.stdout:/usr/bin/ceph: stderr
2024-04-13T10:48:40.890+0000 7efe41b60700 1 -- 172.21.15.134:0/3588997 --> [v2:172.21.15.134:3300/0,v1:172.21.15.134:6789/0] -- mon_subscribe({mgrmap=0+}) v3 -- 0x7efe3c199d20 con 0x7efe3c074300
2024-04-13T10:48:41.676 INFO:teuthology.orchestra.run.smithi134.stdout:/usr/bin/ceph: stderr
2024-04-13T10:48:40.890+0000 7efe41b60700 1 -- 172.21.15.134:0/3588997 --> [v2:172.21.15.134:3300/0,v1:172.21.15.134:6789/0] -- mon_subscribe({osdmap=0}) v3 -- 0x7efe3c19a140 con 0x7efe3c074300
2024-04-13T10:48:41.676 INFO:teuthology.orchestra.run.smithi134.stdout:/usr/bin/ceph: stderr
2024-04-13T10:48:40.891+0000 7efe38ff9700 1 -- 172.21.15.134:0/3588997 <== mon.0 v2:172.21.15.134:3300/0 4 ==== mgrmap(e 8) v1 ==== 45084+0+0 (secure 0 0 0) 0x7efe240199b0 con 0x7efe3c074300
2024-04-13T10:48:41.676 INFO:teuthology.orchestra.run.smithi134.stdout:/usr/bin/ceph: stderr
2024-04-13T10:48:40.891+0000 7efe41b60700 1 -- 172.21.15.134:0/3588997 --> [v2:172.21.15.134:3300/0,v1:172.21.15.134:6789/0] -- mon_command({"prefix": "get_command_descriptions"} v 0) v1 -- 0x7efe3c062380 con 0x7efe3c074300
2024-04-13T10:48:41.676 INFO:teuthology.orchestra.run.smithi134.stdout:/usr/bin/ceph: stderr
2024-04-13T10:48:40.891+0000 7efe38ff9700 1 --2- 172.21.15.134:0/3588997 >> [v2:172.21.15.134:6800/1656434316,v1:172.21.15.134:6801/1656434316] conn(0x7efe28038440 0x7efe2803a8f0 unknown :-1 s=NONE pgs=0 cs=0 l=1 rev1=0 crypto rx=0 tx=0 comp rx=0 tx=0).connect
2024-04-13T10:48:41.677 INFO:teuthology.orchestra.run.smithi134.stdout:/usr/bin/ceph: stderr
2024-04-13T10:48:40.891+0000 7efe38ff9700 1 -- 172.21.15.134:0/3588997 <== mon.0 v2:172.21.15.134:3300/0 5 ==== osd_map(2..2 src has 1..2) v4 ==== 940+0+0 (secure 0 0 0) 0x7efe2404c4d0 con 0x7efe3c074300
2024-04-13T10:48:41.677 INFO:teuthology.orchestra.run.smithi134.stdout:/usr/bin/ceph: stderr
2024-04-13T10:48:40.891+0000 7efe3affd700 1 --2- 172.21.15.134:0/3588997 >> [v2:172.21.15.134:6800/1656434316,v1:172.21.15.134:6801/1656434316] conn(0x7efe28038440 0x7efe2803a8f0 unknown :-1 s=BANNER_CONNECTING pgs=0 cs=0 l=1 rev1=0 crypto rx=0 tx=0 comp rx=0 tx=0)._handle_peer_banner_payload supported=3 required=0
2024-04-13T10:48:41.677 INFO:teuthology.orchestra.run.smithi134.stdout:/usr/bin/ceph: stderr
2024-04-13T10:48:40.892+0000 7efe3affd700 1 --2- 172.21.15.134:0/3588997 >> [v2:172.21.15.134:6800/1656434316,v1:172.21.15.134:6801/1656434316] conn(0x7efe28038440 0x7efe2803a8f0 secure :-1 s=READY pgs=10 cs=0 l=1 rev1=1 crypto rx=0x7efe2c006fd0 tx=0x7efe2c006e40 comp rx=0 tx=0).ready entity=mgr.14118 client_cookie=0 server_cookie=0 in_seq=0 out_seq=0
2024-04-13T10:48:41.677 INFO:teuthology.orchestra.run.smithi134.stdout:/usr/bin/ceph: stderr
2024-04-13T10:48:40.896+0000 7efe38ff9700 1 -- 172.21.15.134:0/3588997 <== mon.0 v2:172.21.15.134:3300/0 6 ==== mon_command_ack([{"prefix": "get_command_descriptions"}]=0 v0) v1 ==== 72+0+177933 (secure 0 0 0) 0x7efe24018db0 con 0x7efe3c074300
2024-04-13T10:48:41.677 INFO:teuthology.orchestra.run.smithi134.stdout:/usr/bin/ceph: stderr
2024-04-13T10:48:41.083+0000 7efe41b60700 1 -- 172.21.15.134:0/3588997 --> [v2:172.21.15.134:6800/1656434316,v1:172.21.15.134:6801/1656434316] -- mgr_command(tid 0: {"prefix": "cephadm get-pub-key", "target": ["mon-mgr", ""]}) v1 -- 0x7efe3c1020f0 con 0x7efe28038440
2024-04-13T10:48:41.677 INFO:teuthology.orchestra.run.smithi134.stdout:/usr/bin/ceph: stderr
2024-04-13T10:48:41.083+0000 7efe38ff9700 1 -- 172.21.15.134:0/3588997 <== mgr.14118 v2:172.21.15.134:6800/1656434316 1 ==== mgr_command_reply(tid 0: 0 ) v1 ==== 8+0+595 (secure 0 0 0) 0x7efe3c1020f0 con 0x7efe28038440
2024-04-13T10:48:41.677 INFO:teuthology.orchestra.run.smithi134.stdout:/usr/bin/ceph: stderr
2024-04-13T10:48:41.085+0000 7efe41b60700 1 -- 172.21.15.134:0/3588997 >> [v2:172.21.15.134:6800/1656434316,v1:172.21.15.134:6801/1656434316] conn(0x7efe28038440 msgr2=0x7efe2803a8f0 secure :-1 s=STATE_CONNECTION_ESTABLISHED l=1).mark_down
2024-04-13T10:48:41.677 INFO:teuthology.orchestra.run.smithi134.stdout:/usr/bin/ceph: stderr
2024-04-13T10:48:41.085+0000 7efe41b60700 1 --2- 172.21.15.134:0/3588997 >> [v2:172.21.15.134:6800/1656434316,v1:172.21.15.134:6801/1656434316] conn(0x7efe28038440 0x7efe2803a8f0 secure :-1 s=READY pgs=10 cs=0 l=1 rev1=1 crypto rx=0x7efe2c006fd0 tx=0x7efe2c006e40 comp rx=0 tx=0).stop
2024-04-13T10:48:41.677 INFO:teuthology.orchestra.run.smithi134.stdout:/usr/bin/ceph: stderr
2024-04-13T10:48:41.085+0000 7efe41b60700 1 -- 172.21.15.134:0/3588997 >> [v2:172.21.15.134:3300/0,v1:172.21.15.134:6789/0] conn(0x7efe3c074300 msgr2=0x7efe3c1995e0 secure :-1 s=STATE_CONNECTION_ESTABLISHED l=1).mark_down
2024-04-13T10:48:41.677 INFO:teuthology.orchestra.run.smithi134.stdout:/usr/bin/ceph: stderr
2024-04-13T10:48:41.085+0000 7efe41b60700 1 --2- 172.21.15.134:0/3588997 >> [v2:172.21.15.134:3300/0,v1:172.21.15.134:6789/0] conn(0x7efe3c074300 0x7efe3c1995e0 secure :-1 s=READY pgs=42 cs=0 l=1 rev1=1 crypto rx=0x7efe24009130 tx=0x7efe24011a30 comp rx=0 tx=0).stop
2024-04-13T10:48:41.677 INFO:teuthology.orchestra.run.smithi134.stdout:/usr/bin/ceph: stderr
2024-04-13T10:48:41.085+0000 7efe41b60700 1 -- 172.21.15.134:0/3588997 shutdown_connections
2024-04-13T10:48:41.678 INFO:teuthology.orchestra.run.smithi134.stdout:/usr/bin/ceph: stderr
