2024-04-13T10:49:17.672 INFO:teuthology.orchestra.run.smithi134.stdout:/usr/bin/ceph: stderr
2024-04-13T10:49:16.837+0000 7f68d6a4c700 1 --2- 172.21.15.134:0/3680850100 >> [v2:172.21.15.134:3300/0,v1:172.21.15.134:6789/0] conn(0x7f68d01047c0 0x7f68d0104bd0 secure :-1 s=READY pgs=86 cs=0 l=1 rev1=1 crypto rx=0x7f68c400bb40 tx=0x7f68c400be50 comp rx=0 tx=0).stop
2024-04-13T10:49:17.672 INFO:teuthology.orchestra.run.smithi134.stdout:/usr/bin/ceph: stderr
2024-04-13T10:49:16.837+0000 7f68d6a4c700 1 -- 172.21.15.134:0/3680850100 shutdown_connections
2024-04-13T10:49:17.672 INFO:teuthology.orchestra.run.smithi134.stdout:/usr/bin/ceph: stderr
2024-04-13T10:49:16.837+0000 7f68d6a4c700 1 --2- 172.21.15.134:0/3680850100 >> [v2:172.21.15.134:3300/0,v1:172.21.15.134:6789/0] conn(0x7f68d01047c0 0x7f68d0104bd0 unknown :-1 s=CLOSED pgs=86 cs=0 l=1 rev1=1 crypto rx=0 tx=0 comp rx=0 tx=0).stop
2024-04-13T10:49:17.672 INFO:teuthology.orchestra.run.smithi134.stdout:/usr/bin/ceph: stderr
2024-04-13T10:49:16.837+0000 7f68d6a4c700 1 -- 172.21.15.134:0/3680850100 >> 172.21.15.134:0/3680850100 conn(0x7f68d00ffe30 msgr2=0x7f68d0102240 unknown :-1 s=STATE_NONE l=0).mark_down
2024-04-13T10:49:17.672 INFO:teuthology.orchestra.run.smithi134.stdout:/usr/bin/ceph: stderr
2024-04-13T10:49:16.837+0000 7f68d6a4c700 1 -- 172.21.15.134:0/3680850100 shutdown_connections
2024-04-13T10:49:17.672 INFO:teuthology.orchestra.run.smithi134.stdout:/usr/bin/ceph: stderr
2024-04-13T10:49:16.837+0000 7f68d6a4c700 1 -- 172.21.15.134:0/3680850100 wait complete.
2024-04-13T10:49:17.672 INFO:teuthology.orchestra.run.smithi134.stdout:/usr/bin/ceph: stderr
2024-04-13T10:49:16.837+0000 7f68d6a4c700 1 Processor -- start
2024-04-13T10:49:17.672 INFO:teuthology.orchestra.run.smithi134.stdout:/usr/bin/ceph: stderr
2024-04-13T10:49:16.838+0000 7f68d6a4c700 1 -- start start
2024-04-13T10:49:17.672 INFO:teuthology.orchestra.run.smithi134.stdout:/usr/bin/ceph: stderr
2024-04-13T10:49:16.838+0000 7f68d6a4c700 1 --2- >> [v2:172.21.15.134:3300/0,v1:172.21.15.134:6789/0] conn(0x7f68d01047c0 0x7f68d019b7d0 unknown :-1 s=NONE pgs=0 cs=0 l=1 rev1=0 crypto rx=0 tx=0 comp rx=0 tx=0).connect
2024-04-13T10:49:17.672 INFO:teuthology.orchestra.run.smithi134.stdout:/usr/bin/ceph: stderr
2024-04-13T10:49:16.838+0000 7f68d6a4c700 1 -- --> [v2:172.21.15.134:3300/0,v1:172.21.15.134:6789/0] -- mon_getmap magic: 0 v1 -- 0x7f68d019bd10 con 0x7f68d01047c0
2024-04-13T10:49:17.672 INFO:teuthology.orchestra.run.smithi134.stdout:/usr/bin/ceph: stderr
2024-04-13T10:49:16.838+0000 7f68cffff700 1 --2- >> [v2:172.21.15.134:3300/0,v1:172.21.15.134:6789/0] conn(0x7f68d01047c0 0x7f68d019b7d0 unknown :-1 s=BANNER_CONNECTING pgs=0 cs=0 l=1 rev1=0 crypto rx=0 tx=0 comp rx=0 tx=0)._handle_peer_banner_payload supported=3 required=0
2024-04-13T10:49:17.672 INFO:teuthology.orchestra.run.smithi134.stdout:/usr/bin/ceph: stderr
2024-04-13T10:49:16.838+0000 7f68cffff700 1 --2- >> [v2:172.21.15.134:3300/0,v1:172.21.15.134:6789/0] conn(0x7f68d01047c0 0x7f68d019b7d0 unknown :-1 s=HELLO_CONNECTING pgs=0 cs=0 l=1 rev1=1 crypto rx=0 tx=0 comp rx=0 tx=0).handle_hello peer v2:172.21.15.134:3300/0 says I am v2:172.21.15.134:44592/0 (socket says 172.21.15.134:44592)
2024-04-13T10:49:17.672 INFO:teuthology.orchestra.run.smithi134.stdout:/usr/bin/ceph: stderr
2024-04-13T10:49:16.838+0000 7f68cffff700 1 -- 172.21.15.134:0/3236268825 learned_addr learned my addr 172.21.15.134:0/3236268825 (peer_addr_for_me v2:172.21.15.134:0/0)
2024-04-13T10:49:17.672 INFO:teuthology.orchestra.run.smithi134.stdout:/usr/bin/ceph: stderr
2024-04-13T10:49:16.838+0000 7f68cffff700 1 -- 172.21.15.134:0/3236268825 --> [v2:172.21.15.134:3300/0,v1:172.21.15.134:6789/0] -- mon_subscribe({config=0+,monmap=0+}) v3 -- 0x7f68c400b7f0 con 0x7f68d01047c0
2024-04-13T10:49:17.673 INFO:teuthology.orchestra.run.smithi134.stdout:/usr/bin/ceph: stderr
2024-04-13T10:49:16.838+0000 7f68cffff700 1 --2- 172.21.15.134:0/3236268825 >> [v2:172.21.15.134:3300/0,v1:172.21.15.134:6789/0] conn(0x7f68d01047c0 0x7f68d019b7d0 secure :-1 s=READY pgs=87 cs=0 l=1 rev1=1 crypto rx=0x7f68c4003a10 tx=0x7f68c4003f70 comp rx=0 tx=0).ready entity=mon.0 client_cookie=0 server_cookie=0 in_seq=0 out_seq=0
2024-04-13T10:49:17.673 INFO:teuthology.orchestra.run.smithi134.stdout:/usr/bin/ceph: stderr
2024-04-13T10:49:16.838+0000 7f68cd7fa700 1 -- 172.21.15.134:0/3236268825 <== mon.0 v2:172.21.15.134:3300/0 1 ==== mon_map magic: 0 v1 ==== 229+0+0 (secure 0 0 0) 0x7f68c4010580 con 0x7f68d01047c0
2024-04-13T10:49:17.673 INFO:teuthology.orchestra.run.smithi134.stdout:/usr/bin/ceph: stderr
2024-04-13T10:49:16.838+0000 7f68cd7fa700 1 -- 172.21.15.134:0/3236268825 <== mon.0 v2:172.21.15.134:3300/0 2 ==== config(26 keys) v1 ==== 1066+0+0 (secure 0 0 0) 0x7f68c4010b70 con 0x7f68d01047c0
2024-04-13T10:49:17.673 INFO:teuthology.orchestra.run.smithi134.stdout:/usr/bin/ceph: stderr
2024-04-13T10:49:16.838+0000 7f68d6a4c700 1 -- 172.21.15.134:0/3236268825 --> [v2:172.21.15.134:3300/0,v1:172.21.15.134:6789/0] -- mon_subscribe({mgrmap=0+}) v3 -- 0x7f68d019bf10 con 0x7f68d01047c0
2024-04-13T10:49:17.673 INFO:teuthology.orchestra.run.smithi134.stdout:/usr/bin/ceph: stderr
2024-04-13T10:49:16.838+0000 7f68cd7fa700 1 -- 172.21.15.134:0/3236268825 <== mon.0 v2:172.21.15.134:3300/0 3 ==== mon_map magic: 0 v1 ==== 229+0+0 (secure 0 0 0) 0x7f68c4021c00 con 0x7f68d01047c0
2024-04-13T10:49:17.673 INFO:teuthology.orchestra.run.smithi134.stdout:/usr/bin/ceph: stderr
2024-04-13T10:49:16.839+0000 7f68d6a4c700 1 -- 172.21.15.134:0/3236268825 --> [v2:172.21.15.134:3300/0,v1:172.21.15.134:6789/0] -- mon_subscribe({osdmap=0}) v3 -- 0x7f68d019c2d0 con 0x7f68d01047c0
2024-04-13T10:49:17.673 INFO:teuthology.orchestra.run.smithi134.stdout:/usr/bin/ceph: stderr
2024-04-13T10:49:16.839+0000 7f68cd7fa700 1 -- 172.21.15.134:0/3236268825 <== mon.0 v2:172.21.15.134:3300/0 4 ==== mgrmap(e 13) v1 ==== 45141+0+0 (secure 0 0 0) 0x7f68c40193f0 con 0x7f68d01047c0
2024-04-13T10:49:17.673 INFO:teuthology.orchestra.run.smithi134.stdout:/usr/bin/ceph: stderr
2024-04-13T10:49:16.839+0000 7f68cd7fa700 1 --2- 172.21.15.134:0/3236268825 >> [v2:172.21.15.134:6800/2524753251,v1:172.21.15.134:6801/2524753251] conn(0x7f68b80384e0 0x7f68b803a990 unknown :-1 s=NONE pgs=0 cs=0 l=1 rev1=0 crypto rx=0 tx=0 comp rx=0 tx=0).connect
2024-04-13T10:49:17.673 INFO:teuthology.orchestra.run.smithi134.stdout:/usr/bin/ceph: stderr
2024-04-13T10:49:16.839+0000 7f68d6a4c700 1 -- 172.21.15.134:0/3236268825 --> [v2:172.21.15.134:3300/0,v1:172.21.15.134:6789/0] -- mon_command({"prefix": "get_command_descriptions"} v 0) v1 -- 0x7f68d01910f0 con 0x7f68d01047c0
2024-04-13T10:49:17.673 INFO:teuthology.orchestra.run.smithi134.stdout:/usr/bin/ceph: stderr
2024-04-13T10:49:16.839+0000 7f68cd7fa700 1 -- 172.21.15.134:0/3236268825 <== mon.0 v2:172.21.15.134:3300/0 5 ==== osd_map(3..3 src has 1..3) v4 ==== 1155+0+0 (secure 0 0 0) 0x7f68c404c660 con 0x7f68d01047c0
2024-04-13T10:49:17.673 INFO:teuthology.orchestra.run.smithi134.stdout:/usr/bin/ceph: stderr
2024-04-13T10:49:16.840+0000 7f68cf7fe700 1 --2- 172.21.15.134:0/3236268825 >> [v2:172.21.15.134:6800/2524753251,v1:172.21.15.134:6801/2524753251] conn(0x7f68b80384e0 0x7f68b803a990 unknown :-1 s=BANNER_CONNECTING pgs=0 cs=0 l=1 rev1=0 crypto rx=0 tx=0 comp rx=0 tx=0)._handle_peer_banner_payload supported=3 required=0
2024-04-13T10:49:17.673 INFO:teuthology.orchestra.run.smithi134.stdout:/usr/bin/ceph: stderr
2024-04-13T10:49:16.840+0000 7f68cf7fe700 1 --2- 172.21.15.134:0/3236268825 >> [v2:172.21.15.134:6800/2524753251,v1:172.21.15.134:6801/2524753251] conn(0x7f68b80384e0 0x7f68b803a990 secure :-1 s=READY pgs=10 cs=0 l=1 rev1=1 crypto rx=0x7f68c0006fd0 tx=0x7f68c0006e40 comp rx=0 tx=0).ready entity=mgr.14162 client_cookie=0 server_cookie=0 in_seq=0 out_seq=0
2024-04-13T10:49:17.673 INFO:teuthology.orchestra.run.smithi134.stdout:/usr/bin/ceph: stderr
2024-04-13T10:49:16.844+0000 7f68cd7fa700 1 -- 172.21.15.134:0/3236268825 <== mon.0 v2:172.21.15.134:3300/0 6 ==== mon_command_ack([{"prefix": "get_command_descriptions"}]=0 v0) v1 ==== 72+0+177933 (secure 0 0 0) 0x7f68c400e950 con 0x7f68d01047c0
2024-04-13T10:49:17.674 INFO:teuthology.orchestra.run.smithi134.stdout:/usr/bin/ceph: stderr
2024-04-13T10:49:17.032+0000 7f68d6a4c700 1 -- 172.21.15.134:0/3236268825 --> [v2:172.21.15.134:3300/0,v1:172.21.15.134:6789/0] -- mon_command([{prefix=config set, name=osd_memory_target_autotune}] v 0) v1 -- 0x7f68d002d050 con 0x7f68d01047c0
2024-04-13T10:49:17.674 INFO:teuthology.orchestra.run.smithi134.stdout:/usr/bin/ceph: stderr
2024-04-13T10:49:17.032+0000 7f68cd7fa700 1 -- 172.21.15.134:0/3236268825 <== mon.0 v2:172.21.15.134:3300/0 7 ==== mon_command_ack([{prefix=config set, name=osd_memory_target_autotune}]=0 v8)=0 v8) v1 ==== 127+0+0 (secure 0 0 0) 0x7f68c4010ce0 con 0x7f68d01047c0
2024-04-13T10:49:17.674 INFO:teuthology.orchestra.run.smithi134.stdout:/usr/bin/ceph: stderr
2024-04-13T10:49:17.034+0000 7f68d6a4c700 1 -- 172.21.15.134:0/3236268825 >> [v2:172.21.15.134:6800/2524753251,v1:172.21.15.134:6801/2524753251] conn(0x7f68b80384e0 msgr2=0x7f68b803a990 secure :-1 s=STATE_CONNECTION_ESTABLISHED l=1).mark_down
2024-04-13T10:49:17.674 INFO:teuthology.orchestra.run.smithi134.stdout:/usr/bin/ceph: stderr
2024-04-13T10:49:17.034+0000 7f68d6a4c700 1 --2- 172.21.15.134:0/3236268825 >> [v2:172.21.15.134:6800/2524753251,v1:172.21.15.134:6801/2524753251] conn(0x7f68b80384e0 0x7f68b803a990 secure :-1 s=READY pgs=10 cs=0 l=1 rev1=1 crypto rx=0x7f68c0006fd0 tx=0x7f68c0006e40 comp rx=0 tx=0).stop
2024-04-13T10:49:17.674 INFO:teuthology.orchestra.run.smithi134.stdout:/usr/bin/ceph: stderr
2024-04-13T10:49:17.034+0000 7f68d6a4c700 1 -- 172.21.15.134:0/3236268825 >> [v2:172.21.15.134:3300/0,v1:172.21.15.134:6789/0] conn(0x7f68d01047c0 msgr2=0x7f68d019b7d0 secure :-1 s=STATE_CONNECTION_ESTABLISHED l=1).mark_down
2024-04-13T10:49:17.674 INFO:teuthology.orchestra.run.smithi134.stdout:/usr/bin/ceph: stderr
2024-04-13T10:49:17.034+0000 7f68d6a4c700 1 --2- 172.21.15.134:0/3236268825 >> [v2:172.21.15.134:3300/0,v1:172.21.15.134:6789/0] conn(0x7f68d01047c0 0x7f68d019b7d0 secure :-1 s=READY pgs=87 cs=0 l=1 rev1=1 crypto rx=0x7f68c4003a10 tx=0x7f68c4003f70 comp rx=0 tx=0).stop
2024-04-13T10:49:17.674 INFO:teuthology.orchestra.run.smithi134.stdout:/usr/bin/ceph: stderr
2024-04-13T10:49:17.034+0000 7f68d6a4c700 1 -- 172.21.15.134:0/3236268825 shutdown_connections
2024-04-13T10:49:17.674 INFO:teuthology.orchestra.run.smithi134.stdout:/usr/bin/ceph: stderr
2024-04-13T10:49:17.034+0000 7f68d6a4c700 1 --2- 172.21.15.134:0/3236268825 >> [v2:172.21.15.134:6800/2524753251,v1:172.21.15.134:6801/2524753251] conn(0x7f68b80384e0 0x7f68b803a990 unknown :-1 s=CLOSED pgs=10 cs=0 l=1 rev1=1 crypto rx=0 tx=0 comp rx=0 tx=0).stop
2024-04-13T10:49:17.674 INFO:teuthology.orchestra.run.smithi134.stdout:/usr/bin/ceph: stderr
2024-04-13T10:49:17.034+0000 7f68d6a4c700 1 --2- 172.21.15.134:0/3236268825 >> [v2:172.21.15.134:3300/0,v1:172.21.15.134:6789/0] conn(0x7f68d01047c0 0x7f68d019b7d0 unknown :-1 s=CLOSED pgs=87 cs=0 l=1 rev1=1 crypto rx=0 tx=0 comp rx=0 tx=0).stop
2024-04-13T10:49:17.674 INFO:teuthology.orchestra.run.smithi134.stdout:/usr/bin/ceph: stderr
2024-04-13T10:49:17.034+0000 7f68d6a4c700 1 -- 172.21.15.134:0/3236268825 >> 172.21.15.134:0/3236268825 conn(0x7f68d00ffe30 msgr2=0x7f68d018e230 unknown :-1 s=STATE_NONE l=0).mark_down
2024-04-13T10:49:17.674 INFO:teuthology.orchestra.run.smithi134.stdout:/usr/bin/ceph: stderr
2024-04-13T10:49:17.034+0000 7f68d6a4c700 1 -- 172.21.15.134:0/3236268825 shutdown_connections
2024-04-13T10:49:17.674 INFO:teuthology.orchestra.run.smithi134.stdout:/usr/bin/ceph: stderr
2024-04-13T10:49:17.034+0000 7f68d6a4c700 1 -- 172.21.15.134:0/3236268825 wait complete.
2024-04-13T10:49:19.229 INFO:teuthology.orchestra.run.smithi134.stdout:/usr/bin/ceph: stderr
2024-04-13T10:49:18.198+0000 7f9dcaf1a700 1 Processor -- start
2024-04-13T10:49:19.230 INFO:teuthology.orchestra.run.smithi134.stdout:/usr/bin/ceph: stderr
2024-04-13T10:49:18.198+0000 7f9dcaf1a700 1 -- start start
2024-04-13T10:49:19.230 INFO:teuthology.orchestra.run.smithi134.stdout:/usr/bin/ceph: stderr
2024-04-13T10:49:18.198+0000 7f9dcaf1a700 1 --2- >> [v2:172.21.15.134:3300/0,v1:172.21.15.134:6789/0] conn(0x7f9dc4079cf0 0x7f9dc410a860 unknown :-1 s=NONE pgs=0 cs=0 l=0 rev1=0 crypto rx=0 tx=0 comp rx=0 tx=0).connect
2024-04-13T10:49:19.230 INFO:teuthology.orchestra.run.smithi134.stdout:/usr/bin/ceph: stderr
2024-04-13T10:49:18.198+0000 7f9dcaf1a700 1 -- --> [v2:172.21.15.134:3300/0,v1:172.21.15.134:6789/0] -- mon_getmap magic: 0 v1 -- 0x7f9dc4106250 con 0x7f9dc4079cf0
2024-04-13T10:49:19.230 INFO:teuthology.orchestra.run.smithi134.stdout:/usr/bin/ceph: stderr
2024-04-13T10:49:18.199+0000 7f9dc8cb6700 1 --2- >> [v2:172.21.15.134:3300/0,v1:172.21.15.134:6789/0] conn(0x7f9dc4079cf0 0x7f9dc410a860 unknown :-1 s=BANNER_CONNECTING pgs=0 cs=0 l=0 rev1=0 crypto rx=0 tx=0 comp rx=0 tx=0)._handle_peer_banner_payload supported=3 required=0
2024-04-13T10:49:19.230 INFO:teuthology.orchestra.run.smithi134.stdout:/usr/bin/ceph: stderr
2024-04-13T10:49:18.199+0000 7f9dc8cb6700 1 --2- >> [v2:172.21.15.134:3300/0,v1:172.21.15.134:6789/0] conn(0x7f9dc4079cf0 0x7f9dc410a860 unknown :-1 s=HELLO_CONNECTING pgs=0 cs=0 l=0 rev1=1 crypto rx=0 tx=0 comp rx=0 tx=0).handle_hello peer v2:172.21.15.134:3300/0 says I am v2:172.21.15.134:44606/0 (socket says 172.21.15.134:44606)
2024-04-13T10:49:19.230 INFO:teuthology.orchestra.run.smithi134.stdout:/usr/bin/ceph: stderr
2024-04-13T10:49:18.199+0000 7f9dc8cb6700 1 -- 172.21.15.134:0/3379695666 learned_addr learned my addr 172.21.15.134:0/3379695666 (peer_addr_for_me v2:172.21.15.134:0/0)
2024-04-13T10:49:19.230 INFO:teuthology.orchestra.run.smithi134.stdout:/usr/bin/ceph: stderr
2024-04-13T10:49:18.199+0000 7f9dc8cb6700 1 -- 172.21.15.134:0/3379695666 --> [v2:172.21.15.134:3300/0,v1:172.21.15.134:6789/0] -- mon_subscribe({config=0+,monmap=0+}) v3 -- 0x7f9dc410ada0 con 0x7f9dc4079cf0
2024-04-13T10:49:19.230 INFO:teuthology.orchestra.run.smithi134.stdout:/usr/bin/ceph: stderr
2024-04-13T10:49:18.199+0000 7f9dc8cb6700 1 --2- 172.21.15.134:0/3379695666 >> [v2:172.21.15.134:3300/0,v1:172.21.15.134:6789/0] conn(0x7f9dc4079cf0 0x7f9dc410a860 secure :-1 s=READY pgs=88 cs=0 l=1 rev1=1 crypto rx=0x7f9db80098a0 tx=0x7f9db8009bb0 comp rx=0 tx=0).ready entity=mon.0 client_cookie=ffca3c2ded44c7cf server_cookie=0 in_seq=0 out_seq=0
2024-04-13T10:49:19.230 INFO:teuthology.orchestra.run.smithi134.stdout:/usr/bin/ceph: stderr
2024-04-13T10:49:18.199+0000 7f9dc37fe700 1 -- 172.21.15.134:0/3379695666 <== mon.0 v2:172.21.15.134:3300/0 1 ==== mon_map magic: 0 v1 ==== 229+0+0 (secure 0 0 0) 0x7f9db8004180 con 0x7f9dc4079cf0
2024-04-13T10:49:19.230 INFO:teuthology.orchestra.run.smithi134.stdout:/usr/bin/ceph: stderr
2024-04-13T10:49:18.199+0000 7f9dc37fe700 1 -- 172.21.15.134:0/3379695666 <== mon.0 v2:172.21.15.134:3300/0 2 ==== config(26 keys) v1 ==== 1066+0+0 (secure 0 0 0) 0x7f9db80042e0 con 0x7f9dc4079cf0
2024-04-13T10:49:19.231 INFO:teuthology.orchestra.run.smithi134.stdout:/usr/bin/ceph: stderr
2024-04-13T10:49:18.199+0000 7f9dc37fe700 1 -- 172.21.15.134:0/3379695666 <== mon.0 v2:172.21.15.134:3300/0 3 ==== mon_map magic: 0 v1 ==== 229+0+0 (secure 0 0 0) 0x7f9db8011a30 con 0x7f9dc4079cf0
2024-04-13T10:49:19.231 INFO:teuthology.orchestra.run.smithi134.stdout:/usr/bin/ceph: stderr
2024-04-13T10:49:18.200+0000 7f9dcaf1a700 1 -- 172.21.15.134:0/3379695666 >> [v2:172.21.15.134:3300/0,v1:172.21.15.134:6789/0] conn(0x7f9dc4079cf0 msgr2=0x7f9dc410a860 secure :-1 s=STATE_CONNECTION_ESTABLISHED l=1).mark_down
2024-04-13T10:49:19.231 INFO:teuthology.orchestra.run.smithi134.stdout:/usr/bin/ceph: stderr
2024-04-13T10:49:18.200+0000 7f9dcaf1a700 1 --2- 172.21.15.134:0/3379695666 >> [v2:172.21.15.134:3300/0,v1:172.21.15.134:6789/0] conn(0x7f9dc4079cf0 0x7f9dc410a860 secure :-1 s=READY pgs=88 cs=0 l=1 rev1=1 crypto rx=0x7f9db80098a0 tx=0x7f9db8009bb0 comp rx=0 tx=0).stop
2024-04-13T10:49:19.231 INFO:teuthology.orchestra.run.smithi134.stdout:/usr/bin/ceph: stderr
2024-04-13T10:49:18.200+0000 7f9dcaf1a700 1 -- 172.21.15.134:0/3379695666 shutdown_connections
2024-04-13T10:49:19.231 INFO:teuthology.orchestra.run.smithi134.stdout:/usr/bin/ceph: stderr
2024-04-13T10:49:18.200+0000 7f9dcaf1a700 1 --2- 172.21.15.134:0/3379695666 >> [v2:172.21.15.134:3300/0,v1:172.21.15.134:6789/0] conn(0x7f9dc4079cf0 0x7f9dc410a860 unknown :-1 s=CLOSED pgs=88 cs=0 l=1 rev1=1 crypto rx=0 tx=0 comp rx=0 tx=0).stop
2024-04-13T10:49:19.231 INFO:teuthology.orchestra.run.smithi134.stdout:/usr/bin/ceph: stderr
2024-04-13T10:49:18.200+0000 7f9dcaf1a700 1 -- 172.21.15.134:0/3379695666 >> 172.21.15.134:0/3379695666 conn(0x7f9dc40ffe30 msgr2=0x7f9dc4102240 unknown :-1 s=STATE_NONE l=0).mark_down
2024-04-13T10:49:19.231 INFO:teuthology.orchestra.run.smithi134.stdout:/usr/bin/ceph: stderr
2024-04-13T10:49:18.200+0000 7f9dcaf1a700 1 -- 172.21.15.134:0/3379695666 shutdown_connections
2024-04-13T10:49:19.231 INFO:teuthology.orchestra.run.smithi134.stdout:/usr/bin/ceph: stderr
2024-04-13T10:49:18.200+0000 7f9dcaf1a700 1 -- 172.21.15.134:0/3379695666 wait complete.
2024-04-13T10:49:19.231 INFO:teuthology.orchestra.run.smithi134.stdout:/usr/bin/ceph: stderr
2024-04-13T10:49:18.200+0000 7f9dcaf1a700 1 Processor -- start
2024-04-13T10:49:19.231 INFO:teuthology.orchestra.run.smithi134.stdout:/usr/bin/ceph: stderr
2024-04-13T10:49:18.200+0000 7f9dcaf1a700 1 -- start start
2024-04-13T10:49:19.231 INFO:teuthology.orchestra.run.smithi134.stdout:/usr/bin/ceph: stderr
2024-04-13T10:49:18.200+0000 7f9dcaf1a700 1 --2- >> [v2:172.21.15.134:3300/0,v1:172.21.15.134:6789/0] conn(0x7f9dc419b7d0 0x7f9dc419bbe0 unknown :-1 s=NONE pgs=0 cs=0 l=1 rev1=0 crypto rx=0 tx=0 comp rx=0 tx=0).connect
2024-04-13T10:49:19.231 INFO:teuthology.orchestra.run.smithi134.stdout:/usr/bin/ceph: stderr
2024-04-13T10:49:18.200+0000 7f9dcaf1a700 1 -- --> [v2:172.21.15.134:3300/0,v1:172.21.15.134:6789/0] -- mon_getmap magic: 0 v1 -- 0x7f9dc419c120 con 0x7f9dc419b7d0
2024-04-13T10:49:19.231 INFO:teuthology.orchestra.run.smithi134.stdout:/usr/bin/ceph: stderr
2024-04-13T10:49:18.200+0000 7f9dc8cb6700 1 --2- >> [v2:172.21.15.134:3300/0,v1:172.21.15.134:6789/0] conn(0x7f9dc419b7d0 0x7f9dc419bbe0 unknown :-1 s=BANNER_CONNECTING pgs=0 cs=0 l=1 rev1=0 crypto rx=0 tx=0 comp rx=0 tx=0)._handle_peer_banner_payload supported=3 required=0
2024-04-13T10:49:19.232 INFO:teuthology.orchestra.run.smithi134.stdout:/usr/bin/ceph: stderr
2024-04-13T10:49:18.200+0000 7f9dc8cb6700 1 --2- >> [v2:172.21.15.134:3300/0,v1:172.21.15.134:6789/0] conn(0x7f9dc419b7d0 0x7f9dc419bbe0 unknown :-1 s=HELLO_CONNECTING pgs=0 cs=0 l=1 rev1=1 crypto rx=0 tx=0 comp rx=0 tx=0).handle_hello peer v2:172.21.15.134:3300/0 says I am v2:172.21.15.134:44616/0 (socket says 172.21.15.134:44616)
2024-04-13T10:49:19.232 INFO:teuthology.orchestra.run.smithi134.stdout:/usr/bin/ceph: stderr
2024-04-13T10:49:18.200+0000 7f9dc8cb6700 1 -- 172.21.15.134:0/204989077 learned_addr learned my addr 172.21.15.134:0/204989077 (peer_addr_for_me v2:172.21.15.134:0/0)
2024-04-13T10:49:19.232 INFO:teuthology.orchestra.run.smithi134.stdout:/usr/bin/ceph: stderr
2024-04-13T10:49:18.201+0000 7f9dc8cb6700 1 -- 172.21.15.134:0/204989077 --> [v2:172.21.15.134:3300/0,v1:172.21.15.134:6789/0] -- mon_subscribe({config=0+,monmap=0+}) v3 -- 0x7f9db8009550 con 0x7f9dc419b7d0
2024-04-13T10:49:19.232 INFO:teuthology.orchestra.run.smithi134.stdout:/usr/bin/ceph: stderr
2024-04-13T10:49:18.201+0000 7f9dc8cb6700 1 --2- 172.21.15.134:0/204989077 >> [v2:172.21.15.134:3300/0,v1:172.21.15.134:6789/0] conn(0x7f9dc419b7d0 0x7f9dc419bbe0 secure :-1 s=READY pgs=89 cs=0 l=1 rev1=1 crypto rx=0x7f9db8006af0 tx=0x7f9db8011ab0 comp rx=0 tx=0).ready entity=mon.0 client_cookie=0 server_cookie=0 in_seq=0 out_seq=0
2024-04-13T10:49:19.232 INFO:teuthology.orchestra.run.smithi134.stdout:/usr/bin/ceph: stderr
2024-04-13T10:49:18.201+0000 7f9dc1ffb700 1 -- 172.21.15.134:0/204989077 <== mon.0 v2:172.21.15.134:3300/0 1 ==== mon_map magic: 0 v1 ==== 229+0+0 (secure 0 0 0) 0x7f9db8003bc0 con 0x7f9dc419b7d0
2024-04-13T10:49:19.232 INFO:teuthology.orchestra.run.smithi134.stdout:/usr/bin/ceph: stderr
2024-04-13T10:49:18.201+0000 7f9dc1ffb700 1 -- 172.21.15.134:0/204989077 <== mon.0 v2:172.21.15.134:3300/0 2 ==== config(26 keys) v1 ==== 1066+0+0 (secure 0 0 0) 0x7f9db801a8c0 con 0x7f9dc419b7d0
2024-04-13T10:49:19.232 INFO:teuthology.orchestra.run.smithi134.stdout:/usr/bin/ceph: stderr
2024-04-13T10:49:18.201+0000 7f9dcaf1a700 1 -- 172.21.15.134:0/204989077 --> [v2:172.21.15.134:3300/0,v1:172.21.15.134:6789/0] -- mon_subscribe({mgrmap=0+}) v3 -- 0x7f9dc419c320 con 0x7f9dc419b7d0
2024-04-13T10:49:19.232 INFO:teuthology.orchestra.run.smithi134.stdout:/usr/bin/ceph: stderr
2024-04-13T10:49:18.201+0000 7f9dc1ffb700 1 -- 172.21.15.134:0/204989077 <== mon.0 v2:172.21.15.134:3300/0 3 ==== mon_map magic: 0 v1 ==== 229+0+0 (secure 0 0 0) 0x7f9db8019820 con 0x7f9dc419b7d0
2024-04-13T10:49:19.232 INFO:teuthology.orchestra.run.smithi134.stdout:/usr/bin/ceph: stderr
2024-04-13T10:49:18.201+0000 7f9dcaf1a700 1 -- 172.21.15.134:0/204989077 --> [v2:172.21.15.134:3300/0,v1:172.21.15.134:6789/0] -- mon_subscribe({osdmap=0}) v3 -- 0x7f9dc419ef80 con 0x7f9dc419b7d0
2024-04-13T10:49:19.232 INFO:teuthology.orchestra.run.smithi134.stdout:/usr/bin/ceph: stderr
2024-04-13T10:49:18.202+0000 7f9dc1ffb700 1 -- 172.21.15.134:0/204989077 <== mon.0 v2:172.21.15.134:3300/0 4 ==== mgrmap(e 13) v1 ==== 45141+0+0 (secure 0 0 0) 0x7f9db8019aa0 con 0x7f9dc419b7d0
2024-04-13T10:49:19.232 INFO:teuthology.orchestra.run.smithi134.stdout:/usr/bin/ceph: stderr
2024-04-13T10:49:18.202+0000 7f9dc1ffb700 1 --2- 172.21.15.134:0/204989077 >> [v2:172.21.15.134:6800/2524753251,v1:172.21.15.134:6801/2524753251] conn(0x7f9db40384f0 0x7f9db403a9a0 unknown :-1 s=NONE pgs=0 cs=0 l=1 rev1=0 crypto rx=0 tx=0 comp rx=0 tx=0).connect
2024-04-13T10:49:19.232 INFO:teuthology.orchestra.run.smithi134.stdout:/usr/bin/ceph: stderr
2024-04-13T10:49:18.202+0000 7f9dc1ffb700 1 -- 172.21.15.134:0/204989077 <== mon.0 v2:172.21.15.134:3300/0 5 ==== osd_map(3..3 src has 1..3) v4 ==== 1155+0+0 (secure 0 0 0) 0x7f9db804ca40 con 0x7f9dc419b7d0
2024-04-13T10:49:19.232 INFO:teuthology.orchestra.run.smithi134.stdout:/usr/bin/ceph: stderr
2024-04-13T10:49:18.202+0000 7f9dcaf1a700 1 -- 172.21.15.134:0/204989077 --> [v2:172.21.15.134:3300/0,v1:172.21.15.134:6789/0] -- mon_command({"prefix": "get_command_descriptions"} v 0) v1 -- 0x7f9dc4079cf0 con 0x7f9dc419b7d0
2024-04-13T10:49:19.233 INFO:teuthology.orchestra.run.smithi134.stdout:/usr/bin/ceph: stderr
2024-04-13T10:49:18.202+0000 7f9dc3fff700 1 --2- 172.21.15.134:0/204989077 >> [v2:172.21.15.134:6800/2524753251,v1:172.21.15.134:6801/2524753251] conn(0x7f9db40384f0 0x7f9db403a9a0 unknown :-1 s=BANNER_CONNECTING pgs=0 cs=0 l=1 rev1=0 crypto rx=0 tx=0 comp rx=0 tx=0)._handle_peer_banner_payload supported=3 required=0
2024-04-13T10:49:19.233 INFO:teuthology.orchestra.run.smithi134.stdout:/usr/bin/ceph: stderr
2024-04-13T10:49:18.203+0000 7f9dc3fff700 1 --2- 172.21.15.134:0/204989077 >> [v2:172.21.15.134:6800/2524753251,v1:172.21.15.134:6801/2524753251] conn(0x7f9db40384f0 0x7f9db403a9a0 secure :-1 s=READY pgs=11 cs=0 l=1 rev1=1 crypto rx=0x7f9db0006fd0 tx=0x7f9db0006e40 comp rx=0 tx=0).ready entity=mgr.14162 client_cookie=0 server_cookie=0 in_seq=0 out_seq=0
2024-04-13T10:49:19.233 INFO:teuthology.orchestra.run.smithi134.stdout:/usr/bin/ceph: stderr
2024-04-13T10:49:18.207+0000 7f9dc1ffb700 1 -- 172.21.15.134:0/204989077 <== mon.0 v2:172.21.15.134:3300/0 6 ==== mon_command_ack([{"prefix": "get_command_descriptions"}]=0 v0) v1 ==== 72+0+177933 (secure 0 0 0) 0x7f9db802c3a0 con 0x7f9dc419b7d0
2024-04-13T10:49:19.233 INFO:teuthology.orchestra.run.smithi134.stdout:/usr/bin/ceph: stderr
2024-04-13T10:49:18.499+0000 7f9dcaf1a700 1 -- 172.21.15.134:0/204989077 --> [v2:172.21.15.134:3300/0,v1:172.21.15.134:6789/0] -- mon_command([{prefix=config-key set, key=mgr/dashboard/cluster/status}] v 0) v1 -- 0x7f9dc4079f10 con 0x7f9dc419b7d0
2024-04-13T10:49:19.233 INFO:teuthology.orchestra.run.smithi134.stdout:/usr/bin/ceph: stderr
2024-04-13T10:49:18.501+0000 7f9dc1ffb700 1 -- 172.21.15.134:0/204989077 <== mon.0 v2:172.21.15.134:3300/0 7 ==== mon_command_ack([{prefix=config-key set, key=mgr/dashboard/cluster/status}]=0 set mgr/dashboard/cluster/status v34)=0 set mgr/dashboard/cluster/status v34) v1 ==== 153+0+0 (secure 0 0 0) 0x7f9db8023390 con 0x7f9dc419b7d0
2024-04-13T10:49:19.233 INFO:teuthology.orchestra.run.smithi134.stdout:/usr/bin/ceph: stderr
2024-04-13T10:49:18.503+0000 7f9dcaf1a700 1 -- 172.21.15.134:0/204989077 >> [v2:172.21.15.134:6800/2524753251,v1:172.21.15.134:6801/2524753251] conn(0x7f9db40384f0 msgr2=0x7f9db403a9a0 secure :-1 s=STATE_CONNECTION_ESTABLISHED l=1).mark_down
2024-04-13T10:49:19.233 INFO:teuthology.orchestra.run.smithi134.stdout:/usr/bin/ceph: stderr
2024-04-13T10:49:18.504+0000 7f9dcaf1a700 1 --2- 172.21.15.134:0/204989077 >> [v2:172.21.15.134:6800/2524753251,v1:172.21.15.134:6801/2524753251] conn(0x7f9db40384f0 0x7f9db403a9a0 secure :-1 s=READY pgs=11 cs=0 l=1 rev1=1 crypto rx=0x7f9db0006fd0 tx=0x7f9db0006e40 comp rx=0 tx=0).stop
2024-04-13T10:49:19.233 INFO:teuthology.orchestra.run.smithi134.stdout:/usr/bin/ceph: stderr
2024-04-13T10:49:18.504+0000 7f9dcaf1a700 1 -- 172.21.15.134:0/204989077 >> [v2:172.21.15.134:3300/0,v1:172.21.15.134:6789/0] conn(0x7f9dc419b7d0 msgr2=0x7f9dc419bbe0 secure :-1 s=STATE_CONNECTION_ESTABLISHED l=1).mark_down
2024-04-13T10:49:19.233 INFO:teuthology.orchestra.run.smithi134.stdout:/usr/bin/ceph: stderr
2024-04-13T10:49:18.504+0000 7f9dcaf1a700 1 --2- 172.21.15.134:0/204989077 >> [v2:172.21.15.134:3300/0,v1:172.21.15.134:6789/0] conn(0x7f9dc419b7d0 0x7f9dc419bbe0 secure :-1 s=READY pgs=89 cs=0 l=1 rev1=1 crypto rx=0x7f9db8006af0 tx=0x7f9db8011ab0 comp rx=0 tx=0).stop
2024-04-13T10:49:19.233 INFO:teuthology.orchestra.run.smithi134.stdout:/usr/bin/ceph: stderr
2024-04-13T10:49:18.504+0000 7f9dcaf1a700 1 -- 172.21.15.134:0/204989077 shutdown_connections
2024-04-13T10:49:19.233 INFO:teuthology.orchestra.run.smithi134.stdout:/usr/bin/ceph: stderr
2024-04-13T10:49:18.504+0000 7f9dcaf1a700 1 --2- 172.21.15.134:0/204989077 >> [v2:172.21.15.134:6800/2524753251,v1:172.21.15.134:6801/2524753251] conn(0x7f9db40384f0 0x7f9db403a9a0 unknown :-1 s=CLOSED pgs=11 cs=0 l=1 rev1=1 crypto rx=0 tx=0 comp rx=0 tx=0).stop
2024-04-13T10:49:19.233 INFO:teuthology.orchestra.run.smithi134.stdout:/usr/bin/ceph: stderr
2024-04-13T10:49:18.504+0000 7f9dcaf1a700 1 --2- 172.21.15.134:0/204989077 >> [v2:172.21.15.134:3300/0,v1:172.21.15.134:6789/0] conn(0x7f9dc419b7d0 0x7f9dc419bbe0 unknown :-1 s=CLOSED pgs=89 cs=0 l=1 rev1=1 crypto rx=0 tx=0 comp rx=0 tx=0).stop
2024-04-13T10:49:19.233 INFO:teuthology.orchestra.run.smithi134.stdout:/usr/bin/ceph: stderr
2024-04-13T10:49:18.504+0000 7f9dcaf1a700 1 -- 172.21.15.134:0/204989077 >> 172.21.15.134:0/204989077 conn(0x7f9dc40ffe30 msgr2=0x7f9dc4101480 unknown :-1 s=STATE_NONE l=0).mark_down
2024-04-13T10:49:19.233 INFO:teuthology.orchestra.run.smithi134.stdout:/usr/bin/ceph: stderr
2024-04-13T10:49:18.504+0000 7f9dcaf1a700 1 -- 172.21.15.134:0/204989077 shutdown_connections
2024-04-13T10:49:19.234 INFO:teuthology.orchestra.run.smithi134.stdout:/usr/bin/ceph: stderr
2024-04-13T10:49:18.504+0000 7f9dcaf1a700 1 -- 172.21.15.134:0/204989077 wait complete.
2024-04-13T10:49:19.234 INFO:teuthology.orchestra.run.smithi134.stdout:/usr/bin/ceph: stderr set mgr/dashboard/cluster/status
2024-04-13T10:49:19.234 INFO:teuthology.orchestra.run.smithi134.stdout:You can access the Ceph CLI as following in case of multi-cluster or non-default config:
2024-04-13T10:49:19.234 INFO:teuthology.orchestra.run.smithi134.stdout:
2024-04-13T10:49:19.234 INFO:teuthology.orchestra.run.smithi134.stdout: sudo /home/ubuntu/cephtest/cephadm shell --fsid 38dd2ea8-f983-11ee-bc8d-c7b262605968 -c /etc/ceph/ceph.conf -k /etc/ceph/ceph.client.admin.keyring
2024-04-13T10:49:19.234 INFO:teuthology.orchestra.run.smithi134.stdout:
2024-04-13T10:49:19.234 INFO:teuthology.orchestra.run.smithi134.stdout:Or, if you are only running a single cluster on this host:
2024-04-13T10:49:19.234 INFO:teuthology.orchestra.run.smithi134.stdout:
2024-04-13T10:49:19.234 INFO:teuthology.orchestra.run.smithi134.stdout: sudo /home/ubuntu/cephtest/cephadm shell
2024-04-13T10:49:19.234 INFO:teuthology.orchestra.run.smithi134.stdout:
2024-04-13T10:49:19.234 INFO:teuthology.orchestra.run.smithi134.stdout:Please consider enabling telemetry to help improve Ceph:
2024-04-13T10:49:19.234 INFO:teuthology.orchestra.run.smithi134.stdout:
2024-04-13T10:49:19.234 INFO:teuthology.orchestra.run.smithi134.stdout: ceph telemetry on
2024-04-13T10:49:19.234 INFO:teuthology.orchestra.run.smithi134.stdout:
2024-04-13T10:49:19.235 INFO:teuthology.orchestra.run.smithi134.stdout:For more information see:
2024-04-13T10:49:19.235 INFO:teuthology.orchestra.run.smithi134.stdout:
2024-04-13T10:49:19.235 INFO:teuthology.orchestra.run.smithi134.stdout: https://docs.ceph.com/en/latest/mgr/telemetry/
2024-04-13T10:49:19.235 INFO:teuthology.orchestra.run.smithi134.stdout:
2024-04-13T10:49:19.235 INFO:teuthology.orchestra.run.smithi134.stdout:Bootstrap complete.
2024-04-13T10:49:19.263 INFO:tasks.cephadm:Fetching config...
2024-04-13T10:49:19.263 DEBUG:teuthology.orchestra.run.smithi134:> set -ex
2024-04-13T10:49:19.263 DEBUG:teuthology.orchestra.run.smithi134:> dd if=/etc/ceph/ceph.conf of=/dev/stdout
2024-04-13T10:49:19.321 INFO:tasks.cephadm:Fetching client.admin keyring...
2024-04-13T10:49:19.322 DEBUG:teuthology.orchestra.run.smithi134:> set -ex
2024-04-13T10:49:19.322 DEBUG:teuthology.orchestra.run.smithi134:> dd if=/etc/ceph/ceph.client.admin.keyring of=/dev/stdout
2024-04-13T10:49:19.379 INFO:tasks.cephadm:Fetching mon keyring...
2024-04-13T10:49:19.380 DEBUG:teuthology.orchestra.run.smithi134:> set -ex
2024-04-13T10:49:19.380 DEBUG:teuthology.orchestra.run.smithi134:> sudo dd if=/var/lib/ceph/38dd2ea8-f983-11ee-bc8d-c7b262605968/mon.smithi134/keyring of=/dev/stdout
2024-04-13T10:49:19.448 INFO:tasks.cephadm:Fetching pub ssh key...
2024-04-13T10:49:19.448 DEBUG:teuthology.orchestra.run.smithi134:> set -ex
2024-04-13T10:49:19.448 DEBUG:teuthology.orchestra.run.smithi134:> dd if=/home/ubuntu/cephtest/ceph.pub of=/dev/stdout
2024-04-13T10:49:19.506 INFO:tasks.cephadm:Installing pub ssh key for root users...
2024-04-13T10:49:19.507 DEBUG:teuthology.orchestra.run.smithi134:> sudo install -d -m 0700 /root/.ssh && echo 'ssh-rsa AAAAB3NzaC1yc2EAAAADAQABAAABgQCn+rVs2MGTIY7OkY+kaeWrk2kRwgPlrYoyq56DnelerR3OnfRenGDZ5Jno22uedTO8zfPaavNwlTA8ct7AmWsAj/IUb/4h8/K2AbJD0SEVvxUfLTLh8RsvNaSkD0PknVRuYAT8yi9CuRDw0OqCyHnjQItqYhlAo2rIH2ViMboy9Q30wT8EATb2uEPMaL+IKGe3aAwLcxIDJ3lnxjgxK8X8xGpOKVflkMTO/xkQ1ELU+jKWlvK0YI3FbLCjDjnI99aov8WbJAv3ratJCY3Ou1xQZaYoGBCYRa6hokYNgQTL25nplui9B5BB6NXE6dyFn022jMeNTxJl+HI6trpZGCupJrXv5Vh0PQxz6HS3l7HyDPW1W+aga/OeJbswYWlnO/GRQupQOh6gaNXEB6szqZDwqP9KanYTkWZ/ahMLXf9FZFi5khVZvVbDzwaImTKyd/NFp9IZ2UsK0pBeZ+rp+jiSD2tZrJuHeVT+mwQQ55K7ErI2RgIFfl41xAOOI9HYdUM= ceph-38dd2ea8-f983-11ee-bc8d-c7b262605968' | sudo tee -a /root/.ssh/authorized_keys && sudo chmod 0600 /root/.ssh/authorized_keys
2024-04-13T10:49:19.590 INFO:teuthology.orchestra.run.smithi134.stdout:ssh-rsa AAAAB3NzaC1yc2EAAAADAQABAAABgQCn+rVs2MGTIY7OkY+kaeWrk2kRwgPlrYoyq56DnelerR3OnfRenGDZ5Jno22uedTO8zfPaavNwlTA8ct7AmWsAj/IUb/4h8/K2AbJD0SEVvxUfLTLh8RsvNaSkD0PknVRuYAT8yi9CuRDw0OqCyHnjQItqYhlAo2rIH2ViMboy9Q30wT8EATb2uEPMaL+IKGe3aAwLcxIDJ3lnxjgxK8X8xGpOKVflkMTO/xkQ1ELU+jKWlvK0YI3FbLCjDjnI99aov8WbJAv3ratJCY3Ou1xQZaYoGBCYRa6hokYNgQTL25nplui9B5BB6NXE6dyFn022jMeNTxJl+HI6trpZGCupJrXv5Vh0PQxz6HS3l7HyDPW1W+aga/OeJbswYWlnO/GRQupQOh6gaNXEB6szqZDwqP9KanYTkWZ/ahMLXf9FZFi5khVZvVbDzwaImTKyd/NFp9IZ2UsK0pBeZ+rp+jiSD2tZrJuHeVT+mwQQ55K7ErI2RgIFfl41xAOOI9HYdUM= ceph-38dd2ea8-f983-11ee-bc8d-c7b262605968
2024-04-13T10:49:19.601 DEBUG:teuthology.orchestra.run.smithi194:> sudo install -d -m 0700 /root/.ssh && echo 'ssh-rsa AAAAB3NzaC1yc2EAAAADAQABAAABgQCn+rVs2MGTIY7OkY+kaeWrk2kRwgPlrYoyq56DnelerR3OnfRenGDZ5Jno22uedTO8zfPaavNwlTA8ct7AmWsAj/IUb/4h8/K2AbJD0SEVvxUfLTLh8RsvNaSkD0PknVRuYAT8yi9CuRDw0OqCyHnjQItqYhlAo2rIH2ViMboy9Q30wT8EATb2uEPMaL+IKGe3aAwLcxIDJ3lnxjgxK8X8xGpOKVflkMTO/xkQ1ELU+jKWlvK0YI3FbLCjDjnI99aov8WbJAv3ratJCY3Ou1xQZaYoGBCYRa6hokYNgQTL25nplui9B5BB6NXE6dyFn022jMeNTxJl+HI6trpZGCupJrXv5Vh0PQxz6HS3l7HyDPW1W+aga/OeJbswYWlnO/GRQupQOh6gaNXEB6szqZDwqP9KanYTkWZ/ahMLXf9FZFi5khVZvVbDzwaImTKyd/NFp9IZ2UsK0pBeZ+rp+jiSD2tZrJuHeVT+mwQQ55K7ErI2RgIFfl41xAOOI9HYdUM= ceph-38dd2ea8-f983-11ee-bc8d-c7b262605968' | sudo tee -a /root/.ssh/authorized_keys && sudo chmod 0600 /root/.ssh/authorized_keys
2024-04-13T10:49:19.647 INFO:teuthology.orchestra.run.smithi194.stdout:ssh-rsa AAAAB3NzaC1yc2EAAAADAQABAAABgQCn+rVs2MGTIY7OkY+kaeWrk2kRwgPlrYoyq56DnelerR3OnfRenGDZ5Jno22uedTO8zfPaavNwlTA8ct7AmWsAj/IUb/4h8/K2AbJD0SEVvxUfLTLh8RsvNaSkD0PknVRuYAT8yi9CuRDw0OqCyHnjQItqYhlAo2rIH2ViMboy9Q30wT8EATb2uEPMaL+IKGe3aAwLcxIDJ3lnxjgxK8X8xGpOKVflkMTO/xkQ1ELU+jKWlvK0YI3FbLCjDjnI99aov8WbJAv3ratJCY3Ou1xQZaYoGBCYRa6hokYNgQTL25nplui9B5BB6NXE6dyFn022jMeNTxJl+HI6trpZGCupJrXv5Vh0PQxz6HS3l7HyDPW1W+aga/OeJbswYWlnO/GRQupQOh6gaNXEB6szqZDwqP9KanYTkWZ/ahMLXf9FZFi5khVZvVbDzwaImTKyd/NFp9IZ2UsK0pBeZ+rp+jiSD2tZrJuHeVT+mwQQ55K7ErI2RgIFfl41xAOOI9HYdUM= ceph-38dd2ea8-f983-11ee-bc8d-c7b262605968
2024-04-13T10:49:19.659 DEBUG:teuthology.orchestra.run.smithi134:> sudo /home/ubuntu/cephtest/cephadm --image quay.io/ceph/ceph:v18.2.0 shell -c /etc/ceph/ceph.conf -k /etc/ceph/ceph.client.admin.keyring --fsid 38dd2ea8-f983-11ee-bc8d-c7b262605968 -- ceph config set mgr mgr/cephadm/allow_ptrace true
2024-04-13T10:49:19.916 INFO:teuthology.orchestra.run.smithi134.stderr:Inferring config /var/lib/ceph/38dd2ea8-f983-11ee-bc8d-c7b262605968/mon.smithi134/config
2024-04-13T10:49:19.934 INFO:journalctl@ceph.mon.smithi134.smithi134.stdout:Apr 13 10:49:19 smithi134 ceph-mon[39696]: from='client.? 172.21.15.134:0/204989077' entity='client.admin'
2024-04-13T10:49:22.432 INFO:teuthology.orchestra.run.smithi134.stderr:2024-04-13T10:49:22.408+0000 7fb2a6401700 1 -- 172.21.15.134:0/3521079616 >> [v2:172.21.15.134:3300/0,v1:172.21.15.134:6789/0] conn(0x7fb2a00fed30 msgr2=0x7fb2a00ff140 secure :-1 s=STATE_CONNECTION_ESTABLISHED l=1).mark_down
2024-04-13T10:49:22.433 INFO:teuthology.orchestra.run.smithi134.stderr:2024-04-13T10:49:22.408+0000 7fb2a6401700 1 --2- 172.21.15.134:0/3521079616 >> [v2:172.21.15.134:3300/0,v1:172.21.15.134:6789/0] conn(0x7fb2a00fed30 0x7fb2a00ff140 secure :-1 s=READY pgs=90 cs=0 l=1 rev1=1 crypto rx=0x7fb290009910 tx=0x7fb290009c20 comp rx=0 tx=0).stop
2024-04-13T10:49:22.433 INFO:teuthology.orchestra.run.smithi134.stderr:2024-04-13T10:49:22.408+0000 7fb2a6401700 1 -- 172.21.15.134:0/3521079616 shutdown_connections
2024-04-13T10:49:22.433 INFO:teuthology.orchestra.run.smithi134.stderr:2024-04-13T10:49:22.408+0000 7fb2a6401700 1 --2- 172.21.15.134:0/3521079616 >> [v2:172.21.15.134:3300/0,v1:172.21.15.134:6789/0] conn(0x7fb2a00fed30 0x7fb2a00ff140 unknown :-1 s=CLOSED pgs=90 cs=0 l=1 rev1=1 crypto rx=0 tx=0 comp rx=0 tx=0).stop
2024-04-13T10:49:22.433 INFO:teuthology.orchestra.run.smithi134.stderr:2024-04-13T10:49:22.408+0000 7fb2a6401700 1 -- 172.21.15.134:0/3521079616 >> 172.21.15.134:0/3521079616 conn(0x7fb2a00fa2c0 msgr2=0x7fb2a00fc710 unknown :-1 s=STATE_NONE l=0).mark_down
2024-04-13T10:49:22.433 INFO:teuthology.orchestra.run.smithi134.stderr:2024-04-13T10:49:22.408+0000 7fb2a6401700 1 -- 172.21.15.134:0/3521079616 shutdown_connections
2024-04-13T10:49:22.433 INFO:teuthology.orchestra.run.smithi134.stderr:2024-04-13T10:49:22.408+0000 7fb2a6401700 1 -- 172.21.15.134:0/3521079616 wait complete.
2024-04-13T10:49:22.433 INFO:teuthology.orchestra.run.smithi134.stderr:2024-04-13T10:49:22.409+0000 7fb2a6401700 1 Processor -- start
2024-04-13T10:49:22.433 INFO:teuthology.orchestra.run.smithi134.stderr:2024-04-13T10:49:22.409+0000 7fb2a6401700 1 -- start start
2024-04-13T10:49:22.433 INFO:teuthology.orchestra.run.smithi134.stderr:2024-04-13T10:49:22.409+0000 7fb2a6401700 1 --2- >> [v2:172.21.15.134:3300/0,v1:172.21.15.134:6789/0] conn(0x7fb2a00fed30 0x7fb2a0193e00 unknown :-1 s=NONE pgs=0 cs=0 l=1 rev1=0 crypto rx=0 tx=0 comp rx=0 tx=0).connect
2024-04-13T10:49:22.433 INFO:teuthology.orchestra.run.smithi134.stderr:2024-04-13T10:49:22.409+0000 7fb2a6401700 1 -- --> [v2:172.21.15.134:3300/0,v1:172.21.15.134:6789/0] -- mon_getmap magic: 0 v1 -- 0x7fb2a0194340 con 0x7fb2a00fed30
2024-04-13T10:49:22.434 INFO:teuthology.orchestra.run.smithi134.stderr:2024-04-13T10:49:22.409+0000 7fb29ffff700 1 --2- >> [v2:172.21.15.134:3300/0,v1:172.21.15.134:6789/0] conn(0x7fb2a00fed30 0x7fb2a0193e00 unknown :-1 s=BANNER_CONNECTING pgs=0 cs=0 l=1 rev1=0 crypto rx=0 tx=0 comp rx=0 tx=0)._handle_peer_banner_payload supported=3 required=0
2024-04-13T10:49:22.434 INFO:teuthology.orchestra.run.smithi134.stderr:2024-04-13T10:49:22.409+0000 7fb29ffff700 1 --2- >> [v2:172.21.15.134:3300/0,v1:172.21.15.134:6789/0] conn(0x7fb2a00fed30 0x7fb2a0193e00 unknown :-1 s=HELLO_CONNECTING pgs=0 cs=0 l=1 rev1=1 crypto rx=0 tx=0 comp rx=0 tx=0).handle_hello peer v2:172.21.15.134:3300/0 says I am v2:172.21.15.134:47320/0 (socket says 172.21.15.134:47320)
2024-04-13T10:49:22.434 INFO:teuthology.orchestra.run.smithi134.stderr:2024-04-13T10:49:22.409+0000 7fb29ffff700 1 -- 172.21.15.134:0/2137285192 learned_addr learned my addr 172.21.15.134:0/2137285192 (peer_addr_for_me v2:172.21.15.134:0/0)
2024-04-13T10:49:22.434 INFO:teuthology.orchestra.run.smithi134.stderr:2024-04-13T10:49:22.410+0000 7fb29ffff700 1 -- 172.21.15.134:0/2137285192 --> [v2:172.21.15.134:3300/0,v1:172.21.15.134:6789/0] -- mon_subscribe({config=0+,monmap=0+}) v3 -- 0x7fb2900095f0 con 0x7fb2a00fed30
2024-04-13T10:49:22.434 INFO:teuthology.orchestra.run.smithi134.stderr:2024-04-13T10:49:22.410+0000 7fb29ffff700 1 --2- 172.21.15.134:0/2137285192 >> [v2:172.21.15.134:3300/0,v1:172.21.15.134:6789/0] conn(0x7fb2a00fed30 0x7fb2a0193e00 secure :-1 s=READY pgs=91 cs=0 l=1 rev1=1 crypto rx=0x7fb290004f70 tx=0x7fb290005ee0 comp rx=0 tx=0).ready entity=mon.0 client_cookie=0 server_cookie=0 in_seq=0 out_seq=0
2024-04-13T10:49:22.434 INFO:teuthology.orchestra.run.smithi134.stderr:2024-04-13T10:49:22.410+0000 7fb29d7fa700 1 -- 172.21.15.134:0/2137285192 <== mon.0 v2:172.21.15.134:3300/0 1 ==== mon_map magic: 0 v1 ==== 229+0+0 (secure 0 0 0) 0x7fb29001d070 con 0x7fb2a00fed30
2024-04-13T10:49:22.434 INFO:teuthology.orchestra.run.smithi134.stderr:2024-04-13T10:49:22.410+0000 7fb2a6401700 1 -- 172.21.15.134:0/2137285192 --> [v2:172.21.15.134:3300/0,v1:172.21.15.134:6789/0] -- mon_subscribe({mgrmap=0+}) v3 -- 0x7fb2a0194540 con 0x7fb2a00fed30
2024-04-13T10:49:22.434 INFO:teuthology.orchestra.run.smithi134.stderr:2024-04-13T10:49:22.410+0000 7fb29d7fa700 1 -- 172.21.15.134:0/2137285192 <== mon.0 v2:172.21.15.134:3300/0 2 ==== config(26 keys) v1 ==== 1066+0+0 (secure 0 0 0) 0x7fb29000bdf0 con 0x7fb2a00fed30
2024-04-13T10:49:22.434 INFO:teuthology.orchestra.run.smithi134.stderr:2024-04-13T10:49:22.410+0000 7fb29d7fa700 1 -- 172.21.15.134:0/2137285192 <== mon.0 v2:172.21.15.134:3300/0 3 ==== mon_map magic: 0 v1 ==== 229+0+0 (secure 0 0 0) 0x7fb290022e40 con 0x7fb2a00fed30
2024-04-13T10:49:22.434 INFO:teuthology.orchestra.run.smithi134.stderr:2024-04-13T10:49:22.410+0000 7fb2a6401700 1 -- 172.21.15.134:0/2137285192 --> [v2:172.21.15.134:3300/0,v1:172.21.15.134:6789/0] -- mon_subscribe({osdmap=0}) v3 -- 0x7fb2a01949e0 con 0x7fb2a00fed30
2024-04-13T10:49:22.434 INFO:teuthology.orchestra.run.smithi134.stderr:2024-04-13T10:49:22.411+0000 7fb2a6401700 1 -- 172.21.15.134:0/2137285192 --> [v2:172.21.15.134:3300/0,v1:172.21.15.134:6789/0] -- mon_command({"prefix": "get_command_descriptions"} v 0) v1 -- 0x7fb2a018d8d0 con 0x7fb2a00fed30
2024-04-13T10:49:22.434 INFO:teuthology.orchestra.run.smithi134.stderr:2024-04-13T10:49:22.411+0000 7fb29d7fa700 1 -- 172.21.15.134:0/2137285192 <== mon.0 v2:172.21.15.134:3300/0 4 ==== mgrmap(e 13) v1 ==== 45141+0+0 (secure 0 0 0) 0x7fb29000f4a0 con 0x7fb2a00fed30
2024-04-13T10:49:22.435 INFO:teuthology.orchestra.run.smithi134.stderr:2024-04-13T10:49:22.411+0000 7fb29d7fa700 1 --2- 172.21.15.134:0/2137285192 >> [v2:172.21.15.134:6800/2524753251,v1:172.21.15.134:6801/2524753251] conn(0x7fb2880384e0 0x7fb28803a990 unknown :-1 s=NONE pgs=0 cs=0 l=1 rev1=0 crypto rx=0 tx=0 comp rx=0 tx=0).connect
2024-04-13T10:49:22.435 INFO:teuthology.orchestra.run.smithi134.stderr:2024-04-13T10:49:22.411+0000 7fb29d7fa700 1 -- 172.21.15.134:0/2137285192 <== mon.0 v2:172.21.15.134:3300/0 5 ==== osd_map(3..3 src has 1..3) v4 ==== 1155+0+0 (secure 0 0 0) 0x7fb29004c320 con 0x7fb2a00fed30
2024-04-13T10:49:22.435 INFO:teuthology.orchestra.run.smithi134.stderr:2024-04-13T10:49:22.411+0000 7fb29f7fe700 1 --2- 172.21.15.134:0/2137285192 >> [v2:172.21.15.134:6800/2524753251,v1:172.21.15.134:6801/2524753251] conn(0x7fb2880384e0 0x7fb28803a990 unknown :-1 s=BANNER_CONNECTING pgs=0 cs=0 l=1 rev1=0 crypto rx=0 tx=0 comp rx=0 tx=0)._handle_peer_banner_payload supported=3 required=0
2024-04-13T10:49:22.435 INFO:teuthology.orchestra.run.smithi134.stderr:2024-04-13T10:49:22.412+0000 7fb29f7fe700 1 --2- 172.21.15.134:0/2137285192 >> [v2:172.21.15.134:6800/2524753251,v1:172.21.15.134:6801/2524753251] conn(0x7fb2880384e0 0x7fb28803a990 secure :-1 s=READY pgs=12 cs=0 l=1 rev1=1 crypto rx=0x7fb294006fd0 tx=0x7fb294006e40 comp rx=0 tx=0).ready entity=mgr.14162 client_cookie=0 server_cookie=0 in_seq=0 out_seq=0
2024-04-13T10:49:22.435 INFO:teuthology.orchestra.run.smithi134.stderr:2024-04-13T10:49:22.416+0000 7fb29d7fa700 1 -- 172.21.15.134:0/2137285192 <== mon.0 v2:172.21.15.134:3300/0 6 ==== mon_command_ack([{"prefix": "get_command_descriptions"}]=0 v0) v1 ==== 72+0+177933 (secure 0 0 0) 0x7fb290017440 con 0x7fb2a00fed30
2024-04-13T10:49:22.435 INFO:journalctl@ceph.mon.smithi134.smithi134.stdout:Apr 13 10:49:22 smithi134 ceph-mon[39696]: from='mgr.14162 172.21.15.134:0/1324828466' entity='mgr.smithi134.tmanda'
2024-04-13T10:49:22.435 INFO:journalctl@ceph.mon.smithi134.smithi134.stdout:Apr 13 10:49:22 smithi134 ceph-mon[39696]: from='mgr.14162 172.21.15.134:0/1324828466' entity='mgr.smithi134.tmanda'
2024-04-13T10:49:22.435 INFO:journalctl@ceph.mon.smithi134.smithi134.stdout:Apr 13 10:49:22 smithi134 ceph-mon[39696]: from='mgr.14162 172.21.15.134:0/1324828466' entity='mgr.smithi134.tmanda' cmd=[{"prefix": "config rm", "who": "osd/host:smithi134", "name": "osd_memory_target"}]: dispatch
2024-04-13T10:49:22.435 INFO:journalctl@ceph.mon.smithi134.smithi134.stdout:Apr 13 10:49:22 smithi134 ceph-mon[39696]: from='mgr.14162 172.21.15.134:0/1324828466' entity='mgr.smithi134.tmanda'
2024-04-13T10:49:22.436 INFO:journalctl@ceph.mon.smithi134.smithi134.stdout:Apr 13 10:49:22 smithi134 ceph-mon[39696]: from='mgr.14162 172.21.15.134:0/1324828466' entity='mgr.smithi134.tmanda' cmd=[{"prefix": "auth get-or-create", "entity": "client.ceph-exporter.smithi134", "caps": ["mon", "profile ceph-exporter", "mon", "allow r", "mgr", "allow r", "osd", "allow r"]}]: dispatch
2024-04-13T10:49:22.436 INFO:journalctl@ceph.mon.smithi134.smithi134.stdout:Apr 13 10:49:22 smithi134 ceph-mon[39696]: from='mgr.14162 172.21.15.134:0/1324828466' entity='mgr.smithi134.tmanda' cmd='[{"prefix": "auth get-or-create", "entity": "client.ceph-exporter.smithi134", "caps": ["mon", "profile ceph-exporter", "mon", "allow r", "mgr", "allow r", "osd", "allow r"]}]': finished
2024-04-13T10:49:22.436 INFO:journalctl@ceph.mon.smithi134.smithi134.stdout:Apr 13 10:49:22 smithi134 ceph-mon[39696]: from='mgr.14162 172.21.15.134:0/1324828466' entity='mgr.smithi134.tmanda' cmd=[{"prefix": "config generate-minimal-conf"}]: dispatch
2024-04-13T10:49:22.436 INFO:journalctl@ceph.mon.smithi134.smithi134.stdout:Apr 13 10:49:22 smithi134 ceph-mon[39696]: Deploying daemon ceph-exporter.smithi134 on smithi134
2024-04-13T10:49:22.620 INFO:teuthology.orchestra.run.smithi134.stderr:2024-04-13T10:49:22.619+0000 7fb2a6401700 1 -- 172.21.15.134:0/2137285192 --> [v2:172.21.15.134:3300/0,v1:172.21.15.134:6789/0] -- mon_command([{prefix=config set, name=mgr/cephadm/allow_ptrace}] v 0) v1 -- 0x7fb2a002cc30 con 0x7fb2a00fed30
2024-04-13T10:49:22.624 INFO:teuthology.orchestra.run.smithi134.stderr:2024-04-13T10:49:22.624+0000 7fb29d7fa700 1 -- 172.21.15.134:0/2137285192 <== mon.0 v2:172.21.15.134:3300/0 7 ==== mon_command_ack([{prefix=config set, name=mgr/cephadm/allow_ptrace}]=0 v9)=0 v9) v1 ==== 125+0+0 (secure 0 0 0) 0x7fb290027030 con 0x7fb2a00fed30
2024-04-13T10:49:22.627 INFO:teuthology.orchestra.run.smithi134.stderr:2024-04-13T10:49:22.626+0000 7fb2a6401700 1 -- 172.21.15.134:0/2137285192 >> [v2:172.21.15.134:6800/2524753251,v1:172.21.15.134:6801/2524753251] conn(0x7fb2880384e0 msgr2=0x7fb28803a990 secure :-1 s=STATE_CONNECTION_ESTABLISHED l=1).mark_down
2024-04-13T10:49:22.627 INFO:teuthology.orchestra.run.smithi134.stderr:2024-04-13T10:49:22.626+0000 7fb2a6401700 1 --2- 172.21.15.134:0/2137285192 >> [v2:172.21.15.134:6800/2524753251,v1:172.21.15.134:6801/2524753251] conn(0x7fb2880384e0 0x7fb28803a990 secure :-1 s=READY pgs=12 cs=0 l=1 rev1=1 crypto rx=0x7fb294006fd0 tx=0x7fb294006e40 comp rx=0 tx=0).stop
2024-04-13T10:49:22.627 INFO:teuthology.orchestra.run.smithi134.stderr:2024-04-13T10:49:22.626+0000 7fb2a6401700 1 -- 172.21.15.134:0/2137285192 >> [v2:172.21.15.134:3300/0,v1:172.21.15.134:6789/0] conn(0x7fb2a00fed30 msgr2=0x7fb2a0193e00 secure :-1 s=STATE_CONNECTION_ESTABLISHED l=1).mark_down
2024-04-13T10:49:22.627 INFO:teuthology.orchestra.run.smithi134.stderr:2024-04-13T10:49:22.626+0000 7fb2a6401700 1 --2- 172.21.15.134:0/2137285192 >> [v2:172.21.15.134:3300/0,v1:172.21.15.134:6789/0] conn(0x7fb2a00fed30 0x7fb2a0193e00 secure :-1 s=READY pgs=91 cs=0 l=1 rev1=1 crypto rx=0x7fb290004f70 tx=0x7fb290005ee0 comp rx=0 tx=0).stop
2024-04-13T10:49:22.627 INFO:teuthology.orchestra.run.smithi134.stderr:2024-04-13T10:49:22.626+0000 7fb2a6401700 1 -- 172.21.15.134:0/2137285192 shutdown_connections
2024-04-13T10:49:22.627 INFO:teuthology.orchestra.run.smithi134.stderr:2024-04-13T10:49:22.626+0000 7fb2a6401700 1 --2- 172.21.15.134:0/2137285192 >> [v2:172.21.15.134:6800/2524753251,v1:172.21.15.134:6801/2524753251] conn(0x7fb2880384e0 0x7fb28803a990 unknown :-1 s=CLOSED pgs=12 cs=0 l=1 rev1=1 crypto rx=0 tx=0 comp rx=0 tx=0).stop
2024-04-13T10:49:22.627 INFO:teuthology.orchestra.run.smithi134.stderr:2024-04-13T10:49:22.626+0000 7fb2a6401700 1 --2- 172.21.15.134:0/2137285192 >> [v2:172.21.15.134:3300/0,v1:172.21.15.134:6789/0] conn(0x7fb2a00fed30 0x7fb2a0193e00 unknown :-1 s=CLOSED pgs=91 cs=0 l=1 rev1=1 crypto rx=0 tx=0 comp rx=0 tx=0).stop
2024-04-13T10:49:22.628 INFO:teuthology.orchestra.run.smithi134.stderr:2024-04-13T10:49:22.626+0000 7fb2a6401700 1 -- 172.21.15.134:0/2137285192 >> 172.21.15.134:0/2137285192 conn(0x7fb2a00fa2c0 msgr2=0x7fb2a00faf90 unknown :-1 s=STATE_NONE l=0).mark_down
2024-04-13T10:49:22.628 INFO:teuthology.orchestra.run.smithi134.stderr:2024-04-13T10:49:22.626+0000 7fb2a6401700 1 -- 172.21.15.134:0/2137285192 shutdown_connections
2024-04-13T10:49:22.628 INFO:teuthology.orchestra.run.smithi134.stderr:2024-04-13T10:49:22.626+0000 7fb2a6401700 1 -- 172.21.15.134:0/2137285192 wait complete.
2024-04-13T10:49:23.934 INFO:journalctl@ceph.mon.smithi134.smithi134.stdout:Apr 13 10:49:23 smithi134 ceph-mon[39696]: from='client.? 172.21.15.134:0/2137285192' entity='client.admin'
2024-04-13T10:49:24.010 INFO:tasks.cephadm:Distributing conf and client.admin keyring to all hosts + 0755
2024-04-13T10:49:24.010 DEBUG:teuthology.orchestra.run.smithi134:> sudo /home/ubuntu/cephtest/cephadm --image quay.io/ceph/ceph:v18.2.0 shell -c /etc/ceph/ceph.conf -k /etc/ceph/ceph.client.admin.keyring --fsid 38dd2ea8-f983-11ee-bc8d-c7b262605968 -- ceph orch client-keyring set client.admin '*' --mode 0755
2024-04-13T10:49:24.890 INFO:teuthology.orchestra.run.smithi134.stderr:Inferring config /var/lib/ceph/38dd2ea8-f983-11ee-bc8d-c7b262605968/mon.smithi134/config
2024-04-13T10:49:27.015 INFO:teuthology.orchestra.run.smithi134.stderr:2024-04-13T10:49:27.014+0000 7f137cd67700 1 -- 172.21.15.134:0/1793405292 >> [v2:172.21.15.134:3300/0,v1:172.21.15.134:6789/0] conn(0x7f13780fed30 msgr2=0x7f13780ff140 secure :-1 s=STATE_CONNECTION_ESTABLISHED l=1).mark_down
2024-04-13T10:49:27.176 INFO:teuthology.orchestra.run.smithi134.stderr:2024-04-13T10:49:27.014+0000 7f137cd67700 1 --2- 172.21.15.134:0/1793405292 >> [v2:172.21.15.134:3300/0,v1:172.21.15.134:6789/0] conn(0x7f13780fed30 0x7f13780ff140 secure :-1 s=READY pgs=92 cs=0 l=1 rev1=1 crypto rx=0x7f1368009910 tx=0x7f1368009c20 comp rx=0 tx=0).stop
2024-04-13T10:49:27.176 INFO:teuthology.orchestra.run.smithi134.stderr:2024-04-13T10:49:27.014+0000 7f137cd67700 1 -- 172.21.15.134:0/1793405292 shutdown_connections
2024-04-13T10:49:27.176 INFO:teuthology.orchestra.run.smithi134.stderr:2024-04-13T10:49:27.014+0000 7f137cd67700 1 --2- 172.21.15.134:0/1793405292 >> [v2:172.21.15.134:3300/0,v1:172.21.15.134:6789/0] conn(0x7f13780fed30 0x7f13780ff140 unknown :-1 s=CLOSED pgs=92 cs=0 l=1 rev1=1 crypto rx=0 tx=0 comp rx=0 tx=0).stop
2024-04-13T10:49:27.176 INFO:teuthology.orchestra.run.smithi134.stderr:2024-04-13T10:49:27.014+0000 7f137cd67700 1 -- 172.21.15.134:0/1793405292 >> 172.21.15.134:0/1793405292 conn(0x7f13780fa2c0 msgr2=0x7f13780fc710 unknown :-1 s=STATE_NONE l=0).mark_down
2024-04-13T10:49:27.177 INFO:teuthology.orchestra.run.smithi134.stderr:2024-04-13T10:49:27.014+0000 7f137cd67700 1 -- 172.21.15.134:0/1793405292 shutdown_connections
2024-04-13T10:49:27.177 INFO:teuthology.orchestra.run.smithi134.stderr:2024-04-13T10:49:27.014+0000 7f137cd67700 1 -- 172.21.15.134:0/1793405292 wait complete.
2024-04-13T10:49:27.179 INFO:teuthology.orchestra.run.smithi134.stderr:2024-04-13T10:49:27.015+0000 7f137cd67700 1 Processor -- start
2024-04-13T10:49:27.179 INFO:teuthology.orchestra.run.smithi134.stderr:2024-04-13T10:49:27.015+0000 7f137cd67700 1 -- start start
