2024-04-13T16:10:48.295+0000 7f0da7a7a700 1 -- 172.21.15.37:0/2133663597 --> [v2:172.21.15.37:3300/0,v1:172.21.15.37:6789/0] -- mon_subscribe({osdmap=0}) v3 -- 0x7f0da01148e0 con 0x7f0da0076ba0
2024-04-13T16:10:48.868 INFO:teuthology.orchestra.run.smithi037.stdout:/usr/bin/ceph: stderr
2024-04-13T16:10:48.295+0000 7f0d927fc700 1 -- 172.21.15.37:0/2133663597 <== mon.0 v2:172.21.15.37:3300/0 4 ==== mgrmap(e 2) v1 ==== 43132+0+0 (secure 0 0 0) 0x7f0d9c01a460 con 0x7f0da0076ba0
2024-04-13T16:10:48.868 INFO:teuthology.orchestra.run.smithi037.stdout:/usr/bin/ceph: stderr
2024-04-13T16:10:48.295+0000 7f0da7a7a700 1 -- 172.21.15.37:0/2133663597 --> [v2:172.21.15.37:3300/0,v1:172.21.15.37:6789/0] -- mon_command({"prefix": "get_command_descriptions"} v 0) v1 -- 0x7f0da005f5f0 con 0x7f0da0076ba0
2024-04-13T16:10:48.868 INFO:teuthology.orchestra.run.smithi037.stdout:/usr/bin/ceph: stderr
2024-04-13T16:10:48.296+0000 7f0d927fc700 1 -- 172.21.15.37:0/2133663597 <== mon.0 v2:172.21.15.37:3300/0 5 ==== osd_map(1..1 src has 1..1) v4 ==== 721+0+0 (secure 0 0 0) 0x7f0d9c0498d0 con 0x7f0da0076ba0
2024-04-13T16:10:48.868 INFO:teuthology.orchestra.run.smithi037.stdout:/usr/bin/ceph: stderr
2024-04-13T16:10:48.298+0000 7f0d927fc700 1 -- 172.21.15.37:0/2133663597 <== mon.0 v2:172.21.15.37:3300/0 6 ==== mon_command_ack([{"prefix": "get_command_descriptions"}]=0 v0) v1 ==== 72+0+71547 (secure 0 0 0) 0x7f0d9c010e90 con 0x7f0da0076ba0
2024-04-13T16:10:48.868 INFO:teuthology.orchestra.run.smithi037.stdout:/usr/bin/ceph: stderr
2024-04-13T16:10:48.370+0000 7f0da7a7a700 1 -- 172.21.15.37:0/2133663597 --> [v2:172.21.15.37:3300/0,v1:172.21.15.37:6789/0] -- mon_command({"prefix": "status", "format": "json-pretty"} v 0) v1 -- 0x7f0da004bed0 con 0x7f0da0076ba0
2024-04-13T16:10:48.868 INFO:teuthology.orchestra.run.smithi037.stdout:/usr/bin/ceph: stderr
2024-04-13T16:10:48.370+0000 7f0d927fc700 1 -- 172.21.15.37:0/2133663597 <== mon.0 v2:172.21.15.37:3300/0 7 ==== mon_command_ack([{"prefix": "status", "format": "json-pretty"}]=0 v0) v1 ==== 79+0+1249 (secure 0 0 0) 0x7f0d9c020030 con 0x7f0da0076ba0
2024-04-13T16:10:48.868 INFO:teuthology.orchestra.run.smithi037.stdout:/usr/bin/ceph: stderr
2024-04-13T16:10:48.371+0000 7f0da7a7a700 1 -- 172.21.15.37:0/2133663597 >> [v2:172.21.15.37:3300/0,v1:172.21.15.37:6789/0] conn(0x7f0da0076ba0 msgr2=0x7f0da0113630 secure :-1 s=STATE_CONNECTION_ESTABLISHED l=1).mark_down
2024-04-13T16:10:48.868 INFO:teuthology.orchestra.run.smithi037.stdout:/usr/bin/ceph: stderr
2024-04-13T16:10:48.371+0000 7f0da7a7a700 1 --2- 172.21.15.37:0/2133663597 >> [v2:172.21.15.37:3300/0,v1:172.21.15.37:6789/0] conn(0x7f0da0076ba0 0x7f0da0113630 secure :-1 s=READY pgs=17 cs=0 l=1 rev1=1 crypto rx=0x7f0d9c006fd0 tx=0x7f0d9c009250 comp rx=0 tx=0).stop
2024-04-13T16:10:48.868 INFO:teuthology.orchestra.run.smithi037.stdout:/usr/bin/ceph: stderr
2024-04-13T16:10:48.371+0000 7f0da7a7a700 1 -- 172.21.15.37:0/2133663597 shutdown_connections
2024-04-13T16:10:48.868 INFO:teuthology.orchestra.run.smithi037.stdout:/usr/bin/ceph: stderr
2024-04-13T16:10:48.371+0000 7f0da7a7a700 1 --2- 172.21.15.37:0/2133663597 >> [v2:172.21.15.37:3300/0,v1:172.21.15.37:6789/0] conn(0x7f0da0076ba0 0x7f0da0113630 unknown :-1 s=CLOSED pgs=17 cs=0 l=1 rev1=1 crypto rx=0 tx=0 comp rx=0 tx=0).stop
2024-04-13T16:10:48.868 INFO:teuthology.orchestra.run.smithi037.stdout:/usr/bin/ceph: stderr
2024-04-13T16:10:48.371+0000 7f0da7a7a700 1 -- 172.21.15.37:0/2133663597 >> 172.21.15.37:0/2133663597 conn(0x7f0da00fccb0 msgr2=0x7f0da00fd830 unknown :-1 s=STATE_NONE l=0).mark_down
2024-04-13T16:10:48.868 INFO:teuthology.orchestra.run.smithi037.stdout:/usr/bin/ceph: stderr
2024-04-13T16:10:48.371+0000 7f0da7a7a700 1 -- 172.21.15.37:0/2133663597 shutdown_connections
2024-04-13T16:10:48.869 INFO:teuthology.orchestra.run.smithi037.stdout:/usr/bin/ceph: stderr
2024-04-13T16:10:48.371+0000 7f0da7a7a700 1 -- 172.21.15.37:0/2133663597 wait complete.
2024-04-13T16:10:48.869 INFO:teuthology.orchestra.run.smithi037.stdout:mgr not available, waiting (3/15)...
2024-04-13T16:10:49.257 INFO:journalctl@ceph.mon.smithi037.smithi037.stdout:Apr 13 16:10:48 smithi037 ceph-mon[39772]: from='client.? 172.21.15.37:0/2133663597' entity='client.admin' cmd=[{"prefix": "status", "format": "json-pretty"}]: dispatch
2024-04-13T16:10:49.257 INFO:journalctl@ceph.mon.smithi037.smithi037.stdout:Apr 13 16:10:48 smithi037 ceph-mon[39772]: mgrmap e3: smithi037.tbvhss(active, since 1.00634s)
2024-04-13T16:10:51.043 INFO:journalctl@ceph.mon.smithi037.smithi037.stdout:Apr 13 16:10:50 smithi037 ceph-mon[39772]: mgrmap e4: smithi037.tbvhss(active, since 2s)
2024-04-13T16:10:51.996 INFO:journalctl@ceph.mon.smithi037.smithi037.stdout:Apr 13 16:10:51 smithi037 ceph-mon[39772]: from='client.? 172.21.15.37:0/4255539087' entity='client.admin' cmd=[{"prefix": "status", "format": "json-pretty"}]: dispatch
2024-04-13T16:10:52.234 INFO:teuthology.orchestra.run.smithi037.stdout:/usr/bin/ceph: stdout
2024-04-13T16:10:52.234 INFO:teuthology.orchestra.run.smithi037.stdout:/usr/bin/ceph: stdout {
2024-04-13T16:10:52.235 INFO:teuthology.orchestra.run.smithi037.stdout:/usr/bin/ceph: stdout "fsid": "3bd0a6e4-f9b0-11ee-bc8e-c7b262605968",
2024-04-13T16:10:52.235 INFO:teuthology.orchestra.run.smithi037.stdout:/usr/bin/ceph: stdout "health": {
2024-04-13T16:10:52.235 INFO:teuthology.orchestra.run.smithi037.stdout:/usr/bin/ceph: stdout "status": "HEALTH_OK",
2024-04-13T16:10:52.235 INFO:teuthology.orchestra.run.smithi037.stdout:/usr/bin/ceph: stdout "checks": {},
2024-04-13T16:10:52.235 INFO:teuthology.orchestra.run.smithi037.stdout:/usr/bin/ceph: stdout "mutes": []
2024-04-13T16:10:52.235 INFO:teuthology.orchestra.run.smithi037.stdout:/usr/bin/ceph: stdout },
2024-04-13T16:10:52.235 INFO:teuthology.orchestra.run.smithi037.stdout:/usr/bin/ceph: stdout "election_epoch": 5,
2024-04-13T16:10:52.235 INFO:teuthology.orchestra.run.smithi037.stdout:/usr/bin/ceph: stdout "quorum": [
2024-04-13T16:10:52.235 INFO:teuthology.orchestra.run.smithi037.stdout:/usr/bin/ceph: stdout 0
2024-04-13T16:10:52.235 INFO:teuthology.orchestra.run.smithi037.stdout:/usr/bin/ceph: stdout ],
2024-04-13T16:10:52.235 INFO:teuthology.orchestra.run.smithi037.stdout:/usr/bin/ceph: stdout "quorum_names": [
2024-04-13T16:10:52.235 INFO:teuthology.orchestra.run.smithi037.stdout:/usr/bin/ceph: stdout "smithi037"
2024-04-13T16:10:52.235 INFO:teuthology.orchestra.run.smithi037.stdout:/usr/bin/ceph: stdout ],
2024-04-13T16:10:52.235 INFO:teuthology.orchestra.run.smithi037.stdout:/usr/bin/ceph: stdout "quorum_age": 20,
2024-04-13T16:10:52.235 INFO:teuthology.orchestra.run.smithi037.stdout:/usr/bin/ceph: stdout "monmap": {
2024-04-13T16:10:52.236 INFO:teuthology.orchestra.run.smithi037.stdout:/usr/bin/ceph: stdout "epoch": 1,
2024-04-13T16:10:52.236 INFO:teuthology.orchestra.run.smithi037.stdout:/usr/bin/ceph: stdout "min_mon_release_name": "quincy",
2024-04-13T16:10:52.236 INFO:teuthology.orchestra.run.smithi037.stdout:/usr/bin/ceph: stdout "num_mons": 1
2024-04-13T16:10:52.236 INFO:teuthology.orchestra.run.smithi037.stdout:/usr/bin/ceph: stdout },
2024-04-13T16:10:52.236 INFO:teuthology.orchestra.run.smithi037.stdout:/usr/bin/ceph: stdout "osdmap": {
2024-04-13T16:10:52.236 INFO:teuthology.orchestra.run.smithi037.stdout:/usr/bin/ceph: stdout "epoch": 1,
2024-04-13T16:10:52.236 INFO:teuthology.orchestra.run.smithi037.stdout:/usr/bin/ceph: stdout "num_osds": 0,
2024-04-13T16:10:52.236 INFO:teuthology.orchestra.run.smithi037.stdout:/usr/bin/ceph: stdout "num_up_osds": 0,
2024-04-13T16:10:52.236 INFO:teuthology.orchestra.run.smithi037.stdout:/usr/bin/ceph: stdout "osd_up_since": 0,
2024-04-13T16:10:52.236 INFO:teuthology.orchestra.run.smithi037.stdout:/usr/bin/ceph: stdout "num_in_osds": 0,
2024-04-13T16:10:52.236 INFO:teuthology.orchestra.run.smithi037.stdout:/usr/bin/ceph: stdout "osd_in_since": 0,
2024-04-13T16:10:52.236 INFO:teuthology.orchestra.run.smithi037.stdout:/usr/bin/ceph: stdout "num_remapped_pgs": 0
2024-04-13T16:10:52.236 INFO:teuthology.orchestra.run.smithi037.stdout:/usr/bin/ceph: stdout },
2024-04-13T16:10:52.236 INFO:teuthology.orchestra.run.smithi037.stdout:/usr/bin/ceph: stdout "pgmap": {
2024-04-13T16:10:52.236 INFO:teuthology.orchestra.run.smithi037.stdout:/usr/bin/ceph: stdout "pgs_by_state": [],
2024-04-13T16:10:52.237 INFO:teuthology.orchestra.run.smithi037.stdout:/usr/bin/ceph: stdout "num_pgs": 0,
2024-04-13T16:10:52.237 INFO:teuthology.orchestra.run.smithi037.stdout:/usr/bin/ceph: stdout "num_pools": 0,
2024-04-13T16:10:52.237 INFO:teuthology.orchestra.run.smithi037.stdout:/usr/bin/ceph: stdout "num_objects": 0,
2024-04-13T16:10:52.237 INFO:teuthology.orchestra.run.smithi037.stdout:/usr/bin/ceph: stdout "data_bytes": 0,
2024-04-13T16:10:52.237 INFO:teuthology.orchestra.run.smithi037.stdout:/usr/bin/ceph: stdout "bytes_used": 0,
2024-04-13T16:10:52.237 INFO:teuthology.orchestra.run.smithi037.stdout:/usr/bin/ceph: stdout "bytes_avail": 0,
2024-04-13T16:10:52.237 INFO:teuthology.orchestra.run.smithi037.stdout:/usr/bin/ceph: stdout "bytes_total": 0
2024-04-13T16:10:52.237 INFO:teuthology.orchestra.run.smithi037.stdout:/usr/bin/ceph: stdout },
2024-04-13T16:10:52.237 INFO:teuthology.orchestra.run.smithi037.stdout:/usr/bin/ceph: stdout "fsmap": {
2024-04-13T16:10:52.237 INFO:teuthology.orchestra.run.smithi037.stdout:/usr/bin/ceph: stdout "epoch": 1,
2024-04-13T16:10:52.237 INFO:teuthology.orchestra.run.smithi037.stdout:/usr/bin/ceph: stdout "by_rank": [],
2024-04-13T16:10:52.237 INFO:teuthology.orchestra.run.smithi037.stdout:/usr/bin/ceph: stdout "up:standby": 0
2024-04-13T16:10:52.237 INFO:teuthology.orchestra.run.smithi037.stdout:/usr/bin/ceph: stdout },
2024-04-13T16:10:52.237 INFO:teuthology.orchestra.run.smithi037.stdout:/usr/bin/ceph: stdout "mgrmap": {
2024-04-13T16:10:52.237 INFO:teuthology.orchestra.run.smithi037.stdout:/usr/bin/ceph: stdout "available": true,
2024-04-13T16:10:52.238 INFO:teuthology.orchestra.run.smithi037.stdout:/usr/bin/ceph: stdout "num_standbys": 0,
2024-04-13T16:10:52.238 INFO:teuthology.orchestra.run.smithi037.stdout:/usr/bin/ceph: stdout "modules": [
2024-04-13T16:10:52.238 INFO:teuthology.orchestra.run.smithi037.stdout:/usr/bin/ceph: stdout "iostat",
2024-04-13T16:10:52.238 INFO:teuthology.orchestra.run.smithi037.stdout:/usr/bin/ceph: stdout "nfs",
2024-04-13T16:10:52.238 INFO:teuthology.orchestra.run.smithi037.stdout:/usr/bin/ceph: stdout "restful"
2024-04-13T16:10:52.238 INFO:teuthology.orchestra.run.smithi037.stdout:/usr/bin/ceph: stdout ],
2024-04-13T16:10:52.238 INFO:teuthology.orchestra.run.smithi037.stdout:/usr/bin/ceph: stdout "services": {}
2024-04-13T16:10:52.238 INFO:teuthology.orchestra.run.smithi037.stdout:/usr/bin/ceph: stdout },
2024-04-13T16:10:52.238 INFO:teuthology.orchestra.run.smithi037.stdout:/usr/bin/ceph: stdout "servicemap": {
2024-04-13T16:10:52.238 INFO:teuthology.orchestra.run.smithi037.stdout:/usr/bin/ceph: stdout "epoch": 1,
2024-04-13T16:10:52.238 INFO:teuthology.orchestra.run.smithi037.stdout:/usr/bin/ceph: stdout "modified": "2024-04-13T16:10:25.684564+0000",
2024-04-13T16:10:52.238 INFO:teuthology.orchestra.run.smithi037.stdout:/usr/bin/ceph: stdout "services": {}
2024-04-13T16:10:52.238 INFO:teuthology.orchestra.run.smithi037.stdout:/usr/bin/ceph: stdout },
2024-04-13T16:10:52.238 INFO:teuthology.orchestra.run.smithi037.stdout:/usr/bin/ceph: stdout "progress_events": {}
2024-04-13T16:10:52.238 INFO:teuthology.orchestra.run.smithi037.stdout:/usr/bin/ceph: stdout }
2024-04-13T16:10:52.239 INFO:teuthology.orchestra.run.smithi037.stdout:/usr/bin/ceph: stderr
2024-04-13T16:10:51.361+0000 7f50425a4700 1 Processor -- start
2024-04-13T16:10:52.239 INFO:teuthology.orchestra.run.smithi037.stdout:/usr/bin/ceph: stderr
2024-04-13T16:10:51.361+0000 7f50425a4700 1 -- start start
2024-04-13T16:10:52.239 INFO:teuthology.orchestra.run.smithi037.stdout:/usr/bin/ceph: stderr
2024-04-13T16:10:51.361+0000 7f50425a4700 1 --2- >> [v2:172.21.15.37:3300/0,v1:172.21.15.37:6789/0] conn(0x7f503c102820 0x7f503c102c30 unknown :-1 s=NONE pgs=0 cs=0 l=0 rev1=0 crypto rx=0 tx=0 comp rx=0 tx=0).connect
2024-04-13T16:10:52.239 INFO:teuthology.orchestra.run.smithi037.stdout:/usr/bin/ceph: stderr
2024-04-13T16:10:51.361+0000 7f50425a4700 1 -- --> [v2:172.21.15.37:3300/0,v1:172.21.15.37:6789/0] -- mon_getmap magic: 0 v1 -- 0x7f503c103170 con 0x7f503c102820
2024-04-13T16:10:52.239 INFO:teuthology.orchestra.run.smithi037.stdout:/usr/bin/ceph: stderr
2024-04-13T16:10:51.362+0000 7f503bfff700 1 --2- >> [v2:172.21.15.37:3300/0,v1:172.21.15.37:6789/0] conn(0x7f503c102820 0x7f503c102c30 unknown :-1 s=BANNER_CONNECTING pgs=0 cs=0 l=0 rev1=0 crypto rx=0 tx=0 comp rx=0 tx=0)._handle_peer_banner_payload supported=3 required=0
2024-04-13T16:10:52.239 INFO:teuthology.orchestra.run.smithi037.stdout:/usr/bin/ceph: stderr
2024-04-13T16:10:51.362+0000 7f503bfff700 1 --2- >> [v2:172.21.15.37:3300/0,v1:172.21.15.37:6789/0] conn(0x7f503c102820 0x7f503c102c30 unknown :-1 s=HELLO_CONNECTING pgs=0 cs=0 l=0 rev1=1 crypto rx=0 tx=0 comp rx=0 tx=0).handle_hello peer v2:172.21.15.37:3300/0 says I am v2:172.21.15.37:34670/0 (socket says 172.21.15.37:34670)
2024-04-13T16:10:52.239 INFO:teuthology.orchestra.run.smithi037.stdout:/usr/bin/ceph: stderr
2024-04-13T16:10:51.362+0000 7f503bfff700 1 -- 172.21.15.37:0/3435958207 learned_addr learned my addr 172.21.15.37:0/3435958207 (peer_addr_for_me v2:172.21.15.37:0/0)
2024-04-13T16:10:52.239 INFO:teuthology.orchestra.run.smithi037.stdout:/usr/bin/ceph: stderr
2024-04-13T16:10:51.362+0000 7f503bfff700 1 -- 172.21.15.37:0/3435958207 --> [v2:172.21.15.37:3300/0,v1:172.21.15.37:6789/0] -- mon_subscribe({config=0+,monmap=0+}) v3 -- 0x7f503c1032b0 con 0x7f503c102820
2024-04-13T16:10:52.239 INFO:teuthology.orchestra.run.smithi037.stdout:/usr/bin/ceph: stderr
2024-04-13T16:10:51.362+0000 7f503bfff700 1 --2- 172.21.15.37:0/3435958207 >> [v2:172.21.15.37:3300/0,v1:172.21.15.37:6789/0] conn(0x7f503c102820 0x7f503c102c30 secure :-1 s=READY pgs=18 cs=0 l=1 rev1=1 crypto rx=0x7f502c0098e0 tx=0x7f502c009250 comp rx=0 tx=0).ready entity=mon.0 client_cookie=7036f35d8e6cece0 server_cookie=0 in_seq=0 out_seq=0
2024-04-13T16:10:52.239 INFO:teuthology.orchestra.run.smithi037.stdout:/usr/bin/ceph: stderr
2024-04-13T16:10:51.362+0000 7f503affd700 1 -- 172.21.15.37:0/3435958207 <== mon.0 v2:172.21.15.37:3300/0 1 ==== mon_map magic: 0 v1 ==== 229+0+0 (secure 0 0 0) 0x7f502c00b860 con 0x7f503c102820
2024-04-13T16:10:52.239 INFO:teuthology.orchestra.run.smithi037.stdout:/usr/bin/ceph: stderr
2024-04-13T16:10:51.362+0000 7f503affd700 1 -- 172.21.15.37:0/3435958207 <== mon.0 v2:172.21.15.37:3300/0 2 ==== config(26 keys) v1 ==== 1009+0+0 (secure 0 0 0) 0x7f502c00be30 con 0x7f503c102820
2024-04-13T16:10:52.239 INFO:teuthology.orchestra.run.smithi037.stdout:/usr/bin/ceph: stderr
2024-04-13T16:10:51.362+0000 7f503affd700 1 -- 172.21.15.37:0/3435958207 <== mon.0 v2:172.21.15.37:3300/0 3 ==== mon_map magic: 0 v1 ==== 229+0+0 (secure 0 0 0) 0x7f502c010380 con 0x7f503c102820
2024-04-13T16:10:52.239 INFO:teuthology.orchestra.run.smithi037.stdout:/usr/bin/ceph: stderr
2024-04-13T16:10:51.363+0000 7f50425a4700 1 -- 172.21.15.37:0/3435958207 >> [v2:172.21.15.37:3300/0,v1:172.21.15.37:6789/0] conn(0x7f503c102820 msgr2=0x7f503c102c30 secure :-1 s=STATE_CONNECTION_ESTABLISHED l=1).mark_down
2024-04-13T16:10:52.239 INFO:teuthology.orchestra.run.smithi037.stdout:/usr/bin/ceph: stderr
2024-04-13T16:10:51.363+0000 7f50425a4700 1 --2- 172.21.15.37:0/3435958207 >> [v2:172.21.15.37:3300/0,v1:172.21.15.37:6789/0] conn(0x7f503c102820 0x7f503c102c30 secure :-1 s=READY pgs=18 cs=0 l=1 rev1=1 crypto rx=0x7f502c0098e0 tx=0x7f502c009250 comp rx=0 tx=0).stop
2024-04-13T16:10:52.240 INFO:teuthology.orchestra.run.smithi037.stdout:/usr/bin/ceph: stderr
2024-04-13T16:10:51.363+0000 7f50425a4700 1 -- 172.21.15.37:0/3435958207 shutdown_connections
2024-04-13T16:10:52.240 INFO:teuthology.orchestra.run.smithi037.stdout:/usr/bin/ceph: stderr
2024-04-13T16:10:51.363+0000 7f50425a4700 1 --2- 172.21.15.37:0/3435958207 >> [v2:172.21.15.37:3300/0,v1:172.21.15.37:6789/0] conn(0x7f503c102820 0x7f503c102c30 unknown :-1 s=CLOSED pgs=18 cs=0 l=1 rev1=1 crypto rx=0 tx=0 comp rx=0 tx=0).stop
2024-04-13T16:10:52.240 INFO:teuthology.orchestra.run.smithi037.stdout:/usr/bin/ceph: stderr
2024-04-13T16:10:51.363+0000 7f50425a4700 1 -- 172.21.15.37:0/3435958207 >> 172.21.15.37:0/3435958207 conn(0x7f503c0fdf80 msgr2=0x7f503c1003b0 unknown :-1 s=STATE_NONE l=0).mark_down
2024-04-13T16:10:52.240 INFO:teuthology.orchestra.run.smithi037.stdout:/usr/bin/ceph: stderr
2024-04-13T16:10:51.363+0000 7f50425a4700 1 -- 172.21.15.37:0/3435958207 shutdown_connections
2024-04-13T16:10:52.240 INFO:teuthology.orchestra.run.smithi037.stdout:/usr/bin/ceph: stderr
2024-04-13T16:10:51.363+0000 7f50425a4700 1 -- 172.21.15.37:0/3435958207 wait complete.
2024-04-13T16:10:52.240 INFO:teuthology.orchestra.run.smithi037.stdout:/usr/bin/ceph: stderr
2024-04-13T16:10:51.363+0000 7f50425a4700 1 Processor -- start
2024-04-13T16:10:52.240 INFO:teuthology.orchestra.run.smithi037.stdout:/usr/bin/ceph: stderr
2024-04-13T16:10:51.364+0000 7f50425a4700 1 -- start start
2024-04-13T16:10:52.240 INFO:teuthology.orchestra.run.smithi037.stdout:/usr/bin/ceph: stderr
2024-04-13T16:10:51.364+0000 7f50425a4700 1 --2- >> [v2:172.21.15.37:3300/0,v1:172.21.15.37:6789/0] conn(0x7f503c102820 0x7f503c1115a0 unknown :-1 s=NONE pgs=0 cs=0 l=1 rev1=0 crypto rx=0 tx=0 comp rx=0 tx=0).connect
2024-04-13T16:10:52.240 INFO:teuthology.orchestra.run.smithi037.stdout:/usr/bin/ceph: stderr
2024-04-13T16:10:51.364+0000 7f50425a4700 1 -- --> [v2:172.21.15.37:3300/0,v1:172.21.15.37:6789/0] -- mon_getmap magic: 0 v1 -- 0x7f503c111ae0 con 0x7f503c102820
2024-04-13T16:10:52.240 INFO:teuthology.orchestra.run.smithi037.stdout:/usr/bin/ceph: stderr
2024-04-13T16:10:51.364+0000 7f503bfff700 1 --2- >> [v2:172.21.15.37:3300/0,v1:172.21.15.37:6789/0] conn(0x7f503c102820 0x7f503c1115a0 unknown :-1 s=BANNER_CONNECTING pgs=0 cs=0 l=1 rev1=0 crypto rx=0 tx=0 comp rx=0 tx=0)._handle_peer_banner_payload supported=3 required=0
2024-04-13T16:10:52.241 INFO:teuthology.orchestra.run.smithi037.stdout:/usr/bin/ceph: stderr
2024-04-13T16:10:51.364+0000 7f503bfff700 1 --2- >> [v2:172.21.15.37:3300/0,v1:172.21.15.37:6789/0] conn(0x7f503c102820 0x7f503c1115a0 unknown :-1 s=HELLO_CONNECTING pgs=0 cs=0 l=1 rev1=1 crypto rx=0 tx=0 comp rx=0 tx=0).handle_hello peer v2:172.21.15.37:3300/0 says I am v2:172.21.15.37:34674/0 (socket says 172.21.15.37:34674)
2024-04-13T16:10:52.241 INFO:teuthology.orchestra.run.smithi037.stdout:/usr/bin/ceph: stderr
2024-04-13T16:10:51.364+0000 7f503bfff700 1 -- 172.21.15.37:0/4255539087 learned_addr learned my addr 172.21.15.37:0/4255539087 (peer_addr_for_me v2:172.21.15.37:0/0)
2024-04-13T16:10:52.241 INFO:teuthology.orchestra.run.smithi037.stdout:/usr/bin/ceph: stderr
2024-04-13T16:10:51.364+0000 7f503bfff700 1 -- 172.21.15.37:0/4255539087 --> [v2:172.21.15.37:3300/0,v1:172.21.15.37:6789/0] -- mon_subscribe({config=0+,monmap=0+}) v3 -- 0x7f502c0094f0 con 0x7f503c102820
2024-04-13T16:10:52.241 INFO:teuthology.orchestra.run.smithi037.stdout:/usr/bin/ceph: stderr
2024-04-13T16:10:51.364+0000 7f503bfff700 1 --2- 172.21.15.37:0/4255539087 >> [v2:172.21.15.37:3300/0,v1:172.21.15.37:6789/0] conn(0x7f503c102820 0x7f503c1115a0 secure :-1 s=READY pgs=19 cs=0 l=1 rev1=1 crypto rx=0x7f502c006b00 tx=0x7f502c009250 comp rx=0 tx=0).ready entity=mon.0 client_cookie=0 server_cookie=0 in_seq=0 out_seq=0
2024-04-13T16:10:52.241 INFO:teuthology.orchestra.run.smithi037.stdout:/usr/bin/ceph: stderr
2024-04-13T16:10:51.365+0000 7f5038ff9700 1 -- 172.21.15.37:0/4255539087 <== mon.0 v2:172.21.15.37:3300/0 1 ==== mon_map magic: 0 v1 ==== 229+0+0 (secure 0 0 0) 0x7f502c0109b0 con 0x7f503c102820
2024-04-13T16:10:52.241 INFO:teuthology.orchestra.run.smithi037.stdout:/usr/bin/ceph: stderr
2024-04-13T16:10:51.365+0000 7f5038ff9700 1 -- 172.21.15.37:0/4255539087 <== mon.0 v2:172.21.15.37:3300/0 2 ==== config(26 keys) v1 ==== 1009+0+0 (secure 0 0 0) 0x7f502c024440 con 0x7f503c102820
2024-04-13T16:10:52.241 INFO:teuthology.orchestra.run.smithi037.stdout:/usr/bin/ceph: stderr
2024-04-13T16:10:51.365+0000 7f50425a4700 1 -- 172.21.15.37:0/4255539087 --> [v2:172.21.15.37:3300/0,v1:172.21.15.37:6789/0] -- mon_subscribe({mgrmap=0+}) v3 -- 0x7f503c111ce0 con 0x7f503c102820
2024-04-13T16:10:52.241 INFO:teuthology.orchestra.run.smithi037.stdout:/usr/bin/ceph: stderr
2024-04-13T16:10:51.365+0000 7f5038ff9700 1 -- 172.21.15.37:0/4255539087 <== mon.0 v2:172.21.15.37:3300/0 3 ==== mon_map magic: 0 v1 ==== 229+0+0 (secure 0 0 0) 0x7f502c01a5f0 con 0x7f503c102820
2024-04-13T16:10:52.241 INFO:teuthology.orchestra.run.smithi037.stdout:/usr/bin/ceph: stderr
2024-04-13T16:10:51.365+0000 7f50425a4700 1 -- 172.21.15.37:0/4255539087 --> [v2:172.21.15.37:3300/0,v1:172.21.15.37:6789/0] -- mon_subscribe({osdmap=0}) v3 -- 0x7f503c112850 con 0x7f503c102820
2024-04-13T16:10:52.241 INFO:teuthology.orchestra.run.smithi037.stdout:/usr/bin/ceph: stderr
2024-04-13T16:10:51.366+0000 7f5038ff9700 1 -- 172.21.15.37:0/4255539087 <== mon.0 v2:172.21.15.37:3300/0 4 ==== mgrmap(e 4) v1 ==== 43365+0+0 (secure 0 0 0) 0x7f502c01a8b0 con 0x7f503c102820
2024-04-13T16:10:52.241 INFO:teuthology.orchestra.run.smithi037.stdout:/usr/bin/ceph: stderr
2024-04-13T16:10:51.366+0000 7f5038ff9700 1 --2- 172.21.15.37:0/4255539087 >> [v2:172.21.15.37:6800/1777827529,v1:172.21.15.37:6801/1777827529] conn(0x7f5024036740 0x7f5024038bf0 unknown :-1 s=NONE pgs=0 cs=0 l=1 rev1=0 crypto rx=0 tx=0 comp rx=0 tx=0).connect
2024-04-13T16:10:52.241 INFO:teuthology.orchestra.run.smithi037.stdout:/usr/bin/ceph: stderr
2024-04-13T16:10:51.366+0000 7f50425a4700 1 -- 172.21.15.37:0/4255539087 --> [v2:172.21.15.37:3300/0,v1:172.21.15.37:6789/0] -- mon_command({"prefix": "get_command_descriptions"} v 0) v1 -- 0x7f503c05f5f0 con 0x7f503c102820
2024-04-13T16:10:52.241 INFO:teuthology.orchestra.run.smithi037.stdout:/usr/bin/ceph: stderr
2024-04-13T16:10:51.366+0000 7f5038ff9700 1 -- 172.21.15.37:0/4255539087 <== mon.0 v2:172.21.15.37:3300/0 5 ==== osd_map(1..1 src has 1..1) v4 ==== 721+0+0 (secure 0 0 0) 0x7f502c04a8a0 con 0x7f503c102820
2024-04-13T16:10:52.241 INFO:teuthology.orchestra.run.smithi037.stdout:/usr/bin/ceph: stderr
2024-04-13T16:10:51.366+0000 7f503b7fe700 1 --2- 172.21.15.37:0/4255539087 >> [v2:172.21.15.37:6800/1777827529,v1:172.21.15.37:6801/1777827529] conn(0x7f5024036740 0x7f5024038bf0 unknown :-1 s=BANNER_CONNECTING pgs=0 cs=0 l=1 rev1=0 crypto rx=0 tx=0 comp rx=0 tx=0)._handle_peer_banner_payload supported=3 required=0
2024-04-13T16:10:52.242 INFO:teuthology.orchestra.run.smithi037.stdout:/usr/bin/ceph: stderr
2024-04-13T16:10:51.366+0000 7f503b7fe700 1 --2- 172.21.15.37:0/4255539087 >> [v2:172.21.15.37:6800/1777827529,v1:172.21.15.37:6801/1777827529] conn(0x7f5024036740 0x7f5024038bf0 secure :-1 s=READY pgs=6 cs=0 l=1 rev1=1 crypto rx=0x7f5030009990 tx=0x7f5030006e40 comp rx=0 tx=0).ready entity=mgr.14100 client_cookie=0 server_cookie=0 in_seq=0 out_seq=0
2024-04-13T16:10:52.242 INFO:teuthology.orchestra.run.smithi037.stdout:/usr/bin/ceph: stderr
2024-04-13T16:10:51.371+0000 7f5038ff9700 1 -- 172.21.15.37:0/4255539087 <== mon.0 v2:172.21.15.37:3300/0 6 ==== mon_command_ack([{"prefix": "get_command_descriptions"}]=0 v0) v1 ==== 72+0+176702 (secure 0 0 0) 0x7f502c01ab60 con 0x7f503c102820
2024-04-13T16:10:52.242 INFO:teuthology.orchestra.run.smithi037.stdout:/usr/bin/ceph: stderr
2024-04-13T16:10:51.644+0000 7f50425a4700 1 -- 172.21.15.37:0/4255539087 --> [v2:172.21.15.37:3300/0,v1:172.21.15.37:6789/0] -- mon_command({"prefix": "status", "format": "json-pretty"} v 0) v1 -- 0x7f503c04bed0 con 0x7f503c102820
2024-04-13T16:10:52.242 INFO:teuthology.orchestra.run.smithi037.stdout:/usr/bin/ceph: stderr
2024-04-13T16:10:51.644+0000 7f5038ff9700 1 -- 172.21.15.37:0/4255539087 <== mon.0 v2:172.21.15.37:3300/0 7 ==== mon_command_ack([{"prefix": "status", "format": "json-pretty"}]=0 v0) v1 ==== 79+0+1248 (secure 0 0 0) 0x7f502c018350 con 0x7f503c102820
2024-04-13T16:10:52.242 INFO:teuthology.orchestra.run.smithi037.stdout:/usr/bin/ceph: stderr
2024-04-13T16:10:51.646+0000 7f50425a4700 1 -- 172.21.15.37:0/4255539087 >> [v2:172.21.15.37:6800/1777827529,v1:172.21.15.37:6801/1777827529] conn(0x7f5024036740 msgr2=0x7f5024038bf0 secure :-1 s=STATE_CONNECTION_ESTABLISHED l=1).mark_down
2024-04-13T16:10:52.242 INFO:teuthology.orchestra.run.smithi037.stdout:/usr/bin/ceph: stderr
2024-04-13T16:10:51.646+0000 7f50425a4700 1 --2- 172.21.15.37:0/4255539087 >> [v2:172.21.15.37:6800/1777827529,v1:172.21.15.37:6801/1777827529] conn(0x7f5024036740 0x7f5024038bf0 secure :-1 s=READY pgs=6 cs=0 l=1 rev1=1 crypto rx=0x7f5030009990 tx=0x7f5030006e40 comp rx=0 tx=0).stop
2024-04-13T16:10:52.242 INFO:teuthology.orchestra.run.smithi037.stdout:/usr/bin/ceph: stderr
2024-04-13T16:10:51.646+0000 7f50425a4700 1 -- 172.21.15.37:0/4255539087 >> [v2:172.21.15.37:3300/0,v1:172.21.15.37:6789/0] conn(0x7f503c102820 msgr2=0x7f503c1115a0 secure :-1 s=STATE_CONNECTION_ESTABLISHED l=1).mark_down
2024-04-13T16:10:52.242 INFO:teuthology.orchestra.run.smithi037.stdout:/usr/bin/ceph: stderr
2024-04-13T16:10:51.646+0000 7f50425a4700 1 --2- 172.21.15.37:0/4255539087 >> [v2:172.21.15.37:3300/0,v1:172.21.15.37:6789/0] conn(0x7f503c102820 0x7f503c1115a0 secure :-1 s=READY pgs=19 cs=0 l=1 rev1=1 crypto rx=0x7f502c006b00 tx=0x7f502c009250 comp rx=0 tx=0).stop
2024-04-13T16:10:52.242 INFO:teuthology.orchestra.run.smithi037.stdout:/usr/bin/ceph: stderr
2024-04-13T16:10:51.647+0000 7f50425a4700 1 -- 172.21.15.37:0/4255539087 shutdown_connections
2024-04-13T16:10:52.242 INFO:teuthology.orchestra.run.smithi037.stdout:/usr/bin/ceph: stderr
2024-04-13T16:10:51.647+0000 7f50425a4700 1 --2- 172.21.15.37:0/4255539087 >> [v2:172.21.15.37:6800/1777827529,v1:172.21.15.37:6801/1777827529] conn(0x7f5024036740 0x7f5024038bf0 unknown :-1 s=CLOSED pgs=6 cs=0 l=1 rev1=1 crypto rx=0 tx=0 comp rx=0 tx=0).stop
2024-04-13T16:10:52.242 INFO:teuthology.orchestra.run.smithi037.stdout:/usr/bin/ceph: stderr
2024-04-13T16:10:51.647+0000 7f50425a4700 1 --2- 172.21.15.37:0/4255539087 >> [v2:172.21.15.37:3300/0,v1:172.21.15.37:6789/0] conn(0x7f503c102820 0x7f503c1115a0 unknown :-1 s=CLOSED pgs=19 cs=0 l=1 rev1=1 crypto rx=0 tx=0 comp rx=0 tx=0).stop
2024-04-13T16:10:52.242 INFO:teuthology.orchestra.run.smithi037.stdout:/usr/bin/ceph: stderr
2024-04-13T16:10:51.647+0000 7f50425a4700 1 -- 172.21.15.37:0/4255539087 >> 172.21.15.37:0/4255539087 conn(0x7f503c0fdf80 msgr2=0x7f503c0feab0 unknown :-1 s=STATE_NONE l=0).mark_down
2024-04-13T16:10:52.242 INFO:teuthology.orchestra.run.smithi037.stdout:/usr/bin/ceph: stderr
2024-04-13T16:10:51.647+0000 7f50425a4700 1 -- 172.21.15.37:0/4255539087 shutdown_connections
2024-04-13T16:10:52.242 INFO:teuthology.orchestra.run.smithi037.stdout:/usr/bin/ceph: stderr
2024-04-13T16:10:51.647+0000 7f50425a4700 1 -- 172.21.15.37:0/4255539087 wait complete.
2024-04-13T16:10:52.242 INFO:teuthology.orchestra.run.smithi037.stdout:mgr is available
2024-04-13T16:10:53.257 INFO:journalctl@ceph.mon.smithi037.smithi037.stdout:Apr 13 16:10:52 smithi037 ceph-mon[39772]: from='client.? 172.21.15.37:0/4532993' entity='client.admin' cmd=[{"prefix": "config assimilate-conf"}]: dispatch
2024-04-13T16:10:53.537 INFO:teuthology.orchestra.run.smithi037.stdout:/usr/bin/ceph: stdout
2024-04-13T16:10:53.537 INFO:teuthology.orchestra.run.smithi037.stdout:/usr/bin/ceph: stdout [global]
2024-04-13T16:10:53.537 INFO:teuthology.orchestra.run.smithi037.stdout:/usr/bin/ceph: stdout fsid = 3bd0a6e4-f9b0-11ee-bc8e-c7b262605968
2024-04-13T16:10:53.537 INFO:teuthology.orchestra.run.smithi037.stdout:/usr/bin/ceph: stdout mon_osd_allow_pg_remap = true
2024-04-13T16:10:53.537 INFO:teuthology.orchestra.run.smithi037.stdout:/usr/bin/ceph: stdout mon_osd_allow_primary_affinity = true
2024-04-13T16:10:53.537 INFO:teuthology.orchestra.run.smithi037.stdout:/usr/bin/ceph: stdout mon_warn_on_no_sortbitwise = false
2024-04-13T16:10:53.537 INFO:teuthology.orchestra.run.smithi037.stdout:/usr/bin/ceph: stdout osd_crush_chooseleaf_type = 0
2024-04-13T16:10:53.537 INFO:teuthology.orchestra.run.smithi037.stdout:/usr/bin/ceph: stdout
2024-04-13T16:10:53.537 INFO:teuthology.orchestra.run.smithi037.stdout:/usr/bin/ceph: stdout [mgr]
2024-04-13T16:10:53.537 INFO:teuthology.orchestra.run.smithi037.stdout:/usr/bin/ceph: stdout mgr/telemetry/nag = false
2024-04-13T16:10:53.537 INFO:teuthology.orchestra.run.smithi037.stdout:/usr/bin/ceph: stdout
2024-04-13T16:10:53.537 INFO:teuthology.orchestra.run.smithi037.stdout:/usr/bin/ceph: stdout [osd]
2024-04-13T16:10:53.538 INFO:teuthology.orchestra.run.smithi037.stdout:/usr/bin/ceph: stdout mon_osd_backfillfull_ratio = 0.85
2024-04-13T16:10:53.538 INFO:teuthology.orchestra.run.smithi037.stdout:/usr/bin/ceph: stdout mon_osd_full_ratio = 0.9
2024-04-13T16:10:53.538 INFO:teuthology.orchestra.run.smithi037.stdout:/usr/bin/ceph: stdout mon_osd_nearfull_ratio = 0.8
2024-04-13T16:10:53.538 INFO:teuthology.orchestra.run.smithi037.stdout:/usr/bin/ceph: stdout osd_map_max_advance = 10
2024-04-13T16:10:53.538 INFO:teuthology.orchestra.run.smithi037.stdout:/usr/bin/ceph: stdout osd_sloppy_crc = true
2024-04-13T16:10:53.538 INFO:teuthology.orchestra.run.smithi037.stdout:/usr/bin/ceph: stderr
2024-04-13T16:10:52.735+0000 7f49720f2700 1 Processor -- start
2024-04-13T16:10:53.538 INFO:teuthology.orchestra.run.smithi037.stdout:/usr/bin/ceph: stderr
2024-04-13T16:10:52.735+0000 7f49720f2700 1 -- start start
2024-04-13T16:10:53.538 INFO:teuthology.orchestra.run.smithi037.stdout:/usr/bin/ceph: stderr
2024-04-13T16:10:52.735+0000 7f49720f2700 1 --2- >> [v2:172.21.15.37:3300/0,v1:172.21.15.37:6789/0] conn(0x7f496c102820 0x7f496c102c30 unknown :-1 s=NONE pgs=0 cs=0 l=0 rev1=0 crypto rx=0 tx=0 comp rx=0 tx=0).connect
2024-04-13T16:10:53.538 INFO:teuthology.orchestra.run.smithi037.stdout:/usr/bin/ceph: stderr
2024-04-13T16:10:52.735+0000 7f49720f2700 1 -- --> [v2:172.21.15.37:3300/0,v1:172.21.15.37:6789/0] -- mon_getmap magic: 0 v1 -- 0x7f496c103170 con 0x7f496c102820
2024-04-13T16:10:53.538 INFO:teuthology.orchestra.run.smithi037.stdout:/usr/bin/ceph: stderr
2024-04-13T16:10:52.735+0000 7f496b7fe700 1 --2- >> [v2:172.21.15.37:3300/0,v1:172.21.15.37:6789/0] conn(0x7f496c102820 0x7f496c102c30 unknown :-1 s=BANNER_CONNECTING pgs=0 cs=0 l=0 rev1=0 crypto rx=0 tx=0 comp rx=0 tx=0)._handle_peer_banner_payload supported=3 required=0
2024-04-13T16:10:53.538 INFO:teuthology.orchestra.run.smithi037.stdout:/usr/bin/ceph: stderr
2024-04-13T16:10:52.736+0000 7f496b7fe700 1 --2- >> [v2:172.21.15.37:3300/0,v1:172.21.15.37:6789/0] conn(0x7f496c102820 0x7f496c102c30 unknown :-1 s=HELLO_CONNECTING pgs=0 cs=0 l=0 rev1=1 crypto rx=0 tx=0 comp rx=0 tx=0).handle_hello peer v2:172.21.15.37:3300/0 says I am v2:172.21.15.37:34680/0 (socket says 172.21.15.37:34680)
2024-04-13T16:10:53.538 INFO:teuthology.orchestra.run.smithi037.stdout:/usr/bin/ceph: stderr
2024-04-13T16:10:52.736+0000 7f496b7fe700 1 -- 172.21.15.37:0/526293702 learned_addr learned my addr 172.21.15.37:0/526293702 (peer_addr_for_me v2:172.21.15.37:0/0)
2024-04-13T16:10:53.538 INFO:teuthology.orchestra.run.smithi037.stdout:/usr/bin/ceph: stderr
2024-04-13T16:10:52.736+0000 7f496b7fe700 1 -- 172.21.15.37:0/526293702 --> [v2:172.21.15.37:3300/0,v1:172.21.15.37:6789/0] -- mon_subscribe({config=0+,monmap=0+}) v3 -- 0x7f496c1032b0 con 0x7f496c102820
2024-04-13T16:10:53.539 INFO:teuthology.orchestra.run.smithi037.stdout:/usr/bin/ceph: stderr
2024-04-13T16:10:52.736+0000 7f496b7fe700 1 --2- 172.21.15.37:0/526293702 >> [v2:172.21.15.37:3300/0,v1:172.21.15.37:6789/0] conn(0x7f496c102820 0x7f496c102c30 secure :-1 s=READY pgs=20 cs=0 l=1 rev1=1 crypto rx=0x7f49600098e0 tx=0x7f4960009250 comp rx=0 tx=0).ready entity=mon.0 client_cookie=41064d3c055950a4 server_cookie=0 in_seq=0 out_seq=0
2024-04-13T16:10:53.539 INFO:teuthology.orchestra.run.smithi037.stdout:/usr/bin/ceph: stderr
2024-04-13T16:10:52.736+0000 7f496a7fc700 1 -- 172.21.15.37:0/526293702 <== mon.0 v2:172.21.15.37:3300/0 1 ==== mon_map magic: 0 v1 ==== 229+0+0 (secure 0 0 0) 0x7f496000b860 con 0x7f496c102820
2024-04-13T16:10:53.539 INFO:teuthology.orchestra.run.smithi037.stdout:/usr/bin/ceph: stderr
2024-04-13T16:10:52.736+0000 7f496a7fc700 1 -- 172.21.15.37:0/526293702 <== mon.0 v2:172.21.15.37:3300/0 2 ==== config(26 keys) v1 ==== 1009+0+0 (secure 0 0 0) 0x7f496000be30 con 0x7f496c102820
2024-04-13T16:10:53.539 INFO:teuthology.orchestra.run.smithi037.stdout:/usr/bin/ceph: stderr
2024-04-13T16:10:52.736+0000 7f496a7fc700 1 -- 172.21.15.37:0/526293702 <== mon.0 v2:172.21.15.37:3300/0 3 ==== mon_map magic: 0 v1 ==== 229+0+0 (secure 0 0 0) 0x7f4960010380 con 0x7f496c102820
2024-04-13T16:10:53.539 INFO:teuthology.orchestra.run.smithi037.stdout:/usr/bin/ceph: stderr
2024-04-13T16:10:52.737+0000 7f49720f2700 1 -- 172.21.15.37:0/526293702 >> [v2:172.21.15.37:3300/0,v1:172.21.15.37:6789/0] conn(0x7f496c102820 msgr2=0x7f496c102c30 secure :-1 s=STATE_CONNECTION_ESTABLISHED l=1).mark_down
2024-04-13T16:10:53.539 INFO:teuthology.orchestra.run.smithi037.stdout:/usr/bin/ceph: stderr
2024-04-13T16:10:52.737+0000 7f49720f2700 1 --2- 172.21.15.37:0/526293702 >> [v2:172.21.15.37:3300/0,v1:172.21.15.37:6789/0] conn(0x7f496c102820 0x7f496c102c30 secure :-1 s=READY pgs=20 cs=0 l=1 rev1=1 crypto rx=0x7f49600098e0 tx=0x7f4960009250 comp rx=0 tx=0).stop
2024-04-13T16:10:53.539 INFO:teuthology.orchestra.run.smithi037.stdout:/usr/bin/ceph: stderr
2024-04-13T16:10:52.737+0000 7f49720f2700 1 -- 172.21.15.37:0/526293702 shutdown_connections
2024-04-13T16:10:53.539 INFO:teuthology.orchestra.run.smithi037.stdout:/usr/bin/ceph: stderr
2024-04-13T16:10:52.737+0000 7f49720f2700 1 --2- 172.21.15.37:0/526293702 >> [v2:172.21.15.37:3300/0,v1:172.21.15.37:6789/0] conn(0x7f496c102820 0x7f496c102c30 unknown :-1 s=CLOSED pgs=20 cs=0 l=1 rev1=1 crypto rx=0 tx=0 comp rx=0 tx=0).stop
2024-04-13T16:10:53.539 INFO:teuthology.orchestra.run.smithi037.stdout:/usr/bin/ceph: stderr
2024-04-13T16:10:52.737+0000 7f49720f2700 1 -- 172.21.15.37:0/526293702 >> 172.21.15.37:0/526293702 conn(0x7f496c0fdf80 msgr2=0x7f496c1003b0 unknown :-1 s=STATE_NONE l=0).mark_down
2024-04-13T16:10:53.539 INFO:teuthology.orchestra.run.smithi037.stdout:/usr/bin/ceph: stderr
2024-04-13T16:10:52.737+0000 7f49720f2700 1 -- 172.21.15.37:0/526293702 shutdown_connections
2024-04-13T16:10:53.539 INFO:teuthology.orchestra.run.smithi037.stdout:/usr/bin/ceph: stderr
2024-04-13T16:10:52.737+0000 7f49720f2700 1 -- 172.21.15.37:0/526293702 wait complete.
2024-04-13T16:10:53.539 INFO:teuthology.orchestra.run.smithi037.stdout:/usr/bin/ceph: stderr
2024-04-13T16:10:52.737+0000 7f49720f2700 1 Processor -- start
2024-04-13T16:10:53.539 INFO:teuthology.orchestra.run.smithi037.stdout:/usr/bin/ceph: stderr
2024-04-13T16:10:52.738+0000 7f49720f2700 1 -- start start
2024-04-13T16:10:53.539 INFO:teuthology.orchestra.run.smithi037.stdout:/usr/bin/ceph: stderr
2024-04-13T16:10:52.738+0000 7f49720f2700 1 --2- >> [v2:172.21.15.37:3300/0,v1:172.21.15.37:6789/0] conn(0x7f496c102820 0x7f496c1115a0 unknown :-1 s=NONE pgs=0 cs=0 l=1 rev1=0 crypto rx=0 tx=0 comp rx=0 tx=0).connect
2024-04-13T16:10:53.539 INFO:teuthology.orchestra.run.smithi037.stdout:/usr/bin/ceph: stderr
2024-04-13T16:10:52.738+0000 7f49720f2700 1 -- --> [v2:172.21.15.37:3300/0,v1:172.21.15.37:6789/0] -- mon_getmap magic: 0 v1 -- 0x7f496c111ae0 con 0x7f496c102820
2024-04-13T16:10:53.540 INFO:teuthology.orchestra.run.smithi037.stdout:/usr/bin/ceph: stderr
2024-04-13T16:10:52.738+0000 7f496b7fe700 1 --2- >> [v2:172.21.15.37:3300/0,v1:172.21.15.37:6789/0] conn(0x7f496c102820 0x7f496c1115a0 unknown :-1 s=BANNER_CONNECTING pgs=0 cs=0 l=1 rev1=0 crypto rx=0 tx=0 comp rx=0 tx=0)._handle_peer_banner_payload supported=3 required=0
2024-04-13T16:10:53.540 INFO:teuthology.orchestra.run.smithi037.stdout:/usr/bin/ceph: stderr
2024-04-13T16:10:52.738+0000 7f496b7fe700 1 --2- >> [v2:172.21.15.37:3300/0,v1:172.21.15.37:6789/0] conn(0x7f496c102820 0x7f496c1115a0 unknown :-1 s=HELLO_CONNECTING pgs=0 cs=0 l=1 rev1=1 crypto rx=0 tx=0 comp rx=0 tx=0).handle_hello peer v2:172.21.15.37:3300/0 says I am v2:172.21.15.37:34688/0 (socket says 172.21.15.37:34688)
2024-04-13T16:10:53.540 INFO:teuthology.orchestra.run.smithi037.stdout:/usr/bin/ceph: stderr
2024-04-13T16:10:52.738+0000 7f496b7fe700 1 -- 172.21.15.37:0/4532993 learned_addr learned my addr 172.21.15.37:0/4532993 (peer_addr_for_me v2:172.21.15.37:0/0)
2024-04-13T16:10:53.540 INFO:teuthology.orchestra.run.smithi037.stdout:/usr/bin/ceph: stderr
2024-04-13T16:10:52.738+0000 7f496b7fe700 1 -- 172.21.15.37:0/4532993 --> [v2:172.21.15.37:3300/0,v1:172.21.15.37:6789/0] -- mon_subscribe({config=0+,monmap=0+}) v3 -- 0x7f49600094f0 con 0x7f496c102820
2024-04-13T16:10:53.540 INFO:teuthology.orchestra.run.smithi037.stdout:/usr/bin/ceph: stderr
2024-04-13T16:10:52.738+0000 7f496b7fe700 1 --2- 172.21.15.37:0/4532993 >> [v2:172.21.15.37:3300/0,v1:172.21.15.37:6789/0] conn(0x7f496c102820 0x7f496c1115a0 secure :-1 s=READY pgs=21 cs=0 l=1 rev1=1 crypto rx=0x7f4960000c00 tx=0x7f4960009250 comp rx=0 tx=0).ready entity=mon.0 client_cookie=0 server_cookie=0 in_seq=0 out_seq=0
2024-04-13T16:10:53.540 INFO:teuthology.orchestra.run.smithi037.stdout:/usr/bin/ceph: stderr
2024-04-13T16:10:52.738+0000 7f4953fff700 1 -- 172.21.15.37:0/4532993 <== mon.0 v2:172.21.15.37:3300/0 1 ==== mon_map magic: 0 v1 ==== 229+0+0 (secure 0 0 0) 0x7f4960010a80 con 0x7f496c102820
2024-04-13T16:10:53.540 INFO:teuthology.orchestra.run.smithi037.stdout:/usr/bin/ceph: stderr
2024-04-13T16:10:52.738+0000 7f4953fff700 1 -- 172.21.15.37:0/4532993 <== mon.0 v2:172.21.15.37:3300/0 2 ==== config(26 keys) v1 ==== 1009+0+0 (secure 0 0 0) 0x7f496001a430 con 0x7f496c102820
2024-04-13T16:10:53.540 INFO:teuthology.orchestra.run.smithi037.stdout:/usr/bin/ceph: stderr
2024-04-13T16:10:52.738+0000 7f49720f2700 1 -- 172.21.15.37:0/4532993 --> [v2:172.21.15.37:3300/0,v1:172.21.15.37:6789/0] -- mon_subscribe({mgrmap=0+}) v3 -- 0x7f496c111ce0 con 0x7f496c102820
2024-04-13T16:10:53.540 INFO:teuthology.orchestra.run.smithi037.stdout:/usr/bin/ceph: stderr
2024-04-13T16:10:52.738+0000 7f4953fff700 1 -- 172.21.15.37:0/4532993 <== mon.0 v2:172.21.15.37:3300/0 3 ==== mon_map magic: 0 v1 ==== 229+0+0 (secure 0 0 0) 0x7f49600245b0 con 0x7f496c102820
2024-04-13T16:10:53.540 INFO:teuthology.orchestra.run.smithi037.stdout:/usr/bin/ceph: stderr
2024-04-13T16:10:52.738+0000 7f49720f2700 1 -- 172.21.15.37:0/4532993 --> [v2:172.21.15.37:3300/0,v1:172.21.15.37:6789/0] -- mon_subscribe({osdmap=0}) v3 -- 0x7f496c112850 con 0x7f496c102820
2024-04-13T16:10:53.540 INFO:teuthology.orchestra.run.smithi037.stdout:/usr/bin/ceph: stderr
2024-04-13T16:10:52.739+0000 7f49720f2700 1 -- 172.21.15.37:0/4532993 --> [v2:172.21.15.37:3300/0,v1:172.21.15.37:6789/0] -- mon_command({"prefix": "get_command_descriptions"} v 0) v1 -- 0x7f496c05f5f0 con 0x7f496c102820
2024-04-13T16:10:53.540 INFO:teuthology.orchestra.run.smithi037.stdout:/usr/bin/ceph: stderr
2024-04-13T16:10:52.739+0000 7f4953fff700 1 -- 172.21.15.37:0/4532993 <== mon.0 v2:172.21.15.37:3300/0 4 ==== mgrmap(e 4) v1 ==== 43365+0+0 (secure 0 0 0) 0x7f496001a5a0 con 0x7f496c102820
2024-04-13T16:10:53.540 INFO:teuthology.orchestra.run.smithi037.stdout:/usr/bin/ceph: stderr
2024-04-13T16:10:52.740+0000 7f4953fff700 1 --2- 172.21.15.37:0/4532993 >> [v2:172.21.15.37:6800/1777827529,v1:172.21.15.37:6801/1777827529] conn(0x7f4954036790 0x7f4954038c40 unknown :-1 s=NONE pgs=0 cs=0 l=1 rev1=0 crypto rx=0 tx=0 comp rx=0 tx=0).connect
2024-04-13T16:10:53.540 INFO:teuthology.orchestra.run.smithi037.stdout:/usr/bin/ceph: stderr
2024-04-13T16:10:52.740+0000 7f4953fff700 1 -- 172.21.15.37:0/4532993 <== mon.0 v2:172.21.15.37:3300/0 5 ==== osd_map(1..1 src has 1..1) v4 ==== 721+0+0 (secure 0 0 0) 0x7f496004ac90 con 0x7f496c102820
2024-04-13T16:10:53.540 INFO:teuthology.orchestra.run.smithi037.stdout:/usr/bin/ceph: stderr
2024-04-13T16:10:52.740+0000 7f496affd700 1 --2- 172.21.15.37:0/4532993 >> [v2:172.21.15.37:6800/1777827529,v1:172.21.15.37:6801/1777827529] conn(0x7f4954036790 0x7f4954038c40 unknown :-1 s=BANNER_CONNECTING pgs=0 cs=0 l=1 rev1=0 crypto rx=0 tx=0 comp rx=0 tx=0)._handle_peer_banner_payload supported=3 required=0
2024-04-13T16:10:53.541 INFO:teuthology.orchestra.run.smithi037.stdout:/usr/bin/ceph: stderr
2024-04-13T16:10:52.740+0000 7f496affd700 1 --2- 172.21.15.37:0/4532993 >> [v2:172.21.15.37:6800/1777827529,v1:172.21.15.37:6801/1777827529] conn(0x7f4954036790 0x7f4954038c40 secure :-1 s=READY pgs=7 cs=0 l=1 rev1=1 crypto rx=0x7f495c009990 tx=0x7f495c006e40 comp rx=0 tx=0).ready entity=mgr.14100 client_cookie=0 server_cookie=0 in_seq=0 out_seq=0
2024-04-13T16:10:53.541 INFO:teuthology.orchestra.run.smithi037.stdout:/usr/bin/ceph: stderr
2024-04-13T16:10:52.744+0000 7f4953fff700 1 -- 172.21.15.37:0/4532993 <== mon.0 v2:172.21.15.37:3300/0 6 ==== mon_command_ack([{"prefix": "get_command_descriptions"}]=0 v0) v1 ==== 72+0+176702 (secure 0 0 0) 0x7f4960023df0 con 0x7f496c102820
2024-04-13T16:10:53.541 INFO:teuthology.orchestra.run.smithi037.stdout:/usr/bin/ceph: stderr
2024-04-13T16:10:52.939+0000 7f49720f2700 1 -- 172.21.15.37:0/4532993 --> [v2:172.21.15.37:3300/0,v1:172.21.15.37:6789/0] -- mon_command({"prefix": "config assimilate-conf"} v 0) v1 -- 0x7f496c04bed0 con 0x7f496c102820
2024-04-13T16:10:53.541 INFO:teuthology.orchestra.run.smithi037.stdout:/usr/bin/ceph: stderr
2024-04-13T16:10:52.940+0000 7f4953fff700 1 -- 172.21.15.37:0/4532993 <== mon.0 v2:172.21.15.37:3300/0 7 ==== mon_command_ack([{"prefix": "config assimilate-conf"}]=0 v3) v1 ==== 70+0+373 (secure 0 0 0) 0x7f4960023390 con 0x7f496c102820
2024-04-13T16:10:53.541 INFO:teuthology.orchestra.run.smithi037.stdout:/usr/bin/ceph: stderr
2024-04-13T16:10:52.942+0000 7f49720f2700 1 -- 172.21.15.37:0/4532993 >> [v2:172.21.15.37:6800/1777827529,v1:172.21.15.37:6801/1777827529] conn(0x7f4954036790 msgr2=0x7f4954038c40 secure :-1 s=STATE_CONNECTION_ESTABLISHED l=1).mark_down
2024-04-13T16:10:53.541 INFO:teuthology.orchestra.run.smithi037.stdout:/usr/bin/ceph: stderr
2024-04-13T16:10:52.942+0000 7f49720f2700 1 --2- 172.21.15.37:0/4532993 >> [v2:172.21.15.37:6800/1777827529,v1:172.21.15.37:6801/1777827529] conn(0x7f4954036790 0x7f4954038c40 secure :-1 s=READY pgs=7 cs=0 l=1 rev1=1 crypto rx=0x7f495c009990 tx=0x7f495c006e40 comp rx=0 tx=0).stop
2024-04-13T16:10:53.541 INFO:teuthology.orchestra.run.smithi037.stdout:/usr/bin/ceph: stderr
2024-04-13T16:10:52.942+0000 7f49720f2700 1 -- 172.21.15.37:0/4532993 >> [v2:172.21.15.37:3300/0,v1:172.21.15.37:6789/0] conn(0x7f496c102820 msgr2=0x7f496c1115a0 secure :-1 s=STATE_CONNECTION_ESTABLISHED l=1).mark_down
2024-04-13T16:10:53.541 INFO:teuthology.orchestra.run.smithi037.stdout:/usr/bin/ceph: stderr
2024-04-13T16:10:52.942+0000 7f49720f2700 1 --2- 172.21.15.37:0/4532993 >> [v2:172.21.15.37:3300/0,v1:172.21.15.37:6789/0] conn(0x7f496c102820 0x7f496c1115a0 secure :-1 s=READY pgs=21 cs=0 l=1 rev1=1 crypto rx=0x7f4960000c00 tx=0x7f4960009250 comp rx=0 tx=0).stop
2024-04-13T16:10:53.541 INFO:teuthology.orchestra.run.smithi037.stdout:/usr/bin/ceph: stderr
2024-04-13T16:10:52.942+0000 7f49720f2700 1 -- 172.21.15.37:0/4532993 shutdown_connections
2024-04-13T16:10:53.541 INFO:teuthology.orchestra.run.smithi037.stdout:/usr/bin/ceph: stderr
2024-04-13T16:10:52.942+0000 7f49720f2700 1 --2- 172.21.15.37:0/4532993 >> [v2:172.21.15.37:6800/1777827529,v1:172.21.15.37:6801/1777827529] conn(0x7f4954036790 0x7f4954038c40 unknown :-1 s=CLOSED pgs=7 cs=0 l=1 rev1=1 crypto rx=0 tx=0 comp rx=0 tx=0).stop
2024-04-13T16:10:53.541 INFO:teuthology.orchestra.run.smithi037.stdout:/usr/bin/ceph: stderr
2024-04-13T16:10:52.942+0000 7f49720f2700 1 --2- 172.21.15.37:0/4532993 >> [v2:172.21.15.37:3300/0,v1:172.21.15.37:6789/0] conn(0x7f496c102820 0x7f496c1115a0 unknown :-1 s=CLOSED pgs=21 cs=0 l=1 rev1=1 crypto rx=0 tx=0 comp rx=0 tx=0).stop
2024-04-13T16:10:53.541 INFO:teuthology.orchestra.run.smithi037.stdout:/usr/bin/ceph: stderr
2024-04-13T16:10:52.942+0000 7f49720f2700 1 -- 172.21.15.37:0/4532993 >> 172.21.15.37:0/4532993 conn(0x7f496c0fdf80 msgr2=0x7f496c0feab0 unknown :-1 s=STATE_NONE l=0).mark_down
2024-04-13T16:10:53.541 INFO:teuthology.orchestra.run.smithi037.stdout:/usr/bin/ceph: stderr
2024-04-13T16:10:52.942+0000 7f49720f2700 1 -- 172.21.15.37:0/4532993 shutdown_connections
2024-04-13T16:10:53.541 INFO:teuthology.orchestra.run.smithi037.stdout:/usr/bin/ceph: stderr
2024-04-13T16:10:52.942+0000 7f49720f2700 1 -- 172.21.15.37:0/4532993 wait complete.
2024-04-13T16:10:53.541 INFO:teuthology.orchestra.run.smithi037.stdout:Enabling cephadm module...
2024-04-13T16:10:54.719 INFO:journalctl@ceph.mon.smithi037.smithi037.stdout:Apr 13 16:10:54 smithi037 ceph-mon[39772]: from='client.? 172.21.15.37:0/3556459680' entity='client.admin' cmd=[{"prefix": "mgr module enable", "module": "cephadm"}]: dispatch
2024-04-13T16:10:54.950 INFO:teuthology.orchestra.run.smithi037.stdout:/usr/bin/ceph: stderr
2024-04-13T16:10:54.057+0000 7f8ca8e36700 1 Processor -- start
2024-04-13T16:10:54.950 INFO:teuthology.orchestra.run.smithi037.stdout:/usr/bin/ceph: stderr
2024-04-13T16:10:54.057+0000 7f8ca8e36700 1 -- start start
2024-04-13T16:10:54.950 INFO:teuthology.orchestra.run.smithi037.stdout:/usr/bin/ceph: stderr
2024-04-13T16:10:54.057+0000 7f8ca8e36700 1 --2- >> [v2:172.21.15.37:3300/0,v1:172.21.15.37:6789/0] conn(0x7f8ca41015c0 0x7f8ca41019d0 unknown :-1 s=NONE pgs=0 cs=0 l=0 rev1=0 crypto rx=0 tx=0 comp rx=0 tx=0).connect
2024-04-13T16:10:54.950 INFO:teuthology.orchestra.run.smithi037.stdout:/usr/bin/ceph: stderr
2024-04-13T16:10:54.057+0000 7f8ca8e36700 1 -- --> [v2:172.21.15.37:3300/0,v1:172.21.15.37:6789/0] -- mon_getmap magic: 0 v1 -- 0x7f8ca4101f10 con 0x7f8ca41015c0
2024-04-13T16:10:54.950 INFO:teuthology.orchestra.run.smithi037.stdout:/usr/bin/ceph: stderr
2024-04-13T16:10:54.058+0000 7f8ca259c700 1 --2- >> [v2:172.21.15.37:3300/0,v1:172.21.15.37:6789/0] conn(0x7f8ca41015c0 0x7f8ca41019d0 unknown :-1 s=BANNER_CONNECTING pgs=0 cs=0 l=0 rev1=0 crypto rx=0 tx=0 comp rx=0 tx=0)._handle_peer_banner_payload supported=3 required=0
2024-04-13T16:10:54.950 INFO:teuthology.orchestra.run.smithi037.stdout:/usr/bin/ceph: stderr
2024-04-13T16:10:54.058+0000 7f8ca259c700 1 --2- >> [v2:172.21.15.37:3300/0,v1:172.21.15.37:6789/0] conn(0x7f8ca41015c0 0x7f8ca41019d0 unknown :-1 s=HELLO_CONNECTING pgs=0 cs=0 l=0 rev1=1 crypto rx=0 tx=0 comp rx=0 tx=0).handle_hello peer v2:172.21.15.37:3300/0 says I am v2:172.21.15.37:34690/0 (socket says 172.21.15.37:34690)
2024-04-13T16:10:54.951 INFO:teuthology.orchestra.run.smithi037.stdout:/usr/bin/ceph: stderr
2024-04-13T16:10:54.058+0000 7f8ca259c700 1 -- 172.21.15.37:0/21262494 learned_addr learned my addr 172.21.15.37:0/21262494 (peer_addr_for_me v2:172.21.15.37:0/0)
2024-04-13T16:10:54.951 INFO:teuthology.orchestra.run.smithi037.stdout:/usr/bin/ceph: stderr
2024-04-13T16:10:54.058+0000 7f8ca259c700 1 -- 172.21.15.37:0/21262494 --> [v2:172.21.15.37:3300/0,v1:172.21.15.37:6789/0] -- mon_subscribe({config=0+,monmap=0+}) v3 -- 0x7f8ca4102050 con 0x7f8ca41015c0
2024-04-13T16:10:54.951 INFO:teuthology.orchestra.run.smithi037.stdout:/usr/bin/ceph: stderr
2024-04-13T16:10:54.058+0000 7f8ca259c700 1 --2- 172.21.15.37:0/21262494 >> [v2:172.21.15.37:3300/0,v1:172.21.15.37:6789/0] conn(0x7f8ca41015c0 0x7f8ca41019d0 secure :-1 s=READY pgs=22 cs=0 l=1 rev1=1 crypto rx=0x7f8c9400bb80 tx=0x7f8c9400b4f0 comp rx=0 tx=0).ready entity=mon.0 client_cookie=992cb590a7d81794 server_cookie=0 in_seq=0 out_seq=0
2024-04-13T16:10:54.951 INFO:teuthology.orchestra.run.smithi037.stdout:/usr/bin/ceph: stderr
2024-04-13T16:10:54.058+0000 7f8ca159a700 1 -- 172.21.15.37:0/21262494 <== mon.0 v2:172.21.15.37:3300/0 1 ==== mon_map magic: 0 v1 ==== 229+0+0 (secure 0 0 0) 0x7f8c9400dd00 con 0x7f8ca41015c0
2024-04-13T16:10:54.951 INFO:teuthology.orchestra.run.smithi037.stdout:/usr/bin/ceph: stderr
2024-04-13T16:10:54.058+0000 7f8ca159a700 1 -- 172.21.15.37:0/21262494 <== mon.0 v2:172.21.15.37:3300/0 2 ==== config(26 keys) v1 ==== 1009+0+0 (secure 0 0 0) 0x7f8c9400de60 con 0x7f8ca41015c0
2024-04-13T16:10:54.951 INFO:teuthology.orchestra.run.smithi037.stdout:/usr/bin/ceph: stderr
2024-04-13T16:10:54.058+0000 7f8ca159a700 1 -- 172.21.15.37:0/21262494 <== mon.0 v2:172.21.15.37:3300/0 3 ==== mon_map magic: 0 v1 ==== 229+0+0 (secure 0 0 0) 0x7f8c94018840 con 0x7f8ca41015c0
2024-04-13T16:10:54.951 INFO:teuthology.orchestra.run.smithi037.stdout:/usr/bin/ceph: stderr
2024-04-13T16:10:54.059+0000 7f8ca8e36700 1 -- 172.21.15.37:0/21262494 >> [v2:172.21.15.37:3300/0,v1:172.21.15.37:6789/0] conn(0x7f8ca41015c0 msgr2=0x7f8ca41019d0 secure :-1 s=STATE_CONNECTION_ESTABLISHED l=1).mark_down
2024-04-13T16:10:54.951 INFO:teuthology.orchestra.run.smithi037.stdout:/usr/bin/ceph: stderr
2024-04-13T16:10:54.059+0000 7f8ca8e36700 1 --2- 172.21.15.37:0/21262494 >> [v2:172.21.15.37:3300/0,v1:172.21.15.37:6789/0] conn(0x7f8ca41015c0 0x7f8ca41019d0 secure :-1 s=READY pgs=22 cs=0 l=1 rev1=1 crypto rx=0x7f8c9400bb80 tx=0x7f8c9400b4f0 comp rx=0 tx=0).stop
2024-04-13T16:10:54.951 INFO:teuthology.orchestra.run.smithi037.stdout:/usr/bin/ceph: stderr
2024-04-13T16:10:54.059+0000 7f8ca8e36700 1 -- 172.21.15.37:0/21262494 shutdown_connections
2024-04-13T16:10:54.951 INFO:teuthology.orchestra.run.smithi037.stdout:/usr/bin/ceph: stderr
2024-04-13T16:10:54.059+0000 7f8ca8e36700 1 --2- 172.21.15.37:0/21262494 >> [v2:172.21.15.37:3300/0,v1:172.21.15.37:6789/0] conn(0x7f8ca41015c0 0x7f8ca41019d0 unknown :-1 s=CLOSED pgs=22 cs=0 l=1 rev1=1 crypto rx=0 tx=0 comp rx=0 tx=0).stop
2024-04-13T16:10:54.951 INFO:teuthology.orchestra.run.smithi037.stdout:/usr/bin/ceph: stderr
2024-04-13T16:10:54.059+0000 7f8ca8e36700 1 -- 172.21.15.37:0/21262494 >> 172.21.15.37:0/21262494 conn(0x7f8ca40fcd00 msgr2=0x7f8ca40ff150 unknown :-1 s=STATE_NONE l=0).mark_down
2024-04-13T16:10:54.951 INFO:teuthology.orchestra.run.smithi037.stdout:/usr/bin/ceph: stderr
