2024-04-13T16:11:13.507+0000 7f8c9ffff700 1 --2- 172.21.15.37:0/2944749109 >> [v2:172.21.15.37:6800/3263522863,v1:172.21.15.37:6801/3263522863] conn(0x7f8c900367e0 0x7f8c90038c90 unknown :-1 s=BANNER_CONNECTING pgs=0 cs=0 l=1 rev1=0 crypto rx=0 tx=0 comp rx=0 tx=0)._handle_peer_banner_payload supported=3 required=0
2024-04-13T16:11:15.293 INFO:teuthology.orchestra.run.smithi037.stdout:/usr/bin/ceph: stderr
2024-04-13T16:11:13.507+0000 7f8c9ffff700 1 --2- 172.21.15.37:0/2944749109 >> [v2:172.21.15.37:6800/3263522863,v1:172.21.15.37:6801/3263522863] conn(0x7f8c900367e0 0x7f8c90038c90 secure :-1 s=READY pgs=12 cs=0 l=1 rev1=1 crypto rx=0x7f8c8c009990 tx=0x7f8c8c006e40 comp rx=0 tx=0).ready entity=mgr.14120 client_cookie=0 server_cookie=0 in_seq=0 out_seq=0
2024-04-13T16:11:15.293 INFO:teuthology.orchestra.run.smithi037.stdout:/usr/bin/ceph: stderr
2024-04-13T16:11:13.511+0000 7f8c9d7fa700 1 -- 172.21.15.37:0/2944749109 <== mon.0 v2:172.21.15.37:3300/0 6 ==== mon_command_ack([{"prefix": "get_command_descriptions"}]=0 v0) v1 ==== 72+0+176702 (secure 0 0 0) 0x7f8c94010840 con 0x7f8ca0076b20
2024-04-13T16:11:15.293 INFO:teuthology.orchestra.run.smithi037.stdout:/usr/bin/ceph: stderr
2024-04-13T16:11:13.724+0000 7f8ca6c31700 1 -- 172.21.15.37:0/2944749109 --> [v2:172.21.15.37:6800/3263522863,v1:172.21.15.37:6801/3263522863] -- mgr_command(tid 0: {"prefix": "orch apply", "service_type": "mon", "target": ["mon-mgr", ""]}) v1 -- 0x7f8ca00fdfb0 con 0x7f8c900367e0
2024-04-13T16:11:15.293 INFO:teuthology.orchestra.run.smithi037.stdout:/usr/bin/ceph: stderr
2024-04-13T16:11:13.728+0000 7f8c9d7fa700 1 -- 172.21.15.37:0/2944749109 <== mgr.14120 v2:172.21.15.37:6800/3263522863 1 ==== mgr_command_reply(tid 0: 0 ) v1 ==== 8+0+24 (secure 0 0 0) 0x7f8ca00fdfb0 con 0x7f8c900367e0
2024-04-13T16:11:15.293 INFO:teuthology.orchestra.run.smithi037.stdout:/usr/bin/ceph: stderr
2024-04-13T16:11:13.730+0000 7f8ca6c31700 1 -- 172.21.15.37:0/2944749109 >> [v2:172.21.15.37:6800/3263522863,v1:172.21.15.37:6801/3263522863] conn(0x7f8c900367e0 msgr2=0x7f8c90038c90 secure :-1 s=STATE_CONNECTION_ESTABLISHED l=1).mark_down
2024-04-13T16:11:15.293 INFO:teuthology.orchestra.run.smithi037.stdout:/usr/bin/ceph: stderr
2024-04-13T16:11:13.730+0000 7f8ca6c31700 1 --2- 172.21.15.37:0/2944749109 >> [v2:172.21.15.37:6800/3263522863,v1:172.21.15.37:6801/3263522863] conn(0x7f8c900367e0 0x7f8c90038c90 secure :-1 s=READY pgs=12 cs=0 l=1 rev1=1 crypto rx=0x7f8c8c009990 tx=0x7f8c8c006e40 comp rx=0 tx=0).stop
2024-04-13T16:11:15.293 INFO:teuthology.orchestra.run.smithi037.stdout:/usr/bin/ceph: stderr
2024-04-13T16:11:13.730+0000 7f8ca6c31700 1 -- 172.21.15.37:0/2944749109 >> [v2:172.21.15.37:3300/0,v1:172.21.15.37:6789/0] conn(0x7f8ca0076b20 msgr2=0x7f8ca0111410 secure :-1 s=STATE_CONNECTION_ESTABLISHED l=1).mark_down
2024-04-13T16:11:15.293 INFO:teuthology.orchestra.run.smithi037.stdout:/usr/bin/ceph: stderr
2024-04-13T16:11:13.730+0000 7f8ca6c31700 1 --2- 172.21.15.37:0/2944749109 >> [v2:172.21.15.37:3300/0,v1:172.21.15.37:6789/0] conn(0x7f8ca0076b20 0x7f8ca0111410 secure :-1 s=READY pgs=48 cs=0 l=1 rev1=1 crypto rx=0x7f8c9400b440 tx=0x7f8c94009250 comp rx=0 tx=0).stop
2024-04-13T16:11:15.294 INFO:teuthology.orchestra.run.smithi037.stdout:/usr/bin/ceph: stderr
2024-04-13T16:11:13.731+0000 7f8ca6c31700 1 -- 172.21.15.37:0/2944749109 shutdown_connections
2024-04-13T16:11:15.294 INFO:teuthology.orchestra.run.smithi037.stdout:/usr/bin/ceph: stderr
2024-04-13T16:11:13.731+0000 7f8ca6c31700 1 --2- 172.21.15.37:0/2944749109 >> [v2:172.21.15.37:6800/3263522863,v1:172.21.15.37:6801/3263522863] conn(0x7f8c900367e0 0x7f8c90038c90 unknown :-1 s=CLOSED pgs=12 cs=0 l=1 rev1=1 crypto rx=0 tx=0 comp rx=0 tx=0).stop
2024-04-13T16:11:15.294 INFO:teuthology.orchestra.run.smithi037.stdout:/usr/bin/ceph: stderr
2024-04-13T16:11:13.731+0000 7f8ca6c31700 1 --2- 172.21.15.37:0/2944749109 >> [v2:172.21.15.37:3300/0,v1:172.21.15.37:6789/0] conn(0x7f8ca0076b20 0x7f8ca0111410 unknown :-1 s=CLOSED pgs=48 cs=0 l=1 rev1=1 crypto rx=0 tx=0 comp rx=0 tx=0).stop
2024-04-13T16:11:15.294 INFO:teuthology.orchestra.run.smithi037.stdout:/usr/bin/ceph: stderr
2024-04-13T16:11:13.731+0000 7f8ca6c31700 1 -- 172.21.15.37:0/2944749109 >> 172.21.15.37:0/2944749109 conn(0x7f8ca00fccb0 msgr2=0x7f8ca00fd880 unknown :-1 s=STATE_NONE l=0).mark_down
2024-04-13T16:11:15.294 INFO:teuthology.orchestra.run.smithi037.stdout:/usr/bin/ceph: stderr
2024-04-13T16:11:13.731+0000 7f8ca6c31700 1 -- 172.21.15.37:0/2944749109 shutdown_connections
2024-04-13T16:11:15.294 INFO:teuthology.orchestra.run.smithi037.stdout:/usr/bin/ceph: stderr
2024-04-13T16:11:13.731+0000 7f8ca6c31700 1 -- 172.21.15.37:0/2944749109 wait complete.
2024-04-13T16:11:15.294 INFO:teuthology.orchestra.run.smithi037.stdout:Deploying mgr service with default placement...
2024-04-13T16:11:16.256 INFO:journalctl@ceph.mon.smithi037.smithi037.stdout:Apr 13 16:11:15 smithi037 ceph-mon[39772]: from='mgr.14120 172.21.15.37:0/1555404671' entity='mgr.smithi037.tbvhss'
2024-04-13T16:11:16.257 INFO:journalctl@ceph.mon.smithi037.smithi037.stdout:Apr 13 16:11:15 smithi037 ceph-mon[39772]: from='mgr.14120 172.21.15.37:0/1555404671' entity='mgr.smithi037.tbvhss'
2024-04-13T16:11:16.731 INFO:teuthology.orchestra.run.smithi037.stdout:/usr/bin/ceph: stdout Scheduled mgr update...
2024-04-13T16:11:16.732 INFO:teuthology.orchestra.run.smithi037.stdout:/usr/bin/ceph: stderr
2024-04-13T16:11:15.806+0000 7f6c329fd700 1 Processor -- start
2024-04-13T16:11:16.732 INFO:teuthology.orchestra.run.smithi037.stdout:/usr/bin/ceph: stderr
2024-04-13T16:11:15.806+0000 7f6c329fd700 1 -- start start
2024-04-13T16:11:16.732 INFO:teuthology.orchestra.run.smithi037.stdout:/usr/bin/ceph: stderr
2024-04-13T16:11:15.806+0000 7f6c329fd700 1 --2- >> [v2:172.21.15.37:3300/0,v1:172.21.15.37:6789/0] conn(0x7f6c2c076b20 0x7f6c2c105300 unknown :-1 s=NONE pgs=0 cs=0 l=0 rev1=0 crypto rx=0 tx=0 comp rx=0 tx=0).connect
2024-04-13T16:11:16.732 INFO:teuthology.orchestra.run.smithi037.stdout:/usr/bin/ceph: stderr
2024-04-13T16:11:15.806+0000 7f6c329fd700 1 -- --> [v2:172.21.15.37:3300/0,v1:172.21.15.37:6789/0] -- mon_getmap magic: 0 v1 -- 0x7f6c2c076f30 con 0x7f6c2c076b20
2024-04-13T16:11:16.732 INFO:teuthology.orchestra.run.smithi037.stdout:/usr/bin/ceph: stderr
2024-04-13T16:11:15.806+0000 7f6c2bfff700 1 --2- >> [v2:172.21.15.37:3300/0,v1:172.21.15.37:6789/0] conn(0x7f6c2c076b20 0x7f6c2c105300 unknown :-1 s=BANNER_CONNECTING pgs=0 cs=0 l=0 rev1=0 crypto rx=0 tx=0 comp rx=0 tx=0)._handle_peer_banner_payload supported=3 required=0
2024-04-13T16:11:16.732 INFO:teuthology.orchestra.run.smithi037.stdout:/usr/bin/ceph: stderr
2024-04-13T16:11:15.806+0000 7f6c2bfff700 1 --2- >> [v2:172.21.15.37:3300/0,v1:172.21.15.37:6789/0] conn(0x7f6c2c076b20 0x7f6c2c105300 unknown :-1 s=HELLO_CONNECTING pgs=0 cs=0 l=0 rev1=1 crypto rx=0 tx=0 comp rx=0 tx=0).handle_hello peer v2:172.21.15.37:3300/0 says I am v2:172.21.15.37:54832/0 (socket says 172.21.15.37:54832)
2024-04-13T16:11:16.732 INFO:teuthology.orchestra.run.smithi037.stdout:/usr/bin/ceph: stderr
2024-04-13T16:11:15.806+0000 7f6c2bfff700 1 -- 172.21.15.37:0/2954417376 learned_addr learned my addr 172.21.15.37:0/2954417376 (peer_addr_for_me v2:172.21.15.37:0/0)
2024-04-13T16:11:16.732 INFO:teuthology.orchestra.run.smithi037.stdout:/usr/bin/ceph: stderr
2024-04-13T16:11:15.807+0000 7f6c2bfff700 1 -- 172.21.15.37:0/2954417376 --> [v2:172.21.15.37:3300/0,v1:172.21.15.37:6789/0] -- mon_subscribe({config=0+,monmap=0+}) v3 -- 0x7f6c2c105840 con 0x7f6c2c076b20
2024-04-13T16:11:16.732 INFO:teuthology.orchestra.run.smithi037.stdout:/usr/bin/ceph: stderr
2024-04-13T16:11:15.807+0000 7f6c2bfff700 1 --2- 172.21.15.37:0/2954417376 >> [v2:172.21.15.37:3300/0,v1:172.21.15.37:6789/0] conn(0x7f6c2c076b20 0x7f6c2c105300 secure :-1 s=READY pgs=49 cs=0 l=1 rev1=1 crypto rx=0x7f6c1c0098e0 tx=0x7f6c1c009250 comp rx=0 tx=0).ready entity=mon.0 client_cookie=fa20288cc20fb276 server_cookie=0 in_seq=0 out_seq=0
2024-04-13T16:11:16.732 INFO:teuthology.orchestra.run.smithi037.stdout:/usr/bin/ceph: stderr
2024-04-13T16:11:15.807+0000 7f6c2affd700 1 -- 172.21.15.37:0/2954417376 <== mon.0 v2:172.21.15.37:3300/0 1 ==== mon_map magic: 0 v1 ==== 229+0+0 (secure 0 0 0) 0x7f6c1c00b860 con 0x7f6c2c076b20
2024-04-13T16:11:16.732 INFO:teuthology.orchestra.run.smithi037.stdout:/usr/bin/ceph: stderr
2024-04-13T16:11:15.807+0000 7f6c2affd700 1 -- 172.21.15.37:0/2954417376 <== mon.0 v2:172.21.15.37:3300/0 2 ==== config(26 keys) v1 ==== 1074+0+0 (secure 0 0 0) 0x7f6c1c00be70 con 0x7f6c2c076b20
2024-04-13T16:11:16.732 INFO:teuthology.orchestra.run.smithi037.stdout:/usr/bin/ceph: stderr
2024-04-13T16:11:15.807+0000 7f6c2affd700 1 -- 172.21.15.37:0/2954417376 <== mon.0 v2:172.21.15.37:3300/0 3 ==== mon_map magic: 0 v1 ==== 229+0+0 (secure 0 0 0) 0x7f6c1c010380 con 0x7f6c2c076b20
2024-04-13T16:11:16.733 INFO:teuthology.orchestra.run.smithi037.stdout:/usr/bin/ceph: stderr
2024-04-13T16:11:15.808+0000 7f6c329fd700 1 -- 172.21.15.37:0/2954417376 >> [v2:172.21.15.37:3300/0,v1:172.21.15.37:6789/0] conn(0x7f6c2c076b20 msgr2=0x7f6c2c105300 secure :-1 s=STATE_CONNECTION_ESTABLISHED l=1).mark_down
2024-04-13T16:11:16.733 INFO:teuthology.orchestra.run.smithi037.stdout:/usr/bin/ceph: stderr
2024-04-13T16:11:15.808+0000 7f6c329fd700 1 --2- 172.21.15.37:0/2954417376 >> [v2:172.21.15.37:3300/0,v1:172.21.15.37:6789/0] conn(0x7f6c2c076b20 0x7f6c2c105300 secure :-1 s=READY pgs=49 cs=0 l=1 rev1=1 crypto rx=0x7f6c1c0098e0 tx=0x7f6c1c009250 comp rx=0 tx=0).stop
2024-04-13T16:11:16.733 INFO:teuthology.orchestra.run.smithi037.stdout:/usr/bin/ceph: stderr
2024-04-13T16:11:15.808+0000 7f6c329fd700 1 -- 172.21.15.37:0/2954417376 shutdown_connections
2024-04-13T16:11:16.733 INFO:teuthology.orchestra.run.smithi037.stdout:/usr/bin/ceph: stderr
2024-04-13T16:11:15.808+0000 7f6c329fd700 1 --2- 172.21.15.37:0/2954417376 >> [v2:172.21.15.37:3300/0,v1:172.21.15.37:6789/0] conn(0x7f6c2c076b20 0x7f6c2c105300 unknown :-1 s=CLOSED pgs=49 cs=0 l=1 rev1=1 crypto rx=0 tx=0 comp rx=0 tx=0).stop
2024-04-13T16:11:16.733 INFO:teuthology.orchestra.run.smithi037.stdout:/usr/bin/ceph: stderr
2024-04-13T16:11:15.808+0000 7f6c329fd700 1 -- 172.21.15.37:0/2954417376 >> 172.21.15.37:0/2954417376 conn(0x7f6c2c0fccb0 msgr2=0x7f6c2c0ff0e0 unknown :-1 s=STATE_NONE l=0).mark_down
2024-04-13T16:11:16.733 INFO:teuthology.orchestra.run.smithi037.stdout:/usr/bin/ceph: stderr
2024-04-13T16:11:15.808+0000 7f6c329fd700 1 -- 172.21.15.37:0/2954417376 shutdown_connections
2024-04-13T16:11:16.733 INFO:teuthology.orchestra.run.smithi037.stdout:/usr/bin/ceph: stderr
2024-04-13T16:11:15.808+0000 7f6c329fd700 1 -- 172.21.15.37:0/2954417376 wait complete.
2024-04-13T16:11:16.733 INFO:teuthology.orchestra.run.smithi037.stdout:/usr/bin/ceph: stderr
2024-04-13T16:11:15.808+0000 7f6c329fd700 1 Processor -- start
2024-04-13T16:11:16.733 INFO:teuthology.orchestra.run.smithi037.stdout:/usr/bin/ceph: stderr
2024-04-13T16:11:15.809+0000 7f6c329fd700 1 -- start start
2024-04-13T16:11:16.733 INFO:teuthology.orchestra.run.smithi037.stdout:/usr/bin/ceph: stderr
2024-04-13T16:11:15.809+0000 7f6c329fd700 1 --2- >> [v2:172.21.15.37:3300/0,v1:172.21.15.37:6789/0] conn(0x7f6c2c076b20 0x7f6c2c111410 unknown :-1 s=NONE pgs=0 cs=0 l=1 rev1=0 crypto rx=0 tx=0 comp rx=0 tx=0).connect
2024-04-13T16:11:16.734 INFO:teuthology.orchestra.run.smithi037.stdout:/usr/bin/ceph: stderr
2024-04-13T16:11:15.809+0000 7f6c329fd700 1 -- --> [v2:172.21.15.37:3300/0,v1:172.21.15.37:6789/0] -- mon_getmap magic: 0 v1 -- 0x7f6c2c111950 con 0x7f6c2c076b20
2024-04-13T16:11:16.734 INFO:teuthology.orchestra.run.smithi037.stdout:/usr/bin/ceph: stderr
2024-04-13T16:11:15.809+0000 7f6c2bfff700 1 --2- >> [v2:172.21.15.37:3300/0,v1:172.21.15.37:6789/0] conn(0x7f6c2c076b20 0x7f6c2c111410 unknown :-1 s=BANNER_CONNECTING pgs=0 cs=0 l=1 rev1=0 crypto rx=0 tx=0 comp rx=0 tx=0)._handle_peer_banner_payload supported=3 required=0
2024-04-13T16:11:16.734 INFO:teuthology.orchestra.run.smithi037.stdout:/usr/bin/ceph: stderr
2024-04-13T16:11:15.809+0000 7f6c2bfff700 1 --2- >> [v2:172.21.15.37:3300/0,v1:172.21.15.37:6789/0] conn(0x7f6c2c076b20 0x7f6c2c111410 unknown :-1 s=HELLO_CONNECTING pgs=0 cs=0 l=1 rev1=1 crypto rx=0 tx=0 comp rx=0 tx=0).handle_hello peer v2:172.21.15.37:3300/0 says I am v2:172.21.15.37:54844/0 (socket says 172.21.15.37:54844)
2024-04-13T16:11:16.734 INFO:teuthology.orchestra.run.smithi037.stdout:/usr/bin/ceph: stderr
2024-04-13T16:11:15.809+0000 7f6c2bfff700 1 -- 172.21.15.37:0/1674766630 learned_addr learned my addr 172.21.15.37:0/1674766630 (peer_addr_for_me v2:172.21.15.37:0/0)
2024-04-13T16:11:16.734 INFO:teuthology.orchestra.run.smithi037.stdout:/usr/bin/ceph: stderr
2024-04-13T16:11:15.809+0000 7f6c2bfff700 1 -- 172.21.15.37:0/1674766630 --> [v2:172.21.15.37:3300/0,v1:172.21.15.37:6789/0] -- mon_subscribe({config=0+,monmap=0+}) v3 -- 0x7f6c1c0094f0 con 0x7f6c2c076b20
2024-04-13T16:11:16.734 INFO:teuthology.orchestra.run.smithi037.stdout:/usr/bin/ceph: stderr
2024-04-13T16:11:15.809+0000 7f6c2bfff700 1 --2- 172.21.15.37:0/1674766630 >> [v2:172.21.15.37:3300/0,v1:172.21.15.37:6789/0] conn(0x7f6c2c076b20 0x7f6c2c111410 secure :-1 s=READY pgs=50 cs=0 l=1 rev1=1 crypto rx=0x7f6c1c006d40 tx=0x7f6c1c009250 comp rx=0 tx=0).ready entity=mon.0 client_cookie=0 server_cookie=0 in_seq=0 out_seq=0
2024-04-13T16:11:16.734 INFO:teuthology.orchestra.run.smithi037.stdout:/usr/bin/ceph: stderr
2024-04-13T16:11:15.810+0000 7f6c28ff9700 1 -- 172.21.15.37:0/1674766630 <== mon.0 v2:172.21.15.37:3300/0 1 ==== mon_map magic: 0 v1 ==== 229+0+0 (secure 0 0 0) 0x7f6c1c010960 con 0x7f6c2c076b20
2024-04-13T16:11:16.734 INFO:teuthology.orchestra.run.smithi037.stdout:/usr/bin/ceph: stderr
2024-04-13T16:11:15.810+0000 7f6c28ff9700 1 -- 172.21.15.37:0/1674766630 <== mon.0 v2:172.21.15.37:3300/0 2 ==== config(26 keys) v1 ==== 1074+0+0 (secure 0 0 0) 0x7f6c1c01a430 con 0x7f6c2c076b20
2024-04-13T16:11:16.734 INFO:teuthology.orchestra.run.smithi037.stdout:/usr/bin/ceph: stderr
2024-04-13T16:11:15.810+0000 7f6c329fd700 1 -- 172.21.15.37:0/1674766630 --> [v2:172.21.15.37:3300/0,v1:172.21.15.37:6789/0] -- mon_subscribe({mgrmap=0+}) v3 -- 0x7f6c2c111b50 con 0x7f6c2c076b20
2024-04-13T16:11:16.734 INFO:teuthology.orchestra.run.smithi037.stdout:/usr/bin/ceph: stderr
2024-04-13T16:11:15.810+0000 7f6c28ff9700 1 -- 172.21.15.37:0/1674766630 <== mon.0 v2:172.21.15.37:3300/0 3 ==== mon_map magic: 0 v1 ==== 229+0+0 (secure 0 0 0) 0x7f6c1c0245b0 con 0x7f6c2c076b20
2024-04-13T16:11:16.734 INFO:teuthology.orchestra.run.smithi037.stdout:/usr/bin/ceph: stderr
2024-04-13T16:11:15.810+0000 7f6c329fd700 1 -- 172.21.15.37:0/1674766630 --> [v2:172.21.15.37:3300/0,v1:172.21.15.37:6789/0] -- mon_subscribe({osdmap=0}) v3 -- 0x7f6c2c1126c0 con 0x7f6c2c076b20
2024-04-13T16:11:16.734 INFO:teuthology.orchestra.run.smithi037.stdout:/usr/bin/ceph: stderr
2024-04-13T16:11:15.811+0000 7f6c329fd700 1 -- 172.21.15.37:0/1674766630 --> [v2:172.21.15.37:3300/0,v1:172.21.15.37:6789/0] -- mon_command({"prefix": "get_command_descriptions"} v 0) v1 -- 0x7f6c2c05f5f0 con 0x7f6c2c076b20
2024-04-13T16:11:16.734 INFO:teuthology.orchestra.run.smithi037.stdout:/usr/bin/ceph: stderr
2024-04-13T16:11:15.811+0000 7f6c28ff9700 1 -- 172.21.15.37:0/1674766630 <== mon.0 v2:172.21.15.37:3300/0 4 ==== mgrmap(e 8) v1 ==== 43376+0+0 (secure 0 0 0) 0x7f6c1c01a9f0 con 0x7f6c2c076b20
2024-04-13T16:11:16.734 INFO:teuthology.orchestra.run.smithi037.stdout:/usr/bin/ceph: stderr
2024-04-13T16:11:15.811+0000 7f6c28ff9700 1 --2- 172.21.15.37:0/1674766630 >> [v2:172.21.15.37:6800/3263522863,v1:172.21.15.37:6801/3263522863] conn(0x7f6c14036790 0x7f6c14038c40 unknown :-1 s=NONE pgs=0 cs=0 l=1 rev1=0 crypto rx=0 tx=0 comp rx=0 tx=0).connect
2024-04-13T16:11:16.735 INFO:teuthology.orchestra.run.smithi037.stdout:/usr/bin/ceph: stderr
2024-04-13T16:11:15.811+0000 7f6c28ff9700 1 -- 172.21.15.37:0/1674766630 <== mon.0 v2:172.21.15.37:3300/0 5 ==== osd_map(2..2 src has 1..2) v4 ==== 936+0+0 (secure 0 0 0) 0x7f6c1c04a560 con 0x7f6c2c076b20
2024-04-13T16:11:16.735 INFO:teuthology.orchestra.run.smithi037.stdout:/usr/bin/ceph: stderr
2024-04-13T16:11:15.811+0000 7f6c2b7fe700 1 --2- 172.21.15.37:0/1674766630 >> [v2:172.21.15.37:6800/3263522863,v1:172.21.15.37:6801/3263522863] conn(0x7f6c14036790 0x7f6c14038c40 unknown :-1 s=BANNER_CONNECTING pgs=0 cs=0 l=1 rev1=0 crypto rx=0 tx=0 comp rx=0 tx=0)._handle_peer_banner_payload supported=3 required=0
2024-04-13T16:11:16.735 INFO:teuthology.orchestra.run.smithi037.stdout:/usr/bin/ceph: stderr
2024-04-13T16:11:15.812+0000 7f6c2b7fe700 1 --2- 172.21.15.37:0/1674766630 >> [v2:172.21.15.37:6800/3263522863,v1:172.21.15.37:6801/3263522863] conn(0x7f6c14036790 0x7f6c14038c40 secure :-1 s=READY pgs=13 cs=0 l=1 rev1=1 crypto rx=0x7f6c20009990 tx=0x7f6c20006e40 comp rx=0 tx=0).ready entity=mgr.14120 client_cookie=0 server_cookie=0 in_seq=0 out_seq=0
2024-04-13T16:11:16.735 INFO:teuthology.orchestra.run.smithi037.stdout:/usr/bin/ceph: stderr
2024-04-13T16:11:15.816+0000 7f6c28ff9700 1 -- 172.21.15.37:0/1674766630 <== mon.0 v2:172.21.15.37:3300/0 6 ==== mon_command_ack([{"prefix": "get_command_descriptions"}]=0 v0) v1 ==== 72+0+176702 (secure 0 0 0) 0x7f6c1c018db0 con 0x7f6c2c076b20
2024-04-13T16:11:16.735 INFO:teuthology.orchestra.run.smithi037.stdout:/usr/bin/ceph: stderr
2024-04-13T16:11:16.037+0000 7f6c329fd700 1 -- 172.21.15.37:0/1674766630 --> [v2:172.21.15.37:6800/3263522863,v1:172.21.15.37:6801/3263522863] -- mgr_command(tid 0: {"prefix": "orch apply", "service_type": "mgr", "target": ["mon-mgr", ""]}) v1 -- 0x7f6c2c0fdfb0 con 0x7f6c14036790
2024-04-13T16:11:16.735 INFO:teuthology.orchestra.run.smithi037.stdout:/usr/bin/ceph: stderr
2024-04-13T16:11:16.044+0000 7f6c28ff9700 1 -- 172.21.15.37:0/1674766630 <== mgr.14120 v2:172.21.15.37:6800/3263522863 1 ==== mgr_command_reply(tid 0: 0 ) v1 ==== 8+0+24 (secure 0 0 0) 0x7f6c2c0fdfb0 con 0x7f6c14036790
2024-04-13T16:11:16.735 INFO:teuthology.orchestra.run.smithi037.stdout:/usr/bin/ceph: stderr
2024-04-13T16:11:16.046+0000 7f6c329fd700 1 -- 172.21.15.37:0/1674766630 >> [v2:172.21.15.37:6800/3263522863,v1:172.21.15.37:6801/3263522863] conn(0x7f6c14036790 msgr2=0x7f6c14038c40 secure :-1 s=STATE_CONNECTION_ESTABLISHED l=1).mark_down
2024-04-13T16:11:16.735 INFO:teuthology.orchestra.run.smithi037.stdout:/usr/bin/ceph: stderr
2024-04-13T16:11:16.046+0000 7f6c329fd700 1 --2- 172.21.15.37:0/1674766630 >> [v2:172.21.15.37:6800/3263522863,v1:172.21.15.37:6801/3263522863] conn(0x7f6c14036790 0x7f6c14038c40 secure :-1 s=READY pgs=13 cs=0 l=1 rev1=1 crypto rx=0x7f6c20009990 tx=0x7f6c20006e40 comp rx=0 tx=0).stop
2024-04-13T16:11:16.735 INFO:teuthology.orchestra.run.smithi037.stdout:/usr/bin/ceph: stderr
2024-04-13T16:11:16.046+0000 7f6c329fd700 1 -- 172.21.15.37:0/1674766630 >> [v2:172.21.15.37:3300/0,v1:172.21.15.37:6789/0] conn(0x7f6c2c076b20 msgr2=0x7f6c2c111410 secure :-1 s=STATE_CONNECTION_ESTABLISHED l=1).mark_down
2024-04-13T16:11:16.735 INFO:teuthology.orchestra.run.smithi037.stdout:/usr/bin/ceph: stderr
2024-04-13T16:11:16.046+0000 7f6c329fd700 1 --2- 172.21.15.37:0/1674766630 >> [v2:172.21.15.37:3300/0,v1:172.21.15.37:6789/0] conn(0x7f6c2c076b20 0x7f6c2c111410 secure :-1 s=READY pgs=50 cs=0 l=1 rev1=1 crypto rx=0x7f6c1c006d40 tx=0x7f6c1c009250 comp rx=0 tx=0).stop
2024-04-13T16:11:16.735 INFO:teuthology.orchestra.run.smithi037.stdout:/usr/bin/ceph: stderr
2024-04-13T16:11:16.046+0000 7f6c329fd700 1 -- 172.21.15.37:0/1674766630 shutdown_connections
2024-04-13T16:11:16.735 INFO:teuthology.orchestra.run.smithi037.stdout:/usr/bin/ceph: stderr
2024-04-13T16:11:16.046+0000 7f6c329fd700 1 --2- 172.21.15.37:0/1674766630 >> [v2:172.21.15.37:6800/3263522863,v1:172.21.15.37:6801/3263522863] conn(0x7f6c14036790 0x7f6c14038c40 unknown :-1 s=CLOSED pgs=13 cs=0 l=1 rev1=1 crypto rx=0 tx=0 comp rx=0 tx=0).stop
2024-04-13T16:11:16.735 INFO:teuthology.orchestra.run.smithi037.stdout:/usr/bin/ceph: stderr
2024-04-13T16:11:16.046+0000 7f6c329fd700 1 --2- 172.21.15.37:0/1674766630 >> [v2:172.21.15.37:3300/0,v1:172.21.15.37:6789/0] conn(0x7f6c2c076b20 0x7f6c2c111410 unknown :-1 s=CLOSED pgs=50 cs=0 l=1 rev1=1 crypto rx=0 tx=0 comp rx=0 tx=0).stop
2024-04-13T16:11:16.736 INFO:teuthology.orchestra.run.smithi037.stdout:/usr/bin/ceph: stderr
2024-04-13T16:11:16.046+0000 7f6c329fd700 1 -- 172.21.15.37:0/1674766630 >> 172.21.15.37:0/1674766630 conn(0x7f6c2c0fccb0 msgr2=0x7f6c2c0fd880 unknown :-1 s=STATE_NONE l=0).mark_down
2024-04-13T16:11:16.736 INFO:teuthology.orchestra.run.smithi037.stdout:/usr/bin/ceph: stderr
2024-04-13T16:11:16.046+0000 7f6c329fd700 1 -- 172.21.15.37:0/1674766630 shutdown_connections
2024-04-13T16:11:16.736 INFO:teuthology.orchestra.run.smithi037.stdout:/usr/bin/ceph: stderr
2024-04-13T16:11:16.046+0000 7f6c329fd700 1 -- 172.21.15.37:0/1674766630 wait complete.
2024-04-13T16:11:16.736 INFO:teuthology.orchestra.run.smithi037.stdout:Deploying crash service with default placement...
2024-04-13T16:11:17.497 INFO:journalctl@ceph.mon.smithi037.smithi037.stdout:Apr 13 16:11:17 smithi037 ceph-mon[39772]: from='client.14144 -' entity='client.admin' cmd=[{"prefix": "orch apply", "service_type": "mgr", "target": ["mon-mgr", ""]}]: dispatch
2024-04-13T16:11:17.497 INFO:journalctl@ceph.mon.smithi037.smithi037.stdout:Apr 13 16:11:17 smithi037 ceph-mon[39772]: Saving service mgr spec with placement count:2
2024-04-13T16:11:17.497 INFO:journalctl@ceph.mon.smithi037.smithi037.stdout:Apr 13 16:11:17 smithi037 ceph-mon[39772]: from='mgr.14120 172.21.15.37:0/1555404671' entity='mgr.smithi037.tbvhss'
2024-04-13T16:11:18.155 INFO:teuthology.orchestra.run.smithi037.stdout:/usr/bin/ceph: stdout Scheduled crash update...
2024-04-13T16:11:18.155 INFO:teuthology.orchestra.run.smithi037.stdout:/usr/bin/ceph: stderr
2024-04-13T16:11:17.227+0000 7f95bb7e6700 1 Processor -- start
2024-04-13T16:11:18.155 INFO:teuthology.orchestra.run.smithi037.stdout:/usr/bin/ceph: stderr
2024-04-13T16:11:17.227+0000 7f95bb7e6700 1 -- start start
2024-04-13T16:11:18.155 INFO:teuthology.orchestra.run.smithi037.stdout:/usr/bin/ceph: stderr
2024-04-13T16:11:17.227+0000 7f95bb7e6700 1 --2- >> [v2:172.21.15.37:3300/0,v1:172.21.15.37:6789/0] conn(0x7f95b4103c10 0x7f95b4104020 unknown :-1 s=NONE pgs=0 cs=0 l=0 rev1=0 crypto rx=0 tx=0 comp rx=0 tx=0).connect
2024-04-13T16:11:18.155 INFO:teuthology.orchestra.run.smithi037.stdout:/usr/bin/ceph: stderr
2024-04-13T16:11:17.227+0000 7f95bb7e6700 1 -- --> [v2:172.21.15.37:3300/0,v1:172.21.15.37:6789/0] -- mon_getmap magic: 0 v1 -- 0x7f95b4104560 con 0x7f95b4103c10
2024-04-13T16:11:18.155 INFO:teuthology.orchestra.run.smithi037.stdout:/usr/bin/ceph: stderr
2024-04-13T16:11:17.227+0000 7f95b9582700 1 --2- >> [v2:172.21.15.37:3300/0,v1:172.21.15.37:6789/0] conn(0x7f95b4103c10 0x7f95b4104020 unknown :-1 s=BANNER_CONNECTING pgs=0 cs=0 l=0 rev1=0 crypto rx=0 tx=0 comp rx=0 tx=0)._handle_peer_banner_payload supported=3 required=0
2024-04-13T16:11:18.156 INFO:teuthology.orchestra.run.smithi037.stdout:/usr/bin/ceph: stderr
2024-04-13T16:11:17.227+0000 7f95b9582700 1 --2- >> [v2:172.21.15.37:3300/0,v1:172.21.15.37:6789/0] conn(0x7f95b4103c10 0x7f95b4104020 unknown :-1 s=HELLO_CONNECTING pgs=0 cs=0 l=0 rev1=1 crypto rx=0 tx=0 comp rx=0 tx=0).handle_hello peer v2:172.21.15.37:3300/0 says I am v2:172.21.15.37:54858/0 (socket says 172.21.15.37:54858)
2024-04-13T16:11:18.156 INFO:teuthology.orchestra.run.smithi037.stdout:/usr/bin/ceph: stderr
2024-04-13T16:11:17.227+0000 7f95b9582700 1 -- 172.21.15.37:0/877852652 learned_addr learned my addr 172.21.15.37:0/877852652 (peer_addr_for_me v2:172.21.15.37:0/0)
2024-04-13T16:11:18.156 INFO:teuthology.orchestra.run.smithi037.stdout:/usr/bin/ceph: stderr
2024-04-13T16:11:17.228+0000 7f95b9582700 1 -- 172.21.15.37:0/877852652 --> [v2:172.21.15.37:3300/0,v1:172.21.15.37:6789/0] -- mon_subscribe({config=0+,monmap=0+}) v3 -- 0x7f95b41046a0 con 0x7f95b4103c10
2024-04-13T16:11:18.156 INFO:teuthology.orchestra.run.smithi037.stdout:/usr/bin/ceph: stderr
2024-04-13T16:11:17.228+0000 7f95b9582700 1 --2- 172.21.15.37:0/877852652 >> [v2:172.21.15.37:3300/0,v1:172.21.15.37:6789/0] conn(0x7f95b4103c10 0x7f95b4104020 secure :-1 s=READY pgs=51 cs=0 l=1 rev1=1 crypto rx=0x7f95a80098e0 tx=0x7f95a8009250 comp rx=0 tx=0).ready entity=mon.0 client_cookie=9aea5ec0363e4f98 server_cookie=0 in_seq=0 out_seq=0
2024-04-13T16:11:18.156 INFO:teuthology.orchestra.run.smithi037.stdout:/usr/bin/ceph: stderr
2024-04-13T16:11:17.228+0000 7f95a7fff700 1 -- 172.21.15.37:0/877852652 <== mon.0 v2:172.21.15.37:3300/0 1 ==== mon_map magic: 0 v1 ==== 229+0+0 (secure 0 0 0) 0x7f95a800b860 con 0x7f95b4103c10
2024-04-13T16:11:18.156 INFO:teuthology.orchestra.run.smithi037.stdout:/usr/bin/ceph: stderr
2024-04-13T16:11:17.228+0000 7f95a7fff700 1 -- 172.21.15.37:0/877852652 <== mon.0 v2:172.21.15.37:3300/0 2 ==== config(26 keys) v1 ==== 1074+0+0 (secure 0 0 0) 0x7f95a800be70 con 0x7f95b4103c10
2024-04-13T16:11:18.156 INFO:teuthology.orchestra.run.smithi037.stdout:/usr/bin/ceph: stderr
2024-04-13T16:11:17.228+0000 7f95a7fff700 1 -- 172.21.15.37:0/877852652 <== mon.0 v2:172.21.15.37:3300/0 3 ==== mon_map magic: 0 v1 ==== 229+0+0 (secure 0 0 0) 0x7f95a8010380 con 0x7f95b4103c10
2024-04-13T16:11:18.156 INFO:teuthology.orchestra.run.smithi037.stdout:/usr/bin/ceph: stderr
2024-04-13T16:11:17.228+0000 7f95bb7e6700 1 -- 172.21.15.37:0/877852652 >> [v2:172.21.15.37:3300/0,v1:172.21.15.37:6789/0] conn(0x7f95b4103c10 msgr2=0x7f95b4104020 secure :-1 s=STATE_CONNECTION_ESTABLISHED l=1).mark_down
2024-04-13T16:11:18.156 INFO:teuthology.orchestra.run.smithi037.stdout:/usr/bin/ceph: stderr
2024-04-13T16:11:17.228+0000 7f95bb7e6700 1 --2- 172.21.15.37:0/877852652 >> [v2:172.21.15.37:3300/0,v1:172.21.15.37:6789/0] conn(0x7f95b4103c10 0x7f95b4104020 secure :-1 s=READY pgs=51 cs=0 l=1 rev1=1 crypto rx=0x7f95a80098e0 tx=0x7f95a8009250 comp rx=0 tx=0).stop
2024-04-13T16:11:18.156 INFO:teuthology.orchestra.run.smithi037.stdout:/usr/bin/ceph: stderr
2024-04-13T16:11:17.229+0000 7f95bb7e6700 1 -- 172.21.15.37:0/877852652 shutdown_connections
2024-04-13T16:11:18.156 INFO:teuthology.orchestra.run.smithi037.stdout:/usr/bin/ceph: stderr
2024-04-13T16:11:17.229+0000 7f95bb7e6700 1 --2- 172.21.15.37:0/877852652 >> [v2:172.21.15.37:3300/0,v1:172.21.15.37:6789/0] conn(0x7f95b4103c10 0x7f95b4104020 unknown :-1 s=CLOSED pgs=51 cs=0 l=1 rev1=1 crypto rx=0 tx=0 comp rx=0 tx=0).stop
2024-04-13T16:11:18.156 INFO:teuthology.orchestra.run.smithi037.stdout:/usr/bin/ceph: stderr
2024-04-13T16:11:17.229+0000 7f95bb7e6700 1 -- 172.21.15.37:0/877852652 >> 172.21.15.37:0/877852652 conn(0x7f95b40fc430 msgr2=0x7f95b40fe840 unknown :-1 s=STATE_NONE l=0).mark_down
2024-04-13T16:11:18.156 INFO:teuthology.orchestra.run.smithi037.stdout:/usr/bin/ceph: stderr
2024-04-13T16:11:17.229+0000 7f95bb7e6700 1 -- 172.21.15.37:0/877852652 shutdown_connections
2024-04-13T16:11:18.156 INFO:teuthology.orchestra.run.smithi037.stdout:/usr/bin/ceph: stderr
2024-04-13T16:11:17.229+0000 7f95bb7e6700 1 -- 172.21.15.37:0/877852652 wait complete.
2024-04-13T16:11:18.156 INFO:teuthology.orchestra.run.smithi037.stdout:/usr/bin/ceph: stderr
2024-04-13T16:11:17.229+0000 7f95bb7e6700 1 Processor -- start
2024-04-13T16:11:18.157 INFO:teuthology.orchestra.run.smithi037.stdout:/usr/bin/ceph: stderr
2024-04-13T16:11:17.229+0000 7f95bb7e6700 1 -- start start
2024-04-13T16:11:18.157 INFO:teuthology.orchestra.run.smithi037.stdout:/usr/bin/ceph: stderr
2024-04-13T16:11:17.230+0000 7f95bb7e6700 1 --2- >> [v2:172.21.15.37:3300/0,v1:172.21.15.37:6789/0] conn(0x7f95b4103c10 0x7f95b41113d0 unknown :-1 s=NONE pgs=0 cs=0 l=1 rev1=0 crypto rx=0 tx=0 comp rx=0 tx=0).connect
2024-04-13T16:11:18.157 INFO:teuthology.orchestra.run.smithi037.stdout:/usr/bin/ceph: stderr
2024-04-13T16:11:17.230+0000 7f95bb7e6700 1 -- --> [v2:172.21.15.37:3300/0,v1:172.21.15.37:6789/0] -- mon_getmap magic: 0 v1 -- 0x7f95b4111910 con 0x7f95b4103c10
2024-04-13T16:11:18.157 INFO:teuthology.orchestra.run.smithi037.stdout:/usr/bin/ceph: stderr
2024-04-13T16:11:17.230+0000 7f95b9582700 1 --2- >> [v2:172.21.15.37:3300/0,v1:172.21.15.37:6789/0] conn(0x7f95b4103c10 0x7f95b41113d0 unknown :-1 s=BANNER_CONNECTING pgs=0 cs=0 l=1 rev1=0 crypto rx=0 tx=0 comp rx=0 tx=0)._handle_peer_banner_payload supported=3 required=0
2024-04-13T16:11:18.157 INFO:teuthology.orchestra.run.smithi037.stdout:/usr/bin/ceph: stderr
2024-04-13T16:11:17.230+0000 7f95b9582700 1 --2- >> [v2:172.21.15.37:3300/0,v1:172.21.15.37:6789/0] conn(0x7f95b4103c10 0x7f95b41113d0 unknown :-1 s=HELLO_CONNECTING pgs=0 cs=0 l=1 rev1=1 crypto rx=0 tx=0 comp rx=0 tx=0).handle_hello peer v2:172.21.15.37:3300/0 says I am v2:172.21.15.37:54870/0 (socket says 172.21.15.37:54870)
2024-04-13T16:11:18.157 INFO:teuthology.orchestra.run.smithi037.stdout:/usr/bin/ceph: stderr
2024-04-13T16:11:17.230+0000 7f95b9582700 1 -- 172.21.15.37:0/1379899637 learned_addr learned my addr 172.21.15.37:0/1379899637 (peer_addr_for_me v2:172.21.15.37:0/0)
2024-04-13T16:11:18.157 INFO:teuthology.orchestra.run.smithi037.stdout:/usr/bin/ceph: stderr
2024-04-13T16:11:17.230+0000 7f95b9582700 1 -- 172.21.15.37:0/1379899637 --> [v2:172.21.15.37:3300/0,v1:172.21.15.37:6789/0] -- mon_subscribe({config=0+,monmap=0+}) v3 -- 0x7f95a80094f0 con 0x7f95b4103c10
2024-04-13T16:11:18.157 INFO:teuthology.orchestra.run.smithi037.stdout:/usr/bin/ceph: stderr
2024-04-13T16:11:17.230+0000 7f95b9582700 1 --2- 172.21.15.37:0/1379899637 >> [v2:172.21.15.37:3300/0,v1:172.21.15.37:6789/0] conn(0x7f95b4103c10 0x7f95b41113d0 secure :-1 s=READY pgs=52 cs=0 l=1 rev1=1 crypto rx=0x7f95a8011ca0 tx=0x7f95a8009250 comp rx=0 tx=0).ready entity=mon.0 client_cookie=0 server_cookie=0 in_seq=0 out_seq=0
2024-04-13T16:11:18.157 INFO:teuthology.orchestra.run.smithi037.stdout:/usr/bin/ceph: stderr
2024-04-13T16:11:17.230+0000 7f95a5ffb700 1 -- 172.21.15.37:0/1379899637 <== mon.0 v2:172.21.15.37:3300/0 1 ==== mon_map magic: 0 v1 ==== 229+0+0 (secure 0 0 0) 0x7f95a8010850 con 0x7f95b4103c10
2024-04-13T16:11:18.157 INFO:teuthology.orchestra.run.smithi037.stdout:/usr/bin/ceph: stderr
2024-04-13T16:11:17.230+0000 7f95bb7e6700 1 -- 172.21.15.37:0/1379899637 --> [v2:172.21.15.37:3300/0,v1:172.21.15.37:6789/0] -- mon_subscribe({mgrmap=0+}) v3 -- 0x7f95b4111b10 con 0x7f95b4103c10
2024-04-13T16:11:18.157 INFO:teuthology.orchestra.run.smithi037.stdout:/usr/bin/ceph: stderr
2024-04-13T16:11:17.230+0000 7f95a5ffb700 1 -- 172.21.15.37:0/1379899637 <== mon.0 v2:172.21.15.37:3300/0 2 ==== config(26 keys) v1 ==== 1074+0+0 (secure 0 0 0) 0x7f95a8010e60 con 0x7f95b4103c10
2024-04-13T16:11:18.157 INFO:teuthology.orchestra.run.smithi037.stdout:/usr/bin/ceph: stderr
2024-04-13T16:11:17.230+0000 7f95a5ffb700 1 -- 172.21.15.37:0/1379899637 <== mon.0 v2:172.21.15.37:3300/0 3 ==== mon_map magic: 0 v1 ==== 229+0+0 (secure 0 0 0) 0x7f95a801ae20 con 0x7f95b4103c10
2024-04-13T16:11:18.157 INFO:teuthology.orchestra.run.smithi037.stdout:/usr/bin/ceph: stderr
2024-04-13T16:11:17.231+0000 7f95bb7e6700 1 -- 172.21.15.37:0/1379899637 --> [v2:172.21.15.37:3300/0,v1:172.21.15.37:6789/0] -- mon_subscribe({osdmap=0}) v3 -- 0x7f95b4112680 con 0x7f95b4103c10
2024-04-13T16:11:18.157 INFO:teuthology.orchestra.run.smithi037.stdout:/usr/bin/ceph: stderr
2024-04-13T16:11:17.231+0000 7f95a5ffb700 1 -- 172.21.15.37:0/1379899637 <== mon.0 v2:172.21.15.37:3300/0 4 ==== mgrmap(e 8) v1 ==== 43376+0+0 (secure 0 0 0) 0x7f95a80109b0 con 0x7f95b4103c10
2024-04-13T16:11:18.157 INFO:teuthology.orchestra.run.smithi037.stdout:/usr/bin/ceph: stderr
2024-04-13T16:11:17.231+0000 7f95a5ffb700 1 --2- 172.21.15.37:0/1379899637 >> [v2:172.21.15.37:6800/3263522863,v1:172.21.15.37:6801/3263522863] conn(0x7f95a0036790 0x7f95a0038c40 unknown :-1 s=NONE pgs=0 cs=0 l=1 rev1=0 crypto rx=0 tx=0 comp rx=0 tx=0).connect
2024-04-13T16:11:18.157 INFO:teuthology.orchestra.run.smithi037.stdout:/usr/bin/ceph: stderr
2024-04-13T16:11:17.231+0000 7f95a5ffb700 1 -- 172.21.15.37:0/1379899637 <== mon.0 v2:172.21.15.37:3300/0 5 ==== osd_map(2..2 src has 1..2) v4 ==== 936+0+0 (secure 0 0 0) 0x7f95a804a3c0 con 0x7f95b4103c10
2024-04-13T16:11:18.157 INFO:teuthology.orchestra.run.smithi037.stdout:/usr/bin/ceph: stderr
2024-04-13T16:11:17.231+0000 7f95bb7e6700 1 -- 172.21.15.37:0/1379899637 --> [v2:172.21.15.37:3300/0,v1:172.21.15.37:6789/0] -- mon_command({"prefix": "get_command_descriptions"} v 0) v1 -- 0x7f95b405f5f0 con 0x7f95b4103c10
2024-04-13T16:11:18.158 INFO:teuthology.orchestra.run.smithi037.stdout:/usr/bin/ceph: stderr
2024-04-13T16:11:17.232+0000 7f95b8d81700 1 --2- 172.21.15.37:0/1379899637 >> [v2:172.21.15.37:6800/3263522863,v1:172.21.15.37:6801/3263522863] conn(0x7f95a0036790 0x7f95a0038c40 unknown :-1 s=BANNER_CONNECTING pgs=0 cs=0 l=1 rev1=0 crypto rx=0 tx=0 comp rx=0 tx=0)._handle_peer_banner_payload supported=3 required=0
2024-04-13T16:11:18.158 INFO:teuthology.orchestra.run.smithi037.stdout:/usr/bin/ceph: stderr
2024-04-13T16:11:17.232+0000 7f95b8d81700 1 --2- 172.21.15.37:0/1379899637 >> [v2:172.21.15.37:6800/3263522863,v1:172.21.15.37:6801/3263522863] conn(0x7f95a0036790 0x7f95a0038c40 secure :-1 s=READY pgs=14 cs=0 l=1 rev1=1 crypto rx=0x7f95b0009990 tx=0x7f95b0006e40 comp rx=0 tx=0).ready entity=mgr.14120 client_cookie=0 server_cookie=0 in_seq=0 out_seq=0
2024-04-13T16:11:18.158 INFO:teuthology.orchestra.run.smithi037.stdout:/usr/bin/ceph: stderr
2024-04-13T16:11:17.236+0000 7f95a5ffb700 1 -- 172.21.15.37:0/1379899637 <== mon.0 v2:172.21.15.37:3300/0 6 ==== mon_command_ack([{"prefix": "get_command_descriptions"}]=0 v0) v1 ==== 72+0+176702 (secure 0 0 0) 0x7f95a801a6a0 con 0x7f95b4103c10
2024-04-13T16:11:18.158 INFO:teuthology.orchestra.run.smithi037.stdout:/usr/bin/ceph: stderr
2024-04-13T16:11:17.450+0000 7f95bb7e6700 1 -- 172.21.15.37:0/1379899637 --> [v2:172.21.15.37:6800/3263522863,v1:172.21.15.37:6801/3263522863] -- mgr_command(tid 0: {"prefix": "orch apply", "service_type": "crash", "target": ["mon-mgr", ""]}) v1 -- 0x7f95b40fd640 con 0x7f95a0036790
2024-04-13T16:11:18.158 INFO:teuthology.orchestra.run.smithi037.stdout:/usr/bin/ceph: stderr
2024-04-13T16:11:17.457+0000 7f95a5ffb700 1 -- 172.21.15.37:0/1379899637 <== mgr.14120 v2:172.21.15.37:6800/3263522863 1 ==== mgr_command_reply(tid 0: 0 ) v1 ==== 8+0+26 (secure 0 0 0) 0x7f95b40fd640 con 0x7f95a0036790
2024-04-13T16:11:18.158 INFO:teuthology.orchestra.run.smithi037.stdout:/usr/bin/ceph: stderr
2024-04-13T16:11:17.458+0000 7f95bb7e6700 1 -- 172.21.15.37:0/1379899637 >> [v2:172.21.15.37:6800/3263522863,v1:172.21.15.37:6801/3263522863] conn(0x7f95a0036790 msgr2=0x7f95a0038c40 secure :-1 s=STATE_CONNECTION_ESTABLISHED l=1).mark_down
2024-04-13T16:11:18.158 INFO:teuthology.orchestra.run.smithi037.stdout:/usr/bin/ceph: stderr
2024-04-13T16:11:17.458+0000 7f95bb7e6700 1 --2- 172.21.15.37:0/1379899637 >> [v2:172.21.15.37:6800/3263522863,v1:172.21.15.37:6801/3263522863] conn(0x7f95a0036790 0x7f95a0038c40 secure :-1 s=READY pgs=14 cs=0 l=1 rev1=1 crypto rx=0x7f95b0009990 tx=0x7f95b0006e40 comp rx=0 tx=0).stop
2024-04-13T16:11:18.158 INFO:teuthology.orchestra.run.smithi037.stdout:/usr/bin/ceph: stderr
2024-04-13T16:11:17.459+0000 7f95bb7e6700 1 -- 172.21.15.37:0/1379899637 >> [v2:172.21.15.37:3300/0,v1:172.21.15.37:6789/0] conn(0x7f95b4103c10 msgr2=0x7f95b41113d0 secure :-1 s=STATE_CONNECTION_ESTABLISHED l=1).mark_down
2024-04-13T16:11:18.158 INFO:teuthology.orchestra.run.smithi037.stdout:/usr/bin/ceph: stderr
2024-04-13T16:11:17.459+0000 7f95bb7e6700 1 --2- 172.21.15.37:0/1379899637 >> [v2:172.21.15.37:3300/0,v1:172.21.15.37:6789/0] conn(0x7f95b4103c10 0x7f95b41113d0 secure :-1 s=READY pgs=52 cs=0 l=1 rev1=1 crypto rx=0x7f95a8011ca0 tx=0x7f95a8009250 comp rx=0 tx=0).stop
2024-04-13T16:11:18.158 INFO:teuthology.orchestra.run.smithi037.stdout:/usr/bin/ceph: stderr
2024-04-13T16:11:17.459+0000 7f95bb7e6700 1 -- 172.21.15.37:0/1379899637 shutdown_connections
2024-04-13T16:11:18.158 INFO:teuthology.orchestra.run.smithi037.stdout:/usr/bin/ceph: stderr
2024-04-13T16:11:17.459+0000 7f95bb7e6700 1 --2- 172.21.15.37:0/1379899637 >> [v2:172.21.15.37:6800/3263522863,v1:172.21.15.37:6801/3263522863] conn(0x7f95a0036790 0x7f95a0038c40 unknown :-1 s=CLOSED pgs=14 cs=0 l=1 rev1=1 crypto rx=0 tx=0 comp rx=0 tx=0).stop
2024-04-13T16:11:18.158 INFO:teuthology.orchestra.run.smithi037.stdout:/usr/bin/ceph: stderr
2024-04-13T16:11:17.459+0000 7f95bb7e6700 1 --2- 172.21.15.37:0/1379899637 >> [v2:172.21.15.37:3300/0,v1:172.21.15.37:6789/0] conn(0x7f95b4103c10 0x7f95b41113d0 unknown :-1 s=CLOSED pgs=52 cs=0 l=1 rev1=1 crypto rx=0 tx=0 comp rx=0 tx=0).stop
2024-04-13T16:11:18.158 INFO:teuthology.orchestra.run.smithi037.stdout:/usr/bin/ceph: stderr
2024-04-13T16:11:17.459+0000 7f95bb7e6700 1 -- 172.21.15.37:0/1379899637 >> 172.21.15.37:0/1379899637 conn(0x7f95b40fc430 msgr2=0x7f95b40fcf30 unknown :-1 s=STATE_NONE l=0).mark_down
2024-04-13T16:11:18.158 INFO:teuthology.orchestra.run.smithi037.stdout:/usr/bin/ceph: stderr
2024-04-13T16:11:17.459+0000 7f95bb7e6700 1 -- 172.21.15.37:0/1379899637 shutdown_connections
2024-04-13T16:11:18.159 INFO:teuthology.orchestra.run.smithi037.stdout:/usr/bin/ceph: stderr
2024-04-13T16:11:17.459+0000 7f95bb7e6700 1 -- 172.21.15.37:0/1379899637 wait complete.
2024-04-13T16:11:18.159 INFO:teuthology.orchestra.run.smithi037.stdout:Deploying prometheus service with default placement...
2024-04-13T16:11:18.756 INFO:journalctl@ceph.mon.smithi037.smithi037.stdout:Apr 13 16:11:18 smithi037 ceph-mon[39772]: from='client.14146 -' entity='client.admin' cmd=[{"prefix": "orch apply", "service_type": "crash", "target": ["mon-mgr", ""]}]: dispatch
2024-04-13T16:11:18.757 INFO:journalctl@ceph.mon.smithi037.smithi037.stdout:Apr 13 16:11:18 smithi037 ceph-mon[39772]: Saving service crash spec with placement *
2024-04-13T16:11:18.757 INFO:journalctl@ceph.mon.smithi037.smithi037.stdout:Apr 13 16:11:18 smithi037 ceph-mon[39772]: from='mgr.14120 172.21.15.37:0/1555404671' entity='mgr.smithi037.tbvhss'
2024-04-13T16:11:18.757 INFO:journalctl@ceph.mon.smithi037.smithi037.stdout:Apr 13 16:11:18 smithi037 ceph-mon[39772]: from='mgr.14120 172.21.15.37:0/1555404671' entity='mgr.smithi037.tbvhss'
2024-04-13T16:11:18.757 INFO:journalctl@ceph.mon.smithi037.smithi037.stdout:Apr 13 16:11:18 smithi037 ceph-mon[39772]: from='mgr.14120 172.21.15.37:0/1555404671' entity='mgr.smithi037.tbvhss'
2024-04-13T16:11:19.535 INFO:teuthology.orchestra.run.smithi037.stdout:/usr/bin/ceph: stdout Scheduled prometheus update...
2024-04-13T16:11:19.535 INFO:teuthology.orchestra.run.smithi037.stdout:/usr/bin/ceph: stderr
2024-04-13T16:11:18.668+0000 7f3a31743700 1 Processor -- start
2024-04-13T16:11:19.535 INFO:teuthology.orchestra.run.smithi037.stdout:/usr/bin/ceph: stderr
2024-04-13T16:11:18.668+0000 7f3a31743700 1 -- start start
2024-04-13T16:11:19.535 INFO:teuthology.orchestra.run.smithi037.stdout:/usr/bin/ceph: stderr
2024-04-13T16:11:18.669+0000 7f3a31743700 1 --2- >> [v2:172.21.15.37:3300/0,v1:172.21.15.37:6789/0] conn(0x7f3a2c101510 0x7f3a2c101920 unknown :-1 s=NONE pgs=0 cs=0 l=0 rev1=0 crypto rx=0 tx=0 comp rx=0 tx=0).connect
2024-04-13T16:11:19.536 INFO:teuthology.orchestra.run.smithi037.stdout:/usr/bin/ceph: stderr
2024-04-13T16:11:18.669+0000 7f3a31743700 1 -- --> [v2:172.21.15.37:3300/0,v1:172.21.15.37:6789/0] -- mon_getmap magic: 0 v1 -- 0x7f3a2c101e60 con 0x7f3a2c101510
2024-04-13T16:11:19.536 INFO:teuthology.orchestra.run.smithi037.stdout:/usr/bin/ceph: stderr
2024-04-13T16:11:18.669+0000 7f3a2affd700 1 --2- >> [v2:172.21.15.37:3300/0,v1:172.21.15.37:6789/0] conn(0x7f3a2c101510 0x7f3a2c101920 unknown :-1 s=BANNER_CONNECTING pgs=0 cs=0 l=0 rev1=0 crypto rx=0 tx=0 comp rx=0 tx=0)._handle_peer_banner_payload supported=3 required=0
2024-04-13T16:11:19.536 INFO:teuthology.orchestra.run.smithi037.stdout:/usr/bin/ceph: stderr
2024-04-13T16:11:18.669+0000 7f3a2affd700 1 --2- >> [v2:172.21.15.37:3300/0,v1:172.21.15.37:6789/0] conn(0x7f3a2c101510 0x7f3a2c101920 unknown :-1 s=HELLO_CONNECTING pgs=0 cs=0 l=0 rev1=1 crypto rx=0 tx=0 comp rx=0 tx=0).handle_hello peer v2:172.21.15.37:3300/0 says I am v2:172.21.15.37:54872/0 (socket says 172.21.15.37:54872)
2024-04-13T16:11:19.536 INFO:teuthology.orchestra.run.smithi037.stdout:/usr/bin/ceph: stderr
2024-04-13T16:11:18.669+0000 7f3a2affd700 1 -- 172.21.15.37:0/2110947331 learned_addr learned my addr 172.21.15.37:0/2110947331 (peer_addr_for_me v2:172.21.15.37:0/0)
2024-04-13T16:11:19.536 INFO:teuthology.orchestra.run.smithi037.stdout:/usr/bin/ceph: stderr
2024-04-13T16:11:18.669+0000 7f3a2affd700 1 -- 172.21.15.37:0/2110947331 --> [v2:172.21.15.37:3300/0,v1:172.21.15.37:6789/0] -- mon_subscribe({config=0+,monmap=0+}) v3 -- 0x7f3a2c101fa0 con 0x7f3a2c101510
2024-04-13T16:11:19.536 INFO:teuthology.orchestra.run.smithi037.stdout:/usr/bin/ceph: stderr
2024-04-13T16:11:18.669+0000 7f3a2affd700 1 --2- 172.21.15.37:0/2110947331 >> [v2:172.21.15.37:3300/0,v1:172.21.15.37:6789/0] conn(0x7f3a2c101510 0x7f3a2c101920 secure :-1 s=READY pgs=53 cs=0 l=1 rev1=1 crypto rx=0x7f3a1c00bb80 tx=0x7f3a1c00b4f0 comp rx=0 tx=0).ready entity=mon.0 client_cookie=a2149d636681db0f server_cookie=0 in_seq=0 out_seq=0
2024-04-13T16:11:19.536 INFO:teuthology.orchestra.run.smithi037.stdout:/usr/bin/ceph: stderr
2024-04-13T16:11:18.670+0000 7f3a29ffb700 1 -- 172.21.15.37:0/2110947331 <== mon.0 v2:172.21.15.37:3300/0 1 ==== mon_map magic: 0 v1 ==== 229+0+0 (secure 0 0 0) 0x7f3a1c00dd00 con 0x7f3a2c101510
2024-04-13T16:11:19.536 INFO:teuthology.orchestra.run.smithi037.stdout:/usr/bin/ceph: stderr
2024-04-13T16:11:18.670+0000 7f3a29ffb700 1 -- 172.21.15.37:0/2110947331 <== mon.0 v2:172.21.15.37:3300/0 2 ==== config(26 keys) v1 ==== 1074+0+0 (secure 0 0 0) 0x7f3a1c00de60 con 0x7f3a2c101510
2024-04-13T16:11:19.536 INFO:teuthology.orchestra.run.smithi037.stdout:/usr/bin/ceph: stderr
2024-04-13T16:11:18.670+0000 7f3a29ffb700 1 -- 172.21.15.37:0/2110947331 <== mon.0 v2:172.21.15.37:3300/0 3 ==== mon_map magic: 0 v1 ==== 229+0+0 (secure 0 0 0) 0x7f3a1c0188d0 con 0x7f3a2c101510
2024-04-13T16:11:19.536 INFO:teuthology.orchestra.run.smithi037.stdout:/usr/bin/ceph: stderr
2024-04-13T16:11:18.670+0000 7f3a31743700 1 -- 172.21.15.37:0/2110947331 >> [v2:172.21.15.37:3300/0,v1:172.21.15.37:6789/0] conn(0x7f3a2c101510 msgr2=0x7f3a2c101920 secure :-1 s=STATE_CONNECTION_ESTABLISHED l=1).mark_down
2024-04-13T16:11:19.536 INFO:teuthology.orchestra.run.smithi037.stdout:/usr/bin/ceph: stderr
2024-04-13T16:11:18.670+0000 7f3a31743700 1 --2- 172.21.15.37:0/2110947331 >> [v2:172.21.15.37:3300/0,v1:172.21.15.37:6789/0] conn(0x7f3a2c101510 0x7f3a2c101920 secure :-1 s=READY pgs=53 cs=0 l=1 rev1=1 crypto rx=0x7f3a1c00bb80 tx=0x7f3a1c00b4f0 comp rx=0 tx=0).stop
2024-04-13T16:11:19.536 INFO:teuthology.orchestra.run.smithi037.stdout:/usr/bin/ceph: stderr
2024-04-13T16:11:18.671+0000 7f3a31743700 1 -- 172.21.15.37:0/2110947331 shutdown_connections
2024-04-13T16:11:19.536 INFO:teuthology.orchestra.run.smithi037.stdout:/usr/bin/ceph: stderr
2024-04-13T16:11:18.671+0000 7f3a31743700 1 --2- 172.21.15.37:0/2110947331 >> [v2:172.21.15.37:3300/0,v1:172.21.15.37:6789/0] conn(0x7f3a2c101510 0x7f3a2c101920 unknown :-1 s=CLOSED pgs=53 cs=0 l=1 rev1=1 crypto rx=0 tx=0 comp rx=0 tx=0).stop
2024-04-13T16:11:19.536 INFO:teuthology.orchestra.run.smithi037.stdout:/usr/bin/ceph: stderr
2024-04-13T16:11:18.671+0000 7f3a31743700 1 -- 172.21.15.37:0/2110947331 >> 172.21.15.37:0/2110947331 conn(0x7f3a2c0fcc50 msgr2=0x7f3a2c0ff0a0 unknown :-1 s=STATE_NONE l=0).mark_down
2024-04-13T16:11:19.537 INFO:teuthology.orchestra.run.smithi037.stdout:/usr/bin/ceph: stderr
2024-04-13T16:11:18.671+0000 7f3a31743700 1 -- 172.21.15.37:0/2110947331 shutdown_connections
2024-04-13T16:11:19.537 INFO:teuthology.orchestra.run.smithi037.stdout:/usr/bin/ceph: stderr
2024-04-13T16:11:18.671+0000 7f3a31743700 1 -- 172.21.15.37:0/2110947331 wait complete.
2024-04-13T16:11:19.537 INFO:teuthology.orchestra.run.smithi037.stdout:/usr/bin/ceph: stderr
2024-04-13T16:11:18.672+0000 7f3a31743700 1 Processor -- start
2024-04-13T16:11:19.537 INFO:teuthology.orchestra.run.smithi037.stdout:/usr/bin/ceph: stderr
2024-04-13T16:11:18.672+0000 7f3a31743700 1 -- start start
2024-04-13T16:11:19.537 INFO:teuthology.orchestra.run.smithi037.stdout:/usr/bin/ceph: stderr
2024-04-13T16:11:18.672+0000 7f3a31743700 1 --2- >> [v2:172.21.15.37:3300/0,v1:172.21.15.37:6789/0] conn(0x7f3a2c101510 0x7f3a2c113600 unknown :-1 s=NONE pgs=0 cs=0 l=1 rev1=0 crypto rx=0 tx=0 comp rx=0 tx=0).connect
2024-04-13T16:11:19.537 INFO:teuthology.orchestra.run.smithi037.stdout:/usr/bin/ceph: stderr
2024-04-13T16:11:18.672+0000 7f3a31743700 1 -- --> [v2:172.21.15.37:3300/0,v1:172.21.15.37:6789/0] -- mon_getmap magic: 0 v1 -- 0x7f3a2c113b40 con 0x7f3a2c101510
2024-04-13T16:11:19.537 INFO:teuthology.orchestra.run.smithi037.stdout:/usr/bin/ceph: stderr
2024-04-13T16:11:18.673+0000 7f3a2affd700 1 --2- >> [v2:172.21.15.37:3300/0,v1:172.21.15.37:6789/0] conn(0x7f3a2c101510 0x7f3a2c113600 unknown :-1 s=BANNER_CONNECTING pgs=0 cs=0 l=1 rev1=0 crypto rx=0 tx=0 comp rx=0 tx=0)._handle_peer_banner_payload supported=3 required=0
2024-04-13T16:11:19.537 INFO:teuthology.orchestra.run.smithi037.stdout:/usr/bin/ceph: stderr
2024-04-13T16:11:18.673+0000 7f3a2affd700 1 --2- >> [v2:172.21.15.37:3300/0,v1:172.21.15.37:6789/0] conn(0x7f3a2c101510 0x7f3a2c113600 unknown :-1 s=HELLO_CONNECTING pgs=0 cs=0 l=1 rev1=1 crypto rx=0 tx=0 comp rx=0 tx=0).handle_hello peer v2:172.21.15.37:3300/0 says I am v2:172.21.15.37:54880/0 (socket says 172.21.15.37:54880)
2024-04-13T16:11:19.537 INFO:teuthology.orchestra.run.smithi037.stdout:/usr/bin/ceph: stderr
2024-04-13T16:11:18.673+0000 7f3a2affd700 1 -- 172.21.15.37:0/3289493096 learned_addr learned my addr 172.21.15.37:0/3289493096 (peer_addr_for_me v2:172.21.15.37:0/0)
2024-04-13T16:11:19.537 INFO:teuthology.orchestra.run.smithi037.stdout:/usr/bin/ceph: stderr
2024-04-13T16:11:18.673+0000 7f3a2affd700 1 -- 172.21.15.37:0/3289493096 --> [v2:172.21.15.37:3300/0,v1:172.21.15.37:6789/0] -- mon_subscribe({config=0+,monmap=0+}) v3 -- 0x7f3a1c00b790 con 0x7f3a2c101510
2024-04-13T16:11:19.537 INFO:teuthology.orchestra.run.smithi037.stdout:/usr/bin/ceph: stderr
2024-04-13T16:11:18.673+0000 7f3a2affd700 1 --2- 172.21.15.37:0/3289493096 >> [v2:172.21.15.37:3300/0,v1:172.21.15.37:6789/0] conn(0x7f3a2c101510 0x7f3a2c113600 secure :-1 s=READY pgs=54 cs=0 l=1 rev1=1 crypto rx=0x7f3a1c018630 tx=0x7f3a1c00b4f0 comp rx=0 tx=0).ready entity=mon.0 client_cookie=0 server_cookie=0 in_seq=0 out_seq=0
2024-04-13T16:11:19.538 INFO:teuthology.orchestra.run.smithi037.stdout:/usr/bin/ceph: stderr
2024-04-13T16:11:18.673+0000 7f3a137fe700 1 -- 172.21.15.37:0/3289493096 <== mon.0 v2:172.21.15.37:3300/0 1 ==== mon_map magic: 0 v1 ==== 229+0+0 (secure 0 0 0) 0x7f3a1c00dc70 con 0x7f3a2c101510
2024-04-13T16:11:19.538 INFO:teuthology.orchestra.run.smithi037.stdout:/usr/bin/ceph: stderr
2024-04-13T16:11:18.673+0000 7f3a137fe700 1 -- 172.21.15.37:0/3289493096 <== mon.0 v2:172.21.15.37:3300/0 2 ==== config(26 keys) v1 ==== 1074+0+0 (secure 0 0 0) 0x7f3a1c010bc0 con 0x7f3a2c101510
2024-04-13T16:11:19.538 INFO:teuthology.orchestra.run.smithi037.stdout:/usr/bin/ceph: stderr
2024-04-13T16:11:18.673+0000 7f3a31743700 1 -- 172.21.15.37:0/3289493096 --> [v2:172.21.15.37:3300/0,v1:172.21.15.37:6789/0] -- mon_subscribe({mgrmap=0+}) v3 -- 0x7f3a2c113d40 con 0x7f3a2c101510
2024-04-13T16:11:19.538 INFO:teuthology.orchestra.run.smithi037.stdout:/usr/bin/ceph: stderr
2024-04-13T16:11:18.673+0000 7f3a137fe700 1 -- 172.21.15.37:0/3289493096 <== mon.0 v2:172.21.15.37:3300/0 3 ==== mon_map magic: 0 v1 ==== 229+0+0 (secure 0 0 0) 0x7f3a1c021550 con 0x7f3a2c101510
2024-04-13T16:11:19.538 INFO:teuthology.orchestra.run.smithi037.stdout:/usr/bin/ceph: stderr
2024-04-13T16:11:18.673+0000 7f3a31743700 1 -- 172.21.15.37:0/3289493096 --> [v2:172.21.15.37:3300/0,v1:172.21.15.37:6789/0] -- mon_subscribe({osdmap=0}) v3 -- 0x7f3a2c1148b0 con 0x7f3a2c101510
2024-04-13T16:11:19.538 INFO:teuthology.orchestra.run.smithi037.stdout:/usr/bin/ceph: stderr
2024-04-13T16:11:18.674+0000 7f3a137fe700 1 -- 172.21.15.37:0/3289493096 <== mon.0 v2:172.21.15.37:3300/0 4 ==== mgrmap(e 8) v1 ==== 43376+0+0 (secure 0 0 0) 0x7f3a1c021780 con 0x7f3a2c101510
2024-04-13T16:11:19.538 INFO:teuthology.orchestra.run.smithi037.stdout:/usr/bin/ceph: stderr
2024-04-13T16:11:18.674+0000 7f3a31743700 1 -- 172.21.15.37:0/3289493096 --> [v2:172.21.15.37:3300/0,v1:172.21.15.37:6789/0] -- mon_command({"prefix": "get_command_descriptions"} v 0) v1 -- 0x7f3a2c05f5f0 con 0x7f3a2c101510
2024-04-13T16:11:19.538 INFO:teuthology.orchestra.run.smithi037.stdout:/usr/bin/ceph: stderr
2024-04-13T16:11:18.675+0000 7f3a137fe700 1 --2- 172.21.15.37:0/3289493096 >> [v2:172.21.15.37:6800/3263522863,v1:172.21.15.37:6801/3263522863] conn(0x7f3a140367e0 0x7f3a14038c90 unknown :-1 s=NONE pgs=0 cs=0 l=1 rev1=0 crypto rx=0 tx=0 comp rx=0 tx=0).connect
2024-04-13T16:11:19.538 INFO:teuthology.orchestra.run.smithi037.stdout:/usr/bin/ceph: stderr
2024-04-13T16:11:18.675+0000 7f3a137fe700 1 -- 172.21.15.37:0/3289493096 <== mon.0 v2:172.21.15.37:3300/0 5 ==== osd_map(2..2 src has 1..2) v4 ==== 936+0+0 (secure 0 0 0) 0x7f3a1c014070 con 0x7f3a2c101510
2024-04-13T16:11:19.538 INFO:teuthology.orchestra.run.smithi037.stdout:/usr/bin/ceph: stderr
2024-04-13T16:11:18.675+0000 7f3a2a7fc700 1 --2- 172.21.15.37:0/3289493096 >> [v2:172.21.15.37:6800/3263522863,v1:172.21.15.37:6801/3263522863] conn(0x7f3a140367e0 0x7f3a14038c90 unknown :-1 s=BANNER_CONNECTING pgs=0 cs=0 l=1 rev1=0 crypto rx=0 tx=0 comp rx=0 tx=0)._handle_peer_banner_payload supported=3 required=0
2024-04-13T16:11:19.538 INFO:teuthology.orchestra.run.smithi037.stdout:/usr/bin/ceph: stderr
2024-04-13T16:11:18.675+0000 7f3a2a7fc700 1 --2- 172.21.15.37:0/3289493096 >> [v2:172.21.15.37:6800/3263522863,v1:172.21.15.37:6801/3263522863] conn(0x7f3a140367e0 0x7f3a14038c90 secure :-1 s=READY pgs=15 cs=0 l=1 rev1=1 crypto rx=0x7f3a20009990 tx=0x7f3a20006e40 comp rx=0 tx=0).ready entity=mgr.14120 client_cookie=0 server_cookie=0 in_seq=0 out_seq=0
