2024-04-13T16:11:05.899+0000 7ff980c9f700 1 --2- 172.21.15.37:0/2075771993 >> [v2:172.21.15.37:6800/3263522863,v1:172.21.15.37:6801/3263522863] conn(0x7ff9680367e0 0x7ff968038c90 unknown :-1 s=BANNER_CONNECTING pgs=0 cs=0 l=1 rev1=0 crypto rx=0 tx=0 comp rx=0 tx=0)._handle_peer_banner_payload supported=3 required=0
2024-04-13T16:11:07.428 INFO:teuthology.orchestra.run.smithi037.stdout:/usr/bin/ceph: stderr
2024-04-13T16:11:05.899+0000 7ff980c9f700 1 --2- 172.21.15.37:0/2075771993 >> [v2:172.21.15.37:6800/3263522863,v1:172.21.15.37:6801/3263522863] conn(0x7ff9680367e0 0x7ff968038c90 secure :-1 s=READY pgs=9 cs=0 l=1 rev1=1 crypto rx=0x7ff978009990 tx=0x7ff978006e40 comp rx=0 tx=0).ready entity=mgr.14120 client_cookie=0 server_cookie=0 in_seq=0 out_seq=0
2024-04-13T16:11:07.428 INFO:teuthology.orchestra.run.smithi037.stdout:/usr/bin/ceph: stderr
2024-04-13T16:11:05.903+0000 7ff971ffb700 1 -- 172.21.15.37:0/2075771993 <== mon.0 v2:172.21.15.37:3300/0 6 ==== mon_command_ack([{"prefix": "get_command_descriptions"}]=0 v0) v1 ==== 72+0+176702 (secure 0 0 0) 0x7ff96c023bc0 con 0x7ff97c102820
2024-04-13T16:11:07.428 INFO:teuthology.orchestra.run.smithi037.stdout:/usr/bin/ceph: stderr
2024-04-13T16:11:06.101+0000 7ff983704700 1 -- 172.21.15.37:0/2075771993 --> [v2:172.21.15.37:6800/3263522863,v1:172.21.15.37:6801/3263522863] -- mgr_command(tid 0: {"prefix": "cephadm generate-key", "target": ["mon-mgr", ""]}) v1 -- 0x7ff97c0ff1c0 con 0x7ff9680367e0
2024-04-13T16:11:07.428 INFO:teuthology.orchestra.run.smithi037.stdout:/usr/bin/ceph: stderr
2024-04-13T16:11:06.595+0000 7ff971ffb700 1 -- 172.21.15.37:0/2075771993 <== mgr.14120 v2:172.21.15.37:6800/3263522863 1 ==== mgr_command_reply(tid 0: 0 ) v1 ==== 8+0+0 (secure 0 0 0) 0x7ff97c0ff1c0 con 0x7ff9680367e0
2024-04-13T16:11:07.428 INFO:teuthology.orchestra.run.smithi037.stdout:/usr/bin/ceph: stderr
2024-04-13T16:11:06.597+0000 7ff983704700 1 -- 172.21.15.37:0/2075771993 >> [v2:172.21.15.37:6800/3263522863,v1:172.21.15.37:6801/3263522863] conn(0x7ff9680367e0 msgr2=0x7ff968038c90 secure :-1 s=STATE_CONNECTION_ESTABLISHED l=1).mark_down
2024-04-13T16:11:07.428 INFO:teuthology.orchestra.run.smithi037.stdout:/usr/bin/ceph: stderr
2024-04-13T16:11:06.597+0000 7ff983704700 1 --2- 172.21.15.37:0/2075771993 >> [v2:172.21.15.37:6800/3263522863,v1:172.21.15.37:6801/3263522863] conn(0x7ff9680367e0 0x7ff968038c90 secure :-1 s=READY pgs=9 cs=0 l=1 rev1=1 crypto rx=0x7ff978009990 tx=0x7ff978006e40 comp rx=0 tx=0).stop
2024-04-13T16:11:07.428 INFO:teuthology.orchestra.run.smithi037.stdout:/usr/bin/ceph: stderr
2024-04-13T16:11:06.597+0000 7ff983704700 1 -- 172.21.15.37:0/2075771993 >> [v2:172.21.15.37:3300/0,v1:172.21.15.37:6789/0] conn(0x7ff97c102820 msgr2=0x7ff97c1115a0 secure :-1 s=STATE_CONNECTION_ESTABLISHED l=1).mark_down
2024-04-13T16:11:07.428 INFO:teuthology.orchestra.run.smithi037.stdout:/usr/bin/ceph: stderr
2024-04-13T16:11:06.597+0000 7ff983704700 1 --2- 172.21.15.37:0/2075771993 >> [v2:172.21.15.37:3300/0,v1:172.21.15.37:6789/0] conn(0x7ff97c102820 0x7ff97c1115a0 secure :-1 s=READY pgs=42 cs=0 l=1 rev1=1 crypto rx=0x7ff96c000c00 tx=0x7ff96c009250 comp rx=0 tx=0).stop
2024-04-13T16:11:07.428 INFO:teuthology.orchestra.run.smithi037.stdout:/usr/bin/ceph: stderr
2024-04-13T16:11:06.597+0000 7ff983704700 1 -- 172.21.15.37:0/2075771993 shutdown_connections
2024-04-13T16:11:07.428 INFO:teuthology.orchestra.run.smithi037.stdout:/usr/bin/ceph: stderr
2024-04-13T16:11:06.597+0000 7ff983704700 1 --2- 172.21.15.37:0/2075771993 >> [v2:172.21.15.37:6800/3263522863,v1:172.21.15.37:6801/3263522863] conn(0x7ff9680367e0 0x7ff968038c90 unknown :-1 s=CLOSED pgs=9 cs=0 l=1 rev1=1 crypto rx=0 tx=0 comp rx=0 tx=0).stop
2024-04-13T16:11:07.428 INFO:teuthology.orchestra.run.smithi037.stdout:/usr/bin/ceph: stderr
2024-04-13T16:11:06.597+0000 7ff983704700 1 --2- 172.21.15.37:0/2075771993 >> [v2:172.21.15.37:3300/0,v1:172.21.15.37:6789/0] conn(0x7ff97c102820 0x7ff97c1115a0 unknown :-1 s=CLOSED pgs=42 cs=0 l=1 rev1=1 crypto rx=0 tx=0 comp rx=0 tx=0).stop
2024-04-13T16:11:07.429 INFO:teuthology.orchestra.run.smithi037.stdout:/usr/bin/ceph: stderr
2024-04-13T16:11:06.597+0000 7ff983704700 1 -- 172.21.15.37:0/2075771993 >> 172.21.15.37:0/2075771993 conn(0x7ff97c0fdf80 msgr2=0x7ff97c0feab0 unknown :-1 s=STATE_NONE l=0).mark_down
2024-04-13T16:11:07.429 INFO:teuthology.orchestra.run.smithi037.stdout:/usr/bin/ceph: stderr
2024-04-13T16:11:06.597+0000 7ff983704700 1 -- 172.21.15.37:0/2075771993 shutdown_connections
2024-04-13T16:11:07.429 INFO:teuthology.orchestra.run.smithi037.stdout:/usr/bin/ceph: stderr
2024-04-13T16:11:06.597+0000 7ff983704700 1 -- 172.21.15.37:0/2075771993 wait complete.
2024-04-13T16:11:08.757 INFO:journalctl@ceph.mon.smithi037.smithi037.stdout:Apr 13 16:11:08 smithi037 ceph-mon[39772]: from='client.14138 -' entity='client.admin' cmd=[{"prefix": "cephadm get-pub-key", "target": ["mon-mgr", ""]}]: dispatch
2024-04-13T16:11:08.840 INFO:teuthology.orchestra.run.smithi037.stdout:/usr/bin/ceph: stdout ssh-rsa AAAAB3NzaC1yc2EAAAADAQABAAABgQDfS3WrmCfHUgJkk9wlpCqBt6K4zqcXJQalsgJR68Ui4wJxDTSoPfjgW67QFQOzdUbZXatHEujvadoHnXxFhVRJPTZF4Q3gS6LU3b7pSo5rRBCXrHKeFp+twvvFlFhL8dLZhyTknDf6PO3IfRfbSH5I0wRuecvjGceZdpB/Bnlpa1L+JQSgDH//jwOBkghNJd6mdkLs6jNO1rSHGN3jBx8J8w+Ze7d/dPNznVPrKz8vDkHrQoyrkbDthM9RSbqtJ0aEmdBHds2AMARO/ofMzRKmPQg4ZkUZyK5RpfWXLvGDsremTZ/DgzzVDQt6oz+EdRJLiypVP8f+PY8iVwKtEexgf24c3hFawkDSLb8zTEJEChF/x+F5mX2xCLJ0lconCWywln6B4+bfUsV6nMdtSCvXCSMPDYOTIzM0QuO7SgmBPOAKZ+Yd36FtobXYEIR7SumCGoTFvJcfEEzFTl4XQBkc6J7zl+uqbqgwTscSMiFQXRuSXmssmtrRXqBi/W0kI3U= ceph-3bd0a6e4-f9b0-11ee-bc8e-c7b262605968
2024-04-13T16:11:08.840 INFO:teuthology.orchestra.run.smithi037.stdout:/usr/bin/ceph: stderr
2024-04-13T16:11:07.943+0000 7fc99c7f5700 1 Processor -- start
2024-04-13T16:11:08.840 INFO:teuthology.orchestra.run.smithi037.stdout:/usr/bin/ceph: stderr
2024-04-13T16:11:07.943+0000 7fc99c7f5700 1 -- start start
2024-04-13T16:11:08.840 INFO:teuthology.orchestra.run.smithi037.stdout:/usr/bin/ceph: stderr
2024-04-13T16:11:07.943+0000 7fc99c7f5700 1 --2- >> [v2:172.21.15.37:3300/0,v1:172.21.15.37:6789/0] conn(0x7fc994100a30 0x7fc994100e40 unknown :-1 s=NONE pgs=0 cs=0 l=0 rev1=0 crypto rx=0 tx=0 comp rx=0 tx=0).connect
2024-04-13T16:11:08.840 INFO:teuthology.orchestra.run.smithi037.stdout:/usr/bin/ceph: stderr
2024-04-13T16:11:07.943+0000 7fc99c7f5700 1 -- --> [v2:172.21.15.37:3300/0,v1:172.21.15.37:6789/0] -- mon_getmap magic: 0 v1 -- 0x7fc994101380 con 0x7fc994100a30
2024-04-13T16:11:08.840 INFO:teuthology.orchestra.run.smithi037.stdout:/usr/bin/ceph: stderr
2024-04-13T16:11:07.943+0000 7fc99a591700 1 --2- >> [v2:172.21.15.37:3300/0,v1:172.21.15.37:6789/0] conn(0x7fc994100a30 0x7fc994100e40 unknown :-1 s=BANNER_CONNECTING pgs=0 cs=0 l=0 rev1=0 crypto rx=0 tx=0 comp rx=0 tx=0)._handle_peer_banner_payload supported=3 required=0
2024-04-13T16:11:08.840 INFO:teuthology.orchestra.run.smithi037.stdout:/usr/bin/ceph: stderr
2024-04-13T16:11:07.943+0000 7fc99a591700 1 --2- >> [v2:172.21.15.37:3300/0,v1:172.21.15.37:6789/0] conn(0x7fc994100a30 0x7fc994100e40 unknown :-1 s=HELLO_CONNECTING pgs=0 cs=0 l=0 rev1=1 crypto rx=0 tx=0 comp rx=0 tx=0).handle_hello peer v2:172.21.15.37:3300/0 says I am v2:172.21.15.37:55568/0 (socket says 172.21.15.37:55568)
2024-04-13T16:11:08.841 INFO:teuthology.orchestra.run.smithi037.stdout:/usr/bin/ceph: stderr
2024-04-13T16:11:07.943+0000 7fc99a591700 1 -- 172.21.15.37:0/2646305029 learned_addr learned my addr 172.21.15.37:0/2646305029 (peer_addr_for_me v2:172.21.15.37:0/0)
2024-04-13T16:11:08.841 INFO:teuthology.orchestra.run.smithi037.stdout:/usr/bin/ceph: stderr
2024-04-13T16:11:07.944+0000 7fc99a591700 1 -- 172.21.15.37:0/2646305029 --> [v2:172.21.15.37:3300/0,v1:172.21.15.37:6789/0] -- mon_subscribe({config=0+,monmap=0+}) v3 -- 0x7fc9941014c0 con 0x7fc994100a30
2024-04-13T16:11:08.841 INFO:teuthology.orchestra.run.smithi037.stdout:/usr/bin/ceph: stderr
2024-04-13T16:11:07.944+0000 7fc99a591700 1 --2- 172.21.15.37:0/2646305029 >> [v2:172.21.15.37:3300/0,v1:172.21.15.37:6789/0] conn(0x7fc994100a30 0x7fc994100e40 secure :-1 s=READY pgs=43 cs=0 l=1 rev1=1 crypto rx=0x7fc9840098e0 tx=0x7fc984009250 comp rx=0 tx=0).ready entity=mon.0 client_cookie=1ed4c7a0cba978d1 server_cookie=0 in_seq=0 out_seq=0
2024-04-13T16:11:08.841 INFO:teuthology.orchestra.run.smithi037.stdout:/usr/bin/ceph: stderr
2024-04-13T16:11:07.944+0000 7fc99958f700 1 -- 172.21.15.37:0/2646305029 <== mon.0 v2:172.21.15.37:3300/0 1 ==== mon_map magic: 0 v1 ==== 229+0+0 (secure 0 0 0) 0x7fc98400b860 con 0x7fc994100a30
2024-04-13T16:11:08.841 INFO:teuthology.orchestra.run.smithi037.stdout:/usr/bin/ceph: stderr
2024-04-13T16:11:07.944+0000 7fc99958f700 1 -- 172.21.15.37:0/2646305029 <== mon.0 v2:172.21.15.37:3300/0 2 ==== config(26 keys) v1 ==== 1009+0+0 (secure 0 0 0) 0x7fc98400be30 con 0x7fc994100a30
2024-04-13T16:11:08.841 INFO:teuthology.orchestra.run.smithi037.stdout:/usr/bin/ceph: stderr
2024-04-13T16:11:07.944+0000 7fc99958f700 1 -- 172.21.15.37:0/2646305029 <== mon.0 v2:172.21.15.37:3300/0 3 ==== mon_map magic: 0 v1 ==== 229+0+0 (secure 0 0 0) 0x7fc984010380 con 0x7fc994100a30
2024-04-13T16:11:08.841 INFO:teuthology.orchestra.run.smithi037.stdout:/usr/bin/ceph: stderr
2024-04-13T16:11:07.945+0000 7fc99c7f5700 1 -- 172.21.15.37:0/2646305029 >> [v2:172.21.15.37:3300/0,v1:172.21.15.37:6789/0] conn(0x7fc994100a30 msgr2=0x7fc994100e40 secure :-1 s=STATE_CONNECTION_ESTABLISHED l=1).mark_down
2024-04-13T16:11:08.841 INFO:teuthology.orchestra.run.smithi037.stdout:/usr/bin/ceph: stderr
2024-04-13T16:11:07.945+0000 7fc99c7f5700 1 --2- 172.21.15.37:0/2646305029 >> [v2:172.21.15.37:3300/0,v1:172.21.15.37:6789/0] conn(0x7fc994100a30 0x7fc994100e40 secure :-1 s=READY pgs=43 cs=0 l=1 rev1=1 crypto rx=0x7fc9840098e0 tx=0x7fc984009250 comp rx=0 tx=0).stop
2024-04-13T16:11:08.841 INFO:teuthology.orchestra.run.smithi037.stdout:/usr/bin/ceph: stderr
2024-04-13T16:11:07.945+0000 7fc99c7f5700 1 -- 172.21.15.37:0/2646305029 shutdown_connections
2024-04-13T16:11:08.841 INFO:teuthology.orchestra.run.smithi037.stdout:/usr/bin/ceph: stderr
2024-04-13T16:11:07.945+0000 7fc99c7f5700 1 --2- 172.21.15.37:0/2646305029 >> [v2:172.21.15.37:3300/0,v1:172.21.15.37:6789/0] conn(0x7fc994100a30 0x7fc994100e40 unknown :-1 s=CLOSED pgs=43 cs=0 l=1 rev1=1 crypto rx=0 tx=0 comp rx=0 tx=0).stop
2024-04-13T16:11:08.841 INFO:teuthology.orchestra.run.smithi037.stdout:/usr/bin/ceph: stderr
2024-04-13T16:11:07.945+0000 7fc99c7f5700 1 -- 172.21.15.37:0/2646305029 >> 172.21.15.37:0/2646305029 conn(0x7fc9940fc430 msgr2=0x7fc9940fe840 unknown :-1 s=STATE_NONE l=0).mark_down
2024-04-13T16:11:08.841 INFO:teuthology.orchestra.run.smithi037.stdout:/usr/bin/ceph: stderr
2024-04-13T16:11:07.945+0000 7fc99c7f5700 1 -- 172.21.15.37:0/2646305029 shutdown_connections
2024-04-13T16:11:08.841 INFO:teuthology.orchestra.run.smithi037.stdout:/usr/bin/ceph: stderr
2024-04-13T16:11:07.945+0000 7fc99c7f5700 1 -- 172.21.15.37:0/2646305029 wait complete.
2024-04-13T16:11:08.841 INFO:teuthology.orchestra.run.smithi037.stdout:/usr/bin/ceph: stderr
2024-04-13T16:11:07.945+0000 7fc99c7f5700 1 Processor -- start
2024-04-13T16:11:08.842 INFO:teuthology.orchestra.run.smithi037.stdout:/usr/bin/ceph: stderr
2024-04-13T16:11:07.945+0000 7fc99c7f5700 1 -- start start
2024-04-13T16:11:08.842 INFO:teuthology.orchestra.run.smithi037.stdout:/usr/bin/ceph: stderr
2024-04-13T16:11:07.946+0000 7fc99c7f5700 1 --2- >> [v2:172.21.15.37:3300/0,v1:172.21.15.37:6789/0] conn(0x7fc994100a30 0x7fc994111380 unknown :-1 s=NONE pgs=0 cs=0 l=1 rev1=0 crypto rx=0 tx=0 comp rx=0 tx=0).connect
2024-04-13T16:11:08.842 INFO:teuthology.orchestra.run.smithi037.stdout:/usr/bin/ceph: stderr
2024-04-13T16:11:07.946+0000 7fc99c7f5700 1 -- --> [v2:172.21.15.37:3300/0,v1:172.21.15.37:6789/0] -- mon_getmap magic: 0 v1 -- 0x7fc9941118c0 con 0x7fc994100a30
2024-04-13T16:11:08.842 INFO:teuthology.orchestra.run.smithi037.stdout:/usr/bin/ceph: stderr
2024-04-13T16:11:07.946+0000 7fc99a591700 1 --2- >> [v2:172.21.15.37:3300/0,v1:172.21.15.37:6789/0] conn(0x7fc994100a30 0x7fc994111380 unknown :-1 s=BANNER_CONNECTING pgs=0 cs=0 l=1 rev1=0 crypto rx=0 tx=0 comp rx=0 tx=0)._handle_peer_banner_payload supported=3 required=0
2024-04-13T16:11:08.842 INFO:teuthology.orchestra.run.smithi037.stdout:/usr/bin/ceph: stderr
2024-04-13T16:11:07.946+0000 7fc99a591700 1 --2- >> [v2:172.21.15.37:3300/0,v1:172.21.15.37:6789/0] conn(0x7fc994100a30 0x7fc994111380 unknown :-1 s=HELLO_CONNECTING pgs=0 cs=0 l=1 rev1=1 crypto rx=0 tx=0 comp rx=0 tx=0).handle_hello peer v2:172.21.15.37:3300/0 says I am v2:172.21.15.37:55576/0 (socket says 172.21.15.37:55576)
2024-04-13T16:11:08.842 INFO:teuthology.orchestra.run.smithi037.stdout:/usr/bin/ceph: stderr
2024-04-13T16:11:07.946+0000 7fc99a591700 1 -- 172.21.15.37:0/1711685737 learned_addr learned my addr 172.21.15.37:0/1711685737 (peer_addr_for_me v2:172.21.15.37:0/0)
2024-04-13T16:11:08.842 INFO:teuthology.orchestra.run.smithi037.stdout:/usr/bin/ceph: stderr
2024-04-13T16:11:07.946+0000 7fc99a591700 1 -- 172.21.15.37:0/1711685737 --> [v2:172.21.15.37:3300/0,v1:172.21.15.37:6789/0] -- mon_subscribe({config=0+,monmap=0+}) v3 -- 0x7fc9840094f0 con 0x7fc994100a30
2024-04-13T16:11:08.842 INFO:teuthology.orchestra.run.smithi037.stdout:/usr/bin/ceph: stderr
2024-04-13T16:11:07.946+0000 7fc99a591700 1 --2- 172.21.15.37:0/1711685737 >> [v2:172.21.15.37:3300/0,v1:172.21.15.37:6789/0] conn(0x7fc994100a30 0x7fc994111380 secure :-1 s=READY pgs=44 cs=0 l=1 rev1=1 crypto rx=0x7fc984006b00 tx=0x7fc984009250 comp rx=0 tx=0).ready entity=mon.0 client_cookie=0 server_cookie=0 in_seq=0 out_seq=0
2024-04-13T16:11:08.842 INFO:teuthology.orchestra.run.smithi037.stdout:/usr/bin/ceph: stderr
2024-04-13T16:11:07.946+0000 7fc98affd700 1 -- 172.21.15.37:0/1711685737 <== mon.0 v2:172.21.15.37:3300/0 1 ==== mon_map magic: 0 v1 ==== 229+0+0 (secure 0 0 0) 0x7fc9840109b0 con 0x7fc994100a30
2024-04-13T16:11:08.842 INFO:teuthology.orchestra.run.smithi037.stdout:/usr/bin/ceph: stderr
2024-04-13T16:11:07.946+0000 7fc98affd700 1 -- 172.21.15.37:0/1711685737 <== mon.0 v2:172.21.15.37:3300/0 2 ==== config(26 keys) v1 ==== 1009+0+0 (secure 0 0 0) 0x7fc984024440 con 0x7fc994100a30
2024-04-13T16:11:08.842 INFO:teuthology.orchestra.run.smithi037.stdout:/usr/bin/ceph: stderr
2024-04-13T16:11:07.946+0000 7fc99c7f5700 1 -- 172.21.15.37:0/1711685737 --> [v2:172.21.15.37:3300/0,v1:172.21.15.37:6789/0] -- mon_subscribe({mgrmap=0+}) v3 -- 0x7fc994111ac0 con 0x7fc994100a30
2024-04-13T16:11:08.842 INFO:teuthology.orchestra.run.smithi037.stdout:/usr/bin/ceph: stderr
2024-04-13T16:11:07.946+0000 7fc98affd700 1 -- 172.21.15.37:0/1711685737 <== mon.0 v2:172.21.15.37:3300/0 3 ==== mon_map magic: 0 v1 ==== 229+0+0 (secure 0 0 0) 0x7fc98401a5f0 con 0x7fc994100a30
2024-04-13T16:11:08.842 INFO:teuthology.orchestra.run.smithi037.stdout:/usr/bin/ceph: stderr
2024-04-13T16:11:07.946+0000 7fc99c7f5700 1 -- 172.21.15.37:0/1711685737 --> [v2:172.21.15.37:3300/0,v1:172.21.15.37:6789/0] -- mon_subscribe({osdmap=0}) v3 -- 0x7fc994112630 con 0x7fc994100a30
2024-04-13T16:11:08.842 INFO:teuthology.orchestra.run.smithi037.stdout:/usr/bin/ceph: stderr
2024-04-13T16:11:07.947+0000 7fc98affd700 1 -- 172.21.15.37:0/1711685737 <== mon.0 v2:172.21.15.37:3300/0 4 ==== mgrmap(e 8) v1 ==== 43376+0+0 (secure 0 0 0) 0x7fc98401a860 con 0x7fc994100a30
2024-04-13T16:11:08.843 INFO:teuthology.orchestra.run.smithi037.stdout:/usr/bin/ceph: stderr
2024-04-13T16:11:07.947+0000 7fc99c7f5700 1 -- 172.21.15.37:0/1711685737 --> [v2:172.21.15.37:3300/0,v1:172.21.15.37:6789/0] -- mon_command({"prefix": "get_command_descriptions"} v 0) v1 -- 0x7fc99405f5f0 con 0x7fc994100a30
2024-04-13T16:11:08.843 INFO:teuthology.orchestra.run.smithi037.stdout:/usr/bin/ceph: stderr
2024-04-13T16:11:07.947+0000 7fc98affd700 1 --2- 172.21.15.37:0/1711685737 >> [v2:172.21.15.37:6800/3263522863,v1:172.21.15.37:6801/3263522863] conn(0x7fc9800367e0 0x7fc980038c90 unknown :-1 s=NONE pgs=0 cs=0 l=1 rev1=0 crypto rx=0 tx=0 comp rx=0 tx=0).connect
2024-04-13T16:11:08.843 INFO:teuthology.orchestra.run.smithi037.stdout:/usr/bin/ceph: stderr
2024-04-13T16:11:07.947+0000 7fc98affd700 1 -- 172.21.15.37:0/1711685737 <== mon.0 v2:172.21.15.37:3300/0 5 ==== osd_map(2..2 src has 1..2) v4 ==== 936+0+0 (secure 0 0 0) 0x7fc98404a980 con 0x7fc994100a30
2024-04-13T16:11:08.843 INFO:teuthology.orchestra.run.smithi037.stdout:/usr/bin/ceph: stderr
2024-04-13T16:11:07.948+0000 7fc999d90700 1 --2- 172.21.15.37:0/1711685737 >> [v2:172.21.15.37:6800/3263522863,v1:172.21.15.37:6801/3263522863] conn(0x7fc9800367e0 0x7fc980038c90 unknown :-1 s=BANNER_CONNECTING pgs=0 cs=0 l=1 rev1=0 crypto rx=0 tx=0 comp rx=0 tx=0)._handle_peer_banner_payload supported=3 required=0
2024-04-13T16:11:08.843 INFO:teuthology.orchestra.run.smithi037.stdout:/usr/bin/ceph: stderr
2024-04-13T16:11:07.948+0000 7fc999d90700 1 --2- 172.21.15.37:0/1711685737 >> [v2:172.21.15.37:6800/3263522863,v1:172.21.15.37:6801/3263522863] conn(0x7fc9800367e0 0x7fc980038c90 secure :-1 s=READY pgs=10 cs=0 l=1 rev1=1 crypto rx=0x7fc990009990 tx=0x7fc990006e40 comp rx=0 tx=0).ready entity=mgr.14120 client_cookie=0 server_cookie=0 in_seq=0 out_seq=0
2024-04-13T16:11:08.843 INFO:teuthology.orchestra.run.smithi037.stdout:/usr/bin/ceph: stderr
2024-04-13T16:11:07.952+0000 7fc98affd700 1 -- 172.21.15.37:0/1711685737 <== mon.0 v2:172.21.15.37:3300/0 6 ==== mon_command_ack([{"prefix": "get_command_descriptions"}]=0 v0) v1 ==== 72+0+176702 (secure 0 0 0) 0x7fc984018530 con 0x7fc994100a30
2024-04-13T16:11:08.843 INFO:teuthology.orchestra.run.smithi037.stdout:/usr/bin/ceph: stderr
2024-04-13T16:11:08.151+0000 7fc99c7f5700 1 -- 172.21.15.37:0/1711685737 --> [v2:172.21.15.37:6800/3263522863,v1:172.21.15.37:6801/3263522863] -- mgr_command(tid 0: {"prefix": "cephadm get-pub-key", "target": ["mon-mgr", ""]}) v1 -- 0x7fc9940fd640 con 0x7fc9800367e0
2024-04-13T16:11:08.843 INFO:teuthology.orchestra.run.smithi037.stdout:/usr/bin/ceph: stderr
2024-04-13T16:11:08.151+0000 7fc98affd700 1 -- 172.21.15.37:0/1711685737 <== mgr.14120 v2:172.21.15.37:6800/3263522863 1 ==== mgr_command_reply(tid 0: 0 ) v1 ==== 8+0+595 (secure 0 0 0) 0x7fc9940fd640 con 0x7fc9800367e0
2024-04-13T16:11:08.843 INFO:teuthology.orchestra.run.smithi037.stdout:/usr/bin/ceph: stderr
2024-04-13T16:11:08.153+0000 7fc99c7f5700 1 -- 172.21.15.37:0/1711685737 >> [v2:172.21.15.37:6800/3263522863,v1:172.21.15.37:6801/3263522863] conn(0x7fc9800367e0 msgr2=0x7fc980038c90 secure :-1 s=STATE_CONNECTION_ESTABLISHED l=1).mark_down
2024-04-13T16:11:08.843 INFO:teuthology.orchestra.run.smithi037.stdout:/usr/bin/ceph: stderr
2024-04-13T16:11:08.153+0000 7fc99c7f5700 1 --2- 172.21.15.37:0/1711685737 >> [v2:172.21.15.37:6800/3263522863,v1:172.21.15.37:6801/3263522863] conn(0x7fc9800367e0 0x7fc980038c90 secure :-1 s=READY pgs=10 cs=0 l=1 rev1=1 crypto rx=0x7fc990009990 tx=0x7fc990006e40 comp rx=0 tx=0).stop
2024-04-13T16:11:08.843 INFO:teuthology.orchestra.run.smithi037.stdout:/usr/bin/ceph: stderr
2024-04-13T16:11:08.153+0000 7fc99c7f5700 1 -- 172.21.15.37:0/1711685737 >> [v2:172.21.15.37:3300/0,v1:172.21.15.37:6789/0] conn(0x7fc994100a30 msgr2=0x7fc994111380 secure :-1 s=STATE_CONNECTION_ESTABLISHED l=1).mark_down
2024-04-13T16:11:08.843 INFO:teuthology.orchestra.run.smithi037.stdout:/usr/bin/ceph: stderr
2024-04-13T16:11:08.153+0000 7fc99c7f5700 1 --2- 172.21.15.37:0/1711685737 >> [v2:172.21.15.37:3300/0,v1:172.21.15.37:6789/0] conn(0x7fc994100a30 0x7fc994111380 secure :-1 s=READY pgs=44 cs=0 l=1 rev1=1 crypto rx=0x7fc984006b00 tx=0x7fc984009250 comp rx=0 tx=0).stop
2024-04-13T16:11:08.843 INFO:teuthology.orchestra.run.smithi037.stdout:/usr/bin/ceph: stderr
2024-04-13T16:11:08.153+0000 7fc99c7f5700 1 -- 172.21.15.37:0/1711685737 shutdown_connections
2024-04-13T16:11:08.843 INFO:teuthology.orchestra.run.smithi037.stdout:/usr/bin/ceph: stderr
2024-04-13T16:11:08.153+0000 7fc99c7f5700 1 --2- 172.21.15.37:0/1711685737 >> [v2:172.21.15.37:6800/3263522863,v1:172.21.15.37:6801/3263522863] conn(0x7fc9800367e0 0x7fc980038c90 unknown :-1 s=CLOSED pgs=10 cs=0 l=1 rev1=1 crypto rx=0 tx=0 comp rx=0 tx=0).stop
2024-04-13T16:11:08.844 INFO:teuthology.orchestra.run.smithi037.stdout:/usr/bin/ceph: stderr
2024-04-13T16:11:08.153+0000 7fc99c7f5700 1 --2- 172.21.15.37:0/1711685737 >> [v2:172.21.15.37:3300/0,v1:172.21.15.37:6789/0] conn(0x7fc994100a30 0x7fc994111380 unknown :-1 s=CLOSED pgs=44 cs=0 l=1 rev1=1 crypto rx=0 tx=0 comp rx=0 tx=0).stop
2024-04-13T16:11:08.844 INFO:teuthology.orchestra.run.smithi037.stdout:/usr/bin/ceph: stderr
2024-04-13T16:11:08.153+0000 7fc99c7f5700 1 -- 172.21.15.37:0/1711685737 >> 172.21.15.37:0/1711685737 conn(0x7fc9940fc430 msgr2=0x7fc9940fcf30 unknown :-1 s=STATE_NONE l=0).mark_down
2024-04-13T16:11:08.844 INFO:teuthology.orchestra.run.smithi037.stdout:/usr/bin/ceph: stderr
2024-04-13T16:11:08.154+0000 7fc99c7f5700 1 -- 172.21.15.37:0/1711685737 shutdown_connections
2024-04-13T16:11:08.844 INFO:teuthology.orchestra.run.smithi037.stdout:/usr/bin/ceph: stderr
2024-04-13T16:11:08.154+0000 7fc99c7f5700 1 -- 172.21.15.37:0/1711685737 wait complete.
2024-04-13T16:11:08.844 INFO:teuthology.orchestra.run.smithi037.stdout:Wrote public SSH key to /home/ubuntu/cephtest/ceph.pub
2024-04-13T16:11:08.844 INFO:teuthology.orchestra.run.smithi037.stdout:Adding key to root@localhost authorized_keys...
2024-04-13T16:11:08.844 INFO:teuthology.orchestra.run.smithi037.stdout:Adding host smithi037...
2024-04-13T16:11:10.736 INFO:journalctl@ceph.mon.smithi037.smithi037.stdout:Apr 13 16:11:10 smithi037 ceph-mon[39772]: from='client.14140 -' entity='client.admin' cmd=[{"prefix": "orch host add", "hostname": "smithi037", "addr": "172.21.15.37", "target": ["mon-mgr", ""]}]: dispatch
2024-04-13T16:11:10.737 INFO:journalctl@ceph.mon.smithi037.smithi037.stdout:Apr 13 16:11:10 smithi037 ceph-mon[39772]: Deploying cephadm binary to smithi037
2024-04-13T16:11:12.507 INFO:journalctl@ceph.mon.smithi037.smithi037.stdout:Apr 13 16:11:12 smithi037 ceph-mon[39772]: from='mgr.14120 172.21.15.37:0/1555404671' entity='mgr.smithi037.tbvhss'
2024-04-13T16:11:12.507 INFO:journalctl@ceph.mon.smithi037.smithi037.stdout:Apr 13 16:11:12 smithi037 ceph-mon[39772]: Added host smithi037
2024-04-13T16:11:12.507 INFO:journalctl@ceph.mon.smithi037.smithi037.stdout:Apr 13 16:11:12 smithi037 ceph-mon[39772]: from='mgr.14120 172.21.15.37:0/1555404671' entity='mgr.smithi037.tbvhss' cmd=[{"prefix": "config dump", "format": "json"}]: dispatch
2024-04-13T16:11:12.833 INFO:teuthology.orchestra.run.smithi037.stdout:/usr/bin/ceph: stdout Added host 'smithi037' with addr '172.21.15.37'
2024-04-13T16:11:12.833 INFO:teuthology.orchestra.run.smithi037.stdout:/usr/bin/ceph: stderr
2024-04-13T16:11:09.303+0000 7fc86cfb3700 1 Processor -- start
2024-04-13T16:11:12.833 INFO:teuthology.orchestra.run.smithi037.stdout:/usr/bin/ceph: stderr
2024-04-13T16:11:09.303+0000 7fc86cfb3700 1 -- start start
2024-04-13T16:11:12.833 INFO:teuthology.orchestra.run.smithi037.stdout:/usr/bin/ceph: stderr
2024-04-13T16:11:09.303+0000 7fc86cfb3700 1 --2- >> [v2:172.21.15.37:3300/0,v1:172.21.15.37:6789/0] conn(0x7fc8681015c0 0x7fc8681019d0 unknown :-1 s=NONE pgs=0 cs=0 l=0 rev1=0 crypto rx=0 tx=0 comp rx=0 tx=0).connect
2024-04-13T16:11:12.833 INFO:teuthology.orchestra.run.smithi037.stdout:/usr/bin/ceph: stderr
2024-04-13T16:11:09.303+0000 7fc86cfb3700 1 -- --> [v2:172.21.15.37:3300/0,v1:172.21.15.37:6789/0] -- mon_getmap magic: 0 v1 -- 0x7fc868101f10 con 0x7fc8681015c0
2024-04-13T16:11:12.833 INFO:teuthology.orchestra.run.smithi037.stdout:/usr/bin/ceph: stderr
2024-04-13T16:11:09.303+0000 7fc86659c700 1 --2- >> [v2:172.21.15.37:3300/0,v1:172.21.15.37:6789/0] conn(0x7fc8681015c0 0x7fc8681019d0 unknown :-1 s=BANNER_CONNECTING pgs=0 cs=0 l=0 rev1=0 crypto rx=0 tx=0 comp rx=0 tx=0)._handle_peer_banner_payload supported=3 required=0
2024-04-13T16:11:12.833 INFO:teuthology.orchestra.run.smithi037.stdout:/usr/bin/ceph: stderr
2024-04-13T16:11:09.303+0000 7fc86659c700 1 --2- >> [v2:172.21.15.37:3300/0,v1:172.21.15.37:6789/0] conn(0x7fc8681015c0 0x7fc8681019d0 unknown :-1 s=HELLO_CONNECTING pgs=0 cs=0 l=0 rev1=1 crypto rx=0 tx=0 comp rx=0 tx=0).handle_hello peer v2:172.21.15.37:3300/0 says I am v2:172.21.15.37:55592/0 (socket says 172.21.15.37:55592)
2024-04-13T16:11:12.833 INFO:teuthology.orchestra.run.smithi037.stdout:/usr/bin/ceph: stderr
2024-04-13T16:11:09.303+0000 7fc86659c700 1 -- 172.21.15.37:0/299297716 learned_addr learned my addr 172.21.15.37:0/299297716 (peer_addr_for_me v2:172.21.15.37:0/0)
2024-04-13T16:11:12.833 INFO:teuthology.orchestra.run.smithi037.stdout:/usr/bin/ceph: stderr
2024-04-13T16:11:09.304+0000 7fc86659c700 1 -- 172.21.15.37:0/299297716 --> [v2:172.21.15.37:3300/0,v1:172.21.15.37:6789/0] -- mon_subscribe({config=0+,monmap=0+}) v3 -- 0x7fc868102050 con 0x7fc8681015c0
2024-04-13T16:11:12.833 INFO:teuthology.orchestra.run.smithi037.stdout:/usr/bin/ceph: stderr
2024-04-13T16:11:09.304+0000 7fc86659c700 1 --2- 172.21.15.37:0/299297716 >> [v2:172.21.15.37:3300/0,v1:172.21.15.37:6789/0] conn(0x7fc8681015c0 0x7fc8681019d0 secure :-1 s=READY pgs=45 cs=0 l=1 rev1=1 crypto rx=0x7fc85c0098e0 tx=0x7fc85c009250 comp rx=0 tx=0).ready entity=mon.0 client_cookie=3e7e30be236c55f8 server_cookie=0 in_seq=0 out_seq=0
2024-04-13T16:11:12.833 INFO:teuthology.orchestra.run.smithi037.stdout:/usr/bin/ceph: stderr
2024-04-13T16:11:09.304+0000 7fc86559a700 1 -- 172.21.15.37:0/299297716 <== mon.0 v2:172.21.15.37:3300/0 1 ==== mon_map magic: 0 v1 ==== 229+0+0 (secure 0 0 0) 0x7fc85c00b860 con 0x7fc8681015c0
2024-04-13T16:11:12.834 INFO:teuthology.orchestra.run.smithi037.stdout:/usr/bin/ceph: stderr
2024-04-13T16:11:09.304+0000 7fc86559a700 1 -- 172.21.15.37:0/299297716 <== mon.0 v2:172.21.15.37:3300/0 2 ==== config(26 keys) v1 ==== 1009+0+0 (secure 0 0 0) 0x7fc85c00be30 con 0x7fc8681015c0
2024-04-13T16:11:12.834 INFO:teuthology.orchestra.run.smithi037.stdout:/usr/bin/ceph: stderr
2024-04-13T16:11:09.304+0000 7fc86559a700 1 -- 172.21.15.37:0/299297716 <== mon.0 v2:172.21.15.37:3300/0 3 ==== mon_map magic: 0 v1 ==== 229+0+0 (secure 0 0 0) 0x7fc85c010380 con 0x7fc8681015c0
2024-04-13T16:11:12.834 INFO:teuthology.orchestra.run.smithi037.stdout:/usr/bin/ceph: stderr
2024-04-13T16:11:09.304+0000 7fc86cfb3700 1 -- 172.21.15.37:0/299297716 >> [v2:172.21.15.37:3300/0,v1:172.21.15.37:6789/0] conn(0x7fc8681015c0 msgr2=0x7fc8681019d0 secure :-1 s=STATE_CONNECTION_ESTABLISHED l=1).mark_down
2024-04-13T16:11:12.834 INFO:teuthology.orchestra.run.smithi037.stdout:/usr/bin/ceph: stderr
2024-04-13T16:11:09.304+0000 7fc86cfb3700 1 --2- 172.21.15.37:0/299297716 >> [v2:172.21.15.37:3300/0,v1:172.21.15.37:6789/0] conn(0x7fc8681015c0 0x7fc8681019d0 secure :-1 s=READY pgs=45 cs=0 l=1 rev1=1 crypto rx=0x7fc85c0098e0 tx=0x7fc85c009250 comp rx=0 tx=0).stop
2024-04-13T16:11:12.834 INFO:teuthology.orchestra.run.smithi037.stdout:/usr/bin/ceph: stderr
2024-04-13T16:11:09.305+0000 7fc86cfb3700 1 -- 172.21.15.37:0/299297716 shutdown_connections
2024-04-13T16:11:12.834 INFO:teuthology.orchestra.run.smithi037.stdout:/usr/bin/ceph: stderr
2024-04-13T16:11:09.305+0000 7fc86cfb3700 1 --2- 172.21.15.37:0/299297716 >> [v2:172.21.15.37:3300/0,v1:172.21.15.37:6789/0] conn(0x7fc8681015c0 0x7fc8681019d0 unknown :-1 s=CLOSED pgs=45 cs=0 l=1 rev1=1 crypto rx=0 tx=0 comp rx=0 tx=0).stop
2024-04-13T16:11:12.834 INFO:teuthology.orchestra.run.smithi037.stdout:/usr/bin/ceph: stderr
2024-04-13T16:11:09.305+0000 7fc86cfb3700 1 -- 172.21.15.37:0/299297716 >> 172.21.15.37:0/299297716 conn(0x7fc8680fcd00 msgr2=0x7fc8680ff150 unknown :-1 s=STATE_NONE l=0).mark_down
2024-04-13T16:11:12.834 INFO:teuthology.orchestra.run.smithi037.stdout:/usr/bin/ceph: stderr
2024-04-13T16:11:09.305+0000 7fc86cfb3700 1 -- 172.21.15.37:0/299297716 shutdown_connections
2024-04-13T16:11:12.834 INFO:teuthology.orchestra.run.smithi037.stdout:/usr/bin/ceph: stderr
2024-04-13T16:11:09.305+0000 7fc86cfb3700 1 -- 172.21.15.37:0/299297716 wait complete.
2024-04-13T16:11:12.834 INFO:teuthology.orchestra.run.smithi037.stdout:/usr/bin/ceph: stderr
2024-04-13T16:11:09.305+0000 7fc86cfb3700 1 Processor -- start
2024-04-13T16:11:12.834 INFO:teuthology.orchestra.run.smithi037.stdout:/usr/bin/ceph: stderr
2024-04-13T16:11:09.305+0000 7fc86cfb3700 1 -- start start
2024-04-13T16:11:12.834 INFO:teuthology.orchestra.run.smithi037.stdout:/usr/bin/ceph: stderr
2024-04-13T16:11:09.305+0000 7fc86cfb3700 1 --2- >> [v2:172.21.15.37:3300/0,v1:172.21.15.37:6789/0] conn(0x7fc8681015c0 0x7fc868107740 unknown :-1 s=NONE pgs=0 cs=0 l=1 rev1=0 crypto rx=0 tx=0 comp rx=0 tx=0).connect
2024-04-13T16:11:12.834 INFO:teuthology.orchestra.run.smithi037.stdout:/usr/bin/ceph: stderr
2024-04-13T16:11:09.305+0000 7fc86cfb3700 1 -- --> [v2:172.21.15.37:3300/0,v1:172.21.15.37:6789/0] -- mon_getmap magic: 0 v1 -- 0x7fc868107c80 con 0x7fc8681015c0
2024-04-13T16:11:12.834 INFO:teuthology.orchestra.run.smithi037.stdout:/usr/bin/ceph: stderr
2024-04-13T16:11:09.305+0000 7fc86659c700 1 --2- >> [v2:172.21.15.37:3300/0,v1:172.21.15.37:6789/0] conn(0x7fc8681015c0 0x7fc868107740 unknown :-1 s=BANNER_CONNECTING pgs=0 cs=0 l=1 rev1=0 crypto rx=0 tx=0 comp rx=0 tx=0)._handle_peer_banner_payload supported=3 required=0
2024-04-13T16:11:12.835 INFO:teuthology.orchestra.run.smithi037.stdout:/usr/bin/ceph: stderr
2024-04-13T16:11:09.305+0000 7fc86659c700 1 --2- >> [v2:172.21.15.37:3300/0,v1:172.21.15.37:6789/0] conn(0x7fc8681015c0 0x7fc868107740 unknown :-1 s=HELLO_CONNECTING pgs=0 cs=0 l=1 rev1=1 crypto rx=0 tx=0 comp rx=0 tx=0).handle_hello peer v2:172.21.15.37:3300/0 says I am v2:172.21.15.37:55596/0 (socket says 172.21.15.37:55596)
2024-04-13T16:11:12.835 INFO:teuthology.orchestra.run.smithi037.stdout:/usr/bin/ceph: stderr
2024-04-13T16:11:09.306+0000 7fc86659c700 1 -- 172.21.15.37:0/1329736721 learned_addr learned my addr 172.21.15.37:0/1329736721 (peer_addr_for_me v2:172.21.15.37:0/0)
2024-04-13T16:11:12.835 INFO:teuthology.orchestra.run.smithi037.stdout:/usr/bin/ceph: stderr
2024-04-13T16:11:09.306+0000 7fc86659c700 1 -- 172.21.15.37:0/1329736721 --> [v2:172.21.15.37:3300/0,v1:172.21.15.37:6789/0] -- mon_subscribe({config=0+,monmap=0+}) v3 -- 0x7fc85c0094f0 con 0x7fc8681015c0
2024-04-13T16:11:12.835 INFO:teuthology.orchestra.run.smithi037.stdout:/usr/bin/ceph: stderr
2024-04-13T16:11:09.306+0000 7fc86659c700 1 --2- 172.21.15.37:0/1329736721 >> [v2:172.21.15.37:3300/0,v1:172.21.15.37:6789/0] conn(0x7fc8681015c0 0x7fc868107740 secure :-1 s=READY pgs=46 cs=0 l=1 rev1=1 crypto rx=0x7fc85c003080 tx=0x7fc85c009250 comp rx=0 tx=0).ready entity=mon.0 client_cookie=0 server_cookie=0 in_seq=0 out_seq=0
2024-04-13T16:11:12.835 INFO:teuthology.orchestra.run.smithi037.stdout:/usr/bin/ceph: stderr
2024-04-13T16:11:09.306+0000 7fc856ffd700 1 -- 172.21.15.37:0/1329736721 <== mon.0 v2:172.21.15.37:3300/0 1 ==== mon_map magic: 0 v1 ==== 229+0+0 (secure 0 0 0) 0x7fc85c0109b0 con 0x7fc8681015c0
2024-04-13T16:11:12.835 INFO:teuthology.orchestra.run.smithi037.stdout:/usr/bin/ceph: stderr
2024-04-13T16:11:09.306+0000 7fc856ffd700 1 -- 172.21.15.37:0/1329736721 <== mon.0 v2:172.21.15.37:3300/0 2 ==== config(26 keys) v1 ==== 1009+0+0 (secure 0 0 0) 0x7fc85c01a430 con 0x7fc8681015c0
2024-04-13T16:11:12.835 INFO:teuthology.orchestra.run.smithi037.stdout:/usr/bin/ceph: stderr
2024-04-13T16:11:09.306+0000 7fc86cfb3700 1 -- 172.21.15.37:0/1329736721 --> [v2:172.21.15.37:3300/0,v1:172.21.15.37:6789/0] -- mon_subscribe({mgrmap=0+}) v3 -- 0x7fc868105cf0 con 0x7fc8681015c0
2024-04-13T16:11:12.835 INFO:teuthology.orchestra.run.smithi037.stdout:/usr/bin/ceph: stderr
2024-04-13T16:11:09.306+0000 7fc856ffd700 1 -- 172.21.15.37:0/1329736721 <== mon.0 v2:172.21.15.37:3300/0 3 ==== mon_map magic: 0 v1 ==== 229+0+0 (secure 0 0 0) 0x7fc85c0245b0 con 0x7fc8681015c0
2024-04-13T16:11:12.835 INFO:teuthology.orchestra.run.smithi037.stdout:/usr/bin/ceph: stderr
2024-04-13T16:11:09.306+0000 7fc86cfb3700 1 -- 172.21.15.37:0/1329736721 --> [v2:172.21.15.37:3300/0,v1:172.21.15.37:6789/0] -- mon_subscribe({osdmap=0}) v3 -- 0x7fc8681061e0 con 0x7fc8681015c0
2024-04-13T16:11:12.835 INFO:teuthology.orchestra.run.smithi037.stdout:/usr/bin/ceph: stderr
2024-04-13T16:11:09.307+0000 7fc856ffd700 1 -- 172.21.15.37:0/1329736721 <== mon.0 v2:172.21.15.37:3300/0 4 ==== mgrmap(e 8) v1 ==== 43376+0+0 (secure 0 0 0) 0x7fc85c0247f0 con 0x7fc8681015c0
2024-04-13T16:11:12.835 INFO:teuthology.orchestra.run.smithi037.stdout:/usr/bin/ceph: stderr
2024-04-13T16:11:09.307+0000 7fc856ffd700 1 --2- 172.21.15.37:0/1329736721 >> [v2:172.21.15.37:6800/3263522863,v1:172.21.15.37:6801/3263522863] conn(0x7fc850036790 0x7fc850038c40 unknown :-1 s=NONE pgs=0 cs=0 l=1 rev1=0 crypto rx=0 tx=0 comp rx=0 tx=0).connect
2024-04-13T16:11:12.835 INFO:teuthology.orchestra.run.smithi037.stdout:/usr/bin/ceph: stderr
2024-04-13T16:11:09.307+0000 7fc86cfb3700 1 -- 172.21.15.37:0/1329736721 --> [v2:172.21.15.37:3300/0,v1:172.21.15.37:6789/0] -- mon_command({"prefix": "get_command_descriptions"} v 0) v1 -- 0x7fc86804bed0 con 0x7fc8681015c0
2024-04-13T16:11:12.835 INFO:teuthology.orchestra.run.smithi037.stdout:/usr/bin/ceph: stderr
2024-04-13T16:11:09.307+0000 7fc856ffd700 1 -- 172.21.15.37:0/1329736721 <== mon.0 v2:172.21.15.37:3300/0 5 ==== osd_map(2..2 src has 1..2) v4 ==== 936+0+0 (secure 0 0 0) 0x7fc85c04aa80 con 0x7fc8681015c0
2024-04-13T16:11:12.836 INFO:teuthology.orchestra.run.smithi037.stdout:/usr/bin/ceph: stderr
2024-04-13T16:11:09.307+0000 7fc865d9b700 1 --2- 172.21.15.37:0/1329736721 >> [v2:172.21.15.37:6800/3263522863,v1:172.21.15.37:6801/3263522863] conn(0x7fc850036790 0x7fc850038c40 unknown :-1 s=BANNER_CONNECTING pgs=0 cs=0 l=1 rev1=0 crypto rx=0 tx=0 comp rx=0 tx=0)._handle_peer_banner_payload supported=3 required=0
2024-04-13T16:11:12.836 INFO:teuthology.orchestra.run.smithi037.stdout:/usr/bin/ceph: stderr
2024-04-13T16:11:09.308+0000 7fc865d9b700 1 --2- 172.21.15.37:0/1329736721 >> [v2:172.21.15.37:6800/3263522863,v1:172.21.15.37:6801/3263522863] conn(0x7fc850036790 0x7fc850038c40 secure :-1 s=READY pgs=11 cs=0 l=1 rev1=1 crypto rx=0x7fc858009990 tx=0x7fc858006e40 comp rx=0 tx=0).ready entity=mgr.14120 client_cookie=0 server_cookie=0 in_seq=0 out_seq=0
2024-04-13T16:11:12.836 INFO:teuthology.orchestra.run.smithi037.stdout:/usr/bin/ceph: stderr
2024-04-13T16:11:09.312+0000 7fc856ffd700 1 -- 172.21.15.37:0/1329736721 <== mon.0 v2:172.21.15.37:3300/0 6 ==== mon_command_ack([{"prefix": "get_command_descriptions"}]=0 v0) v1 ==== 72+0+176702 (secure 0 0 0) 0x7fc85c02cc90 con 0x7fc8681015c0
2024-04-13T16:11:12.836 INFO:teuthology.orchestra.run.smithi037.stdout:/usr/bin/ceph: stderr
2024-04-13T16:11:09.511+0000 7fc86cfb3700 1 -- 172.21.15.37:0/1329736721 --> [v2:172.21.15.37:6800/3263522863,v1:172.21.15.37:6801/3263522863] -- mgr_command(tid 0: {"prefix": "orch host add", "hostname": "smithi037", "addr": "172.21.15.37", "target": ["mon-mgr", ""]}) v1 -- 0x7fc86810b3c0 con 0x7fc850036790
2024-04-13T16:11:12.836 INFO:teuthology.orchestra.run.smithi037.stdout:/usr/bin/ceph: stderr
2024-04-13T16:11:11.192+0000 7fc856ffd700 1 -- 172.21.15.37:0/1329736721 <== mgr.14120 v2:172.21.15.37:6800/3263522863 1 ==== mgr_command_reply(tid 0: 0 ) v1 ==== 8+0+48 (secure 0 0 0) 0x7fc86810b3c0 con 0x7fc850036790
2024-04-13T16:11:12.836 INFO:teuthology.orchestra.run.smithi037.stdout:/usr/bin/ceph: stderr
2024-04-13T16:11:11.195+0000 7fc86cfb3700 1 -- 172.21.15.37:0/1329736721 >> [v2:172.21.15.37:6800/3263522863,v1:172.21.15.37:6801/3263522863] conn(0x7fc850036790 msgr2=0x7fc850038c40 secure :-1 s=STATE_CONNECTION_ESTABLISHED l=1).mark_down
2024-04-13T16:11:12.836 INFO:teuthology.orchestra.run.smithi037.stdout:/usr/bin/ceph: stderr
2024-04-13T16:11:11.195+0000 7fc86cfb3700 1 --2- 172.21.15.37:0/1329736721 >> [v2:172.21.15.37:6800/3263522863,v1:172.21.15.37:6801/3263522863] conn(0x7fc850036790 0x7fc850038c40 secure :-1 s=READY pgs=11 cs=0 l=1 rev1=1 crypto rx=0x7fc858009990 tx=0x7fc858006e40 comp rx=0 tx=0).stop
2024-04-13T16:11:12.836 INFO:teuthology.orchestra.run.smithi037.stdout:/usr/bin/ceph: stderr
2024-04-13T16:11:11.195+0000 7fc86cfb3700 1 -- 172.21.15.37:0/1329736721 >> [v2:172.21.15.37:3300/0,v1:172.21.15.37:6789/0] conn(0x7fc8681015c0 msgr2=0x7fc868107740 secure :-1 s=STATE_CONNECTION_ESTABLISHED l=1).mark_down
2024-04-13T16:11:12.836 INFO:teuthology.orchestra.run.smithi037.stdout:/usr/bin/ceph: stderr
2024-04-13T16:11:11.195+0000 7fc86cfb3700 1 --2- 172.21.15.37:0/1329736721 >> [v2:172.21.15.37:3300/0,v1:172.21.15.37:6789/0] conn(0x7fc8681015c0 0x7fc868107740 secure :-1 s=READY pgs=46 cs=0 l=1 rev1=1 crypto rx=0x7fc85c003080 tx=0x7fc85c009250 comp rx=0 tx=0).stop
2024-04-13T16:11:12.836 INFO:teuthology.orchestra.run.smithi037.stdout:/usr/bin/ceph: stderr
2024-04-13T16:11:11.195+0000 7fc86cfb3700 1 -- 172.21.15.37:0/1329736721 shutdown_connections
2024-04-13T16:11:12.836 INFO:teuthology.orchestra.run.smithi037.stdout:/usr/bin/ceph: stderr
2024-04-13T16:11:11.195+0000 7fc86cfb3700 1 --2- 172.21.15.37:0/1329736721 >> [v2:172.21.15.37:6800/3263522863,v1:172.21.15.37:6801/3263522863] conn(0x7fc850036790 0x7fc850038c40 unknown :-1 s=CLOSED pgs=11 cs=0 l=1 rev1=1 crypto rx=0 tx=0 comp rx=0 tx=0).stop
2024-04-13T16:11:12.836 INFO:teuthology.orchestra.run.smithi037.stdout:/usr/bin/ceph: stderr
2024-04-13T16:11:11.195+0000 7fc86cfb3700 1 --2- 172.21.15.37:0/1329736721 >> [v2:172.21.15.37:3300/0,v1:172.21.15.37:6789/0] conn(0x7fc8681015c0 0x7fc868107740 unknown :-1 s=CLOSED pgs=46 cs=0 l=1 rev1=1 crypto rx=0 tx=0 comp rx=0 tx=0).stop
2024-04-13T16:11:12.836 INFO:teuthology.orchestra.run.smithi037.stdout:/usr/bin/ceph: stderr
2024-04-13T16:11:11.195+0000 7fc86cfb3700 1 -- 172.21.15.37:0/1329736721 >> 172.21.15.37:0/1329736721 conn(0x7fc8680fcd00 msgr2=0x7fc8680fdc40 unknown :-1 s=STATE_NONE l=0).mark_down
2024-04-13T16:11:12.836 INFO:teuthology.orchestra.run.smithi037.stdout:/usr/bin/ceph: stderr
2024-04-13T16:11:11.195+0000 7fc86cfb3700 1 -- 172.21.15.37:0/1329736721 shutdown_connections
2024-04-13T16:11:12.837 INFO:teuthology.orchestra.run.smithi037.stdout:/usr/bin/ceph: stderr
2024-04-13T16:11:11.195+0000 7fc86cfb3700 1 -- 172.21.15.37:0/1329736721 wait complete.
2024-04-13T16:11:12.837 INFO:teuthology.orchestra.run.smithi037.stdout:Deploying mon service with default placement...
2024-04-13T16:11:14.785 INFO:journalctl@ceph.mon.smithi037.smithi037.stdout:Apr 13 16:11:14 smithi037 ceph-mon[39772]: from='client.14142 -' entity='client.admin' cmd=[{"prefix": "orch apply", "service_type": "mon", "target": ["mon-mgr", ""]}]: dispatch
2024-04-13T16:11:14.785 INFO:journalctl@ceph.mon.smithi037.smithi037.stdout:Apr 13 16:11:14 smithi037 ceph-mon[39772]: Saving service mon spec with placement count:5
2024-04-13T16:11:14.785 INFO:journalctl@ceph.mon.smithi037.smithi037.stdout:Apr 13 16:11:14 smithi037 ceph-mon[39772]: from='mgr.14120 172.21.15.37:0/1555404671' entity='mgr.smithi037.tbvhss'
2024-04-13T16:11:15.290 INFO:teuthology.orchestra.run.smithi037.stdout:/usr/bin/ceph: stdout Scheduled mon update...
2024-04-13T16:11:15.290 INFO:teuthology.orchestra.run.smithi037.stdout:/usr/bin/ceph: stderr
2024-04-13T16:11:13.502+0000 7f8ca6c31700 1 Processor -- start
2024-04-13T16:11:15.290 INFO:teuthology.orchestra.run.smithi037.stdout:/usr/bin/ceph: stderr
2024-04-13T16:11:13.502+0000 7f8ca6c31700 1 -- start start
2024-04-13T16:11:15.290 INFO:teuthology.orchestra.run.smithi037.stdout:/usr/bin/ceph: stderr
2024-04-13T16:11:13.502+0000 7f8ca6c31700 1 --2- >> [v2:172.21.15.37:3300/0,v1:172.21.15.37:6789/0] conn(0x7f8ca0076b20 0x7f8ca0105300 unknown :-1 s=NONE pgs=0 cs=0 l=0 rev1=0 crypto rx=0 tx=0 comp rx=0 tx=0).connect
2024-04-13T16:11:15.290 INFO:teuthology.orchestra.run.smithi037.stdout:/usr/bin/ceph: stderr
2024-04-13T16:11:13.502+0000 7f8ca6c31700 1 -- --> [v2:172.21.15.37:3300/0,v1:172.21.15.37:6789/0] -- mon_getmap magic: 0 v1 -- 0x7f8ca0076f30 con 0x7f8ca0076b20
2024-04-13T16:11:15.291 INFO:teuthology.orchestra.run.smithi037.stdout:/usr/bin/ceph: stderr
2024-04-13T16:11:13.502+0000 7f8ca49cd700 1 --2- >> [v2:172.21.15.37:3300/0,v1:172.21.15.37:6789/0] conn(0x7f8ca0076b20 0x7f8ca0105300 unknown :-1 s=BANNER_CONNECTING pgs=0 cs=0 l=0 rev1=0 crypto rx=0 tx=0 comp rx=0 tx=0)._handle_peer_banner_payload supported=3 required=0
2024-04-13T16:11:15.291 INFO:teuthology.orchestra.run.smithi037.stdout:/usr/bin/ceph: stderr
2024-04-13T16:11:13.502+0000 7f8ca49cd700 1 --2- >> [v2:172.21.15.37:3300/0,v1:172.21.15.37:6789/0] conn(0x7f8ca0076b20 0x7f8ca0105300 unknown :-1 s=HELLO_CONNECTING pgs=0 cs=0 l=0 rev1=1 crypto rx=0 tx=0 comp rx=0 tx=0).handle_hello peer v2:172.21.15.37:3300/0 says I am v2:172.21.15.37:55606/0 (socket says 172.21.15.37:55606)
2024-04-13T16:11:15.291 INFO:teuthology.orchestra.run.smithi037.stdout:/usr/bin/ceph: stderr
2024-04-13T16:11:13.502+0000 7f8ca49cd700 1 -- 172.21.15.37:0/4097652488 learned_addr learned my addr 172.21.15.37:0/4097652488 (peer_addr_for_me v2:172.21.15.37:0/0)
2024-04-13T16:11:15.291 INFO:teuthology.orchestra.run.smithi037.stdout:/usr/bin/ceph: stderr
2024-04-13T16:11:13.503+0000 7f8ca49cd700 1 -- 172.21.15.37:0/4097652488 --> [v2:172.21.15.37:3300/0,v1:172.21.15.37:6789/0] -- mon_subscribe({config=0+,monmap=0+}) v3 -- 0x7f8ca0105840 con 0x7f8ca0076b20
2024-04-13T16:11:15.291 INFO:teuthology.orchestra.run.smithi037.stdout:/usr/bin/ceph: stderr
2024-04-13T16:11:13.503+0000 7f8ca49cd700 1 --2- 172.21.15.37:0/4097652488 >> [v2:172.21.15.37:3300/0,v1:172.21.15.37:6789/0] conn(0x7f8ca0076b20 0x7f8ca0105300 secure :-1 s=READY pgs=47 cs=0 l=1 rev1=1 crypto rx=0x7f8c940098e0 tx=0x7f8c94009250 comp rx=0 tx=0).ready entity=mon.0 client_cookie=ad18f0f64c868980 server_cookie=0 in_seq=0 out_seq=0
2024-04-13T16:11:15.291 INFO:teuthology.orchestra.run.smithi037.stdout:/usr/bin/ceph: stderr
2024-04-13T16:11:13.503+0000 7f8c9f7fe700 1 -- 172.21.15.37:0/4097652488 <== mon.0 v2:172.21.15.37:3300/0 1 ==== mon_map magic: 0 v1 ==== 229+0+0 (secure 0 0 0) 0x7f8c9400b860 con 0x7f8ca0076b20
2024-04-13T16:11:15.291 INFO:teuthology.orchestra.run.smithi037.stdout:/usr/bin/ceph: stderr
2024-04-13T16:11:13.503+0000 7f8c9f7fe700 1 -- 172.21.15.37:0/4097652488 <== mon.0 v2:172.21.15.37:3300/0 2 ==== config(26 keys) v1 ==== 1009+0+0 (secure 0 0 0) 0x7f8c9400be30 con 0x7f8ca0076b20
2024-04-13T16:11:15.291 INFO:teuthology.orchestra.run.smithi037.stdout:/usr/bin/ceph: stderr
2024-04-13T16:11:13.503+0000 7f8c9f7fe700 1 -- 172.21.15.37:0/4097652488 <== mon.0 v2:172.21.15.37:3300/0 3 ==== mon_map magic: 0 v1 ==== 229+0+0 (secure 0 0 0) 0x7f8c94010380 con 0x7f8ca0076b20
2024-04-13T16:11:15.291 INFO:teuthology.orchestra.run.smithi037.stdout:/usr/bin/ceph: stderr
2024-04-13T16:11:13.504+0000 7f8ca6c31700 1 -- 172.21.15.37:0/4097652488 >> [v2:172.21.15.37:3300/0,v1:172.21.15.37:6789/0] conn(0x7f8ca0076b20 msgr2=0x7f8ca0105300 secure :-1 s=STATE_CONNECTION_ESTABLISHED l=1).mark_down
2024-04-13T16:11:15.291 INFO:teuthology.orchestra.run.smithi037.stdout:/usr/bin/ceph: stderr
2024-04-13T16:11:13.504+0000 7f8ca6c31700 1 --2- 172.21.15.37:0/4097652488 >> [v2:172.21.15.37:3300/0,v1:172.21.15.37:6789/0] conn(0x7f8ca0076b20 0x7f8ca0105300 secure :-1 s=READY pgs=47 cs=0 l=1 rev1=1 crypto rx=0x7f8c940098e0 tx=0x7f8c94009250 comp rx=0 tx=0).stop
2024-04-13T16:11:15.291 INFO:teuthology.orchestra.run.smithi037.stdout:/usr/bin/ceph: stderr
2024-04-13T16:11:13.504+0000 7f8ca6c31700 1 -- 172.21.15.37:0/4097652488 shutdown_connections
2024-04-13T16:11:15.291 INFO:teuthology.orchestra.run.smithi037.stdout:/usr/bin/ceph: stderr
2024-04-13T16:11:13.504+0000 7f8ca6c31700 1 --2- 172.21.15.37:0/4097652488 >> [v2:172.21.15.37:3300/0,v1:172.21.15.37:6789/0] conn(0x7f8ca0076b20 0x7f8ca0105300 unknown :-1 s=CLOSED pgs=47 cs=0 l=1 rev1=1 crypto rx=0 tx=0 comp rx=0 tx=0).stop
2024-04-13T16:11:15.291 INFO:teuthology.orchestra.run.smithi037.stdout:/usr/bin/ceph: stderr
2024-04-13T16:11:13.504+0000 7f8ca6c31700 1 -- 172.21.15.37:0/4097652488 >> 172.21.15.37:0/4097652488 conn(0x7f8ca00fccb0 msgr2=0x7f8ca00ff0e0 unknown :-1 s=STATE_NONE l=0).mark_down
2024-04-13T16:11:15.292 INFO:teuthology.orchestra.run.smithi037.stdout:/usr/bin/ceph: stderr
2024-04-13T16:11:13.504+0000 7f8ca6c31700 1 -- 172.21.15.37:0/4097652488 shutdown_connections
2024-04-13T16:11:15.292 INFO:teuthology.orchestra.run.smithi037.stdout:/usr/bin/ceph: stderr
2024-04-13T16:11:13.504+0000 7f8ca6c31700 1 -- 172.21.15.37:0/4097652488 wait complete.
2024-04-13T16:11:15.292 INFO:teuthology.orchestra.run.smithi037.stdout:/usr/bin/ceph: stderr
2024-04-13T16:11:13.504+0000 7f8ca6c31700 1 Processor -- start
2024-04-13T16:11:15.292 INFO:teuthology.orchestra.run.smithi037.stdout:/usr/bin/ceph: stderr
2024-04-13T16:11:13.504+0000 7f8ca6c31700 1 -- start start
2024-04-13T16:11:15.292 INFO:teuthology.orchestra.run.smithi037.stdout:/usr/bin/ceph: stderr
2024-04-13T16:11:13.505+0000 7f8ca6c31700 1 --2- >> [v2:172.21.15.37:3300/0,v1:172.21.15.37:6789/0] conn(0x7f8ca0076b20 0x7f8ca0111410 unknown :-1 s=NONE pgs=0 cs=0 l=1 rev1=0 crypto rx=0 tx=0 comp rx=0 tx=0).connect
2024-04-13T16:11:15.292 INFO:teuthology.orchestra.run.smithi037.stdout:/usr/bin/ceph: stderr
2024-04-13T16:11:13.505+0000 7f8ca6c31700 1 -- --> [v2:172.21.15.37:3300/0,v1:172.21.15.37:6789/0] -- mon_getmap magic: 0 v1 -- 0x7f8ca0111950 con 0x7f8ca0076b20
2024-04-13T16:11:15.292 INFO:teuthology.orchestra.run.smithi037.stdout:/usr/bin/ceph: stderr
2024-04-13T16:11:13.505+0000 7f8ca49cd700 1 --2- >> [v2:172.21.15.37:3300/0,v1:172.21.15.37:6789/0] conn(0x7f8ca0076b20 0x7f8ca0111410 unknown :-1 s=BANNER_CONNECTING pgs=0 cs=0 l=1 rev1=0 crypto rx=0 tx=0 comp rx=0 tx=0)._handle_peer_banner_payload supported=3 required=0
2024-04-13T16:11:15.292 INFO:teuthology.orchestra.run.smithi037.stdout:/usr/bin/ceph: stderr
2024-04-13T16:11:13.505+0000 7f8ca49cd700 1 --2- >> [v2:172.21.15.37:3300/0,v1:172.21.15.37:6789/0] conn(0x7f8ca0076b20 0x7f8ca0111410 unknown :-1 s=HELLO_CONNECTING pgs=0 cs=0 l=1 rev1=1 crypto rx=0 tx=0 comp rx=0 tx=0).handle_hello peer v2:172.21.15.37:3300/0 says I am v2:172.21.15.37:55614/0 (socket says 172.21.15.37:55614)
2024-04-13T16:11:15.292 INFO:teuthology.orchestra.run.smithi037.stdout:/usr/bin/ceph: stderr
2024-04-13T16:11:13.505+0000 7f8ca49cd700 1 -- 172.21.15.37:0/2944749109 learned_addr learned my addr 172.21.15.37:0/2944749109 (peer_addr_for_me v2:172.21.15.37:0/0)
2024-04-13T16:11:15.292 INFO:teuthology.orchestra.run.smithi037.stdout:/usr/bin/ceph: stderr
2024-04-13T16:11:13.505+0000 7f8ca49cd700 1 -- 172.21.15.37:0/2944749109 --> [v2:172.21.15.37:3300/0,v1:172.21.15.37:6789/0] -- mon_subscribe({config=0+,monmap=0+}) v3 -- 0x7f8c940094f0 con 0x7f8ca0076b20
2024-04-13T16:11:15.292 INFO:teuthology.orchestra.run.smithi037.stdout:/usr/bin/ceph: stderr
2024-04-13T16:11:13.505+0000 7f8ca49cd700 1 --2- 172.21.15.37:0/2944749109 >> [v2:172.21.15.37:3300/0,v1:172.21.15.37:6789/0] conn(0x7f8ca0076b20 0x7f8ca0111410 secure :-1 s=READY pgs=48 cs=0 l=1 rev1=1 crypto rx=0x7f8c9400b440 tx=0x7f8c94009250 comp rx=0 tx=0).ready entity=mon.0 client_cookie=0 server_cookie=0 in_seq=0 out_seq=0
2024-04-13T16:11:15.292 INFO:teuthology.orchestra.run.smithi037.stdout:/usr/bin/ceph: stderr
2024-04-13T16:11:13.505+0000 7f8c9d7fa700 1 -- 172.21.15.37:0/2944749109 <== mon.0 v2:172.21.15.37:3300/0 1 ==== mon_map magic: 0 v1 ==== 229+0+0 (secure 0 0 0) 0x7f8c9401c8c0 con 0x7f8ca0076b20
2024-04-13T16:11:15.292 INFO:teuthology.orchestra.run.smithi037.stdout:/usr/bin/ceph: stderr
2024-04-13T16:11:13.505+0000 7f8c9d7fa700 1 -- 172.21.15.37:0/2944749109 <== mon.0 v2:172.21.15.37:3300/0 2 ==== config(26 keys) v1 ==== 1009+0+0 (secure 0 0 0) 0x7f8c94020070 con 0x7f8ca0076b20
2024-04-13T16:11:15.292 INFO:teuthology.orchestra.run.smithi037.stdout:/usr/bin/ceph: stderr
2024-04-13T16:11:13.505+0000 7f8ca6c31700 1 -- 172.21.15.37:0/2944749109 --> [v2:172.21.15.37:3300/0,v1:172.21.15.37:6789/0] -- mon_subscribe({mgrmap=0+}) v3 -- 0x7f8ca0111b50 con 0x7f8ca0076b20
2024-04-13T16:11:15.292 INFO:teuthology.orchestra.run.smithi037.stdout:/usr/bin/ceph: stderr
2024-04-13T16:11:13.506+0000 7f8c9d7fa700 1 -- 172.21.15.37:0/2944749109 <== mon.0 v2:172.21.15.37:3300/0 3 ==== mon_map magic: 0 v1 ==== 229+0+0 (secure 0 0 0) 0x7f8c94024320 con 0x7f8ca0076b20
2024-04-13T16:11:15.293 INFO:teuthology.orchestra.run.smithi037.stdout:/usr/bin/ceph: stderr
2024-04-13T16:11:13.506+0000 7f8ca6c31700 1 -- 172.21.15.37:0/2944749109 --> [v2:172.21.15.37:3300/0,v1:172.21.15.37:6789/0] -- mon_subscribe({osdmap=0}) v3 -- 0x7f8ca01126c0 con 0x7f8ca0076b20
2024-04-13T16:11:15.293 INFO:teuthology.orchestra.run.smithi037.stdout:/usr/bin/ceph: stderr
2024-04-13T16:11:13.506+0000 7f8ca6c31700 1 -- 172.21.15.37:0/2944749109 --> [v2:172.21.15.37:3300/0,v1:172.21.15.37:6789/0] -- mon_command({"prefix": "get_command_descriptions"} v 0) v1 -- 0x7f8ca005f5f0 con 0x7f8ca0076b20
2024-04-13T16:11:15.293 INFO:teuthology.orchestra.run.smithi037.stdout:/usr/bin/ceph: stderr
2024-04-13T16:11:13.506+0000 7f8c9d7fa700 1 -- 172.21.15.37:0/2944749109 <== mon.0 v2:172.21.15.37:3300/0 4 ==== mgrmap(e 8) v1 ==== 43376+0+0 (secure 0 0 0) 0x7f8c9401ca20 con 0x7f8ca0076b20
2024-04-13T16:11:15.293 INFO:teuthology.orchestra.run.smithi037.stdout:/usr/bin/ceph: stderr
2024-04-13T16:11:13.507+0000 7f8c9d7fa700 1 --2- 172.21.15.37:0/2944749109 >> [v2:172.21.15.37:6800/3263522863,v1:172.21.15.37:6801/3263522863] conn(0x7f8c900367e0 0x7f8c90038c90 unknown :-1 s=NONE pgs=0 cs=0 l=1 rev1=0 crypto rx=0 tx=0 comp rx=0 tx=0).connect
2024-04-13T16:11:15.293 INFO:teuthology.orchestra.run.smithi037.stdout:/usr/bin/ceph: stderr
2024-04-13T16:11:13.507+0000 7f8c9d7fa700 1 -- 172.21.15.37:0/2944749109 <== mon.0 v2:172.21.15.37:3300/0 5 ==== osd_map(2..2 src has 1..2) v4 ==== 936+0+0 (secure 0 0 0) 0x7f8c94022070 con 0x7f8ca0076b20
2024-04-13T16:11:15.293 INFO:teuthology.orchestra.run.smithi037.stdout:/usr/bin/ceph: stderr
