2024-04-13T17:40:58.436+0000 7f53bb5c8700 1 -- 172.21.15.8:0/2399518358 --> [v2:172.21.15.8:3300/0,v1:172.21.15.8:6789/0] -- mon_command({"prefix": "get_command_descriptions"} v 0) v1 -- 0x7f53b41962b0 con 0x7f53b407bdf0
2024-04-13T17:40:59.269 INFO:teuthology.orchestra.run.smithi008.stdout:/usr/bin/ceph: stderr
2024-04-13T17:40:58.437+0000 7f53b8b63700 1 --2- 172.21.15.8:0/2399518358 >> [v2:172.21.15.8:6800/2613158129,v1:172.21.15.8:6801/2613158129] conn(0x7f53a00382d0 0x7f53a003a790 unknown :-1 s=BANNER_CONNECTING pgs=0 cs=0 l=1 rev1=0 crypto rx=0 tx=0 comp rx=0 tx=0)._handle_peer_banner_payload supported=3 required=0
2024-04-13T17:40:59.269 INFO:teuthology.orchestra.run.smithi008.stdout:/usr/bin/ceph: stderr
2024-04-13T17:40:58.437+0000 7f53b8b63700 1 --2- 172.21.15.8:0/2399518358 >> [v2:172.21.15.8:6800/2613158129,v1:172.21.15.8:6801/2613158129] conn(0x7f53a00382d0 0x7f53a003a790 secure :-1 s=READY pgs=6 cs=0 l=1 rev1=1 crypto rx=0x7f53b0006fd0 tx=0x7f53b0006e40 comp rx=0 tx=0).ready entity=mgr.14100 client_cookie=0 server_cookie=0 in_seq=0 out_seq=0
2024-04-13T17:40:59.269 INFO:teuthology.orchestra.run.smithi008.stdout:/usr/bin/ceph: stderr
2024-04-13T17:40:58.442+0000 7f53a67fc700 1 -- 172.21.15.8:0/2399518358 <== mon.0 v2:172.21.15.8:3300/0 6 ==== mon_command_ack([{"prefix": "get_command_descriptions"}]=0 v0) v1 ==== 72+0+180422 (secure 0 0 0) 0x7f53a80193c0 con 0x7f53b407bdf0
2024-04-13T17:40:59.269 INFO:teuthology.orchestra.run.smithi008.stdout:/usr/bin/ceph: stderr
2024-04-13T17:40:58.718+0000 7f53bb5c8700 1 -- 172.21.15.8:0/2399518358 --> [v2:172.21.15.8:3300/0,v1:172.21.15.8:6789/0] -- mon_command({"prefix": "status", "format": "json-pretty"} v 0) v1 -- 0x7f53b40623c0 con 0x7f53b407bdf0
2024-04-13T17:40:59.269 INFO:teuthology.orchestra.run.smithi008.stdout:/usr/bin/ceph: stderr
2024-04-13T17:40:58.718+0000 7f53a67fc700 1 -- 172.21.15.8:0/2399518358 <== mon.0 v2:172.21.15.8:3300/0 7 ==== mon_command_ack([{"prefix": "status", "format": "json-pretty"}]=0 v0) v1 ==== 79+0+1246 (secure 0 0 0) 0x7f53a80314f0 con 0x7f53b407bdf0
2024-04-13T17:40:59.269 INFO:teuthology.orchestra.run.smithi008.stdout:/usr/bin/ceph: stderr
2024-04-13T17:40:58.720+0000 7f53bb5c8700 1 -- 172.21.15.8:0/2399518358 >> [v2:172.21.15.8:6800/2613158129,v1:172.21.15.8:6801/2613158129] conn(0x7f53a00382d0 msgr2=0x7f53a003a790 secure :-1 s=STATE_CONNECTION_ESTABLISHED l=1).mark_down
2024-04-13T17:40:59.269 INFO:teuthology.orchestra.run.smithi008.stdout:/usr/bin/ceph: stderr
2024-04-13T17:40:58.720+0000 7f53bb5c8700 1 --2- 172.21.15.8:0/2399518358 >> [v2:172.21.15.8:6800/2613158129,v1:172.21.15.8:6801/2613158129] conn(0x7f53a00382d0 0x7f53a003a790 secure :-1 s=READY pgs=6 cs=0 l=1 rev1=1 crypto rx=0x7f53b0006fd0 tx=0x7f53b0006e40 comp rx=0 tx=0).stop
2024-04-13T17:40:59.269 INFO:teuthology.orchestra.run.smithi008.stdout:/usr/bin/ceph: stderr
2024-04-13T17:40:58.720+0000 7f53bb5c8700 1 -- 172.21.15.8:0/2399518358 >> [v2:172.21.15.8:3300/0,v1:172.21.15.8:6789/0] conn(0x7f53b407bdf0 msgr2=0x7f53b419c240 secure :-1 s=STATE_CONNECTION_ESTABLISHED l=1).mark_down
2024-04-13T17:40:59.269 INFO:teuthology.orchestra.run.smithi008.stdout:/usr/bin/ceph: stderr
2024-04-13T17:40:58.720+0000 7f53bb5c8700 1 --2- 172.21.15.8:0/2399518358 >> [v2:172.21.15.8:3300/0,v1:172.21.15.8:6789/0] conn(0x7f53b407bdf0 0x7f53b419c240 secure :-1 s=READY pgs=17 cs=0 l=1 rev1=1 crypto rx=0x7f53a8006af0 tx=0x7f53a8011a30 comp rx=0 tx=0).stop
2024-04-13T17:40:59.269 INFO:teuthology.orchestra.run.smithi008.stdout:/usr/bin/ceph: stderr
2024-04-13T17:40:58.720+0000 7f53bb5c8700 1 -- 172.21.15.8:0/2399518358 shutdown_connections
2024-04-13T17:40:59.269 INFO:teuthology.orchestra.run.smithi008.stdout:/usr/bin/ceph: stderr
2024-04-13T17:40:58.720+0000 7f53bb5c8700 1 --2- 172.21.15.8:0/2399518358 >> [v2:172.21.15.8:6800/2613158129,v1:172.21.15.8:6801/2613158129] conn(0x7f53a00382d0 0x7f53a003a790 unknown :-1 s=CLOSED pgs=6 cs=0 l=1 rev1=1 crypto rx=0 tx=0 comp rx=0 tx=0).stop
2024-04-13T17:40:59.269 INFO:teuthology.orchestra.run.smithi008.stdout:/usr/bin/ceph: stderr
2024-04-13T17:40:58.720+0000 7f53bb5c8700 1 --2- 172.21.15.8:0/2399518358 >> [v2:172.21.15.8:3300/0,v1:172.21.15.8:6789/0] conn(0x7f53b407bdf0 0x7f53b419c240 unknown :-1 s=CLOSED pgs=17 cs=0 l=1 rev1=1 crypto rx=0 tx=0 comp rx=0 tx=0).stop
2024-04-13T17:40:59.269 INFO:teuthology.orchestra.run.smithi008.stdout:/usr/bin/ceph: stderr
2024-04-13T17:40:58.720+0000 7f53bb5c8700 1 -- 172.21.15.8:0/2399518358 >> 172.21.15.8:0/2399518358 conn(0x7f53b41018d0 msgr2=0x7f53b4102fe0 unknown :-1 s=STATE_NONE l=0).mark_down
2024-04-13T17:40:59.270 INFO:teuthology.orchestra.run.smithi008.stdout:/usr/bin/ceph: stderr
2024-04-13T17:40:58.721+0000 7f53bb5c8700 1 -- 172.21.15.8:0/2399518358 shutdown_connections
2024-04-13T17:40:59.270 INFO:teuthology.orchestra.run.smithi008.stdout:/usr/bin/ceph: stderr
2024-04-13T17:40:58.721+0000 7f53bb5c8700 1 -- 172.21.15.8:0/2399518358 wait complete.
2024-04-13T17:40:59.270 INFO:teuthology.orchestra.run.smithi008.stdout:mgr is available
2024-04-13T17:41:00.453 INFO:journalctl@ceph.mon.smithi008.smithi008.stdout:Apr 13 17:41:00 smithi008 ceph-mon[39730]: from='client.? 172.21.15.8:0/1100636410' entity='client.admin' cmd=[{"prefix": "config assimilate-conf"}]: dispatch
2024-04-13T17:41:00.755 INFO:teuthology.orchestra.run.smithi008.stdout:/usr/bin/ceph: stdout
2024-04-13T17:41:00.755 INFO:teuthology.orchestra.run.smithi008.stdout:/usr/bin/ceph: stdout [global]
2024-04-13T17:41:00.755 INFO:teuthology.orchestra.run.smithi008.stdout:/usr/bin/ceph: stdout fsid = d82fc6f8-f9bc-11ee-bc8e-c7b262605968
2024-04-13T17:41:00.756 INFO:teuthology.orchestra.run.smithi008.stdout:/usr/bin/ceph: stdout mon_osd_allow_pg_remap = true
2024-04-13T17:41:00.756 INFO:teuthology.orchestra.run.smithi008.stdout:/usr/bin/ceph: stdout mon_osd_allow_primary_affinity = true
2024-04-13T17:41:00.756 INFO:teuthology.orchestra.run.smithi008.stdout:/usr/bin/ceph: stdout mon_warn_on_no_sortbitwise = false
2024-04-13T17:41:00.756 INFO:teuthology.orchestra.run.smithi008.stdout:/usr/bin/ceph: stdout osd_crush_chooseleaf_type = 0
2024-04-13T17:41:00.756 INFO:teuthology.orchestra.run.smithi008.stdout:/usr/bin/ceph: stdout
2024-04-13T17:41:00.756 INFO:teuthology.orchestra.run.smithi008.stdout:/usr/bin/ceph: stdout [mgr]
2024-04-13T17:41:00.756 INFO:teuthology.orchestra.run.smithi008.stdout:/usr/bin/ceph: stdout mgr/telemetry/nag = false
2024-04-13T17:41:00.756 INFO:teuthology.orchestra.run.smithi008.stdout:/usr/bin/ceph: stdout
2024-04-13T17:41:00.756 INFO:teuthology.orchestra.run.smithi008.stdout:/usr/bin/ceph: stdout [osd]
2024-04-13T17:41:00.756 INFO:teuthology.orchestra.run.smithi008.stdout:/usr/bin/ceph: stdout mon_osd_backfillfull_ratio = 0.85
2024-04-13T17:41:00.756 INFO:teuthology.orchestra.run.smithi008.stdout:/usr/bin/ceph: stdout mon_osd_full_ratio = 0.9
2024-04-13T17:41:00.756 INFO:teuthology.orchestra.run.smithi008.stdout:/usr/bin/ceph: stdout mon_osd_nearfull_ratio = 0.8
2024-04-13T17:41:00.756 INFO:teuthology.orchestra.run.smithi008.stdout:/usr/bin/ceph: stdout osd_map_max_advance = 10
2024-04-13T17:41:00.756 INFO:teuthology.orchestra.run.smithi008.stdout:/usr/bin/ceph: stdout osd_sloppy_crc = true
2024-04-13T17:41:00.757 INFO:teuthology.orchestra.run.smithi008.stdout:/usr/bin/ceph: stderr
2024-04-13T17:40:59.877+0000 7faaa1993700 1 Processor -- start
2024-04-13T17:41:00.757 INFO:teuthology.orchestra.run.smithi008.stdout:/usr/bin/ceph: stderr
2024-04-13T17:40:59.877+0000 7faaa1993700 1 -- start start
2024-04-13T17:41:00.757 INFO:teuthology.orchestra.run.smithi008.stdout:/usr/bin/ceph: stderr
2024-04-13T17:40:59.877+0000 7faaa1993700 1 --2- >> [v2:172.21.15.8:3300/0,v1:172.21.15.8:6789/0] conn(0x7faa9c104610 0x7faa9c104a30 unknown :-1 s=NONE pgs=0 cs=0 l=0 rev1=0 crypto rx=0 tx=0 comp rx=0 tx=0).connect
2024-04-13T17:41:00.757 INFO:teuthology.orchestra.run.smithi008.stdout:/usr/bin/ceph: stderr
2024-04-13T17:40:59.877+0000 7faaa1993700 1 -- --> [v2:172.21.15.8:3300/0,v1:172.21.15.8:6789/0] -- mon_getmap magic: 0 v1 -- 0x7faa9c105000 con 0x7faa9c104610
2024-04-13T17:41:00.757 INFO:teuthology.orchestra.run.smithi008.stdout:/usr/bin/ceph: stderr
2024-04-13T17:40:59.877+0000 7faa9affd700 1 --2- >> [v2:172.21.15.8:3300/0,v1:172.21.15.8:6789/0] conn(0x7faa9c104610 0x7faa9c104a30 unknown :-1 s=BANNER_CONNECTING pgs=0 cs=0 l=0 rev1=0 crypto rx=0 tx=0 comp rx=0 tx=0)._handle_peer_banner_payload supported=3 required=0
2024-04-13T17:41:00.757 INFO:teuthology.orchestra.run.smithi008.stdout:/usr/bin/ceph: stderr
2024-04-13T17:40:59.878+0000 7faa9affd700 1 --2- >> [v2:172.21.15.8:3300/0,v1:172.21.15.8:6789/0] conn(0x7faa9c104610 0x7faa9c104a30 unknown :-1 s=HELLO_CONNECTING pgs=0 cs=0 l=0 rev1=1 crypto rx=0 tx=0 comp rx=0 tx=0).handle_hello peer v2:172.21.15.8:3300/0 says I am v2:172.21.15.8:58296/0 (socket says 172.21.15.8:58296)
2024-04-13T17:41:00.757 INFO:teuthology.orchestra.run.smithi008.stdout:/usr/bin/ceph: stderr
2024-04-13T17:40:59.878+0000 7faa9affd700 1 -- 172.21.15.8:0/3874733120 learned_addr learned my addr 172.21.15.8:0/3874733120 (peer_addr_for_me v2:172.21.15.8:0/0)
2024-04-13T17:41:00.757 INFO:teuthology.orchestra.run.smithi008.stdout:/usr/bin/ceph: stderr
2024-04-13T17:40:59.878+0000 7faa9affd700 1 -- 172.21.15.8:0/3874733120 --> [v2:172.21.15.8:3300/0,v1:172.21.15.8:6789/0] -- mon_subscribe({config=0+,monmap=0+}) v3 -- 0x7faa9c1075a0 con 0x7faa9c104610
2024-04-13T17:41:00.757 INFO:teuthology.orchestra.run.smithi008.stdout:/usr/bin/ceph: stderr
2024-04-13T17:40:59.878+0000 7faa9affd700 1 --2- 172.21.15.8:0/3874733120 >> [v2:172.21.15.8:3300/0,v1:172.21.15.8:6789/0] conn(0x7faa9c104610 0x7faa9c104a30 secure :-1 s=READY pgs=18 cs=0 l=1 rev1=1 crypto rx=0x7faa900098a0 tx=0x7faa90009bb0 comp rx=0 tx=0).ready entity=mon.0 client_cookie=a5030ea8c3652ca8 server_cookie=0 in_seq=0 out_seq=0
2024-04-13T17:41:00.757 INFO:teuthology.orchestra.run.smithi008.stdout:/usr/bin/ceph: stderr
2024-04-13T17:40:59.878+0000 7faa99ffb700 1 -- 172.21.15.8:0/3874733120 <== mon.0 v2:172.21.15.8:3300/0 1 ==== mon_map magic: 0 v1 ==== 229+0+0 (secure 0 0 0) 0x7faa90004180 con 0x7faa9c104610
2024-04-13T17:41:00.757 INFO:teuthology.orchestra.run.smithi008.stdout:/usr/bin/ceph: stderr
2024-04-13T17:40:59.878+0000 7faa99ffb700 1 -- 172.21.15.8:0/3874733120 <== mon.0 v2:172.21.15.8:3300/0 2 ==== config(26 keys) v1 ==== 1002+0+0 (secure 0 0 0) 0x7faa900042e0 con 0x7faa9c104610
2024-04-13T17:41:00.757 INFO:teuthology.orchestra.run.smithi008.stdout:/usr/bin/ceph: stderr
2024-04-13T17:40:59.878+0000 7faa99ffb700 1 -- 172.21.15.8:0/3874733120 <== mon.0 v2:172.21.15.8:3300/0 3 ==== mon_map magic: 0 v1 ==== 229+0+0 (secure 0 0 0) 0x7faa900119d0 con 0x7faa9c104610
2024-04-13T17:41:00.757 INFO:teuthology.orchestra.run.smithi008.stdout:/usr/bin/ceph: stderr
2024-04-13T17:40:59.879+0000 7faaa1993700 1 -- 172.21.15.8:0/3874733120 >> [v2:172.21.15.8:3300/0,v1:172.21.15.8:6789/0] conn(0x7faa9c104610 msgr2=0x7faa9c104a30 secure :-1 s=STATE_CONNECTION_ESTABLISHED l=1).mark_down
2024-04-13T17:41:00.757 INFO:teuthology.orchestra.run.smithi008.stdout:/usr/bin/ceph: stderr
2024-04-13T17:40:59.879+0000 7faaa1993700 1 --2- 172.21.15.8:0/3874733120 >> [v2:172.21.15.8:3300/0,v1:172.21.15.8:6789/0] conn(0x7faa9c104610 0x7faa9c104a30 secure :-1 s=READY pgs=18 cs=0 l=1 rev1=1 crypto rx=0x7faa900098a0 tx=0x7faa90009bb0 comp rx=0 tx=0).stop
2024-04-13T17:41:00.758 INFO:teuthology.orchestra.run.smithi008.stdout:/usr/bin/ceph: stderr
2024-04-13T17:40:59.879+0000 7faaa1993700 1 -- 172.21.15.8:0/3874733120 shutdown_connections
2024-04-13T17:41:00.758 INFO:teuthology.orchestra.run.smithi008.stdout:/usr/bin/ceph: stderr
2024-04-13T17:40:59.879+0000 7faaa1993700 1 --2- 172.21.15.8:0/3874733120 >> [v2:172.21.15.8:3300/0,v1:172.21.15.8:6789/0] conn(0x7faa9c104610 0x7faa9c104a30 unknown :-1 s=CLOSED pgs=18 cs=0 l=1 rev1=1 crypto rx=0 tx=0 comp rx=0 tx=0).stop
2024-04-13T17:41:00.758 INFO:teuthology.orchestra.run.smithi008.stdout:/usr/bin/ceph: stderr
2024-04-13T17:40:59.879+0000 7faaa1993700 1 -- 172.21.15.8:0/3874733120 >> 172.21.15.8:0/3874733120 conn(0x7faa9c0fff40 msgr2=0x7faa9c102380 unknown :-1 s=STATE_NONE l=0).mark_down
2024-04-13T17:41:00.758 INFO:teuthology.orchestra.run.smithi008.stdout:/usr/bin/ceph: stderr
2024-04-13T17:40:59.879+0000 7faaa1993700 1 -- 172.21.15.8:0/3874733120 shutdown_connections
2024-04-13T17:41:00.758 INFO:teuthology.orchestra.run.smithi008.stdout:/usr/bin/ceph: stderr
2024-04-13T17:40:59.879+0000 7faaa1993700 1 -- 172.21.15.8:0/3874733120 wait complete.
2024-04-13T17:41:00.758 INFO:teuthology.orchestra.run.smithi008.stdout:/usr/bin/ceph: stderr
2024-04-13T17:40:59.879+0000 7faaa1993700 1 Processor -- start
2024-04-13T17:41:00.758 INFO:teuthology.orchestra.run.smithi008.stdout:/usr/bin/ceph: stderr
2024-04-13T17:40:59.880+0000 7faaa1993700 1 -- start start
2024-04-13T17:41:00.758 INFO:teuthology.orchestra.run.smithi008.stdout:/usr/bin/ceph: stderr
2024-04-13T17:40:59.880+0000 7faaa1993700 1 --2- >> [v2:172.21.15.8:3300/0,v1:172.21.15.8:6789/0] conn(0x7faa9c104610 0x7faa9c19c1d0 unknown :-1 s=NONE pgs=0 cs=0 l=1 rev1=0 crypto rx=0 tx=0 comp rx=0 tx=0).connect
2024-04-13T17:41:00.758 INFO:teuthology.orchestra.run.smithi008.stdout:/usr/bin/ceph: stderr
2024-04-13T17:40:59.880+0000 7faaa1993700 1 -- --> [v2:172.21.15.8:3300/0,v1:172.21.15.8:6789/0] -- mon_getmap magic: 0 v1 -- 0x7faa9c19c710 con 0x7faa9c104610
2024-04-13T17:41:00.758 INFO:teuthology.orchestra.run.smithi008.stdout:/usr/bin/ceph: stderr
2024-04-13T17:40:59.880+0000 7faa9affd700 1 --2- >> [v2:172.21.15.8:3300/0,v1:172.21.15.8:6789/0] conn(0x7faa9c104610 0x7faa9c19c1d0 unknown :-1 s=BANNER_CONNECTING pgs=0 cs=0 l=1 rev1=0 crypto rx=0 tx=0 comp rx=0 tx=0)._handle_peer_banner_payload supported=3 required=0
2024-04-13T17:41:00.758 INFO:teuthology.orchestra.run.smithi008.stdout:/usr/bin/ceph: stderr
2024-04-13T17:40:59.880+0000 7faa9affd700 1 --2- >> [v2:172.21.15.8:3300/0,v1:172.21.15.8:6789/0] conn(0x7faa9c104610 0x7faa9c19c1d0 unknown :-1 s=HELLO_CONNECTING pgs=0 cs=0 l=1 rev1=1 crypto rx=0 tx=0 comp rx=0 tx=0).handle_hello peer v2:172.21.15.8:3300/0 says I am v2:172.21.15.8:58300/0 (socket says 172.21.15.8:58300)
2024-04-13T17:41:00.758 INFO:teuthology.orchestra.run.smithi008.stdout:/usr/bin/ceph: stderr
2024-04-13T17:40:59.880+0000 7faa9affd700 1 -- 172.21.15.8:0/1100636410 learned_addr learned my addr 172.21.15.8:0/1100636410 (peer_addr_for_me v2:172.21.15.8:0/0)
2024-04-13T17:41:00.758 INFO:teuthology.orchestra.run.smithi008.stdout:/usr/bin/ceph: stderr
2024-04-13T17:40:59.880+0000 7faa9affd700 1 -- 172.21.15.8:0/1100636410 --> [v2:172.21.15.8:3300/0,v1:172.21.15.8:6789/0] -- mon_subscribe({config=0+,monmap=0+}) v3 -- 0x7faa90009550 con 0x7faa9c104610
2024-04-13T17:41:00.758 INFO:teuthology.orchestra.run.smithi008.stdout:/usr/bin/ceph: stderr
2024-04-13T17:40:59.880+0000 7faa9affd700 1 --2- 172.21.15.8:0/1100636410 >> [v2:172.21.15.8:3300/0,v1:172.21.15.8:6789/0] conn(0x7faa9c104610 0x7faa9c19c1d0 secure :-1 s=READY pgs=19 cs=0 l=1 rev1=1 crypto rx=0x7faa90006af0 tx=0x7faa90011a30 comp rx=0 tx=0).ready entity=mon.0 client_cookie=0 server_cookie=0 in_seq=0 out_seq=0
2024-04-13T17:41:00.759 INFO:teuthology.orchestra.run.smithi008.stdout:/usr/bin/ceph: stderr
2024-04-13T17:40:59.880+0000 7faaa0991700 1 -- 172.21.15.8:0/1100636410 <== mon.0 v2:172.21.15.8:3300/0 1 ==== mon_map magic: 0 v1 ==== 229+0+0 (secure 0 0 0) 0x7faa90003b40 con 0x7faa9c104610
2024-04-13T17:41:00.759 INFO:teuthology.orchestra.run.smithi008.stdout:/usr/bin/ceph: stderr
2024-04-13T17:40:59.881+0000 7faaa0991700 1 -- 172.21.15.8:0/1100636410 <== mon.0 v2:172.21.15.8:3300/0 2 ==== config(26 keys) v1 ==== 1002+0+0 (secure 0 0 0) 0x7faa9001a880 con 0x7faa9c104610
2024-04-13T17:41:00.759 INFO:teuthology.orchestra.run.smithi008.stdout:/usr/bin/ceph: stderr
2024-04-13T17:40:59.881+0000 7faaa1993700 1 -- 172.21.15.8:0/1100636410 --> [v2:172.21.15.8:3300/0,v1:172.21.15.8:6789/0] -- mon_subscribe({mgrmap=0+}) v3 -- 0x7faa9c19c910 con 0x7faa9c104610
2024-04-13T17:41:00.759 INFO:teuthology.orchestra.run.smithi008.stdout:/usr/bin/ceph: stderr
2024-04-13T17:40:59.881+0000 7faaa0991700 1 -- 172.21.15.8:0/1100636410 <== mon.0 v2:172.21.15.8:3300/0 3 ==== mon_map magic: 0 v1 ==== 229+0+0 (secure 0 0 0) 0x7faa90019890 con 0x7faa9c104610
2024-04-13T17:41:00.759 INFO:teuthology.orchestra.run.smithi008.stdout:/usr/bin/ceph: stderr
2024-04-13T17:40:59.881+0000 7faaa1993700 1 -- 172.21.15.8:0/1100636410 --> [v2:172.21.15.8:3300/0,v1:172.21.15.8:6789/0] -- mon_subscribe({osdmap=0}) v3 -- 0x7faa9c19cd30 con 0x7faa9c104610
2024-04-13T17:41:00.759 INFO:teuthology.orchestra.run.smithi008.stdout:/usr/bin/ceph: stderr
2024-04-13T17:40:59.882+0000 7faaa1993700 1 -- 172.21.15.8:0/1100636410 --> [v2:172.21.15.8:3300/0,v1:172.21.15.8:6789/0] -- mon_command({"prefix": "get_command_descriptions"} v 0) v1 -- 0x7faa9c0623c0 con 0x7faa9c104610
2024-04-13T17:41:00.759 INFO:teuthology.orchestra.run.smithi008.stdout:/usr/bin/ceph: stderr
2024-04-13T17:40:59.882+0000 7faaa0991700 1 -- 172.21.15.8:0/1100636410 <== mon.0 v2:172.21.15.8:3300/0 4 ==== mgrmap(e 4) v1 ==== 45272+0+0 (secure 0 0 0) 0x7faa9001a9f0 con 0x7faa9c104610
2024-04-13T17:41:00.759 INFO:teuthology.orchestra.run.smithi008.stdout:/usr/bin/ceph: stderr
2024-04-13T17:40:59.882+0000 7faaa0991700 1 --2- 172.21.15.8:0/1100636410 >> [v2:172.21.15.8:6800/2613158129,v1:172.21.15.8:6801/2613158129] conn(0x7faa840382e0 0x7faa8403a7a0 unknown :-1 s=NONE pgs=0 cs=0 l=1 rev1=0 crypto rx=0 tx=0 comp rx=0 tx=0).connect
2024-04-13T17:41:00.759 INFO:teuthology.orchestra.run.smithi008.stdout:/usr/bin/ceph: stderr
2024-04-13T17:40:59.882+0000 7faaa0991700 1 -- 172.21.15.8:0/1100636410 <== mon.0 v2:172.21.15.8:3300/0 5 ==== osd_map(1..1 src has 1..1) v4 ==== 725+0+0 (secure 0 0 0) 0x7faa9004cc80 con 0x7faa9c104610
2024-04-13T17:41:00.759 INFO:teuthology.orchestra.run.smithi008.stdout:/usr/bin/ceph: stderr
2024-04-13T17:40:59.882+0000 7faa9a7fc700 1 --2- 172.21.15.8:0/1100636410 >> [v2:172.21.15.8:6800/2613158129,v1:172.21.15.8:6801/2613158129] conn(0x7faa840382e0 0x7faa8403a7a0 unknown :-1 s=BANNER_CONNECTING pgs=0 cs=0 l=1 rev1=0 crypto rx=0 tx=0 comp rx=0 tx=0)._handle_peer_banner_payload supported=3 required=0
2024-04-13T17:41:00.759 INFO:teuthology.orchestra.run.smithi008.stdout:/usr/bin/ceph: stderr
2024-04-13T17:40:59.883+0000 7faa9a7fc700 1 --2- 172.21.15.8:0/1100636410 >> [v2:172.21.15.8:6800/2613158129,v1:172.21.15.8:6801/2613158129] conn(0x7faa840382e0 0x7faa8403a7a0 secure :-1 s=READY pgs=7 cs=0 l=1 rev1=1 crypto rx=0x7faa8c006fd0 tx=0x7faa8c006e40 comp rx=0 tx=0).ready entity=mgr.14100 client_cookie=0 server_cookie=0 in_seq=0 out_seq=0
2024-04-13T17:41:00.759 INFO:teuthology.orchestra.run.smithi008.stdout:/usr/bin/ceph: stderr
2024-04-13T17:40:59.887+0000 7faaa0991700 1 -- 172.21.15.8:0/1100636410 <== mon.0 v2:172.21.15.8:3300/0 6 ==== mon_command_ack([{"prefix": "get_command_descriptions"}]=0 v0) v1 ==== 72+0+180422 (secure 0 0 0) 0x7faa9001adf0 con 0x7faa9c104610
2024-04-13T17:41:00.759 INFO:teuthology.orchestra.run.smithi008.stdout:/usr/bin/ceph: stderr
2024-04-13T17:41:00.083+0000 7faaa1993700 1 -- 172.21.15.8:0/1100636410 --> [v2:172.21.15.8:3300/0,v1:172.21.15.8:6789/0] -- mon_command({"prefix": "config assimilate-conf"} v 0) v1 -- 0x7faa9c1a0fb0 con 0x7faa9c104610
2024-04-13T17:41:00.760 INFO:teuthology.orchestra.run.smithi008.stdout:/usr/bin/ceph: stderr
2024-04-13T17:41:00.083+0000 7faaa0991700 1 -- 172.21.15.8:0/1100636410 <== mon.0 v2:172.21.15.8:3300/0 7 ==== mon_command_ack([{"prefix": "config assimilate-conf"}]=0 v3) v1 ==== 70+0+373 (secure 0 0 0) 0x7faa9002c3a0 con 0x7faa9c104610
2024-04-13T17:41:00.760 INFO:teuthology.orchestra.run.smithi008.stdout:/usr/bin/ceph: stderr
2024-04-13T17:41:00.086+0000 7faaa1993700 1 -- 172.21.15.8:0/1100636410 >> [v2:172.21.15.8:6800/2613158129,v1:172.21.15.8:6801/2613158129] conn(0x7faa840382e0 msgr2=0x7faa8403a7a0 secure :-1 s=STATE_CONNECTION_ESTABLISHED l=1).mark_down
2024-04-13T17:41:00.760 INFO:teuthology.orchestra.run.smithi008.stdout:/usr/bin/ceph: stderr
2024-04-13T17:41:00.086+0000 7faaa1993700 1 --2- 172.21.15.8:0/1100636410 >> [v2:172.21.15.8:6800/2613158129,v1:172.21.15.8:6801/2613158129] conn(0x7faa840382e0 0x7faa8403a7a0 secure :-1 s=READY pgs=7 cs=0 l=1 rev1=1 crypto rx=0x7faa8c006fd0 tx=0x7faa8c006e40 comp rx=0 tx=0).stop
2024-04-13T17:41:00.760 INFO:teuthology.orchestra.run.smithi008.stdout:/usr/bin/ceph: stderr
2024-04-13T17:41:00.086+0000 7faaa1993700 1 -- 172.21.15.8:0/1100636410 >> [v2:172.21.15.8:3300/0,v1:172.21.15.8:6789/0] conn(0x7faa9c104610 msgr2=0x7faa9c19c1d0 secure :-1 s=STATE_CONNECTION_ESTABLISHED l=1).mark_down
2024-04-13T17:41:00.760 INFO:teuthology.orchestra.run.smithi008.stdout:/usr/bin/ceph: stderr
2024-04-13T17:41:00.086+0000 7faaa1993700 1 --2- 172.21.15.8:0/1100636410 >> [v2:172.21.15.8:3300/0,v1:172.21.15.8:6789/0] conn(0x7faa9c104610 0x7faa9c19c1d0 secure :-1 s=READY pgs=19 cs=0 l=1 rev1=1 crypto rx=0x7faa90006af0 tx=0x7faa90011a30 comp rx=0 tx=0).stop
2024-04-13T17:41:00.760 INFO:teuthology.orchestra.run.smithi008.stdout:/usr/bin/ceph: stderr
2024-04-13T17:41:00.086+0000 7faaa1993700 1 -- 172.21.15.8:0/1100636410 shutdown_connections
2024-04-13T17:41:00.760 INFO:teuthology.orchestra.run.smithi008.stdout:/usr/bin/ceph: stderr
2024-04-13T17:41:00.086+0000 7faaa1993700 1 --2- 172.21.15.8:0/1100636410 >> [v2:172.21.15.8:6800/2613158129,v1:172.21.15.8:6801/2613158129] conn(0x7faa840382e0 0x7faa8403a7a0 unknown :-1 s=CLOSED pgs=7 cs=0 l=1 rev1=1 crypto rx=0 tx=0 comp rx=0 tx=0).stop
2024-04-13T17:41:00.760 INFO:teuthology.orchestra.run.smithi008.stdout:/usr/bin/ceph: stderr
2024-04-13T17:41:00.086+0000 7faaa1993700 1 --2- 172.21.15.8:0/1100636410 >> [v2:172.21.15.8:3300/0,v1:172.21.15.8:6789/0] conn(0x7faa9c104610 0x7faa9c19c1d0 unknown :-1 s=CLOSED pgs=19 cs=0 l=1 rev1=1 crypto rx=0 tx=0 comp rx=0 tx=0).stop
2024-04-13T17:41:00.760 INFO:teuthology.orchestra.run.smithi008.stdout:/usr/bin/ceph: stderr
2024-04-13T17:41:00.086+0000 7faaa1993700 1 -- 172.21.15.8:0/1100636410 >> 172.21.15.8:0/1100636410 conn(0x7faa9c0fff40 msgr2=0x7faa9c100d10 unknown :-1 s=STATE_NONE l=0).mark_down
2024-04-13T17:41:00.760 INFO:teuthology.orchestra.run.smithi008.stdout:/usr/bin/ceph: stderr
2024-04-13T17:41:00.086+0000 7faaa1993700 1 -- 172.21.15.8:0/1100636410 shutdown_connections
2024-04-13T17:41:00.760 INFO:teuthology.orchestra.run.smithi008.stdout:/usr/bin/ceph: stderr
2024-04-13T17:41:00.086+0000 7faaa1993700 1 -- 172.21.15.8:0/1100636410 wait complete.
2024-04-13T17:41:00.760 INFO:teuthology.orchestra.run.smithi008.stdout:Enabling cephadm module...
2024-04-13T17:41:02.839 INFO:journalctl@ceph.mon.smithi008.smithi008.stdout:Apr 13 17:41:02 smithi008 ceph-mon[39730]: from='client.? 172.21.15.8:0/3482278995' entity='client.admin' cmd=[{"prefix": "mgr module enable", "module": "cephadm"}]: dispatch
2024-04-13T17:41:03.285 INFO:teuthology.orchestra.run.smithi008.stdout:/usr/bin/ceph: stderr
2024-04-13T17:41:01.308+0000 7f3a96fbe700 1 Processor -- start
2024-04-13T17:41:03.285 INFO:teuthology.orchestra.run.smithi008.stdout:/usr/bin/ceph: stderr
2024-04-13T17:41:01.308+0000 7f3a96fbe700 1 -- start start
2024-04-13T17:41:03.285 INFO:teuthology.orchestra.run.smithi008.stdout:/usr/bin/ceph: stderr
2024-04-13T17:41:01.309+0000 7f3a96fbe700 1 --2- >> [v2:172.21.15.8:3300/0,v1:172.21.15.8:6789/0] conn(0x7f3a90106da0 0x7f3a90109190 unknown :-1 s=NONE pgs=0 cs=0 l=0 rev1=0 crypto rx=0 tx=0 comp rx=0 tx=0).connect
2024-04-13T17:41:03.286 INFO:teuthology.orchestra.run.smithi008.stdout:/usr/bin/ceph: stderr
2024-04-13T17:41:01.309+0000 7f3a96fbe700 1 -- --> [v2:172.21.15.8:3300/0,v1:172.21.15.8:6789/0] -- mon_getmap magic: 0 v1 -- 0x7f3a90074530 con 0x7f3a90106da0
2024-04-13T17:41:03.286 INFO:teuthology.orchestra.run.smithi008.stdout:/usr/bin/ceph: stderr
2024-04-13T17:41:01.309+0000 7f3a94d5a700 1 --2- >> [v2:172.21.15.8:3300/0,v1:172.21.15.8:6789/0] conn(0x7f3a90106da0 0x7f3a90109190 unknown :-1 s=BANNER_CONNECTING pgs=0 cs=0 l=0 rev1=0 crypto rx=0 tx=0 comp rx=0 tx=0)._handle_peer_banner_payload supported=3 required=0
2024-04-13T17:41:03.286 INFO:teuthology.orchestra.run.smithi008.stdout:/usr/bin/ceph: stderr
2024-04-13T17:41:01.309+0000 7f3a94d5a700 1 --2- >> [v2:172.21.15.8:3300/0,v1:172.21.15.8:6789/0] conn(0x7f3a90106da0 0x7f3a90109190 unknown :-1 s=HELLO_CONNECTING pgs=0 cs=0 l=0 rev1=1 crypto rx=0 tx=0 comp rx=0 tx=0).handle_hello peer v2:172.21.15.8:3300/0 says I am v2:172.21.15.8:58306/0 (socket says 172.21.15.8:58306)
2024-04-13T17:41:03.286 INFO:teuthology.orchestra.run.smithi008.stdout:/usr/bin/ceph: stderr
2024-04-13T17:41:01.309+0000 7f3a94d5a700 1 -- 172.21.15.8:0/2563781360 learned_addr learned my addr 172.21.15.8:0/2563781360 (peer_addr_for_me v2:172.21.15.8:0/0)
2024-04-13T17:41:03.286 INFO:teuthology.orchestra.run.smithi008.stdout:/usr/bin/ceph: stderr
2024-04-13T17:41:01.309+0000 7f3a94d5a700 1 -- 172.21.15.8:0/2563781360 --> [v2:172.21.15.8:3300/0,v1:172.21.15.8:6789/0] -- mon_subscribe({config=0+,monmap=0+}) v3 -- 0x7f3a901096d0 con 0x7f3a90106da0
2024-04-13T17:41:03.286 INFO:teuthology.orchestra.run.smithi008.stdout:/usr/bin/ceph: stderr
2024-04-13T17:41:01.309+0000 7f3a94d5a700 1 --2- 172.21.15.8:0/2563781360 >> [v2:172.21.15.8:3300/0,v1:172.21.15.8:6789/0] conn(0x7f3a90106da0 0x7f3a90109190 secure :-1 s=READY pgs=20 cs=0 l=1 rev1=1 crypto rx=0x7f3a840098a0 tx=0x7f3a84009bb0 comp rx=0 tx=0).ready entity=mon.0 client_cookie=aecc113ff3d37cfd server_cookie=0 in_seq=0 out_seq=0
2024-04-13T17:41:03.286 INFO:teuthology.orchestra.run.smithi008.stdout:/usr/bin/ceph: stderr
2024-04-13T17:41:01.309+0000 7f3a8f7fe700 1 -- 172.21.15.8:0/2563781360 <== mon.0 v2:172.21.15.8:3300/0 1 ==== mon_map magic: 0 v1 ==== 229+0+0 (secure 0 0 0) 0x7f3a84004180 con 0x7f3a90106da0
2024-04-13T17:41:03.286 INFO:teuthology.orchestra.run.smithi008.stdout:/usr/bin/ceph: stderr
2024-04-13T17:41:01.309+0000 7f3a8f7fe700 1 -- 172.21.15.8:0/2563781360 <== mon.0 v2:172.21.15.8:3300/0 2 ==== config(26 keys) v1 ==== 1002+0+0 (secure 0 0 0) 0x7f3a840042e0 con 0x7f3a90106da0
2024-04-13T17:41:03.286 INFO:teuthology.orchestra.run.smithi008.stdout:/usr/bin/ceph: stderr
2024-04-13T17:41:01.309+0000 7f3a8f7fe700 1 -- 172.21.15.8:0/2563781360 <== mon.0 v2:172.21.15.8:3300/0 3 ==== mon_map magic: 0 v1 ==== 229+0+0 (secure 0 0 0) 0x7f3a840119d0 con 0x7f3a90106da0
2024-04-13T17:41:03.286 INFO:teuthology.orchestra.run.smithi008.stdout:/usr/bin/ceph: stderr
2024-04-13T17:41:01.310+0000 7f3a96fbe700 1 -- 172.21.15.8:0/2563781360 >> [v2:172.21.15.8:3300/0,v1:172.21.15.8:6789/0] conn(0x7f3a90106da0 msgr2=0x7f3a90109190 secure :-1 s=STATE_CONNECTION_ESTABLISHED l=1).mark_down
2024-04-13T17:41:03.286 INFO:teuthology.orchestra.run.smithi008.stdout:/usr/bin/ceph: stderr
2024-04-13T17:41:01.310+0000 7f3a96fbe700 1 --2- 172.21.15.8:0/2563781360 >> [v2:172.21.15.8:3300/0,v1:172.21.15.8:6789/0] conn(0x7f3a90106da0 0x7f3a90109190 secure :-1 s=READY pgs=20 cs=0 l=1 rev1=1 crypto rx=0x7f3a840098a0 tx=0x7f3a84009bb0 comp rx=0 tx=0).stop
2024-04-13T17:41:03.286 INFO:teuthology.orchestra.run.smithi008.stdout:/usr/bin/ceph: stderr
2024-04-13T17:41:01.310+0000 7f3a96fbe700 1 -- 172.21.15.8:0/2563781360 shutdown_connections
2024-04-13T17:41:03.286 INFO:teuthology.orchestra.run.smithi008.stdout:/usr/bin/ceph: stderr
2024-04-13T17:41:01.310+0000 7f3a96fbe700 1 --2- 172.21.15.8:0/2563781360 >> [v2:172.21.15.8:3300/0,v1:172.21.15.8:6789/0] conn(0x7f3a90106da0 0x7f3a90109190 unknown :-1 s=CLOSED pgs=20 cs=0 l=1 rev1=1 crypto rx=0 tx=0 comp rx=0 tx=0).stop
2024-04-13T17:41:03.286 INFO:teuthology.orchestra.run.smithi008.stdout:/usr/bin/ceph: stderr
2024-04-13T17:41:01.310+0000 7f3a96fbe700 1 -- 172.21.15.8:0/2563781360 >> 172.21.15.8:0/2563781360 conn(0x7f3a901007f0 msgr2=0x7f3a90102c10 unknown :-1 s=STATE_NONE l=0).mark_down
2024-04-13T17:41:03.287 INFO:teuthology.orchestra.run.smithi008.stdout:/usr/bin/ceph: stderr
2024-04-13T17:41:01.310+0000 7f3a96fbe700 1 -- 172.21.15.8:0/2563781360 shutdown_connections
2024-04-13T17:41:03.287 INFO:teuthology.orchestra.run.smithi008.stdout:/usr/bin/ceph: stderr
2024-04-13T17:41:01.310+0000 7f3a96fbe700 1 -- 172.21.15.8:0/2563781360 wait complete.
2024-04-13T17:41:03.287 INFO:teuthology.orchestra.run.smithi008.stdout:/usr/bin/ceph: stderr
2024-04-13T17:41:01.311+0000 7f3a96fbe700 1 Processor -- start
2024-04-13T17:41:03.287 INFO:teuthology.orchestra.run.smithi008.stdout:/usr/bin/ceph: stderr
2024-04-13T17:41:01.311+0000 7f3a96fbe700 1 -- start start
2024-04-13T17:41:03.287 INFO:teuthology.orchestra.run.smithi008.stdout:/usr/bin/ceph: stderr
2024-04-13T17:41:01.311+0000 7f3a96fbe700 1 --2- >> [v2:172.21.15.8:3300/0,v1:172.21.15.8:6789/0] conn(0x7f3a90106da0 0x7f3a9019a020 unknown :-1 s=NONE pgs=0 cs=0 l=1 rev1=0 crypto rx=0 tx=0 comp rx=0 tx=0).connect
2024-04-13T17:41:03.287 INFO:teuthology.orchestra.run.smithi008.stdout:/usr/bin/ceph: stderr
2024-04-13T17:41:01.311+0000 7f3a96fbe700 1 -- --> [v2:172.21.15.8:3300/0,v1:172.21.15.8:6789/0] -- mon_getmap magic: 0 v1 -- 0x7f3a9019a560 con 0x7f3a90106da0
2024-04-13T17:41:03.287 INFO:teuthology.orchestra.run.smithi008.stdout:/usr/bin/ceph: stderr
2024-04-13T17:41:01.311+0000 7f3a94d5a700 1 --2- >> [v2:172.21.15.8:3300/0,v1:172.21.15.8:6789/0] conn(0x7f3a90106da0 0x7f3a9019a020 unknown :-1 s=BANNER_CONNECTING pgs=0 cs=0 l=1 rev1=0 crypto rx=0 tx=0 comp rx=0 tx=0)._handle_peer_banner_payload supported=3 required=0
2024-04-13T17:41:03.287 INFO:teuthology.orchestra.run.smithi008.stdout:/usr/bin/ceph: stderr
2024-04-13T17:41:01.311+0000 7f3a94d5a700 1 --2- >> [v2:172.21.15.8:3300/0,v1:172.21.15.8:6789/0] conn(0x7f3a90106da0 0x7f3a9019a020 unknown :-1 s=HELLO_CONNECTING pgs=0 cs=0 l=1 rev1=1 crypto rx=0 tx=0 comp rx=0 tx=0).handle_hello peer v2:172.21.15.8:3300/0 says I am v2:172.21.15.8:58320/0 (socket says 172.21.15.8:58320)
2024-04-13T17:41:03.287 INFO:teuthology.orchestra.run.smithi008.stdout:/usr/bin/ceph: stderr
2024-04-13T17:41:01.311+0000 7f3a94d5a700 1 -- 172.21.15.8:0/3482278995 learned_addr learned my addr 172.21.15.8:0/3482278995 (peer_addr_for_me v2:172.21.15.8:0/0)
2024-04-13T17:41:03.287 INFO:teuthology.orchestra.run.smithi008.stdout:/usr/bin/ceph: stderr
2024-04-13T17:41:01.312+0000 7f3a94d5a700 1 -- 172.21.15.8:0/3482278995 --> [v2:172.21.15.8:3300/0,v1:172.21.15.8:6789/0] -- mon_subscribe({config=0+,monmap=0+}) v3 -- 0x7f3a84009550 con 0x7f3a90106da0
2024-04-13T17:41:03.287 INFO:teuthology.orchestra.run.smithi008.stdout:/usr/bin/ceph: stderr
2024-04-13T17:41:01.312+0000 7f3a94d5a700 1 --2- 172.21.15.8:0/3482278995 >> [v2:172.21.15.8:3300/0,v1:172.21.15.8:6789/0] conn(0x7f3a90106da0 0x7f3a9019a020 secure :-1 s=READY pgs=21 cs=0 l=1 rev1=1 crypto rx=0x7f3a84009130 tx=0x7f3a84011a30 comp rx=0 tx=0).ready entity=mon.0 client_cookie=0 server_cookie=0 in_seq=0 out_seq=0
2024-04-13T17:41:03.287 INFO:teuthology.orchestra.run.smithi008.stdout:/usr/bin/ceph: stderr
2024-04-13T17:41:01.312+0000 7f3a8dffb700 1 -- 172.21.15.8:0/3482278995 <== mon.0 v2:172.21.15.8:3300/0 1 ==== mon_map magic: 0 v1 ==== 229+0+0 (secure 0 0 0) 0x7f3a84003900 con 0x7f3a90106da0
2024-04-13T17:41:03.287 INFO:teuthology.orchestra.run.smithi008.stdout:/usr/bin/ceph: stderr
2024-04-13T17:41:01.312+0000 7f3a8dffb700 1 -- 172.21.15.8:0/3482278995 <== mon.0 v2:172.21.15.8:3300/0 2 ==== config(26 keys) v1 ==== 1002+0+0 (secure 0 0 0) 0x7f3a84003a60 con 0x7f3a90106da0
2024-04-13T17:41:03.287 INFO:teuthology.orchestra.run.smithi008.stdout:/usr/bin/ceph: stderr
2024-04-13T17:41:01.312+0000 7f3a96fbe700 1 -- 172.21.15.8:0/3482278995 --> [v2:172.21.15.8:3300/0,v1:172.21.15.8:6789/0] -- mon_subscribe({mgrmap=0+}) v3 -- 0x7f3a9019a760 con 0x7f3a90106da0
2024-04-13T17:41:03.287 INFO:teuthology.orchestra.run.smithi008.stdout:/usr/bin/ceph: stderr
2024-04-13T17:41:01.312+0000 7f3a8dffb700 1 -- 172.21.15.8:0/3482278995 <== mon.0 v2:172.21.15.8:3300/0 3 ==== mon_map magic: 0 v1 ==== 229+0+0 (secure 0 0 0) 0x7f3a840246e0 con 0x7f3a90106da0
2024-04-13T17:41:03.288 INFO:teuthology.orchestra.run.smithi008.stdout:/usr/bin/ceph: stderr
2024-04-13T17:41:01.312+0000 7f3a96fbe700 1 -- 172.21.15.8:0/3482278995 --> [v2:172.21.15.8:3300/0,v1:172.21.15.8:6789/0] -- mon_subscribe({osdmap=0}) v3 -- 0x7f3a9019ab80 con 0x7f3a90106da0
2024-04-13T17:41:03.288 INFO:teuthology.orchestra.run.smithi008.stdout:/usr/bin/ceph: stderr
2024-04-13T17:41:01.313+0000 7f3a8dffb700 1 -- 172.21.15.8:0/3482278995 <== mon.0 v2:172.21.15.8:3300/0 4 ==== mgrmap(e 4) v1 ==== 45272+0+0 (secure 0 0 0) 0x7f3a8402d3f0 con 0x7f3a90106da0
2024-04-13T17:41:03.288 INFO:teuthology.orchestra.run.smithi008.stdout:/usr/bin/ceph: stderr
2024-04-13T17:41:01.313+0000 7f3a8dffb700 1 --2- 172.21.15.8:0/3482278995 >> [v2:172.21.15.8:6800/2613158129,v1:172.21.15.8:6801/2613158129] conn(0x7f3a80038320 0x7f3a8003a7e0 unknown :-1 s=NONE pgs=0 cs=0 l=1 rev1=0 crypto rx=0 tx=0 comp rx=0 tx=0).connect
2024-04-13T17:41:03.288 INFO:teuthology.orchestra.run.smithi008.stdout:/usr/bin/ceph: stderr
2024-04-13T17:41:01.313+0000 7f3a96fbe700 1 -- 172.21.15.8:0/3482278995 --> [v2:172.21.15.8:3300/0,v1:172.21.15.8:6789/0] -- mon_command({"prefix": "get_command_descriptions"} v 0) v1 -- 0x7f3a900623c0 con 0x7f3a90106da0
2024-04-13T17:41:03.288 INFO:teuthology.orchestra.run.smithi008.stdout:/usr/bin/ceph: stderr
2024-04-13T17:41:01.313+0000 7f3a8dffb700 1 -- 172.21.15.8:0/3482278995 <== mon.0 v2:172.21.15.8:3300/0 5 ==== osd_map(1..1 src has 1..1) v4 ==== 725+0+0 (secure 0 0 0) 0x7f3a8404c130 con 0x7f3a90106da0
2024-04-13T17:41:03.288 INFO:teuthology.orchestra.run.smithi008.stdout:/usr/bin/ceph: stderr
2024-04-13T17:41:01.313+0000 7f3a8ffff700 1 --2- 172.21.15.8:0/3482278995 >> [v2:172.21.15.8:6800/2613158129,v1:172.21.15.8:6801/2613158129] conn(0x7f3a80038320 0x7f3a8003a7e0 unknown :-1 s=BANNER_CONNECTING pgs=0 cs=0 l=1 rev1=0 crypto rx=0 tx=0 comp rx=0 tx=0)._handle_peer_banner_payload supported=3 required=0
2024-04-13T17:41:03.288 INFO:teuthology.orchestra.run.smithi008.stdout:/usr/bin/ceph: stderr
2024-04-13T17:41:01.314+0000 7f3a8ffff700 1 --2- 172.21.15.8:0/3482278995 >> [v2:172.21.15.8:6800/2613158129,v1:172.21.15.8:6801/2613158129] conn(0x7f3a80038320 0x7f3a8003a7e0 secure :-1 s=READY pgs=8 cs=0 l=1 rev1=1 crypto rx=0x7f3a7c006fd0 tx=0x7f3a7c006e40 comp rx=0 tx=0).ready entity=mgr.14100 client_cookie=0 server_cookie=0 in_seq=0 out_seq=0
2024-04-13T17:41:03.288 INFO:teuthology.orchestra.run.smithi008.stdout:/usr/bin/ceph: stderr
2024-04-13T17:41:01.318+0000 7f3a8dffb700 1 -- 172.21.15.8:0/3482278995 <== mon.0 v2:172.21.15.8:3300/0 6 ==== mon_command_ack([{"prefix": "get_command_descriptions"}]=0 v0) v1 ==== 72+0+180422 (secure 0 0 0) 0x7f3a8402d6a0 con 0x7f3a90106da0
2024-04-13T17:41:03.288 INFO:teuthology.orchestra.run.smithi008.stdout:/usr/bin/ceph: stderr
2024-04-13T17:41:01.571+0000 7f3a96fbe700 1 -- 172.21.15.8:0/3482278995 --> [v2:172.21.15.8:3300/0,v1:172.21.15.8:6789/0] -- mon_command({"prefix": "mgr module enable", "module": "cephadm"} v 0) v1 -- 0x7f3a9019d5c0 con 0x7f3a90106da0
2024-04-13T17:41:03.288 INFO:teuthology.orchestra.run.smithi008.stdout:/usr/bin/ceph: stderr
2024-04-13T17:41:02.533+0000 7f3a8dffb700 1 -- 172.21.15.8:0/3482278995 <== mon.0 v2:172.21.15.8:3300/0 7 ==== mgrmap(e 5) v1 ==== 45283+0+0 (secure 0 0 0) 0x7f3a8401ab80 con 0x7f3a90106da0
2024-04-13T17:41:03.288 INFO:teuthology.orchestra.run.smithi008.stdout:/usr/bin/ceph: stderr
2024-04-13T17:41:02.533+0000 7f3a8dffb700 1 -- 172.21.15.8:0/3482278995 <== mon.0 v2:172.21.15.8:3300/0 8 ==== mon_command_ack([{"prefix": "mgr module enable", "module": "cephadm"}]=0 v5) v1 ==== 86+0+0 (secure 0 0 0) 0x7f3a84019410 con 0x7f3a90106da0
2024-04-13T17:41:03.288 INFO:teuthology.orchestra.run.smithi008.stdout:/usr/bin/ceph: stderr
2024-04-13T17:41:02.536+0000 7f3a96fbe700 1 -- 172.21.15.8:0/3482278995 >> [v2:172.21.15.8:6800/2613158129,v1:172.21.15.8:6801/2613158129] conn(0x7f3a80038320 msgr2=0x7f3a8003a7e0 secure :-1 s=STATE_CONNECTION_ESTABLISHED l=1).mark_down
2024-04-13T17:41:03.288 INFO:teuthology.orchestra.run.smithi008.stdout:/usr/bin/ceph: stderr
2024-04-13T17:41:02.536+0000 7f3a96fbe700 1 --2- 172.21.15.8:0/3482278995 >> [v2:172.21.15.8:6800/2613158129,v1:172.21.15.8:6801/2613158129] conn(0x7f3a80038320 0x7f3a8003a7e0 secure :-1 s=READY pgs=8 cs=0 l=1 rev1=1 crypto rx=0x7f3a7c006fd0 tx=0x7f3a7c006e40 comp rx=0 tx=0).stop
2024-04-13T17:41:03.288 INFO:teuthology.orchestra.run.smithi008.stdout:/usr/bin/ceph: stderr
2024-04-13T17:41:02.536+0000 7f3a96fbe700 1 -- 172.21.15.8:0/3482278995 >> [v2:172.21.15.8:3300/0,v1:172.21.15.8:6789/0] conn(0x7f3a90106da0 msgr2=0x7f3a9019a020 secure :-1 s=STATE_CONNECTION_ESTABLISHED l=1).mark_down
2024-04-13T17:41:03.289 INFO:teuthology.orchestra.run.smithi008.stdout:/usr/bin/ceph: stderr
2024-04-13T17:41:02.536+0000 7f3a96fbe700 1 --2- 172.21.15.8:0/3482278995 >> [v2:172.21.15.8:3300/0,v1:172.21.15.8:6789/0] conn(0x7f3a90106da0 0x7f3a9019a020 secure :-1 s=READY pgs=21 cs=0 l=1 rev1=1 crypto rx=0x7f3a84009130 tx=0x7f3a84011a30 comp rx=0 tx=0).stop
2024-04-13T17:41:03.289 INFO:teuthology.orchestra.run.smithi008.stdout:/usr/bin/ceph: stderr
2024-04-13T17:41:02.536+0000 7f3a96fbe700 1 -- 172.21.15.8:0/3482278995 shutdown_connections
2024-04-13T17:41:03.289 INFO:teuthology.orchestra.run.smithi008.stdout:/usr/bin/ceph: stderr
2024-04-13T17:41:02.536+0000 7f3a96fbe700 1 --2- 172.21.15.8:0/3482278995 >> [v2:172.21.15.8:6800/2613158129,v1:172.21.15.8:6801/2613158129] conn(0x7f3a80038320 0x7f3a8003a7e0 unknown :-1 s=CLOSED pgs=8 cs=0 l=1 rev1=1 crypto rx=0 tx=0 comp rx=0 tx=0).stop
2024-04-13T17:41:03.289 INFO:teuthology.orchestra.run.smithi008.stdout:/usr/bin/ceph: stderr
2024-04-13T17:41:02.536+0000 7f3a96fbe700 1 --2- 172.21.15.8:0/3482278995 >> [v2:172.21.15.8:3300/0,v1:172.21.15.8:6789/0] conn(0x7f3a90106da0 0x7f3a9019a020 unknown :-1 s=CLOSED pgs=21 cs=0 l=1 rev1=1 crypto rx=0 tx=0 comp rx=0 tx=0).stop
2024-04-13T17:41:03.289 INFO:teuthology.orchestra.run.smithi008.stdout:/usr/bin/ceph: stderr
2024-04-13T17:41:02.536+0000 7f3a96fbe700 1 -- 172.21.15.8:0/3482278995 >> 172.21.15.8:0/3482278995 conn(0x7f3a901007f0 msgr2=0x7f3a90101eb0 unknown :-1 s=STATE_NONE l=0).mark_down
2024-04-13T17:41:03.289 INFO:teuthology.orchestra.run.smithi008.stdout:/usr/bin/ceph: stderr
2024-04-13T17:41:02.537+0000 7f3a96fbe700 1 -- 172.21.15.8:0/3482278995 shutdown_connections
2024-04-13T17:41:03.289 INFO:teuthology.orchestra.run.smithi008.stdout:/usr/bin/ceph: stderr
2024-04-13T17:41:02.537+0000 7f3a96fbe700 1 -- 172.21.15.8:0/3482278995 wait complete.
2024-04-13T17:41:03.756 INFO:journalctl@ceph.mon.smithi008.smithi008.stdout:Apr 13 17:41:03 smithi008 ceph-mon[39730]: from='client.? 172.21.15.8:0/3482278995' entity='client.admin' cmd='[{"prefix": "mgr module enable", "module": "cephadm"}]': finished
2024-04-13T17:41:03.756 INFO:journalctl@ceph.mon.smithi008.smithi008.stdout:Apr 13 17:41:03 smithi008 ceph-mon[39730]: mgrmap e5: smithi008.hkxugl(active, since 11s)
2024-04-13T17:41:04.725 INFO:teuthology.orchestra.run.smithi008.stdout:/usr/bin/ceph: stdout {
2024-04-13T17:41:04.725 INFO:teuthology.orchestra.run.smithi008.stdout:/usr/bin/ceph: stdout "epoch": 5,
2024-04-13T17:41:04.725 INFO:teuthology.orchestra.run.smithi008.stdout:/usr/bin/ceph: stdout "available": true,
2024-04-13T17:41:04.725 INFO:teuthology.orchestra.run.smithi008.stdout:/usr/bin/ceph: stdout "active_name": "smithi008.hkxugl",
2024-04-13T17:41:04.725 INFO:teuthology.orchestra.run.smithi008.stdout:/usr/bin/ceph: stdout "num_standby": 0
2024-04-13T17:41:04.725 INFO:teuthology.orchestra.run.smithi008.stdout:/usr/bin/ceph: stdout }
2024-04-13T17:41:04.725 INFO:teuthology.orchestra.run.smithi008.stdout:/usr/bin/ceph: stderr
2024-04-13T17:41:03.798+0000 7f65811b5700 1 Processor -- start
2024-04-13T17:41:04.725 INFO:teuthology.orchestra.run.smithi008.stdout:/usr/bin/ceph: stderr
2024-04-13T17:41:03.798+0000 7f65811b5700 1 -- start start
2024-04-13T17:41:04.726 INFO:teuthology.orchestra.run.smithi008.stdout:/usr/bin/ceph: stderr
2024-04-13T17:41:03.798+0000 7f65811b5700 1 --2- >> [v2:172.21.15.8:3300/0,v1:172.21.15.8:6789/0] conn(0x7f657c106da0 0x7f657c109190 unknown :-1 s=NONE pgs=0 cs=0 l=0 rev1=0 crypto rx=0 tx=0 comp rx=0 tx=0).connect
2024-04-13T17:41:04.726 INFO:teuthology.orchestra.run.smithi008.stdout:/usr/bin/ceph: stderr
2024-04-13T17:41:03.799+0000 7f65811b5700 1 -- --> [v2:172.21.15.8:3300/0,v1:172.21.15.8:6789/0] -- mon_getmap magic: 0 v1 -- 0x7f657c074530 con 0x7f657c106da0
2024-04-13T17:41:04.726 INFO:teuthology.orchestra.run.smithi008.stdout:/usr/bin/ceph: stderr
2024-04-13T17:41:03.799+0000 7f657ad9d700 1 --2- >> [v2:172.21.15.8:3300/0,v1:172.21.15.8:6789/0] conn(0x7f657c106da0 0x7f657c109190 unknown :-1 s=BANNER_CONNECTING pgs=0 cs=0 l=0 rev1=0 crypto rx=0 tx=0 comp rx=0 tx=0)._handle_peer_banner_payload supported=3 required=0
2024-04-13T17:41:04.726 INFO:teuthology.orchestra.run.smithi008.stdout:/usr/bin/ceph: stderr
2024-04-13T17:41:03.799+0000 7f657ad9d700 1 --2- >> [v2:172.21.15.8:3300/0,v1:172.21.15.8:6789/0] conn(0x7f657c106da0 0x7f657c109190 unknown :-1 s=HELLO_CONNECTING pgs=0 cs=0 l=0 rev1=1 crypto rx=0 tx=0 comp rx=0 tx=0).handle_hello peer v2:172.21.15.8:3300/0 says I am v2:172.21.15.8:58344/0 (socket says 172.21.15.8:58344)
2024-04-13T17:41:04.726 INFO:teuthology.orchestra.run.smithi008.stdout:/usr/bin/ceph: stderr
2024-04-13T17:41:03.799+0000 7f657ad9d700 1 -- 172.21.15.8:0/4217305210 learned_addr learned my addr 172.21.15.8:0/4217305210 (peer_addr_for_me v2:172.21.15.8:0/0)
2024-04-13T17:41:04.726 INFO:teuthology.orchestra.run.smithi008.stdout:/usr/bin/ceph: stderr
2024-04-13T17:41:03.799+0000 7f657ad9d700 1 -- 172.21.15.8:0/4217305210 --> [v2:172.21.15.8:3300/0,v1:172.21.15.8:6789/0] -- mon_subscribe({config=0+,monmap=0+}) v3 -- 0x7f657c1096d0 con 0x7f657c106da0
2024-04-13T17:41:04.726 INFO:teuthology.orchestra.run.smithi008.stdout:/usr/bin/ceph: stderr
2024-04-13T17:41:03.799+0000 7f657ad9d700 1 --2- 172.21.15.8:0/4217305210 >> [v2:172.21.15.8:3300/0,v1:172.21.15.8:6789/0] conn(0x7f657c106da0 0x7f657c109190 secure :-1 s=READY pgs=24 cs=0 l=1 rev1=1 crypto rx=0x7f656c0098a0 tx=0x7f656c009bb0 comp rx=0 tx=0).ready entity=mon.0 client_cookie=5e3341d9f584fe3d server_cookie=0 in_seq=0 out_seq=0
2024-04-13T17:41:04.726 INFO:teuthology.orchestra.run.smithi008.stdout:/usr/bin/ceph: stderr
2024-04-13T17:41:03.799+0000 7f6579d9b700 1 -- 172.21.15.8:0/4217305210 <== mon.0 v2:172.21.15.8:3300/0 1 ==== mon_map magic: 0 v1 ==== 229+0+0 (secure 0 0 0) 0x7f656c004180 con 0x7f657c106da0
2024-04-13T17:41:04.726 INFO:teuthology.orchestra.run.smithi008.stdout:/usr/bin/ceph: stderr
2024-04-13T17:41:03.799+0000 7f6579d9b700 1 -- 172.21.15.8:0/4217305210 <== mon.0 v2:172.21.15.8:3300/0 2 ==== config(26 keys) v1 ==== 1002+0+0 (secure 0 0 0) 0x7f656c0042e0 con 0x7f657c106da0
2024-04-13T17:41:04.726 INFO:teuthology.orchestra.run.smithi008.stdout:/usr/bin/ceph: stderr
2024-04-13T17:41:03.799+0000 7f6579d9b700 1 -- 172.21.15.8:0/4217305210 <== mon.0 v2:172.21.15.8:3300/0 3 ==== mon_map magic: 0 v1 ==== 229+0+0 (secure 0 0 0) 0x7f656c0119d0 con 0x7f657c106da0
2024-04-13T17:41:04.727 INFO:teuthology.orchestra.run.smithi008.stdout:/usr/bin/ceph: stderr
2024-04-13T17:41:03.800+0000 7f65811b5700 1 -- 172.21.15.8:0/4217305210 >> [v2:172.21.15.8:3300/0,v1:172.21.15.8:6789/0] conn(0x7f657c106da0 msgr2=0x7f657c109190 secure :-1 s=STATE_CONNECTION_ESTABLISHED l=1).mark_down
2024-04-13T17:41:04.727 INFO:teuthology.orchestra.run.smithi008.stdout:/usr/bin/ceph: stderr
2024-04-13T17:41:03.800+0000 7f65811b5700 1 --2- 172.21.15.8:0/4217305210 >> [v2:172.21.15.8:3300/0,v1:172.21.15.8:6789/0] conn(0x7f657c106da0 0x7f657c109190 secure :-1 s=READY pgs=24 cs=0 l=1 rev1=1 crypto rx=0x7f656c0098a0 tx=0x7f656c009bb0 comp rx=0 tx=0).stop
2024-04-13T17:41:04.727 INFO:teuthology.orchestra.run.smithi008.stdout:/usr/bin/ceph: stderr
2024-04-13T17:41:03.800+0000 7f65811b5700 1 -- 172.21.15.8:0/4217305210 shutdown_connections
2024-04-13T17:41:04.727 INFO:teuthology.orchestra.run.smithi008.stdout:/usr/bin/ceph: stderr
2024-04-13T17:41:03.800+0000 7f65811b5700 1 --2- 172.21.15.8:0/4217305210 >> [v2:172.21.15.8:3300/0,v1:172.21.15.8:6789/0] conn(0x7f657c106da0 0x7f657c109190 unknown :-1 s=CLOSED pgs=24 cs=0 l=1 rev1=1 crypto rx=0 tx=0 comp rx=0 tx=0).stop
2024-04-13T17:41:04.727 INFO:teuthology.orchestra.run.smithi008.stdout:/usr/bin/ceph: stderr
2024-04-13T17:41:03.800+0000 7f65811b5700 1 -- 172.21.15.8:0/4217305210 >> 172.21.15.8:0/4217305210 conn(0x7f657c1007f0 msgr2=0x7f657c102c10 unknown :-1 s=STATE_NONE l=0).mark_down
2024-04-13T17:41:04.727 INFO:teuthology.orchestra.run.smithi008.stdout:/usr/bin/ceph: stderr
2024-04-13T17:41:03.800+0000 7f65811b5700 1 -- 172.21.15.8:0/4217305210 shutdown_connections
2024-04-13T17:41:04.727 INFO:teuthology.orchestra.run.smithi008.stdout:/usr/bin/ceph: stderr
2024-04-13T17:41:03.800+0000 7f65811b5700 1 -- 172.21.15.8:0/4217305210 wait complete.
2024-04-13T17:41:04.727 INFO:teuthology.orchestra.run.smithi008.stdout:/usr/bin/ceph: stderr
2024-04-13T17:41:03.801+0000 7f65811b5700 1 Processor -- start
2024-04-13T17:41:04.727 INFO:teuthology.orchestra.run.smithi008.stdout:/usr/bin/ceph: stderr
2024-04-13T17:41:03.801+0000 7f65811b5700 1 -- start start
2024-04-13T17:41:04.727 INFO:teuthology.orchestra.run.smithi008.stdout:/usr/bin/ceph: stderr
2024-04-13T17:41:03.801+0000 7f65811b5700 1 --2- >> [v2:172.21.15.8:3300/0,v1:172.21.15.8:6789/0] conn(0x7f657c106da0 0x7f657c106700 unknown :-1 s=NONE pgs=0 cs=0 l=1 rev1=0 crypto rx=0 tx=0 comp rx=0 tx=0).connect
2024-04-13T17:41:04.728 INFO:teuthology.orchestra.run.smithi008.stdout:/usr/bin/ceph: stderr
2024-04-13T17:41:03.801+0000 7f65811b5700 1 -- --> [v2:172.21.15.8:3300/0,v1:172.21.15.8:6789/0] -- mon_getmap magic: 0 v1 -- 0x7f657c106c40 con 0x7f657c106da0
2024-04-13T17:41:04.728 INFO:teuthology.orchestra.run.smithi008.stdout:/usr/bin/ceph: stderr
2024-04-13T17:41:03.801+0000 7f657ad9d700 1 --2- >> [v2:172.21.15.8:3300/0,v1:172.21.15.8:6789/0] conn(0x7f657c106da0 0x7f657c106700 unknown :-1 s=BANNER_CONNECTING pgs=0 cs=0 l=1 rev1=0 crypto rx=0 tx=0 comp rx=0 tx=0)._handle_peer_banner_payload supported=3 required=0
2024-04-13T17:41:04.728 INFO:teuthology.orchestra.run.smithi008.stdout:/usr/bin/ceph: stderr
2024-04-13T17:41:03.801+0000 7f657ad9d700 1 --2- >> [v2:172.21.15.8:3300/0,v1:172.21.15.8:6789/0] conn(0x7f657c106da0 0x7f657c106700 unknown :-1 s=HELLO_CONNECTING pgs=0 cs=0 l=1 rev1=1 crypto rx=0 tx=0 comp rx=0 tx=0).handle_hello peer v2:172.21.15.8:3300/0 says I am v2:172.21.15.8:58350/0 (socket says 172.21.15.8:58350)
2024-04-13T17:41:04.728 INFO:teuthology.orchestra.run.smithi008.stdout:/usr/bin/ceph: stderr
2024-04-13T17:41:03.801+0000 7f657ad9d700 1 -- 172.21.15.8:0/1567719547 learned_addr learned my addr 172.21.15.8:0/1567719547 (peer_addr_for_me v2:172.21.15.8:0/0)
2024-04-13T17:41:04.728 INFO:teuthology.orchestra.run.smithi008.stdout:/usr/bin/ceph: stderr
2024-04-13T17:41:03.801+0000 7f657ad9d700 1 -- 172.21.15.8:0/1567719547 --> [v2:172.21.15.8:3300/0,v1:172.21.15.8:6789/0] -- mon_subscribe({config=0+,monmap=0+}) v3 -- 0x7f656c009550 con 0x7f657c106da0
2024-04-13T17:41:04.728 INFO:teuthology.orchestra.run.smithi008.stdout:/usr/bin/ceph: stderr
2024-04-13T17:41:03.802+0000 7f657ad9d700 1 --2- 172.21.15.8:0/1567719547 >> [v2:172.21.15.8:3300/0,v1:172.21.15.8:6789/0] conn(0x7f657c106da0 0x7f657c106700 secure :-1 s=READY pgs=25 cs=0 l=1 rev1=1 crypto rx=0x7f656c009130 tx=0x7f656c011a30 comp rx=0 tx=0).ready entity=mon.0 client_cookie=0 server_cookie=0 in_seq=0 out_seq=0
2024-04-13T17:41:04.728 INFO:teuthology.orchestra.run.smithi008.stdout:/usr/bin/ceph: stderr
2024-04-13T17:41:03.802+0000 7f6563fff700 1 -- 172.21.15.8:0/1567719547 <== mon.0 v2:172.21.15.8:3300/0 1 ==== mon_map magic: 0 v1 ==== 229+0+0 (secure 0 0 0) 0x7f656c003900 con 0x7f657c106da0
2024-04-13T17:41:04.728 INFO:teuthology.orchestra.run.smithi008.stdout:/usr/bin/ceph: stderr
2024-04-13T17:41:03.802+0000 7f6563fff700 1 -- 172.21.15.8:0/1567719547 <== mon.0 v2:172.21.15.8:3300/0 2 ==== config(26 keys) v1 ==== 1002+0+0 (secure 0 0 0) 0x7f656c003a60 con 0x7f657c106da0
2024-04-13T17:41:04.728 INFO:teuthology.orchestra.run.smithi008.stdout:/usr/bin/ceph: stderr
2024-04-13T17:41:03.802+0000 7f65811b5700 1 -- 172.21.15.8:0/1567719547 --> [v2:172.21.15.8:3300/0,v1:172.21.15.8:6789/0] -- mon_subscribe({mgrmap=0+}) v3 -- 0x7f657c104d50 con 0x7f657c106da0
2024-04-13T17:41:04.728 INFO:teuthology.orchestra.run.smithi008.stdout:/usr/bin/ceph: stderr
2024-04-13T17:41:03.802+0000 7f6563fff700 1 -- 172.21.15.8:0/1567719547 <== mon.0 v2:172.21.15.8:3300/0 3 ==== mon_map magic: 0 v1 ==== 229+0+0 (secure 0 0 0) 0x7f656c0246e0 con 0x7f657c106da0
2024-04-13T17:41:04.728 INFO:teuthology.orchestra.run.smithi008.stdout:/usr/bin/ceph: stderr
2024-04-13T17:41:03.802+0000 7f65811b5700 1 -- 172.21.15.8:0/1567719547 --> [v2:172.21.15.8:3300/0,v1:172.21.15.8:6789/0] -- mon_subscribe({osdmap=0}) v3 -- 0x7f657c105170 con 0x7f657c106da0
2024-04-13T17:41:04.728 INFO:teuthology.orchestra.run.smithi008.stdout:/usr/bin/ceph: stderr
2024-04-13T17:41:03.803+0000 7f65811b5700 1 -- 172.21.15.8:0/1567719547 --> [v2:172.21.15.8:3300/0,v1:172.21.15.8:6789/0] -- mon_command({"prefix": "get_command_descriptions"} v 0) v1 -- 0x7f657c10a3f0 con 0x7f657c106da0
2024-04-13T17:41:04.728 INFO:teuthology.orchestra.run.smithi008.stdout:/usr/bin/ceph: stderr
2024-04-13T17:41:03.803+0000 7f6563fff700 1 -- 172.21.15.8:0/1567719547 <== mon.0 v2:172.21.15.8:3300/0 4 ==== mgrmap(e 5) v1 ==== 45283+0+0 (secure 0 0 0) 0x7f656c01ab80 con 0x7f657c106da0
2024-04-13T17:41:04.728 INFO:teuthology.orchestra.run.smithi008.stdout:/usr/bin/ceph: stderr
2024-04-13T17:41:03.804+0000 7f6563fff700 1 --2- 172.21.15.8:0/1567719547 >> [v2:172.21.15.8:6800/2613158129,v1:172.21.15.8:6801/2613158129] conn(0x7f6564038320 0x7f656403a7e0 unknown :-1 s=NONE pgs=0 cs=0 l=1 rev1=0 crypto rx=0 tx=0 comp rx=0 tx=0).connect
