2024-04-13T17:41:25.812+0000 7fabca22c700 1 --2- >> [v2:172.21.15.8:3300/0,v1:172.21.15.8:6789/0] conn(0x7fabc4104bd0 0x7fabc4104ff0 unknown :-1 s=HELLO_CONNECTING pgs=0 cs=0 l=0 rev1=1 crypto rx=0 tx=0 comp rx=0 tx=0).handle_hello peer v2:172.21.15.8:3300/0 says I am v2:172.21.15.8:49446/0 (socket says 172.21.15.8:49446)
2024-04-13T17:41:26.722 INFO:teuthology.orchestra.run.smithi008.stdout:/usr/bin/ceph: stderr
2024-04-13T17:41:25.812+0000 7fabca22c700 1 -- 172.21.15.8:0/1502566240 learned_addr learned my addr 172.21.15.8:0/1502566240 (peer_addr_for_me v2:172.21.15.8:0/0)
2024-04-13T17:41:26.722 INFO:teuthology.orchestra.run.smithi008.stdout:/usr/bin/ceph: stderr
2024-04-13T17:41:25.812+0000 7fabca22c700 1 -- 172.21.15.8:0/1502566240 --> [v2:172.21.15.8:3300/0,v1:172.21.15.8:6789/0] -- mon_subscribe({config=0+,monmap=0+}) v3 -- 0x7fabc4105530 con 0x7fabc4104bd0
2024-04-13T17:41:26.722 INFO:teuthology.orchestra.run.smithi008.stdout:/usr/bin/ceph: stderr
2024-04-13T17:41:25.812+0000 7fabca22c700 1 --2- 172.21.15.8:0/1502566240 >> [v2:172.21.15.8:3300/0,v1:172.21.15.8:6789/0] conn(0x7fabc4104bd0 0x7fabc4104ff0 secure :-1 s=READY pgs=49 cs=0 l=1 rev1=1 crypto rx=0x7fabc00098a0 tx=0x7fabc0009bb0 comp rx=0 tx=0).ready entity=mon.0 client_cookie=d29cd63b22f98694 server_cookie=0 in_seq=0 out_seq=0
2024-04-13T17:41:26.723 INFO:teuthology.orchestra.run.smithi008.stdout:/usr/bin/ceph: stderr
2024-04-13T17:41:25.812+0000 7fabc922a700 1 -- 172.21.15.8:0/1502566240 <== mon.0 v2:172.21.15.8:3300/0 1 ==== mon_map magic: 0 v1 ==== 229+0+0 (secure 0 0 0) 0x7fabc0004180 con 0x7fabc4104bd0
2024-04-13T17:41:26.723 INFO:teuthology.orchestra.run.smithi008.stdout:/usr/bin/ceph: stderr
2024-04-13T17:41:25.812+0000 7fabc922a700 1 -- 172.21.15.8:0/1502566240 <== mon.0 v2:172.21.15.8:3300/0 2 ==== config(26 keys) v1 ==== 1066+0+0 (secure 0 0 0) 0x7fabc00042e0 con 0x7fabc4104bd0
2024-04-13T17:41:26.723 INFO:teuthology.orchestra.run.smithi008.stdout:/usr/bin/ceph: stderr
2024-04-13T17:41:25.812+0000 7fabc922a700 1 -- 172.21.15.8:0/1502566240 <== mon.0 v2:172.21.15.8:3300/0 3 ==== mon_map magic: 0 v1 ==== 229+0+0 (secure 0 0 0) 0x7fabc0011a30 con 0x7fabc4104bd0
2024-04-13T17:41:26.723 INFO:teuthology.orchestra.run.smithi008.stdout:/usr/bin/ceph: stderr
2024-04-13T17:41:25.813+0000 7fabcc490700 1 -- 172.21.15.8:0/1502566240 >> [v2:172.21.15.8:3300/0,v1:172.21.15.8:6789/0] conn(0x7fabc4104bd0 msgr2=0x7fabc4104ff0 secure :-1 s=STATE_CONNECTION_ESTABLISHED l=1).mark_down
2024-04-13T17:41:26.723 INFO:teuthology.orchestra.run.smithi008.stdout:/usr/bin/ceph: stderr
2024-04-13T17:41:25.813+0000 7fabcc490700 1 --2- 172.21.15.8:0/1502566240 >> [v2:172.21.15.8:3300/0,v1:172.21.15.8:6789/0] conn(0x7fabc4104bd0 0x7fabc4104ff0 secure :-1 s=READY pgs=49 cs=0 l=1 rev1=1 crypto rx=0x7fabc00098a0 tx=0x7fabc0009bb0 comp rx=0 tx=0).stop
2024-04-13T17:41:26.723 INFO:teuthology.orchestra.run.smithi008.stdout:/usr/bin/ceph: stderr
2024-04-13T17:41:25.813+0000 7fabcc490700 1 -- 172.21.15.8:0/1502566240 shutdown_connections
2024-04-13T17:41:26.723 INFO:teuthology.orchestra.run.smithi008.stdout:/usr/bin/ceph: stderr
2024-04-13T17:41:25.813+0000 7fabcc490700 1 --2- 172.21.15.8:0/1502566240 >> [v2:172.21.15.8:3300/0,v1:172.21.15.8:6789/0] conn(0x7fabc4104bd0 0x7fabc4104ff0 unknown :-1 s=CLOSED pgs=49 cs=0 l=1 rev1=1 crypto rx=0 tx=0 comp rx=0 tx=0).stop
2024-04-13T17:41:26.723 INFO:teuthology.orchestra.run.smithi008.stdout:/usr/bin/ceph: stderr
2024-04-13T17:41:25.813+0000 7fabcc490700 1 -- 172.21.15.8:0/1502566240 >> 172.21.15.8:0/1502566240 conn(0x7fabc41007f0 msgr2=0x7fabc4102c10 unknown :-1 s=STATE_NONE l=0).mark_down
2024-04-13T17:41:26.723 INFO:teuthology.orchestra.run.smithi008.stdout:/usr/bin/ceph: stderr
2024-04-13T17:41:25.813+0000 7fabcc490700 1 -- 172.21.15.8:0/1502566240 shutdown_connections
2024-04-13T17:41:26.723 INFO:teuthology.orchestra.run.smithi008.stdout:/usr/bin/ceph: stderr
2024-04-13T17:41:25.813+0000 7fabcc490700 1 -- 172.21.15.8:0/1502566240 wait complete.
2024-04-13T17:41:26.723 INFO:teuthology.orchestra.run.smithi008.stdout:/usr/bin/ceph: stderr
2024-04-13T17:41:25.814+0000 7fabcc490700 1 Processor -- start
2024-04-13T17:41:26.723 INFO:teuthology.orchestra.run.smithi008.stdout:/usr/bin/ceph: stderr
2024-04-13T17:41:25.814+0000 7fabcc490700 1 -- start start
2024-04-13T17:41:26.723 INFO:teuthology.orchestra.run.smithi008.stdout:/usr/bin/ceph: stderr
2024-04-13T17:41:25.814+0000 7fabcc490700 1 --2- >> [v2:172.21.15.8:3300/0,v1:172.21.15.8:6789/0] conn(0x7fabc4104bd0 0x7fabc419c240 unknown :-1 s=NONE pgs=0 cs=0 l=1 rev1=0 crypto rx=0 tx=0 comp rx=0 tx=0).connect
2024-04-13T17:41:26.723 INFO:teuthology.orchestra.run.smithi008.stdout:/usr/bin/ceph: stderr
2024-04-13T17:41:25.814+0000 7fabcc490700 1 -- --> [v2:172.21.15.8:3300/0,v1:172.21.15.8:6789/0] -- mon_getmap magic: 0 v1 -- 0x7fabc419c780 con 0x7fabc4104bd0
2024-04-13T17:41:26.723 INFO:teuthology.orchestra.run.smithi008.stdout:/usr/bin/ceph: stderr
2024-04-13T17:41:25.814+0000 7fabca22c700 1 --2- >> [v2:172.21.15.8:3300/0,v1:172.21.15.8:6789/0] conn(0x7fabc4104bd0 0x7fabc419c240 unknown :-1 s=BANNER_CONNECTING pgs=0 cs=0 l=1 rev1=0 crypto rx=0 tx=0 comp rx=0 tx=0)._handle_peer_banner_payload supported=3 required=0
2024-04-13T17:41:26.724 INFO:teuthology.orchestra.run.smithi008.stdout:/usr/bin/ceph: stderr
2024-04-13T17:41:25.814+0000 7fabca22c700 1 --2- >> [v2:172.21.15.8:3300/0,v1:172.21.15.8:6789/0] conn(0x7fabc4104bd0 0x7fabc419c240 unknown :-1 s=HELLO_CONNECTING pgs=0 cs=0 l=1 rev1=1 crypto rx=0 tx=0 comp rx=0 tx=0).handle_hello peer v2:172.21.15.8:3300/0 says I am v2:172.21.15.8:49460/0 (socket says 172.21.15.8:49460)
2024-04-13T17:41:26.724 INFO:teuthology.orchestra.run.smithi008.stdout:/usr/bin/ceph: stderr
2024-04-13T17:41:25.814+0000 7fabca22c700 1 -- 172.21.15.8:0/2826314218 learned_addr learned my addr 172.21.15.8:0/2826314218 (peer_addr_for_me v2:172.21.15.8:0/0)
2024-04-13T17:41:26.724 INFO:teuthology.orchestra.run.smithi008.stdout:/usr/bin/ceph: stderr
2024-04-13T17:41:25.814+0000 7fabca22c700 1 -- 172.21.15.8:0/2826314218 --> [v2:172.21.15.8:3300/0,v1:172.21.15.8:6789/0] -- mon_subscribe({config=0+,monmap=0+}) v3 -- 0x7fabc0009550 con 0x7fabc4104bd0
2024-04-13T17:41:26.724 INFO:teuthology.orchestra.run.smithi008.stdout:/usr/bin/ceph: stderr
2024-04-13T17:41:25.814+0000 7fabca22c700 1 --2- 172.21.15.8:0/2826314218 >> [v2:172.21.15.8:3300/0,v1:172.21.15.8:6789/0] conn(0x7fabc4104bd0 0x7fabc419c240 secure :-1 s=READY pgs=50 cs=0 l=1 rev1=1 crypto rx=0x7fabc0006af0 tx=0x7fabc0011b20 comp rx=0 tx=0).ready entity=mon.0 client_cookie=0 server_cookie=0 in_seq=0 out_seq=0
2024-04-13T17:41:26.724 INFO:teuthology.orchestra.run.smithi008.stdout:/usr/bin/ceph: stderr
2024-04-13T17:41:25.814+0000 7fabbb7fe700 1 -- 172.21.15.8:0/2826314218 <== mon.0 v2:172.21.15.8:3300/0 1 ==== mon_map magic: 0 v1 ==== 229+0+0 (secure 0 0 0) 0x7fabc0003a80 con 0x7fabc4104bd0
2024-04-13T17:41:26.724 INFO:teuthology.orchestra.run.smithi008.stdout:/usr/bin/ceph: stderr
2024-04-13T17:41:25.814+0000 7fabbb7fe700 1 -- 172.21.15.8:0/2826314218 <== mon.0 v2:172.21.15.8:3300/0 2 ==== config(26 keys) v1 ==== 1066+0+0 (secure 0 0 0) 0x7fabc0003be0 con 0x7fabc4104bd0
2024-04-13T17:41:26.724 INFO:teuthology.orchestra.run.smithi008.stdout:/usr/bin/ceph: stderr
2024-04-13T17:41:25.814+0000 7fabcc490700 1 -- 172.21.15.8:0/2826314218 --> [v2:172.21.15.8:3300/0,v1:172.21.15.8:6789/0] -- mon_subscribe({mgrmap=0+}) v3 -- 0x7fabc419c980 con 0x7fabc4104bd0
2024-04-13T17:41:26.724 INFO:teuthology.orchestra.run.smithi008.stdout:/usr/bin/ceph: stderr
2024-04-13T17:41:25.815+0000 7fabbb7fe700 1 -- 172.21.15.8:0/2826314218 <== mon.0 v2:172.21.15.8:3300/0 3 ==== mon_map magic: 0 v1 ==== 229+0+0 (secure 0 0 0) 0x7fabc0019770 con 0x7fabc4104bd0
2024-04-13T17:41:26.724 INFO:teuthology.orchestra.run.smithi008.stdout:/usr/bin/ceph: stderr
2024-04-13T17:41:25.815+0000 7fabcc490700 1 -- 172.21.15.8:0/2826314218 --> [v2:172.21.15.8:3300/0,v1:172.21.15.8:6789/0] -- mon_subscribe({osdmap=0}) v3 -- 0x7fabc419cda0 con 0x7fabc4104bd0
2024-04-13T17:41:26.724 INFO:teuthology.orchestra.run.smithi008.stdout:/usr/bin/ceph: stderr
2024-04-13T17:41:25.815+0000 7fabbb7fe700 1 -- 172.21.15.8:0/2826314218 <== mon.0 v2:172.21.15.8:3300/0 4 ==== mgrmap(e 8) v1 ==== 45283+0+0 (secure 0 0 0) 0x7fabc0019a30 con 0x7fabc4104bd0
2024-04-13T17:41:26.724 INFO:teuthology.orchestra.run.smithi008.stdout:/usr/bin/ceph: stderr
2024-04-13T17:41:25.816+0000 7fabbb7fe700 1 --2- 172.21.15.8:0/2826314218 >> [v2:172.21.15.8:6800/1759070643,v1:172.21.15.8:6801/1759070643] conn(0x7fabb00382e0 0x7fabb003a7a0 unknown :-1 s=NONE pgs=0 cs=0 l=1 rev1=0 crypto rx=0 tx=0 comp rx=0 tx=0).connect
2024-04-13T17:41:26.724 INFO:teuthology.orchestra.run.smithi008.stdout:/usr/bin/ceph: stderr
2024-04-13T17:41:25.816+0000 7fabcc490700 1 -- 172.21.15.8:0/2826314218 --> [v2:172.21.15.8:3300/0,v1:172.21.15.8:6789/0] -- mon_command({"prefix": "get_command_descriptions"} v 0) v1 -- 0x7fabc4195b40 con 0x7fabc4104bd0
2024-04-13T17:41:26.724 INFO:teuthology.orchestra.run.smithi008.stdout:/usr/bin/ceph: stderr
2024-04-13T17:41:25.816+0000 7fabbb7fe700 1 -- 172.21.15.8:0/2826314218 <== mon.0 v2:172.21.15.8:3300/0 5 ==== osd_map(2..2 src has 1..2) v4 ==== 940+0+0 (secure 0 0 0) 0x7fabc004c6b0 con 0x7fabc4104bd0
2024-04-13T17:41:26.725 INFO:teuthology.orchestra.run.smithi008.stdout:/usr/bin/ceph: stderr
2024-04-13T17:41:25.817+0000 7fabc9a2b700 1 --2- 172.21.15.8:0/2826314218 >> [v2:172.21.15.8:6800/1759070643,v1:172.21.15.8:6801/1759070643] conn(0x7fabb00382e0 0x7fabb003a7a0 unknown :-1 s=BANNER_CONNECTING pgs=0 cs=0 l=1 rev1=0 crypto rx=0 tx=0 comp rx=0 tx=0)._handle_peer_banner_payload supported=3 required=0
2024-04-13T17:41:26.725 INFO:teuthology.orchestra.run.smithi008.stdout:/usr/bin/ceph: stderr
2024-04-13T17:41:25.817+0000 7fabc9a2b700 1 --2- 172.21.15.8:0/2826314218 >> [v2:172.21.15.8:6800/1759070643,v1:172.21.15.8:6801/1759070643] conn(0x7fabb00382e0 0x7fabb003a7a0 secure :-1 s=READY pgs=14 cs=0 l=1 rev1=1 crypto rx=0x7fabb4006fd0 tx=0x7fabb4006e40 comp rx=0 tx=0).ready entity=mgr.14118 client_cookie=0 server_cookie=0 in_seq=0 out_seq=0
2024-04-13T17:41:26.725 INFO:teuthology.orchestra.run.smithi008.stdout:/usr/bin/ceph: stderr
2024-04-13T17:41:25.821+0000 7fabbb7fe700 1 -- 172.21.15.8:0/2826314218 <== mon.0 v2:172.21.15.8:3300/0 6 ==== mon_command_ack([{"prefix": "get_command_descriptions"}]=0 v0) v1 ==== 72+0+180422 (secure 0 0 0) 0x7fabc002c3a0 con 0x7fabc4104bd0
2024-04-13T17:41:26.725 INFO:teuthology.orchestra.run.smithi008.stdout:/usr/bin/ceph: stderr
2024-04-13T17:41:26.034+0000 7fabcc490700 1 -- 172.21.15.8:0/2826314218 --> [v2:172.21.15.8:6800/1759070643,v1:172.21.15.8:6801/1759070643] -- mgr_command(tid 0: {"prefix": "orch apply", "service_type": "crash", "target": ["mon-mgr", ""]}) v1 -- 0x7fabc40611d0 con 0x7fabb00382e0
2024-04-13T17:41:26.725 INFO:teuthology.orchestra.run.smithi008.stdout:/usr/bin/ceph: stderr
2024-04-13T17:41:26.039+0000 7fabbb7fe700 1 -- 172.21.15.8:0/2826314218 <== mgr.14118 v2:172.21.15.8:6800/1759070643 1 ==== mgr_command_reply(tid 0: 0 ) v1 ==== 8+0+26 (secure 0 0 0) 0x7fabc40611d0 con 0x7fabb00382e0
2024-04-13T17:41:26.725 INFO:teuthology.orchestra.run.smithi008.stdout:/usr/bin/ceph: stderr
2024-04-13T17:41:26.041+0000 7fabcc490700 1 -- 172.21.15.8:0/2826314218 >> [v2:172.21.15.8:6800/1759070643,v1:172.21.15.8:6801/1759070643] conn(0x7fabb00382e0 msgr2=0x7fabb003a7a0 secure :-1 s=STATE_CONNECTION_ESTABLISHED l=1).mark_down
2024-04-13T17:41:26.725 INFO:teuthology.orchestra.run.smithi008.stdout:/usr/bin/ceph: stderr
2024-04-13T17:41:26.041+0000 7fabcc490700 1 --2- 172.21.15.8:0/2826314218 >> [v2:172.21.15.8:6800/1759070643,v1:172.21.15.8:6801/1759070643] conn(0x7fabb00382e0 0x7fabb003a7a0 secure :-1 s=READY pgs=14 cs=0 l=1 rev1=1 crypto rx=0x7fabb4006fd0 tx=0x7fabb4006e40 comp rx=0 tx=0).stop
2024-04-13T17:41:26.725 INFO:teuthology.orchestra.run.smithi008.stdout:/usr/bin/ceph: stderr
2024-04-13T17:41:26.041+0000 7fabcc490700 1 -- 172.21.15.8:0/2826314218 >> [v2:172.21.15.8:3300/0,v1:172.21.15.8:6789/0] conn(0x7fabc4104bd0 msgr2=0x7fabc419c240 secure :-1 s=STATE_CONNECTION_ESTABLISHED l=1).mark_down
2024-04-13T17:41:26.725 INFO:teuthology.orchestra.run.smithi008.stdout:/usr/bin/ceph: stderr
2024-04-13T17:41:26.041+0000 7fabcc490700 1 --2- 172.21.15.8:0/2826314218 >> [v2:172.21.15.8:3300/0,v1:172.21.15.8:6789/0] conn(0x7fabc4104bd0 0x7fabc419c240 secure :-1 s=READY pgs=50 cs=0 l=1 rev1=1 crypto rx=0x7fabc0006af0 tx=0x7fabc0011b20 comp rx=0 tx=0).stop
2024-04-13T17:41:26.725 INFO:teuthology.orchestra.run.smithi008.stdout:/usr/bin/ceph: stderr
2024-04-13T17:41:26.041+0000 7fabcc490700 1 -- 172.21.15.8:0/2826314218 shutdown_connections
2024-04-13T17:41:26.725 INFO:journalctl@ceph.mon.smithi008.smithi008.stdout:Apr 13 17:41:26 smithi008 ceph-mon[39730]: from='mgr.14118 172.21.15.8:0/1024749487' entity='mgr.smithi008.hkxugl'
2024-04-13T17:41:26.725 INFO:journalctl@ceph.mon.smithi008.smithi008.stdout:Apr 13 17:41:26 smithi008 ceph-mon[39730]: from='client.14144 -' entity='client.admin' cmd=[{"prefix": "orch apply", "service_type": "crash", "target": ["mon-mgr", ""]}]: dispatch
2024-04-13T17:41:26.726 INFO:journalctl@ceph.mon.smithi008.smithi008.stdout:Apr 13 17:41:26 smithi008 ceph-mon[39730]: Saving service crash spec with placement *
2024-04-13T17:41:26.726 INFO:journalctl@ceph.mon.smithi008.smithi008.stdout:Apr 13 17:41:26 smithi008 ceph-mon[39730]: from='mgr.14118 172.21.15.8:0/1024749487' entity='mgr.smithi008.hkxugl'
2024-04-13T17:41:26.726 INFO:journalctl@ceph.mon.smithi008.smithi008.stdout:Apr 13 17:41:26 smithi008 ceph-mon[39730]: from='mgr.14118 172.21.15.8:0/1024749487' entity='mgr.smithi008.hkxugl'
2024-04-13T17:41:26.726 INFO:teuthology.orchestra.run.smithi008.stdout:/usr/bin/ceph: stderr
2024-04-13T17:41:26.041+0000 7fabcc490700 1 --2- 172.21.15.8:0/2826314218 >> [v2:172.21.15.8:6800/1759070643,v1:172.21.15.8:6801/1759070643] conn(0x7fabb00382e0 0x7fabb003a7a0 unknown :-1 s=CLOSED pgs=14 cs=0 l=1 rev1=1 crypto rx=0 tx=0 comp rx=0 tx=0).stop
2024-04-13T17:41:26.727 INFO:teuthology.orchestra.run.smithi008.stdout:/usr/bin/ceph: stderr
2024-04-13T17:41:26.041+0000 7fabcc490700 1 --2- 172.21.15.8:0/2826314218 >> [v2:172.21.15.8:3300/0,v1:172.21.15.8:6789/0] conn(0x7fabc4104bd0 0x7fabc419c240 unknown :-1 s=CLOSED pgs=50 cs=0 l=1 rev1=1 crypto rx=0 tx=0 comp rx=0 tx=0).stop
2024-04-13T17:41:26.727 INFO:teuthology.orchestra.run.smithi008.stdout:/usr/bin/ceph: stderr
2024-04-13T17:41:26.041+0000 7fabcc490700 1 -- 172.21.15.8:0/2826314218 >> 172.21.15.8:0/2826314218 conn(0x7fabc41007f0 msgr2=0x7fabc4190790 unknown :-1 s=STATE_NONE l=0).mark_down
2024-04-13T17:41:26.727 INFO:teuthology.orchestra.run.smithi008.stdout:/usr/bin/ceph: stderr
2024-04-13T17:41:26.041+0000 7fabcc490700 1 -- 172.21.15.8:0/2826314218 shutdown_connections
2024-04-13T17:41:26.727 INFO:teuthology.orchestra.run.smithi008.stdout:/usr/bin/ceph: stderr
2024-04-13T17:41:26.041+0000 7fabcc490700 1 -- 172.21.15.8:0/2826314218 wait complete.
2024-04-13T17:41:26.727 INFO:teuthology.orchestra.run.smithi008.stdout:Deploying ceph-exporter service with default placement...
2024-04-13T17:41:28.559 INFO:teuthology.orchestra.run.smithi008.stdout:/usr/bin/ceph: stdout Scheduled ceph-exporter update...
2024-04-13T17:41:28.559 INFO:teuthology.orchestra.run.smithi008.stdout:/usr/bin/ceph: stderr
2024-04-13T17:41:27.286+0000 7f6dbc8ce700 1 Processor -- start
2024-04-13T17:41:28.559 INFO:teuthology.orchestra.run.smithi008.stdout:/usr/bin/ceph: stderr
2024-04-13T17:41:27.286+0000 7f6dbc8ce700 1 -- start start
2024-04-13T17:41:28.559 INFO:teuthology.orchestra.run.smithi008.stdout:/usr/bin/ceph: stderr
2024-04-13T17:41:27.286+0000 7f6dbc8ce700 1 --2- >> [v2:172.21.15.8:3300/0,v1:172.21.15.8:6789/0] conn(0x7f6db8106e80 0x7f6db8109270 unknown :-1 s=NONE pgs=0 cs=0 l=0 rev1=0 crypto rx=0 tx=0 comp rx=0 tx=0).connect
2024-04-13T17:41:28.559 INFO:teuthology.orchestra.run.smithi008.stdout:/usr/bin/ceph: stderr
2024-04-13T17:41:27.286+0000 7f6dbc8ce700 1 -- --> [v2:172.21.15.8:3300/0,v1:172.21.15.8:6789/0] -- mon_getmap magic: 0 v1 -- 0x7f6db8074450 con 0x7f6db8106e80
2024-04-13T17:41:28.559 INFO:teuthology.orchestra.run.smithi008.stdout:/usr/bin/ceph: stderr
2024-04-13T17:41:27.287+0000 7f6db659c700 1 --2- >> [v2:172.21.15.8:3300/0,v1:172.21.15.8:6789/0] conn(0x7f6db8106e80 0x7f6db8109270 unknown :-1 s=BANNER_CONNECTING pgs=0 cs=0 l=0 rev1=0 crypto rx=0 tx=0 comp rx=0 tx=0)._handle_peer_banner_payload supported=3 required=0
2024-04-13T17:41:28.559 INFO:teuthology.orchestra.run.smithi008.stdout:/usr/bin/ceph: stderr
2024-04-13T17:41:27.287+0000 7f6db659c700 1 --2- >> [v2:172.21.15.8:3300/0,v1:172.21.15.8:6789/0] conn(0x7f6db8106e80 0x7f6db8109270 unknown :-1 s=HELLO_CONNECTING pgs=0 cs=0 l=0 rev1=1 crypto rx=0 tx=0 comp rx=0 tx=0).handle_hello peer v2:172.21.15.8:3300/0 says I am v2:172.21.15.8:48840/0 (socket says 172.21.15.8:48840)
2024-04-13T17:41:28.560 INFO:teuthology.orchestra.run.smithi008.stdout:/usr/bin/ceph: stderr
2024-04-13T17:41:27.287+0000 7f6db659c700 1 -- 172.21.15.8:0/2800247450 learned_addr learned my addr 172.21.15.8:0/2800247450 (peer_addr_for_me v2:172.21.15.8:0/0)
2024-04-13T17:41:28.560 INFO:teuthology.orchestra.run.smithi008.stdout:/usr/bin/ceph: stderr
2024-04-13T17:41:27.287+0000 7f6db659c700 1 -- 172.21.15.8:0/2800247450 --> [v2:172.21.15.8:3300/0,v1:172.21.15.8:6789/0] -- mon_subscribe({config=0+,monmap=0+}) v3 -- 0x7f6db8074590 con 0x7f6db8106e80
2024-04-13T17:41:28.560 INFO:teuthology.orchestra.run.smithi008.stdout:/usr/bin/ceph: stderr
2024-04-13T17:41:27.287+0000 7f6db659c700 1 --2- 172.21.15.8:0/2800247450 >> [v2:172.21.15.8:3300/0,v1:172.21.15.8:6789/0] conn(0x7f6db8106e80 0x7f6db8109270 secure :-1 s=READY pgs=51 cs=0 l=1 rev1=1 crypto rx=0x7f6da80098a0 tx=0x7f6da8009bb0 comp rx=0 tx=0).ready entity=mon.0 client_cookie=d0c805c734c9e72b server_cookie=0 in_seq=0 out_seq=0
2024-04-13T17:41:28.560 INFO:teuthology.orchestra.run.smithi008.stdout:/usr/bin/ceph: stderr
2024-04-13T17:41:27.287+0000 7f6db559a700 1 -- 172.21.15.8:0/2800247450 <== mon.0 v2:172.21.15.8:3300/0 1 ==== mon_map magic: 0 v1 ==== 229+0+0 (secure 0 0 0) 0x7f6da8004180 con 0x7f6db8106e80
2024-04-13T17:41:28.560 INFO:teuthology.orchestra.run.smithi008.stdout:/usr/bin/ceph: stderr
2024-04-13T17:41:27.287+0000 7f6db559a700 1 -- 172.21.15.8:0/2800247450 <== mon.0 v2:172.21.15.8:3300/0 2 ==== config(26 keys) v1 ==== 1066+0+0 (secure 0 0 0) 0x7f6da80042e0 con 0x7f6db8106e80
2024-04-13T17:41:28.560 INFO:teuthology.orchestra.run.smithi008.stdout:/usr/bin/ceph: stderr
2024-04-13T17:41:27.287+0000 7f6db559a700 1 -- 172.21.15.8:0/2800247450 <== mon.0 v2:172.21.15.8:3300/0 3 ==== mon_map magic: 0 v1 ==== 229+0+0 (secure 0 0 0) 0x7f6da8011a30 con 0x7f6db8106e80
2024-04-13T17:41:28.560 INFO:teuthology.orchestra.run.smithi008.stdout:/usr/bin/ceph: stderr
2024-04-13T17:41:27.288+0000 7f6dbc8ce700 1 -- 172.21.15.8:0/2800247450 >> [v2:172.21.15.8:3300/0,v1:172.21.15.8:6789/0] conn(0x7f6db8106e80 msgr2=0x7f6db8109270 secure :-1 s=STATE_CONNECTION_ESTABLISHED l=1).mark_down
2024-04-13T17:41:28.560 INFO:teuthology.orchestra.run.smithi008.stdout:/usr/bin/ceph: stderr
2024-04-13T17:41:27.288+0000 7f6dbc8ce700 1 --2- 172.21.15.8:0/2800247450 >> [v2:172.21.15.8:3300/0,v1:172.21.15.8:6789/0] conn(0x7f6db8106e80 0x7f6db8109270 secure :-1 s=READY pgs=51 cs=0 l=1 rev1=1 crypto rx=0x7f6da80098a0 tx=0x7f6da8009bb0 comp rx=0 tx=0).stop
2024-04-13T17:41:28.560 INFO:teuthology.orchestra.run.smithi008.stdout:/usr/bin/ceph: stderr
2024-04-13T17:41:27.288+0000 7f6dbc8ce700 1 -- 172.21.15.8:0/2800247450 shutdown_connections
2024-04-13T17:41:28.560 INFO:teuthology.orchestra.run.smithi008.stdout:/usr/bin/ceph: stderr
2024-04-13T17:41:27.288+0000 7f6dbc8ce700 1 --2- 172.21.15.8:0/2800247450 >> [v2:172.21.15.8:3300/0,v1:172.21.15.8:6789/0] conn(0x7f6db8106e80 0x7f6db8109270 unknown :-1 s=CLOSED pgs=51 cs=0 l=1 rev1=1 crypto rx=0 tx=0 comp rx=0 tx=0).stop
2024-04-13T17:41:28.560 INFO:teuthology.orchestra.run.smithi008.stdout:/usr/bin/ceph: stderr
2024-04-13T17:41:27.288+0000 7f6dbc8ce700 1 -- 172.21.15.8:0/2800247450 >> 172.21.15.8:0/2800247450 conn(0x7f6db81007f0 msgr2=0x7f6db8102c10 unknown :-1 s=STATE_NONE l=0).mark_down
2024-04-13T17:41:28.560 INFO:teuthology.orchestra.run.smithi008.stdout:/usr/bin/ceph: stderr
2024-04-13T17:41:27.288+0000 7f6dbc8ce700 1 -- 172.21.15.8:0/2800247450 shutdown_connections
2024-04-13T17:41:28.560 INFO:teuthology.orchestra.run.smithi008.stdout:/usr/bin/ceph: stderr
2024-04-13T17:41:27.288+0000 7f6dbc8ce700 1 -- 172.21.15.8:0/2800247450 wait complete.
2024-04-13T17:41:28.560 INFO:teuthology.orchestra.run.smithi008.stdout:/usr/bin/ceph: stderr
2024-04-13T17:41:27.289+0000 7f6dbc8ce700 1 Processor -- start
2024-04-13T17:41:28.561 INFO:teuthology.orchestra.run.smithi008.stdout:/usr/bin/ceph: stderr
2024-04-13T17:41:27.289+0000 7f6dbc8ce700 1 -- start start
2024-04-13T17:41:28.561 INFO:teuthology.orchestra.run.smithi008.stdout:/usr/bin/ceph: stderr
2024-04-13T17:41:27.289+0000 7f6dbc8ce700 1 --2- >> [v2:172.21.15.8:3300/0,v1:172.21.15.8:6789/0] conn(0x7f6db8106e80 0x7f6db81067e0 unknown :-1 s=NONE pgs=0 cs=0 l=1 rev1=0 crypto rx=0 tx=0 comp rx=0 tx=0).connect
2024-04-13T17:41:28.561 INFO:teuthology.orchestra.run.smithi008.stdout:/usr/bin/ceph: stderr
2024-04-13T17:41:27.289+0000 7f6dbc8ce700 1 -- --> [v2:172.21.15.8:3300/0,v1:172.21.15.8:6789/0] -- mon_getmap magic: 0 v1 -- 0x7f6db8106d20 con 0x7f6db8106e80
2024-04-13T17:41:28.561 INFO:teuthology.orchestra.run.smithi008.stdout:/usr/bin/ceph: stderr
2024-04-13T17:41:27.289+0000 7f6db659c700 1 --2- >> [v2:172.21.15.8:3300/0,v1:172.21.15.8:6789/0] conn(0x7f6db8106e80 0x7f6db81067e0 unknown :-1 s=BANNER_CONNECTING pgs=0 cs=0 l=1 rev1=0 crypto rx=0 tx=0 comp rx=0 tx=0)._handle_peer_banner_payload supported=3 required=0
2024-04-13T17:41:28.561 INFO:teuthology.orchestra.run.smithi008.stdout:/usr/bin/ceph: stderr
2024-04-13T17:41:27.289+0000 7f6db659c700 1 --2- >> [v2:172.21.15.8:3300/0,v1:172.21.15.8:6789/0] conn(0x7f6db8106e80 0x7f6db81067e0 unknown :-1 s=HELLO_CONNECTING pgs=0 cs=0 l=1 rev1=1 crypto rx=0 tx=0 comp rx=0 tx=0).handle_hello peer v2:172.21.15.8:3300/0 says I am v2:172.21.15.8:48848/0 (socket says 172.21.15.8:48848)
2024-04-13T17:41:28.561 INFO:teuthology.orchestra.run.smithi008.stdout:/usr/bin/ceph: stderr
2024-04-13T17:41:27.289+0000 7f6db659c700 1 -- 172.21.15.8:0/1418732734 learned_addr learned my addr 172.21.15.8:0/1418732734 (peer_addr_for_me v2:172.21.15.8:0/0)
2024-04-13T17:41:28.561 INFO:teuthology.orchestra.run.smithi008.stdout:/usr/bin/ceph: stderr
2024-04-13T17:41:27.290+0000 7f6db659c700 1 -- 172.21.15.8:0/1418732734 --> [v2:172.21.15.8:3300/0,v1:172.21.15.8:6789/0] -- mon_subscribe({config=0+,monmap=0+}) v3 -- 0x7f6da8009550 con 0x7f6db8106e80
2024-04-13T17:41:28.561 INFO:teuthology.orchestra.run.smithi008.stdout:/usr/bin/ceph: stderr
2024-04-13T17:41:27.290+0000 7f6db659c700 1 --2- 172.21.15.8:0/1418732734 >> [v2:172.21.15.8:3300/0,v1:172.21.15.8:6789/0] conn(0x7f6db8106e80 0x7f6db81067e0 secure :-1 s=READY pgs=52 cs=0 l=1 rev1=1 crypto rx=0x7f6da8011a00 tx=0x7f6da8011ae0 comp rx=0 tx=0).ready entity=mon.0 client_cookie=0 server_cookie=0 in_seq=0 out_seq=0
2024-04-13T17:41:28.561 INFO:teuthology.orchestra.run.smithi008.stdout:/usr/bin/ceph: stderr
2024-04-13T17:41:27.290+0000 7f6da77fe700 1 -- 172.21.15.8:0/1418732734 <== mon.0 v2:172.21.15.8:3300/0 1 ==== mon_map magic: 0 v1 ==== 229+0+0 (secure 0 0 0) 0x7f6da8003bd0 con 0x7f6db8106e80
2024-04-13T17:41:28.561 INFO:teuthology.orchestra.run.smithi008.stdout:/usr/bin/ceph: stderr
2024-04-13T17:41:27.290+0000 7f6da77fe700 1 -- 172.21.15.8:0/1418732734 <== mon.0 v2:172.21.15.8:3300/0 2 ==== config(26 keys) v1 ==== 1066+0+0 (secure 0 0 0) 0x7f6da80248d0 con 0x7f6db8106e80
2024-04-13T17:41:28.561 INFO:teuthology.orchestra.run.smithi008.stdout:/usr/bin/ceph: stderr
2024-04-13T17:41:27.290+0000 7f6da77fe700 1 -- 172.21.15.8:0/1418732734 <== mon.0 v2:172.21.15.8:3300/0 3 ==== mon_map magic: 0 v1 ==== 229+0+0 (secure 0 0 0) 0x7f6da801a7e0 con 0x7f6db8106e80
2024-04-13T17:41:28.561 INFO:teuthology.orchestra.run.smithi008.stdout:/usr/bin/ceph: stderr
2024-04-13T17:41:27.290+0000 7f6dbc8ce700 1 -- 172.21.15.8:0/1418732734 --> [v2:172.21.15.8:3300/0,v1:172.21.15.8:6789/0] -- mon_subscribe({mgrmap=0+}) v3 -- 0x7f6db8104e30 con 0x7f6db8106e80
2024-04-13T17:41:28.561 INFO:teuthology.orchestra.run.smithi008.stdout:/usr/bin/ceph: stderr
2024-04-13T17:41:27.290+0000 7f6dbc8ce700 1 -- 172.21.15.8:0/1418732734 --> [v2:172.21.15.8:3300/0,v1:172.21.15.8:6789/0] -- mon_subscribe({osdmap=0}) v3 -- 0x7f6db8105250 con 0x7f6db8106e80
2024-04-13T17:41:28.561 INFO:teuthology.orchestra.run.smithi008.stdout:/usr/bin/ceph: stderr
2024-04-13T17:41:27.291+0000 7f6da77fe700 1 -- 172.21.15.8:0/1418732734 <== mon.0 v2:172.21.15.8:3300/0 4 ==== mgrmap(e 8) v1 ==== 45283+0+0 (secure 0 0 0) 0x7f6da801aa50 con 0x7f6db8106e80
2024-04-13T17:41:28.562 INFO:teuthology.orchestra.run.smithi008.stdout:/usr/bin/ceph: stderr
2024-04-13T17:41:27.291+0000 7f6dbc8ce700 1 -- 172.21.15.8:0/1418732734 --> [v2:172.21.15.8:3300/0,v1:172.21.15.8:6789/0] -- mon_command({"prefix": "get_command_descriptions"} v 0) v1 -- 0x7f6db80623c0 con 0x7f6db8106e80
2024-04-13T17:41:28.562 INFO:teuthology.orchestra.run.smithi008.stdout:/usr/bin/ceph: stderr
2024-04-13T17:41:27.291+0000 7f6da77fe700 1 --2- 172.21.15.8:0/1418732734 >> [v2:172.21.15.8:6800/1759070643,v1:172.21.15.8:6801/1759070643] conn(0x7f6da0038320 0x7f6da003a7e0 unknown :-1 s=NONE pgs=0 cs=0 l=1 rev1=0 crypto rx=0 tx=0 comp rx=0 tx=0).connect
2024-04-13T17:41:28.562 INFO:teuthology.orchestra.run.smithi008.stdout:/usr/bin/ceph: stderr
2024-04-13T17:41:27.291+0000 7f6da77fe700 1 -- 172.21.15.8:0/1418732734 <== mon.0 v2:172.21.15.8:3300/0 5 ==== osd_map(2..2 src has 1..2) v4 ==== 940+0+0 (secure 0 0 0) 0x7f6da804c4a0 con 0x7f6db8106e80
2024-04-13T17:41:28.562 INFO:teuthology.orchestra.run.smithi008.stdout:/usr/bin/ceph: stderr
2024-04-13T17:41:27.291+0000 7f6db5d9b700 1 --2- 172.21.15.8:0/1418732734 >> [v2:172.21.15.8:6800/1759070643,v1:172.21.15.8:6801/1759070643] conn(0x7f6da0038320 0x7f6da003a7e0 unknown :-1 s=BANNER_CONNECTING pgs=0 cs=0 l=1 rev1=0 crypto rx=0 tx=0 comp rx=0 tx=0)._handle_peer_banner_payload supported=3 required=0
2024-04-13T17:41:28.562 INFO:teuthology.orchestra.run.smithi008.stdout:/usr/bin/ceph: stderr
2024-04-13T17:41:27.292+0000 7f6db5d9b700 1 --2- 172.21.15.8:0/1418732734 >> [v2:172.21.15.8:6800/1759070643,v1:172.21.15.8:6801/1759070643] conn(0x7f6da0038320 0x7f6da003a7e0 secure :-1 s=READY pgs=15 cs=0 l=1 rev1=1 crypto rx=0x7f6dac006fd0 tx=0x7f6dac006e40 comp rx=0 tx=0).ready entity=mgr.14118 client_cookie=0 server_cookie=0 in_seq=0 out_seq=0
2024-04-13T17:41:28.562 INFO:teuthology.orchestra.run.smithi008.stdout:/usr/bin/ceph: stderr
2024-04-13T17:41:27.297+0000 7f6da77fe700 1 -- 172.21.15.8:0/1418732734 <== mon.0 v2:172.21.15.8:3300/0 6 ==== mon_command_ack([{"prefix": "get_command_descriptions"}]=0 v0) v1 ==== 72+0+180422 (secure 0 0 0) 0x7f6da801ad00 con 0x7f6db8106e80
2024-04-13T17:41:28.562 INFO:teuthology.orchestra.run.smithi008.stdout:/usr/bin/ceph: stderr
2024-04-13T17:41:27.510+0000 7f6dbc8ce700 1 -- 172.21.15.8:0/1418732734 --> [v2:172.21.15.8:6800/1759070643,v1:172.21.15.8:6801/1759070643] -- mgr_command(tid 0: {"prefix": "orch apply", "service_type": "ceph-exporter", "target": ["mon-mgr", ""]}) v1 -- 0x7f6db8105d30 con 0x7f6da0038320
2024-04-13T17:41:28.562 INFO:teuthology.orchestra.run.smithi008.stdout:/usr/bin/ceph: stderr
2024-04-13T17:41:27.514+0000 7f6da77fe700 1 -- 172.21.15.8:0/1418732734 <== mgr.14118 v2:172.21.15.8:6800/1759070643 1 ==== mgr_command_reply(tid 0: 0 ) v1 ==== 8+0+34 (secure 0 0 0) 0x7f6db8105d30 con 0x7f6da0038320
2024-04-13T17:41:28.562 INFO:teuthology.orchestra.run.smithi008.stdout:/usr/bin/ceph: stderr
2024-04-13T17:41:27.516+0000 7f6dbc8ce700 1 -- 172.21.15.8:0/1418732734 >> [v2:172.21.15.8:6800/1759070643,v1:172.21.15.8:6801/1759070643] conn(0x7f6da0038320 msgr2=0x7f6da003a7e0 secure :-1 s=STATE_CONNECTION_ESTABLISHED l=1).mark_down
2024-04-13T17:41:28.562 INFO:teuthology.orchestra.run.smithi008.stdout:/usr/bin/ceph: stderr
2024-04-13T17:41:27.516+0000 7f6dbc8ce700 1 --2- 172.21.15.8:0/1418732734 >> [v2:172.21.15.8:6800/1759070643,v1:172.21.15.8:6801/1759070643] conn(0x7f6da0038320 0x7f6da003a7e0 secure :-1 s=READY pgs=15 cs=0 l=1 rev1=1 crypto rx=0x7f6dac006fd0 tx=0x7f6dac006e40 comp rx=0 tx=0).stop
2024-04-13T17:41:28.563 INFO:journalctl@ceph.mon.smithi008.smithi008.stdout:Apr 13 17:41:28 smithi008 ceph-mon[39730]: from='client.14146 -' entity='client.admin' cmd=[{"prefix": "orch apply", "service_type": "ceph-exporter", "target": ["mon-mgr", ""]}]: dispatch
2024-04-13T17:41:28.563 INFO:journalctl@ceph.mon.smithi008.smithi008.stdout:Apr 13 17:41:28 smithi008 ceph-mon[39730]: Saving service ceph-exporter spec with placement *
2024-04-13T17:41:28.563 INFO:journalctl@ceph.mon.smithi008.smithi008.stdout:Apr 13 17:41:28 smithi008 ceph-mon[39730]: from='mgr.14118 172.21.15.8:0/1024749487' entity='mgr.smithi008.hkxugl'
2024-04-13T17:41:28.564 INFO:teuthology.orchestra.run.smithi008.stdout:/usr/bin/ceph: stderr
2024-04-13T17:41:27.516+0000 7f6dbc8ce700 1 -- 172.21.15.8:0/1418732734 >> [v2:172.21.15.8:3300/0,v1:172.21.15.8:6789/0] conn(0x7f6db8106e80 msgr2=0x7f6db81067e0 secure :-1 s=STATE_CONNECTION_ESTABLISHED l=1).mark_down
2024-04-13T17:41:28.564 INFO:teuthology.orchestra.run.smithi008.stdout:/usr/bin/ceph: stderr
2024-04-13T17:41:27.516+0000 7f6dbc8ce700 1 --2- 172.21.15.8:0/1418732734 >> [v2:172.21.15.8:3300/0,v1:172.21.15.8:6789/0] conn(0x7f6db8106e80 0x7f6db81067e0 secure :-1 s=READY pgs=52 cs=0 l=1 rev1=1 crypto rx=0x7f6da8011a00 tx=0x7f6da8011ae0 comp rx=0 tx=0).stop
2024-04-13T17:41:28.564 INFO:teuthology.orchestra.run.smithi008.stdout:/usr/bin/ceph: stderr
2024-04-13T17:41:27.516+0000 7f6dbc8ce700 1 -- 172.21.15.8:0/1418732734 shutdown_connections
2024-04-13T17:41:28.564 INFO:teuthology.orchestra.run.smithi008.stdout:/usr/bin/ceph: stderr
2024-04-13T17:41:27.516+0000 7f6dbc8ce700 1 --2- 172.21.15.8:0/1418732734 >> [v2:172.21.15.8:6800/1759070643,v1:172.21.15.8:6801/1759070643] conn(0x7f6da0038320 0x7f6da003a7e0 unknown :-1 s=CLOSED pgs=15 cs=0 l=1 rev1=1 crypto rx=0 tx=0 comp rx=0 tx=0).stop
2024-04-13T17:41:28.564 INFO:teuthology.orchestra.run.smithi008.stdout:/usr/bin/ceph: stderr
2024-04-13T17:41:27.516+0000 7f6dbc8ce700 1 --2- 172.21.15.8:0/1418732734 >> [v2:172.21.15.8:3300/0,v1:172.21.15.8:6789/0] conn(0x7f6db8106e80 0x7f6db81067e0 unknown :-1 s=CLOSED pgs=52 cs=0 l=1 rev1=1 crypto rx=0 tx=0 comp rx=0 tx=0).stop
2024-04-13T17:41:28.564 INFO:teuthology.orchestra.run.smithi008.stdout:/usr/bin/ceph: stderr
2024-04-13T17:41:27.516+0000 7f6dbc8ce700 1 -- 172.21.15.8:0/1418732734 >> 172.21.15.8:0/1418732734 conn(0x7f6db81007f0 msgr2=0x7f6db8101ea0 unknown :-1 s=STATE_NONE l=0).mark_down
2024-04-13T17:41:28.564 INFO:teuthology.orchestra.run.smithi008.stdout:/usr/bin/ceph: stderr
2024-04-13T17:41:27.517+0000 7f6dbc8ce700 1 -- 172.21.15.8:0/1418732734 shutdown_connections
2024-04-13T17:41:28.565 INFO:teuthology.orchestra.run.smithi008.stdout:/usr/bin/ceph: stderr
2024-04-13T17:41:27.517+0000 7f6dbc8ce700 1 -- 172.21.15.8:0/1418732734 wait complete.
2024-04-13T17:41:28.565 INFO:teuthology.orchestra.run.smithi008.stdout:Deploying prometheus service with default placement...
2024-04-13T17:41:30.191 INFO:teuthology.orchestra.run.smithi008.stdout:/usr/bin/ceph: stdout Scheduled prometheus update...
2024-04-13T17:41:30.191 INFO:teuthology.orchestra.run.smithi008.stdout:/usr/bin/ceph: stderr
2024-04-13T17:41:29.167+0000 7fac03276700 1 Processor -- start
2024-04-13T17:41:30.191 INFO:teuthology.orchestra.run.smithi008.stdout:/usr/bin/ceph: stderr
2024-04-13T17:41:29.167+0000 7fac03276700 1 -- start start
2024-04-13T17:41:30.191 INFO:teuthology.orchestra.run.smithi008.stdout:/usr/bin/ceph: stderr
2024-04-13T17:41:29.167+0000 7fac03276700 1 --2- >> [v2:172.21.15.8:3300/0,v1:172.21.15.8:6789/0] conn(0x7fabfc105720 0x7fabfc105b40 unknown :-1 s=NONE pgs=0 cs=0 l=0 rev1=0 crypto rx=0 tx=0 comp rx=0 tx=0).connect
2024-04-13T17:41:30.192 INFO:teuthology.orchestra.run.smithi008.stdout:/usr/bin/ceph: stderr
2024-04-13T17:41:29.167+0000 7fac03276700 1 -- --> [v2:172.21.15.8:3300/0,v1:172.21.15.8:6789/0] -- mon_getmap magic: 0 v1 -- 0x7fabfc106110 con 0x7fabfc105720
2024-04-13T17:41:30.192 INFO:teuthology.orchestra.run.smithi008.stdout:/usr/bin/ceph: stderr
2024-04-13T17:41:29.168+0000 7fac01012700 1 --2- >> [v2:172.21.15.8:3300/0,v1:172.21.15.8:6789/0] conn(0x7fabfc105720 0x7fabfc105b40 unknown :-1 s=BANNER_CONNECTING pgs=0 cs=0 l=0 rev1=0 crypto rx=0 tx=0 comp rx=0 tx=0)._handle_peer_banner_payload supported=3 required=0
2024-04-13T17:41:30.192 INFO:teuthology.orchestra.run.smithi008.stdout:/usr/bin/ceph: stderr
2024-04-13T17:41:29.168+0000 7fac01012700 1 --2- >> [v2:172.21.15.8:3300/0,v1:172.21.15.8:6789/0] conn(0x7fabfc105720 0x7fabfc105b40 unknown :-1 s=HELLO_CONNECTING pgs=0 cs=0 l=0 rev1=1 crypto rx=0 tx=0 comp rx=0 tx=0).handle_hello peer v2:172.21.15.8:3300/0 says I am v2:172.21.15.8:48850/0 (socket says 172.21.15.8:48850)
2024-04-13T17:41:30.192 INFO:teuthology.orchestra.run.smithi008.stdout:/usr/bin/ceph: stderr
2024-04-13T17:41:29.168+0000 7fac01012700 1 -- 172.21.15.8:0/4211277498 learned_addr learned my addr 172.21.15.8:0/4211277498 (peer_addr_for_me v2:172.21.15.8:0/0)
2024-04-13T17:41:30.192 INFO:teuthology.orchestra.run.smithi008.stdout:/usr/bin/ceph: stderr
2024-04-13T17:41:29.168+0000 7fac01012700 1 -- 172.21.15.8:0/4211277498 --> [v2:172.21.15.8:3300/0,v1:172.21.15.8:6789/0] -- mon_subscribe({config=0+,monmap=0+}) v3 -- 0x7fabfc106440 con 0x7fabfc105720
2024-04-13T17:41:30.192 INFO:teuthology.orchestra.run.smithi008.stdout:/usr/bin/ceph: stderr
2024-04-13T17:41:29.168+0000 7fac01012700 1 --2- 172.21.15.8:0/4211277498 >> [v2:172.21.15.8:3300/0,v1:172.21.15.8:6789/0] conn(0x7fabfc105720 0x7fabfc105b40 secure :-1 s=READY pgs=53 cs=0 l=1 rev1=1 crypto rx=0x7fabec00bb40 tx=0x7fabec00be50 comp rx=0 tx=0).ready entity=mon.0 client_cookie=1ea7ab9e294a186a server_cookie=0 in_seq=0 out_seq=0
2024-04-13T17:41:30.192 INFO:teuthology.orchestra.run.smithi008.stdout:/usr/bin/ceph: stderr
2024-04-13T17:41:29.168+0000 7fabf3fff700 1 -- 172.21.15.8:0/4211277498 <== mon.0 v2:172.21.15.8:3300/0 1 ==== mon_map magic: 0 v1 ==== 229+0+0 (secure 0 0 0) 0x7fabec00dc00 con 0x7fabfc105720
2024-04-13T17:41:30.192 INFO:teuthology.orchestra.run.smithi008.stdout:/usr/bin/ceph: stderr
2024-04-13T17:41:29.168+0000 7fabf3fff700 1 -- 172.21.15.8:0/4211277498 <== mon.0 v2:172.21.15.8:3300/0 2 ==== config(26 keys) v1 ==== 1066+0+0 (secure 0 0 0) 0x7fabec0044c0 con 0x7fabfc105720
2024-04-13T17:41:30.192 INFO:teuthology.orchestra.run.smithi008.stdout:/usr/bin/ceph: stderr
2024-04-13T17:41:29.168+0000 7fabf3fff700 1 -- 172.21.15.8:0/4211277498 <== mon.0 v2:172.21.15.8:3300/0 3 ==== mon_map magic: 0 v1 ==== 229+0+0 (secure 0 0 0) 0x7fabec003e90 con 0x7fabfc105720
2024-04-13T17:41:30.192 INFO:teuthology.orchestra.run.smithi008.stdout:/usr/bin/ceph: stderr
2024-04-13T17:41:29.169+0000 7fac03276700 1 -- 172.21.15.8:0/4211277498 >> [v2:172.21.15.8:3300/0,v1:172.21.15.8:6789/0] conn(0x7fabfc105720 msgr2=0x7fabfc105b40 secure :-1 s=STATE_CONNECTION_ESTABLISHED l=1).mark_down
2024-04-13T17:41:30.192 INFO:teuthology.orchestra.run.smithi008.stdout:/usr/bin/ceph: stderr
2024-04-13T17:41:29.169+0000 7fac03276700 1 --2- 172.21.15.8:0/4211277498 >> [v2:172.21.15.8:3300/0,v1:172.21.15.8:6789/0] conn(0x7fabfc105720 0x7fabfc105b40 secure :-1 s=READY pgs=53 cs=0 l=1 rev1=1 crypto rx=0x7fabec00bb40 tx=0x7fabec00be50 comp rx=0 tx=0).stop
2024-04-13T17:41:30.192 INFO:teuthology.orchestra.run.smithi008.stdout:/usr/bin/ceph: stderr
2024-04-13T17:41:29.169+0000 7fac03276700 1 -- 172.21.15.8:0/4211277498 shutdown_connections
2024-04-13T17:41:30.192 INFO:teuthology.orchestra.run.smithi008.stdout:/usr/bin/ceph: stderr
2024-04-13T17:41:29.169+0000 7fac03276700 1 --2- 172.21.15.8:0/4211277498 >> [v2:172.21.15.8:3300/0,v1:172.21.15.8:6789/0] conn(0x7fabfc105720 0x7fabfc105b40 unknown :-1 s=CLOSED pgs=53 cs=0 l=1 rev1=1 crypto rx=0 tx=0 comp rx=0 tx=0).stop
2024-04-13T17:41:30.193 INFO:teuthology.orchestra.run.smithi008.stdout:/usr/bin/ceph: stderr
2024-04-13T17:41:29.169+0000 7fac03276700 1 -- 172.21.15.8:0/4211277498 >> 172.21.15.8:0/4211277498 conn(0x7fabfc0fff40 msgr2=0x7fabfc102380 unknown :-1 s=STATE_NONE l=0).mark_down
2024-04-13T17:41:30.193 INFO:teuthology.orchestra.run.smithi008.stdout:/usr/bin/ceph: stderr
2024-04-13T17:41:29.169+0000 7fac03276700 1 -- 172.21.15.8:0/4211277498 shutdown_connections
2024-04-13T17:41:30.193 INFO:teuthology.orchestra.run.smithi008.stdout:/usr/bin/ceph: stderr
2024-04-13T17:41:29.169+0000 7fac03276700 1 -- 172.21.15.8:0/4211277498 wait complete.
2024-04-13T17:41:30.193 INFO:teuthology.orchestra.run.smithi008.stdout:/usr/bin/ceph: stderr
2024-04-13T17:41:29.169+0000 7fac03276700 1 Processor -- start
2024-04-13T17:41:30.193 INFO:teuthology.orchestra.run.smithi008.stdout:/usr/bin/ceph: stderr
2024-04-13T17:41:29.169+0000 7fac03276700 1 -- start start
2024-04-13T17:41:30.193 INFO:teuthology.orchestra.run.smithi008.stdout:/usr/bin/ceph: stderr
2024-04-13T17:41:29.170+0000 7fac03276700 1 --2- >> [v2:172.21.15.8:3300/0,v1:172.21.15.8:6789/0] conn(0x7fabfc105720 0x7fabfc19c1c0 unknown :-1 s=NONE pgs=0 cs=0 l=1 rev1=0 crypto rx=0 tx=0 comp rx=0 tx=0).connect
2024-04-13T17:41:30.193 INFO:teuthology.orchestra.run.smithi008.stdout:/usr/bin/ceph: stderr
2024-04-13T17:41:29.170+0000 7fac03276700 1 -- --> [v2:172.21.15.8:3300/0,v1:172.21.15.8:6789/0] -- mon_getmap magic: 0 v1 -- 0x7fabfc19c700 con 0x7fabfc105720
2024-04-13T17:41:30.193 INFO:teuthology.orchestra.run.smithi008.stdout:/usr/bin/ceph: stderr
2024-04-13T17:41:29.170+0000 7fac01012700 1 --2- >> [v2:172.21.15.8:3300/0,v1:172.21.15.8:6789/0] conn(0x7fabfc105720 0x7fabfc19c1c0 unknown :-1 s=BANNER_CONNECTING pgs=0 cs=0 l=1 rev1=0 crypto rx=0 tx=0 comp rx=0 tx=0)._handle_peer_banner_payload supported=3 required=0
2024-04-13T17:41:30.193 INFO:teuthology.orchestra.run.smithi008.stdout:/usr/bin/ceph: stderr
2024-04-13T17:41:29.170+0000 7fac01012700 1 --2- >> [v2:172.21.15.8:3300/0,v1:172.21.15.8:6789/0] conn(0x7fabfc105720 0x7fabfc19c1c0 unknown :-1 s=HELLO_CONNECTING pgs=0 cs=0 l=1 rev1=1 crypto rx=0 tx=0 comp rx=0 tx=0).handle_hello peer v2:172.21.15.8:3300/0 says I am v2:172.21.15.8:48858/0 (socket says 172.21.15.8:48858)
2024-04-13T17:41:30.193 INFO:teuthology.orchestra.run.smithi008.stdout:/usr/bin/ceph: stderr
2024-04-13T17:41:29.170+0000 7fac01012700 1 -- 172.21.15.8:0/896198311 learned_addr learned my addr 172.21.15.8:0/896198311 (peer_addr_for_me v2:172.21.15.8:0/0)
2024-04-13T17:41:30.193 INFO:teuthology.orchestra.run.smithi008.stdout:/usr/bin/ceph: stderr
2024-04-13T17:41:29.170+0000 7fac01012700 1 -- 172.21.15.8:0/896198311 --> [v2:172.21.15.8:3300/0,v1:172.21.15.8:6789/0] -- mon_subscribe({config=0+,monmap=0+}) v3 -- 0x7fabec00b7f0 con 0x7fabfc105720
2024-04-13T17:41:30.193 INFO:teuthology.orchestra.run.smithi008.stdout:/usr/bin/ceph: stderr
2024-04-13T17:41:29.170+0000 7fac01012700 1 --2- 172.21.15.8:0/896198311 >> [v2:172.21.15.8:3300/0,v1:172.21.15.8:6789/0] conn(0x7fabfc105720 0x7fabfc19c1c0 secure :-1 s=READY pgs=54 cs=0 l=1 rev1=1 crypto rx=0x7fabec010550 tx=0x7fabec003fe0 comp rx=0 tx=0).ready entity=mon.0 client_cookie=0 server_cookie=0 in_seq=0 out_seq=0
2024-04-13T17:41:30.193 INFO:teuthology.orchestra.run.smithi008.stdout:/usr/bin/ceph: stderr
2024-04-13T17:41:29.170+0000 7fabf27fc700 1 -- 172.21.15.8:0/896198311 <== mon.0 v2:172.21.15.8:3300/0 1 ==== mon_map magic: 0 v1 ==== 229+0+0 (secure 0 0 0) 0x7fabec0105d0 con 0x7fabfc105720
2024-04-13T17:41:30.193 INFO:teuthology.orchestra.run.smithi008.stdout:/usr/bin/ceph: stderr
2024-04-13T17:41:29.170+0000 7fac03276700 1 -- 172.21.15.8:0/896198311 --> [v2:172.21.15.8:3300/0,v1:172.21.15.8:6789/0] -- mon_subscribe({mgrmap=0+}) v3 -- 0x7fabfc19c900 con 0x7fabfc105720
2024-04-13T17:41:30.193 INFO:teuthology.orchestra.run.smithi008.stdout:/usr/bin/ceph: stderr
2024-04-13T17:41:29.170+0000 7fabf27fc700 1 -- 172.21.15.8:0/896198311 <== mon.0 v2:172.21.15.8:3300/0 2 ==== config(26 keys) v1 ==== 1066+0+0 (secure 0 0 0) 0x7fabec010bc0 con 0x7fabfc105720
2024-04-13T17:41:30.194 INFO:teuthology.orchestra.run.smithi008.stdout:/usr/bin/ceph: stderr
2024-04-13T17:41:29.170+0000 7fabf27fc700 1 -- 172.21.15.8:0/896198311 <== mon.0 v2:172.21.15.8:3300/0 3 ==== mon_map magic: 0 v1 ==== 229+0+0 (secure 0 0 0) 0x7fabec021cb0 con 0x7fabfc105720
2024-04-13T17:41:30.194 INFO:teuthology.orchestra.run.smithi008.stdout:/usr/bin/ceph: stderr
2024-04-13T17:41:29.170+0000 7fac03276700 1 -- 172.21.15.8:0/896198311 --> [v2:172.21.15.8:3300/0,v1:172.21.15.8:6789/0] -- mon_subscribe({osdmap=0}) v3 -- 0x7fabfc19ccc0 con 0x7fabfc105720
2024-04-13T17:41:30.194 INFO:teuthology.orchestra.run.smithi008.stdout:/usr/bin/ceph: stderr
2024-04-13T17:41:29.171+0000 7fabf27fc700 1 -- 172.21.15.8:0/896198311 <== mon.0 v2:172.21.15.8:3300/0 4 ==== mgrmap(e 8) v1 ==== 45283+0+0 (secure 0 0 0) 0x7fabec0193f0 con 0x7fabfc105720
2024-04-13T17:41:30.194 INFO:teuthology.orchestra.run.smithi008.stdout:/usr/bin/ceph: stderr
2024-04-13T17:41:29.171+0000 7fac03276700 1 -- 172.21.15.8:0/896198311 --> [v2:172.21.15.8:3300/0,v1:172.21.15.8:6789/0] -- mon_command({"prefix": "get_command_descriptions"} v 0) v1 -- 0x7fabfc191ad0 con 0x7fabfc105720
2024-04-13T17:41:30.194 INFO:teuthology.orchestra.run.smithi008.stdout:/usr/bin/ceph: stderr
2024-04-13T17:41:29.171+0000 7fabf27fc700 1 --2- 172.21.15.8:0/896198311 >> [v2:172.21.15.8:6800/1759070643,v1:172.21.15.8:6801/1759070643] conn(0x7fabe80382d0 0x7fabe803a790 unknown :-1 s=NONE pgs=0 cs=0 l=1 rev1=0 crypto rx=0 tx=0 comp rx=0 tx=0).connect
2024-04-13T17:41:30.194 INFO:teuthology.orchestra.run.smithi008.stdout:/usr/bin/ceph: stderr
2024-04-13T17:41:29.171+0000 7fabf27fc700 1 -- 172.21.15.8:0/896198311 <== mon.0 v2:172.21.15.8:3300/0 5 ==== osd_map(2..2 src has 1..2) v4 ==== 940+0+0 (secure 0 0 0) 0x7fabec04c6b0 con 0x7fabfc105720
2024-04-13T17:41:30.194 INFO:teuthology.orchestra.run.smithi008.stdout:/usr/bin/ceph: stderr
2024-04-13T17:41:29.172+0000 7fac00811700 1 --2- 172.21.15.8:0/896198311 >> [v2:172.21.15.8:6800/1759070643,v1:172.21.15.8:6801/1759070643] conn(0x7fabe80382d0 0x7fabe803a790 unknown :-1 s=BANNER_CONNECTING pgs=0 cs=0 l=1 rev1=0 crypto rx=0 tx=0 comp rx=0 tx=0)._handle_peer_banner_payload supported=3 required=0
2024-04-13T17:41:30.194 INFO:teuthology.orchestra.run.smithi008.stdout:/usr/bin/ceph: stderr
2024-04-13T17:41:29.172+0000 7fac00811700 1 --2- 172.21.15.8:0/896198311 >> [v2:172.21.15.8:6800/1759070643,v1:172.21.15.8:6801/1759070643] conn(0x7fabe80382d0 0x7fabe803a790 secure :-1 s=READY pgs=16 cs=0 l=1 rev1=1 crypto rx=0x7fabf8006fd0 tx=0x7fabf8006e40 comp rx=0 tx=0).ready entity=mgr.14118 client_cookie=0 server_cookie=0 in_seq=0 out_seq=0
2024-04-13T17:41:30.194 INFO:teuthology.orchestra.run.smithi008.stdout:/usr/bin/ceph: stderr
2024-04-13T17:41:29.176+0000 7fabf27fc700 1 -- 172.21.15.8:0/896198311 <== mon.0 v2:172.21.15.8:3300/0 6 ==== mon_command_ack([{"prefix": "get_command_descriptions"}]=0 v0) v1 ==== 72+0+180422 (secure 0 0 0) 0x7fabec021410 con 0x7fabfc105720
2024-04-13T17:41:30.194 INFO:teuthology.orchestra.run.smithi008.stdout:/usr/bin/ceph: stderr
2024-04-13T17:41:29.388+0000 7fac03276700 1 -- 172.21.15.8:0/896198311 --> [v2:172.21.15.8:6800/1759070643,v1:172.21.15.8:6801/1759070643] -- mgr_command(tid 0: {"prefix": "orch apply", "service_type": "prometheus", "target": ["mon-mgr", ""]}) v1 -- 0x7fabfc0611d0 con 0x7fabe80382d0
2024-04-13T17:41:30.194 INFO:teuthology.orchestra.run.smithi008.stdout:/usr/bin/ceph: stderr
2024-04-13T17:41:29.392+0000 7fabf27fc700 1 -- 172.21.15.8:0/896198311 <== mgr.14118 v2:172.21.15.8:6800/1759070643 1 ==== mgr_command_reply(tid 0: 0 ) v1 ==== 8+0+31 (secure 0 0 0) 0x7fabfc0611d0 con 0x7fabe80382d0
2024-04-13T17:41:30.194 INFO:teuthology.orchestra.run.smithi008.stdout:/usr/bin/ceph: stderr
2024-04-13T17:41:29.394+0000 7fac03276700 1 -- 172.21.15.8:0/896198311 >> [v2:172.21.15.8:6800/1759070643,v1:172.21.15.8:6801/1759070643] conn(0x7fabe80382d0 msgr2=0x7fabe803a790 secure :-1 s=STATE_CONNECTION_ESTABLISHED l=1).mark_down
2024-04-13T17:41:30.194 INFO:teuthology.orchestra.run.smithi008.stdout:/usr/bin/ceph: stderr
2024-04-13T17:41:29.394+0000 7fac03276700 1 --2- 172.21.15.8:0/896198311 >> [v2:172.21.15.8:6800/1759070643,v1:172.21.15.8:6801/1759070643] conn(0x7fabe80382d0 0x7fabe803a790 secure :-1 s=READY pgs=16 cs=0 l=1 rev1=1 crypto rx=0x7fabf8006fd0 tx=0x7fabf8006e40 comp rx=0 tx=0).stop
2024-04-13T17:41:30.194 INFO:teuthology.orchestra.run.smithi008.stdout:/usr/bin/ceph: stderr
2024-04-13T17:41:29.394+0000 7fac03276700 1 -- 172.21.15.8:0/896198311 >> [v2:172.21.15.8:3300/0,v1:172.21.15.8:6789/0] conn(0x7fabfc105720 msgr2=0x7fabfc19c1c0 secure :-1 s=STATE_CONNECTION_ESTABLISHED l=1).mark_down
2024-04-13T17:41:30.195 INFO:teuthology.orchestra.run.smithi008.stdout:/usr/bin/ceph: stderr
2024-04-13T17:41:29.394+0000 7fac03276700 1 --2- 172.21.15.8:0/896198311 >> [v2:172.21.15.8:3300/0,v1:172.21.15.8:6789/0] conn(0x7fabfc105720 0x7fabfc19c1c0 secure :-1 s=READY pgs=54 cs=0 l=1 rev1=1 crypto rx=0x7fabec010550 tx=0x7fabec003fe0 comp rx=0 tx=0).stop
2024-04-13T17:41:30.195 INFO:teuthology.orchestra.run.smithi008.stdout:/usr/bin/ceph: stderr
2024-04-13T17:41:29.394+0000 7fac03276700 1 -- 172.21.15.8:0/896198311 shutdown_connections
2024-04-13T17:41:30.195 INFO:teuthology.orchestra.run.smithi008.stdout:/usr/bin/ceph: stderr
2024-04-13T17:41:29.394+0000 7fac03276700 1 --2- 172.21.15.8:0/896198311 >> [v2:172.21.15.8:6800/1759070643,v1:172.21.15.8:6801/1759070643] conn(0x7fabe80382d0 0x7fabe803a790 unknown :-1 s=CLOSED pgs=16 cs=0 l=1 rev1=1 crypto rx=0 tx=0 comp rx=0 tx=0).stop
2024-04-13T17:41:30.195 INFO:teuthology.orchestra.run.smithi008.stdout:/usr/bin/ceph: stderr
2024-04-13T17:41:29.394+0000 7fac03276700 1 --2- 172.21.15.8:0/896198311 >> [v2:172.21.15.8:3300/0,v1:172.21.15.8:6789/0] conn(0x7fabfc105720 0x7fabfc19c1c0 unknown :-1 s=CLOSED pgs=54 cs=0 l=1 rev1=1 crypto rx=0 tx=0 comp rx=0 tx=0).stop
2024-04-13T17:41:30.195 INFO:teuthology.orchestra.run.smithi008.stdout:/usr/bin/ceph: stderr
2024-04-13T17:41:29.394+0000 7fac03276700 1 -- 172.21.15.8:0/896198311 >> 172.21.15.8:0/896198311 conn(0x7fabfc0fff40 msgr2=0x7fabfc18ec10 unknown :-1 s=STATE_NONE l=0).mark_down
2024-04-13T17:41:30.195 INFO:teuthology.orchestra.run.smithi008.stdout:/usr/bin/ceph: stderr
2024-04-13T17:41:29.394+0000 7fac03276700 1 -- 172.21.15.8:0/896198311 shutdown_connections
2024-04-13T17:41:30.195 INFO:teuthology.orchestra.run.smithi008.stdout:/usr/bin/ceph: stderr
2024-04-13T17:41:29.394+0000 7fac03276700 1 -- 172.21.15.8:0/896198311 wait complete.
2024-04-13T17:41:30.195 INFO:teuthology.orchestra.run.smithi008.stdout:Deploying grafana service with default placement...
2024-04-13T17:41:30.454 INFO:journalctl@ceph.mon.smithi008.smithi008.stdout:Apr 13 17:41:30 smithi008 ceph-mon[39730]: from='client.14148 -' entity='client.admin' cmd=[{"prefix": "orch apply", "service_type": "prometheus", "target": ["mon-mgr", ""]}]: dispatch
2024-04-13T17:41:30.454 INFO:journalctl@ceph.mon.smithi008.smithi008.stdout:Apr 13 17:41:30 smithi008 ceph-mon[39730]: Saving service prometheus spec with placement count:1
2024-04-13T17:41:30.454 INFO:journalctl@ceph.mon.smithi008.smithi008.stdout:Apr 13 17:41:30 smithi008 ceph-mon[39730]: from='mgr.14118 172.21.15.8:0/1024749487' entity='mgr.smithi008.hkxugl'
2024-04-13T17:41:30.454 INFO:journalctl@ceph.mon.smithi008.smithi008.stdout:Apr 13 17:41:30 smithi008 ceph-mon[39730]: pgmap v3: 0 pgs: ; 0 B data, 0 B used, 0 B / 0 B avail
2024-04-13T17:41:31.616 INFO:teuthology.orchestra.run.smithi008.stdout:/usr/bin/ceph: stdout Scheduled grafana update...
2024-04-13T17:41:31.616 INFO:teuthology.orchestra.run.smithi008.stdout:/usr/bin/ceph: stderr
2024-04-13T17:41:30.757+0000 7fc8b9a64700 1 Processor -- start
2024-04-13T17:41:31.617 INFO:teuthology.orchestra.run.smithi008.stdout:/usr/bin/ceph: stderr
2024-04-13T17:41:30.757+0000 7fc8b9a64700 1 -- start start
2024-04-13T17:41:31.617 INFO:teuthology.orchestra.run.smithi008.stdout:/usr/bin/ceph: stderr
2024-04-13T17:41:30.757+0000 7fc8b9a64700 1 --2- >> [v2:172.21.15.8:3300/0,v1:172.21.15.8:6789/0] conn(0x7fc8b4104c10 0x7fc8b4105030 unknown :-1 s=NONE pgs=0 cs=0 l=0 rev1=0 crypto rx=0 tx=0 comp rx=0 tx=0).connect
2024-04-13T17:41:31.617 INFO:teuthology.orchestra.run.smithi008.stdout:/usr/bin/ceph: stderr
2024-04-13T17:41:30.757+0000 7fc8b9a64700 1 -- --> [v2:172.21.15.8:3300/0,v1:172.21.15.8:6789/0] -- mon_getmap magic: 0 v1 -- 0x7fc8b40744b0 con 0x7fc8b4104c10
2024-04-13T17:41:31.617 INFO:teuthology.orchestra.run.smithi008.stdout:/usr/bin/ceph: stderr
2024-04-13T17:41:30.757+0000 7fc8b37fe700 1 --2- >> [v2:172.21.15.8:3300/0,v1:172.21.15.8:6789/0] conn(0x7fc8b4104c10 0x7fc8b4105030 unknown :-1 s=BANNER_CONNECTING pgs=0 cs=0 l=0 rev1=0 crypto rx=0 tx=0 comp rx=0 tx=0)._handle_peer_banner_payload supported=3 required=0
2024-04-13T17:41:31.617 INFO:teuthology.orchestra.run.smithi008.stdout:/usr/bin/ceph: stderr
2024-04-13T17:41:30.757+0000 7fc8b37fe700 1 --2- >> [v2:172.21.15.8:3300/0,v1:172.21.15.8:6789/0] conn(0x7fc8b4104c10 0x7fc8b4105030 unknown :-1 s=HELLO_CONNECTING pgs=0 cs=0 l=0 rev1=1 crypto rx=0 tx=0 comp rx=0 tx=0).handle_hello peer v2:172.21.15.8:3300/0 says I am v2:172.21.15.8:48862/0 (socket says 172.21.15.8:48862)
2024-04-13T17:41:31.617 INFO:teuthology.orchestra.run.smithi008.stdout:/usr/bin/ceph: stderr
2024-04-13T17:41:30.757+0000 7fc8b37fe700 1 -- 172.21.15.8:0/2653223781 learned_addr learned my addr 172.21.15.8:0/2653223781 (peer_addr_for_me v2:172.21.15.8:0/0)
2024-04-13T17:41:31.617 INFO:teuthology.orchestra.run.smithi008.stdout:/usr/bin/ceph: stderr
