2024-04-13T17:41:39.801+0000 7fb2ad1bd700 1 --2- 172.21.15.8:0/3174367395 >> [v2:172.21.15.8:3300/0,v1:172.21.15.8:6789/0] conn(0x7fb2a8106da0 0x7fb2a8109190 unknown :-1 s=CLOSED pgs=69 cs=0 l=1 rev1=1 crypto rx=0 tx=0 comp rx=0 tx=0).stop
2024-04-13T17:41:40.709 INFO:teuthology.orchestra.run.smithi008.stdout:/usr/bin/ceph: stderr
2024-04-13T17:41:39.801+0000 7fb2ad1bd700 1 -- 172.21.15.8:0/3174367395 >> 172.21.15.8:0/3174367395 conn(0x7fb2a81007f0 msgr2=0x7fb2a8102c10 unknown :-1 s=STATE_NONE l=0).mark_down
2024-04-13T17:41:40.710 INFO:teuthology.orchestra.run.smithi008.stdout:/usr/bin/ceph: stderr
2024-04-13T17:41:39.802+0000 7fb2ad1bd700 1 -- 172.21.15.8:0/3174367395 shutdown_connections
2024-04-13T17:41:40.710 INFO:teuthology.orchestra.run.smithi008.stdout:/usr/bin/ceph: stderr
2024-04-13T17:41:39.802+0000 7fb2ad1bd700 1 -- 172.21.15.8:0/3174367395 wait complete.
2024-04-13T17:41:40.710 INFO:teuthology.orchestra.run.smithi008.stdout:/usr/bin/ceph: stderr
2024-04-13T17:41:39.802+0000 7fb2ad1bd700 1 Processor -- start
2024-04-13T17:41:40.710 INFO:teuthology.orchestra.run.smithi008.stdout:/usr/bin/ceph: stderr
2024-04-13T17:41:39.802+0000 7fb2ad1bd700 1 -- start start
2024-04-13T17:41:40.710 INFO:teuthology.orchestra.run.smithi008.stdout:/usr/bin/ceph: stderr
2024-04-13T17:41:39.803+0000 7fb2ad1bd700 1 --2- >> [v2:172.21.15.8:3300/0,v1:172.21.15.8:6789/0] conn(0x7fb2a8106da0 0x7fb2a8106700 unknown :-1 s=NONE pgs=0 cs=0 l=1 rev1=0 crypto rx=0 tx=0 comp rx=0 tx=0).connect
2024-04-13T17:41:40.710 INFO:teuthology.orchestra.run.smithi008.stdout:/usr/bin/ceph: stderr
2024-04-13T17:41:39.803+0000 7fb2ad1bd700 1 -- --> [v2:172.21.15.8:3300/0,v1:172.21.15.8:6789/0] -- mon_getmap magic: 0 v1 -- 0x7fb2a8106c40 con 0x7fb2a8106da0
2024-04-13T17:41:40.710 INFO:teuthology.orchestra.run.smithi008.stdout:/usr/bin/ceph: stderr
2024-04-13T17:41:39.803+0000 7fb2a6d9d700 1 --2- >> [v2:172.21.15.8:3300/0,v1:172.21.15.8:6789/0] conn(0x7fb2a8106da0 0x7fb2a8106700 unknown :-1 s=BANNER_CONNECTING pgs=0 cs=0 l=1 rev1=0 crypto rx=0 tx=0 comp rx=0 tx=0)._handle_peer_banner_payload supported=3 required=0
2024-04-13T17:41:40.710 INFO:teuthology.orchestra.run.smithi008.stdout:/usr/bin/ceph: stderr
2024-04-13T17:41:39.803+0000 7fb2a6d9d700 1 --2- >> [v2:172.21.15.8:3300/0,v1:172.21.15.8:6789/0] conn(0x7fb2a8106da0 0x7fb2a8106700 unknown :-1 s=HELLO_CONNECTING pgs=0 cs=0 l=1 rev1=1 crypto rx=0 tx=0 comp rx=0 tx=0).handle_hello peer v2:172.21.15.8:3300/0 says I am v2:172.21.15.8:42918/0 (socket says 172.21.15.8:42918)
2024-04-13T17:41:40.710 INFO:teuthology.orchestra.run.smithi008.stdout:/usr/bin/ceph: stderr
2024-04-13T17:41:39.803+0000 7fb2a6d9d700 1 -- 172.21.15.8:0/4193444507 learned_addr learned my addr 172.21.15.8:0/4193444507 (peer_addr_for_me v2:172.21.15.8:0/0)
2024-04-13T17:41:40.710 INFO:teuthology.orchestra.run.smithi008.stdout:/usr/bin/ceph: stderr
2024-04-13T17:41:39.803+0000 7fb2a6d9d700 1 -- 172.21.15.8:0/4193444507 --> [v2:172.21.15.8:3300/0,v1:172.21.15.8:6789/0] -- mon_subscribe({config=0+,monmap=0+}) v3 -- 0x7fb298009550 con 0x7fb2a8106da0
2024-04-13T17:41:40.710 INFO:teuthology.orchestra.run.smithi008.stdout:/usr/bin/ceph: stderr
2024-04-13T17:41:39.803+0000 7fb2a6d9d700 1 --2- 172.21.15.8:0/4193444507 >> [v2:172.21.15.8:3300/0,v1:172.21.15.8:6789/0] conn(0x7fb2a8106da0 0x7fb2a8106700 secure :-1 s=READY pgs=70 cs=0 l=1 rev1=1 crypto rx=0x7fb298006af0 tx=0x7fb298011b20 comp rx=0 tx=0).ready entity=mon.0 client_cookie=0 server_cookie=0 in_seq=0 out_seq=0
2024-04-13T17:41:40.710 INFO:teuthology.orchestra.run.smithi008.stdout:/usr/bin/ceph: stderr
2024-04-13T17:41:39.803+0000 7fb28ffff700 1 -- 172.21.15.8:0/4193444507 <== mon.0 v2:172.21.15.8:3300/0 1 ==== mon_map magic: 0 v1 ==== 229+0+0 (secure 0 0 0) 0x7fb298003a80 con 0x7fb2a8106da0
2024-04-13T17:41:40.710 INFO:teuthology.orchestra.run.smithi008.stdout:/usr/bin/ceph: stderr
2024-04-13T17:41:39.804+0000 7fb2ad1bd700 1 -- 172.21.15.8:0/4193444507 --> [v2:172.21.15.8:3300/0,v1:172.21.15.8:6789/0] -- mon_subscribe({mgrmap=0+}) v3 -- 0x7fb2a8104d50 con 0x7fb2a8106da0
2024-04-13T17:41:40.710 INFO:teuthology.orchestra.run.smithi008.stdout:/usr/bin/ceph: stderr
2024-04-13T17:41:39.803+0000 7fb28ffff700 1 -- 172.21.15.8:0/4193444507 <== mon.0 v2:172.21.15.8:3300/0 2 ==== config(26 keys) v1 ==== 1066+0+0 (secure 0 0 0) 0x7fb298003be0 con 0x7fb2a8106da0
2024-04-13T17:41:40.711 INFO:teuthology.orchestra.run.smithi008.stdout:/usr/bin/ceph: stderr
2024-04-13T17:41:39.804+0000 7fb28ffff700 1 -- 172.21.15.8:0/4193444507 <== mon.0 v2:172.21.15.8:3300/0 3 ==== mon_map magic: 0 v1 ==== 229+0+0 (secure 0 0 0) 0x7fb298019770 con 0x7fb2a8106da0
2024-04-13T17:41:40.711 INFO:teuthology.orchestra.run.smithi008.stdout:/usr/bin/ceph: stderr
2024-04-13T17:41:39.804+0000 7fb2ad1bd700 1 -- 172.21.15.8:0/4193444507 --> [v2:172.21.15.8:3300/0,v1:172.21.15.8:6789/0] -- mon_subscribe({osdmap=0}) v3 -- 0x7fb2a8105170 con 0x7fb2a8106da0
2024-04-13T17:41:40.711 INFO:teuthology.orchestra.run.smithi008.stdout:/usr/bin/ceph: stderr
2024-04-13T17:41:39.804+0000 7fb2ad1bd700 1 -- 172.21.15.8:0/4193444507 --> [v2:172.21.15.8:3300/0,v1:172.21.15.8:6789/0] -- mon_command({"prefix": "get_command_descriptions"} v 0) v1 -- 0x7fb2a810a460 con 0x7fb2a8106da0
2024-04-13T17:41:40.711 INFO:teuthology.orchestra.run.smithi008.stdout:/usr/bin/ceph: stderr
2024-04-13T17:41:39.805+0000 7fb28ffff700 1 -- 172.21.15.8:0/4193444507 <== mon.0 v2:172.21.15.8:3300/0 4 ==== mgrmap(e 9) v1 ==== 45296+0+0 (secure 0 0 0) 0x7fb298019a30 con 0x7fb2a8106da0
2024-04-13T17:41:40.711 INFO:teuthology.orchestra.run.smithi008.stdout:/usr/bin/ceph: stderr
2024-04-13T17:41:39.805+0000 7fb28ffff700 1 --2- 172.21.15.8:0/4193444507 >> [v2:172.21.15.8:6800/1759070643,v1:172.21.15.8:6801/1759070643] conn(0x7fb290038330 0x7fb29003a7f0 unknown :-1 s=NONE pgs=0 cs=0 l=1 rev1=0 crypto rx=0 tx=0 comp rx=0 tx=0).connect
2024-04-13T17:41:40.711 INFO:teuthology.orchestra.run.smithi008.stdout:/usr/bin/ceph: stderr
2024-04-13T17:41:39.805+0000 7fb28ffff700 1 -- 172.21.15.8:0/4193444507 <== mon.0 v2:172.21.15.8:3300/0 5 ==== osd_map(2..2 src has 1..2) v4 ==== 940+0+0 (secure 0 0 0) 0x7fb29804cd60 con 0x7fb2a8106da0
2024-04-13T17:41:40.711 INFO:teuthology.orchestra.run.smithi008.stdout:/usr/bin/ceph: stderr
2024-04-13T17:41:39.805+0000 7fb2a659c700 1 -- 172.21.15.8:0/4193444507 >> [v2:172.21.15.8:6800/1759070643,v1:172.21.15.8:6801/1759070643] conn(0x7fb290038330 msgr2=0x7fb29003a7f0 unknown :-1 s=STATE_CONNECTING_RE l=1).process reconnect failed to v2:172.21.15.8:6800/1759070643
2024-04-13T17:41:40.711 INFO:teuthology.orchestra.run.smithi008.stdout:/usr/bin/ceph: stderr
2024-04-13T17:41:39.805+0000 7fb2a659c700 1 --2- 172.21.15.8:0/4193444507 >> [v2:172.21.15.8:6800/1759070643,v1:172.21.15.8:6801/1759070643] conn(0x7fb290038330 0x7fb29003a7f0 unknown :-1 s=START_CONNECT pgs=0 cs=0 l=1 rev1=0 crypto rx=0 tx=0 comp rx=0 tx=0)._fault waiting 0.200000
2024-04-13T17:41:40.711 INFO:teuthology.orchestra.run.smithi008.stdout:/usr/bin/ceph: stderr
2024-04-13T17:41:39.809+0000 7fb28ffff700 1 -- 172.21.15.8:0/4193444507 <== mon.0 v2:172.21.15.8:3300/0 6 ==== mon_command_ack([{"prefix": "get_command_descriptions"}]=0 v0) v1 ==== 72+0+180422 (secure 0 0 0) 0x7fb29801acd0 con 0x7fb2a8106da0
2024-04-13T17:41:40.711 INFO:teuthology.orchestra.run.smithi008.stdout:/usr/bin/ceph: stderr
2024-04-13T17:41:40.006+0000 7fb2a659c700 1 -- 172.21.15.8:0/4193444507 >> [v2:172.21.15.8:6800/1759070643,v1:172.21.15.8:6801/1759070643] conn(0x7fb290038330 msgr2=0x7fb29003a7f0 unknown :-1 s=STATE_CONNECTING_RE l=1).process reconnect failed to v2:172.21.15.8:6800/1759070643
2024-04-13T17:41:40.711 INFO:teuthology.orchestra.run.smithi008.stdout:/usr/bin/ceph: stderr
2024-04-13T17:41:40.006+0000 7fb2a659c700 1 --2- 172.21.15.8:0/4193444507 >> [v2:172.21.15.8:6800/1759070643,v1:172.21.15.8:6801/1759070643] conn(0x7fb290038330 0x7fb29003a7f0 unknown :-1 s=START_CONNECT pgs=0 cs=0 l=1 rev1=0 crypto rx=0 tx=0 comp rx=0 tx=0)._fault waiting 0.400000
2024-04-13T17:41:40.711 INFO:teuthology.orchestra.run.smithi008.stdout:/usr/bin/ceph: stderr
2024-04-13T17:41:40.081+0000 7fb2ad1bd700 1 -- 172.21.15.8:0/4193444507 --> [v2:172.21.15.8:3300/0,v1:172.21.15.8:6789/0] -- mon_command({"prefix": "mgr stat"} v 0) v1 -- 0x7fb2a81a0080 con 0x7fb2a8106da0
2024-04-13T17:41:40.711 INFO:teuthology.orchestra.run.smithi008.stdout:/usr/bin/ceph: stderr
2024-04-13T17:41:40.081+0000 7fb28ffff700 1 -- 172.21.15.8:0/4193444507 <== mon.0 v2:172.21.15.8:3300/0 7 ==== mon_command_ack([{"prefix": "mgr stat"}]=0 v9) v1 ==== 56+0+103 (secure 0 0 0) 0x7fb29800b3e0 con 0x7fb2a8106da0
2024-04-13T17:41:40.711 INFO:teuthology.orchestra.run.smithi008.stdout:/usr/bin/ceph: stderr
2024-04-13T17:41:40.083+0000 7fb2ad1bd700 1 -- 172.21.15.8:0/4193444507 >> [v2:172.21.15.8:6800/1759070643,v1:172.21.15.8:6801/1759070643] conn(0x7fb290038330 msgr2=0x7fb29003a7f0 unknown :-1 s=STATE_CONNECTING l=1).mark_down
2024-04-13T17:41:40.711 INFO:teuthology.orchestra.run.smithi008.stdout:/usr/bin/ceph: stderr
2024-04-13T17:41:40.083+0000 7fb2ad1bd700 1 --2- 172.21.15.8:0/4193444507 >> [v2:172.21.15.8:6800/1759070643,v1:172.21.15.8:6801/1759070643] conn(0x7fb290038330 0x7fb29003a7f0 unknown :-1 s=START_CONNECT pgs=0 cs=0 l=1 rev1=0 crypto rx=0 tx=0 comp rx=0 tx=0).stop
2024-04-13T17:41:40.712 INFO:teuthology.orchestra.run.smithi008.stdout:/usr/bin/ceph: stderr
2024-04-13T17:41:40.083+0000 7fb2ad1bd700 1 -- 172.21.15.8:0/4193444507 >> [v2:172.21.15.8:3300/0,v1:172.21.15.8:6789/0] conn(0x7fb2a8106da0 msgr2=0x7fb2a8106700 secure :-1 s=STATE_CONNECTION_ESTABLISHED l=1).mark_down
2024-04-13T17:41:40.712 INFO:teuthology.orchestra.run.smithi008.stdout:/usr/bin/ceph: stderr
2024-04-13T17:41:40.083+0000 7fb2ad1bd700 1 --2- 172.21.15.8:0/4193444507 >> [v2:172.21.15.8:3300/0,v1:172.21.15.8:6789/0] conn(0x7fb2a8106da0 0x7fb2a8106700 secure :-1 s=READY pgs=70 cs=0 l=1 rev1=1 crypto rx=0x7fb298006af0 tx=0x7fb298011b20 comp rx=0 tx=0).stop
2024-04-13T17:41:40.712 INFO:teuthology.orchestra.run.smithi008.stdout:/usr/bin/ceph: stderr
2024-04-13T17:41:40.083+0000 7fb2ad1bd700 1 -- 172.21.15.8:0/4193444507 shutdown_connections
2024-04-13T17:41:40.712 INFO:teuthology.orchestra.run.smithi008.stdout:/usr/bin/ceph: stderr
2024-04-13T17:41:40.083+0000 7fb2ad1bd700 1 --2- 172.21.15.8:0/4193444507 >> [v2:172.21.15.8:6800/1759070643,v1:172.21.15.8:6801/1759070643] conn(0x7fb290038330 0x7fb29003a7f0 unknown :-1 s=CLOSED pgs=0 cs=0 l=1 rev1=0 crypto rx=0 tx=0 comp rx=0 tx=0).stop
2024-04-13T17:41:40.712 INFO:teuthology.orchestra.run.smithi008.stdout:/usr/bin/ceph: stderr
2024-04-13T17:41:40.083+0000 7fb2ad1bd700 1 --2- 172.21.15.8:0/4193444507 >> [v2:172.21.15.8:3300/0,v1:172.21.15.8:6789/0] conn(0x7fb2a8106da0 0x7fb2a8106700 unknown :-1 s=CLOSED pgs=70 cs=0 l=1 rev1=1 crypto rx=0 tx=0 comp rx=0 tx=0).stop
2024-04-13T17:41:40.712 INFO:teuthology.orchestra.run.smithi008.stdout:/usr/bin/ceph: stderr
2024-04-13T17:41:40.083+0000 7fb2ad1bd700 1 -- 172.21.15.8:0/4193444507 >> 172.21.15.8:0/4193444507 conn(0x7fb2a81007f0 msgr2=0x7fb2a8101ed0 unknown :-1 s=STATE_NONE l=0).mark_down
2024-04-13T17:41:40.712 INFO:teuthology.orchestra.run.smithi008.stdout:/usr/bin/ceph: stderr
2024-04-13T17:41:40.083+0000 7fb2ad1bd700 1 -- 172.21.15.8:0/4193444507 shutdown_connections
2024-04-13T17:41:40.712 INFO:teuthology.orchestra.run.smithi008.stdout:/usr/bin/ceph: stderr
2024-04-13T17:41:40.083+0000 7fb2ad1bd700 1 -- 172.21.15.8:0/4193444507 wait complete.
2024-04-13T17:41:40.712 INFO:teuthology.orchestra.run.smithi008.stdout:Waiting for the mgr to restart...
2024-04-13T17:41:40.712 INFO:teuthology.orchestra.run.smithi008.stdout:Waiting for mgr epoch 9...
2024-04-13T17:41:40.839 INFO:journalctl@ceph.mon.smithi008.smithi008.stdout:Apr 13 17:41:40 smithi008 ceph-mon[39730]: from='client.? 172.21.15.8:0/4193444507' entity='client.admin' cmd=[{"prefix": "mgr stat"}]: dispatch
2024-04-13T17:41:45.613 INFO:journalctl@ceph.mon.smithi008.smithi008.stdout:Apr 13 17:41:45 smithi008 ceph-mon[39730]: Active manager daemon smithi008.hkxugl restarted
2024-04-13T17:41:45.613 INFO:journalctl@ceph.mon.smithi008.smithi008.stdout:Apr 13 17:41:45 smithi008 ceph-mon[39730]: Activating manager daemon smithi008.hkxugl
2024-04-13T17:41:45.613 INFO:journalctl@ceph.mon.smithi008.smithi008.stdout:Apr 13 17:41:45 smithi008 ceph-mon[39730]: osdmap e3: 0 total, 0 up, 0 in
2024-04-13T17:41:45.614 INFO:journalctl@ceph.mon.smithi008.smithi008.stdout:Apr 13 17:41:45 smithi008 ceph-mon[39730]: mgrmap e10: smithi008.hkxugl(active, starting, since 0.00316834s)
2024-04-13T17:41:45.614 INFO:journalctl@ceph.mon.smithi008.smithi008.stdout:Apr 13 17:41:45 smithi008 ceph-mon[39730]: from='mgr.14162 172.21.15.8:0/4149071489' entity='mgr.smithi008.hkxugl' cmd=[{"prefix": "mon metadata", "id": "smithi008"}]: dispatch
2024-04-13T17:41:45.614 INFO:journalctl@ceph.mon.smithi008.smithi008.stdout:Apr 13 17:41:45 smithi008 ceph-mon[39730]: from='mgr.14162 172.21.15.8:0/4149071489' entity='mgr.smithi008.hkxugl' cmd=[{"prefix": "mgr metadata", "who": "smithi008.hkxugl", "id": "smithi008.hkxugl"}]: dispatch
2024-04-13T17:41:45.614 INFO:journalctl@ceph.mon.smithi008.smithi008.stdout:Apr 13 17:41:45 smithi008 ceph-mon[39730]: from='mgr.14162 172.21.15.8:0/4149071489' entity='mgr.smithi008.hkxugl' cmd=[{"prefix": "mds metadata"}]: dispatch
2024-04-13T17:41:45.614 INFO:journalctl@ceph.mon.smithi008.smithi008.stdout:Apr 13 17:41:45 smithi008 ceph-mon[39730]: from='mgr.14162 172.21.15.8:0/4149071489' entity='mgr.smithi008.hkxugl' cmd=[{"prefix": "osd metadata"}]: dispatch
2024-04-13T17:41:45.614 INFO:journalctl@ceph.mon.smithi008.smithi008.stdout:Apr 13 17:41:45 smithi008 ceph-mon[39730]: from='mgr.14162 172.21.15.8:0/4149071489' entity='mgr.smithi008.hkxugl' cmd=[{"prefix": "mon metadata"}]: dispatch
2024-04-13T17:41:45.614 INFO:journalctl@ceph.mon.smithi008.smithi008.stdout:Apr 13 17:41:45 smithi008 ceph-mon[39730]: Manager daemon smithi008.hkxugl is now available
2024-04-13T17:41:45.614 INFO:journalctl@ceph.mon.smithi008.smithi008.stdout:Apr 13 17:41:45 smithi008 ceph-mon[39730]: from='mgr.14162 172.21.15.8:0/4149071489' entity='mgr.smithi008.hkxugl' cmd=[{"prefix": "config dump", "format": "json"}]: dispatch
2024-04-13T17:41:45.614 INFO:journalctl@ceph.mon.smithi008.smithi008.stdout:Apr 13 17:41:45 smithi008 ceph-mon[39730]: from='mgr.14162 172.21.15.8:0/4149071489' entity='mgr.smithi008.hkxugl' cmd=[{"prefix": "config dump", "format": "json"}]: dispatch
2024-04-13T17:41:46.839 INFO:journalctl@ceph.mon.smithi008.smithi008.stdout:Apr 13 17:41:46 smithi008 ceph-mon[39730]: from='mgr.14162 172.21.15.8:0/4149071489' entity='mgr.smithi008.hkxugl' cmd=[{"prefix":"config rm","who":"mgr","name":"mgr/rbd_support/smithi008.hkxugl/mirror_snapshot_schedule"}]: dispatch
2024-04-13T17:41:46.839 INFO:journalctl@ceph.mon.smithi008.smithi008.stdout:Apr 13 17:41:46 smithi008 ceph-mon[39730]: from='mgr.14162 172.21.15.8:0/4149071489' entity='mgr.smithi008.hkxugl' cmd=[{"prefix":"config rm","who":"mgr","name":"mgr/rbd_support/smithi008.hkxugl/trash_purge_schedule"}]: dispatch
2024-04-13T17:41:46.839 INFO:journalctl@ceph.mon.smithi008.smithi008.stdout:Apr 13 17:41:46 smithi008 ceph-mon[39730]: mgrmap e11: smithi008.hkxugl(active, since 1.00566s)
2024-04-13T17:41:47.452 INFO:teuthology.orchestra.run.smithi008.stdout:/usr/bin/ceph: stdout {
2024-04-13T17:41:47.452 INFO:teuthology.orchestra.run.smithi008.stdout:/usr/bin/ceph: stdout "mgrmap_epoch": 11,
2024-04-13T17:41:47.452 INFO:teuthology.orchestra.run.smithi008.stdout:/usr/bin/ceph: stdout "initialized": true
2024-04-13T17:41:47.452 INFO:teuthology.orchestra.run.smithi008.stdout:/usr/bin/ceph: stdout }
2024-04-13T17:41:47.452 INFO:teuthology.orchestra.run.smithi008.stdout:/usr/bin/ceph: stderr
2024-04-13T17:41:41.242+0000 7f57d977f700 1 Processor -- start
2024-04-13T17:41:47.452 INFO:teuthology.orchestra.run.smithi008.stdout:/usr/bin/ceph: stderr
2024-04-13T17:41:41.242+0000 7f57d977f700 1 -- start start
2024-04-13T17:41:47.452 INFO:teuthology.orchestra.run.smithi008.stdout:/usr/bin/ceph: stderr
2024-04-13T17:41:41.242+0000 7f57d977f700 1 --2- >> [v2:172.21.15.8:3300/0,v1:172.21.15.8:6789/0] conn(0x7f57d4104c10 0x7f57d4105030 unknown :-1 s=NONE pgs=0 cs=0 l=0 rev1=0 crypto rx=0 tx=0 comp rx=0 tx=0).connect
2024-04-13T17:41:47.452 INFO:teuthology.orchestra.run.smithi008.stdout:/usr/bin/ceph: stderr
2024-04-13T17:41:41.242+0000 7f57d977f700 1 -- --> [v2:172.21.15.8:3300/0,v1:172.21.15.8:6789/0] -- mon_getmap magic: 0 v1 -- 0x7f57d4079d60 con 0x7f57d4104c10
2024-04-13T17:41:47.453 INFO:teuthology.orchestra.run.smithi008.stdout:/usr/bin/ceph: stderr
2024-04-13T17:41:41.242+0000 7f57d2ffd700 1 --2- >> [v2:172.21.15.8:3300/0,v1:172.21.15.8:6789/0] conn(0x7f57d4104c10 0x7f57d4105030 unknown :-1 s=BANNER_CONNECTING pgs=0 cs=0 l=0 rev1=0 crypto rx=0 tx=0 comp rx=0 tx=0)._handle_peer_banner_payload supported=3 required=0
2024-04-13T17:41:47.453 INFO:teuthology.orchestra.run.smithi008.stdout:/usr/bin/ceph: stderr
2024-04-13T17:41:41.243+0000 7f57d2ffd700 1 --2- >> [v2:172.21.15.8:3300/0,v1:172.21.15.8:6789/0] conn(0x7f57d4104c10 0x7f57d4105030 unknown :-1 s=HELLO_CONNECTING pgs=0 cs=0 l=0 rev1=1 crypto rx=0 tx=0 comp rx=0 tx=0).handle_hello peer v2:172.21.15.8:3300/0 says I am v2:172.21.15.8:42934/0 (socket says 172.21.15.8:42934)
2024-04-13T17:41:47.453 INFO:teuthology.orchestra.run.smithi008.stdout:/usr/bin/ceph: stderr
2024-04-13T17:41:41.243+0000 7f57d2ffd700 1 -- 172.21.15.8:0/1317241886 learned_addr learned my addr 172.21.15.8:0/1317241886 (peer_addr_for_me v2:172.21.15.8:0/0)
2024-04-13T17:41:47.453 INFO:teuthology.orchestra.run.smithi008.stdout:/usr/bin/ceph: stderr
2024-04-13T17:41:41.243+0000 7f57d2ffd700 1 -- 172.21.15.8:0/1317241886 --> [v2:172.21.15.8:3300/0,v1:172.21.15.8:6789/0] -- mon_subscribe({config=0+,monmap=0+}) v3 -- 0x7f57d4105570 con 0x7f57d4104c10
2024-04-13T17:41:47.453 INFO:teuthology.orchestra.run.smithi008.stdout:/usr/bin/ceph: stderr
2024-04-13T17:41:41.243+0000 7f57d2ffd700 1 --2- 172.21.15.8:0/1317241886 >> [v2:172.21.15.8:3300/0,v1:172.21.15.8:6789/0] conn(0x7f57d4104c10 0x7f57d4105030 secure :-1 s=READY pgs=71 cs=0 l=1 rev1=1 crypto rx=0x7f57bc0098a0 tx=0x7f57bc009bb0 comp rx=0 tx=0).ready entity=mon.0 client_cookie=2300168aa9900abc server_cookie=0 in_seq=0 out_seq=0
2024-04-13T17:41:47.453 INFO:teuthology.orchestra.run.smithi008.stdout:/usr/bin/ceph: stderr
2024-04-13T17:41:41.243+0000 7f57d1ffb700 1 -- 172.21.15.8:0/1317241886 <== mon.0 v2:172.21.15.8:3300/0 1 ==== mon_map magic: 0 v1 ==== 229+0+0 (secure 0 0 0) 0x7f57bc004180 con 0x7f57d4104c10
2024-04-13T17:41:47.453 INFO:teuthology.orchestra.run.smithi008.stdout:/usr/bin/ceph: stderr
2024-04-13T17:41:41.243+0000 7f57d1ffb700 1 -- 172.21.15.8:0/1317241886 <== mon.0 v2:172.21.15.8:3300/0 2 ==== config(26 keys) v1 ==== 1066+0+0 (secure 0 0 0) 0x7f57bc0042e0 con 0x7f57d4104c10
2024-04-13T17:41:47.453 INFO:teuthology.orchestra.run.smithi008.stdout:/usr/bin/ceph: stderr
2024-04-13T17:41:41.243+0000 7f57d1ffb700 1 -- 172.21.15.8:0/1317241886 <== mon.0 v2:172.21.15.8:3300/0 3 ==== mon_map magic: 0 v1 ==== 229+0+0 (secure 0 0 0) 0x7f57bc011a30 con 0x7f57d4104c10
2024-04-13T17:41:47.453 INFO:teuthology.orchestra.run.smithi008.stdout:/usr/bin/ceph: stderr
2024-04-13T17:41:41.244+0000 7f57d977f700 1 -- 172.21.15.8:0/1317241886 >> [v2:172.21.15.8:3300/0,v1:172.21.15.8:6789/0] conn(0x7f57d4104c10 msgr2=0x7f57d4105030 secure :-1 s=STATE_CONNECTION_ESTABLISHED l=1).mark_down
2024-04-13T17:41:47.454 INFO:teuthology.orchestra.run.smithi008.stdout:/usr/bin/ceph: stderr
2024-04-13T17:41:41.244+0000 7f57d977f700 1 --2- 172.21.15.8:0/1317241886 >> [v2:172.21.15.8:3300/0,v1:172.21.15.8:6789/0] conn(0x7f57d4104c10 0x7f57d4105030 secure :-1 s=READY pgs=71 cs=0 l=1 rev1=1 crypto rx=0x7f57bc0098a0 tx=0x7f57bc009bb0 comp rx=0 tx=0).stop
2024-04-13T17:41:47.454 INFO:teuthology.orchestra.run.smithi008.stdout:/usr/bin/ceph: stderr
2024-04-13T17:41:41.244+0000 7f57d977f700 1 -- 172.21.15.8:0/1317241886 shutdown_connections
2024-04-13T17:41:47.454 INFO:teuthology.orchestra.run.smithi008.stdout:/usr/bin/ceph: stderr
2024-04-13T17:41:41.244+0000 7f57d977f700 1 --2- 172.21.15.8:0/1317241886 >> [v2:172.21.15.8:3300/0,v1:172.21.15.8:6789/0] conn(0x7f57d4104c10 0x7f57d4105030 unknown :-1 s=CLOSED pgs=71 cs=0 l=1 rev1=1 crypto rx=0 tx=0 comp rx=0 tx=0).stop
2024-04-13T17:41:47.454 INFO:teuthology.orchestra.run.smithi008.stdout:/usr/bin/ceph: stderr
2024-04-13T17:41:41.244+0000 7f57d977f700 1 -- 172.21.15.8:0/1317241886 >> 172.21.15.8:0/1317241886 conn(0x7f57d41007d0 msgr2=0x7f57d4102c10 unknown :-1 s=STATE_NONE l=0).mark_down
2024-04-13T17:41:47.454 INFO:teuthology.orchestra.run.smithi008.stdout:/usr/bin/ceph: stderr
2024-04-13T17:41:41.244+0000 7f57d977f700 1 -- 172.21.15.8:0/1317241886 shutdown_connections
2024-04-13T17:41:47.454 INFO:teuthology.orchestra.run.smithi008.stdout:/usr/bin/ceph: stderr
2024-04-13T17:41:41.244+0000 7f57d977f700 1 -- 172.21.15.8:0/1317241886 wait complete.
2024-04-13T17:41:47.454 INFO:teuthology.orchestra.run.smithi008.stdout:/usr/bin/ceph: stderr
2024-04-13T17:41:41.244+0000 7f57d977f700 1 Processor -- start
2024-04-13T17:41:47.454 INFO:teuthology.orchestra.run.smithi008.stdout:/usr/bin/ceph: stderr
2024-04-13T17:41:41.245+0000 7f57d977f700 1 -- start start
2024-04-13T17:41:47.454 INFO:teuthology.orchestra.run.smithi008.stdout:/usr/bin/ceph: stderr
2024-04-13T17:41:41.245+0000 7f57d977f700 1 --2- >> [v2:172.21.15.8:3300/0,v1:172.21.15.8:6789/0] conn(0x7f57d4104c10 0x7f57d419c220 unknown :-1 s=NONE pgs=0 cs=0 l=1 rev1=0 crypto rx=0 tx=0 comp rx=0 tx=0).connect
2024-04-13T17:41:47.454 INFO:teuthology.orchestra.run.smithi008.stdout:/usr/bin/ceph: stderr
2024-04-13T17:41:41.245+0000 7f57d977f700 1 -- --> [v2:172.21.15.8:3300/0,v1:172.21.15.8:6789/0] -- mon_getmap magic: 0 v1 -- 0x7f57d419c760 con 0x7f57d4104c10
2024-04-13T17:41:47.454 INFO:teuthology.orchestra.run.smithi008.stdout:/usr/bin/ceph: stderr
2024-04-13T17:41:41.245+0000 7f57d2ffd700 1 --2- >> [v2:172.21.15.8:3300/0,v1:172.21.15.8:6789/0] conn(0x7f57d4104c10 0x7f57d419c220 unknown :-1 s=BANNER_CONNECTING pgs=0 cs=0 l=1 rev1=0 crypto rx=0 tx=0 comp rx=0 tx=0)._handle_peer_banner_payload supported=3 required=0
2024-04-13T17:41:47.454 INFO:teuthology.orchestra.run.smithi008.stdout:/usr/bin/ceph: stderr
2024-04-13T17:41:41.245+0000 7f57d2ffd700 1 --2- >> [v2:172.21.15.8:3300/0,v1:172.21.15.8:6789/0] conn(0x7f57d4104c10 0x7f57d419c220 unknown :-1 s=HELLO_CONNECTING pgs=0 cs=0 l=1 rev1=1 crypto rx=0 tx=0 comp rx=0 tx=0).handle_hello peer v2:172.21.15.8:3300/0 says I am v2:172.21.15.8:42942/0 (socket says 172.21.15.8:42942)
2024-04-13T17:41:47.454 INFO:teuthology.orchestra.run.smithi008.stdout:/usr/bin/ceph: stderr
2024-04-13T17:41:41.245+0000 7f57d2ffd700 1 -- 172.21.15.8:0/2461427065 learned_addr learned my addr 172.21.15.8:0/2461427065 (peer_addr_for_me v2:172.21.15.8:0/0)
2024-04-13T17:41:47.455 INFO:teuthology.orchestra.run.smithi008.stdout:/usr/bin/ceph: stderr
2024-04-13T17:41:41.245+0000 7f57d2ffd700 1 -- 172.21.15.8:0/2461427065 --> [v2:172.21.15.8:3300/0,v1:172.21.15.8:6789/0] -- mon_subscribe({config=0+,monmap=0+}) v3 -- 0x7f57bc009550 con 0x7f57d4104c10
2024-04-13T17:41:47.455 INFO:teuthology.orchestra.run.smithi008.stdout:/usr/bin/ceph: stderr
2024-04-13T17:41:41.245+0000 7f57d2ffd700 1 --2- 172.21.15.8:0/2461427065 >> [v2:172.21.15.8:3300/0,v1:172.21.15.8:6789/0] conn(0x7f57d4104c10 0x7f57d419c220 secure :-1 s=READY pgs=72 cs=0 l=1 rev1=1 crypto rx=0x7f57bc006af0 tx=0x7f57bc011ab0 comp rx=0 tx=0).ready entity=mon.0 client_cookie=0 server_cookie=0 in_seq=0 out_seq=0
2024-04-13T17:41:47.455 INFO:teuthology.orchestra.run.smithi008.stdout:/usr/bin/ceph: stderr
2024-04-13T17:41:41.245+0000 7f57cbfff700 1 -- 172.21.15.8:0/2461427065 <== mon.0 v2:172.21.15.8:3300/0 1 ==== mon_map magic: 0 v1 ==== 229+0+0 (secure 0 0 0) 0x7f57bc003bc0 con 0x7f57d4104c10
2024-04-13T17:41:47.455 INFO:teuthology.orchestra.run.smithi008.stdout:/usr/bin/ceph: stderr
2024-04-13T17:41:41.245+0000 7f57cbfff700 1 -- 172.21.15.8:0/2461427065 <== mon.0 v2:172.21.15.8:3300/0 2 ==== config(26 keys) v1 ==== 1066+0+0 (secure 0 0 0) 0x7f57bc01a8c0 con 0x7f57d4104c10
2024-04-13T17:41:47.455 INFO:teuthology.orchestra.run.smithi008.stdout:/usr/bin/ceph: stderr
2024-04-13T17:41:41.246+0000 7f57d977f700 1 -- 172.21.15.8:0/2461427065 --> [v2:172.21.15.8:3300/0,v1:172.21.15.8:6789/0] -- mon_subscribe({mgrmap=0+}) v3 -- 0x7f57d419c960 con 0x7f57d4104c10
2024-04-13T17:41:47.455 INFO:teuthology.orchestra.run.smithi008.stdout:/usr/bin/ceph: stderr
2024-04-13T17:41:41.246+0000 7f57cbfff700 1 -- 172.21.15.8:0/2461427065 <== mon.0 v2:172.21.15.8:3300/0 3 ==== mon_map magic: 0 v1 ==== 229+0+0 (secure 0 0 0) 0x7f57bc019860 con 0x7f57d4104c10
2024-04-13T17:41:47.455 INFO:teuthology.orchestra.run.smithi008.stdout:/usr/bin/ceph: stderr
2024-04-13T17:41:41.246+0000 7f57d977f700 1 -- 172.21.15.8:0/2461427065 --> [v2:172.21.15.8:3300/0,v1:172.21.15.8:6789/0] -- mon_subscribe({osdmap=0}) v3 -- 0x7f57d419cd80 con 0x7f57d4104c10
2024-04-13T17:41:47.455 INFO:teuthology.orchestra.run.smithi008.stdout:/usr/bin/ceph: stderr
2024-04-13T17:41:41.246+0000 7f57cbfff700 1 -- 172.21.15.8:0/2461427065 <== mon.0 v2:172.21.15.8:3300/0 4 ==== mgrmap(e 9) v1 ==== 45296+0+0 (secure 0 0 0) 0x7f57bc019ad0 con 0x7f57d4104c10
2024-04-13T17:41:47.455 INFO:teuthology.orchestra.run.smithi008.stdout:/usr/bin/ceph: stderr
2024-04-13T17:41:41.247+0000 7f57cbfff700 1 --2- 172.21.15.8:0/2461427065 >> [v2:172.21.15.8:6800/1759070643,v1:172.21.15.8:6801/1759070643] conn(0x7f57c0038380 0x7f57c003a840 unknown :-1 s=NONE pgs=0 cs=0 l=1 rev1=0 crypto rx=0 tx=0 comp rx=0 tx=0).connect
2024-04-13T17:41:47.455 INFO:teuthology.orchestra.run.smithi008.stdout:/usr/bin/ceph: stderr
2024-04-13T17:41:41.247+0000 7f57d977f700 1 -- 172.21.15.8:0/2461427065 --> [v2:172.21.15.8:6800/1759070643,v1:172.21.15.8:6801/1759070643] -- command(tid 0: {"prefix": "get_command_descriptions"}) v1 -- 0x7f57d40623c0 con 0x7f57c0038380
2024-04-13T17:41:47.456 INFO:teuthology.orchestra.run.smithi008.stdout:/usr/bin/ceph: stderr
2024-04-13T17:41:41.247+0000 7f57cbfff700 1 -- 172.21.15.8:0/2461427065 <== mon.0 v2:172.21.15.8:3300/0 5 ==== osd_map(2..2 src has 1..2) v4 ==== 940+0+0 (secure 0 0 0) 0x7f57bc04c4c0 con 0x7f57d4104c10
2024-04-13T17:41:47.456 INFO:teuthology.orchestra.run.smithi008.stdout:/usr/bin/ceph: stderr
2024-04-13T17:41:41.247+0000 7f57d27fc700 1 -- 172.21.15.8:0/2461427065 >> [v2:172.21.15.8:6800/1759070643,v1:172.21.15.8:6801/1759070643] conn(0x7f57c0038380 msgr2=0x7f57c003a840 unknown :-1 s=STATE_CONNECTING_RE l=1).process reconnect failed to v2:172.21.15.8:6800/1759070643
2024-04-13T17:41:47.456 INFO:teuthology.orchestra.run.smithi008.stdout:/usr/bin/ceph: stderr
2024-04-13T17:41:41.247+0000 7f57d27fc700 1 --2- 172.21.15.8:0/2461427065 >> [v2:172.21.15.8:6800/1759070643,v1:172.21.15.8:6801/1759070643] conn(0x7f57c0038380 0x7f57c003a840 unknown :-1 s=START_CONNECT pgs=0 cs=0 l=1 rev1=0 crypto rx=0 tx=0 comp rx=0 tx=0)._fault waiting 0.200000
2024-04-13T17:41:47.456 INFO:teuthology.orchestra.run.smithi008.stdout:/usr/bin/ceph: stderr
2024-04-13T17:41:41.448+0000 7f57d27fc700 1 -- 172.21.15.8:0/2461427065 >> [v2:172.21.15.8:6800/1759070643,v1:172.21.15.8:6801/1759070643] conn(0x7f57c0038380 msgr2=0x7f57c003a840 unknown :-1 s=STATE_CONNECTING_RE l=1).process reconnect failed to v2:172.21.15.8:6800/1759070643
2024-04-13T17:41:47.456 INFO:teuthology.orchestra.run.smithi008.stdout:/usr/bin/ceph: stderr
2024-04-13T17:41:41.448+0000 7f57d27fc700 1 --2- 172.21.15.8:0/2461427065 >> [v2:172.21.15.8:6800/1759070643,v1:172.21.15.8:6801/1759070643] conn(0x7f57c0038380 0x7f57c003a840 unknown :-1 s=START_CONNECT pgs=0 cs=0 l=1 rev1=0 crypto rx=0 tx=0 comp rx=0 tx=0)._fault waiting 0.400000
2024-04-13T17:41:47.456 INFO:teuthology.orchestra.run.smithi008.stdout:/usr/bin/ceph: stderr
2024-04-13T17:41:41.849+0000 7f57d27fc700 1 -- 172.21.15.8:0/2461427065 >> [v2:172.21.15.8:6800/1759070643,v1:172.21.15.8:6801/1759070643] conn(0x7f57c0038380 msgr2=0x7f57c003a840 unknown :-1 s=STATE_CONNECTING_RE l=1).process reconnect failed to v2:172.21.15.8:6800/1759070643
2024-04-13T17:41:47.456 INFO:teuthology.orchestra.run.smithi008.stdout:/usr/bin/ceph: stderr
2024-04-13T17:41:41.849+0000 7f57d27fc700 1 --2- 172.21.15.8:0/2461427065 >> [v2:172.21.15.8:6800/1759070643,v1:172.21.15.8:6801/1759070643] conn(0x7f57c0038380 0x7f57c003a840 unknown :-1 s=START_CONNECT pgs=0 cs=0 l=1 rev1=0 crypto rx=0 tx=0 comp rx=0 tx=0)._fault waiting 0.800000
2024-04-13T17:41:47.456 INFO:teuthology.orchestra.run.smithi008.stdout:/usr/bin/ceph: stderr
2024-04-13T17:41:42.650+0000 7f57d27fc700 1 -- 172.21.15.8:0/2461427065 >> [v2:172.21.15.8:6800/1759070643,v1:172.21.15.8:6801/1759070643] conn(0x7f57c0038380 msgr2=0x7f57c003a840 unknown :-1 s=STATE_CONNECTING_RE l=1).process reconnect failed to v2:172.21.15.8:6800/1759070643
2024-04-13T17:41:47.456 INFO:teuthology.orchestra.run.smithi008.stdout:/usr/bin/ceph: stderr
2024-04-13T17:41:42.650+0000 7f57d27fc700 1 --2- 172.21.15.8:0/2461427065 >> [v2:172.21.15.8:6800/1759070643,v1:172.21.15.8:6801/1759070643] conn(0x7f57c0038380 0x7f57c003a840 unknown :-1 s=START_CONNECT pgs=0 cs=0 l=1 rev1=0 crypto rx=0 tx=0 comp rx=0 tx=0)._fault waiting 1.600000
2024-04-13T17:41:47.456 INFO:teuthology.orchestra.run.smithi008.stdout:/usr/bin/ceph: stderr
2024-04-13T17:41:44.251+0000 7f57d27fc700 1 -- 172.21.15.8:0/2461427065 >> [v2:172.21.15.8:6800/1759070643,v1:172.21.15.8:6801/1759070643] conn(0x7f57c0038380 msgr2=0x7f57c003a840 unknown :-1 s=STATE_CONNECTING_RE l=1).process reconnect failed to v2:172.21.15.8:6800/1759070643
2024-04-13T17:41:47.456 INFO:teuthology.orchestra.run.smithi008.stdout:/usr/bin/ceph: stderr
2024-04-13T17:41:44.251+0000 7f57d27fc700 1 --2- 172.21.15.8:0/2461427065 >> [v2:172.21.15.8:6800/1759070643,v1:172.21.15.8:6801/1759070643] conn(0x7f57c0038380 0x7f57c003a840 unknown :-1 s=START_CONNECT pgs=0 cs=0 l=1 rev1=0 crypto rx=0 tx=0 comp rx=0 tx=0)._fault waiting 3.200000
2024-04-13T17:41:47.456 INFO:teuthology.orchestra.run.smithi008.stdout:/usr/bin/ceph: stderr
2024-04-13T17:41:45.486+0000 7f57cbfff700 1 -- 172.21.15.8:0/2461427065 <== mon.0 v2:172.21.15.8:3300/0 6 ==== mgrmap(e 10) v1 ==== 45063+0+0 (secure 0 0 0) 0x7f57bc0243f0 con 0x7f57d4104c10
2024-04-13T17:41:47.457 INFO:teuthology.orchestra.run.smithi008.stdout:/usr/bin/ceph: stderr
2024-04-13T17:41:45.486+0000 7f57cbfff700 1 -- 172.21.15.8:0/2461427065 >> [v2:172.21.15.8:6800/1759070643,v1:172.21.15.8:6801/1759070643] conn(0x7f57c0038380 msgr2=0x7f57c003a840 unknown :-1 s=STATE_CONNECTING l=1).mark_down
2024-04-13T17:41:47.457 INFO:teuthology.orchestra.run.smithi008.stdout:/usr/bin/ceph: stderr
2024-04-13T17:41:45.486+0000 7f57cbfff700 1 --2- 172.21.15.8:0/2461427065 >> [v2:172.21.15.8:6800/1759070643,v1:172.21.15.8:6801/1759070643] conn(0x7f57c0038380 0x7f57c003a840 unknown :-1 s=START_CONNECT pgs=0 cs=0 l=1 rev1=0 crypto rx=0 tx=0 comp rx=0 tx=0).stop
2024-04-13T17:41:47.457 INFO:teuthology.orchestra.run.smithi008.stdout:/usr/bin/ceph: stderr
2024-04-13T17:41:46.487+0000 7f57cbfff700 1 -- 172.21.15.8:0/2461427065 <== mon.0 v2:172.21.15.8:3300/0 7 ==== mgrmap(e 11) v1 ==== 45190+0+0 (secure 0 0 0) 0x7f57bc019d80 con 0x7f57d4104c10
2024-04-13T17:41:47.457 INFO:teuthology.orchestra.run.smithi008.stdout:/usr/bin/ceph: stderr
2024-04-13T17:41:46.487+0000 7f57cbfff700 1 --2- 172.21.15.8:0/2461427065 >> [v2:172.21.15.8:6800/1759515929,v1:172.21.15.8:6801/1759515929] conn(0x7f57c003bc90 0x7f57c003e080 unknown :-1 s=NONE pgs=0 cs=0 l=1 rev1=0 crypto rx=0 tx=0 comp rx=0 tx=0).connect
2024-04-13T17:41:47.457 INFO:teuthology.orchestra.run.smithi008.stdout:/usr/bin/ceph: stderr
2024-04-13T17:41:46.487+0000 7f57cbfff700 1 -- 172.21.15.8:0/2461427065 --> [v2:172.21.15.8:6800/1759515929,v1:172.21.15.8:6801/1759515929] -- command(tid 0: {"prefix": "get_command_descriptions"}) v1 -- 0x7f57d40623c0 con 0x7f57c003bc90
2024-04-13T17:41:47.457 INFO:teuthology.orchestra.run.smithi008.stdout:/usr/bin/ceph: stderr
2024-04-13T17:41:46.488+0000 7f57d27fc700 1 --2- 172.21.15.8:0/2461427065 >> [v2:172.21.15.8:6800/1759515929,v1:172.21.15.8:6801/1759515929] conn(0x7f57c003bc90 0x7f57c003e080 unknown :-1 s=BANNER_CONNECTING pgs=0 cs=0 l=1 rev1=0 crypto rx=0 tx=0 comp rx=0 tx=0)._handle_peer_banner_payload supported=3 required=0
2024-04-13T17:41:47.457 INFO:teuthology.orchestra.run.smithi008.stdout:/usr/bin/ceph: stderr
2024-04-13T17:41:46.488+0000 7f57d27fc700 1 --2- 172.21.15.8:0/2461427065 >> [v2:172.21.15.8:6800/1759515929,v1:172.21.15.8:6801/1759515929] conn(0x7f57c003bc90 0x7f57c003e080 secure :-1 s=READY pgs=1 cs=0 l=1 rev1=1 crypto rx=0x7f57c4003a10 tx=0x7f57c4009270 comp rx=0 tx=0).ready entity=mgr.14162 client_cookie=0 server_cookie=0 in_seq=0 out_seq=0
2024-04-13T17:41:47.457 INFO:teuthology.orchestra.run.smithi008.stdout:/usr/bin/ceph: stderr
2024-04-13T17:41:46.489+0000 7f57cbfff700 1 -- 172.21.15.8:0/2461427065 <== mgr.14162 v2:172.21.15.8:6800/1759515929 1 ==== command_reply(tid 0: 0 ) v1 ==== 8+0+6910 (secure 0 0 0) 0x7f57d40623c0 con 0x7f57c003bc90
2024-04-13T17:41:47.457 INFO:teuthology.orchestra.run.smithi008.stdout:/usr/bin/ceph: stderr
2024-04-13T17:41:46.496+0000 7f57d977f700 1 -- 172.21.15.8:0/2461427065 --> [v2:172.21.15.8:6800/1759515929,v1:172.21.15.8:6801/1759515929] -- command(tid 1: {"prefix": "mgr_status"}) v1 -- 0x7f57d419d560 con 0x7f57c003bc90
2024-04-13T17:41:47.457 INFO:teuthology.orchestra.run.smithi008.stdout:/usr/bin/ceph: stderr
2024-04-13T17:41:46.496+0000 7f57cbfff700 1 -- 172.21.15.8:0/2461427065 <== mgr.14162 v2:172.21.15.8:6800/1759515929 2 ==== command_reply(tid 1: 0 ) v1 ==== 8+0+52 (secure 0 0 0) 0x7f57d419d560 con 0x7f57c003bc90
2024-04-13T17:41:47.457 INFO:teuthology.orchestra.run.smithi008.stdout:/usr/bin/ceph: stderr
2024-04-13T17:41:46.496+0000 7f57d977f700 1 -- 172.21.15.8:0/2461427065 >> [v2:172.21.15.8:6800/1759515929,v1:172.21.15.8:6801/1759515929] conn(0x7f57c003bc90 msgr2=0x7f57c003e080 secure :-1 s=STATE_CONNECTION_ESTABLISHED l=1).mark_down
2024-04-13T17:41:47.457 INFO:teuthology.orchestra.run.smithi008.stdout:/usr/bin/ceph: stderr
2024-04-13T17:41:46.496+0000 7f57d977f700 1 --2- 172.21.15.8:0/2461427065 >> [v2:172.21.15.8:6800/1759515929,v1:172.21.15.8:6801/1759515929] conn(0x7f57c003bc90 0x7f57c003e080 secure :-1 s=READY pgs=1 cs=0 l=1 rev1=1 crypto rx=0x7f57c4003a10 tx=0x7f57c4009270 comp rx=0 tx=0).stop
2024-04-13T17:41:47.457 INFO:teuthology.orchestra.run.smithi008.stdout:/usr/bin/ceph: stderr
2024-04-13T17:41:46.496+0000 7f57d977f700 1 -- 172.21.15.8:0/2461427065 >> [v2:172.21.15.8:3300/0,v1:172.21.15.8:6789/0] conn(0x7f57d4104c10 msgr2=0x7f57d419c220 secure :-1 s=STATE_CONNECTION_ESTABLISHED l=1).mark_down
2024-04-13T17:41:47.457 INFO:teuthology.orchestra.run.smithi008.stdout:/usr/bin/ceph: stderr
2024-04-13T17:41:46.496+0000 7f57d977f700 1 --2- 172.21.15.8:0/2461427065 >> [v2:172.21.15.8:3300/0,v1:172.21.15.8:6789/0] conn(0x7f57d4104c10 0x7f57d419c220 secure :-1 s=READY pgs=72 cs=0 l=1 rev1=1 crypto rx=0x7f57bc006af0 tx=0x7f57bc011ab0 comp rx=0 tx=0).stop
2024-04-13T17:41:47.457 INFO:teuthology.orchestra.run.smithi008.stdout:/usr/bin/ceph: stderr
2024-04-13T17:41:46.496+0000 7f57d977f700 1 -- 172.21.15.8:0/2461427065 shutdown_connections
2024-04-13T17:41:47.458 INFO:teuthology.orchestra.run.smithi008.stdout:/usr/bin/ceph: stderr
2024-04-13T17:41:46.496+0000 7f57d977f700 1 --2- 172.21.15.8:0/2461427065 >> [v2:172.21.15.8:6800/1759515929,v1:172.21.15.8:6801/1759515929] conn(0x7f57c003bc90 0x7f57c003e080 unknown :-1 s=CLOSED pgs=1 cs=0 l=1 rev1=1 crypto rx=0 tx=0 comp rx=0 tx=0).stop
2024-04-13T17:41:47.458 INFO:teuthology.orchestra.run.smithi008.stdout:/usr/bin/ceph: stderr
2024-04-13T17:41:46.496+0000 7f57d977f700 1 --2- 172.21.15.8:0/2461427065 >> [v2:172.21.15.8:3300/0,v1:172.21.15.8:6789/0] conn(0x7f57d4104c10 0x7f57d419c220 unknown :-1 s=CLOSED pgs=72 cs=0 l=1 rev1=1 crypto rx=0 tx=0 comp rx=0 tx=0).stop
2024-04-13T17:41:47.458 INFO:teuthology.orchestra.run.smithi008.stdout:/usr/bin/ceph: stderr
2024-04-13T17:41:46.496+0000 7f57d977f700 1 --2- 172.21.15.8:0/2461427065 >> [v2:172.21.15.8:6800/1759070643,v1:172.21.15.8:6801/1759070643] conn(0x7f57c0038380 0x7f57c003a840 unknown :-1 s=CLOSED pgs=0 cs=0 l=1 rev1=0 crypto rx=0 tx=0 comp rx=0 tx=0).stop
2024-04-13T17:41:47.458 INFO:teuthology.orchestra.run.smithi008.stdout:/usr/bin/ceph: stderr
2024-04-13T17:41:46.496+0000 7f57d977f700 1 -- 172.21.15.8:0/2461427065 >> 172.21.15.8:0/2461427065 conn(0x7f57d41007d0 msgr2=0x7f57d41907d0 unknown :-1 s=STATE_NONE l=0).mark_down
2024-04-13T17:41:47.458 INFO:teuthology.orchestra.run.smithi008.stdout:/usr/bin/ceph: stderr
2024-04-13T17:41:46.496+0000 7f57d977f700 1 -- 172.21.15.8:0/2461427065 shutdown_connections
2024-04-13T17:41:47.458 INFO:teuthology.orchestra.run.smithi008.stdout:/usr/bin/ceph: stderr
2024-04-13T17:41:46.497+0000 7f57d977f700 1 -- 172.21.15.8:0/2461427065 wait complete.
2024-04-13T17:41:47.458 INFO:teuthology.orchestra.run.smithi008.stdout:mgr epoch 9 is available
2024-04-13T17:41:47.458 INFO:teuthology.orchestra.run.smithi008.stdout:Generating a dashboard self-signed certificate...
2024-04-13T17:41:47.722 INFO:journalctl@ceph.mon.smithi008.smithi008.stdout:Apr 13 17:41:47 smithi008 ceph-mon[39730]: [13/Apr/2024:17:41:46] ENGINE Bus STARTING
2024-04-13T17:41:47.723 INFO:journalctl@ceph.mon.smithi008.smithi008.stdout:Apr 13 17:41:47 smithi008 ceph-mon[39730]: [13/Apr/2024:17:41:46] ENGINE Serving on https://172.21.15.8:7150
2024-04-13T17:41:47.723 INFO:journalctl@ceph.mon.smithi008.smithi008.stdout:Apr 13 17:41:47 smithi008 ceph-mon[39730]: [13/Apr/2024:17:41:46] ENGINE Serving on http://172.21.15.8:8765
2024-04-13T17:41:47.723 INFO:journalctl@ceph.mon.smithi008.smithi008.stdout:Apr 13 17:41:47 smithi008 ceph-mon[39730]: [13/Apr/2024:17:41:46] ENGINE Bus STARTED
2024-04-13T17:41:47.723 INFO:journalctl@ceph.mon.smithi008.smithi008.stdout:Apr 13 17:41:47 smithi008 ceph-mon[39730]: from='client.14166 -' entity='client.admin' cmd=[{"prefix": "get_command_descriptions"}]: dispatch
2024-04-13T17:41:47.723 INFO:journalctl@ceph.mon.smithi008.smithi008.stdout:Apr 13 17:41:47 smithi008 ceph-mon[39730]: from='client.14166 -' entity='client.admin' cmd=[{"prefix": "mgr_status"}]: dispatch
2024-04-13T17:41:47.723 INFO:journalctl@ceph.mon.smithi008.smithi008.stdout:Apr 13 17:41:47 smithi008 ceph-mon[39730]: from='mgr.14162 172.21.15.8:0/4149071489' entity='mgr.smithi008.hkxugl'
2024-04-13T17:41:49.089 INFO:journalctl@ceph.mon.smithi008.smithi008.stdout:Apr 13 17:41:48 smithi008 ceph-mon[39730]: from='mgr.14162 172.21.15.8:0/4149071489' entity='mgr.smithi008.hkxugl'
2024-04-13T17:41:49.089 INFO:journalctl@ceph.mon.smithi008.smithi008.stdout:Apr 13 17:41:48 smithi008 ceph-mon[39730]: mgrmap e12: smithi008.hkxugl(active, since 2s)
2024-04-13T17:41:49.089 INFO:journalctl@ceph.mon.smithi008.smithi008.stdout:Apr 13 17:41:48 smithi008 ceph-mon[39730]: from='client.14174 -' entity='client.admin' cmd=[{"prefix": "dashboard create-self-signed-cert", "target": ["mon-mgr", ""]}]: dispatch
2024-04-13T17:41:49.089 INFO:journalctl@ceph.mon.smithi008.smithi008.stdout:Apr 13 17:41:48 smithi008 ceph-mon[39730]: from='mgr.14162 172.21.15.8:0/4149071489' entity='mgr.smithi008.hkxugl'
2024-04-13T17:41:49.089 INFO:journalctl@ceph.mon.smithi008.smithi008.stdout:Apr 13 17:41:48 smithi008 ceph-mon[39730]: from='mgr.14162 172.21.15.8:0/4149071489' entity='mgr.smithi008.hkxugl'
2024-04-13T17:41:49.126 INFO:teuthology.orchestra.run.smithi008.stdout:/usr/bin/ceph: stdout Self-signed certificate created
2024-04-13T17:41:49.126 INFO:teuthology.orchestra.run.smithi008.stdout:/usr/bin/ceph: stderr
2024-04-13T17:41:48.011+0000 7f1929a20700 1 Processor -- start
2024-04-13T17:41:49.126 INFO:teuthology.orchestra.run.smithi008.stdout:/usr/bin/ceph: stderr
2024-04-13T17:41:48.011+0000 7f1929a20700 1 -- start start
2024-04-13T17:41:49.126 INFO:teuthology.orchestra.run.smithi008.stdout:/usr/bin/ceph: stderr
2024-04-13T17:41:48.011+0000 7f1929a20700 1 --2- >> [v2:172.21.15.8:3300/0,v1:172.21.15.8:6789/0] conn(0x7f1924106e20 0x7f1924109210 unknown :-1 s=NONE pgs=0 cs=0 l=0 rev1=0 crypto rx=0 tx=0 comp rx=0 tx=0).connect
2024-04-13T17:41:49.126 INFO:teuthology.orchestra.run.smithi008.stdout:/usr/bin/ceph: stderr
2024-04-13T17:41:48.011+0000 7f1929a20700 1 -- --> [v2:172.21.15.8:3300/0,v1:172.21.15.8:6789/0] -- mon_getmap magic: 0 v1 -- 0x7f19240744b0 con 0x7f1924106e20
2024-04-13T17:41:49.126 INFO:teuthology.orchestra.run.smithi008.stdout:/usr/bin/ceph: stderr
2024-04-13T17:41:48.011+0000 7f1922ffd700 1 --2- >> [v2:172.21.15.8:3300/0,v1:172.21.15.8:6789/0] conn(0x7f1924106e20 0x7f1924109210 unknown :-1 s=BANNER_CONNECTING pgs=0 cs=0 l=0 rev1=0 crypto rx=0 tx=0 comp rx=0 tx=0)._handle_peer_banner_payload supported=3 required=0
2024-04-13T17:41:49.126 INFO:teuthology.orchestra.run.smithi008.stdout:/usr/bin/ceph: stderr
2024-04-13T17:41:48.011+0000 7f1922ffd700 1 --2- >> [v2:172.21.15.8:3300/0,v1:172.21.15.8:6789/0] conn(0x7f1924106e20 0x7f1924109210 unknown :-1 s=HELLO_CONNECTING pgs=0 cs=0 l=0 rev1=1 crypto rx=0 tx=0 comp rx=0 tx=0).handle_hello peer v2:172.21.15.8:3300/0 says I am v2:172.21.15.8:33728/0 (socket says 172.21.15.8:33728)
2024-04-13T17:41:49.127 INFO:teuthology.orchestra.run.smithi008.stdout:/usr/bin/ceph: stderr
2024-04-13T17:41:48.011+0000 7f1922ffd700 1 -- 172.21.15.8:0/2009681524 learned_addr learned my addr 172.21.15.8:0/2009681524 (peer_addr_for_me v2:172.21.15.8:0/0)
2024-04-13T17:41:49.127 INFO:teuthology.orchestra.run.smithi008.stdout:/usr/bin/ceph: stderr
2024-04-13T17:41:48.011+0000 7f1922ffd700 1 -- 172.21.15.8:0/2009681524 --> [v2:172.21.15.8:3300/0,v1:172.21.15.8:6789/0] -- mon_subscribe({config=0+,monmap=0+}) v3 -- 0x7f1924109750 con 0x7f1924106e20
2024-04-13T17:41:49.127 INFO:teuthology.orchestra.run.smithi008.stdout:/usr/bin/ceph: stderr
2024-04-13T17:41:48.011+0000 7f1922ffd700 1 --2- 172.21.15.8:0/2009681524 >> [v2:172.21.15.8:3300/0,v1:172.21.15.8:6789/0] conn(0x7f1924106e20 0x7f1924109210 secure :-1 s=READY pgs=80 cs=0 l=1 rev1=1 crypto rx=0x7f19140098a0 tx=0x7f1914009bb0 comp rx=0 tx=0).ready entity=mon.0 client_cookie=e555c00b2c12e18e server_cookie=0 in_seq=0 out_seq=0
2024-04-13T17:41:49.127 INFO:teuthology.orchestra.run.smithi008.stdout:/usr/bin/ceph: stderr
2024-04-13T17:41:48.012+0000 7f1921ffb700 1 -- 172.21.15.8:0/2009681524 <== mon.0 v2:172.21.15.8:3300/0 1 ==== mon_map magic: 0 v1 ==== 229+0+0 (secure 0 0 0) 0x7f1914004180 con 0x7f1924106e20
2024-04-13T17:41:49.127 INFO:teuthology.orchestra.run.smithi008.stdout:/usr/bin/ceph: stderr
2024-04-13T17:41:48.012+0000 7f1921ffb700 1 -- 172.21.15.8:0/2009681524 <== mon.0 v2:172.21.15.8:3300/0 2 ==== config(26 keys) v1 ==== 1066+0+0 (secure 0 0 0) 0x7f19140042e0 con 0x7f1924106e20
2024-04-13T17:41:49.127 INFO:teuthology.orchestra.run.smithi008.stdout:/usr/bin/ceph: stderr
2024-04-13T17:41:48.012+0000 7f1921ffb700 1 -- 172.21.15.8:0/2009681524 <== mon.0 v2:172.21.15.8:3300/0 3 ==== mon_map magic: 0 v1 ==== 229+0+0 (secure 0 0 0) 0x7f1914011a30 con 0x7f1924106e20
2024-04-13T17:41:49.127 INFO:teuthology.orchestra.run.smithi008.stdout:/usr/bin/ceph: stderr
2024-04-13T17:41:48.012+0000 7f1929a20700 1 -- 172.21.15.8:0/2009681524 >> [v2:172.21.15.8:3300/0,v1:172.21.15.8:6789/0] conn(0x7f1924106e20 msgr2=0x7f1924109210 secure :-1 s=STATE_CONNECTION_ESTABLISHED l=1).mark_down
2024-04-13T17:41:49.127 INFO:teuthology.orchestra.run.smithi008.stdout:/usr/bin/ceph: stderr
2024-04-13T17:41:48.012+0000 7f1929a20700 1 --2- 172.21.15.8:0/2009681524 >> [v2:172.21.15.8:3300/0,v1:172.21.15.8:6789/0] conn(0x7f1924106e20 0x7f1924109210 secure :-1 s=READY pgs=80 cs=0 l=1 rev1=1 crypto rx=0x7f19140098a0 tx=0x7f1914009bb0 comp rx=0 tx=0).stop
2024-04-13T17:41:49.127 INFO:teuthology.orchestra.run.smithi008.stdout:/usr/bin/ceph: stderr
2024-04-13T17:41:48.012+0000 7f1929a20700 1 -- 172.21.15.8:0/2009681524 shutdown_connections
2024-04-13T17:41:49.127 INFO:teuthology.orchestra.run.smithi008.stdout:/usr/bin/ceph: stderr
2024-04-13T17:41:48.012+0000 7f1929a20700 1 --2- 172.21.15.8:0/2009681524 >> [v2:172.21.15.8:3300/0,v1:172.21.15.8:6789/0] conn(0x7f1924106e20 0x7f1924109210 unknown :-1 s=CLOSED pgs=80 cs=0 l=1 rev1=1 crypto rx=0 tx=0 comp rx=0 tx=0).stop
2024-04-13T17:41:49.127 INFO:teuthology.orchestra.run.smithi008.stdout:/usr/bin/ceph: stderr
2024-04-13T17:41:48.012+0000 7f1929a20700 1 -- 172.21.15.8:0/2009681524 >> 172.21.15.8:0/2009681524 conn(0x7f19241007f0 msgr2=0x7f1924102c10 unknown :-1 s=STATE_NONE l=0).mark_down
2024-04-13T17:41:49.127 INFO:teuthology.orchestra.run.smithi008.stdout:/usr/bin/ceph: stderr
2024-04-13T17:41:48.012+0000 7f1929a20700 1 -- 172.21.15.8:0/2009681524 shutdown_connections
2024-04-13T17:41:49.127 INFO:teuthology.orchestra.run.smithi008.stdout:/usr/bin/ceph: stderr
2024-04-13T17:41:48.012+0000 7f1929a20700 1 -- 172.21.15.8:0/2009681524 wait complete.
2024-04-13T17:41:49.127 INFO:teuthology.orchestra.run.smithi008.stdout:/usr/bin/ceph: stderr
2024-04-13T17:41:48.013+0000 7f1929a20700 1 Processor -- start
2024-04-13T17:41:49.128 INFO:teuthology.orchestra.run.smithi008.stdout:/usr/bin/ceph: stderr
2024-04-13T17:41:48.013+0000 7f1929a20700 1 -- start start
2024-04-13T17:41:49.128 INFO:teuthology.orchestra.run.smithi008.stdout:/usr/bin/ceph: stderr
2024-04-13T17:41:48.013+0000 7f1929a20700 1 --2- >> [v2:172.21.15.8:3300/0,v1:172.21.15.8:6789/0] conn(0x7f1924106e20 0x7f1924106780 unknown :-1 s=NONE pgs=0 cs=0 l=1 rev1=0 crypto rx=0 tx=0 comp rx=0 tx=0).connect
2024-04-13T17:41:49.128 INFO:teuthology.orchestra.run.smithi008.stdout:/usr/bin/ceph: stderr
2024-04-13T17:41:48.013+0000 7f1929a20700 1 -- --> [v2:172.21.15.8:3300/0,v1:172.21.15.8:6789/0] -- mon_getmap magic: 0 v1 -- 0x7f1924106cc0 con 0x7f1924106e20
2024-04-13T17:41:49.128 INFO:teuthology.orchestra.run.smithi008.stdout:/usr/bin/ceph: stderr
2024-04-13T17:41:48.013+0000 7f1922ffd700 1 --2- >> [v2:172.21.15.8:3300/0,v1:172.21.15.8:6789/0] conn(0x7f1924106e20 0x7f1924106780 unknown :-1 s=BANNER_CONNECTING pgs=0 cs=0 l=1 rev1=0 crypto rx=0 tx=0 comp rx=0 tx=0)._handle_peer_banner_payload supported=3 required=0
2024-04-13T17:41:49.128 INFO:teuthology.orchestra.run.smithi008.stdout:/usr/bin/ceph: stderr
2024-04-13T17:41:48.014+0000 7f1922ffd700 1 --2- >> [v2:172.21.15.8:3300/0,v1:172.21.15.8:6789/0] conn(0x7f1924106e20 0x7f1924106780 unknown :-1 s=HELLO_CONNECTING pgs=0 cs=0 l=1 rev1=1 crypto rx=0 tx=0 comp rx=0 tx=0).handle_hello peer v2:172.21.15.8:3300/0 says I am v2:172.21.15.8:33740/0 (socket says 172.21.15.8:33740)
2024-04-13T17:41:49.128 INFO:teuthology.orchestra.run.smithi008.stdout:/usr/bin/ceph: stderr
2024-04-13T17:41:48.014+0000 7f1922ffd700 1 -- 172.21.15.8:0/4022131413 learned_addr learned my addr 172.21.15.8:0/4022131413 (peer_addr_for_me v2:172.21.15.8:0/0)
2024-04-13T17:41:49.128 INFO:teuthology.orchestra.run.smithi008.stdout:/usr/bin/ceph: stderr
2024-04-13T17:41:48.014+0000 7f1922ffd700 1 -- 172.21.15.8:0/4022131413 --> [v2:172.21.15.8:3300/0,v1:172.21.15.8:6789/0] -- mon_subscribe({config=0+,monmap=0+}) v3 -- 0x7f1914009550 con 0x7f1924106e20
2024-04-13T17:41:49.128 INFO:teuthology.orchestra.run.smithi008.stdout:/usr/bin/ceph: stderr
2024-04-13T17:41:48.014+0000 7f1922ffd700 1 --2- 172.21.15.8:0/4022131413 >> [v2:172.21.15.8:3300/0,v1:172.21.15.8:6789/0] conn(0x7f1924106e20 0x7f1924106780 secure :-1 s=READY pgs=81 cs=0 l=1 rev1=1 crypto rx=0x7f1914006af0 tx=0x7f1914011b20 comp rx=0 tx=0).ready entity=mon.0 client_cookie=0 server_cookie=0 in_seq=0 out_seq=0
2024-04-13T17:41:49.128 INFO:teuthology.orchestra.run.smithi008.stdout:/usr/bin/ceph: stderr
2024-04-13T17:41:48.014+0000 7f1928a1e700 1 -- 172.21.15.8:0/4022131413 <== mon.0 v2:172.21.15.8:3300/0 1 ==== mon_map magic: 0 v1 ==== 229+0+0 (secure 0 0 0) 0x7f1914003a80 con 0x7f1924106e20
2024-04-13T17:41:49.128 INFO:teuthology.orchestra.run.smithi008.stdout:/usr/bin/ceph: stderr
2024-04-13T17:41:48.014+0000 7f1928a1e700 1 -- 172.21.15.8:0/4022131413 <== mon.0 v2:172.21.15.8:3300/0 2 ==== config(26 keys) v1 ==== 1066+0+0 (secure 0 0 0) 0x7f1914003be0 con 0x7f1924106e20
2024-04-13T17:41:49.128 INFO:teuthology.orchestra.run.smithi008.stdout:/usr/bin/ceph: stderr
2024-04-13T17:41:48.014+0000 7f1929a20700 1 -- 172.21.15.8:0/4022131413 --> [v2:172.21.15.8:3300/0,v1:172.21.15.8:6789/0] -- mon_subscribe({mgrmap=0+}) v3 -- 0x7f1924104dd0 con 0x7f1924106e20
2024-04-13T17:41:49.128 INFO:teuthology.orchestra.run.smithi008.stdout:/usr/bin/ceph: stderr
2024-04-13T17:41:48.014+0000 7f1928a1e700 1 -- 172.21.15.8:0/4022131413 <== mon.0 v2:172.21.15.8:3300/0 3 ==== mon_map magic: 0 v1 ==== 229+0+0 (secure 0 0 0) 0x7f1914019770 con 0x7f1924106e20
2024-04-13T17:41:49.128 INFO:teuthology.orchestra.run.smithi008.stdout:/usr/bin/ceph: stderr
2024-04-13T17:41:48.014+0000 7f1929a20700 1 -- 172.21.15.8:0/4022131413 --> [v2:172.21.15.8:3300/0,v1:172.21.15.8:6789/0] -- mon_subscribe({osdmap=0}) v3 -- 0x7f19241051f0 con 0x7f1924106e20
2024-04-13T17:41:49.128 INFO:teuthology.orchestra.run.smithi008.stdout:/usr/bin/ceph: stderr
2024-04-13T17:41:48.015+0000 7f1928a1e700 1 -- 172.21.15.8:0/4022131413 <== mon.0 v2:172.21.15.8:3300/0 4 ==== mgrmap(e 11) v1 ==== 45190+0+0 (secure 0 0 0) 0x7f19140199e0 con 0x7f1924106e20
2024-04-13T17:41:49.128 INFO:teuthology.orchestra.run.smithi008.stdout:/usr/bin/ceph: stderr
2024-04-13T17:41:48.015+0000 7f1928a1e700 1 --2- 172.21.15.8:0/4022131413 >> [v2:172.21.15.8:6800/1759515929,v1:172.21.15.8:6801/1759515929] conn(0x7f190c038260 0x7f190c03a720 unknown :-1 s=NONE pgs=0 cs=0 l=1 rev1=0 crypto rx=0 tx=0 comp rx=0 tx=0).connect
2024-04-13T17:41:49.129 INFO:teuthology.orchestra.run.smithi008.stdout:/usr/bin/ceph: stderr
2024-04-13T17:41:48.015+0000 7f1928a1e700 1 -- 172.21.15.8:0/4022131413 <== mon.0 v2:172.21.15.8:3300/0 5 ==== osd_map(3..3 src has 1..3) v4 ==== 1155+0+0 (secure 0 0 0) 0x7f191404c4a0 con 0x7f1924106e20
