2024-04-13T07:07:12.109+0000 7f6654264700 1 --2- >> [v2:172.21.15.110:3300/0,v1:172.21.15.110:6789/0] conn(0x7f664c076b40 0x7f664c1138d0 unknown :-1 s=NONE pgs=0 cs=0 l=1 rev1=0 crypto rx=0 tx=0 comp rx=0 tx=0).connect
2024-04-13T07:07:12.984 INFO:teuthology.orchestra.run.smithi110.stdout:/usr/bin/ceph: stderr
2024-04-13T07:07:12.109+0000 7f6654264700 1 -- --> [v2:172.21.15.110:3300/0,v1:172.21.15.110:6789/0] -- mon_getmap magic: 0 v1 -- 0x7f664c113e10 con 0x7f664c076b40
2024-04-13T07:07:12.984 INFO:teuthology.orchestra.run.smithi110.stdout:/usr/bin/ceph: stderr
2024-04-13T07:07:12.109+0000 7f6652000700 1 --2- >> [v2:172.21.15.110:3300/0,v1:172.21.15.110:6789/0] conn(0x7f664c076b40 0x7f664c1138d0 unknown :-1 s=BANNER_CONNECTING pgs=0 cs=0 l=1 rev1=0 crypto rx=0 tx=0 comp rx=0 tx=0)._handle_peer_banner_payload supported=3 required=0
2024-04-13T07:07:12.984 INFO:teuthology.orchestra.run.smithi110.stdout:/usr/bin/ceph: stderr
2024-04-13T07:07:12.109+0000 7f6652000700 1 --2- >> [v2:172.21.15.110:3300/0,v1:172.21.15.110:6789/0] conn(0x7f664c076b40 0x7f664c1138d0 unknown :-1 s=HELLO_CONNECTING pgs=0 cs=0 l=1 rev1=1 crypto rx=0 tx=0 comp rx=0 tx=0).handle_hello peer v2:172.21.15.110:3300/0 says I am v2:172.21.15.110:51368/0 (socket says 172.21.15.110:51368)
2024-04-13T07:07:12.984 INFO:teuthology.orchestra.run.smithi110.stdout:/usr/bin/ceph: stderr
2024-04-13T07:07:12.109+0000 7f6652000700 1 -- 172.21.15.110:0/3682735484 learned_addr learned my addr 172.21.15.110:0/3682735484 (peer_addr_for_me v2:172.21.15.110:0/0)
2024-04-13T07:07:12.984 INFO:teuthology.orchestra.run.smithi110.stdout:/usr/bin/ceph: stderr
2024-04-13T07:07:12.109+0000 7f6652000700 1 -- 172.21.15.110:0/3682735484 --> [v2:172.21.15.110:3300/0,v1:172.21.15.110:6789/0] -- mon_subscribe({config=0+,monmap=0+}) v3 -- 0x7f66480094f0 con 0x7f664c076b40
2024-04-13T07:07:12.984 INFO:teuthology.orchestra.run.smithi110.stdout:/usr/bin/ceph: stderr
2024-04-13T07:07:12.109+0000 7f6652000700 1 --2- 172.21.15.110:0/3682735484 >> [v2:172.21.15.110:3300/0,v1:172.21.15.110:6789/0] conn(0x7f664c076b40 0x7f664c1138d0 secure :-1 s=READY pgs=44 cs=0 l=1 rev1=1 crypto rx=0x7f6648000c00 tx=0x7f6648009250 comp rx=0 tx=0).ready entity=mon.0 client_cookie=0 server_cookie=0 in_seq=0 out_seq=0
2024-04-13T07:07:12.984 INFO:teuthology.orchestra.run.smithi110.stdout:/usr/bin/ceph: stderr
2024-04-13T07:07:12.110+0000 7f66427fc700 1 -- 172.21.15.110:0/3682735484 <== mon.0 v2:172.21.15.110:3300/0 1 ==== mon_map magic: 0 v1 ==== 229+0+0 (secure 0 0 0) 0x7f66480107b0 con 0x7f664c076b40
2024-04-13T07:07:12.984 INFO:teuthology.orchestra.run.smithi110.stdout:/usr/bin/ceph: stderr
2024-04-13T07:07:12.110+0000 7f66427fc700 1 -- 172.21.15.110:0/3682735484 <== mon.0 v2:172.21.15.110:3300/0 2 ==== config(27 keys) v1 ==== 1044+0+0 (secure 0 0 0) 0x7f6648010da0 con 0x7f664c076b40
2024-04-13T07:07:12.984 INFO:teuthology.orchestra.run.smithi110.stdout:/usr/bin/ceph: stderr
2024-04-13T07:07:12.110+0000 7f6654264700 1 -- 172.21.15.110:0/3682735484 --> [v2:172.21.15.110:3300/0,v1:172.21.15.110:6789/0] -- mon_subscribe({mgrmap=0+}) v3 -- 0x7f664c114070 con 0x7f664c076b40
2024-04-13T07:07:12.984 INFO:teuthology.orchestra.run.smithi110.stdout:/usr/bin/ceph: stderr
2024-04-13T07:07:12.110+0000 7f66427fc700 1 -- 172.21.15.110:0/3682735484 <== mon.0 v2:172.21.15.110:3300/0 3 ==== mon_map magic: 0 v1 ==== 229+0+0 (secure 0 0 0) 0x7f664801add0 con 0x7f664c076b40
2024-04-13T07:07:12.984 INFO:teuthology.orchestra.run.smithi110.stdout:/usr/bin/ceph: stderr
2024-04-13T07:07:12.110+0000 7f6654264700 1 -- 172.21.15.110:0/3682735484 --> [v2:172.21.15.110:3300/0,v1:172.21.15.110:6789/0] -- mon_subscribe({osdmap=0}) v3 -- 0x7f664c114b80 con 0x7f664c076b40
2024-04-13T07:07:12.984 INFO:teuthology.orchestra.run.smithi110.stdout:/usr/bin/ceph: stderr
2024-04-13T07:07:12.110+0000 7f66427fc700 1 -- 172.21.15.110:0/3682735484 <== mon.0 v2:172.21.15.110:3300/0 4 ==== mgrmap(e 8) v1 ==== 43376+0+0 (secure 0 0 0) 0x7f6648024480 con 0x7f664c076b40
2024-04-13T07:07:12.985 INFO:teuthology.orchestra.run.smithi110.stdout:/usr/bin/ceph: stderr
2024-04-13T07:07:12.111+0000 7f66427fc700 1 --2- 172.21.15.110:0/3682735484 >> [v2:172.21.15.110:6800/1201952060,v1:172.21.15.110:6801/1201952060] conn(0x7f6638036790 0x7f6638038c40 unknown :-1 s=NONE pgs=0 cs=0 l=1 rev1=0 crypto rx=0 tx=0 comp rx=0 tx=0).connect
2024-04-13T07:07:12.985 INFO:teuthology.orchestra.run.smithi110.stdout:/usr/bin/ceph: stderr
2024-04-13T07:07:12.111+0000 7f66427fc700 1 -- 172.21.15.110:0/3682735484 <== mon.0 v2:172.21.15.110:3300/0 5 ==== osd_map(2..2 src has 1..2) v4 ==== 936+0+0 (secure 0 0 0) 0x7f664804abb0 con 0x7f664c076b40
2024-04-13T07:07:12.985 INFO:teuthology.orchestra.run.smithi110.stdout:/usr/bin/ceph: stderr
2024-04-13T07:07:12.111+0000 7f66517ff700 1 --2- 172.21.15.110:0/3682735484 >> [v2:172.21.15.110:6800/1201952060,v1:172.21.15.110:6801/1201952060] conn(0x7f6638036790 0x7f6638038c40 unknown :-1 s=BANNER_CONNECTING pgs=0 cs=0 l=1 rev1=0 crypto rx=0 tx=0 comp rx=0 tx=0)._handle_peer_banner_payload supported=3 required=0
2024-04-13T07:07:12.985 INFO:teuthology.orchestra.run.smithi110.stdout:/usr/bin/ceph: stderr
2024-04-13T07:07:12.111+0000 7f6654264700 1 -- 172.21.15.110:0/3682735484 --> [v2:172.21.15.110:3300/0,v1:172.21.15.110:6789/0] -- mon_command({"prefix": "get_command_descriptions"} v 0) v1 -- 0x7f664c05f5f0 con 0x7f664c076b40
2024-04-13T07:07:12.985 INFO:teuthology.orchestra.run.smithi110.stdout:/usr/bin/ceph: stderr
2024-04-13T07:07:12.111+0000 7f66517ff700 1 --2- 172.21.15.110:0/3682735484 >> [v2:172.21.15.110:6800/1201952060,v1:172.21.15.110:6801/1201952060] conn(0x7f6638036790 0x7f6638038c40 secure :-1 s=READY pgs=10 cs=0 l=1 rev1=1 crypto rx=0x7f663c009990 tx=0x7f663c006e40 comp rx=0 tx=0).ready entity=mgr.14120 client_cookie=0 server_cookie=0 in_seq=0 out_seq=0
2024-04-13T07:07:12.985 INFO:teuthology.orchestra.run.smithi110.stdout:/usr/bin/ceph: stderr
2024-04-13T07:07:12.116+0000 7f66427fc700 1 -- 172.21.15.110:0/3682735484 <== mon.0 v2:172.21.15.110:3300/0 6 ==== mon_command_ack([{"prefix": "get_command_descriptions"}]=0 v0) v1 ==== 72+0+176702 (secure 0 0 0) 0x7f664802e440 con 0x7f664c076b40
2024-04-13T07:07:12.985 INFO:teuthology.orchestra.run.smithi110.stdout:/usr/bin/ceph: stderr
2024-04-13T07:07:12.325+0000 7f6654264700 1 -- 172.21.15.110:0/3682735484 --> [v2:172.21.15.110:6800/1201952060,v1:172.21.15.110:6801/1201952060] -- mgr_command(tid 0: {"prefix": "cephadm get-pub-key", "target": ["mon-mgr", ""]}) v1 -- 0x7f664c0fe430 con 0x7f6638036790
2024-04-13T07:07:12.985 INFO:teuthology.orchestra.run.smithi110.stdout:/usr/bin/ceph: stderr
2024-04-13T07:07:12.326+0000 7f66427fc700 1 -- 172.21.15.110:0/3682735484 <== mgr.14120 v2:172.21.15.110:6800/1201952060 1 ==== mgr_command_reply(tid 0: 0 ) v1 ==== 8+0+595 (secure 0 0 0) 0x7f664c0fe430 con 0x7f6638036790
2024-04-13T07:07:12.985 INFO:teuthology.orchestra.run.smithi110.stdout:/usr/bin/ceph: stderr
2024-04-13T07:07:12.328+0000 7f6654264700 1 -- 172.21.15.110:0/3682735484 >> [v2:172.21.15.110:6800/1201952060,v1:172.21.15.110:6801/1201952060] conn(0x7f6638036790 msgr2=0x7f6638038c40 secure :-1 s=STATE_CONNECTION_ESTABLISHED l=1).mark_down
2024-04-13T07:07:12.985 INFO:teuthology.orchestra.run.smithi110.stdout:/usr/bin/ceph: stderr
2024-04-13T07:07:12.328+0000 7f6654264700 1 --2- 172.21.15.110:0/3682735484 >> [v2:172.21.15.110:6800/1201952060,v1:172.21.15.110:6801/1201952060] conn(0x7f6638036790 0x7f6638038c40 secure :-1 s=READY pgs=10 cs=0 l=1 rev1=1 crypto rx=0x7f663c009990 tx=0x7f663c006e40 comp rx=0 tx=0).stop
2024-04-13T07:07:12.985 INFO:teuthology.orchestra.run.smithi110.stdout:/usr/bin/ceph: stderr
2024-04-13T07:07:12.328+0000 7f6654264700 1 -- 172.21.15.110:0/3682735484 >> [v2:172.21.15.110:3300/0,v1:172.21.15.110:6789/0] conn(0x7f664c076b40 msgr2=0x7f664c1138d0 secure :-1 s=STATE_CONNECTION_ESTABLISHED l=1).mark_down
2024-04-13T07:07:12.985 INFO:teuthology.orchestra.run.smithi110.stdout:/usr/bin/ceph: stderr
2024-04-13T07:07:12.328+0000 7f6654264700 1 --2- 172.21.15.110:0/3682735484 >> [v2:172.21.15.110:3300/0,v1:172.21.15.110:6789/0] conn(0x7f664c076b40 0x7f664c1138d0 secure :-1 s=READY pgs=44 cs=0 l=1 rev1=1 crypto rx=0x7f6648000c00 tx=0x7f6648009250 comp rx=0 tx=0).stop
2024-04-13T07:07:12.985 INFO:teuthology.orchestra.run.smithi110.stdout:/usr/bin/ceph: stderr
2024-04-13T07:07:12.328+0000 7f6654264700 1 -- 172.21.15.110:0/3682735484 shutdown_connections
2024-04-13T07:07:12.985 INFO:teuthology.orchestra.run.smithi110.stdout:/usr/bin/ceph: stderr
2024-04-13T07:07:12.328+0000 7f6654264700 1 --2- 172.21.15.110:0/3682735484 >> [v2:172.21.15.110:6800/1201952060,v1:172.21.15.110:6801/1201952060] conn(0x7f6638036790 0x7f6638038c40 unknown :-1 s=CLOSED pgs=10 cs=0 l=1 rev1=1 crypto rx=0 tx=0 comp rx=0 tx=0).stop
2024-04-13T07:07:12.985 INFO:teuthology.orchestra.run.smithi110.stdout:/usr/bin/ceph: stderr
2024-04-13T07:07:12.328+0000 7f6654264700 1 --2- 172.21.15.110:0/3682735484 >> [v2:172.21.15.110:3300/0,v1:172.21.15.110:6789/0] conn(0x7f664c076b40 0x7f664c1138d0 unknown :-1 s=CLOSED pgs=44 cs=0 l=1 rev1=1 crypto rx=0 tx=0 comp rx=0 tx=0).stop
2024-04-13T07:07:12.985 INFO:teuthology.orchestra.run.smithi110.stdout:/usr/bin/ceph: stderr
2024-04-13T07:07:12.328+0000 7f6654264700 1 -- 172.21.15.110:0/3682735484 >> 172.21.15.110:0/3682735484 conn(0x7f664c0fcfc0 msgr2=0x7f664c0fdc60 unknown :-1 s=STATE_NONE l=0).mark_down
2024-04-13T07:07:12.985 INFO:teuthology.orchestra.run.smithi110.stdout:/usr/bin/ceph: stderr
2024-04-13T07:07:12.328+0000 7f6654264700 1 -- 172.21.15.110:0/3682735484 shutdown_connections
2024-04-13T07:07:12.986 INFO:teuthology.orchestra.run.smithi110.stdout:/usr/bin/ceph: stderr
2024-04-13T07:07:12.328+0000 7f6654264700 1 -- 172.21.15.110:0/3682735484 wait complete.
2024-04-13T07:07:12.986 INFO:teuthology.orchestra.run.smithi110.stdout:Wrote public SSH key to /home/ubuntu/cephtest/ceph.pub
2024-04-13T07:07:12.986 INFO:teuthology.orchestra.run.smithi110.stdout:Adding key to root@localhost authorized_keys...
2024-04-13T07:07:12.986 INFO:teuthology.orchestra.run.smithi110.stdout:Adding host smithi110...
2024-04-13T07:07:13.376 INFO:journalctl@ceph.mon.smithi110.smithi110.stdout:Apr 13 07:07:13 smithi110 ceph-mon[29292]: from='client.14138 -' entity='client.admin' cmd=[{"prefix": "cephadm get-pub-key", "target": ["mon-mgr", ""]}]: dispatch
2024-04-13T07:07:14.204 INFO:journalctl@ceph.mon.smithi110.smithi110.stdout:Apr 13 07:07:14 smithi110 ceph-mon[29292]: from='client.14140 -' entity='client.admin' cmd=[{"prefix": "orch host add", "hostname": "smithi110", "addr": "172.21.15.110", "target": ["mon-mgr", ""]}]: dispatch
2024-04-13T07:07:15.519 INFO:journalctl@ceph.mon.smithi110.smithi110.stdout:Apr 13 07:07:15 smithi110 ceph-mon[29292]: Deploying cephadm binary to smithi110
2024-04-13T07:07:16.239 INFO:teuthology.orchestra.run.smithi110.stdout:/usr/bin/ceph: stdout Added host 'smithi110' with addr '172.21.15.110'
2024-04-13T07:07:16.239 INFO:teuthology.orchestra.run.smithi110.stdout:/usr/bin/ceph: stderr
2024-04-13T07:07:13.405+0000 7fcd20f10700 1 Processor -- start
2024-04-13T07:07:16.239 INFO:teuthology.orchestra.run.smithi110.stdout:/usr/bin/ceph: stderr
2024-04-13T07:07:13.405+0000 7fcd20f10700 1 -- start start
2024-04-13T07:07:16.239 INFO:teuthology.orchestra.run.smithi110.stdout:/usr/bin/ceph: stderr
2024-04-13T07:07:13.405+0000 7fcd20f10700 1 --2- >> [v2:172.21.15.110:3300/0,v1:172.21.15.110:6789/0] conn(0x7fcd1c102920 0x7fcd1c102d30 unknown :-1 s=NONE pgs=0 cs=0 l=0 rev1=0 crypto rx=0 tx=0 comp rx=0 tx=0).connect
2024-04-13T07:07:16.239 INFO:teuthology.orchestra.run.smithi110.stdout:/usr/bin/ceph: stderr
2024-04-13T07:07:13.405+0000 7fcd20f10700 1 -- --> [v2:172.21.15.110:3300/0,v1:172.21.15.110:6789/0] -- mon_getmap magic: 0 v1 -- 0x7fcd1c103270 con 0x7fcd1c102920
2024-04-13T07:07:16.239 INFO:teuthology.orchestra.run.smithi110.stdout:/usr/bin/ceph: stderr
2024-04-13T07:07:13.406+0000 7fcd1a59c700 1 --2- >> [v2:172.21.15.110:3300/0,v1:172.21.15.110:6789/0] conn(0x7fcd1c102920 0x7fcd1c102d30 unknown :-1 s=BANNER_CONNECTING pgs=0 cs=0 l=0 rev1=0 crypto rx=0 tx=0 comp rx=0 tx=0)._handle_peer_banner_payload supported=3 required=0
2024-04-13T07:07:16.239 INFO:teuthology.orchestra.run.smithi110.stdout:/usr/bin/ceph: stderr
2024-04-13T07:07:13.406+0000 7fcd1a59c700 1 --2- >> [v2:172.21.15.110:3300/0,v1:172.21.15.110:6789/0] conn(0x7fcd1c102920 0x7fcd1c102d30 unknown :-1 s=HELLO_CONNECTING pgs=0 cs=0 l=0 rev1=1 crypto rx=0 tx=0 comp rx=0 tx=0).handle_hello peer v2:172.21.15.110:3300/0 says I am v2:172.21.15.110:51370/0 (socket says 172.21.15.110:51370)
2024-04-13T07:07:16.239 INFO:teuthology.orchestra.run.smithi110.stdout:/usr/bin/ceph: stderr
2024-04-13T07:07:13.406+0000 7fcd1a59c700 1 -- 172.21.15.110:0/1199071933 learned_addr learned my addr 172.21.15.110:0/1199071933 (peer_addr_for_me v2:172.21.15.110:0/0)
2024-04-13T07:07:16.239 INFO:teuthology.orchestra.run.smithi110.stdout:/usr/bin/ceph: stderr
2024-04-13T07:07:13.406+0000 7fcd1a59c700 1 -- 172.21.15.110:0/1199071933 --> [v2:172.21.15.110:3300/0,v1:172.21.15.110:6789/0] -- mon_subscribe({config=0+,monmap=0+}) v3 -- 0x7fcd1c1033b0 con 0x7fcd1c102920
2024-04-13T07:07:16.239 INFO:teuthology.orchestra.run.smithi110.stdout:/usr/bin/ceph: stderr
2024-04-13T07:07:13.406+0000 7fcd1a59c700 1 --2- 172.21.15.110:0/1199071933 >> [v2:172.21.15.110:3300/0,v1:172.21.15.110:6789/0] conn(0x7fcd1c102920 0x7fcd1c102d30 secure :-1 s=READY pgs=45 cs=0 l=1 rev1=1 crypto rx=0x7fcd0c0098e0 tx=0x7fcd0c009250 comp rx=0 tx=0).ready entity=mon.0 client_cookie=274dfe16c591a19e server_cookie=0 in_seq=0 out_seq=0
2024-04-13T07:07:16.239 INFO:teuthology.orchestra.run.smithi110.stdout:/usr/bin/ceph: stderr
2024-04-13T07:07:13.406+0000 7fcd1959a700 1 -- 172.21.15.110:0/1199071933 <== mon.0 v2:172.21.15.110:3300/0 1 ==== mon_map magic: 0 v1 ==== 229+0+0 (secure 0 0 0) 0x7fcd0c00b860 con 0x7fcd1c102920
2024-04-13T07:07:16.239 INFO:teuthology.orchestra.run.smithi110.stdout:/usr/bin/ceph: stderr
2024-04-13T07:07:13.406+0000 7fcd1959a700 1 -- 172.21.15.110:0/1199071933 <== mon.0 v2:172.21.15.110:3300/0 2 ==== config(27 keys) v1 ==== 1044+0+0 (secure 0 0 0) 0x7fcd0c00be50 con 0x7fcd1c102920
2024-04-13T07:07:16.240 INFO:teuthology.orchestra.run.smithi110.stdout:/usr/bin/ceph: stderr
2024-04-13T07:07:13.406+0000 7fcd1959a700 1 -- 172.21.15.110:0/1199071933 <== mon.0 v2:172.21.15.110:3300/0 3 ==== mon_map magic: 0 v1 ==== 229+0+0 (secure 0 0 0) 0x7fcd0c010380 con 0x7fcd1c102920
2024-04-13T07:07:16.240 INFO:teuthology.orchestra.run.smithi110.stdout:/usr/bin/ceph: stderr
2024-04-13T07:07:13.407+0000 7fcd20f10700 1 -- 172.21.15.110:0/1199071933 >> [v2:172.21.15.110:3300/0,v1:172.21.15.110:6789/0] conn(0x7fcd1c102920 msgr2=0x7fcd1c102d30 secure :-1 s=STATE_CONNECTION_ESTABLISHED l=1).mark_down
2024-04-13T07:07:16.240 INFO:teuthology.orchestra.run.smithi110.stdout:/usr/bin/ceph: stderr
2024-04-13T07:07:13.407+0000 7fcd20f10700 1 --2- 172.21.15.110:0/1199071933 >> [v2:172.21.15.110:3300/0,v1:172.21.15.110:6789/0] conn(0x7fcd1c102920 0x7fcd1c102d30 secure :-1 s=READY pgs=45 cs=0 l=1 rev1=1 crypto rx=0x7fcd0c0098e0 tx=0x7fcd0c009250 comp rx=0 tx=0).stop
2024-04-13T07:07:16.240 INFO:teuthology.orchestra.run.smithi110.stdout:/usr/bin/ceph: stderr
2024-04-13T07:07:13.407+0000 7fcd20f10700 1 -- 172.21.15.110:0/1199071933 shutdown_connections
2024-04-13T07:07:16.240 INFO:teuthology.orchestra.run.smithi110.stdout:/usr/bin/ceph: stderr
2024-04-13T07:07:13.407+0000 7fcd20f10700 1 --2- 172.21.15.110:0/1199071933 >> [v2:172.21.15.110:3300/0,v1:172.21.15.110:6789/0] conn(0x7fcd1c102920 0x7fcd1c102d30 unknown :-1 s=CLOSED pgs=45 cs=0 l=1 rev1=1 crypto rx=0 tx=0 comp rx=0 tx=0).stop
2024-04-13T07:07:16.240 INFO:teuthology.orchestra.run.smithi110.stdout:/usr/bin/ceph: stderr
2024-04-13T07:07:13.407+0000 7fcd20f10700 1 -- 172.21.15.110:0/1199071933 >> 172.21.15.110:0/1199071933 conn(0x7fcd1c0fe0e0 msgr2=0x7fcd1c1004f0 unknown :-1 s=STATE_NONE l=0).mark_down
2024-04-13T07:07:16.240 INFO:teuthology.orchestra.run.smithi110.stdout:/usr/bin/ceph: stderr
2024-04-13T07:07:13.407+0000 7fcd20f10700 1 -- 172.21.15.110:0/1199071933 shutdown_connections
2024-04-13T07:07:16.240 INFO:teuthology.orchestra.run.smithi110.stdout:/usr/bin/ceph: stderr
2024-04-13T07:07:13.407+0000 7fcd20f10700 1 -- 172.21.15.110:0/1199071933 wait complete.
2024-04-13T07:07:16.240 INFO:teuthology.orchestra.run.smithi110.stdout:/usr/bin/ceph: stderr
2024-04-13T07:07:13.407+0000 7fcd20f10700 1 Processor -- start
2024-04-13T07:07:16.240 INFO:teuthology.orchestra.run.smithi110.stdout:/usr/bin/ceph: stderr
2024-04-13T07:07:13.407+0000 7fcd20f10700 1 -- start start
2024-04-13T07:07:16.240 INFO:teuthology.orchestra.run.smithi110.stdout:/usr/bin/ceph: stderr
2024-04-13T07:07:13.408+0000 7fcd20f10700 1 --2- >> [v2:172.21.15.110:3300/0,v1:172.21.15.110:6789/0] conn(0x7fcd1c102920 0x7fcd1c111670 unknown :-1 s=NONE pgs=0 cs=0 l=1 rev1=0 crypto rx=0 tx=0 comp rx=0 tx=0).connect
2024-04-13T07:07:16.240 INFO:teuthology.orchestra.run.smithi110.stdout:/usr/bin/ceph: stderr
2024-04-13T07:07:13.408+0000 7fcd20f10700 1 -- --> [v2:172.21.15.110:3300/0,v1:172.21.15.110:6789/0] -- mon_getmap magic: 0 v1 -- 0x7fcd1c111bb0 con 0x7fcd1c102920
2024-04-13T07:07:16.240 INFO:teuthology.orchestra.run.smithi110.stdout:/usr/bin/ceph: stderr
2024-04-13T07:07:13.408+0000 7fcd1a59c700 1 --2- >> [v2:172.21.15.110:3300/0,v1:172.21.15.110:6789/0] conn(0x7fcd1c102920 0x7fcd1c111670 unknown :-1 s=BANNER_CONNECTING pgs=0 cs=0 l=1 rev1=0 crypto rx=0 tx=0 comp rx=0 tx=0)._handle_peer_banner_payload supported=3 required=0
2024-04-13T07:07:16.240 INFO:teuthology.orchestra.run.smithi110.stdout:/usr/bin/ceph: stderr
2024-04-13T07:07:13.408+0000 7fcd1a59c700 1 --2- >> [v2:172.21.15.110:3300/0,v1:172.21.15.110:6789/0] conn(0x7fcd1c102920 0x7fcd1c111670 unknown :-1 s=HELLO_CONNECTING pgs=0 cs=0 l=1 rev1=1 crypto rx=0 tx=0 comp rx=0 tx=0).handle_hello peer v2:172.21.15.110:3300/0 says I am v2:172.21.15.110:51372/0 (socket says 172.21.15.110:51372)
2024-04-13T07:07:16.240 INFO:teuthology.orchestra.run.smithi110.stdout:/usr/bin/ceph: stderr
2024-04-13T07:07:13.408+0000 7fcd1a59c700 1 -- 172.21.15.110:0/4156253739 learned_addr learned my addr 172.21.15.110:0/4156253739 (peer_addr_for_me v2:172.21.15.110:0/0)
2024-04-13T07:07:16.241 INFO:teuthology.orchestra.run.smithi110.stdout:/usr/bin/ceph: stderr
2024-04-13T07:07:13.408+0000 7fcd1a59c700 1 -- 172.21.15.110:0/4156253739 --> [v2:172.21.15.110:3300/0,v1:172.21.15.110:6789/0] -- mon_subscribe({config=0+,monmap=0+}) v3 -- 0x7fcd0c0094f0 con 0x7fcd1c102920
2024-04-13T07:07:16.241 INFO:teuthology.orchestra.run.smithi110.stdout:/usr/bin/ceph: stderr
2024-04-13T07:07:13.408+0000 7fcd1a59c700 1 --2- 172.21.15.110:0/4156253739 >> [v2:172.21.15.110:3300/0,v1:172.21.15.110:6789/0] conn(0x7fcd1c102920 0x7fcd1c111670 secure :-1 s=READY pgs=46 cs=0 l=1 rev1=1 crypto rx=0x7fcd0c000c00 tx=0x7fcd0c009250 comp rx=0 tx=0).ready entity=mon.0 client_cookie=0 server_cookie=0 in_seq=0 out_seq=0
2024-04-13T07:07:16.241 INFO:teuthology.orchestra.run.smithi110.stdout:/usr/bin/ceph: stderr
2024-04-13T07:07:13.408+0000 7fcd12ffd700 1 -- 172.21.15.110:0/4156253739 <== mon.0 v2:172.21.15.110:3300/0 1 ==== mon_map magic: 0 v1 ==== 229+0+0 (secure 0 0 0) 0x7fcd0c0107c0 con 0x7fcd1c102920
2024-04-13T07:07:16.241 INFO:teuthology.orchestra.run.smithi110.stdout:/usr/bin/ceph: stderr
2024-04-13T07:07:13.408+0000 7fcd12ffd700 1 -- 172.21.15.110:0/4156253739 <== mon.0 v2:172.21.15.110:3300/0 2 ==== config(27 keys) v1 ==== 1044+0+0 (secure 0 0 0) 0x7fcd0c010db0 con 0x7fcd1c102920
2024-04-13T07:07:16.241 INFO:teuthology.orchestra.run.smithi110.stdout:/usr/bin/ceph: stderr
2024-04-13T07:07:13.408+0000 7fcd20f10700 1 -- 172.21.15.110:0/4156253739 --> [v2:172.21.15.110:3300/0,v1:172.21.15.110:6789/0] -- mon_subscribe({mgrmap=0+}) v3 -- 0x7fcd1c111db0 con 0x7fcd1c102920
2024-04-13T07:07:16.241 INFO:teuthology.orchestra.run.smithi110.stdout:/usr/bin/ceph: stderr
2024-04-13T07:07:13.408+0000 7fcd12ffd700 1 -- 172.21.15.110:0/4156253739 <== mon.0 v2:172.21.15.110:3300/0 3 ==== mon_map magic: 0 v1 ==== 229+0+0 (secure 0 0 0) 0x7fcd0c01ad00 con 0x7fcd1c102920
2024-04-13T07:07:16.241 INFO:teuthology.orchestra.run.smithi110.stdout:/usr/bin/ceph: stderr
2024-04-13T07:07:13.408+0000 7fcd20f10700 1 -- 172.21.15.110:0/4156253739 --> [v2:172.21.15.110:3300/0,v1:172.21.15.110:6789/0] -- mon_subscribe({osdmap=0}) v3 -- 0x7fcd1c112920 con 0x7fcd1c102920
2024-04-13T07:07:16.241 INFO:teuthology.orchestra.run.smithi110.stdout:/usr/bin/ceph: stderr
2024-04-13T07:07:13.409+0000 7fcd12ffd700 1 -- 172.21.15.110:0/4156253739 <== mon.0 v2:172.21.15.110:3300/0 4 ==== mgrmap(e 8) v1 ==== 43376+0+0 (secure 0 0 0) 0x7fcd0c0193c0 con 0x7fcd1c102920
2024-04-13T07:07:16.241 INFO:teuthology.orchestra.run.smithi110.stdout:/usr/bin/ceph: stderr
2024-04-13T07:07:13.409+0000 7fcd20f10700 1 -- 172.21.15.110:0/4156253739 --> [v2:172.21.15.110:3300/0,v1:172.21.15.110:6789/0] -- mon_command({"prefix": "get_command_descriptions"} v 0) v1 -- 0x7fcd1c05f5f0 con 0x7fcd1c102920
2024-04-13T07:07:16.241 INFO:teuthology.orchestra.run.smithi110.stdout:/usr/bin/ceph: stderr
2024-04-13T07:07:13.409+0000 7fcd12ffd700 1 --2- 172.21.15.110:0/4156253739 >> [v2:172.21.15.110:6800/1201952060,v1:172.21.15.110:6801/1201952060] conn(0x7fcd080367e0 0x7fcd08038c90 unknown :-1 s=NONE pgs=0 cs=0 l=1 rev1=0 crypto rx=0 tx=0 comp rx=0 tx=0).connect
2024-04-13T07:07:16.241 INFO:teuthology.orchestra.run.smithi110.stdout:/usr/bin/ceph: stderr
2024-04-13T07:07:13.409+0000 7fcd12ffd700 1 -- 172.21.15.110:0/4156253739 <== mon.0 v2:172.21.15.110:3300/0 5 ==== osd_map(2..2 src has 1..2) v4 ==== 936+0+0 (secure 0 0 0) 0x7fcd0c04a790 con 0x7fcd1c102920
2024-04-13T07:07:16.241 INFO:teuthology.orchestra.run.smithi110.stdout:/usr/bin/ceph: stderr
2024-04-13T07:07:13.409+0000 7fcd19d9b700 1 --2- 172.21.15.110:0/4156253739 >> [v2:172.21.15.110:6800/1201952060,v1:172.21.15.110:6801/1201952060] conn(0x7fcd080367e0 0x7fcd08038c90 unknown :-1 s=BANNER_CONNECTING pgs=0 cs=0 l=1 rev1=0 crypto rx=0 tx=0 comp rx=0 tx=0)._handle_peer_banner_payload supported=3 required=0
2024-04-13T07:07:16.241 INFO:teuthology.orchestra.run.smithi110.stdout:/usr/bin/ceph: stderr
2024-04-13T07:07:13.410+0000 7fcd19d9b700 1 --2- 172.21.15.110:0/4156253739 >> [v2:172.21.15.110:6800/1201952060,v1:172.21.15.110:6801/1201952060] conn(0x7fcd080367e0 0x7fcd08038c90 secure :-1 s=READY pgs=11 cs=0 l=1 rev1=1 crypto rx=0x7fcd04009990 tx=0x7fcd04006e40 comp rx=0 tx=0).ready entity=mgr.14120 client_cookie=0 server_cookie=0 in_seq=0 out_seq=0
2024-04-13T07:07:16.241 INFO:teuthology.orchestra.run.smithi110.stdout:/usr/bin/ceph: stderr
2024-04-13T07:07:13.414+0000 7fcd12ffd700 1 -- 172.21.15.110:0/4156253739 <== mon.0 v2:172.21.15.110:3300/0 6 ==== mon_command_ack([{"prefix": "get_command_descriptions"}]=0 v0) v1 ==== 72+0+176702 (secure 0 0 0) 0x7fcd0c018b00 con 0x7fcd1c102920
2024-04-13T07:07:16.242 INFO:teuthology.orchestra.run.smithi110.stdout:/usr/bin/ceph: stderr
2024-04-13T07:07:13.602+0000 7fcd20f10700 1 -- 172.21.15.110:0/4156253739 --> [v2:172.21.15.110:6800/1201952060,v1:172.21.15.110:6801/1201952060] -- mgr_command(tid 0: {"prefix": "orch host add", "hostname": "smithi110", "addr": "172.21.15.110", "target": ["mon-mgr", ""]}) v1 -- 0x7fcd1c0ff2d0 con 0x7fcd080367e0
2024-04-13T07:07:16.242 INFO:teuthology.orchestra.run.smithi110.stdout:/usr/bin/ceph: stderr
2024-04-13T07:07:15.635+0000 7fcd12ffd700 1 -- 172.21.15.110:0/4156253739 <== mgr.14120 v2:172.21.15.110:6800/1201952060 1 ==== mgr_command_reply(tid 0: 0 ) v1 ==== 8+0+49 (secure 0 0 0) 0x7fcd1c0ff2d0 con 0x7fcd080367e0
2024-04-13T07:07:16.242 INFO:teuthology.orchestra.run.smithi110.stdout:/usr/bin/ceph: stderr
2024-04-13T07:07:15.638+0000 7fcd20f10700 1 -- 172.21.15.110:0/4156253739 >> [v2:172.21.15.110:6800/1201952060,v1:172.21.15.110:6801/1201952060] conn(0x7fcd080367e0 msgr2=0x7fcd08038c90 secure :-1 s=STATE_CONNECTION_ESTABLISHED l=1).mark_down
2024-04-13T07:07:16.242 INFO:teuthology.orchestra.run.smithi110.stdout:/usr/bin/ceph: stderr
2024-04-13T07:07:15.638+0000 7fcd20f10700 1 --2- 172.21.15.110:0/4156253739 >> [v2:172.21.15.110:6800/1201952060,v1:172.21.15.110:6801/1201952060] conn(0x7fcd080367e0 0x7fcd08038c90 secure :-1 s=READY pgs=11 cs=0 l=1 rev1=1 crypto rx=0x7fcd04009990 tx=0x7fcd04006e40 comp rx=0 tx=0).stop
2024-04-13T07:07:16.242 INFO:teuthology.orchestra.run.smithi110.stdout:/usr/bin/ceph: stderr
2024-04-13T07:07:15.638+0000 7fcd20f10700 1 -- 172.21.15.110:0/4156253739 >> [v2:172.21.15.110:3300/0,v1:172.21.15.110:6789/0] conn(0x7fcd1c102920 msgr2=0x7fcd1c111670 secure :-1 s=STATE_CONNECTION_ESTABLISHED l=1).mark_down
2024-04-13T07:07:16.242 INFO:teuthology.orchestra.run.smithi110.stdout:/usr/bin/ceph: stderr
2024-04-13T07:07:15.638+0000 7fcd20f10700 1 --2- 172.21.15.110:0/4156253739 >> [v2:172.21.15.110:3300/0,v1:172.21.15.110:6789/0] conn(0x7fcd1c102920 0x7fcd1c111670 secure :-1 s=READY pgs=46 cs=0 l=1 rev1=1 crypto rx=0x7fcd0c000c00 tx=0x7fcd0c009250 comp rx=0 tx=0).stop
2024-04-13T07:07:16.242 INFO:teuthology.orchestra.run.smithi110.stdout:/usr/bin/ceph: stderr
2024-04-13T07:07:15.638+0000 7fcd20f10700 1 -- 172.21.15.110:0/4156253739 shutdown_connections
2024-04-13T07:07:16.242 INFO:teuthology.orchestra.run.smithi110.stdout:/usr/bin/ceph: stderr
2024-04-13T07:07:15.638+0000 7fcd20f10700 1 --2- 172.21.15.110:0/4156253739 >> [v2:172.21.15.110:6800/1201952060,v1:172.21.15.110:6801/1201952060] conn(0x7fcd080367e0 0x7fcd08038c90 unknown :-1 s=CLOSED pgs=11 cs=0 l=1 rev1=1 crypto rx=0 tx=0 comp rx=0 tx=0).stop
2024-04-13T07:07:16.242 INFO:teuthology.orchestra.run.smithi110.stdout:/usr/bin/ceph: stderr
2024-04-13T07:07:15.638+0000 7fcd20f10700 1 --2- 172.21.15.110:0/4156253739 >> [v2:172.21.15.110:3300/0,v1:172.21.15.110:6789/0] conn(0x7fcd1c102920 0x7fcd1c111670 unknown :-1 s=CLOSED pgs=46 cs=0 l=1 rev1=1 crypto rx=0 tx=0 comp rx=0 tx=0).stop
2024-04-13T07:07:16.242 INFO:teuthology.orchestra.run.smithi110.stdout:/usr/bin/ceph: stderr
2024-04-13T07:07:15.638+0000 7fcd20f10700 1 -- 172.21.15.110:0/4156253739 >> 172.21.15.110:0/4156253739 conn(0x7fcd1c0fe0e0 msgr2=0x7fcd1c0febc0 unknown :-1 s=STATE_NONE l=0).mark_down
2024-04-13T07:07:16.242 INFO:teuthology.orchestra.run.smithi110.stdout:/usr/bin/ceph: stderr
2024-04-13T07:07:15.638+0000 7fcd20f10700 1 -- 172.21.15.110:0/4156253739 shutdown_connections
2024-04-13T07:07:16.242 INFO:teuthology.orchestra.run.smithi110.stdout:/usr/bin/ceph: stderr
2024-04-13T07:07:15.638+0000 7fcd20f10700 1 -- 172.21.15.110:0/4156253739 wait complete.
2024-04-13T07:07:16.242 INFO:teuthology.orchestra.run.smithi110.stdout:Deploying mon service with default placement...
2024-04-13T07:07:16.757 INFO:journalctl@ceph.mon.smithi110.smithi110.stdout:Apr 13 07:07:16 smithi110 ceph-mon[29292]: from='mgr.14120 172.21.15.110:0/1496607411' entity='mgr.smithi110.gccjao'
2024-04-13T07:07:16.757 INFO:journalctl@ceph.mon.smithi110.smithi110.stdout:Apr 13 07:07:16 smithi110 ceph-mon[29292]: Added host smithi110
2024-04-13T07:07:16.758 INFO:journalctl@ceph.mon.smithi110.smithi110.stdout:Apr 13 07:07:16 smithi110 ceph-mon[29292]: from='mgr.14120 172.21.15.110:0/1496607411' entity='mgr.smithi110.gccjao' cmd=[{"prefix": "config dump", "format": "json"}]: dispatch
2024-04-13T07:07:17.709 INFO:teuthology.orchestra.run.smithi110.stdout:/usr/bin/ceph: stdout Scheduled mon update...
2024-04-13T07:07:17.709 INFO:teuthology.orchestra.run.smithi110.stdout:/usr/bin/ceph: stderr
2024-04-13T07:07:16.738+0000 7fb7ccae8700 1 Processor -- start
2024-04-13T07:07:17.709 INFO:teuthology.orchestra.run.smithi110.stdout:/usr/bin/ceph: stderr
2024-04-13T07:07:16.738+0000 7fb7ccae8700 1 -- start start
2024-04-13T07:07:17.709 INFO:teuthology.orchestra.run.smithi110.stdout:/usr/bin/ceph: stderr
2024-04-13T07:07:16.738+0000 7fb7ccae8700 1 --2- >> [v2:172.21.15.110:3300/0,v1:172.21.15.110:6789/0] conn(0x7fb7c8101da0 0x7fb7c81021b0 unknown :-1 s=NONE pgs=0 cs=0 l=0 rev1=0 crypto rx=0 tx=0 comp rx=0 tx=0).connect
2024-04-13T07:07:17.709 INFO:teuthology.orchestra.run.smithi110.stdout:/usr/bin/ceph: stderr
2024-04-13T07:07:16.738+0000 7fb7ccae8700 1 -- --> [v2:172.21.15.110:3300/0,v1:172.21.15.110:6789/0] -- mon_getmap magic: 0 v1 -- 0x7fb7c81026f0 con 0x7fb7c8101da0
2024-04-13T07:07:17.709 INFO:teuthology.orchestra.run.smithi110.stdout:/usr/bin/ceph: stderr
2024-04-13T07:07:16.738+0000 7fb7c659c700 1 --2- >> [v2:172.21.15.110:3300/0,v1:172.21.15.110:6789/0] conn(0x7fb7c8101da0 0x7fb7c81021b0 unknown :-1 s=BANNER_CONNECTING pgs=0 cs=0 l=0 rev1=0 crypto rx=0 tx=0 comp rx=0 tx=0)._handle_peer_banner_payload supported=3 required=0
2024-04-13T07:07:17.709 INFO:teuthology.orchestra.run.smithi110.stdout:/usr/bin/ceph: stderr
2024-04-13T07:07:16.738+0000 7fb7c659c700 1 --2- >> [v2:172.21.15.110:3300/0,v1:172.21.15.110:6789/0] conn(0x7fb7c8101da0 0x7fb7c81021b0 unknown :-1 s=HELLO_CONNECTING pgs=0 cs=0 l=0 rev1=1 crypto rx=0 tx=0 comp rx=0 tx=0).handle_hello peer v2:172.21.15.110:3300/0 says I am v2:172.21.15.110:38302/0 (socket says 172.21.15.110:38302)
2024-04-13T07:07:17.709 INFO:teuthology.orchestra.run.smithi110.stdout:/usr/bin/ceph: stderr
2024-04-13T07:07:16.738+0000 7fb7c659c700 1 -- 172.21.15.110:0/462935884 learned_addr learned my addr 172.21.15.110:0/462935884 (peer_addr_for_me v2:172.21.15.110:0/0)
2024-04-13T07:07:17.710 INFO:teuthology.orchestra.run.smithi110.stdout:/usr/bin/ceph: stderr
2024-04-13T07:07:16.738+0000 7fb7c659c700 1 -- 172.21.15.110:0/462935884 --> [v2:172.21.15.110:3300/0,v1:172.21.15.110:6789/0] -- mon_subscribe({config=0+,monmap=0+}) v3 -- 0x7fb7c8102830 con 0x7fb7c8101da0
2024-04-13T07:07:17.710 INFO:teuthology.orchestra.run.smithi110.stdout:/usr/bin/ceph: stderr
2024-04-13T07:07:16.739+0000 7fb7c659c700 1 --2- 172.21.15.110:0/462935884 >> [v2:172.21.15.110:3300/0,v1:172.21.15.110:6789/0] conn(0x7fb7c8101da0 0x7fb7c81021b0 secure :-1 s=READY pgs=47 cs=0 l=1 rev1=1 crypto rx=0x7fb7b80098e0 tx=0x7fb7b8009250 comp rx=0 tx=0).ready entity=mon.0 client_cookie=ab8f032045f3046a server_cookie=0 in_seq=0 out_seq=0
2024-04-13T07:07:17.710 INFO:teuthology.orchestra.run.smithi110.stdout:/usr/bin/ceph: stderr
2024-04-13T07:07:16.739+0000 7fb7c559a700 1 -- 172.21.15.110:0/462935884 <== mon.0 v2:172.21.15.110:3300/0 1 ==== mon_map magic: 0 v1 ==== 229+0+0 (secure 0 0 0) 0x7fb7b800b860 con 0x7fb7c8101da0
2024-04-13T07:07:17.710 INFO:teuthology.orchestra.run.smithi110.stdout:/usr/bin/ceph: stderr
2024-04-13T07:07:16.739+0000 7fb7c559a700 1 -- 172.21.15.110:0/462935884 <== mon.0 v2:172.21.15.110:3300/0 2 ==== config(27 keys) v1 ==== 1044+0+0 (secure 0 0 0) 0x7fb7b800be50 con 0x7fb7c8101da0
2024-04-13T07:07:17.710 INFO:teuthology.orchestra.run.smithi110.stdout:/usr/bin/ceph: stderr
2024-04-13T07:07:16.739+0000 7fb7c559a700 1 -- 172.21.15.110:0/462935884 <== mon.0 v2:172.21.15.110:3300/0 3 ==== mon_map magic: 0 v1 ==== 229+0+0 (secure 0 0 0) 0x7fb7b8010380 con 0x7fb7c8101da0
2024-04-13T07:07:17.710 INFO:teuthology.orchestra.run.smithi110.stdout:/usr/bin/ceph: stderr
2024-04-13T07:07:16.739+0000 7fb7ccae8700 1 -- 172.21.15.110:0/462935884 >> [v2:172.21.15.110:3300/0,v1:172.21.15.110:6789/0] conn(0x7fb7c8101da0 msgr2=0x7fb7c81021b0 secure :-1 s=STATE_CONNECTION_ESTABLISHED l=1).mark_down
2024-04-13T07:07:17.710 INFO:teuthology.orchestra.run.smithi110.stdout:/usr/bin/ceph: stderr
2024-04-13T07:07:16.739+0000 7fb7ccae8700 1 --2- 172.21.15.110:0/462935884 >> [v2:172.21.15.110:3300/0,v1:172.21.15.110:6789/0] conn(0x7fb7c8101da0 0x7fb7c81021b0 secure :-1 s=READY pgs=47 cs=0 l=1 rev1=1 crypto rx=0x7fb7b80098e0 tx=0x7fb7b8009250 comp rx=0 tx=0).stop
2024-04-13T07:07:17.710 INFO:teuthology.orchestra.run.smithi110.stdout:/usr/bin/ceph: stderr
2024-04-13T07:07:16.739+0000 7fb7ccae8700 1 -- 172.21.15.110:0/462935884 shutdown_connections
2024-04-13T07:07:17.710 INFO:teuthology.orchestra.run.smithi110.stdout:/usr/bin/ceph: stderr
2024-04-13T07:07:16.739+0000 7fb7ccae8700 1 --2- 172.21.15.110:0/462935884 >> [v2:172.21.15.110:3300/0,v1:172.21.15.110:6789/0] conn(0x7fb7c8101da0 0x7fb7c81021b0 unknown :-1 s=CLOSED pgs=47 cs=0 l=1 rev1=1 crypto rx=0 tx=0 comp rx=0 tx=0).stop
2024-04-13T07:07:17.710 INFO:teuthology.orchestra.run.smithi110.stdout:/usr/bin/ceph: stderr
2024-04-13T07:07:16.739+0000 7fb7ccae8700 1 -- 172.21.15.110:0/462935884 >> 172.21.15.110:0/462935884 conn(0x7fb7c80fc770 msgr2=0x7fb7c80feb80 unknown :-1 s=STATE_NONE l=0).mark_down
2024-04-13T07:07:17.710 INFO:teuthology.orchestra.run.smithi110.stdout:/usr/bin/ceph: stderr
2024-04-13T07:07:16.739+0000 7fb7ccae8700 1 -- 172.21.15.110:0/462935884 shutdown_connections
2024-04-13T07:07:17.710 INFO:teuthology.orchestra.run.smithi110.stdout:/usr/bin/ceph: stderr
2024-04-13T07:07:16.739+0000 7fb7ccae8700 1 -- 172.21.15.110:0/462935884 wait complete.
2024-04-13T07:07:17.710 INFO:teuthology.orchestra.run.smithi110.stdout:/usr/bin/ceph: stderr
2024-04-13T07:07:16.740+0000 7fb7ccae8700 1 Processor -- start
2024-04-13T07:07:17.710 INFO:teuthology.orchestra.run.smithi110.stdout:/usr/bin/ceph: stderr
2024-04-13T07:07:16.740+0000 7fb7ccae8700 1 -- start start
2024-04-13T07:07:17.711 INFO:teuthology.orchestra.run.smithi110.stdout:/usr/bin/ceph: stderr
2024-04-13T07:07:16.740+0000 7fb7ccae8700 1 --2- >> [v2:172.21.15.110:3300/0,v1:172.21.15.110:6789/0] conn(0x7fb7c8101da0 0x7fb7c8111730 unknown :-1 s=NONE pgs=0 cs=0 l=1 rev1=0 crypto rx=0 tx=0 comp rx=0 tx=0).connect
2024-04-13T07:07:17.711 INFO:teuthology.orchestra.run.smithi110.stdout:/usr/bin/ceph: stderr
2024-04-13T07:07:16.740+0000 7fb7ccae8700 1 -- --> [v2:172.21.15.110:3300/0,v1:172.21.15.110:6789/0] -- mon_getmap magic: 0 v1 -- 0x7fb7c8111c70 con 0x7fb7c8101da0
2024-04-13T07:07:17.711 INFO:teuthology.orchestra.run.smithi110.stdout:/usr/bin/ceph: stderr
2024-04-13T07:07:16.740+0000 7fb7c659c700 1 --2- >> [v2:172.21.15.110:3300/0,v1:172.21.15.110:6789/0] conn(0x7fb7c8101da0 0x7fb7c8111730 unknown :-1 s=BANNER_CONNECTING pgs=0 cs=0 l=1 rev1=0 crypto rx=0 tx=0 comp rx=0 tx=0)._handle_peer_banner_payload supported=3 required=0
2024-04-13T07:07:17.711 INFO:teuthology.orchestra.run.smithi110.stdout:/usr/bin/ceph: stderr
2024-04-13T07:07:16.740+0000 7fb7c659c700 1 --2- >> [v2:172.21.15.110:3300/0,v1:172.21.15.110:6789/0] conn(0x7fb7c8101da0 0x7fb7c8111730 unknown :-1 s=HELLO_CONNECTING pgs=0 cs=0 l=1 rev1=1 crypto rx=0 tx=0 comp rx=0 tx=0).handle_hello peer v2:172.21.15.110:3300/0 says I am v2:172.21.15.110:38304/0 (socket says 172.21.15.110:38304)
2024-04-13T07:07:17.711 INFO:teuthology.orchestra.run.smithi110.stdout:/usr/bin/ceph: stderr
2024-04-13T07:07:16.740+0000 7fb7c659c700 1 -- 172.21.15.110:0/1200226698 learned_addr learned my addr 172.21.15.110:0/1200226698 (peer_addr_for_me v2:172.21.15.110:0/0)
2024-04-13T07:07:17.711 INFO:teuthology.orchestra.run.smithi110.stdout:/usr/bin/ceph: stderr
2024-04-13T07:07:16.740+0000 7fb7c659c700 1 -- 172.21.15.110:0/1200226698 --> [v2:172.21.15.110:3300/0,v1:172.21.15.110:6789/0] -- mon_subscribe({config=0+,monmap=0+}) v3 -- 0x7fb7b80094f0 con 0x7fb7c8101da0
2024-04-13T07:07:17.711 INFO:teuthology.orchestra.run.smithi110.stdout:/usr/bin/ceph: stderr
2024-04-13T07:07:16.741+0000 7fb7c659c700 1 --2- 172.21.15.110:0/1200226698 >> [v2:172.21.15.110:3300/0,v1:172.21.15.110:6789/0] conn(0x7fb7c8101da0 0x7fb7c8111730 secure :-1 s=READY pgs=48 cs=0 l=1 rev1=1 crypto rx=0x7fb7b8006b00 tx=0x7fb7b8009250 comp rx=0 tx=0).ready entity=mon.0 client_cookie=0 server_cookie=0 in_seq=0 out_seq=0
2024-04-13T07:07:17.711 INFO:teuthology.orchestra.run.smithi110.stdout:/usr/bin/ceph: stderr
2024-04-13T07:07:16.741+0000 7fb7b6ffd700 1 -- 172.21.15.110:0/1200226698 <== mon.0 v2:172.21.15.110:3300/0 1 ==== mon_map magic: 0 v1 ==== 229+0+0 (secure 0 0 0) 0x7fb7b8010760 con 0x7fb7c8101da0
2024-04-13T07:07:17.711 INFO:teuthology.orchestra.run.smithi110.stdout:/usr/bin/ceph: stderr
2024-04-13T07:07:16.741+0000 7fb7b6ffd700 1 -- 172.21.15.110:0/1200226698 <== mon.0 v2:172.21.15.110:3300/0 2 ==== config(27 keys) v1 ==== 1044+0+0 (secure 0 0 0) 0x7fb7b8010d50 con 0x7fb7c8101da0
2024-04-13T07:07:17.711 INFO:teuthology.orchestra.run.smithi110.stdout:/usr/bin/ceph: stderr
2024-04-13T07:07:16.741+0000 7fb7ccae8700 1 -- 172.21.15.110:0/1200226698 --> [v2:172.21.15.110:3300/0,v1:172.21.15.110:6789/0] -- mon_subscribe({mgrmap=0+}) v3 -- 0x7fb7c8111e70 con 0x7fb7c8101da0
2024-04-13T07:07:17.711 INFO:teuthology.orchestra.run.smithi110.stdout:/usr/bin/ceph: stderr
2024-04-13T07:07:16.741+0000 7fb7b6ffd700 1 -- 172.21.15.110:0/1200226698 <== mon.0 v2:172.21.15.110:3300/0 3 ==== mon_map magic: 0 v1 ==== 229+0+0 (secure 0 0 0) 0x7fb7b801ad40 con 0x7fb7c8101da0
2024-04-13T07:07:17.711 INFO:teuthology.orchestra.run.smithi110.stdout:/usr/bin/ceph: stderr
2024-04-13T07:07:16.741+0000 7fb7ccae8700 1 -- 172.21.15.110:0/1200226698 --> [v2:172.21.15.110:3300/0,v1:172.21.15.110:6789/0] -- mon_subscribe({osdmap=0}) v3 -- 0x7fb7c81129e0 con 0x7fb7c8101da0
2024-04-13T07:07:17.711 INFO:teuthology.orchestra.run.smithi110.stdout:/usr/bin/ceph: stderr
2024-04-13T07:07:16.742+0000 7fb7b6ffd700 1 -- 172.21.15.110:0/1200226698 <== mon.0 v2:172.21.15.110:3300/0 4 ==== mgrmap(e 8) v1 ==== 43376+0+0 (secure 0 0 0) 0x7fb7b802e440 con 0x7fb7c8101da0
2024-04-13T07:07:17.711 INFO:teuthology.orchestra.run.smithi110.stdout:/usr/bin/ceph: stderr
2024-04-13T07:07:16.742+0000 7fb7ccae8700 1 -- 172.21.15.110:0/1200226698 --> [v2:172.21.15.110:3300/0,v1:172.21.15.110:6789/0] -- mon_command({"prefix": "get_command_descriptions"} v 0) v1 -- 0x7fb7c805f5f0 con 0x7fb7c8101da0
2024-04-13T07:07:17.711 INFO:teuthology.orchestra.run.smithi110.stdout:/usr/bin/ceph: stderr
2024-04-13T07:07:16.742+0000 7fb7b6ffd700 1 --2- 172.21.15.110:0/1200226698 >> [v2:172.21.15.110:6800/1201952060,v1:172.21.15.110:6801/1201952060] conn(0x7fb7b00367e0 0x7fb7b0038c90 unknown :-1 s=NONE pgs=0 cs=0 l=1 rev1=0 crypto rx=0 tx=0 comp rx=0 tx=0).connect
2024-04-13T07:07:17.712 INFO:teuthology.orchestra.run.smithi110.stdout:/usr/bin/ceph: stderr
2024-04-13T07:07:16.742+0000 7fb7b6ffd700 1 -- 172.21.15.110:0/1200226698 <== mon.0 v2:172.21.15.110:3300/0 5 ==== osd_map(2..2 src has 1..2) v4 ==== 936+0+0 (secure 0 0 0) 0x7fb7b804a540 con 0x7fb7c8101da0
2024-04-13T07:07:17.712 INFO:teuthology.orchestra.run.smithi110.stdout:/usr/bin/ceph: stderr
2024-04-13T07:07:16.742+0000 7fb7c5d9b700 1 --2- 172.21.15.110:0/1200226698 >> [v2:172.21.15.110:6800/1201952060,v1:172.21.15.110:6801/1201952060] conn(0x7fb7b00367e0 0x7fb7b0038c90 unknown :-1 s=BANNER_CONNECTING pgs=0 cs=0 l=1 rev1=0 crypto rx=0 tx=0 comp rx=0 tx=0)._handle_peer_banner_payload supported=3 required=0
2024-04-13T07:07:17.712 INFO:teuthology.orchestra.run.smithi110.stdout:/usr/bin/ceph: stderr
2024-04-13T07:07:16.742+0000 7fb7c5d9b700 1 --2- 172.21.15.110:0/1200226698 >> [v2:172.21.15.110:6800/1201952060,v1:172.21.15.110:6801/1201952060] conn(0x7fb7b00367e0 0x7fb7b0038c90 secure :-1 s=READY pgs=12 cs=0 l=1 rev1=1 crypto rx=0x7fb7bc009990 tx=0x7fb7bc006e40 comp rx=0 tx=0).ready entity=mgr.14120 client_cookie=0 server_cookie=0 in_seq=0 out_seq=0
2024-04-13T07:07:17.712 INFO:teuthology.orchestra.run.smithi110.stdout:/usr/bin/ceph: stderr
2024-04-13T07:07:16.747+0000 7fb7b6ffd700 1 -- 172.21.15.110:0/1200226698 <== mon.0 v2:172.21.15.110:3300/0 6 ==== mon_command_ack([{"prefix": "get_command_descriptions"}]=0 v0) v1 ==== 72+0+176702 (secure 0 0 0) 0x7fb7b8018940 con 0x7fb7c8101da0
2024-04-13T07:07:17.712 INFO:teuthology.orchestra.run.smithi110.stdout:/usr/bin/ceph: stderr
2024-04-13T07:07:16.955+0000 7fb7ccae8700 1 -- 172.21.15.110:0/1200226698 --> [v2:172.21.15.110:6800/1201952060,v1:172.21.15.110:6801/1201952060] -- mgr_command(tid 0: {"prefix": "orch apply", "service_type": "mon", "target": ["mon-mgr", ""]}) v1 -- 0x7fb7c80fdb10 con 0x7fb7b00367e0
2024-04-13T07:07:17.712 INFO:teuthology.orchestra.run.smithi110.stdout:/usr/bin/ceph: stderr
2024-04-13T07:07:16.959+0000 7fb7b6ffd700 1 -- 172.21.15.110:0/1200226698 <== mgr.14120 v2:172.21.15.110:6800/1201952060 1 ==== mgr_command_reply(tid 0: 0 ) v1 ==== 8+0+24 (secure 0 0 0) 0x7fb7c80fdb10 con 0x7fb7b00367e0
2024-04-13T07:07:17.712 INFO:teuthology.orchestra.run.smithi110.stdout:/usr/bin/ceph: stderr
2024-04-13T07:07:16.961+0000 7fb7ccae8700 1 -- 172.21.15.110:0/1200226698 >> [v2:172.21.15.110:6800/1201952060,v1:172.21.15.110:6801/1201952060] conn(0x7fb7b00367e0 msgr2=0x7fb7b0038c90 secure :-1 s=STATE_CONNECTION_ESTABLISHED l=1).mark_down
2024-04-13T07:07:17.712 INFO:teuthology.orchestra.run.smithi110.stdout:/usr/bin/ceph: stderr
2024-04-13T07:07:16.961+0000 7fb7ccae8700 1 --2- 172.21.15.110:0/1200226698 >> [v2:172.21.15.110:6800/1201952060,v1:172.21.15.110:6801/1201952060] conn(0x7fb7b00367e0 0x7fb7b0038c90 secure :-1 s=READY pgs=12 cs=0 l=1 rev1=1 crypto rx=0x7fb7bc009990 tx=0x7fb7bc006e40 comp rx=0 tx=0).stop
2024-04-13T07:07:17.712 INFO:teuthology.orchestra.run.smithi110.stdout:/usr/bin/ceph: stderr
2024-04-13T07:07:16.961+0000 7fb7ccae8700 1 -- 172.21.15.110:0/1200226698 >> [v2:172.21.15.110:3300/0,v1:172.21.15.110:6789/0] conn(0x7fb7c8101da0 msgr2=0x7fb7c8111730 secure :-1 s=STATE_CONNECTION_ESTABLISHED l=1).mark_down
2024-04-13T07:07:17.712 INFO:teuthology.orchestra.run.smithi110.stdout:/usr/bin/ceph: stderr
2024-04-13T07:07:16.961+0000 7fb7ccae8700 1 --2- 172.21.15.110:0/1200226698 >> [v2:172.21.15.110:3300/0,v1:172.21.15.110:6789/0] conn(0x7fb7c8101da0 0x7fb7c8111730 secure :-1 s=READY pgs=48 cs=0 l=1 rev1=1 crypto rx=0x7fb7b8006b00 tx=0x7fb7b8009250 comp rx=0 tx=0).stop
2024-04-13T07:07:17.712 INFO:teuthology.orchestra.run.smithi110.stdout:/usr/bin/ceph: stderr
2024-04-13T07:07:16.961+0000 7fb7ccae8700 1 -- 172.21.15.110:0/1200226698 shutdown_connections
2024-04-13T07:07:17.712 INFO:teuthology.orchestra.run.smithi110.stdout:/usr/bin/ceph: stderr
2024-04-13T07:07:16.961+0000 7fb7ccae8700 1 --2- 172.21.15.110:0/1200226698 >> [v2:172.21.15.110:6800/1201952060,v1:172.21.15.110:6801/1201952060] conn(0x7fb7b00367e0 0x7fb7b0038c90 unknown :-1 s=CLOSED pgs=12 cs=0 l=1 rev1=1 crypto rx=0 tx=0 comp rx=0 tx=0).stop
2024-04-13T07:07:17.712 INFO:teuthology.orchestra.run.smithi110.stdout:/usr/bin/ceph: stderr
2024-04-13T07:07:16.961+0000 7fb7ccae8700 1 --2- 172.21.15.110:0/1200226698 >> [v2:172.21.15.110:3300/0,v1:172.21.15.110:6789/0] conn(0x7fb7c8101da0 0x7fb7c8111730 unknown :-1 s=CLOSED pgs=48 cs=0 l=1 rev1=1 crypto rx=0 tx=0 comp rx=0 tx=0).stop
2024-04-13T07:07:17.712 INFO:teuthology.orchestra.run.smithi110.stdout:/usr/bin/ceph: stderr
2024-04-13T07:07:16.961+0000 7fb7ccae8700 1 -- 172.21.15.110:0/1200226698 >> 172.21.15.110:0/1200226698 conn(0x7fb7c80fc770 msgr2=0x7fb7c80fd340 unknown :-1 s=STATE_NONE l=0).mark_down
2024-04-13T07:07:17.712 INFO:teuthology.orchestra.run.smithi110.stdout:/usr/bin/ceph: stderr
2024-04-13T07:07:16.961+0000 7fb7ccae8700 1 -- 172.21.15.110:0/1200226698 shutdown_connections
2024-04-13T07:07:17.713 INFO:teuthology.orchestra.run.smithi110.stdout:/usr/bin/ceph: stderr
2024-04-13T07:07:16.961+0000 7fb7ccae8700 1 -- 172.21.15.110:0/1200226698 wait complete.
2024-04-13T07:07:17.713 INFO:teuthology.orchestra.run.smithi110.stdout:Deploying mgr service with default placement...
2024-04-13T07:07:18.269 INFO:journalctl@ceph.mon.smithi110.smithi110.stdout:Apr 13 07:07:17 smithi110 ceph-mon[29292]: from='client.14142 -' entity='client.admin' cmd=[{"prefix": "orch apply", "service_type": "mon", "target": ["mon-mgr", ""]}]: dispatch
2024-04-13T07:07:18.269 INFO:journalctl@ceph.mon.smithi110.smithi110.stdout:Apr 13 07:07:17 smithi110 ceph-mon[29292]: Saving service mon spec with placement count:5
2024-04-13T07:07:18.269 INFO:journalctl@ceph.mon.smithi110.smithi110.stdout:Apr 13 07:07:17 smithi110 ceph-mon[29292]: from='mgr.14120 172.21.15.110:0/1496607411' entity='mgr.smithi110.gccjao'
2024-04-13T07:07:19.769 INFO:journalctl@ceph.mon.smithi110.smithi110.stdout:Apr 13 07:07:19 smithi110 ceph-mon[29292]: from='mgr.14120 172.21.15.110:0/1496607411' entity='mgr.smithi110.gccjao'
2024-04-13T07:07:19.770 INFO:journalctl@ceph.mon.smithi110.smithi110.stdout:Apr 13 07:07:19 smithi110 ceph-mon[29292]: from='mgr.14120 172.21.15.110:0/1496607411' entity='mgr.smithi110.gccjao'
2024-04-13T07:07:19.770 INFO:journalctl@ceph.mon.smithi110.smithi110.stdout:Apr 13 07:07:19 smithi110 ceph-mon[29292]: from='mgr.14120 172.21.15.110:0/1496607411' entity='mgr.smithi110.gccjao'
2024-04-13T07:07:19.887 INFO:teuthology.orchestra.run.smithi110.stdout:/usr/bin/ceph: stdout Scheduled mgr update...
2024-04-13T07:07:19.887 INFO:teuthology.orchestra.run.smithi110.stdout:/usr/bin/ceph: stderr
2024-04-13T07:07:18.894+0000 7f9eb05a4700 1 Processor -- start
2024-04-13T07:07:19.887 INFO:teuthology.orchestra.run.smithi110.stdout:/usr/bin/ceph: stderr
2024-04-13T07:07:18.894+0000 7f9eb05a4700 1 -- start start
2024-04-13T07:07:19.887 INFO:teuthology.orchestra.run.smithi110.stdout:/usr/bin/ceph: stderr
2024-04-13T07:07:18.895+0000 7f9eb05a4700 1 --2- >> [v2:172.21.15.110:3300/0,v1:172.21.15.110:6789/0] conn(0x7f9ea8102960 0x7f9ea8102d70 unknown :-1 s=NONE pgs=0 cs=0 l=0 rev1=0 crypto rx=0 tx=0 comp rx=0 tx=0).connect
2024-04-13T07:07:19.887 INFO:teuthology.orchestra.run.smithi110.stdout:/usr/bin/ceph: stderr
2024-04-13T07:07:18.895+0000 7f9eb05a4700 1 -- --> [v2:172.21.15.110:3300/0,v1:172.21.15.110:6789/0] -- mon_getmap magic: 0 v1 -- 0x7f9ea81032b0 con 0x7f9ea8102960
2024-04-13T07:07:19.887 INFO:teuthology.orchestra.run.smithi110.stdout:/usr/bin/ceph: stderr
2024-04-13T07:07:18.895+0000 7f9eae340700 1 --2- >> [v2:172.21.15.110:3300/0,v1:172.21.15.110:6789/0] conn(0x7f9ea8102960 0x7f9ea8102d70 unknown :-1 s=BANNER_CONNECTING pgs=0 cs=0 l=0 rev1=0 crypto rx=0 tx=0 comp rx=0 tx=0)._handle_peer_banner_payload supported=3 required=0
2024-04-13T07:07:19.888 INFO:teuthology.orchestra.run.smithi110.stdout:/usr/bin/ceph: stderr
2024-04-13T07:07:18.895+0000 7f9eae340700 1 --2- >> [v2:172.21.15.110:3300/0,v1:172.21.15.110:6789/0] conn(0x7f9ea8102960 0x7f9ea8102d70 unknown :-1 s=HELLO_CONNECTING pgs=0 cs=0 l=0 rev1=1 crypto rx=0 tx=0 comp rx=0 tx=0).handle_hello peer v2:172.21.15.110:3300/0 says I am v2:172.21.15.110:38312/0 (socket says 172.21.15.110:38312)
2024-04-13T07:07:19.888 INFO:teuthology.orchestra.run.smithi110.stdout:/usr/bin/ceph: stderr
2024-04-13T07:07:18.895+0000 7f9eae340700 1 -- 172.21.15.110:0/205354206 learned_addr learned my addr 172.21.15.110:0/205354206 (peer_addr_for_me v2:172.21.15.110:0/0)
2024-04-13T07:07:19.888 INFO:teuthology.orchestra.run.smithi110.stdout:/usr/bin/ceph: stderr
2024-04-13T07:07:18.895+0000 7f9eae340700 1 -- 172.21.15.110:0/205354206 --> [v2:172.21.15.110:3300/0,v1:172.21.15.110:6789/0] -- mon_subscribe({config=0+,monmap=0+}) v3 -- 0x7f9ea81033f0 con 0x7f9ea8102960
2024-04-13T07:07:19.888 INFO:teuthology.orchestra.run.smithi110.stdout:/usr/bin/ceph: stderr
2024-04-13T07:07:18.895+0000 7f9eae340700 1 --2- 172.21.15.110:0/205354206 >> [v2:172.21.15.110:3300/0,v1:172.21.15.110:6789/0] conn(0x7f9ea8102960 0x7f9ea8102d70 secure :-1 s=READY pgs=49 cs=0 l=1 rev1=1 crypto rx=0x7f9e980098e0 tx=0x7f9e98009250 comp rx=0 tx=0).ready entity=mon.0 client_cookie=d0a51a904c5505c7 server_cookie=0 in_seq=0 out_seq=0
2024-04-13T07:07:19.888 INFO:teuthology.orchestra.run.smithi110.stdout:/usr/bin/ceph: stderr
2024-04-13T07:07:18.896+0000 7f9ead33e700 1 -- 172.21.15.110:0/205354206 <== mon.0 v2:172.21.15.110:3300/0 1 ==== mon_map magic: 0 v1 ==== 229+0+0 (secure 0 0 0) 0x7f9e9800b860 con 0x7f9ea8102960
2024-04-13T07:07:19.888 INFO:teuthology.orchestra.run.smithi110.stdout:/usr/bin/ceph: stderr
2024-04-13T07:07:18.896+0000 7f9ead33e700 1 -- 172.21.15.110:0/205354206 <== mon.0 v2:172.21.15.110:3300/0 2 ==== config(27 keys) v1 ==== 1109+0+0 (secure 0 0 0) 0x7f9e9800be90 con 0x7f9ea8102960
2024-04-13T07:07:19.888 INFO:teuthology.orchestra.run.smithi110.stdout:/usr/bin/ceph: stderr
2024-04-13T07:07:18.896+0000 7f9ead33e700 1 -- 172.21.15.110:0/205354206 <== mon.0 v2:172.21.15.110:3300/0 3 ==== mon_map magic: 0 v1 ==== 229+0+0 (secure 0 0 0) 0x7f9e980103c0 con 0x7f9ea8102960
2024-04-13T07:07:19.888 INFO:teuthology.orchestra.run.smithi110.stdout:/usr/bin/ceph: stderr
2024-04-13T07:07:18.896+0000 7f9eb05a4700 1 -- 172.21.15.110:0/205354206 >> [v2:172.21.15.110:3300/0,v1:172.21.15.110:6789/0] conn(0x7f9ea8102960 msgr2=0x7f9ea8102d70 secure :-1 s=STATE_CONNECTION_ESTABLISHED l=1).mark_down
2024-04-13T07:07:19.888 INFO:teuthology.orchestra.run.smithi110.stdout:/usr/bin/ceph: stderr
2024-04-13T07:07:18.896+0000 7f9eb05a4700 1 --2- 172.21.15.110:0/205354206 >> [v2:172.21.15.110:3300/0,v1:172.21.15.110:6789/0] conn(0x7f9ea8102960 0x7f9ea8102d70 secure :-1 s=READY pgs=49 cs=0 l=1 rev1=1 crypto rx=0x7f9e980098e0 tx=0x7f9e98009250 comp rx=0 tx=0).stop
2024-04-13T07:07:19.888 INFO:teuthology.orchestra.run.smithi110.stdout:/usr/bin/ceph: stderr
2024-04-13T07:07:18.896+0000 7f9eb05a4700 1 -- 172.21.15.110:0/205354206 shutdown_connections
2024-04-13T07:07:19.888 INFO:teuthology.orchestra.run.smithi110.stdout:/usr/bin/ceph: stderr
2024-04-13T07:07:18.896+0000 7f9eb05a4700 1 --2- 172.21.15.110:0/205354206 >> [v2:172.21.15.110:3300/0,v1:172.21.15.110:6789/0] conn(0x7f9ea8102960 0x7f9ea8102d70 unknown :-1 s=CLOSED pgs=49 cs=0 l=1 rev1=1 crypto rx=0 tx=0 comp rx=0 tx=0).stop
2024-04-13T07:07:19.888 INFO:teuthology.orchestra.run.smithi110.stdout:/usr/bin/ceph: stderr
2024-04-13T07:07:18.896+0000 7f9eb05a4700 1 -- 172.21.15.110:0/205354206 >> 172.21.15.110:0/205354206 conn(0x7f9ea80fe0e0 msgr2=0x7f9ea81004f0 unknown :-1 s=STATE_NONE l=0).mark_down
2024-04-13T07:07:19.888 INFO:teuthology.orchestra.run.smithi110.stdout:/usr/bin/ceph: stderr
2024-04-13T07:07:18.896+0000 7f9eb05a4700 1 -- 172.21.15.110:0/205354206 shutdown_connections
2024-04-13T07:07:19.888 INFO:teuthology.orchestra.run.smithi110.stdout:/usr/bin/ceph: stderr
2024-04-13T07:07:18.896+0000 7f9eb05a4700 1 -- 172.21.15.110:0/205354206 wait complete.
2024-04-13T07:07:19.888 INFO:teuthology.orchestra.run.smithi110.stdout:/usr/bin/ceph: stderr
2024-04-13T07:07:18.897+0000 7f9eb05a4700 1 Processor -- start
