2024-04-13T07:07:39.699+0000 7f8edb5b6700 1 --2- 172.21.15.110:0/3195128670 >> [v2:172.21.15.110:6800/3613933435,v1:172.21.15.110:6801/3613933435] conn(0x7f8ec0036710 0x7f8ec0038bc0 secure :-1 s=READY pgs=7 cs=0 l=1 rev1=1 crypto rx=0x7f8ec4009990 tx=0x7f8ec4006e40 comp rx=0 tx=0).stop
2024-04-13T07:07:40.318 INFO:teuthology.orchestra.run.smithi110.stdout:/usr/bin/ceph: stderr
2024-04-13T07:07:39.699+0000 7f8edb5b6700 1 -- 172.21.15.110:0/3195128670 >> [v2:172.21.15.110:3300/0,v1:172.21.15.110:6789/0] conn(0x7f8ed4101800 msgr2=0x7f8ed4113850 secure :-1 s=STATE_CONNECTION_ESTABLISHED l=1).mark_down
2024-04-13T07:07:40.318 INFO:teuthology.orchestra.run.smithi110.stdout:/usr/bin/ceph: stderr
2024-04-13T07:07:39.699+0000 7f8edb5b6700 1 --2- 172.21.15.110:0/3195128670 >> [v2:172.21.15.110:3300/0,v1:172.21.15.110:6789/0] conn(0x7f8ed4101800 0x7f8ed4113850 secure :-1 s=READY pgs=81 cs=0 l=1 rev1=1 crypto rx=0x7f8ed00106a0 tx=0x7f8ed000b4f0 comp rx=0 tx=0).stop
2024-04-13T07:07:40.318 INFO:teuthology.orchestra.run.smithi110.stdout:/usr/bin/ceph: stderr
2024-04-13T07:07:39.699+0000 7f8edb5b6700 1 -- 172.21.15.110:0/3195128670 shutdown_connections
2024-04-13T07:07:40.319 INFO:teuthology.orchestra.run.smithi110.stdout:/usr/bin/ceph: stderr
2024-04-13T07:07:39.699+0000 7f8edb5b6700 1 --2- 172.21.15.110:0/3195128670 >> [v2:172.21.15.110:6800/3613933435,v1:172.21.15.110:6801/3613933435] conn(0x7f8ec0036710 0x7f8ec0038bc0 unknown :-1 s=CLOSED pgs=7 cs=0 l=1 rev1=1 crypto rx=0 tx=0 comp rx=0 tx=0).stop
2024-04-13T07:07:40.319 INFO:teuthology.orchestra.run.smithi110.stdout:/usr/bin/ceph: stderr
2024-04-13T07:07:39.699+0000 7f8edb5b6700 1 --2- 172.21.15.110:0/3195128670 >> [v2:172.21.15.110:3300/0,v1:172.21.15.110:6789/0] conn(0x7f8ed4101800 0x7f8ed4113850 unknown :-1 s=CLOSED pgs=81 cs=0 l=1 rev1=1 crypto rx=0 tx=0 comp rx=0 tx=0).stop
2024-04-13T07:07:40.319 INFO:teuthology.orchestra.run.smithi110.stdout:/usr/bin/ceph: stderr
2024-04-13T07:07:39.699+0000 7f8edb5b6700 1 -- 172.21.15.110:0/3195128670 >> 172.21.15.110:0/3195128670 conn(0x7f8ed40fcf80 msgr2=0x7f8ed4105c50 unknown :-1 s=STATE_NONE l=0).mark_down
2024-04-13T07:07:40.319 INFO:teuthology.orchestra.run.smithi110.stdout:/usr/bin/ceph: stderr
2024-04-13T07:07:39.699+0000 7f8edb5b6700 1 -- 172.21.15.110:0/3195128670 shutdown_connections
2024-04-13T07:07:40.319 INFO:teuthology.orchestra.run.smithi110.stdout:/usr/bin/ceph: stderr
2024-04-13T07:07:39.699+0000 7f8edb5b6700 1 -- 172.21.15.110:0/3195128670 wait complete.
2024-04-13T07:07:40.319 INFO:teuthology.orchestra.run.smithi110.stdout:Creating initial admin user...
2024-04-13T07:07:40.923 INFO:journalctl@ceph.mon.smithi110.smithi110.stdout:Apr 13 07:07:40 smithi110 ceph-mon[29292]: from='client.14174 -' entity='client.admin' cmd=[{"prefix": "dashboard create-self-signed-cert", "target": ["mon-mgr", ""]}]: dispatch
2024-04-13T07:07:40.923 INFO:journalctl@ceph.mon.smithi110.smithi110.stdout:Apr 13 07:07:40 smithi110 ceph-mon[29292]: from='mgr.14162 172.21.15.110:0/2208806127' entity='mgr.smithi110.gccjao'
2024-04-13T07:07:40.923 INFO:journalctl@ceph.mon.smithi110.smithi110.stdout:Apr 13 07:07:40 smithi110 ceph-mon[29292]: mgrmap e12: smithi110.gccjao(active, since 2s)
2024-04-13T07:07:42.242 INFO:journalctl@ceph.mon.smithi110.smithi110.stdout:Apr 13 07:07:42 smithi110 ceph-mon[29292]: from='client.14176 -' entity='client.admin' cmd=[{"prefix": "dashboard ac-user-create", "username": "admin", "rolename": "administrator", "force_password": true, "pwd_update_required": true, "target": ["mon-mgr", ""]}]: dispatch
2024-04-13T07:07:42.242 INFO:journalctl@ceph.mon.smithi110.smithi110.stdout:Apr 13 07:07:42 smithi110 ceph-mon[29292]: from='mgr.14162 172.21.15.110:0/2208806127' entity='mgr.smithi110.gccjao'
2024-04-13T07:07:42.362 INFO:teuthology.orchestra.run.smithi110.stdout:/usr/bin/ceph: stdout {"username": "admin", "password": "$2b$12$ICTy5e6ryeVELfcSK1FEhuqxuEkqhxA/jxejNMmcBe16fBpbJAV1u", "roles": ["administrator"], "name": null, "email": null, "lastUpdate": 1712992061, "enabled": true, "pwdExpirationDate": null, "pwdUpdateRequired": true}
2024-04-13T07:07:42.362 INFO:teuthology.orchestra.run.smithi110.stdout:/usr/bin/ceph: stderr
2024-04-13T07:07:40.693+0000 7f1e6bc63700 1 Processor -- start
2024-04-13T07:07:42.362 INFO:teuthology.orchestra.run.smithi110.stdout:/usr/bin/ceph: stderr
2024-04-13T07:07:40.694+0000 7f1e6bc63700 1 -- start start
2024-04-13T07:07:42.363 INFO:teuthology.orchestra.run.smithi110.stdout:/usr/bin/ceph: stderr
2024-04-13T07:07:40.694+0000 7f1e6bc63700 1 --2- >> [v2:172.21.15.110:3300/0,v1:172.21.15.110:6789/0] conn(0x7f1e64071300 0x7f1e641054f0 unknown :-1 s=NONE pgs=0 cs=0 l=0 rev1=0 crypto rx=0 tx=0 comp rx=0 tx=0).connect
2024-04-13T07:07:42.363 INFO:teuthology.orchestra.run.smithi110.stdout:/usr/bin/ceph: stderr
2024-04-13T07:07:40.694+0000 7f1e6bc63700 1 -- --> [v2:172.21.15.110:3300/0,v1:172.21.15.110:6789/0] -- mon_getmap magic: 0 v1 -- 0x7f1e64071710 con 0x7f1e64071300
2024-04-13T07:07:42.363 INFO:teuthology.orchestra.run.smithi110.stdout:/usr/bin/ceph: stderr
2024-04-13T07:07:40.694+0000 7f1e699ff700 1 --2- >> [v2:172.21.15.110:3300/0,v1:172.21.15.110:6789/0] conn(0x7f1e64071300 0x7f1e641054f0 unknown :-1 s=BANNER_CONNECTING pgs=0 cs=0 l=0 rev1=0 crypto rx=0 tx=0 comp rx=0 tx=0)._handle_peer_banner_payload supported=3 required=0
2024-04-13T07:07:42.363 INFO:teuthology.orchestra.run.smithi110.stdout:/usr/bin/ceph: stderr
2024-04-13T07:07:40.694+0000 7f1e699ff700 1 --2- >> [v2:172.21.15.110:3300/0,v1:172.21.15.110:6789/0] conn(0x7f1e64071300 0x7f1e641054f0 unknown :-1 s=HELLO_CONNECTING pgs=0 cs=0 l=0 rev1=1 crypto rx=0 tx=0 comp rx=0 tx=0).handle_hello peer v2:172.21.15.110:3300/0 says I am v2:172.21.15.110:46958/0 (socket says 172.21.15.110:46958)
2024-04-13T07:07:42.363 INFO:teuthology.orchestra.run.smithi110.stdout:/usr/bin/ceph: stderr
2024-04-13T07:07:40.694+0000 7f1e699ff700 1 -- 172.21.15.110:0/425781481 learned_addr learned my addr 172.21.15.110:0/425781481 (peer_addr_for_me v2:172.21.15.110:0/0)
2024-04-13T07:07:42.363 INFO:teuthology.orchestra.run.smithi110.stdout:/usr/bin/ceph: stderr
2024-04-13T07:07:40.695+0000 7f1e699ff700 1 -- 172.21.15.110:0/425781481 --> [v2:172.21.15.110:3300/0,v1:172.21.15.110:6789/0] -- mon_subscribe({config=0+,monmap=0+}) v3 -- 0x7f1e64105a30 con 0x7f1e64071300
2024-04-13T07:07:42.363 INFO:teuthology.orchestra.run.smithi110.stdout:/usr/bin/ceph: stderr
2024-04-13T07:07:40.695+0000 7f1e699ff700 1 --2- 172.21.15.110:0/425781481 >> [v2:172.21.15.110:3300/0,v1:172.21.15.110:6789/0] conn(0x7f1e64071300 0x7f1e641054f0 secure :-1 s=READY pgs=82 cs=0 l=1 rev1=1 crypto rx=0x7f1e600098e0 tx=0x7f1e60009250 comp rx=0 tx=0).ready entity=mon.0 client_cookie=b2d51efec07cc7e server_cookie=0 in_seq=0 out_seq=0
2024-04-13T07:07:42.363 INFO:teuthology.orchestra.run.smithi110.stdout:/usr/bin/ceph: stderr
2024-04-13T07:07:40.695+0000 7f1e689fd700 1 -- 172.21.15.110:0/425781481 <== mon.0 v2:172.21.15.110:3300/0 1 ==== mon_map magic: 0 v1 ==== 229+0+0 (secure 0 0 0) 0x7f1e6000b860 con 0x7f1e64071300
2024-04-13T07:07:42.363 INFO:teuthology.orchestra.run.smithi110.stdout:/usr/bin/ceph: stderr
2024-04-13T07:07:40.695+0000 7f1e689fd700 1 -- 172.21.15.110:0/425781481 <== mon.0 v2:172.21.15.110:3300/0 2 ==== config(27 keys) v1 ==== 1109+0+0 (secure 0 0 0) 0x7f1e6000be90 con 0x7f1e64071300
2024-04-13T07:07:42.363 INFO:teuthology.orchestra.run.smithi110.stdout:/usr/bin/ceph: stderr
2024-04-13T07:07:40.695+0000 7f1e689fd700 1 -- 172.21.15.110:0/425781481 <== mon.0 v2:172.21.15.110:3300/0 3 ==== mon_map magic: 0 v1 ==== 229+0+0 (secure 0 0 0) 0x7f1e600103c0 con 0x7f1e64071300
2024-04-13T07:07:42.363 INFO:teuthology.orchestra.run.smithi110.stdout:/usr/bin/ceph: stderr
2024-04-13T07:07:40.696+0000 7f1e6bc63700 1 -- 172.21.15.110:0/425781481 >> [v2:172.21.15.110:3300/0,v1:172.21.15.110:6789/0] conn(0x7f1e64071300 msgr2=0x7f1e641054f0 secure :-1 s=STATE_CONNECTION_ESTABLISHED l=1).mark_down
2024-04-13T07:07:42.363 INFO:teuthology.orchestra.run.smithi110.stdout:/usr/bin/ceph: stderr
2024-04-13T07:07:40.696+0000 7f1e6bc63700 1 --2- 172.21.15.110:0/425781481 >> [v2:172.21.15.110:3300/0,v1:172.21.15.110:6789/0] conn(0x7f1e64071300 0x7f1e641054f0 secure :-1 s=READY pgs=82 cs=0 l=1 rev1=1 crypto rx=0x7f1e600098e0 tx=0x7f1e60009250 comp rx=0 tx=0).stop
2024-04-13T07:07:42.363 INFO:teuthology.orchestra.run.smithi110.stdout:/usr/bin/ceph: stderr
2024-04-13T07:07:40.696+0000 7f1e6bc63700 1 -- 172.21.15.110:0/425781481 shutdown_connections
2024-04-13T07:07:42.363 INFO:teuthology.orchestra.run.smithi110.stdout:/usr/bin/ceph: stderr
2024-04-13T07:07:40.696+0000 7f1e6bc63700 1 --2- 172.21.15.110:0/425781481 >> [v2:172.21.15.110:3300/0,v1:172.21.15.110:6789/0] conn(0x7f1e64071300 0x7f1e641054f0 unknown :-1 s=CLOSED pgs=82 cs=0 l=1 rev1=1 crypto rx=0 tx=0 comp rx=0 tx=0).stop
2024-04-13T07:07:42.363 INFO:teuthology.orchestra.run.smithi110.stdout:/usr/bin/ceph: stderr
2024-04-13T07:07:40.696+0000 7f1e6bc63700 1 -- 172.21.15.110:0/425781481 >> 172.21.15.110:0/425781481 conn(0x7f1e640fcf80 msgr2=0x7f1e640ff3b0 unknown :-1 s=STATE_NONE l=0).mark_down
2024-04-13T07:07:42.364 INFO:teuthology.orchestra.run.smithi110.stdout:/usr/bin/ceph: stderr
2024-04-13T07:07:40.696+0000 7f1e6bc63700 1 -- 172.21.15.110:0/425781481 shutdown_connections
2024-04-13T07:07:42.364 INFO:teuthology.orchestra.run.smithi110.stdout:/usr/bin/ceph: stderr
2024-04-13T07:07:40.696+0000 7f1e6bc63700 1 -- 172.21.15.110:0/425781481 wait complete.
2024-04-13T07:07:42.364 INFO:teuthology.orchestra.run.smithi110.stdout:/usr/bin/ceph: stderr
2024-04-13T07:07:40.696+0000 7f1e6bc63700 1 Processor -- start
2024-04-13T07:07:42.364 INFO:teuthology.orchestra.run.smithi110.stdout:/usr/bin/ceph: stderr
2024-04-13T07:07:40.696+0000 7f1e6bc63700 1 -- start start
2024-04-13T07:07:42.364 INFO:teuthology.orchestra.run.smithi110.stdout:/usr/bin/ceph: stderr
2024-04-13T07:07:40.697+0000 7f1e6bc63700 1 --2- >> [v2:172.21.15.110:3300/0,v1:172.21.15.110:6789/0] conn(0x7f1e64071300 0x7f1e64111740 unknown :-1 s=NONE pgs=0 cs=0 l=1 rev1=0 crypto rx=0 tx=0 comp rx=0 tx=0).connect
2024-04-13T07:07:42.364 INFO:teuthology.orchestra.run.smithi110.stdout:/usr/bin/ceph: stderr
2024-04-13T07:07:40.697+0000 7f1e6bc63700 1 -- --> [v2:172.21.15.110:3300/0,v1:172.21.15.110:6789/0] -- mon_getmap magic: 0 v1 -- 0x7f1e64111c80 con 0x7f1e64071300
2024-04-13T07:07:42.364 INFO:teuthology.orchestra.run.smithi110.stdout:/usr/bin/ceph: stderr
2024-04-13T07:07:40.697+0000 7f1e699ff700 1 --2- >> [v2:172.21.15.110:3300/0,v1:172.21.15.110:6789/0] conn(0x7f1e64071300 0x7f1e64111740 unknown :-1 s=BANNER_CONNECTING pgs=0 cs=0 l=1 rev1=0 crypto rx=0 tx=0 comp rx=0 tx=0)._handle_peer_banner_payload supported=3 required=0
2024-04-13T07:07:42.364 INFO:teuthology.orchestra.run.smithi110.stdout:/usr/bin/ceph: stderr
2024-04-13T07:07:40.697+0000 7f1e699ff700 1 --2- >> [v2:172.21.15.110:3300/0,v1:172.21.15.110:6789/0] conn(0x7f1e64071300 0x7f1e64111740 unknown :-1 s=HELLO_CONNECTING pgs=0 cs=0 l=1 rev1=1 crypto rx=0 tx=0 comp rx=0 tx=0).handle_hello peer v2:172.21.15.110:3300/0 says I am v2:172.21.15.110:46960/0 (socket says 172.21.15.110:46960)
2024-04-13T07:07:42.364 INFO:teuthology.orchestra.run.smithi110.stdout:/usr/bin/ceph: stderr
2024-04-13T07:07:40.697+0000 7f1e699ff700 1 -- 172.21.15.110:0/1292895721 learned_addr learned my addr 172.21.15.110:0/1292895721 (peer_addr_for_me v2:172.21.15.110:0/0)
2024-04-13T07:07:42.364 INFO:teuthology.orchestra.run.smithi110.stdout:/usr/bin/ceph: stderr
2024-04-13T07:07:40.697+0000 7f1e699ff700 1 -- 172.21.15.110:0/1292895721 --> [v2:172.21.15.110:3300/0,v1:172.21.15.110:6789/0] -- mon_subscribe({config=0+,monmap=0+}) v3 -- 0x7f1e600094f0 con 0x7f1e64071300
2024-04-13T07:07:42.364 INFO:teuthology.orchestra.run.smithi110.stdout:/usr/bin/ceph: stderr
2024-04-13T07:07:40.697+0000 7f1e699ff700 1 --2- 172.21.15.110:0/1292895721 >> [v2:172.21.15.110:3300/0,v1:172.21.15.110:6789/0] conn(0x7f1e64071300 0x7f1e64111740 secure :-1 s=READY pgs=83 cs=0 l=1 rev1=1 crypto rx=0x7f1e600094c0 tx=0x7f1e60009250 comp rx=0 tx=0).ready entity=mon.0 client_cookie=0 server_cookie=0 in_seq=0 out_seq=0
2024-04-13T07:07:42.364 INFO:teuthology.orchestra.run.smithi110.stdout:/usr/bin/ceph: stderr
2024-04-13T07:07:40.697+0000 7f1e5a7fc700 1 -- 172.21.15.110:0/1292895721 <== mon.0 v2:172.21.15.110:3300/0 1 ==== mon_map magic: 0 v1 ==== 229+0+0 (secure 0 0 0) 0x7f1e600118f0 con 0x7f1e64071300
2024-04-13T07:07:42.364 INFO:teuthology.orchestra.run.smithi110.stdout:/usr/bin/ceph: stderr
2024-04-13T07:07:40.697+0000 7f1e6bc63700 1 -- 172.21.15.110:0/1292895721 --> [v2:172.21.15.110:3300/0,v1:172.21.15.110:6789/0] -- mon_subscribe({mgrmap=0+}) v3 -- 0x7f1e64111e80 con 0x7f1e64071300
2024-04-13T07:07:42.364 INFO:teuthology.orchestra.run.smithi110.stdout:/usr/bin/ceph: stderr
2024-04-13T07:07:40.697+0000 7f1e5a7fc700 1 -- 172.21.15.110:0/1292895721 <== mon.0 v2:172.21.15.110:3300/0 2 ==== config(27 keys) v1 ==== 1109+0+0 (secure 0 0 0) 0x7f1e60010d60 con 0x7f1e64071300
2024-04-13T07:07:42.364 INFO:teuthology.orchestra.run.smithi110.stdout:/usr/bin/ceph: stderr
2024-04-13T07:07:40.697+0000 7f1e5a7fc700 1 -- 172.21.15.110:0/1292895721 <== mon.0 v2:172.21.15.110:3300/0 3 ==== mon_map magic: 0 v1 ==== 229+0+0 (secure 0 0 0) 0x7f1e6001a430 con 0x7f1e64071300
2024-04-13T07:07:42.365 INFO:teuthology.orchestra.run.smithi110.stdout:/usr/bin/ceph: stderr
2024-04-13T07:07:40.697+0000 7f1e6bc63700 1 -- 172.21.15.110:0/1292895721 --> [v2:172.21.15.110:3300/0,v1:172.21.15.110:6789/0] -- mon_subscribe({osdmap=0}) v3 -- 0x7f1e641129f0 con 0x7f1e64071300
2024-04-13T07:07:42.365 INFO:teuthology.orchestra.run.smithi110.stdout:/usr/bin/ceph: stderr
2024-04-13T07:07:40.698+0000 7f1e5a7fc700 1 -- 172.21.15.110:0/1292895721 <== mon.0 v2:172.21.15.110:3300/0 4 ==== mgrmap(e 12) v1 ==== 43389+0+0 (secure 0 0 0) 0x7f1e6001a590 con 0x7f1e64071300
2024-04-13T07:07:42.365 INFO:teuthology.orchestra.run.smithi110.stdout:/usr/bin/ceph: stderr
2024-04-13T07:07:40.699+0000 7f1e5a7fc700 1 --2- 172.21.15.110:0/1292895721 >> [v2:172.21.15.110:6800/3613933435,v1:172.21.15.110:6801/3613933435] conn(0x7f1e500367e0 0x7f1e50038c90 unknown :-1 s=NONE pgs=0 cs=0 l=1 rev1=0 crypto rx=0 tx=0 comp rx=0 tx=0).connect
2024-04-13T07:07:42.365 INFO:teuthology.orchestra.run.smithi110.stdout:/usr/bin/ceph: stderr
2024-04-13T07:07:40.699+0000 7f1e5a7fc700 1 -- 172.21.15.110:0/1292895721 <== mon.0 v2:172.21.15.110:3300/0 5 ==== osd_map(3..3 src has 1..3) v4 ==== 1151+0+0 (secure 0 0 0) 0x7f1e6004a680 con 0x7f1e64071300
2024-04-13T07:07:42.365 INFO:teuthology.orchestra.run.smithi110.stdout:/usr/bin/ceph: stderr
2024-04-13T07:07:40.699+0000 7f1e691fe700 1 --2- 172.21.15.110:0/1292895721 >> [v2:172.21.15.110:6800/3613933435,v1:172.21.15.110:6801/3613933435] conn(0x7f1e500367e0 0x7f1e50038c90 unknown :-1 s=BANNER_CONNECTING pgs=0 cs=0 l=1 rev1=0 crypto rx=0 tx=0 comp rx=0 tx=0)._handle_peer_banner_payload supported=3 required=0
2024-04-13T07:07:42.365 INFO:teuthology.orchestra.run.smithi110.stdout:/usr/bin/ceph: stderr
2024-04-13T07:07:40.699+0000 7f1e6bc63700 1 -- 172.21.15.110:0/1292895721 --> [v2:172.21.15.110:3300/0,v1:172.21.15.110:6789/0] -- mon_command({"prefix": "get_command_descriptions"} v 0) v1 -- 0x7f1e6405f5f0 con 0x7f1e64071300
2024-04-13T07:07:42.365 INFO:teuthology.orchestra.run.smithi110.stdout:/usr/bin/ceph: stderr
2024-04-13T07:07:40.699+0000 7f1e691fe700 1 --2- 172.21.15.110:0/1292895721 >> [v2:172.21.15.110:6800/3613933435,v1:172.21.15.110:6801/3613933435] conn(0x7f1e500367e0 0x7f1e50038c90 secure :-1 s=READY pgs=8 cs=0 l=1 rev1=1 crypto rx=0x7f1e54009990 tx=0x7f1e54006e40 comp rx=0 tx=0).ready entity=mgr.14162 client_cookie=0 server_cookie=0 in_seq=0 out_seq=0
2024-04-13T07:07:42.365 INFO:teuthology.orchestra.run.smithi110.stdout:/usr/bin/ceph: stderr
2024-04-13T07:07:40.706+0000 7f1e5a7fc700 1 -- 172.21.15.110:0/1292895721 <== mon.0 v2:172.21.15.110:3300/0 6 ==== mon_command_ack([{"prefix": "get_command_descriptions"}]=0 v0) v1 ==== 72+0+176702 (secure 0 0 0) 0x7f1e6002d3f0 con 0x7f1e64071300
2024-04-13T07:07:42.365 INFO:teuthology.orchestra.run.smithi110.stdout:/usr/bin/ceph: stderr
2024-04-13T07:07:40.912+0000 7f1e6bc63700 1 -- 172.21.15.110:0/1292895721 --> [v2:172.21.15.110:6800/3613933435,v1:172.21.15.110:6801/3613933435] -- mgr_command(tid 0: {"prefix": "dashboard ac-user-create", "username": "admin", "rolename": "administrator", "force_password": true, "pwd_update_required": true, "target": ["mon-mgr", ""]}) v1 -- 0x7f1e6405f410 con 0x7f1e500367e0
2024-04-13T07:07:42.365 INFO:teuthology.orchestra.run.smithi110.stdout:/usr/bin/ceph: stderr
2024-04-13T07:07:41.138+0000 7f1e5a7fc700 1 -- 172.21.15.110:0/1292895721 <== mgr.14162 v2:172.21.15.110:6800/3613933435 1 ==== mgr_command_reply(tid 0: 0 ) v1 ==== 8+0+252 (secure 0 0 0) 0x7f1e6405f410 con 0x7f1e500367e0
2024-04-13T07:07:42.365 INFO:teuthology.orchestra.run.smithi110.stdout:/usr/bin/ceph: stderr
2024-04-13T07:07:41.140+0000 7f1e6bc63700 1 -- 172.21.15.110:0/1292895721 >> [v2:172.21.15.110:6800/3613933435,v1:172.21.15.110:6801/3613933435] conn(0x7f1e500367e0 msgr2=0x7f1e50038c90 secure :-1 s=STATE_CONNECTION_ESTABLISHED l=1).mark_down
2024-04-13T07:07:42.365 INFO:teuthology.orchestra.run.smithi110.stdout:/usr/bin/ceph: stderr
2024-04-13T07:07:41.140+0000 7f1e6bc63700 1 --2- 172.21.15.110:0/1292895721 >> [v2:172.21.15.110:6800/3613933435,v1:172.21.15.110:6801/3613933435] conn(0x7f1e500367e0 0x7f1e50038c90 secure :-1 s=READY pgs=8 cs=0 l=1 rev1=1 crypto rx=0x7f1e54009990 tx=0x7f1e54006e40 comp rx=0 tx=0).stop
2024-04-13T07:07:42.365 INFO:teuthology.orchestra.run.smithi110.stdout:/usr/bin/ceph: stderr
2024-04-13T07:07:41.140+0000 7f1e6bc63700 1 -- 172.21.15.110:0/1292895721 >> [v2:172.21.15.110:3300/0,v1:172.21.15.110:6789/0] conn(0x7f1e64071300 msgr2=0x7f1e64111740 secure :-1 s=STATE_CONNECTION_ESTABLISHED l=1).mark_down
2024-04-13T07:07:42.365 INFO:teuthology.orchestra.run.smithi110.stdout:/usr/bin/ceph: stderr
2024-04-13T07:07:41.140+0000 7f1e6bc63700 1 --2- 172.21.15.110:0/1292895721 >> [v2:172.21.15.110:3300/0,v1:172.21.15.110:6789/0] conn(0x7f1e64071300 0x7f1e64111740 secure :-1 s=READY pgs=83 cs=0 l=1 rev1=1 crypto rx=0x7f1e600094c0 tx=0x7f1e60009250 comp rx=0 tx=0).stop
2024-04-13T07:07:42.365 INFO:teuthology.orchestra.run.smithi110.stdout:/usr/bin/ceph: stderr
2024-04-13T07:07:41.140+0000 7f1e6bc63700 1 -- 172.21.15.110:0/1292895721 shutdown_connections
2024-04-13T07:07:42.366 INFO:teuthology.orchestra.run.smithi110.stdout:/usr/bin/ceph: stderr
2024-04-13T07:07:41.140+0000 7f1e6bc63700 1 --2- 172.21.15.110:0/1292895721 >> [v2:172.21.15.110:6800/3613933435,v1:172.21.15.110:6801/3613933435] conn(0x7f1e500367e0 0x7f1e50038c90 unknown :-1 s=CLOSED pgs=8 cs=0 l=1 rev1=1 crypto rx=0 tx=0 comp rx=0 tx=0).stop
2024-04-13T07:07:42.366 INFO:teuthology.orchestra.run.smithi110.stdout:/usr/bin/ceph: stderr
2024-04-13T07:07:41.140+0000 7f1e6bc63700 1 --2- 172.21.15.110:0/1292895721 >> [v2:172.21.15.110:3300/0,v1:172.21.15.110:6789/0] conn(0x7f1e64071300 0x7f1e64111740 unknown :-1 s=CLOSED pgs=83 cs=0 l=1 rev1=1 crypto rx=0 tx=0 comp rx=0 tx=0).stop
2024-04-13T07:07:42.366 INFO:teuthology.orchestra.run.smithi110.stdout:/usr/bin/ceph: stderr
2024-04-13T07:07:41.140+0000 7f1e6bc63700 1 -- 172.21.15.110:0/1292895721 >> 172.21.15.110:0/1292895721 conn(0x7f1e640fcf80 msgr2=0x7f1e640fdbc0 unknown :-1 s=STATE_NONE l=0).mark_down
2024-04-13T07:07:42.366 INFO:teuthology.orchestra.run.smithi110.stdout:/usr/bin/ceph: stderr
2024-04-13T07:07:41.140+0000 7f1e6bc63700 1 -- 172.21.15.110:0/1292895721 shutdown_connections
2024-04-13T07:07:42.366 INFO:teuthology.orchestra.run.smithi110.stdout:/usr/bin/ceph: stderr
2024-04-13T07:07:41.140+0000 7f1e6bc63700 1 -- 172.21.15.110:0/1292895721 wait complete.
2024-04-13T07:07:42.366 INFO:teuthology.orchestra.run.smithi110.stdout:Fetching dashboard port number...
2024-04-13T07:07:43.519 INFO:journalctl@ceph.mon.smithi110.smithi110.stdout:Apr 13 07:07:43 smithi110 ceph-mon[29292]: from='client.? 172.21.15.110:0/2597607635' entity='client.admin' cmd=[{"prefix": "config get", "who": "mgr", "key": "mgr/dashboard/ssl_server_port"}]: dispatch
2024-04-13T07:07:43.586 INFO:teuthology.orchestra.run.smithi110.stdout:/usr/bin/ceph: stdout 8443
2024-04-13T07:07:43.586 INFO:teuthology.orchestra.run.smithi110.stdout:/usr/bin/ceph: stderr
2024-04-13T07:07:42.810+0000 7fd1a87c8700 1 Processor -- start
2024-04-13T07:07:43.586 INFO:teuthology.orchestra.run.smithi110.stdout:/usr/bin/ceph: stderr
2024-04-13T07:07:42.810+0000 7fd1a87c8700 1 -- start start
2024-04-13T07:07:43.586 INFO:teuthology.orchestra.run.smithi110.stdout:/usr/bin/ceph: stderr
2024-04-13T07:07:42.810+0000 7fd1a87c8700 1 --2- >> [v2:172.21.15.110:3300/0,v1:172.21.15.110:6789/0] conn(0x7fd1a0102920 0x7fd1a0102d30 unknown :-1 s=NONE pgs=0 cs=0 l=0 rev1=0 crypto rx=0 tx=0 comp rx=0 tx=0).connect
2024-04-13T07:07:43.586 INFO:teuthology.orchestra.run.smithi110.stdout:/usr/bin/ceph: stderr
2024-04-13T07:07:42.810+0000 7fd1a87c8700 1 -- --> [v2:172.21.15.110:3300/0,v1:172.21.15.110:6789/0] -- mon_getmap magic: 0 v1 -- 0x7fd1a0103270 con 0x7fd1a0102920
2024-04-13T07:07:43.587 INFO:teuthology.orchestra.run.smithi110.stdout:/usr/bin/ceph: stderr
2024-04-13T07:07:42.811+0000 7fd1a6564700 1 --2- >> [v2:172.21.15.110:3300/0,v1:172.21.15.110:6789/0] conn(0x7fd1a0102920 0x7fd1a0102d30 unknown :-1 s=BANNER_CONNECTING pgs=0 cs=0 l=0 rev1=0 crypto rx=0 tx=0 comp rx=0 tx=0)._handle_peer_banner_payload supported=3 required=0
2024-04-13T07:07:43.587 INFO:teuthology.orchestra.run.smithi110.stdout:/usr/bin/ceph: stderr
2024-04-13T07:07:42.811+0000 7fd1a6564700 1 --2- >> [v2:172.21.15.110:3300/0,v1:172.21.15.110:6789/0] conn(0x7fd1a0102920 0x7fd1a0102d30 unknown :-1 s=HELLO_CONNECTING pgs=0 cs=0 l=0 rev1=1 crypto rx=0 tx=0 comp rx=0 tx=0).handle_hello peer v2:172.21.15.110:3300/0 says I am v2:172.21.15.110:46968/0 (socket says 172.21.15.110:46968)
2024-04-13T07:07:43.587 INFO:teuthology.orchestra.run.smithi110.stdout:/usr/bin/ceph: stderr
2024-04-13T07:07:42.811+0000 7fd1a6564700 1 -- 172.21.15.110:0/3540605389 learned_addr learned my addr 172.21.15.110:0/3540605389 (peer_addr_for_me v2:172.21.15.110:0/0)
2024-04-13T07:07:43.587 INFO:teuthology.orchestra.run.smithi110.stdout:/usr/bin/ceph: stderr
2024-04-13T07:07:42.811+0000 7fd1a6564700 1 -- 172.21.15.110:0/3540605389 --> [v2:172.21.15.110:3300/0,v1:172.21.15.110:6789/0] -- mon_subscribe({config=0+,monmap=0+}) v3 -- 0x7fd1a01033b0 con 0x7fd1a0102920
2024-04-13T07:07:43.587 INFO:teuthology.orchestra.run.smithi110.stdout:/usr/bin/ceph: stderr
2024-04-13T07:07:42.811+0000 7fd1a6564700 1 --2- 172.21.15.110:0/3540605389 >> [v2:172.21.15.110:3300/0,v1:172.21.15.110:6789/0] conn(0x7fd1a0102920 0x7fd1a0102d30 secure :-1 s=READY pgs=84 cs=0 l=1 rev1=1 crypto rx=0x7fd19c009e50 tx=0x7fd19c009840 comp rx=0 tx=0).ready entity=mon.0 client_cookie=66a78b64e8c4abbd server_cookie=0 in_seq=0 out_seq=0
2024-04-13T07:07:43.587 INFO:teuthology.orchestra.run.smithi110.stdout:/usr/bin/ceph: stderr
2024-04-13T07:07:42.811+0000 7fd1a5562700 1 -- 172.21.15.110:0/3540605389 <== mon.0 v2:172.21.15.110:3300/0 1 ==== mon_map magic: 0 v1 ==== 229+0+0 (secure 0 0 0) 0x7fd19c0092e0 con 0x7fd1a0102920
2024-04-13T07:07:43.587 INFO:teuthology.orchestra.run.smithi110.stdout:/usr/bin/ceph: stderr
2024-04-13T07:07:42.811+0000 7fd1a5562700 1 -- 172.21.15.110:0/3540605389 <== mon.0 v2:172.21.15.110:3300/0 2 ==== config(27 keys) v1 ==== 1109+0+0 (secure 0 0 0) 0x7fd19c012430 con 0x7fd1a0102920
2024-04-13T07:07:43.587 INFO:teuthology.orchestra.run.smithi110.stdout:/usr/bin/ceph: stderr
2024-04-13T07:07:42.811+0000 7fd1a5562700 1 -- 172.21.15.110:0/3540605389 <== mon.0 v2:172.21.15.110:3300/0 3 ==== mon_map magic: 0 v1 ==== 229+0+0 (secure 0 0 0) 0x7fd19c0075a0 con 0x7fd1a0102920
2024-04-13T07:07:43.587 INFO:teuthology.orchestra.run.smithi110.stdout:/usr/bin/ceph: stderr
2024-04-13T07:07:42.812+0000 7fd1a87c8700 1 -- 172.21.15.110:0/3540605389 >> [v2:172.21.15.110:3300/0,v1:172.21.15.110:6789/0] conn(0x7fd1a0102920 msgr2=0x7fd1a0102d30 secure :-1 s=STATE_CONNECTION_ESTABLISHED l=1).mark_down
2024-04-13T07:07:43.587 INFO:teuthology.orchestra.run.smithi110.stdout:/usr/bin/ceph: stderr
2024-04-13T07:07:42.812+0000 7fd1a87c8700 1 --2- 172.21.15.110:0/3540605389 >> [v2:172.21.15.110:3300/0,v1:172.21.15.110:6789/0] conn(0x7fd1a0102920 0x7fd1a0102d30 secure :-1 s=READY pgs=84 cs=0 l=1 rev1=1 crypto rx=0x7fd19c009e50 tx=0x7fd19c009840 comp rx=0 tx=0).stop
2024-04-13T07:07:43.587 INFO:teuthology.orchestra.run.smithi110.stdout:/usr/bin/ceph: stderr
2024-04-13T07:07:42.812+0000 7fd1a87c8700 1 -- 172.21.15.110:0/3540605389 shutdown_connections
2024-04-13T07:07:43.587 INFO:teuthology.orchestra.run.smithi110.stdout:/usr/bin/ceph: stderr
2024-04-13T07:07:42.812+0000 7fd1a87c8700 1 --2- 172.21.15.110:0/3540605389 >> [v2:172.21.15.110:3300/0,v1:172.21.15.110:6789/0] conn(0x7fd1a0102920 0x7fd1a0102d30 unknown :-1 s=CLOSED pgs=84 cs=0 l=1 rev1=1 crypto rx=0 tx=0 comp rx=0 tx=0).stop
2024-04-13T07:07:43.587 INFO:teuthology.orchestra.run.smithi110.stdout:/usr/bin/ceph: stderr
2024-04-13T07:07:42.812+0000 7fd1a87c8700 1 -- 172.21.15.110:0/3540605389 >> 172.21.15.110:0/3540605389 conn(0x7fd1a00fe0e0 msgr2=0x7fd1a01004f0 unknown :-1 s=STATE_NONE l=0).mark_down
2024-04-13T07:07:43.587 INFO:teuthology.orchestra.run.smithi110.stdout:/usr/bin/ceph: stderr
2024-04-13T07:07:42.812+0000 7fd1a87c8700 1 -- 172.21.15.110:0/3540605389 shutdown_connections
2024-04-13T07:07:43.587 INFO:teuthology.orchestra.run.smithi110.stdout:/usr/bin/ceph: stderr
2024-04-13T07:07:42.812+0000 7fd1a87c8700 1 -- 172.21.15.110:0/3540605389 wait complete.
2024-04-13T07:07:43.588 INFO:teuthology.orchestra.run.smithi110.stdout:/usr/bin/ceph: stderr
2024-04-13T07:07:42.812+0000 7fd1a87c8700 1 Processor -- start
2024-04-13T07:07:43.588 INFO:teuthology.orchestra.run.smithi110.stdout:/usr/bin/ceph: stderr
2024-04-13T07:07:42.812+0000 7fd1a87c8700 1 -- start start
2024-04-13T07:07:43.588 INFO:teuthology.orchestra.run.smithi110.stdout:/usr/bin/ceph: stderr
2024-04-13T07:07:42.813+0000 7fd1a87c8700 1 --2- >> [v2:172.21.15.110:3300/0,v1:172.21.15.110:6789/0] conn(0x7fd1a0102920 0x7fd1a0111710 unknown :-1 s=NONE pgs=0 cs=0 l=1 rev1=0 crypto rx=0 tx=0 comp rx=0 tx=0).connect
2024-04-13T07:07:43.588 INFO:teuthology.orchestra.run.smithi110.stdout:/usr/bin/ceph: stderr
2024-04-13T07:07:42.813+0000 7fd1a87c8700 1 -- --> [v2:172.21.15.110:3300/0,v1:172.21.15.110:6789/0] -- mon_getmap magic: 0 v1 -- 0x7fd1a0111c50 con 0x7fd1a0102920
2024-04-13T07:07:43.588 INFO:teuthology.orchestra.run.smithi110.stdout:/usr/bin/ceph: stderr
2024-04-13T07:07:42.813+0000 7fd1a6564700 1 --2- >> [v2:172.21.15.110:3300/0,v1:172.21.15.110:6789/0] conn(0x7fd1a0102920 0x7fd1a0111710 unknown :-1 s=BANNER_CONNECTING pgs=0 cs=0 l=1 rev1=0 crypto rx=0 tx=0 comp rx=0 tx=0)._handle_peer_banner_payload supported=3 required=0
2024-04-13T07:07:43.588 INFO:teuthology.orchestra.run.smithi110.stdout:/usr/bin/ceph: stderr
2024-04-13T07:07:42.813+0000 7fd1a6564700 1 --2- >> [v2:172.21.15.110:3300/0,v1:172.21.15.110:6789/0] conn(0x7fd1a0102920 0x7fd1a0111710 unknown :-1 s=HELLO_CONNECTING pgs=0 cs=0 l=1 rev1=1 crypto rx=0 tx=0 comp rx=0 tx=0).handle_hello peer v2:172.21.15.110:3300/0 says I am v2:172.21.15.110:46972/0 (socket says 172.21.15.110:46972)
2024-04-13T07:07:43.588 INFO:teuthology.orchestra.run.smithi110.stdout:/usr/bin/ceph: stderr
2024-04-13T07:07:42.813+0000 7fd1a6564700 1 -- 172.21.15.110:0/2597607635 learned_addr learned my addr 172.21.15.110:0/2597607635 (peer_addr_for_me v2:172.21.15.110:0/0)
2024-04-13T07:07:43.588 INFO:teuthology.orchestra.run.smithi110.stdout:/usr/bin/ceph: stderr
2024-04-13T07:07:42.813+0000 7fd1a6564700 1 -- 172.21.15.110:0/2597607635 --> [v2:172.21.15.110:3300/0,v1:172.21.15.110:6789/0] -- mon_subscribe({config=0+,monmap=0+}) v3 -- 0x7fd19c009ae0 con 0x7fd1a0102920
2024-04-13T07:07:43.588 INFO:teuthology.orchestra.run.smithi110.stdout:/usr/bin/ceph: stderr
2024-04-13T07:07:42.813+0000 7fd1a6564700 1 --2- 172.21.15.110:0/2597607635 >> [v2:172.21.15.110:3300/0,v1:172.21.15.110:6789/0] conn(0x7fd1a0102920 0x7fd1a0111710 secure :-1 s=READY pgs=85 cs=0 l=1 rev1=1 crypto rx=0x7fd19c0127d0 tx=0x7fd19c009840 comp rx=0 tx=0).ready entity=mon.0 client_cookie=0 server_cookie=0 in_seq=0 out_seq=0
2024-04-13T07:07:43.588 INFO:teuthology.orchestra.run.smithi110.stdout:/usr/bin/ceph: stderr
2024-04-13T07:07:42.813+0000 7fd196ffd700 1 -- 172.21.15.110:0/2597607635 <== mon.0 v2:172.21.15.110:3300/0 1 ==== mon_map magic: 0 v1 ==== 229+0+0 (secure 0 0 0) 0x7fd19c0092e0 con 0x7fd1a0102920
2024-04-13T07:07:43.588 INFO:teuthology.orchestra.run.smithi110.stdout:/usr/bin/ceph: stderr
2024-04-13T07:07:42.813+0000 7fd1a87c8700 1 -- 172.21.15.110:0/2597607635 --> [v2:172.21.15.110:3300/0,v1:172.21.15.110:6789/0] -- mon_subscribe({mgrmap=0+}) v3 -- 0x7fd1a0111e50 con 0x7fd1a0102920
2024-04-13T07:07:43.588 INFO:teuthology.orchestra.run.smithi110.stdout:/usr/bin/ceph: stderr
2024-04-13T07:07:42.813+0000 7fd196ffd700 1 -- 172.21.15.110:0/2597607635 <== mon.0 v2:172.21.15.110:3300/0 2 ==== config(27 keys) v1 ==== 1109+0+0 (secure 0 0 0) 0x7fd19c007d30 con 0x7fd1a0102920
2024-04-13T07:07:43.588 INFO:teuthology.orchestra.run.smithi110.stdout:/usr/bin/ceph: stderr
2024-04-13T07:07:42.813+0000 7fd196ffd700 1 -- 172.21.15.110:0/2597607635 <== mon.0 v2:172.21.15.110:3300/0 3 ==== mon_map magic: 0 v1 ==== 229+0+0 (secure 0 0 0) 0x7fd19c025960 con 0x7fd1a0102920
2024-04-13T07:07:43.588 INFO:teuthology.orchestra.run.smithi110.stdout:/usr/bin/ceph: stderr
2024-04-13T07:07:42.813+0000 7fd1a87c8700 1 -- 172.21.15.110:0/2597607635 --> [v2:172.21.15.110:3300/0,v1:172.21.15.110:6789/0] -- mon_subscribe({osdmap=0}) v3 -- 0x7fd1a01129c0 con 0x7fd1a0102920
2024-04-13T07:07:43.588 INFO:teuthology.orchestra.run.smithi110.stdout:/usr/bin/ceph: stderr
2024-04-13T07:07:42.814+0000 7fd1a87c8700 1 -- 172.21.15.110:0/2597607635 --> [v2:172.21.15.110:3300/0,v1:172.21.15.110:6789/0] -- mon_command({"prefix": "get_command_descriptions"} v 0) v1 -- 0x7fd1a005f5f0 con 0x7fd1a0102920
2024-04-13T07:07:43.589 INFO:teuthology.orchestra.run.smithi110.stdout:/usr/bin/ceph: stderr
2024-04-13T07:07:42.814+0000 7fd196ffd700 1 -- 172.21.15.110:0/2597607635 <== mon.0 v2:172.21.15.110:3300/0 4 ==== mgrmap(e 12) v1 ==== 43389+0+0 (secure 0 0 0) 0x7fd19c019050 con 0x7fd1a0102920
2024-04-13T07:07:43.589 INFO:teuthology.orchestra.run.smithi110.stdout:/usr/bin/ceph: stderr
2024-04-13T07:07:42.814+0000 7fd196ffd700 1 --2- 172.21.15.110:0/2597607635 >> [v2:172.21.15.110:6800/3613933435,v1:172.21.15.110:6801/3613933435] conn(0x7fd18c0367e0 0x7fd18c038c90 unknown :-1 s=NONE pgs=0 cs=0 l=1 rev1=0 crypto rx=0 tx=0 comp rx=0 tx=0).connect
2024-04-13T07:07:43.589 INFO:teuthology.orchestra.run.smithi110.stdout:/usr/bin/ceph: stderr
2024-04-13T07:07:42.814+0000 7fd196ffd700 1 -- 172.21.15.110:0/2597607635 <== mon.0 v2:172.21.15.110:3300/0 5 ==== osd_map(3..3 src has 1..3) v4 ==== 1151+0+0 (secure 0 0 0) 0x7fd19c04a290 con 0x7fd1a0102920
2024-04-13T07:07:43.589 INFO:teuthology.orchestra.run.smithi110.stdout:/usr/bin/ceph: stderr
2024-04-13T07:07:42.815+0000 7fd1a5d63700 1 --2- 172.21.15.110:0/2597607635 >> [v2:172.21.15.110:6800/3613933435,v1:172.21.15.110:6801/3613933435] conn(0x7fd18c0367e0 0x7fd18c038c90 unknown :-1 s=BANNER_CONNECTING pgs=0 cs=0 l=1 rev1=0 crypto rx=0 tx=0 comp rx=0 tx=0)._handle_peer_banner_payload supported=3 required=0
2024-04-13T07:07:43.589 INFO:teuthology.orchestra.run.smithi110.stdout:/usr/bin/ceph: stderr
2024-04-13T07:07:42.815+0000 7fd1a5d63700 1 --2- 172.21.15.110:0/2597607635 >> [v2:172.21.15.110:6800/3613933435,v1:172.21.15.110:6801/3613933435] conn(0x7fd18c0367e0 0x7fd18c038c90 secure :-1 s=READY pgs=9 cs=0 l=1 rev1=1 crypto rx=0x7fd190009990 tx=0x7fd190006e40 comp rx=0 tx=0).ready entity=mgr.14162 client_cookie=0 server_cookie=0 in_seq=0 out_seq=0
2024-04-13T07:07:43.589 INFO:teuthology.orchestra.run.smithi110.stdout:/usr/bin/ceph: stderr
2024-04-13T07:07:42.819+0000 7fd196ffd700 1 -- 172.21.15.110:0/2597607635 <== mon.0 v2:172.21.15.110:3300/0 6 ==== mon_command_ack([{"prefix": "get_command_descriptions"}]=0 v0) v1 ==== 72+0+176702 (secure 0 0 0) 0x7fd19c011570 con 0x7fd1a0102920
2024-04-13T07:07:43.589 INFO:teuthology.orchestra.run.smithi110.stdout:/usr/bin/ceph: stderr
2024-04-13T07:07:43.005+0000 7fd1a87c8700 1 -- 172.21.15.110:0/2597607635 --> [v2:172.21.15.110:3300/0,v1:172.21.15.110:6789/0] -- mon_command({"prefix": "config get", "who": "mgr", "key": "mgr/dashboard/ssl_server_port"} v 0) v1 -- 0x7fd1a004bed0 con 0x7fd1a0102920
2024-04-13T07:07:43.589 INFO:teuthology.orchestra.run.smithi110.stdout:/usr/bin/ceph: stderr
2024-04-13T07:07:43.005+0000 7fd196ffd700 1 -- 172.21.15.110:0/2597607635 <== mon.0 v2:172.21.15.110:3300/0 7 ==== mon_command_ack([{"prefix": "config get", "who": "mgr", "key": "mgr/dashboard/ssl_server_port"}]=0 v8) v1 ==== 112+0+5 (secure 0 0 0) 0x7fd19c020020 con 0x7fd1a0102920
2024-04-13T07:07:43.589 INFO:teuthology.orchestra.run.smithi110.stdout:/usr/bin/ceph: stderr
2024-04-13T07:07:43.007+0000 7fd1a87c8700 1 -- 172.21.15.110:0/2597607635 >> [v2:172.21.15.110:6800/3613933435,v1:172.21.15.110:6801/3613933435] conn(0x7fd18c0367e0 msgr2=0x7fd18c038c90 secure :-1 s=STATE_CONNECTION_ESTABLISHED l=1).mark_down
2024-04-13T07:07:43.589 INFO:teuthology.orchestra.run.smithi110.stdout:/usr/bin/ceph: stderr
2024-04-13T07:07:43.007+0000 7fd1a87c8700 1 --2- 172.21.15.110:0/2597607635 >> [v2:172.21.15.110:6800/3613933435,v1:172.21.15.110:6801/3613933435] conn(0x7fd18c0367e0 0x7fd18c038c90 secure :-1 s=READY pgs=9 cs=0 l=1 rev1=1 crypto rx=0x7fd190009990 tx=0x7fd190006e40 comp rx=0 tx=0).stop
2024-04-13T07:07:43.589 INFO:teuthology.orchestra.run.smithi110.stdout:/usr/bin/ceph: stderr
2024-04-13T07:07:43.007+0000 7fd1a87c8700 1 -- 172.21.15.110:0/2597607635 >> [v2:172.21.15.110:3300/0,v1:172.21.15.110:6789/0] conn(0x7fd1a0102920 msgr2=0x7fd1a0111710 secure :-1 s=STATE_CONNECTION_ESTABLISHED l=1).mark_down
2024-04-13T07:07:43.589 INFO:teuthology.orchestra.run.smithi110.stdout:/usr/bin/ceph: stderr
2024-04-13T07:07:43.007+0000 7fd1a87c8700 1 --2- 172.21.15.110:0/2597607635 >> [v2:172.21.15.110:3300/0,v1:172.21.15.110:6789/0] conn(0x7fd1a0102920 0x7fd1a0111710 secure :-1 s=READY pgs=85 cs=0 l=1 rev1=1 crypto rx=0x7fd19c0127d0 tx=0x7fd19c009840 comp rx=0 tx=0).stop
2024-04-13T07:07:43.589 INFO:teuthology.orchestra.run.smithi110.stdout:/usr/bin/ceph: stderr
2024-04-13T07:07:43.007+0000 7fd1a87c8700 1 -- 172.21.15.110:0/2597607635 shutdown_connections
2024-04-13T07:07:43.589 INFO:teuthology.orchestra.run.smithi110.stdout:/usr/bin/ceph: stderr
2024-04-13T07:07:43.007+0000 7fd1a87c8700 1 --2- 172.21.15.110:0/2597607635 >> [v2:172.21.15.110:6800/3613933435,v1:172.21.15.110:6801/3613933435] conn(0x7fd18c0367e0 0x7fd18c038c90 unknown :-1 s=CLOSED pgs=9 cs=0 l=1 rev1=1 crypto rx=0 tx=0 comp rx=0 tx=0).stop
2024-04-13T07:07:43.589 INFO:teuthology.orchestra.run.smithi110.stdout:/usr/bin/ceph: stderr
2024-04-13T07:07:43.007+0000 7fd1a87c8700 1 --2- 172.21.15.110:0/2597607635 >> [v2:172.21.15.110:3300/0,v1:172.21.15.110:6789/0] conn(0x7fd1a0102920 0x7fd1a0111710 unknown :-1 s=CLOSED pgs=85 cs=0 l=1 rev1=1 crypto rx=0 tx=0 comp rx=0 tx=0).stop
2024-04-13T07:07:43.589 INFO:teuthology.orchestra.run.smithi110.stdout:/usr/bin/ceph: stderr
2024-04-13T07:07:43.007+0000 7fd1a87c8700 1 -- 172.21.15.110:0/2597607635 >> 172.21.15.110:0/2597607635 conn(0x7fd1a00fe0e0 msgr2=0x7fd1a00fec50 unknown :-1 s=STATE_NONE l=0).mark_down
2024-04-13T07:07:43.590 INFO:teuthology.orchestra.run.smithi110.stdout:/usr/bin/ceph: stderr
2024-04-13T07:07:43.007+0000 7fd1a87c8700 1 -- 172.21.15.110:0/2597607635 shutdown_connections
2024-04-13T07:07:43.590 INFO:teuthology.orchestra.run.smithi110.stdout:/usr/bin/ceph: stderr
2024-04-13T07:07:43.007+0000 7fd1a87c8700 1 -- 172.21.15.110:0/2597607635 wait complete.
2024-04-13T07:07:43.594 INFO:teuthology.orchestra.run.smithi110.stdout:Non-zero exit code 1 from systemctl is-enabled firewalld.service
2024-04-13T07:07:43.594 INFO:teuthology.orchestra.run.smithi110.stdout:systemctl: stdout disabled
2024-04-13T07:07:43.601 INFO:teuthology.orchestra.run.smithi110.stdout:Non-zero exit code 3 from systemctl is-active firewalld.service
2024-04-13T07:07:43.601 INFO:teuthology.orchestra.run.smithi110.stdout:systemctl: stdout inactive
2024-04-13T07:07:43.601 INFO:teuthology.orchestra.run.smithi110.stdout:firewalld.service is not enabled
2024-04-13T07:07:43.601 INFO:teuthology.orchestra.run.smithi110.stdout:Not possible to open ports <[8443]>. firewalld.service is not available
2024-04-13T07:07:43.603 INFO:teuthology.orchestra.run.smithi110.stdout:Ceph Dashboard is now available at:
2024-04-13T07:07:43.603 INFO:teuthology.orchestra.run.smithi110.stdout:
2024-04-13T07:07:43.604 INFO:teuthology.orchestra.run.smithi110.stdout: URL: https://smithi110.front.sepia.ceph.com:8443/
2024-04-13T07:07:43.604 INFO:teuthology.orchestra.run.smithi110.stdout: User: admin
2024-04-13T07:07:43.604 INFO:teuthology.orchestra.run.smithi110.stdout: Password: 42yqsdzwip
2024-04-13T07:07:43.604 INFO:teuthology.orchestra.run.smithi110.stdout:
2024-04-13T07:07:43.604 INFO:teuthology.orchestra.run.smithi110.stdout:Saving cluster configuration to /var/lib/ceph/3b1552be-f964-11ee-bc8d-c7b262605968/config directory
2024-04-13T07:07:43.604 INFO:teuthology.orchestra.run.smithi110.stdout:Enabling autotune for osd_memory_target
2024-04-13T07:07:44.784 INFO:teuthology.orchestra.run.smithi110.stdout:/usr/bin/ceph: stderr
2024-04-13T07:07:44.030+0000 7f8f3ea30700 1 Processor -- start
2024-04-13T07:07:44.784 INFO:teuthology.orchestra.run.smithi110.stdout:/usr/bin/ceph: stderr
2024-04-13T07:07:44.030+0000 7f8f3ea30700 1 -- start start
2024-04-13T07:07:44.784 INFO:teuthology.orchestra.run.smithi110.stdout:/usr/bin/ceph: stderr
2024-04-13T07:07:44.030+0000 7f8f3ea30700 1 --2- >> [v2:172.21.15.110:3300/0,v1:172.21.15.110:6789/0] conn(0x7f8f38102960 0x7f8f38102d70 unknown :-1 s=NONE pgs=0 cs=0 l=0 rev1=0 crypto rx=0 tx=0 comp rx=0 tx=0).connect
2024-04-13T07:07:44.784 INFO:teuthology.orchestra.run.smithi110.stdout:/usr/bin/ceph: stderr
2024-04-13T07:07:44.030+0000 7f8f3ea30700 1 -- --> [v2:172.21.15.110:3300/0,v1:172.21.15.110:6789/0] -- mon_getmap magic: 0 v1 -- 0x7f8f381032b0 con 0x7f8f38102960
2024-04-13T07:07:44.784 INFO:teuthology.orchestra.run.smithi110.stdout:/usr/bin/ceph: stderr
2024-04-13T07:07:44.030+0000 7f8f37fff700 1 --2- >> [v2:172.21.15.110:3300/0,v1:172.21.15.110:6789/0] conn(0x7f8f38102960 0x7f8f38102d70 unknown :-1 s=BANNER_CONNECTING pgs=0 cs=0 l=0 rev1=0 crypto rx=0 tx=0 comp rx=0 tx=0)._handle_peer_banner_payload supported=3 required=0
2024-04-13T07:07:44.784 INFO:teuthology.orchestra.run.smithi110.stdout:/usr/bin/ceph: stderr
2024-04-13T07:07:44.030+0000 7f8f37fff700 1 --2- >> [v2:172.21.15.110:3300/0,v1:172.21.15.110:6789/0] conn(0x7f8f38102960 0x7f8f38102d70 unknown :-1 s=HELLO_CONNECTING pgs=0 cs=0 l=0 rev1=1 crypto rx=0 tx=0 comp rx=0 tx=0).handle_hello peer v2:172.21.15.110:3300/0 says I am v2:172.21.15.110:46984/0 (socket says 172.21.15.110:46984)
2024-04-13T07:07:44.784 INFO:teuthology.orchestra.run.smithi110.stdout:/usr/bin/ceph: stderr
2024-04-13T07:07:44.030+0000 7f8f37fff700 1 -- 172.21.15.110:0/3548924954 learned_addr learned my addr 172.21.15.110:0/3548924954 (peer_addr_for_me v2:172.21.15.110:0/0)
2024-04-13T07:07:44.784 INFO:teuthology.orchestra.run.smithi110.stdout:/usr/bin/ceph: stderr
2024-04-13T07:07:44.031+0000 7f8f37fff700 1 -- 172.21.15.110:0/3548924954 --> [v2:172.21.15.110:3300/0,v1:172.21.15.110:6789/0] -- mon_subscribe({config=0+,monmap=0+}) v3 -- 0x7f8f381033f0 con 0x7f8f38102960
2024-04-13T07:07:44.784 INFO:teuthology.orchestra.run.smithi110.stdout:/usr/bin/ceph: stderr
2024-04-13T07:07:44.031+0000 7f8f37fff700 1 --2- 172.21.15.110:0/3548924954 >> [v2:172.21.15.110:3300/0,v1:172.21.15.110:6789/0] conn(0x7f8f38102960 0x7f8f38102d70 secure :-1 s=READY pgs=86 cs=0 l=1 rev1=1 crypto rx=0x7f8f280098e0 tx=0x7f8f28009250 comp rx=0 tx=0).ready entity=mon.0 client_cookie=fa5c5fcb23bca645 server_cookie=0 in_seq=0 out_seq=0
2024-04-13T07:07:44.784 INFO:teuthology.orchestra.run.smithi110.stdout:/usr/bin/ceph: stderr
2024-04-13T07:07:44.031+0000 7f8f36ffd700 1 -- 172.21.15.110:0/3548924954 <== mon.0 v2:172.21.15.110:3300/0 1 ==== mon_map magic: 0 v1 ==== 229+0+0 (secure 0 0 0) 0x7f8f2800b860 con 0x7f8f38102960
2024-04-13T07:07:44.785 INFO:teuthology.orchestra.run.smithi110.stdout:/usr/bin/ceph: stderr
2024-04-13T07:07:44.031+0000 7f8f36ffd700 1 -- 172.21.15.110:0/3548924954 <== mon.0 v2:172.21.15.110:3300/0 2 ==== config(27 keys) v1 ==== 1109+0+0 (secure 0 0 0) 0x7f8f2800be90 con 0x7f8f38102960
2024-04-13T07:07:44.785 INFO:teuthology.orchestra.run.smithi110.stdout:/usr/bin/ceph: stderr
2024-04-13T07:07:44.031+0000 7f8f36ffd700 1 -- 172.21.15.110:0/3548924954 <== mon.0 v2:172.21.15.110:3300/0 3 ==== mon_map magic: 0 v1 ==== 229+0+0 (secure 0 0 0) 0x7f8f280103c0 con 0x7f8f38102960
2024-04-13T07:07:44.785 INFO:teuthology.orchestra.run.smithi110.stdout:/usr/bin/ceph: stderr
2024-04-13T07:07:44.031+0000 7f8f3ea30700 1 -- 172.21.15.110:0/3548924954 >> [v2:172.21.15.110:3300/0,v1:172.21.15.110:6789/0] conn(0x7f8f38102960 msgr2=0x7f8f38102d70 secure :-1 s=STATE_CONNECTION_ESTABLISHED l=1).mark_down
2024-04-13T07:07:44.785 INFO:teuthology.orchestra.run.smithi110.stdout:/usr/bin/ceph: stderr
2024-04-13T07:07:44.031+0000 7f8f3ea30700 1 --2- 172.21.15.110:0/3548924954 >> [v2:172.21.15.110:3300/0,v1:172.21.15.110:6789/0] conn(0x7f8f38102960 0x7f8f38102d70 secure :-1 s=READY pgs=86 cs=0 l=1 rev1=1 crypto rx=0x7f8f280098e0 tx=0x7f8f28009250 comp rx=0 tx=0).stop
2024-04-13T07:07:44.785 INFO:teuthology.orchestra.run.smithi110.stdout:/usr/bin/ceph: stderr
2024-04-13T07:07:44.032+0000 7f8f3ea30700 1 -- 172.21.15.110:0/3548924954 shutdown_connections
2024-04-13T07:07:44.785 INFO:teuthology.orchestra.run.smithi110.stdout:/usr/bin/ceph: stderr
2024-04-13T07:07:44.032+0000 7f8f3ea30700 1 --2- 172.21.15.110:0/3548924954 >> [v2:172.21.15.110:3300/0,v1:172.21.15.110:6789/0] conn(0x7f8f38102960 0x7f8f38102d70 unknown :-1 s=CLOSED pgs=86 cs=0 l=1 rev1=1 crypto rx=0 tx=0 comp rx=0 tx=0).stop
2024-04-13T07:07:44.785 INFO:teuthology.orchestra.run.smithi110.stdout:/usr/bin/ceph: stderr
2024-04-13T07:07:44.032+0000 7f8f3ea30700 1 -- 172.21.15.110:0/3548924954 >> 172.21.15.110:0/3548924954 conn(0x7f8f380fe0e0 msgr2=0x7f8f381004f0 unknown :-1 s=STATE_NONE l=0).mark_down
2024-04-13T07:07:44.785 INFO:teuthology.orchestra.run.smithi110.stdout:/usr/bin/ceph: stderr
2024-04-13T07:07:44.032+0000 7f8f3ea30700 1 -- 172.21.15.110:0/3548924954 shutdown_connections
2024-04-13T07:07:44.785 INFO:teuthology.orchestra.run.smithi110.stdout:/usr/bin/ceph: stderr
2024-04-13T07:07:44.032+0000 7f8f3ea30700 1 -- 172.21.15.110:0/3548924954 wait complete.
2024-04-13T07:07:44.785 INFO:teuthology.orchestra.run.smithi110.stdout:/usr/bin/ceph: stderr
2024-04-13T07:07:44.032+0000 7f8f3ea30700 1 Processor -- start
2024-04-13T07:07:44.785 INFO:teuthology.orchestra.run.smithi110.stdout:/usr/bin/ceph: stderr
2024-04-13T07:07:44.032+0000 7f8f3ea30700 1 -- start start
2024-04-13T07:07:44.785 INFO:teuthology.orchestra.run.smithi110.stdout:/usr/bin/ceph: stderr
2024-04-13T07:07:44.032+0000 7f8f3ea30700 1 --2- >> [v2:172.21.15.110:3300/0,v1:172.21.15.110:6789/0] conn(0x7f8f38102960 0x7f8f38111770 unknown :-1 s=NONE pgs=0 cs=0 l=1 rev1=0 crypto rx=0 tx=0 comp rx=0 tx=0).connect
2024-04-13T07:07:44.785 INFO:teuthology.orchestra.run.smithi110.stdout:/usr/bin/ceph: stderr
2024-04-13T07:07:44.032+0000 7f8f3ea30700 1 -- --> [v2:172.21.15.110:3300/0,v1:172.21.15.110:6789/0] -- mon_getmap magic: 0 v1 -- 0x7f8f38111cb0 con 0x7f8f38102960
2024-04-13T07:07:44.785 INFO:teuthology.orchestra.run.smithi110.stdout:/usr/bin/ceph: stderr
2024-04-13T07:07:44.033+0000 7f8f37fff700 1 --2- >> [v2:172.21.15.110:3300/0,v1:172.21.15.110:6789/0] conn(0x7f8f38102960 0x7f8f38111770 unknown :-1 s=BANNER_CONNECTING pgs=0 cs=0 l=1 rev1=0 crypto rx=0 tx=0 comp rx=0 tx=0)._handle_peer_banner_payload supported=3 required=0
2024-04-13T07:07:44.785 INFO:teuthology.orchestra.run.smithi110.stdout:/usr/bin/ceph: stderr
2024-04-13T07:07:44.033+0000 7f8f37fff700 1 --2- >> [v2:172.21.15.110:3300/0,v1:172.21.15.110:6789/0] conn(0x7f8f38102960 0x7f8f38111770 unknown :-1 s=HELLO_CONNECTING pgs=0 cs=0 l=1 rev1=1 crypto rx=0 tx=0 comp rx=0 tx=0).handle_hello peer v2:172.21.15.110:3300/0 says I am v2:172.21.15.110:46992/0 (socket says 172.21.15.110:46992)
2024-04-13T07:07:44.786 INFO:teuthology.orchestra.run.smithi110.stdout:/usr/bin/ceph: stderr
2024-04-13T07:07:44.033+0000 7f8f37fff700 1 -- 172.21.15.110:0/3231823 learned_addr learned my addr 172.21.15.110:0/3231823 (peer_addr_for_me v2:172.21.15.110:0/0)
2024-04-13T07:07:44.786 INFO:teuthology.orchestra.run.smithi110.stdout:/usr/bin/ceph: stderr
2024-04-13T07:07:44.033+0000 7f8f37fff700 1 -- 172.21.15.110:0/3231823 --> [v2:172.21.15.110:3300/0,v1:172.21.15.110:6789/0] -- mon_subscribe({config=0+,monmap=0+}) v3 -- 0x7f8f280094f0 con 0x7f8f38102960
2024-04-13T07:07:44.786 INFO:teuthology.orchestra.run.smithi110.stdout:/usr/bin/ceph: stderr
2024-04-13T07:07:44.033+0000 7f8f37fff700 1 --2- 172.21.15.110:0/3231823 >> [v2:172.21.15.110:3300/0,v1:172.21.15.110:6789/0] conn(0x7f8f38102960 0x7f8f38111770 secure :-1 s=READY pgs=87 cs=0 l=1 rev1=1 crypto rx=0x7f8f28006b00 tx=0x7f8f28009250 comp rx=0 tx=0).ready entity=mon.0 client_cookie=0 server_cookie=0 in_seq=0 out_seq=0
2024-04-13T07:07:44.786 INFO:teuthology.orchestra.run.smithi110.stdout:/usr/bin/ceph: stderr
2024-04-13T07:07:44.033+0000 7f8f34ff9700 1 -- 172.21.15.110:0/3231823 <== mon.0 v2:172.21.15.110:3300/0 1 ==== mon_map magic: 0 v1 ==== 229+0+0 (secure 0 0 0) 0x7f8f2801c760 con 0x7f8f38102960
2024-04-13T07:07:44.786 INFO:teuthology.orchestra.run.smithi110.stdout:/usr/bin/ceph: stderr
2024-04-13T07:07:44.033+0000 7f8f3ea30700 1 -- 172.21.15.110:0/3231823 --> [v2:172.21.15.110:3300/0,v1:172.21.15.110:6789/0] -- mon_subscribe({mgrmap=0+}) v3 -- 0x7f8f38111eb0 con 0x7f8f38102960
2024-04-13T07:07:44.786 INFO:teuthology.orchestra.run.smithi110.stdout:/usr/bin/ceph: stderr
2024-04-13T07:07:44.033+0000 7f8f34ff9700 1 -- 172.21.15.110:0/3231823 <== mon.0 v2:172.21.15.110:3300/0 2 ==== config(27 keys) v1 ==== 1109+0+0 (secure 0 0 0) 0x7f8f2801cd90 con 0x7f8f38102960
2024-04-13T07:07:44.786 INFO:teuthology.orchestra.run.smithi110.stdout:/usr/bin/ceph: stderr
2024-04-13T07:07:44.033+0000 7f8f34ff9700 1 -- 172.21.15.110:0/3231823 <== mon.0 v2:172.21.15.110:3300/0 3 ==== mon_map magic: 0 v1 ==== 229+0+0 (secure 0 0 0) 0x7f8f28026420 con 0x7f8f38102960
2024-04-13T07:07:44.786 INFO:teuthology.orchestra.run.smithi110.stdout:/usr/bin/ceph: stderr
2024-04-13T07:07:44.033+0000 7f8f3ea30700 1 -- 172.21.15.110:0/3231823 --> [v2:172.21.15.110:3300/0,v1:172.21.15.110:6789/0] -- mon_subscribe({osdmap=0}) v3 -- 0x7f8f38112a20 con 0x7f8f38102960
2024-04-13T07:07:44.786 INFO:teuthology.orchestra.run.smithi110.stdout:/usr/bin/ceph: stderr
2024-04-13T07:07:44.034+0000 7f8f34ff9700 1 -- 172.21.15.110:0/3231823 <== mon.0 v2:172.21.15.110:3300/0 4 ==== mgrmap(e 12) v1 ==== 43389+0+0 (secure 0 0 0) 0x7f8f28024070 con 0x7f8f38102960
2024-04-13T07:07:44.786 INFO:teuthology.orchestra.run.smithi110.stdout:/usr/bin/ceph: stderr
2024-04-13T07:07:44.034+0000 7f8f3ea30700 1 -- 172.21.15.110:0/3231823 --> [v2:172.21.15.110:3300/0,v1:172.21.15.110:6789/0] -- mon_command({"prefix": "get_command_descriptions"} v 0) v1 -- 0x7f8f3805f5f0 con 0x7f8f38102960
2024-04-13T07:07:44.786 INFO:teuthology.orchestra.run.smithi110.stdout:/usr/bin/ceph: stderr
2024-04-13T07:07:44.034+0000 7f8f34ff9700 1 --2- 172.21.15.110:0/3231823 >> [v2:172.21.15.110:6800/3613933435,v1:172.21.15.110:6801/3613933435] conn(0x7f8f200367e0 0x7f8f20038c90 unknown :-1 s=NONE pgs=0 cs=0 l=1 rev1=0 crypto rx=0 tx=0 comp rx=0 tx=0).connect
2024-04-13T07:07:44.786 INFO:teuthology.orchestra.run.smithi110.stdout:/usr/bin/ceph: stderr
2024-04-13T07:07:44.034+0000 7f8f34ff9700 1 -- 172.21.15.110:0/3231823 <== mon.0 v2:172.21.15.110:3300/0 5 ==== osd_map(3..3 src has 1..3) v4 ==== 1151+0+0 (secure 0 0 0) 0x7f8f2804e110 con 0x7f8f38102960
2024-04-13T07:07:44.786 INFO:teuthology.orchestra.run.smithi110.stdout:/usr/bin/ceph: stderr
2024-04-13T07:07:44.035+0000 7f8f377fe700 1 --2- 172.21.15.110:0/3231823 >> [v2:172.21.15.110:6800/3613933435,v1:172.21.15.110:6801/3613933435] conn(0x7f8f200367e0 0x7f8f20038c90 unknown :-1 s=BANNER_CONNECTING pgs=0 cs=0 l=1 rev1=0 crypto rx=0 tx=0 comp rx=0 tx=0)._handle_peer_banner_payload supported=3 required=0
2024-04-13T07:07:44.787 INFO:teuthology.orchestra.run.smithi110.stdout:/usr/bin/ceph: stderr
2024-04-13T07:07:44.035+0000 7f8f377fe700 1 --2- 172.21.15.110:0/3231823 >> [v2:172.21.15.110:6800/3613933435,v1:172.21.15.110:6801/3613933435] conn(0x7f8f200367e0 0x7f8f20038c90 secure :-1 s=READY pgs=10 cs=0 l=1 rev1=1 crypto rx=0x7f8f2c009990 tx=0x7f8f2c006e40 comp rx=0 tx=0).ready entity=mgr.14162 client_cookie=0 server_cookie=0 in_seq=0 out_seq=0
2024-04-13T07:07:44.787 INFO:teuthology.orchestra.run.smithi110.stdout:/usr/bin/ceph: stderr
2024-04-13T07:07:44.039+0000 7f8f34ff9700 1 -- 172.21.15.110:0/3231823 <== mon.0 v2:172.21.15.110:3300/0 6 ==== mon_command_ack([{"prefix": "get_command_descriptions"}]=0 v0) v1 ==== 72+0+176702 (secure 0 0 0) 0x7f8f2802d6b0 con 0x7f8f38102960
2024-04-13T07:07:44.787 INFO:teuthology.orchestra.run.smithi110.stdout:/usr/bin/ceph: stderr
2024-04-13T07:07:44.139+0000 7f8f34ff9700 1 -- 172.21.15.110:0/3231823 <== mon.0 v2:172.21.15.110:3300/0 7 ==== mgrmap(e 13) v1 ==== 43433+0+0 (secure 0 0 0) 0x7f8f28010630 con 0x7f8f38102960
2024-04-13T07:07:44.787 INFO:teuthology.orchestra.run.smithi110.stdout:/usr/bin/ceph: stderr
