2024-04-14T21:54:45.044+0000 7fdc21951700 1 -- 172.21.15.73:0/2468999107 --> [v2:172.21.15.73:3300/0,v1:172.21.15.73:6789/0] -- mon_subscribe({config=0+,monmap=0+}) v3 -- 0x7fdc1c076ed0 con 0x7fdc1c076ac0
2024-04-14T21:54:45.851 INFO:teuthology.orchestra.run.smithi073.stdout:/usr/bin/ceph: stderr
2024-04-14T21:54:45.045+0000 7fdc21951700 1 --2- 172.21.15.73:0/2468999107 >> [v2:172.21.15.73:3300/0,v1:172.21.15.73:6789/0] conn(0x7fdc1c076ac0 0x7fdc1c1079c0 secure :-1 s=READY pgs=37 cs=0 l=1 rev1=1 crypto rx=0x7fdc180098e0 tx=0x7fdc18009250 comp rx=0 tx=0).ready entity=mon.0 client_cookie=2b32a4ece709a31e server_cookie=0 in_seq=0 out_seq=0
2024-04-14T21:54:45.851 INFO:teuthology.orchestra.run.smithi073.stdout:/usr/bin/ceph: stderr
2024-04-14T21:54:45.045+0000 7fdc2094f700 1 -- 172.21.15.73:0/2468999107 <== mon.0 v2:172.21.15.73:3300/0 1 ==== mon_map magic: 0 v1 ==== 229+0+0 (secure 0 0 0) 0x7fdc1800b8f0 con 0x7fdc1c076ac0
2024-04-14T21:54:45.851 INFO:teuthology.orchestra.run.smithi073.stdout:/usr/bin/ceph: stderr
2024-04-14T21:54:45.045+0000 7fdc2094f700 1 -- 172.21.15.73:0/2468999107 <== mon.0 v2:172.21.15.73:3300/0 2 ==== config(27 keys) v1 ==== 1044+0+0 (secure 0 0 0) 0x7fdc18011420 con 0x7fdc1c076ac0
2024-04-14T21:54:45.851 INFO:teuthology.orchestra.run.smithi073.stdout:/usr/bin/ceph: stderr
2024-04-14T21:54:45.045+0000 7fdc2094f700 1 -- 172.21.15.73:0/2468999107 <== mon.0 v2:172.21.15.73:3300/0 3 ==== mon_map magic: 0 v1 ==== 229+0+0 (secure 0 0 0) 0x7fdc18010540 con 0x7fdc1c076ac0
2024-04-14T21:54:45.851 INFO:teuthology.orchestra.run.smithi073.stdout:/usr/bin/ceph: stderr
2024-04-14T21:54:45.045+0000 7fdc23bb5700 1 -- 172.21.15.73:0/2468999107 >> [v2:172.21.15.73:3300/0,v1:172.21.15.73:6789/0] conn(0x7fdc1c076ac0 msgr2=0x7fdc1c1079c0 secure :-1 s=STATE_CONNECTION_ESTABLISHED l=1).mark_down
2024-04-14T21:54:45.851 INFO:teuthology.orchestra.run.smithi073.stdout:/usr/bin/ceph: stderr
2024-04-14T21:54:45.045+0000 7fdc23bb5700 1 --2- 172.21.15.73:0/2468999107 >> [v2:172.21.15.73:3300/0,v1:172.21.15.73:6789/0] conn(0x7fdc1c076ac0 0x7fdc1c1079c0 secure :-1 s=READY pgs=37 cs=0 l=1 rev1=1 crypto rx=0x7fdc180098e0 tx=0x7fdc18009250 comp rx=0 tx=0).stop
2024-04-14T21:54:45.851 INFO:teuthology.orchestra.run.smithi073.stdout:/usr/bin/ceph: stderr
2024-04-14T21:54:45.045+0000 7fdc23bb5700 1 -- 172.21.15.73:0/2468999107 shutdown_connections
2024-04-14T21:54:45.851 INFO:teuthology.orchestra.run.smithi073.stdout:/usr/bin/ceph: stderr
2024-04-14T21:54:45.045+0000 7fdc23bb5700 1 --2- 172.21.15.73:0/2468999107 >> [v2:172.21.15.73:3300/0,v1:172.21.15.73:6789/0] conn(0x7fdc1c076ac0 0x7fdc1c1079c0 unknown :-1 s=CLOSED pgs=37 cs=0 l=1 rev1=1 crypto rx=0 tx=0 comp rx=0 tx=0).stop
2024-04-14T21:54:45.851 INFO:teuthology.orchestra.run.smithi073.stdout:/usr/bin/ceph: stderr
2024-04-14T21:54:45.045+0000 7fdc23bb5700 1 -- 172.21.15.73:0/2468999107 >> 172.21.15.73:0/2468999107 conn(0x7fdc1c0fcfb0 msgr2=0x7fdc1c0ff400 unknown :-1 s=STATE_NONE l=0).mark_down
2024-04-14T21:54:45.851 INFO:teuthology.orchestra.run.smithi073.stdout:/usr/bin/ceph: stderr
2024-04-14T21:54:45.045+0000 7fdc23bb5700 1 -- 172.21.15.73:0/2468999107 shutdown_connections
2024-04-14T21:54:45.852 INFO:teuthology.orchestra.run.smithi073.stdout:/usr/bin/ceph: stderr
2024-04-14T21:54:45.045+0000 7fdc23bb5700 1 -- 172.21.15.73:0/2468999107 wait complete.
2024-04-14T21:54:45.852 INFO:teuthology.orchestra.run.smithi073.stdout:/usr/bin/ceph: stderr
2024-04-14T21:54:45.046+0000 7fdc23bb5700 1 Processor -- start
2024-04-14T21:54:45.852 INFO:teuthology.orchestra.run.smithi073.stdout:/usr/bin/ceph: stderr
2024-04-14T21:54:45.046+0000 7fdc23bb5700 1 -- start start
2024-04-14T21:54:45.852 INFO:teuthology.orchestra.run.smithi073.stdout:/usr/bin/ceph: stderr
2024-04-14T21:54:45.046+0000 7fdc23bb5700 1 --2- >> [v2:172.21.15.73:3300/0,v1:172.21.15.73:6789/0] conn(0x7fdc1c076ac0 0x7fdc1c113990 unknown :-1 s=NONE pgs=0 cs=0 l=1 rev1=0 crypto rx=0 tx=0 comp rx=0 tx=0).connect
2024-04-14T21:54:45.852 INFO:teuthology.orchestra.run.smithi073.stdout:/usr/bin/ceph: stderr
2024-04-14T21:54:45.046+0000 7fdc23bb5700 1 -- --> [v2:172.21.15.73:3300/0,v1:172.21.15.73:6789/0] -- mon_getmap magic: 0 v1 -- 0x7fdc1c113ed0 con 0x7fdc1c076ac0
2024-04-14T21:54:45.852 INFO:teuthology.orchestra.run.smithi073.stdout:/usr/bin/ceph: stderr
2024-04-14T21:54:45.046+0000 7fdc21951700 1 --2- >> [v2:172.21.15.73:3300/0,v1:172.21.15.73:6789/0] conn(0x7fdc1c076ac0 0x7fdc1c113990 unknown :-1 s=BANNER_CONNECTING pgs=0 cs=0 l=1 rev1=0 crypto rx=0 tx=0 comp rx=0 tx=0)._handle_peer_banner_payload supported=3 required=0
2024-04-14T21:54:45.852 INFO:teuthology.orchestra.run.smithi073.stdout:/usr/bin/ceph: stderr
2024-04-14T21:54:45.046+0000 7fdc21951700 1 --2- >> [v2:172.21.15.73:3300/0,v1:172.21.15.73:6789/0] conn(0x7fdc1c076ac0 0x7fdc1c113990 unknown :-1 s=HELLO_CONNECTING pgs=0 cs=0 l=1 rev1=1 crypto rx=0 tx=0 comp rx=0 tx=0).handle_hello peer v2:172.21.15.73:3300/0 says I am v2:172.21.15.73:47844/0 (socket says 172.21.15.73:47844)
2024-04-14T21:54:45.852 INFO:teuthology.orchestra.run.smithi073.stdout:/usr/bin/ceph: stderr
2024-04-14T21:54:45.046+0000 7fdc21951700 1 -- 172.21.15.73:0/355429619 learned_addr learned my addr 172.21.15.73:0/355429619 (peer_addr_for_me v2:172.21.15.73:0/0)
2024-04-14T21:54:45.852 INFO:teuthology.orchestra.run.smithi073.stdout:/usr/bin/ceph: stderr
2024-04-14T21:54:45.046+0000 7fdc21951700 1 -- 172.21.15.73:0/355429619 --> [v2:172.21.15.73:3300/0,v1:172.21.15.73:6789/0] -- mon_subscribe({config=0+,monmap=0+}) v3 -- 0x7fdc180094f0 con 0x7fdc1c076ac0
2024-04-14T21:54:45.852 INFO:teuthology.orchestra.run.smithi073.stdout:/usr/bin/ceph: stderr
2024-04-14T21:54:45.046+0000 7fdc21951700 1 --2- 172.21.15.73:0/355429619 >> [v2:172.21.15.73:3300/0,v1:172.21.15.73:6789/0] conn(0x7fdc1c076ac0 0x7fdc1c113990 secure :-1 s=READY pgs=38 cs=0 l=1 rev1=1 crypto rx=0x7fdc180094c0 tx=0x7fdc18009250 comp rx=0 tx=0).ready entity=mon.0 client_cookie=0 server_cookie=0 in_seq=0 out_seq=0
2024-04-14T21:54:45.852 INFO:teuthology.orchestra.run.smithi073.stdout:/usr/bin/ceph: stderr
2024-04-14T21:54:45.047+0000 7fdc127fc700 1 -- 172.21.15.73:0/355429619 <== mon.0 v2:172.21.15.73:3300/0 1 ==== mon_map magic: 0 v1 ==== 229+0+0 (secure 0 0 0) 0x7fdc18010800 con 0x7fdc1c076ac0
2024-04-14T21:54:45.852 INFO:teuthology.orchestra.run.smithi073.stdout:/usr/bin/ceph: stderr
2024-04-14T21:54:45.047+0000 7fdc127fc700 1 -- 172.21.15.73:0/355429619 <== mon.0 v2:172.21.15.73:3300/0 2 ==== config(27 keys) v1 ==== 1044+0+0 (secure 0 0 0) 0x7fdc18010df0 con 0x7fdc1c076ac0
2024-04-14T21:54:45.852 INFO:teuthology.orchestra.run.smithi073.stdout:/usr/bin/ceph: stderr
2024-04-14T21:54:45.047+0000 7fdc23bb5700 1 -- 172.21.15.73:0/355429619 --> [v2:172.21.15.73:3300/0,v1:172.21.15.73:6789/0] -- mon_subscribe({mgrmap=0+}) v3 -- 0x7fdc1c1140d0 con 0x7fdc1c076ac0
2024-04-14T21:54:45.853 INFO:teuthology.orchestra.run.smithi073.stdout:/usr/bin/ceph: stderr
2024-04-14T21:54:45.047+0000 7fdc127fc700 1 -- 172.21.15.73:0/355429619 <== mon.0 v2:172.21.15.73:3300/0 3 ==== mon_map magic: 0 v1 ==== 229+0+0 (secure 0 0 0) 0x7fdc18024e50 con 0x7fdc1c076ac0
2024-04-14T21:54:45.853 INFO:teuthology.orchestra.run.smithi073.stdout:/usr/bin/ceph: stderr
2024-04-14T21:54:45.047+0000 7fdc23bb5700 1 -- 172.21.15.73:0/355429619 --> [v2:172.21.15.73:3300/0,v1:172.21.15.73:6789/0] -- mon_subscribe({osdmap=0}) v3 -- 0x7fdc1c114c40 con 0x7fdc1c076ac0
2024-04-14T21:54:45.853 INFO:teuthology.orchestra.run.smithi073.stdout:/usr/bin/ceph: stderr
2024-04-14T21:54:45.047+0000 7fdc127fc700 1 -- 172.21.15.73:0/355429619 <== mon.0 v2:172.21.15.73:3300/0 4 ==== mgrmap(e 8) v1 ==== 43376+0+0 (secure 0 0 0) 0x7fdc1801a450 con 0x7fdc1c076ac0
2024-04-14T21:54:45.853 INFO:teuthology.orchestra.run.smithi073.stdout:/usr/bin/ceph: stderr
2024-04-14T21:54:45.048+0000 7fdc23bb5700 1 -- 172.21.15.73:0/355429619 --> [v2:172.21.15.73:3300/0,v1:172.21.15.73:6789/0] -- mon_command({"prefix": "get_command_descriptions"} v 0) v1 -- 0x7fdc1c05f5f0 con 0x7fdc1c076ac0
2024-04-14T21:54:45.853 INFO:teuthology.orchestra.run.smithi073.stdout:/usr/bin/ceph: stderr
2024-04-14T21:54:45.048+0000 7fdc127fc700 1 --2- 172.21.15.73:0/355429619 >> [v2:172.21.15.73:6800/1804969142,v1:172.21.15.73:6801/1804969142] conn(0x7fdc08036790 0x7fdc08038c40 unknown :-1 s=NONE pgs=0 cs=0 l=1 rev1=0 crypto rx=0 tx=0 comp rx=0 tx=0).connect
2024-04-14T21:54:45.853 INFO:teuthology.orchestra.run.smithi073.stdout:/usr/bin/ceph: stderr
2024-04-14T21:54:45.048+0000 7fdc127fc700 1 -- 172.21.15.73:0/355429619 <== mon.0 v2:172.21.15.73:3300/0 5 ==== osd_map(2..2 src has 1..2) v4 ==== 936+0+0 (secure 0 0 0) 0x7fdc1804a6d0 con 0x7fdc1c076ac0
2024-04-14T21:54:45.853 INFO:teuthology.orchestra.run.smithi073.stdout:/usr/bin/ceph: stderr
2024-04-14T21:54:45.048+0000 7fdc21150700 1 --2- 172.21.15.73:0/355429619 >> [v2:172.21.15.73:6800/1804969142,v1:172.21.15.73:6801/1804969142] conn(0x7fdc08036790 0x7fdc08038c40 unknown :-1 s=BANNER_CONNECTING pgs=0 cs=0 l=1 rev1=0 crypto rx=0 tx=0 comp rx=0 tx=0)._handle_peer_banner_payload supported=3 required=0
2024-04-14T21:54:45.853 INFO:teuthology.orchestra.run.smithi073.stdout:/usr/bin/ceph: stderr
2024-04-14T21:54:45.048+0000 7fdc21150700 1 --2- 172.21.15.73:0/355429619 >> [v2:172.21.15.73:6800/1804969142,v1:172.21.15.73:6801/1804969142] conn(0x7fdc08036790 0x7fdc08038c40 secure :-1 s=READY pgs=7 cs=0 l=1 rev1=1 crypto rx=0x7fdc0c009990 tx=0x7fdc0c006e40 comp rx=0 tx=0).ready entity=mgr.14120 client_cookie=0 server_cookie=0 in_seq=0 out_seq=0
2024-04-14T21:54:45.853 INFO:teuthology.orchestra.run.smithi073.stdout:/usr/bin/ceph: stderr
2024-04-14T21:54:45.052+0000 7fdc127fc700 1 -- 172.21.15.73:0/355429619 <== mon.0 v2:172.21.15.73:3300/0 6 ==== mon_command_ack([{"prefix": "get_command_descriptions"}]=0 v0) v1 ==== 72+0+176702 (secure 0 0 0) 0x7fdc1801a700 con 0x7fdc1c076ac0
2024-04-14T21:54:45.853 INFO:teuthology.orchestra.run.smithi073.stdout:/usr/bin/ceph: stderr
2024-04-14T21:54:45.250+0000 7fdc23bb5700 1 -- 172.21.15.73:0/355429619 --> [v2:172.21.15.73:6800/1804969142,v1:172.21.15.73:6801/1804969142] -- mgr_command(tid 0: {"prefix": "orch set backend", "module_name": "cephadm", "target": ["mon-mgr", ""]}) v1 -- 0x7fdc1c1157c0 con 0x7fdc08036790
2024-04-14T21:54:45.853 INFO:teuthology.orchestra.run.smithi073.stdout:/usr/bin/ceph: stderr
2024-04-14T21:54:45.260+0000 7fdc127fc700 1 -- 172.21.15.73:0/355429619 <== mgr.14120 v2:172.21.15.73:6800/1804969142 1 ==== mgr_command_reply(tid 0: 0 ) v1 ==== 8+0+0 (secure 0 0 0) 0x7fdc1c1157c0 con 0x7fdc08036790
2024-04-14T21:54:45.853 INFO:teuthology.orchestra.run.smithi073.stdout:/usr/bin/ceph: stderr
2024-04-14T21:54:45.262+0000 7fdc23bb5700 1 -- 172.21.15.73:0/355429619 >> [v2:172.21.15.73:6800/1804969142,v1:172.21.15.73:6801/1804969142] conn(0x7fdc08036790 msgr2=0x7fdc08038c40 secure :-1 s=STATE_CONNECTION_ESTABLISHED l=1).mark_down
2024-04-14T21:54:45.853 INFO:teuthology.orchestra.run.smithi073.stdout:/usr/bin/ceph: stderr
2024-04-14T21:54:45.262+0000 7fdc23bb5700 1 --2- 172.21.15.73:0/355429619 >> [v2:172.21.15.73:6800/1804969142,v1:172.21.15.73:6801/1804969142] conn(0x7fdc08036790 0x7fdc08038c40 secure :-1 s=READY pgs=7 cs=0 l=1 rev1=1 crypto rx=0x7fdc0c009990 tx=0x7fdc0c006e40 comp rx=0 tx=0).stop
2024-04-14T21:54:45.853 INFO:teuthology.orchestra.run.smithi073.stdout:/usr/bin/ceph: stderr
2024-04-14T21:54:45.262+0000 7fdc23bb5700 1 -- 172.21.15.73:0/355429619 >> [v2:172.21.15.73:3300/0,v1:172.21.15.73:6789/0] conn(0x7fdc1c076ac0 msgr2=0x7fdc1c113990 secure :-1 s=STATE_CONNECTION_ESTABLISHED l=1).mark_down
2024-04-14T21:54:45.854 INFO:teuthology.orchestra.run.smithi073.stdout:/usr/bin/ceph: stderr
2024-04-14T21:54:45.262+0000 7fdc23bb5700 1 --2- 172.21.15.73:0/355429619 >> [v2:172.21.15.73:3300/0,v1:172.21.15.73:6789/0] conn(0x7fdc1c076ac0 0x7fdc1c113990 secure :-1 s=READY pgs=38 cs=0 l=1 rev1=1 crypto rx=0x7fdc180094c0 tx=0x7fdc18009250 comp rx=0 tx=0).stop
2024-04-14T21:54:45.854 INFO:teuthology.orchestra.run.smithi073.stdout:/usr/bin/ceph: stderr
2024-04-14T21:54:45.263+0000 7fdc23bb5700 1 -- 172.21.15.73:0/355429619 shutdown_connections
2024-04-14T21:54:45.854 INFO:teuthology.orchestra.run.smithi073.stdout:/usr/bin/ceph: stderr
2024-04-14T21:54:45.263+0000 7fdc23bb5700 1 --2- 172.21.15.73:0/355429619 >> [v2:172.21.15.73:6800/1804969142,v1:172.21.15.73:6801/1804969142] conn(0x7fdc08036790 0x7fdc08038c40 unknown :-1 s=CLOSED pgs=7 cs=0 l=1 rev1=1 crypto rx=0 tx=0 comp rx=0 tx=0).stop
2024-04-14T21:54:45.854 INFO:teuthology.orchestra.run.smithi073.stdout:/usr/bin/ceph: stderr
2024-04-14T21:54:45.263+0000 7fdc23bb5700 1 --2- 172.21.15.73:0/355429619 >> [v2:172.21.15.73:3300/0,v1:172.21.15.73:6789/0] conn(0x7fdc1c076ac0 0x7fdc1c113990 unknown :-1 s=CLOSED pgs=38 cs=0 l=1 rev1=1 crypto rx=0 tx=0 comp rx=0 tx=0).stop
2024-04-14T21:54:45.854 INFO:teuthology.orchestra.run.smithi073.stdout:/usr/bin/ceph: stderr
2024-04-14T21:54:45.263+0000 7fdc23bb5700 1 -- 172.21.15.73:0/355429619 >> 172.21.15.73:0/355429619 conn(0x7fdc1c0fcfb0 msgr2=0x7fdc1c0fdd00 unknown :-1 s=STATE_NONE l=0).mark_down
2024-04-14T21:54:45.854 INFO:teuthology.orchestra.run.smithi073.stdout:/usr/bin/ceph: stderr
2024-04-14T21:54:45.263+0000 7fdc23bb5700 1 -- 172.21.15.73:0/355429619 shutdown_connections
2024-04-14T21:54:45.854 INFO:teuthology.orchestra.run.smithi073.stdout:/usr/bin/ceph: stderr
2024-04-14T21:54:45.263+0000 7fdc23bb5700 1 -- 172.21.15.73:0/355429619 wait complete.
2024-04-14T21:54:46.145 INFO:journalctl@ceph.mon.smithi073.smithi073.stdout:Apr 14 21:54:46 smithi073 ceph-mon[29499]: mgrmap e8: smithi073.tmxtec(active, since 2s)
2024-04-14T21:54:46.145 INFO:journalctl@ceph.mon.smithi073.smithi073.stdout:Apr 14 21:54:46 smithi073 ceph-mon[29499]: from='client.14132 -' entity='client.admin' cmd=[{"prefix": "orch set backend", "module_name": "cephadm", "target": ["mon-mgr", ""]}]: dispatch
2024-04-14T21:54:46.145 INFO:journalctl@ceph.mon.smithi073.smithi073.stdout:Apr 14 21:54:46 smithi073 ceph-mon[29499]: from='mgr.14120 172.21.15.73:0/673547455' entity='mgr.smithi073.tmxtec'
2024-04-14T21:54:46.145 INFO:journalctl@ceph.mon.smithi073.smithi073.stdout:Apr 14 21:54:46 smithi073 ceph-mon[29499]: from='mgr.14120 172.21.15.73:0/673547455' entity='mgr.smithi073.tmxtec' cmd=[{"prefix": "config dump", "format": "json"}]: dispatch
2024-04-14T21:54:46.999 INFO:teuthology.orchestra.run.smithi073.stdout:/usr/bin/ceph: stdout value unchanged
2024-04-14T21:54:46.999 INFO:teuthology.orchestra.run.smithi073.stdout:/usr/bin/ceph: stderr
2024-04-14T21:54:46.243+0000 7face45b0700 1 Processor -- start
2024-04-14T21:54:46.999 INFO:teuthology.orchestra.run.smithi073.stdout:/usr/bin/ceph: stderr
2024-04-14T21:54:46.243+0000 7face45b0700 1 -- start start
2024-04-14T21:54:46.999 INFO:teuthology.orchestra.run.smithi073.stdout:/usr/bin/ceph: stderr
2024-04-14T21:54:46.243+0000 7face45b0700 1 --2- >> [v2:172.21.15.73:3300/0,v1:172.21.15.73:6789/0] conn(0x7facdc102960 0x7facdc102d70 unknown :-1 s=NONE pgs=0 cs=0 l=0 rev1=0 crypto rx=0 tx=0 comp rx=0 tx=0).connect
2024-04-14T21:54:46.999 INFO:teuthology.orchestra.run.smithi073.stdout:/usr/bin/ceph: stderr
2024-04-14T21:54:46.243+0000 7face45b0700 1 -- --> [v2:172.21.15.73:3300/0,v1:172.21.15.73:6789/0] -- mon_getmap magic: 0 v1 -- 0x7facdc1032b0 con 0x7facdc102960
2024-04-14T21:54:46.999 INFO:teuthology.orchestra.run.smithi073.stdout:/usr/bin/ceph: stderr
2024-04-14T21:54:46.243+0000 7face234c700 1 --2- >> [v2:172.21.15.73:3300/0,v1:172.21.15.73:6789/0] conn(0x7facdc102960 0x7facdc102d70 unknown :-1 s=BANNER_CONNECTING pgs=0 cs=0 l=0 rev1=0 crypto rx=0 tx=0 comp rx=0 tx=0)._handle_peer_banner_payload supported=3 required=0
2024-04-14T21:54:46.999 INFO:teuthology.orchestra.run.smithi073.stdout:/usr/bin/ceph: stderr
2024-04-14T21:54:46.243+0000 7face234c700 1 --2- >> [v2:172.21.15.73:3300/0,v1:172.21.15.73:6789/0] conn(0x7facdc102960 0x7facdc102d70 unknown :-1 s=HELLO_CONNECTING pgs=0 cs=0 l=0 rev1=1 crypto rx=0 tx=0 comp rx=0 tx=0).handle_hello peer v2:172.21.15.73:3300/0 says I am v2:172.21.15.73:47856/0 (socket says 172.21.15.73:47856)
2024-04-14T21:54:46.999 INFO:teuthology.orchestra.run.smithi073.stdout:/usr/bin/ceph: stderr
2024-04-14T21:54:46.243+0000 7face234c700 1 -- 172.21.15.73:0/1666930687 learned_addr learned my addr 172.21.15.73:0/1666930687 (peer_addr_for_me v2:172.21.15.73:0/0)
2024-04-14T21:54:46.999 INFO:teuthology.orchestra.run.smithi073.stdout:/usr/bin/ceph: stderr
2024-04-14T21:54:46.243+0000 7face234c700 1 -- 172.21.15.73:0/1666930687 --> [v2:172.21.15.73:3300/0,v1:172.21.15.73:6789/0] -- mon_subscribe({config=0+,monmap=0+}) v3 -- 0x7facdc1033f0 con 0x7facdc102960
2024-04-14T21:54:46.999 INFO:teuthology.orchestra.run.smithi073.stdout:/usr/bin/ceph: stderr
2024-04-14T21:54:46.244+0000 7face234c700 1 --2- 172.21.15.73:0/1666930687 >> [v2:172.21.15.73:3300/0,v1:172.21.15.73:6789/0] conn(0x7facdc102960 0x7facdc102d70 secure :-1 s=READY pgs=39 cs=0 l=1 rev1=1 crypto rx=0x7facd80098e0 tx=0x7facd8009250 comp rx=0 tx=0).ready entity=mon.0 client_cookie=563c718ddb95dc1a server_cookie=0 in_seq=0 out_seq=0
2024-04-14T21:54:47.000 INFO:teuthology.orchestra.run.smithi073.stdout:/usr/bin/ceph: stderr
2024-04-14T21:54:46.244+0000 7face134a700 1 -- 172.21.15.73:0/1666930687 <== mon.0 v2:172.21.15.73:3300/0 1 ==== mon_map magic: 0 v1 ==== 229+0+0 (secure 0 0 0) 0x7facd800b860 con 0x7facdc102960
2024-04-14T21:54:47.000 INFO:teuthology.orchestra.run.smithi073.stdout:/usr/bin/ceph: stderr
2024-04-14T21:54:46.244+0000 7face134a700 1 -- 172.21.15.73:0/1666930687 <== mon.0 v2:172.21.15.73:3300/0 2 ==== config(27 keys) v1 ==== 1044+0+0 (secure 0 0 0) 0x7facd800be50 con 0x7facdc102960
2024-04-14T21:54:47.000 INFO:teuthology.orchestra.run.smithi073.stdout:/usr/bin/ceph: stderr
2024-04-14T21:54:46.244+0000 7face134a700 1 -- 172.21.15.73:0/1666930687 <== mon.0 v2:172.21.15.73:3300/0 3 ==== mon_map magic: 0 v1 ==== 229+0+0 (secure 0 0 0) 0x7facd8010380 con 0x7facdc102960
2024-04-14T21:54:47.000 INFO:teuthology.orchestra.run.smithi073.stdout:/usr/bin/ceph: stderr
2024-04-14T21:54:46.244+0000 7face45b0700 1 -- 172.21.15.73:0/1666930687 >> [v2:172.21.15.73:3300/0,v1:172.21.15.73:6789/0] conn(0x7facdc102960 msgr2=0x7facdc102d70 secure :-1 s=STATE_CONNECTION_ESTABLISHED l=1).mark_down
2024-04-14T21:54:47.000 INFO:teuthology.orchestra.run.smithi073.stdout:/usr/bin/ceph: stderr
2024-04-14T21:54:46.244+0000 7face45b0700 1 --2- 172.21.15.73:0/1666930687 >> [v2:172.21.15.73:3300/0,v1:172.21.15.73:6789/0] conn(0x7facdc102960 0x7facdc102d70 secure :-1 s=READY pgs=39 cs=0 l=1 rev1=1 crypto rx=0x7facd80098e0 tx=0x7facd8009250 comp rx=0 tx=0).stop
2024-04-14T21:54:47.000 INFO:teuthology.orchestra.run.smithi073.stdout:/usr/bin/ceph: stderr
2024-04-14T21:54:46.244+0000 7face45b0700 1 -- 172.21.15.73:0/1666930687 shutdown_connections
2024-04-14T21:54:47.000 INFO:teuthology.orchestra.run.smithi073.stdout:/usr/bin/ceph: stderr
2024-04-14T21:54:46.244+0000 7face45b0700 1 --2- 172.21.15.73:0/1666930687 >> [v2:172.21.15.73:3300/0,v1:172.21.15.73:6789/0] conn(0x7facdc102960 0x7facdc102d70 unknown :-1 s=CLOSED pgs=39 cs=0 l=1 rev1=1 crypto rx=0 tx=0 comp rx=0 tx=0).stop
2024-04-14T21:54:47.000 INFO:teuthology.orchestra.run.smithi073.stdout:/usr/bin/ceph: stderr
2024-04-14T21:54:46.244+0000 7face45b0700 1 -- 172.21.15.73:0/1666930687 >> 172.21.15.73:0/1666930687 conn(0x7facdc0fe0e0 msgr2=0x7facdc1004f0 unknown :-1 s=STATE_NONE l=0).mark_down
2024-04-14T21:54:47.000 INFO:teuthology.orchestra.run.smithi073.stdout:/usr/bin/ceph: stderr
2024-04-14T21:54:46.245+0000 7face45b0700 1 -- 172.21.15.73:0/1666930687 shutdown_connections
2024-04-14T21:54:47.000 INFO:teuthology.orchestra.run.smithi073.stdout:/usr/bin/ceph: stderr
2024-04-14T21:54:46.245+0000 7face45b0700 1 -- 172.21.15.73:0/1666930687 wait complete.
2024-04-14T21:54:47.000 INFO:teuthology.orchestra.run.smithi073.stdout:/usr/bin/ceph: stderr
2024-04-14T21:54:46.245+0000 7face45b0700 1 Processor -- start
2024-04-14T21:54:47.000 INFO:teuthology.orchestra.run.smithi073.stdout:/usr/bin/ceph: stderr
2024-04-14T21:54:46.245+0000 7face45b0700 1 -- start start
2024-04-14T21:54:47.001 INFO:teuthology.orchestra.run.smithi073.stdout:/usr/bin/ceph: stderr
2024-04-14T21:54:46.245+0000 7face45b0700 1 --2- >> [v2:172.21.15.73:3300/0,v1:172.21.15.73:6789/0] conn(0x7facdc102960 0x7facdc1116b0 unknown :-1 s=NONE pgs=0 cs=0 l=1 rev1=0 crypto rx=0 tx=0 comp rx=0 tx=0).connect
2024-04-14T21:54:47.001 INFO:teuthology.orchestra.run.smithi073.stdout:/usr/bin/ceph: stderr
2024-04-14T21:54:46.245+0000 7face45b0700 1 -- --> [v2:172.21.15.73:3300/0,v1:172.21.15.73:6789/0] -- mon_getmap magic: 0 v1 -- 0x7facdc111bf0 con 0x7facdc102960
2024-04-14T21:54:47.001 INFO:teuthology.orchestra.run.smithi073.stdout:/usr/bin/ceph: stderr
2024-04-14T21:54:46.245+0000 7face234c700 1 --2- >> [v2:172.21.15.73:3300/0,v1:172.21.15.73:6789/0] conn(0x7facdc102960 0x7facdc1116b0 unknown :-1 s=BANNER_CONNECTING pgs=0 cs=0 l=1 rev1=0 crypto rx=0 tx=0 comp rx=0 tx=0)._handle_peer_banner_payload supported=3 required=0
2024-04-14T21:54:47.001 INFO:teuthology.orchestra.run.smithi073.stdout:/usr/bin/ceph: stderr
2024-04-14T21:54:46.245+0000 7face234c700 1 --2- >> [v2:172.21.15.73:3300/0,v1:172.21.15.73:6789/0] conn(0x7facdc102960 0x7facdc1116b0 unknown :-1 s=HELLO_CONNECTING pgs=0 cs=0 l=1 rev1=1 crypto rx=0 tx=0 comp rx=0 tx=0).handle_hello peer v2:172.21.15.73:3300/0 says I am v2:172.21.15.73:47872/0 (socket says 172.21.15.73:47872)
2024-04-14T21:54:47.001 INFO:teuthology.orchestra.run.smithi073.stdout:/usr/bin/ceph: stderr
2024-04-14T21:54:46.245+0000 7face234c700 1 -- 172.21.15.73:0/1107595927 learned_addr learned my addr 172.21.15.73:0/1107595927 (peer_addr_for_me v2:172.21.15.73:0/0)
2024-04-14T21:54:47.001 INFO:teuthology.orchestra.run.smithi073.stdout:/usr/bin/ceph: stderr
2024-04-14T21:54:46.246+0000 7face234c700 1 -- 172.21.15.73:0/1107595927 --> [v2:172.21.15.73:3300/0,v1:172.21.15.73:6789/0] -- mon_subscribe({config=0+,monmap=0+}) v3 -- 0x7facd80094f0 con 0x7facdc102960
2024-04-14T21:54:47.001 INFO:teuthology.orchestra.run.smithi073.stdout:/usr/bin/ceph: stderr
2024-04-14T21:54:46.246+0000 7face234c700 1 --2- 172.21.15.73:0/1107595927 >> [v2:172.21.15.73:3300/0,v1:172.21.15.73:6789/0] conn(0x7facdc102960 0x7facdc1116b0 secure :-1 s=READY pgs=40 cs=0 l=1 rev1=1 crypto rx=0x7facd800b440 tx=0x7facd8009250 comp rx=0 tx=0).ready entity=mon.0 client_cookie=0 server_cookie=0 in_seq=0 out_seq=0
2024-04-14T21:54:47.001 INFO:teuthology.orchestra.run.smithi073.stdout:/usr/bin/ceph: stderr
2024-04-14T21:54:46.246+0000 7facd2ffd700 1 -- 172.21.15.73:0/1107595927 <== mon.0 v2:172.21.15.73:3300/0 1 ==== mon_map magic: 0 v1 ==== 229+0+0 (secure 0 0 0) 0x7facd8010760 con 0x7facdc102960
2024-04-14T21:54:47.001 INFO:teuthology.orchestra.run.smithi073.stdout:/usr/bin/ceph: stderr
2024-04-14T21:54:46.246+0000 7face45b0700 1 -- 172.21.15.73:0/1107595927 --> [v2:172.21.15.73:3300/0,v1:172.21.15.73:6789/0] -- mon_subscribe({mgrmap=0+}) v3 -- 0x7facdc111df0 con 0x7facdc102960
2024-04-14T21:54:47.001 INFO:teuthology.orchestra.run.smithi073.stdout:/usr/bin/ceph: stderr
2024-04-14T21:54:46.246+0000 7facd2ffd700 1 -- 172.21.15.73:0/1107595927 <== mon.0 v2:172.21.15.73:3300/0 2 ==== config(27 keys) v1 ==== 1044+0+0 (secure 0 0 0) 0x7facd8010d50 con 0x7facdc102960
2024-04-14T21:54:47.001 INFO:teuthology.orchestra.run.smithi073.stdout:/usr/bin/ceph: stderr
2024-04-14T21:54:46.246+0000 7facd2ffd700 1 -- 172.21.15.73:0/1107595927 <== mon.0 v2:172.21.15.73:3300/0 3 ==== mon_map magic: 0 v1 ==== 229+0+0 (secure 0 0 0) 0x7facd801ae20 con 0x7facdc102960
2024-04-14T21:54:47.001 INFO:teuthology.orchestra.run.smithi073.stdout:/usr/bin/ceph: stderr
2024-04-14T21:54:46.246+0000 7face45b0700 1 -- 172.21.15.73:0/1107595927 --> [v2:172.21.15.73:3300/0,v1:172.21.15.73:6789/0] -- mon_subscribe({osdmap=0}) v3 -- 0x7facdc112960 con 0x7facdc102960
2024-04-14T21:54:47.002 INFO:teuthology.orchestra.run.smithi073.stdout:/usr/bin/ceph: stderr
2024-04-14T21:54:46.247+0000 7facd2ffd700 1 -- 172.21.15.73:0/1107595927 <== mon.0 v2:172.21.15.73:3300/0 4 ==== mgrmap(e 8) v1 ==== 43376+0+0 (secure 0 0 0) 0x7facd80108c0 con 0x7facdc102960
2024-04-14T21:54:47.002 INFO:teuthology.orchestra.run.smithi073.stdout:/usr/bin/ceph: stderr
2024-04-14T21:54:46.247+0000 7face45b0700 1 -- 172.21.15.73:0/1107595927 --> [v2:172.21.15.73:3300/0,v1:172.21.15.73:6789/0] -- mon_command({"prefix": "get_command_descriptions"} v 0) v1 -- 0x7facdc05f5f0 con 0x7facdc102960
2024-04-14T21:54:47.002 INFO:teuthology.orchestra.run.smithi073.stdout:/usr/bin/ceph: stderr
2024-04-14T21:54:46.247+0000 7facd2ffd700 1 --2- 172.21.15.73:0/1107595927 >> [v2:172.21.15.73:6800/1804969142,v1:172.21.15.73:6801/1804969142] conn(0x7facc8036770 0x7facc8038c20 unknown :-1 s=NONE pgs=0 cs=0 l=1 rev1=0 crypto rx=0 tx=0 comp rx=0 tx=0).connect
2024-04-14T21:54:47.002 INFO:teuthology.orchestra.run.smithi073.stdout:/usr/bin/ceph: stderr
2024-04-14T21:54:46.247+0000 7facd2ffd700 1 -- 172.21.15.73:0/1107595927 <== mon.0 v2:172.21.15.73:3300/0 5 ==== osd_map(2..2 src has 1..2) v4 ==== 936+0+0 (secure 0 0 0) 0x7facd804a590 con 0x7facdc102960
2024-04-14T21:54:47.002 INFO:teuthology.orchestra.run.smithi073.stdout:/usr/bin/ceph: stderr
2024-04-14T21:54:46.247+0000 7face1b4b700 1 --2- 172.21.15.73:0/1107595927 >> [v2:172.21.15.73:6800/1804969142,v1:172.21.15.73:6801/1804969142] conn(0x7facc8036770 0x7facc8038c20 unknown :-1 s=BANNER_CONNECTING pgs=0 cs=0 l=1 rev1=0 crypto rx=0 tx=0 comp rx=0 tx=0)._handle_peer_banner_payload supported=3 required=0
2024-04-14T21:54:47.002 INFO:teuthology.orchestra.run.smithi073.stdout:/usr/bin/ceph: stderr
2024-04-14T21:54:46.247+0000 7face1b4b700 1 --2- 172.21.15.73:0/1107595927 >> [v2:172.21.15.73:6800/1804969142,v1:172.21.15.73:6801/1804969142] conn(0x7facc8036770 0x7facc8038c20 secure :-1 s=READY pgs=8 cs=0 l=1 rev1=1 crypto rx=0x7faccc009990 tx=0x7faccc006e40 comp rx=0 tx=0).ready entity=mgr.14120 client_cookie=0 server_cookie=0 in_seq=0 out_seq=0
2024-04-14T21:54:47.002 INFO:teuthology.orchestra.run.smithi073.stdout:/usr/bin/ceph: stderr
2024-04-14T21:54:46.252+0000 7facd2ffd700 1 -- 172.21.15.73:0/1107595927 <== mon.0 v2:172.21.15.73:3300/0 6 ==== mon_command_ack([{"prefix": "get_command_descriptions"}]=0 v0) v1 ==== 72+0+176702 (secure 0 0 0) 0x7facd8018530 con 0x7facdc102960
2024-04-14T21:54:47.002 INFO:teuthology.orchestra.run.smithi073.stdout:/usr/bin/ceph: stderr
2024-04-14T21:54:46.441+0000 7face45b0700 1 -- 172.21.15.73:0/1107595927 --> [v2:172.21.15.73:6800/1804969142,v1:172.21.15.73:6801/1804969142] -- mgr_command(tid 0: {"prefix": "cephadm set-user", "user": "root", "target": ["mon-mgr", ""]}) v1 -- 0x7facdc0ff350 con 0x7facc8036770
2024-04-14T21:54:47.002 INFO:teuthology.orchestra.run.smithi073.stdout:/usr/bin/ceph: stderr
2024-04-14T21:54:46.442+0000 7facd2ffd700 1 -- 172.21.15.73:0/1107595927 <== mgr.14120 v2:172.21.15.73:6800/1804969142 1 ==== mgr_command_reply(tid 0: 0 ) v1 ==== 8+0+16 (secure 0 0 0) 0x7facdc0ff350 con 0x7facc8036770
2024-04-14T21:54:47.002 INFO:teuthology.orchestra.run.smithi073.stdout:/usr/bin/ceph: stderr
2024-04-14T21:54:46.444+0000 7face45b0700 1 -- 172.21.15.73:0/1107595927 >> [v2:172.21.15.73:6800/1804969142,v1:172.21.15.73:6801/1804969142] conn(0x7facc8036770 msgr2=0x7facc8038c20 secure :-1 s=STATE_CONNECTION_ESTABLISHED l=1).mark_down
2024-04-14T21:54:47.002 INFO:teuthology.orchestra.run.smithi073.stdout:/usr/bin/ceph: stderr
2024-04-14T21:54:46.444+0000 7face45b0700 1 --2- 172.21.15.73:0/1107595927 >> [v2:172.21.15.73:6800/1804969142,v1:172.21.15.73:6801/1804969142] conn(0x7facc8036770 0x7facc8038c20 secure :-1 s=READY pgs=8 cs=0 l=1 rev1=1 crypto rx=0x7faccc009990 tx=0x7faccc006e40 comp rx=0 tx=0).stop
2024-04-14T21:54:47.002 INFO:teuthology.orchestra.run.smithi073.stdout:/usr/bin/ceph: stderr
2024-04-14T21:54:46.444+0000 7face45b0700 1 -- 172.21.15.73:0/1107595927 >> [v2:172.21.15.73:3300/0,v1:172.21.15.73:6789/0] conn(0x7facdc102960 msgr2=0x7facdc1116b0 secure :-1 s=STATE_CONNECTION_ESTABLISHED l=1).mark_down
2024-04-14T21:54:47.003 INFO:teuthology.orchestra.run.smithi073.stdout:/usr/bin/ceph: stderr
2024-04-14T21:54:46.444+0000 7face45b0700 1 --2- 172.21.15.73:0/1107595927 >> [v2:172.21.15.73:3300/0,v1:172.21.15.73:6789/0] conn(0x7facdc102960 0x7facdc1116b0 secure :-1 s=READY pgs=40 cs=0 l=1 rev1=1 crypto rx=0x7facd800b440 tx=0x7facd8009250 comp rx=0 tx=0).stop
2024-04-14T21:54:47.003 INFO:teuthology.orchestra.run.smithi073.stdout:/usr/bin/ceph: stderr
2024-04-14T21:54:46.444+0000 7face45b0700 1 -- 172.21.15.73:0/1107595927 shutdown_connections
2024-04-14T21:54:47.003 INFO:teuthology.orchestra.run.smithi073.stdout:/usr/bin/ceph: stderr
2024-04-14T21:54:46.444+0000 7face45b0700 1 --2- 172.21.15.73:0/1107595927 >> [v2:172.21.15.73:6800/1804969142,v1:172.21.15.73:6801/1804969142] conn(0x7facc8036770 0x7facc8038c20 unknown :-1 s=CLOSED pgs=8 cs=0 l=1 rev1=1 crypto rx=0 tx=0 comp rx=0 tx=0).stop
2024-04-14T21:54:47.003 INFO:teuthology.orchestra.run.smithi073.stdout:/usr/bin/ceph: stderr
2024-04-14T21:54:46.444+0000 7face45b0700 1 --2- 172.21.15.73:0/1107595927 >> [v2:172.21.15.73:3300/0,v1:172.21.15.73:6789/0] conn(0x7facdc102960 0x7facdc1116b0 unknown :-1 s=CLOSED pgs=40 cs=0 l=1 rev1=1 crypto rx=0 tx=0 comp rx=0 tx=0).stop
2024-04-14T21:54:47.003 INFO:teuthology.orchestra.run.smithi073.stdout:/usr/bin/ceph: stderr
2024-04-14T21:54:46.444+0000 7face45b0700 1 -- 172.21.15.73:0/1107595927 >> 172.21.15.73:0/1107595927 conn(0x7facdc0fe0e0 msgr2=0x7facdc0fec40 unknown :-1 s=STATE_NONE l=0).mark_down
2024-04-14T21:54:47.003 INFO:teuthology.orchestra.run.smithi073.stdout:/usr/bin/ceph: stderr
2024-04-14T21:54:46.444+0000 7face45b0700 1 -- 172.21.15.73:0/1107595927 shutdown_connections
2024-04-14T21:54:47.003 INFO:teuthology.orchestra.run.smithi073.stdout:/usr/bin/ceph: stderr
2024-04-14T21:54:46.444+0000 7face45b0700 1 -- 172.21.15.73:0/1107595927 wait complete.
2024-04-14T21:54:47.003 INFO:teuthology.orchestra.run.smithi073.stdout:Generating ssh key...
2024-04-14T21:54:47.287 INFO:journalctl@ceph.mon.smithi073.smithi073.stdout:Apr 14 21:54:47 smithi073 ceph-mon[29499]: from='client.14134 -' entity='client.admin' cmd=[{"prefix": "cephadm set-user", "user": "root", "target": ["mon-mgr", ""]}]: dispatch
2024-04-14T21:54:48.347 INFO:teuthology.orchestra.run.smithi073.stdout:/usr/bin/ceph: stderr
2024-04-14T21:54:47.389+0000 7fa396e1a700 1 Processor -- start
2024-04-14T21:54:48.347 INFO:teuthology.orchestra.run.smithi073.stdout:/usr/bin/ceph: stderr
2024-04-14T21:54:47.389+0000 7fa396e1a700 1 -- start start
2024-04-14T21:54:48.347 INFO:teuthology.orchestra.run.smithi073.stdout:/usr/bin/ceph: stderr
2024-04-14T21:54:47.389+0000 7fa396e1a700 1 --2- >> [v2:172.21.15.73:3300/0,v1:172.21.15.73:6789/0] conn(0x7fa390102960 0x7fa390102d70 unknown :-1 s=NONE pgs=0 cs=0 l=0 rev1=0 crypto rx=0 tx=0 comp rx=0 tx=0).connect
2024-04-14T21:54:48.347 INFO:teuthology.orchestra.run.smithi073.stdout:/usr/bin/ceph: stderr
2024-04-14T21:54:47.389+0000 7fa396e1a700 1 -- --> [v2:172.21.15.73:3300/0,v1:172.21.15.73:6789/0] -- mon_getmap magic: 0 v1 -- 0x7fa3901032b0 con 0x7fa390102960
2024-04-14T21:54:48.347 INFO:teuthology.orchestra.run.smithi073.stdout:/usr/bin/ceph: stderr
2024-04-14T21:54:47.389+0000 7fa394bb6700 1 --2- >> [v2:172.21.15.73:3300/0,v1:172.21.15.73:6789/0] conn(0x7fa390102960 0x7fa390102d70 unknown :-1 s=BANNER_CONNECTING pgs=0 cs=0 l=0 rev1=0 crypto rx=0 tx=0 comp rx=0 tx=0)._handle_peer_banner_payload supported=3 required=0
2024-04-14T21:54:48.347 INFO:teuthology.orchestra.run.smithi073.stdout:/usr/bin/ceph: stderr
2024-04-14T21:54:47.389+0000 7fa394bb6700 1 --2- >> [v2:172.21.15.73:3300/0,v1:172.21.15.73:6789/0] conn(0x7fa390102960 0x7fa390102d70 unknown :-1 s=HELLO_CONNECTING pgs=0 cs=0 l=0 rev1=1 crypto rx=0 tx=0 comp rx=0 tx=0).handle_hello peer v2:172.21.15.73:3300/0 says I am v2:172.21.15.73:47884/0 (socket says 172.21.15.73:47884)
2024-04-14T21:54:48.347 INFO:teuthology.orchestra.run.smithi073.stdout:/usr/bin/ceph: stderr
2024-04-14T21:54:47.389+0000 7fa394bb6700 1 -- 172.21.15.73:0/1914585361 learned_addr learned my addr 172.21.15.73:0/1914585361 (peer_addr_for_me v2:172.21.15.73:0/0)
2024-04-14T21:54:48.348 INFO:teuthology.orchestra.run.smithi073.stdout:/usr/bin/ceph: stderr
2024-04-14T21:54:47.389+0000 7fa394bb6700 1 -- 172.21.15.73:0/1914585361 --> [v2:172.21.15.73:3300/0,v1:172.21.15.73:6789/0] -- mon_subscribe({config=0+,monmap=0+}) v3 -- 0x7fa3901033f0 con 0x7fa390102960
2024-04-14T21:54:48.348 INFO:teuthology.orchestra.run.smithi073.stdout:/usr/bin/ceph: stderr
2024-04-14T21:54:47.389+0000 7fa394bb6700 1 --2- 172.21.15.73:0/1914585361 >> [v2:172.21.15.73:3300/0,v1:172.21.15.73:6789/0] conn(0x7fa390102960 0x7fa390102d70 secure :-1 s=READY pgs=41 cs=0 l=1 rev1=1 crypto rx=0x7fa3840098e0 tx=0x7fa384009250 comp rx=0 tx=0).ready entity=mon.0 client_cookie=bdf6ddc33cd9f50f server_cookie=0 in_seq=0 out_seq=0
2024-04-14T21:54:48.348 INFO:teuthology.orchestra.run.smithi073.stdout:/usr/bin/ceph: stderr
2024-04-14T21:54:47.390+0000 7fa38f7fe700 1 -- 172.21.15.73:0/1914585361 <== mon.0 v2:172.21.15.73:3300/0 1 ==== mon_map magic: 0 v1 ==== 229+0+0 (secure 0 0 0) 0x7fa38400b860 con 0x7fa390102960
2024-04-14T21:54:48.348 INFO:teuthology.orchestra.run.smithi073.stdout:/usr/bin/ceph: stderr
2024-04-14T21:54:47.390+0000 7fa38f7fe700 1 -- 172.21.15.73:0/1914585361 <== mon.0 v2:172.21.15.73:3300/0 2 ==== config(27 keys) v1 ==== 1044+0+0 (secure 0 0 0) 0x7fa38400be50 con 0x7fa390102960
2024-04-14T21:54:48.348 INFO:teuthology.orchestra.run.smithi073.stdout:/usr/bin/ceph: stderr
2024-04-14T21:54:47.390+0000 7fa38f7fe700 1 -- 172.21.15.73:0/1914585361 <== mon.0 v2:172.21.15.73:3300/0 3 ==== mon_map magic: 0 v1 ==== 229+0+0 (secure 0 0 0) 0x7fa384010380 con 0x7fa390102960
2024-04-14T21:54:48.348 INFO:teuthology.orchestra.run.smithi073.stdout:/usr/bin/ceph: stderr
2024-04-14T21:54:47.390+0000 7fa396e1a700 1 -- 172.21.15.73:0/1914585361 >> [v2:172.21.15.73:3300/0,v1:172.21.15.73:6789/0] conn(0x7fa390102960 msgr2=0x7fa390102d70 secure :-1 s=STATE_CONNECTION_ESTABLISHED l=1).mark_down
2024-04-14T21:54:48.348 INFO:teuthology.orchestra.run.smithi073.stdout:/usr/bin/ceph: stderr
2024-04-14T21:54:47.390+0000 7fa396e1a700 1 --2- 172.21.15.73:0/1914585361 >> [v2:172.21.15.73:3300/0,v1:172.21.15.73:6789/0] conn(0x7fa390102960 0x7fa390102d70 secure :-1 s=READY pgs=41 cs=0 l=1 rev1=1 crypto rx=0x7fa3840098e0 tx=0x7fa384009250 comp rx=0 tx=0).stop
2024-04-14T21:54:48.348 INFO:teuthology.orchestra.run.smithi073.stdout:/usr/bin/ceph: stderr
2024-04-14T21:54:47.390+0000 7fa396e1a700 1 -- 172.21.15.73:0/1914585361 shutdown_connections
2024-04-14T21:54:48.348 INFO:teuthology.orchestra.run.smithi073.stdout:/usr/bin/ceph: stderr
2024-04-14T21:54:47.390+0000 7fa396e1a700 1 --2- 172.21.15.73:0/1914585361 >> [v2:172.21.15.73:3300/0,v1:172.21.15.73:6789/0] conn(0x7fa390102960 0x7fa390102d70 unknown :-1 s=CLOSED pgs=41 cs=0 l=1 rev1=1 crypto rx=0 tx=0 comp rx=0 tx=0).stop
2024-04-14T21:54:48.348 INFO:teuthology.orchestra.run.smithi073.stdout:/usr/bin/ceph: stderr
2024-04-14T21:54:47.390+0000 7fa396e1a700 1 -- 172.21.15.73:0/1914585361 >> 172.21.15.73:0/1914585361 conn(0x7fa3900fe0e0 msgr2=0x7fa3901004f0 unknown :-1 s=STATE_NONE l=0).mark_down
2024-04-14T21:54:48.348 INFO:teuthology.orchestra.run.smithi073.stdout:/usr/bin/ceph: stderr
2024-04-14T21:54:47.390+0000 7fa396e1a700 1 -- 172.21.15.73:0/1914585361 shutdown_connections
2024-04-14T21:54:48.349 INFO:teuthology.orchestra.run.smithi073.stdout:/usr/bin/ceph: stderr
2024-04-14T21:54:47.390+0000 7fa396e1a700 1 -- 172.21.15.73:0/1914585361 wait complete.
2024-04-14T21:54:48.349 INFO:teuthology.orchestra.run.smithi073.stdout:/usr/bin/ceph: stderr
2024-04-14T21:54:47.391+0000 7fa396e1a700 1 Processor -- start
2024-04-14T21:54:48.349 INFO:teuthology.orchestra.run.smithi073.stdout:/usr/bin/ceph: stderr
2024-04-14T21:54:47.391+0000 7fa396e1a700 1 -- start start
2024-04-14T21:54:48.349 INFO:teuthology.orchestra.run.smithi073.stdout:/usr/bin/ceph: stderr
2024-04-14T21:54:47.391+0000 7fa396e1a700 1 --2- >> [v2:172.21.15.73:3300/0,v1:172.21.15.73:6789/0] conn(0x7fa390102960 0x7fa390111750 unknown :-1 s=NONE pgs=0 cs=0 l=1 rev1=0 crypto rx=0 tx=0 comp rx=0 tx=0).connect
2024-04-14T21:54:48.349 INFO:teuthology.orchestra.run.smithi073.stdout:/usr/bin/ceph: stderr
2024-04-14T21:54:47.391+0000 7fa396e1a700 1 -- --> [v2:172.21.15.73:3300/0,v1:172.21.15.73:6789/0] -- mon_getmap magic: 0 v1 -- 0x7fa390111c90 con 0x7fa390102960
2024-04-14T21:54:48.349 INFO:teuthology.orchestra.run.smithi073.stdout:/usr/bin/ceph: stderr
2024-04-14T21:54:47.391+0000 7fa394bb6700 1 --2- >> [v2:172.21.15.73:3300/0,v1:172.21.15.73:6789/0] conn(0x7fa390102960 0x7fa390111750 unknown :-1 s=BANNER_CONNECTING pgs=0 cs=0 l=1 rev1=0 crypto rx=0 tx=0 comp rx=0 tx=0)._handle_peer_banner_payload supported=3 required=0
2024-04-14T21:54:48.349 INFO:teuthology.orchestra.run.smithi073.stdout:/usr/bin/ceph: stderr
2024-04-14T21:54:47.391+0000 7fa394bb6700 1 --2- >> [v2:172.21.15.73:3300/0,v1:172.21.15.73:6789/0] conn(0x7fa390102960 0x7fa390111750 unknown :-1 s=HELLO_CONNECTING pgs=0 cs=0 l=1 rev1=1 crypto rx=0 tx=0 comp rx=0 tx=0).handle_hello peer v2:172.21.15.73:3300/0 says I am v2:172.21.15.73:47888/0 (socket says 172.21.15.73:47888)
2024-04-14T21:54:48.349 INFO:teuthology.orchestra.run.smithi073.stdout:/usr/bin/ceph: stderr
2024-04-14T21:54:47.391+0000 7fa394bb6700 1 -- 172.21.15.73:0/2650465489 learned_addr learned my addr 172.21.15.73:0/2650465489 (peer_addr_for_me v2:172.21.15.73:0/0)
2024-04-14T21:54:48.349 INFO:teuthology.orchestra.run.smithi073.stdout:/usr/bin/ceph: stderr
2024-04-14T21:54:47.391+0000 7fa394bb6700 1 -- 172.21.15.73:0/2650465489 --> [v2:172.21.15.73:3300/0,v1:172.21.15.73:6789/0] -- mon_subscribe({config=0+,monmap=0+}) v3 -- 0x7fa3840094f0 con 0x7fa390102960
2024-04-14T21:54:48.349 INFO:teuthology.orchestra.run.smithi073.stdout:/usr/bin/ceph: stderr
2024-04-14T21:54:47.392+0000 7fa394bb6700 1 --2- 172.21.15.73:0/2650465489 >> [v2:172.21.15.73:3300/0,v1:172.21.15.73:6789/0] conn(0x7fa390102960 0x7fa390111750 secure :-1 s=READY pgs=42 cs=0 l=1 rev1=1 crypto rx=0x7fa384006b00 tx=0x7fa384009250 comp rx=0 tx=0).ready entity=mon.0 client_cookie=0 server_cookie=0 in_seq=0 out_seq=0
2024-04-14T21:54:48.349 INFO:teuthology.orchestra.run.smithi073.stdout:/usr/bin/ceph: stderr
2024-04-14T21:54:47.392+0000 7fa38d7fa700 1 -- 172.21.15.73:0/2650465489 <== mon.0 v2:172.21.15.73:3300/0 1 ==== mon_map magic: 0 v1 ==== 229+0+0 (secure 0 0 0) 0x7fa384010760 con 0x7fa390102960
2024-04-14T21:54:48.349 INFO:teuthology.orchestra.run.smithi073.stdout:/usr/bin/ceph: stderr
2024-04-14T21:54:47.392+0000 7fa38d7fa700 1 -- 172.21.15.73:0/2650465489 <== mon.0 v2:172.21.15.73:3300/0 2 ==== config(27 keys) v1 ==== 1044+0+0 (secure 0 0 0) 0x7fa384010d50 con 0x7fa390102960
2024-04-14T21:54:48.349 INFO:teuthology.orchestra.run.smithi073.stdout:/usr/bin/ceph: stderr
2024-04-14T21:54:47.392+0000 7fa396e1a700 1 -- 172.21.15.73:0/2650465489 --> [v2:172.21.15.73:3300/0,v1:172.21.15.73:6789/0] -- mon_subscribe({mgrmap=0+}) v3 -- 0x7fa390111e90 con 0x7fa390102960
2024-04-14T21:54:48.350 INFO:teuthology.orchestra.run.smithi073.stdout:/usr/bin/ceph: stderr
2024-04-14T21:54:47.392+0000 7fa38d7fa700 1 -- 172.21.15.73:0/2650465489 <== mon.0 v2:172.21.15.73:3300/0 3 ==== mon_map magic: 0 v1 ==== 229+0+0 (secure 0 0 0) 0x7fa38401ad40 con 0x7fa390102960
2024-04-14T21:54:48.350 INFO:teuthology.orchestra.run.smithi073.stdout:/usr/bin/ceph: stderr
2024-04-14T21:54:47.392+0000 7fa396e1a700 1 -- 172.21.15.73:0/2650465489 --> [v2:172.21.15.73:3300/0,v1:172.21.15.73:6789/0] -- mon_subscribe({osdmap=0}) v3 -- 0x7fa390112a00 con 0x7fa390102960
2024-04-14T21:54:48.350 INFO:teuthology.orchestra.run.smithi073.stdout:/usr/bin/ceph: stderr
2024-04-14T21:54:47.393+0000 7fa38d7fa700 1 -- 172.21.15.73:0/2650465489 <== mon.0 v2:172.21.15.73:3300/0 4 ==== mgrmap(e 8) v1 ==== 43376+0+0 (secure 0 0 0) 0x7fa38402e440 con 0x7fa390102960
2024-04-14T21:54:48.350 INFO:teuthology.orchestra.run.smithi073.stdout:/usr/bin/ceph: stderr
2024-04-14T21:54:47.393+0000 7fa38d7fa700 1 --2- 172.21.15.73:0/2650465489 >> [v2:172.21.15.73:6800/1804969142,v1:172.21.15.73:6801/1804969142] conn(0x7fa3800367e0 0x7fa380038c90 unknown :-1 s=NONE pgs=0 cs=0 l=1 rev1=0 crypto rx=0 tx=0 comp rx=0 tx=0).connect
2024-04-14T21:54:48.350 INFO:teuthology.orchestra.run.smithi073.stdout:/usr/bin/ceph: stderr
2024-04-14T21:54:47.393+0000 7fa38d7fa700 1 -- 172.21.15.73:0/2650465489 <== mon.0 v2:172.21.15.73:3300/0 5 ==== osd_map(2..2 src has 1..2) v4 ==== 936+0+0 (secure 0 0 0) 0x7fa38404a4f0 con 0x7fa390102960
2024-04-14T21:54:48.350 INFO:teuthology.orchestra.run.smithi073.stdout:/usr/bin/ceph: stderr
2024-04-14T21:54:47.393+0000 7fa396e1a700 1 -- 172.21.15.73:0/2650465489 --> [v2:172.21.15.73:3300/0,v1:172.21.15.73:6789/0] -- mon_command({"prefix": "get_command_descriptions"} v 0) v1 -- 0x7fa39005f5f0 con 0x7fa390102960
2024-04-14T21:54:48.350 INFO:teuthology.orchestra.run.smithi073.stdout:/usr/bin/ceph: stderr
2024-04-14T21:54:47.393+0000 7fa38ffff700 1 --2- 172.21.15.73:0/2650465489 >> [v2:172.21.15.73:6800/1804969142,v1:172.21.15.73:6801/1804969142] conn(0x7fa3800367e0 0x7fa380038c90 unknown :-1 s=BANNER_CONNECTING pgs=0 cs=0 l=1 rev1=0 crypto rx=0 tx=0 comp rx=0 tx=0)._handle_peer_banner_payload supported=3 required=0
2024-04-14T21:54:48.350 INFO:teuthology.orchestra.run.smithi073.stdout:/usr/bin/ceph: stderr
2024-04-14T21:54:47.393+0000 7fa38ffff700 1 --2- 172.21.15.73:0/2650465489 >> [v2:172.21.15.73:6800/1804969142,v1:172.21.15.73:6801/1804969142] conn(0x7fa3800367e0 0x7fa380038c90 secure :-1 s=READY pgs=9 cs=0 l=1 rev1=1 crypto rx=0x7fa37c009990 tx=0x7fa37c006e40 comp rx=0 tx=0).ready entity=mgr.14120 client_cookie=0 server_cookie=0 in_seq=0 out_seq=0
2024-04-14T21:54:48.350 INFO:teuthology.orchestra.run.smithi073.stdout:/usr/bin/ceph: stderr
2024-04-14T21:54:47.398+0000 7fa38d7fa700 1 -- 172.21.15.73:0/2650465489 <== mon.0 v2:172.21.15.73:3300/0 6 ==== mon_command_ack([{"prefix": "get_command_descriptions"}]=0 v0) v1 ==== 72+0+176702 (secure 0 0 0) 0x7fa384018940 con 0x7fa390102960
2024-04-14T21:54:48.350 INFO:teuthology.orchestra.run.smithi073.stdout:/usr/bin/ceph: stderr
2024-04-14T21:54:47.582+0000 7fa396e1a700 1 -- 172.21.15.73:0/2650465489 --> [v2:172.21.15.73:6800/1804969142,v1:172.21.15.73:6801/1804969142] -- mgr_command(tid 0: {"prefix": "cephadm generate-key", "target": ["mon-mgr", ""]}) v1 -- 0x7fa3900ff4d0 con 0x7fa3800367e0
2024-04-14T21:54:48.350 INFO:teuthology.orchestra.run.smithi073.stdout:/usr/bin/ceph: stderr
2024-04-14T21:54:47.795+0000 7fa38d7fa700 1 -- 172.21.15.73:0/2650465489 <== mgr.14120 v2:172.21.15.73:6800/1804969142 1 ==== mgr_command_reply(tid 0: 0 ) v1 ==== 8+0+0 (secure 0 0 0) 0x7fa3900ff4d0 con 0x7fa3800367e0
2024-04-14T21:54:48.351 INFO:teuthology.orchestra.run.smithi073.stdout:/usr/bin/ceph: stderr
2024-04-14T21:54:47.797+0000 7fa396e1a700 1 -- 172.21.15.73:0/2650465489 >> [v2:172.21.15.73:6800/1804969142,v1:172.21.15.73:6801/1804969142] conn(0x7fa3800367e0 msgr2=0x7fa380038c90 secure :-1 s=STATE_CONNECTION_ESTABLISHED l=1).mark_down
2024-04-14T21:54:48.351 INFO:teuthology.orchestra.run.smithi073.stdout:/usr/bin/ceph: stderr
2024-04-14T21:54:47.797+0000 7fa396e1a700 1 --2- 172.21.15.73:0/2650465489 >> [v2:172.21.15.73:6800/1804969142,v1:172.21.15.73:6801/1804969142] conn(0x7fa3800367e0 0x7fa380038c90 secure :-1 s=READY pgs=9 cs=0 l=1 rev1=1 crypto rx=0x7fa37c009990 tx=0x7fa37c006e40 comp rx=0 tx=0).stop
2024-04-14T21:54:48.351 INFO:teuthology.orchestra.run.smithi073.stdout:/usr/bin/ceph: stderr
2024-04-14T21:54:47.797+0000 7fa396e1a700 1 -- 172.21.15.73:0/2650465489 >> [v2:172.21.15.73:3300/0,v1:172.21.15.73:6789/0] conn(0x7fa390102960 msgr2=0x7fa390111750 secure :-1 s=STATE_CONNECTION_ESTABLISHED l=1).mark_down
2024-04-14T21:54:48.351 INFO:teuthology.orchestra.run.smithi073.stdout:/usr/bin/ceph: stderr
2024-04-14T21:54:47.797+0000 7fa396e1a700 1 --2- 172.21.15.73:0/2650465489 >> [v2:172.21.15.73:3300/0,v1:172.21.15.73:6789/0] conn(0x7fa390102960 0x7fa390111750 secure :-1 s=READY pgs=42 cs=0 l=1 rev1=1 crypto rx=0x7fa384006b00 tx=0x7fa384009250 comp rx=0 tx=0).stop
2024-04-14T21:54:48.351 INFO:teuthology.orchestra.run.smithi073.stdout:/usr/bin/ceph: stderr
2024-04-14T21:54:47.797+0000 7fa396e1a700 1 -- 172.21.15.73:0/2650465489 shutdown_connections
2024-04-14T21:54:48.351 INFO:teuthology.orchestra.run.smithi073.stdout:/usr/bin/ceph: stderr
2024-04-14T21:54:47.797+0000 7fa396e1a700 1 --2- 172.21.15.73:0/2650465489 >> [v2:172.21.15.73:6800/1804969142,v1:172.21.15.73:6801/1804969142] conn(0x7fa3800367e0 0x7fa380038c90 unknown :-1 s=CLOSED pgs=9 cs=0 l=1 rev1=1 crypto rx=0 tx=0 comp rx=0 tx=0).stop
2024-04-14T21:54:48.351 INFO:teuthology.orchestra.run.smithi073.stdout:/usr/bin/ceph: stderr
2024-04-14T21:54:47.797+0000 7fa396e1a700 1 --2- 172.21.15.73:0/2650465489 >> [v2:172.21.15.73:3300/0,v1:172.21.15.73:6789/0] conn(0x7fa390102960 0x7fa390111750 unknown :-1 s=CLOSED pgs=42 cs=0 l=1 rev1=1 crypto rx=0 tx=0 comp rx=0 tx=0).stop
2024-04-14T21:54:48.351 INFO:teuthology.orchestra.run.smithi073.stdout:/usr/bin/ceph: stderr
2024-04-14T21:54:47.797+0000 7fa396e1a700 1 -- 172.21.15.73:0/2650465489 >> 172.21.15.73:0/2650465489 conn(0x7fa3900fe0e0 msgr2=0x7fa3900fed00 unknown :-1 s=STATE_NONE l=0).mark_down
2024-04-14T21:54:48.351 INFO:teuthology.orchestra.run.smithi073.stdout:/usr/bin/ceph: stderr
2024-04-14T21:54:47.797+0000 7fa396e1a700 1 -- 172.21.15.73:0/2650465489 shutdown_connections
2024-04-14T21:54:48.351 INFO:teuthology.orchestra.run.smithi073.stdout:/usr/bin/ceph: stderr
2024-04-14T21:54:47.797+0000 7fa396e1a700 1 -- 172.21.15.73:0/2650465489 wait complete.
2024-04-14T21:54:49.037 INFO:journalctl@ceph.mon.smithi073.smithi073.stdout:Apr 14 21:54:48 smithi073 ceph-mon[29499]: from='client.14136 -' entity='client.admin' cmd=[{"prefix": "cephadm generate-key", "target": ["mon-mgr", ""]}]: dispatch
2024-04-14T21:54:49.037 INFO:journalctl@ceph.mon.smithi073.smithi073.stdout:Apr 14 21:54:48 smithi073 ceph-mon[29499]: Generating ssh key...
2024-04-14T21:54:49.037 INFO:journalctl@ceph.mon.smithi073.smithi073.stdout:Apr 14 21:54:48 smithi073 ceph-mon[29499]: from='mgr.14120 172.21.15.73:0/673547455' entity='mgr.smithi073.tmxtec'
2024-04-14T21:54:49.037 INFO:journalctl@ceph.mon.smithi073.smithi073.stdout:Apr 14 21:54:48 smithi073 ceph-mon[29499]: from='mgr.14120 172.21.15.73:0/673547455' entity='mgr.smithi073.tmxtec'
2024-04-14T21:54:49.563 INFO:teuthology.orchestra.run.smithi073.stdout:/usr/bin/ceph: stdout ssh-rsa AAAAB3NzaC1yc2EAAAADAQABAAABgQCef7rTHvA/0WmuVPqVebKXmxlKVt4Aj0mLw7GAdmLeKa2tCsRrI0seX0Q/dvsmMqx3qX0ukLmPNPW7QemBu5u9kmqBliUWhmE5dcxkIyJsgz5/vwgNJJAuphYbyrJ5QpnCACbrU5LQ5qjc0t8wt2pOAH6EQQJSIh662AeRmmWQsKqRX43KHCajqrSQzebjtD2LSs7uFkX0SyIiWfhmrpGxI6FWeX/UVr9mS94g0822zRSdqy3yP+azYaoStu1ibfohyqLZh8+w3DJcJpoWX4BXzqujiqxoaD/x4ql03ibNAL0q80zEXgvJ6x4fCPQR7a/Ba3pQrLGLZWcEzPVUQMx8rHrvI7ovuHNjn6ZqlYiy2bs3ZMHHyx1CCUQScZPOEegPWQ7kdIY6AW+aSMQ1DJlsQ0SxOWS0Juce1TdQy5k2gmP18y7oeSp9FLVA8Gjy0GVGZUiFZRz015tNtIIc4yv2Fa7OYK16YMk24Pkgm5dxRxuDGMFey4wvpD9NjL/7yOU= ceph-6c680410-faa9-11ee-bc8e-c7b262605968
2024-04-14T21:54:49.563 INFO:teuthology.orchestra.run.smithi073.stdout:/usr/bin/ceph: stderr
2024-04-14T21:54:48.744+0000 7f5cc239e700 1 Processor -- start
2024-04-14T21:54:49.563 INFO:teuthology.orchestra.run.smithi073.stdout:/usr/bin/ceph: stderr
2024-04-14T21:54:48.744+0000 7f5cc239e700 1 -- start start
2024-04-14T21:54:49.563 INFO:teuthology.orchestra.run.smithi073.stdout:/usr/bin/ceph: stderr
2024-04-14T21:54:48.744+0000 7f5cc239e700 1 --2- >> [v2:172.21.15.73:3300/0,v1:172.21.15.73:6789/0] conn(0x7f5cbc1027f0 0x7f5cbc102c00 unknown :-1 s=NONE pgs=0 cs=0 l=0 rev1=0 crypto rx=0 tx=0 comp rx=0 tx=0).connect
2024-04-14T21:54:49.563 INFO:teuthology.orchestra.run.smithi073.stdout:/usr/bin/ceph: stderr
2024-04-14T21:54:48.744+0000 7f5cc239e700 1 -- --> [v2:172.21.15.73:3300/0,v1:172.21.15.73:6789/0] -- mon_getmap magic: 0 v1 -- 0x7f5cbc103140 con 0x7f5cbc1027f0
2024-04-14T21:54:49.564 INFO:teuthology.orchestra.run.smithi073.stdout:/usr/bin/ceph: stderr
2024-04-14T21:54:48.745+0000 7f5cc139c700 1 --2- >> [v2:172.21.15.73:3300/0,v1:172.21.15.73:6789/0] conn(0x7f5cbc1027f0 0x7f5cbc102c00 unknown :-1 s=BANNER_CONNECTING pgs=0 cs=0 l=0 rev1=0 crypto rx=0 tx=0 comp rx=0 tx=0)._handle_peer_banner_payload supported=3 required=0
2024-04-14T21:54:49.564 INFO:teuthology.orchestra.run.smithi073.stdout:/usr/bin/ceph: stderr
2024-04-14T21:54:48.745+0000 7f5cc139c700 1 --2- >> [v2:172.21.15.73:3300/0,v1:172.21.15.73:6789/0] conn(0x7f5cbc1027f0 0x7f5cbc102c00 unknown :-1 s=HELLO_CONNECTING pgs=0 cs=0 l=0 rev1=1 crypto rx=0 tx=0 comp rx=0 tx=0).handle_hello peer v2:172.21.15.73:3300/0 says I am v2:172.21.15.73:47892/0 (socket says 172.21.15.73:47892)
2024-04-14T21:54:49.564 INFO:teuthology.orchestra.run.smithi073.stdout:/usr/bin/ceph: stderr
2024-04-14T21:54:48.745+0000 7f5cc139c700 1 -- 172.21.15.73:0/2520328811 learned_addr learned my addr 172.21.15.73:0/2520328811 (peer_addr_for_me v2:172.21.15.73:0/0)
2024-04-14T21:54:49.564 INFO:teuthology.orchestra.run.smithi073.stdout:/usr/bin/ceph: stderr
2024-04-14T21:54:48.745+0000 7f5cc139c700 1 -- 172.21.15.73:0/2520328811 --> [v2:172.21.15.73:3300/0,v1:172.21.15.73:6789/0] -- mon_subscribe({config=0+,monmap=0+}) v3 -- 0x7f5cbc103280 con 0x7f5cbc1027f0
2024-04-14T21:54:49.564 INFO:teuthology.orchestra.run.smithi073.stdout:/usr/bin/ceph: stderr
2024-04-14T21:54:48.745+0000 7f5cc139c700 1 --2- 172.21.15.73:0/2520328811 >> [v2:172.21.15.73:3300/0,v1:172.21.15.73:6789/0] conn(0x7f5cbc1027f0 0x7f5cbc102c00 secure :-1 s=READY pgs=43 cs=0 l=1 rev1=1 crypto rx=0x7f5cb80098e0 tx=0x7f5cb8009250 comp rx=0 tx=0).ready entity=mon.0 client_cookie=640106a2eeb2c14b server_cookie=0 in_seq=0 out_seq=0
2024-04-14T21:54:49.564 INFO:teuthology.orchestra.run.smithi073.stdout:/usr/bin/ceph: stderr
