2024-04-14T21:55:16.113+0000 7f7408ff9700 1 -- 172.21.15.73:0/2014969839 <== mon.0 v2:172.21.15.73:3300/0 7 ==== mgrmap(e 12) v1 ==== 43389+0+0 (secure 0 0 0) 0x7f740002bd60 con 0x7f740c102930
2024-04-14T21:55:16.855 INFO:teuthology.orchestra.run.smithi073.stdout:/usr/bin/ceph: stderr
2024-04-14T21:55:16.204+0000 7f74126d3700 1 -- 172.21.15.73:0/2014969839 --> [v2:172.21.15.73:6800/1547335843,v1:172.21.15.73:6801/1547335843] -- mgr_command(tid 0: {"prefix": "dashboard create-self-signed-cert", "target": ["mon-mgr", ""]}) v1 -- 0x7f740c0ff380 con 0x7f73f4036740
2024-04-14T21:55:16.855 INFO:teuthology.orchestra.run.smithi073.stdout:/usr/bin/ceph: stderr
2024-04-14T21:55:16.252+0000 7f7408ff9700 1 -- 172.21.15.73:0/2014969839 <== mgr.14162 v2:172.21.15.73:6800/1547335843 1 ==== mgr_command_reply(tid 0: 0 ) v1 ==== 8+0+32 (secure 0 0 0) 0x7f740c0ff380 con 0x7f73f4036740
2024-04-14T21:55:16.855 INFO:teuthology.orchestra.run.smithi073.stdout:/usr/bin/ceph: stderr
2024-04-14T21:55:16.254+0000 7f74126d3700 1 -- 172.21.15.73:0/2014969839 >> [v2:172.21.15.73:6800/1547335843,v1:172.21.15.73:6801/1547335843] conn(0x7f73f4036740 msgr2=0x7f73f4038bf0 secure :-1 s=STATE_CONNECTION_ESTABLISHED l=1).mark_down
2024-04-14T21:55:16.855 INFO:teuthology.orchestra.run.smithi073.stdout:/usr/bin/ceph: stderr
2024-04-14T21:55:16.254+0000 7f74126d3700 1 --2- 172.21.15.73:0/2014969839 >> [v2:172.21.15.73:6800/1547335843,v1:172.21.15.73:6801/1547335843] conn(0x7f73f4036740 0x7f73f4038bf0 secure :-1 s=READY pgs=7 cs=0 l=1 rev1=1 crypto rx=0x7f73fc009990 tx=0x7f73fc006e40 comp rx=0 tx=0).stop
2024-04-14T21:55:16.856 INFO:teuthology.orchestra.run.smithi073.stdout:/usr/bin/ceph: stderr
2024-04-14T21:55:16.254+0000 7f74126d3700 1 -- 172.21.15.73:0/2014969839 >> [v2:172.21.15.73:3300/0,v1:172.21.15.73:6789/0] conn(0x7f740c102930 msgr2=0x7f740c1116f0 secure :-1 s=STATE_CONNECTION_ESTABLISHED l=1).mark_down
2024-04-14T21:55:16.856 INFO:teuthology.orchestra.run.smithi073.stdout:/usr/bin/ceph: stderr
2024-04-14T21:55:16.254+0000 7f74126d3700 1 --2- 172.21.15.73:0/2014969839 >> [v2:172.21.15.73:3300/0,v1:172.21.15.73:6789/0] conn(0x7f740c102930 0x7f740c1116f0 secure :-1 s=READY pgs=81 cs=0 l=1 rev1=1 crypto rx=0x7f74000090b0 tx=0x7f7400009250 comp rx=0 tx=0).stop
2024-04-14T21:55:16.856 INFO:teuthology.orchestra.run.smithi073.stdout:/usr/bin/ceph: stderr
2024-04-14T21:55:16.254+0000 7f74126d3700 1 -- 172.21.15.73:0/2014969839 shutdown_connections
2024-04-14T21:55:16.856 INFO:teuthology.orchestra.run.smithi073.stdout:/usr/bin/ceph: stderr
2024-04-14T21:55:16.254+0000 7f74126d3700 1 --2- 172.21.15.73:0/2014969839 >> [v2:172.21.15.73:6800/1547335843,v1:172.21.15.73:6801/1547335843] conn(0x7f73f4036740 0x7f73f4038bf0 unknown :-1 s=CLOSED pgs=7 cs=0 l=1 rev1=1 crypto rx=0 tx=0 comp rx=0 tx=0).stop
2024-04-14T21:55:16.856 INFO:teuthology.orchestra.run.smithi073.stdout:/usr/bin/ceph: stderr
2024-04-14T21:55:16.254+0000 7f74126d3700 1 --2- 172.21.15.73:0/2014969839 >> [v2:172.21.15.73:3300/0,v1:172.21.15.73:6789/0] conn(0x7f740c102930 0x7f740c1116f0 unknown :-1 s=CLOSED pgs=81 cs=0 l=1 rev1=1 crypto rx=0 tx=0 comp rx=0 tx=0).stop
2024-04-14T21:55:16.856 INFO:teuthology.orchestra.run.smithi073.stdout:/usr/bin/ceph: stderr
2024-04-14T21:55:16.254+0000 7f74126d3700 1 -- 172.21.15.73:0/2014969839 >> 172.21.15.73:0/2014969839 conn(0x7f740c0fe140 msgr2=0x7f740c0fec70 unknown :-1 s=STATE_NONE l=0).mark_down
2024-04-14T21:55:16.856 INFO:teuthology.orchestra.run.smithi073.stdout:/usr/bin/ceph: stderr
2024-04-14T21:55:16.254+0000 7f74126d3700 1 -- 172.21.15.73:0/2014969839 shutdown_connections
2024-04-14T21:55:16.856 INFO:teuthology.orchestra.run.smithi073.stdout:/usr/bin/ceph: stderr
2024-04-14T21:55:16.254+0000 7f74126d3700 1 -- 172.21.15.73:0/2014969839 wait complete.
2024-04-14T21:55:16.856 INFO:teuthology.orchestra.run.smithi073.stdout:Creating initial admin user...
2024-04-14T21:55:17.223 INFO:journalctl@ceph.mon.smithi073.smithi073.stdout:Apr 14 21:55:17 smithi073 ceph-mon[29499]: mgrmap e12: smithi073.tmxtec(active, since 2s)
2024-04-14T21:55:17.223 INFO:journalctl@ceph.mon.smithi073.smithi073.stdout:Apr 14 21:55:17 smithi073 ceph-mon[29499]: from='client.14174 -' entity='client.admin' cmd=[{"prefix": "dashboard create-self-signed-cert", "target": ["mon-mgr", ""]}]: dispatch
2024-04-14T21:55:17.223 INFO:journalctl@ceph.mon.smithi073.smithi073.stdout:Apr 14 21:55:17 smithi073 ceph-mon[29499]: from='mgr.14162 172.21.15.73:0/2501718532' entity='mgr.smithi073.tmxtec'
2024-04-14T21:55:17.223 INFO:journalctl@ceph.mon.smithi073.smithi073.stdout:Apr 14 21:55:17 smithi073 ceph-mon[29499]: from='mgr.14162 172.21.15.73:0/2501718532' entity='mgr.smithi073.tmxtec'
2024-04-14T21:55:17.223 INFO:journalctl@ceph.mon.smithi073.smithi073.stdout:Apr 14 21:55:17 smithi073 ceph-mon[29499]: from='mgr.14162 172.21.15.73:0/2501718532' entity='mgr.smithi073.tmxtec'
2024-04-14T21:55:18.892 INFO:teuthology.orchestra.run.smithi073.stdout:/usr/bin/ceph: stdout {"username": "admin", "password": "$2b$12$A/.RoxJcfLP2V3hfmTKMBuF1NNCRHU7izv9dXwKmZQnUKZn4Vz9ca", "roles": ["administrator"], "name": null, "email": null, "lastUpdate": 1713131717, "enabled": true, "pwdExpirationDate": null, "pwdUpdateRequired": true}
2024-04-14T21:55:18.893 INFO:teuthology.orchestra.run.smithi073.stdout:/usr/bin/ceph: stderr
2024-04-14T21:55:17.248+0000 7f9d6757b700 1 Processor -- start
2024-04-14T21:55:18.893 INFO:teuthology.orchestra.run.smithi073.stdout:/usr/bin/ceph: stderr
2024-04-14T21:55:17.248+0000 7f9d6757b700 1 -- start start
2024-04-14T21:55:18.893 INFO:teuthology.orchestra.run.smithi073.stdout:/usr/bin/ceph: stderr
2024-04-14T21:55:17.249+0000 7f9d6757b700 1 --2- >> [v2:172.21.15.73:3300/0,v1:172.21.15.73:6789/0] conn(0x7f9d60102880 0x7f9d60102c90 unknown :-1 s=NONE pgs=0 cs=0 l=0 rev1=0 crypto rx=0 tx=0 comp rx=0 tx=0).connect
2024-04-14T21:55:18.893 INFO:teuthology.orchestra.run.smithi073.stdout:/usr/bin/ceph: stderr
2024-04-14T21:55:17.249+0000 7f9d6757b700 1 -- --> [v2:172.21.15.73:3300/0,v1:172.21.15.73:6789/0] -- mon_getmap magic: 0 v1 -- 0x7f9d601031d0 con 0x7f9d60102880
2024-04-14T21:55:18.893 INFO:teuthology.orchestra.run.smithi073.stdout:/usr/bin/ceph: stderr
2024-04-14T21:55:17.249+0000 7f9d65317700 1 --2- >> [v2:172.21.15.73:3300/0,v1:172.21.15.73:6789/0] conn(0x7f9d60102880 0x7f9d60102c90 unknown :-1 s=BANNER_CONNECTING pgs=0 cs=0 l=0 rev1=0 crypto rx=0 tx=0 comp rx=0 tx=0)._handle_peer_banner_payload supported=3 required=0
2024-04-14T21:55:18.893 INFO:teuthology.orchestra.run.smithi073.stdout:/usr/bin/ceph: stderr
2024-04-14T21:55:17.249+0000 7f9d65317700 1 --2- >> [v2:172.21.15.73:3300/0,v1:172.21.15.73:6789/0] conn(0x7f9d60102880 0x7f9d60102c90 unknown :-1 s=HELLO_CONNECTING pgs=0 cs=0 l=0 rev1=1 crypto rx=0 tx=0 comp rx=0 tx=0).handle_hello peer v2:172.21.15.73:3300/0 says I am v2:172.21.15.73:57834/0 (socket says 172.21.15.73:57834)
2024-04-14T21:55:18.893 INFO:teuthology.orchestra.run.smithi073.stdout:/usr/bin/ceph: stderr
2024-04-14T21:55:17.249+0000 7f9d65317700 1 -- 172.21.15.73:0/2017671438 learned_addr learned my addr 172.21.15.73:0/2017671438 (peer_addr_for_me v2:172.21.15.73:0/0)
2024-04-14T21:55:18.893 INFO:teuthology.orchestra.run.smithi073.stdout:/usr/bin/ceph: stderr
2024-04-14T21:55:17.249+0000 7f9d65317700 1 -- 172.21.15.73:0/2017671438 --> [v2:172.21.15.73:3300/0,v1:172.21.15.73:6789/0] -- mon_subscribe({config=0+,monmap=0+}) v3 -- 0x7f9d60103310 con 0x7f9d60102880
2024-04-14T21:55:18.893 INFO:teuthology.orchestra.run.smithi073.stdout:/usr/bin/ceph: stderr
2024-04-14T21:55:17.249+0000 7f9d65317700 1 --2- 172.21.15.73:0/2017671438 >> [v2:172.21.15.73:3300/0,v1:172.21.15.73:6789/0] conn(0x7f9d60102880 0x7f9d60102c90 secure :-1 s=READY pgs=82 cs=0 l=1 rev1=1 crypto rx=0x7f9d5c0098e0 tx=0x7f9d5c009250 comp rx=0 tx=0).ready entity=mon.0 client_cookie=712013f41d7d5cd0 server_cookie=0 in_seq=0 out_seq=0
2024-04-14T21:55:18.893 INFO:teuthology.orchestra.run.smithi073.stdout:/usr/bin/ceph: stderr
2024-04-14T21:55:17.249+0000 7f9d57fff700 1 -- 172.21.15.73:0/2017671438 <== mon.0 v2:172.21.15.73:3300/0 1 ==== mon_map magic: 0 v1 ==== 229+0+0 (secure 0 0 0) 0x7f9d5c00b860 con 0x7f9d60102880
2024-04-14T21:55:18.893 INFO:teuthology.orchestra.run.smithi073.stdout:/usr/bin/ceph: stderr
2024-04-14T21:55:17.249+0000 7f9d57fff700 1 -- 172.21.15.73:0/2017671438 <== mon.0 v2:172.21.15.73:3300/0 2 ==== config(27 keys) v1 ==== 1109+0+0 (secure 0 0 0) 0x7f9d5c00be90 con 0x7f9d60102880
2024-04-14T21:55:18.894 INFO:teuthology.orchestra.run.smithi073.stdout:/usr/bin/ceph: stderr
2024-04-14T21:55:17.249+0000 7f9d57fff700 1 -- 172.21.15.73:0/2017671438 <== mon.0 v2:172.21.15.73:3300/0 3 ==== mon_map magic: 0 v1 ==== 229+0+0 (secure 0 0 0) 0x7f9d5c0103c0 con 0x7f9d60102880
2024-04-14T21:55:18.894 INFO:teuthology.orchestra.run.smithi073.stdout:/usr/bin/ceph: stderr
2024-04-14T21:55:17.250+0000 7f9d6757b700 1 -- 172.21.15.73:0/2017671438 >> [v2:172.21.15.73:3300/0,v1:172.21.15.73:6789/0] conn(0x7f9d60102880 msgr2=0x7f9d60102c90 secure :-1 s=STATE_CONNECTION_ESTABLISHED l=1).mark_down
2024-04-14T21:55:18.894 INFO:teuthology.orchestra.run.smithi073.stdout:/usr/bin/ceph: stderr
2024-04-14T21:55:17.250+0000 7f9d6757b700 1 --2- 172.21.15.73:0/2017671438 >> [v2:172.21.15.73:3300/0,v1:172.21.15.73:6789/0] conn(0x7f9d60102880 0x7f9d60102c90 secure :-1 s=READY pgs=82 cs=0 l=1 rev1=1 crypto rx=0x7f9d5c0098e0 tx=0x7f9d5c009250 comp rx=0 tx=0).stop
2024-04-14T21:55:18.894 INFO:teuthology.orchestra.run.smithi073.stdout:/usr/bin/ceph: stderr
2024-04-14T21:55:17.250+0000 7f9d6757b700 1 -- 172.21.15.73:0/2017671438 shutdown_connections
2024-04-14T21:55:18.894 INFO:teuthology.orchestra.run.smithi073.stdout:/usr/bin/ceph: stderr
2024-04-14T21:55:17.250+0000 7f9d6757b700 1 --2- 172.21.15.73:0/2017671438 >> [v2:172.21.15.73:3300/0,v1:172.21.15.73:6789/0] conn(0x7f9d60102880 0x7f9d60102c90 unknown :-1 s=CLOSED pgs=82 cs=0 l=1 rev1=1 crypto rx=0 tx=0 comp rx=0 tx=0).stop
2024-04-14T21:55:18.894 INFO:teuthology.orchestra.run.smithi073.stdout:/usr/bin/ceph: stderr
2024-04-14T21:55:17.250+0000 7f9d6757b700 1 -- 172.21.15.73:0/2017671438 >> 172.21.15.73:0/2017671438 conn(0x7f9d600fdfc0 msgr2=0x7f9d60100410 unknown :-1 s=STATE_NONE l=0).mark_down
2024-04-14T21:55:18.894 INFO:teuthology.orchestra.run.smithi073.stdout:/usr/bin/ceph: stderr
2024-04-14T21:55:17.250+0000 7f9d6757b700 1 -- 172.21.15.73:0/2017671438 shutdown_connections
2024-04-14T21:55:18.894 INFO:teuthology.orchestra.run.smithi073.stdout:/usr/bin/ceph: stderr
2024-04-14T21:55:17.250+0000 7f9d6757b700 1 -- 172.21.15.73:0/2017671438 wait complete.
2024-04-14T21:55:18.894 INFO:teuthology.orchestra.run.smithi073.stdout:/usr/bin/ceph: stderr
2024-04-14T21:55:17.251+0000 7f9d6757b700 1 Processor -- start
2024-04-14T21:55:18.894 INFO:teuthology.orchestra.run.smithi073.stdout:/usr/bin/ceph: stderr
2024-04-14T21:55:17.251+0000 7f9d6757b700 1 -- start start
2024-04-14T21:55:18.894 INFO:teuthology.orchestra.run.smithi073.stdout:/usr/bin/ceph: stderr
2024-04-14T21:55:17.251+0000 7f9d6757b700 1 --2- >> [v2:172.21.15.73:3300/0,v1:172.21.15.73:6789/0] conn(0x7f9d60102880 0x7f9d60078c50 unknown :-1 s=NONE pgs=0 cs=0 l=1 rev1=0 crypto rx=0 tx=0 comp rx=0 tx=0).connect
2024-04-14T21:55:18.894 INFO:teuthology.orchestra.run.smithi073.stdout:/usr/bin/ceph: stderr
2024-04-14T21:55:17.251+0000 7f9d6757b700 1 -- --> [v2:172.21.15.73:3300/0,v1:172.21.15.73:6789/0] -- mon_getmap magic: 0 v1 -- 0x7f9d60079190 con 0x7f9d60102880
2024-04-14T21:55:18.895 INFO:teuthology.orchestra.run.smithi073.stdout:/usr/bin/ceph: stderr
2024-04-14T21:55:17.251+0000 7f9d65317700 1 --2- >> [v2:172.21.15.73:3300/0,v1:172.21.15.73:6789/0] conn(0x7f9d60102880 0x7f9d60078c50 unknown :-1 s=BANNER_CONNECTING pgs=0 cs=0 l=1 rev1=0 crypto rx=0 tx=0 comp rx=0 tx=0)._handle_peer_banner_payload supported=3 required=0
2024-04-14T21:55:18.895 INFO:teuthology.orchestra.run.smithi073.stdout:/usr/bin/ceph: stderr
2024-04-14T21:55:17.251+0000 7f9d65317700 1 --2- >> [v2:172.21.15.73:3300/0,v1:172.21.15.73:6789/0] conn(0x7f9d60102880 0x7f9d60078c50 unknown :-1 s=HELLO_CONNECTING pgs=0 cs=0 l=1 rev1=1 crypto rx=0 tx=0 comp rx=0 tx=0).handle_hello peer v2:172.21.15.73:3300/0 says I am v2:172.21.15.73:57848/0 (socket says 172.21.15.73:57848)
2024-04-14T21:55:18.895 INFO:teuthology.orchestra.run.smithi073.stdout:/usr/bin/ceph: stderr
2024-04-14T21:55:17.251+0000 7f9d65317700 1 -- 172.21.15.73:0/79865585 learned_addr learned my addr 172.21.15.73:0/79865585 (peer_addr_for_me v2:172.21.15.73:0/0)
2024-04-14T21:55:18.895 INFO:teuthology.orchestra.run.smithi073.stdout:/usr/bin/ceph: stderr
2024-04-14T21:55:17.251+0000 7f9d65317700 1 -- 172.21.15.73:0/79865585 --> [v2:172.21.15.73:3300/0,v1:172.21.15.73:6789/0] -- mon_subscribe({config=0+,monmap=0+}) v3 -- 0x7f9d5c0094f0 con 0x7f9d60102880
2024-04-14T21:55:18.895 INFO:teuthology.orchestra.run.smithi073.stdout:/usr/bin/ceph: stderr
2024-04-14T21:55:17.252+0000 7f9d65317700 1 --2- 172.21.15.73:0/79865585 >> [v2:172.21.15.73:3300/0,v1:172.21.15.73:6789/0] conn(0x7f9d60102880 0x7f9d60078c50 secure :-1 s=READY pgs=83 cs=0 l=1 rev1=1 crypto rx=0x7f9d5c011680 tx=0x7f9d5c009250 comp rx=0 tx=0).ready entity=mon.0 client_cookie=0 server_cookie=0 in_seq=0 out_seq=0
2024-04-14T21:55:18.895 INFO:teuthology.orchestra.run.smithi073.stdout:/usr/bin/ceph: stderr
2024-04-14T21:55:17.252+0000 7f9d55ffb700 1 -- 172.21.15.73:0/79865585 <== mon.0 v2:172.21.15.73:3300/0 1 ==== mon_map magic: 0 v1 ==== 229+0+0 (secure 0 0 0) 0x7f9d5c010890 con 0x7f9d60102880
2024-04-14T21:55:18.895 INFO:teuthology.orchestra.run.smithi073.stdout:/usr/bin/ceph: stderr
2024-04-14T21:55:17.252+0000 7f9d55ffb700 1 -- 172.21.15.73:0/79865585 <== mon.0 v2:172.21.15.73:3300/0 2 ==== config(27 keys) v1 ==== 1109+0+0 (secure 0 0 0) 0x7f9d5c010ec0 con 0x7f9d60102880
2024-04-14T21:55:18.895 INFO:teuthology.orchestra.run.smithi073.stdout:/usr/bin/ceph: stderr
2024-04-14T21:55:17.252+0000 7f9d55ffb700 1 -- 172.21.15.73:0/79865585 <== mon.0 v2:172.21.15.73:3300/0 3 ==== mon_map magic: 0 v1 ==== 229+0+0 (secure 0 0 0) 0x7f9d5c0243f0 con 0x7f9d60102880
2024-04-14T21:55:18.895 INFO:teuthology.orchestra.run.smithi073.stdout:/usr/bin/ceph: stderr
2024-04-14T21:55:17.252+0000 7f9d6757b700 1 -- 172.21.15.73:0/79865585 --> [v2:172.21.15.73:3300/0,v1:172.21.15.73:6789/0] -- mon_subscribe({mgrmap=0+}) v3 -- 0x7f9d60077200 con 0x7f9d60102880
2024-04-14T21:55:18.895 INFO:teuthology.orchestra.run.smithi073.stdout:/usr/bin/ceph: stderr
2024-04-14T21:55:17.252+0000 7f9d6757b700 1 -- 172.21.15.73:0/79865585 --> [v2:172.21.15.73:3300/0,v1:172.21.15.73:6789/0] -- mon_subscribe({osdmap=0}) v3 -- 0x7f9d600776f0 con 0x7f9d60102880
2024-04-14T21:55:18.895 INFO:teuthology.orchestra.run.smithi073.stdout:/usr/bin/ceph: stderr
2024-04-14T21:55:17.253+0000 7f9d55ffb700 1 -- 172.21.15.73:0/79865585 <== mon.0 v2:172.21.15.73:3300/0 4 ==== mgrmap(e 12) v1 ==== 43389+0+0 (secure 0 0 0) 0x7f9d5c02d3f0 con 0x7f9d60102880
2024-04-14T21:55:18.895 INFO:teuthology.orchestra.run.smithi073.stdout:/usr/bin/ceph: stderr
2024-04-14T21:55:17.253+0000 7f9d55ffb700 1 --2- 172.21.15.73:0/79865585 >> [v2:172.21.15.73:6800/1547335843,v1:172.21.15.73:6801/1547335843] conn(0x7f9d4c036830 0x7f9d4c038ce0 unknown :-1 s=NONE pgs=0 cs=0 l=1 rev1=0 crypto rx=0 tx=0 comp rx=0 tx=0).connect
2024-04-14T21:55:18.895 INFO:teuthology.orchestra.run.smithi073.stdout:/usr/bin/ceph: stderr
2024-04-14T21:55:17.253+0000 7f9d6757b700 1 -- 172.21.15.73:0/79865585 --> [v2:172.21.15.73:3300/0,v1:172.21.15.73:6789/0] -- mon_command({"prefix": "get_command_descriptions"} v 0) v1 -- 0x7f9d6004bed0 con 0x7f9d60102880
2024-04-14T21:55:18.895 INFO:teuthology.orchestra.run.smithi073.stdout:/usr/bin/ceph: stderr
2024-04-14T21:55:17.254+0000 7f9d55ffb700 1 -- 172.21.15.73:0/79865585 <== mon.0 v2:172.21.15.73:3300/0 5 ==== osd_map(3..3 src has 1..3) v4 ==== 1151+0+0 (secure 0 0 0) 0x7f9d5c04a580 con 0x7f9d60102880
2024-04-14T21:55:18.896 INFO:teuthology.orchestra.run.smithi073.stdout:/usr/bin/ceph: stderr
2024-04-14T21:55:17.254+0000 7f9d64b16700 1 --2- 172.21.15.73:0/79865585 >> [v2:172.21.15.73:6800/1547335843,v1:172.21.15.73:6801/1547335843] conn(0x7f9d4c036830 0x7f9d4c038ce0 unknown :-1 s=BANNER_CONNECTING pgs=0 cs=0 l=1 rev1=0 crypto rx=0 tx=0 comp rx=0 tx=0)._handle_peer_banner_payload supported=3 required=0
2024-04-14T21:55:18.896 INFO:teuthology.orchestra.run.smithi073.stdout:/usr/bin/ceph: stderr
2024-04-14T21:55:17.255+0000 7f9d64b16700 1 --2- 172.21.15.73:0/79865585 >> [v2:172.21.15.73:6800/1547335843,v1:172.21.15.73:6801/1547335843] conn(0x7f9d4c036830 0x7f9d4c038ce0 secure :-1 s=READY pgs=8 cs=0 l=1 rev1=1 crypto rx=0x7f9d50009990 tx=0x7f9d50006e40 comp rx=0 tx=0).ready entity=mgr.14162 client_cookie=0 server_cookie=0 in_seq=0 out_seq=0
2024-04-14T21:55:18.896 INFO:teuthology.orchestra.run.smithi073.stdout:/usr/bin/ceph: stderr
2024-04-14T21:55:17.259+0000 7f9d55ffb700 1 -- 172.21.15.73:0/79865585 <== mon.0 v2:172.21.15.73:3300/0 6 ==== mon_command_ack([{"prefix": "get_command_descriptions"}]=0 v0) v1 ==== 72+0+176702 (secure 0 0 0) 0x7f9d5c018bf0 con 0x7f9d60102880
2024-04-14T21:55:18.896 INFO:teuthology.orchestra.run.smithi073.stdout:/usr/bin/ceph: stderr
2024-04-14T21:55:17.465+0000 7f9d6757b700 1 -- 172.21.15.73:0/79865585 --> [v2:172.21.15.73:6800/1547335843,v1:172.21.15.73:6801/1547335843] -- mgr_command(tid 0: {"prefix": "dashboard ac-user-create", "username": "admin", "rolename": "administrator", "force_password": true, "pwd_update_required": true, "target": ["mon-mgr", ""]}) v1 -- 0x7f9d6005f410 con 0x7f9d4c036830
2024-04-14T21:55:18.896 INFO:teuthology.orchestra.run.smithi073.stdout:/usr/bin/ceph: stderr
2024-04-14T21:55:17.688+0000 7f9d55ffb700 1 -- 172.21.15.73:0/79865585 <== mgr.14162 v2:172.21.15.73:6800/1547335843 1 ==== mgr_command_reply(tid 0: 0 ) v1 ==== 8+0+252 (secure 0 0 0) 0x7f9d6005f410 con 0x7f9d4c036830
2024-04-14T21:55:18.896 INFO:teuthology.orchestra.run.smithi073.stdout:/usr/bin/ceph: stderr
2024-04-14T21:55:17.690+0000 7f9d6757b700 1 -- 172.21.15.73:0/79865585 >> [v2:172.21.15.73:6800/1547335843,v1:172.21.15.73:6801/1547335843] conn(0x7f9d4c036830 msgr2=0x7f9d4c038ce0 secure :-1 s=STATE_CONNECTION_ESTABLISHED l=1).mark_down
2024-04-14T21:55:18.896 INFO:teuthology.orchestra.run.smithi073.stdout:/usr/bin/ceph: stderr
2024-04-14T21:55:17.690+0000 7f9d6757b700 1 --2- 172.21.15.73:0/79865585 >> [v2:172.21.15.73:6800/1547335843,v1:172.21.15.73:6801/1547335843] conn(0x7f9d4c036830 0x7f9d4c038ce0 secure :-1 s=READY pgs=8 cs=0 l=1 rev1=1 crypto rx=0x7f9d50009990 tx=0x7f9d50006e40 comp rx=0 tx=0).stop
2024-04-14T21:55:18.896 INFO:teuthology.orchestra.run.smithi073.stdout:/usr/bin/ceph: stderr
2024-04-14T21:55:17.690+0000 7f9d6757b700 1 -- 172.21.15.73:0/79865585 >> [v2:172.21.15.73:3300/0,v1:172.21.15.73:6789/0] conn(0x7f9d60102880 msgr2=0x7f9d60078c50 secure :-1 s=STATE_CONNECTION_ESTABLISHED l=1).mark_down
2024-04-14T21:55:18.896 INFO:teuthology.orchestra.run.smithi073.stdout:/usr/bin/ceph: stderr
2024-04-14T21:55:17.690+0000 7f9d6757b700 1 --2- 172.21.15.73:0/79865585 >> [v2:172.21.15.73:3300/0,v1:172.21.15.73:6789/0] conn(0x7f9d60102880 0x7f9d60078c50 secure :-1 s=READY pgs=83 cs=0 l=1 rev1=1 crypto rx=0x7f9d5c011680 tx=0x7f9d5c009250 comp rx=0 tx=0).stop
2024-04-14T21:55:18.896 INFO:teuthology.orchestra.run.smithi073.stdout:/usr/bin/ceph: stderr
2024-04-14T21:55:17.690+0000 7f9d6757b700 1 -- 172.21.15.73:0/79865585 shutdown_connections
2024-04-14T21:55:18.896 INFO:teuthology.orchestra.run.smithi073.stdout:/usr/bin/ceph: stderr
2024-04-14T21:55:17.690+0000 7f9d6757b700 1 --2- 172.21.15.73:0/79865585 >> [v2:172.21.15.73:6800/1547335843,v1:172.21.15.73:6801/1547335843] conn(0x7f9d4c036830 0x7f9d4c038ce0 unknown :-1 s=CLOSED pgs=8 cs=0 l=1 rev1=1 crypto rx=0 tx=0 comp rx=0 tx=0).stop
2024-04-14T21:55:18.896 INFO:teuthology.orchestra.run.smithi073.stdout:/usr/bin/ceph: stderr
2024-04-14T21:55:17.690+0000 7f9d6757b700 1 --2- 172.21.15.73:0/79865585 >> [v2:172.21.15.73:3300/0,v1:172.21.15.73:6789/0] conn(0x7f9d60102880 0x7f9d60078c50 unknown :-1 s=CLOSED pgs=83 cs=0 l=1 rev1=1 crypto rx=0 tx=0 comp rx=0 tx=0).stop
2024-04-14T21:55:18.896 INFO:teuthology.orchestra.run.smithi073.stdout:/usr/bin/ceph: stderr
2024-04-14T21:55:17.690+0000 7f9d6757b700 1 -- 172.21.15.73:0/79865585 >> 172.21.15.73:0/79865585 conn(0x7f9d600fdfc0 msgr2=0x7f9d600feb60 unknown :-1 s=STATE_NONE l=0).mark_down
2024-04-14T21:55:18.896 INFO:teuthology.orchestra.run.smithi073.stdout:/usr/bin/ceph: stderr
2024-04-14T21:55:17.690+0000 7f9d6757b700 1 -- 172.21.15.73:0/79865585 shutdown_connections
2024-04-14T21:55:18.897 INFO:teuthology.orchestra.run.smithi073.stdout:/usr/bin/ceph: stderr
2024-04-14T21:55:17.690+0000 7f9d6757b700 1 -- 172.21.15.73:0/79865585 wait complete.
2024-04-14T21:55:18.897 INFO:teuthology.orchestra.run.smithi073.stdout:Fetching dashboard port number...
2024-04-14T21:55:19.018 INFO:journalctl@ceph.mon.smithi073.smithi073.stdout:Apr 14 21:55:18 smithi073 ceph-mon[29499]: from='client.14176 -' entity='client.admin' cmd=[{"prefix": "dashboard ac-user-create", "username": "admin", "rolename": "administrator", "force_password": true, "pwd_update_required": true, "target": ["mon-mgr", ""]}]: dispatch
2024-04-14T21:55:19.018 INFO:journalctl@ceph.mon.smithi073.smithi073.stdout:Apr 14 21:55:18 smithi073 ceph-mon[29499]: from='mgr.14162 172.21.15.73:0/2501718532' entity='mgr.smithi073.tmxtec'
2024-04-14T21:55:20.036 INFO:journalctl@ceph.mon.smithi073.smithi073.stdout:Apr 14 21:55:19 smithi073 ceph-mon[29499]: from='client.? 172.21.15.73:0/2830171809' entity='client.admin' cmd=[{"prefix": "config get", "who": "mgr", "key": "mgr/dashboard/ssl_server_port"}]: dispatch
2024-04-14T21:55:20.164 INFO:teuthology.orchestra.run.smithi073.stdout:/usr/bin/ceph: stdout 8443
2024-04-14T21:55:20.165 INFO:teuthology.orchestra.run.smithi073.stdout:/usr/bin/ceph: stderr
2024-04-14T21:55:19.383+0000 7f5b32e1c700 1 Processor -- start
2024-04-14T21:55:20.165 INFO:teuthology.orchestra.run.smithi073.stdout:/usr/bin/ceph: stderr
2024-04-14T21:55:19.383+0000 7f5b32e1c700 1 -- start start
2024-04-14T21:55:20.165 INFO:teuthology.orchestra.run.smithi073.stdout:/usr/bin/ceph: stderr
2024-04-14T21:55:19.383+0000 7f5b32e1c700 1 --2- >> [v2:172.21.15.73:3300/0,v1:172.21.15.73:6789/0] conn(0x7f5b2c102960 0x7f5b2c102d70 unknown :-1 s=NONE pgs=0 cs=0 l=0 rev1=0 crypto rx=0 tx=0 comp rx=0 tx=0).connect
2024-04-14T21:55:20.165 INFO:teuthology.orchestra.run.smithi073.stdout:/usr/bin/ceph: stderr
2024-04-14T21:55:19.383+0000 7f5b32e1c700 1 -- --> [v2:172.21.15.73:3300/0,v1:172.21.15.73:6789/0] -- mon_getmap magic: 0 v1 -- 0x7f5b2c1032b0 con 0x7f5b2c102960
2024-04-14T21:55:20.165 INFO:teuthology.orchestra.run.smithi073.stdout:/usr/bin/ceph: stderr
2024-04-14T21:55:19.383+0000 7f5b30bb8700 1 --2- >> [v2:172.21.15.73:3300/0,v1:172.21.15.73:6789/0] conn(0x7f5b2c102960 0x7f5b2c102d70 unknown :-1 s=BANNER_CONNECTING pgs=0 cs=0 l=0 rev1=0 crypto rx=0 tx=0 comp rx=0 tx=0)._handle_peer_banner_payload supported=3 required=0
2024-04-14T21:55:20.165 INFO:teuthology.orchestra.run.smithi073.stdout:/usr/bin/ceph: stderr
2024-04-14T21:55:19.383+0000 7f5b30bb8700 1 --2- >> [v2:172.21.15.73:3300/0,v1:172.21.15.73:6789/0] conn(0x7f5b2c102960 0x7f5b2c102d70 unknown :-1 s=HELLO_CONNECTING pgs=0 cs=0 l=0 rev1=1 crypto rx=0 tx=0 comp rx=0 tx=0).handle_hello peer v2:172.21.15.73:3300/0 says I am v2:172.21.15.73:57864/0 (socket says 172.21.15.73:57864)
2024-04-14T21:55:20.165 INFO:teuthology.orchestra.run.smithi073.stdout:/usr/bin/ceph: stderr
2024-04-14T21:55:19.383+0000 7f5b30bb8700 1 -- 172.21.15.73:0/2551050432 learned_addr learned my addr 172.21.15.73:0/2551050432 (peer_addr_for_me v2:172.21.15.73:0/0)
2024-04-14T21:55:20.165 INFO:teuthology.orchestra.run.smithi073.stdout:/usr/bin/ceph: stderr
2024-04-14T21:55:19.383+0000 7f5b30bb8700 1 -- 172.21.15.73:0/2551050432 --> [v2:172.21.15.73:3300/0,v1:172.21.15.73:6789/0] -- mon_subscribe({config=0+,monmap=0+}) v3 -- 0x7f5b2c1033f0 con 0x7f5b2c102960
2024-04-14T21:55:20.165 INFO:teuthology.orchestra.run.smithi073.stdout:/usr/bin/ceph: stderr
2024-04-14T21:55:19.384+0000 7f5b30bb8700 1 --2- 172.21.15.73:0/2551050432 >> [v2:172.21.15.73:3300/0,v1:172.21.15.73:6789/0] conn(0x7f5b2c102960 0x7f5b2c102d70 secure :-1 s=READY pgs=84 cs=0 l=1 rev1=1 crypto rx=0x7f5b200098e0 tx=0x7f5b20009250 comp rx=0 tx=0).ready entity=mon.0 client_cookie=f2efcb99ee8473d8 server_cookie=0 in_seq=0 out_seq=0
2024-04-14T21:55:20.165 INFO:teuthology.orchestra.run.smithi073.stdout:/usr/bin/ceph: stderr
2024-04-14T21:55:19.384+0000 7f5b2b7fe700 1 -- 172.21.15.73:0/2551050432 <== mon.0 v2:172.21.15.73:3300/0 1 ==== mon_map magic: 0 v1 ==== 229+0+0 (secure 0 0 0) 0x7f5b2000b860 con 0x7f5b2c102960
2024-04-14T21:55:20.166 INFO:teuthology.orchestra.run.smithi073.stdout:/usr/bin/ceph: stderr
2024-04-14T21:55:19.384+0000 7f5b2b7fe700 1 -- 172.21.15.73:0/2551050432 <== mon.0 v2:172.21.15.73:3300/0 2 ==== config(27 keys) v1 ==== 1109+0+0 (secure 0 0 0) 0x7f5b2000be90 con 0x7f5b2c102960
2024-04-14T21:55:20.166 INFO:teuthology.orchestra.run.smithi073.stdout:/usr/bin/ceph: stderr
2024-04-14T21:55:19.384+0000 7f5b2b7fe700 1 -- 172.21.15.73:0/2551050432 <== mon.0 v2:172.21.15.73:3300/0 3 ==== mon_map magic: 0 v1 ==== 229+0+0 (secure 0 0 0) 0x7f5b200103c0 con 0x7f5b2c102960
2024-04-14T21:55:20.166 INFO:teuthology.orchestra.run.smithi073.stdout:/usr/bin/ceph: stderr
2024-04-14T21:55:19.384+0000 7f5b32e1c700 1 -- 172.21.15.73:0/2551050432 >> [v2:172.21.15.73:3300/0,v1:172.21.15.73:6789/0] conn(0x7f5b2c102960 msgr2=0x7f5b2c102d70 secure :-1 s=STATE_CONNECTION_ESTABLISHED l=1).mark_down
2024-04-14T21:55:20.166 INFO:teuthology.orchestra.run.smithi073.stdout:/usr/bin/ceph: stderr
2024-04-14T21:55:19.384+0000 7f5b32e1c700 1 --2- 172.21.15.73:0/2551050432 >> [v2:172.21.15.73:3300/0,v1:172.21.15.73:6789/0] conn(0x7f5b2c102960 0x7f5b2c102d70 secure :-1 s=READY pgs=84 cs=0 l=1 rev1=1 crypto rx=0x7f5b200098e0 tx=0x7f5b20009250 comp rx=0 tx=0).stop
2024-04-14T21:55:20.166 INFO:teuthology.orchestra.run.smithi073.stdout:/usr/bin/ceph: stderr
2024-04-14T21:55:19.384+0000 7f5b32e1c700 1 -- 172.21.15.73:0/2551050432 shutdown_connections
2024-04-14T21:55:20.166 INFO:teuthology.orchestra.run.smithi073.stdout:/usr/bin/ceph: stderr
2024-04-14T21:55:19.384+0000 7f5b32e1c700 1 --2- 172.21.15.73:0/2551050432 >> [v2:172.21.15.73:3300/0,v1:172.21.15.73:6789/0] conn(0x7f5b2c102960 0x7f5b2c102d70 unknown :-1 s=CLOSED pgs=84 cs=0 l=1 rev1=1 crypto rx=0 tx=0 comp rx=0 tx=0).stop
2024-04-14T21:55:20.166 INFO:teuthology.orchestra.run.smithi073.stdout:/usr/bin/ceph: stderr
2024-04-14T21:55:19.384+0000 7f5b32e1c700 1 -- 172.21.15.73:0/2551050432 >> 172.21.15.73:0/2551050432 conn(0x7f5b2c0fe0e0 msgr2=0x7f5b2c1004f0 unknown :-1 s=STATE_NONE l=0).mark_down
2024-04-14T21:55:20.166 INFO:teuthology.orchestra.run.smithi073.stdout:/usr/bin/ceph: stderr
2024-04-14T21:55:19.384+0000 7f5b32e1c700 1 -- 172.21.15.73:0/2551050432 shutdown_connections
2024-04-14T21:55:20.166 INFO:teuthology.orchestra.run.smithi073.stdout:/usr/bin/ceph: stderr
2024-04-14T21:55:19.384+0000 7f5b32e1c700 1 -- 172.21.15.73:0/2551050432 wait complete.
2024-04-14T21:55:20.166 INFO:teuthology.orchestra.run.smithi073.stdout:/usr/bin/ceph: stderr
2024-04-14T21:55:19.385+0000 7f5b32e1c700 1 Processor -- start
2024-04-14T21:55:20.166 INFO:teuthology.orchestra.run.smithi073.stdout:/usr/bin/ceph: stderr
2024-04-14T21:55:19.385+0000 7f5b32e1c700 1 -- start start
2024-04-14T21:55:20.166 INFO:teuthology.orchestra.run.smithi073.stdout:/usr/bin/ceph: stderr
2024-04-14T21:55:19.385+0000 7f5b32e1c700 1 --2- >> [v2:172.21.15.73:3300/0,v1:172.21.15.73:6789/0] conn(0x7f5b2c102960 0x7f5b2c111770 unknown :-1 s=NONE pgs=0 cs=0 l=1 rev1=0 crypto rx=0 tx=0 comp rx=0 tx=0).connect
2024-04-14T21:55:20.167 INFO:teuthology.orchestra.run.smithi073.stdout:/usr/bin/ceph: stderr
2024-04-14T21:55:19.385+0000 7f5b32e1c700 1 -- --> [v2:172.21.15.73:3300/0,v1:172.21.15.73:6789/0] -- mon_getmap magic: 0 v1 -- 0x7f5b2c111cb0 con 0x7f5b2c102960
2024-04-14T21:55:20.167 INFO:teuthology.orchestra.run.smithi073.stdout:/usr/bin/ceph: stderr
2024-04-14T21:55:19.385+0000 7f5b30bb8700 1 --2- >> [v2:172.21.15.73:3300/0,v1:172.21.15.73:6789/0] conn(0x7f5b2c102960 0x7f5b2c111770 unknown :-1 s=BANNER_CONNECTING pgs=0 cs=0 l=1 rev1=0 crypto rx=0 tx=0 comp rx=0 tx=0)._handle_peer_banner_payload supported=3 required=0
2024-04-14T21:55:20.167 INFO:teuthology.orchestra.run.smithi073.stdout:/usr/bin/ceph: stderr
2024-04-14T21:55:19.386+0000 7f5b30bb8700 1 --2- >> [v2:172.21.15.73:3300/0,v1:172.21.15.73:6789/0] conn(0x7f5b2c102960 0x7f5b2c111770 unknown :-1 s=HELLO_CONNECTING pgs=0 cs=0 l=1 rev1=1 crypto rx=0 tx=0 comp rx=0 tx=0).handle_hello peer v2:172.21.15.73:3300/0 says I am v2:172.21.15.73:57866/0 (socket says 172.21.15.73:57866)
2024-04-14T21:55:20.167 INFO:teuthology.orchestra.run.smithi073.stdout:/usr/bin/ceph: stderr
2024-04-14T21:55:19.386+0000 7f5b30bb8700 1 -- 172.21.15.73:0/2830171809 learned_addr learned my addr 172.21.15.73:0/2830171809 (peer_addr_for_me v2:172.21.15.73:0/0)
2024-04-14T21:55:20.167 INFO:teuthology.orchestra.run.smithi073.stdout:/usr/bin/ceph: stderr
2024-04-14T21:55:19.386+0000 7f5b30bb8700 1 -- 172.21.15.73:0/2830171809 --> [v2:172.21.15.73:3300/0,v1:172.21.15.73:6789/0] -- mon_subscribe({config=0+,monmap=0+}) v3 -- 0x7f5b200094f0 con 0x7f5b2c102960
2024-04-14T21:55:20.167 INFO:teuthology.orchestra.run.smithi073.stdout:/usr/bin/ceph: stderr
2024-04-14T21:55:19.386+0000 7f5b30bb8700 1 --2- 172.21.15.73:0/2830171809 >> [v2:172.21.15.73:3300/0,v1:172.21.15.73:6789/0] conn(0x7f5b2c102960 0x7f5b2c111770 secure :-1 s=READY pgs=85 cs=0 l=1 rev1=1 crypto rx=0x7f5b20011c10 tx=0x7f5b20009250 comp rx=0 tx=0).ready entity=mon.0 client_cookie=0 server_cookie=0 in_seq=0 out_seq=0
2024-04-14T21:55:20.167 INFO:teuthology.orchestra.run.smithi073.stdout:/usr/bin/ceph: stderr
2024-04-14T21:55:19.386+0000 7f5b297fa700 1 -- 172.21.15.73:0/2830171809 <== mon.0 v2:172.21.15.73:3300/0 1 ==== mon_map magic: 0 v1 ==== 229+0+0 (secure 0 0 0) 0x7f5b20010890 con 0x7f5b2c102960
2024-04-14T21:55:20.167 INFO:teuthology.orchestra.run.smithi073.stdout:/usr/bin/ceph: stderr
2024-04-14T21:55:19.386+0000 7f5b297fa700 1 -- 172.21.15.73:0/2830171809 <== mon.0 v2:172.21.15.73:3300/0 2 ==== config(27 keys) v1 ==== 1109+0+0 (secure 0 0 0) 0x7f5b20010ec0 con 0x7f5b2c102960
2024-04-14T21:55:20.167 INFO:teuthology.orchestra.run.smithi073.stdout:/usr/bin/ceph: stderr
2024-04-14T21:55:19.386+0000 7f5b32e1c700 1 -- 172.21.15.73:0/2830171809 --> [v2:172.21.15.73:3300/0,v1:172.21.15.73:6789/0] -- mon_subscribe({mgrmap=0+}) v3 -- 0x7f5b2c111eb0 con 0x7f5b2c102960
2024-04-14T21:55:20.167 INFO:teuthology.orchestra.run.smithi073.stdout:/usr/bin/ceph: stderr
2024-04-14T21:55:19.386+0000 7f5b297fa700 1 -- 172.21.15.73:0/2830171809 <== mon.0 v2:172.21.15.73:3300/0 3 ==== mon_map magic: 0 v1 ==== 229+0+0 (secure 0 0 0) 0x7f5b200243f0 con 0x7f5b2c102960
2024-04-14T21:55:20.167 INFO:teuthology.orchestra.run.smithi073.stdout:/usr/bin/ceph: stderr
2024-04-14T21:55:19.386+0000 7f5b32e1c700 1 -- 172.21.15.73:0/2830171809 --> [v2:172.21.15.73:3300/0,v1:172.21.15.73:6789/0] -- mon_subscribe({osdmap=0}) v3 -- 0x7f5b2c112a20 con 0x7f5b2c102960
2024-04-14T21:55:20.167 INFO:teuthology.orchestra.run.smithi073.stdout:/usr/bin/ceph: stderr
2024-04-14T21:55:19.387+0000 7f5b297fa700 1 -- 172.21.15.73:0/2830171809 <== mon.0 v2:172.21.15.73:3300/0 4 ==== mgrmap(e 12) v1 ==== 43389+0+0 (secure 0 0 0) 0x7f5b2002d3f0 con 0x7f5b2c102960
2024-04-14T21:55:20.167 INFO:teuthology.orchestra.run.smithi073.stdout:/usr/bin/ceph: stderr
2024-04-14T21:55:19.387+0000 7f5b32e1c700 1 -- 172.21.15.73:0/2830171809 --> [v2:172.21.15.73:3300/0,v1:172.21.15.73:6789/0] -- mon_command({"prefix": "get_command_descriptions"} v 0) v1 -- 0x7f5b2c05f5f0 con 0x7f5b2c102960
2024-04-14T21:55:20.168 INFO:teuthology.orchestra.run.smithi073.stdout:/usr/bin/ceph: stderr
2024-04-14T21:55:19.387+0000 7f5b297fa700 1 --2- 172.21.15.73:0/2830171809 >> [v2:172.21.15.73:6800/1547335843,v1:172.21.15.73:6801/1547335843] conn(0x7f5b1c0367e0 0x7f5b1c038c90 unknown :-1 s=NONE pgs=0 cs=0 l=1 rev1=0 crypto rx=0 tx=0 comp rx=0 tx=0).connect
2024-04-14T21:55:20.168 INFO:teuthology.orchestra.run.smithi073.stdout:/usr/bin/ceph: stderr
2024-04-14T21:55:19.387+0000 7f5b297fa700 1 -- 172.21.15.73:0/2830171809 <== mon.0 v2:172.21.15.73:3300/0 5 ==== osd_map(3..3 src has 1..3) v4 ==== 1151+0+0 (secure 0 0 0) 0x7f5b2004a5b0 con 0x7f5b2c102960
2024-04-14T21:55:20.168 INFO:teuthology.orchestra.run.smithi073.stdout:/usr/bin/ceph: stderr
2024-04-14T21:55:19.387+0000 7f5b2bfff700 1 --2- 172.21.15.73:0/2830171809 >> [v2:172.21.15.73:6800/1547335843,v1:172.21.15.73:6801/1547335843] conn(0x7f5b1c0367e0 0x7f5b1c038c90 unknown :-1 s=BANNER_CONNECTING pgs=0 cs=0 l=1 rev1=0 crypto rx=0 tx=0 comp rx=0 tx=0)._handle_peer_banner_payload supported=3 required=0
2024-04-14T21:55:20.168 INFO:teuthology.orchestra.run.smithi073.stdout:/usr/bin/ceph: stderr
2024-04-14T21:55:19.388+0000 7f5b2bfff700 1 --2- 172.21.15.73:0/2830171809 >> [v2:172.21.15.73:6800/1547335843,v1:172.21.15.73:6801/1547335843] conn(0x7f5b1c0367e0 0x7f5b1c038c90 secure :-1 s=READY pgs=9 cs=0 l=1 rev1=1 crypto rx=0x7f5b18009990 tx=0x7f5b18006e40 comp rx=0 tx=0).ready entity=mgr.14162 client_cookie=0 server_cookie=0 in_seq=0 out_seq=0
2024-04-14T21:55:20.168 INFO:teuthology.orchestra.run.smithi073.stdout:/usr/bin/ceph: stderr
2024-04-14T21:55:19.392+0000 7f5b297fa700 1 -- 172.21.15.73:0/2830171809 <== mon.0 v2:172.21.15.73:3300/0 6 ==== mon_command_ack([{"prefix": "get_command_descriptions"}]=0 v0) v1 ==== 72+0+176702 (secure 0 0 0) 0x7f5b2002b8e0 con 0x7f5b2c102960
2024-04-14T21:55:20.168 INFO:teuthology.orchestra.run.smithi073.stdout:/usr/bin/ceph: stderr
2024-04-14T21:55:19.579+0000 7f5b32e1c700 1 -- 172.21.15.73:0/2830171809 --> [v2:172.21.15.73:3300/0,v1:172.21.15.73:6789/0] -- mon_command({"prefix": "config get", "who": "mgr", "key": "mgr/dashboard/ssl_server_port"} v 0) v1 -- 0x7f5b2c04bed0 con 0x7f5b2c102960
2024-04-14T21:55:20.168 INFO:teuthology.orchestra.run.smithi073.stdout:/usr/bin/ceph: stderr
2024-04-14T21:55:19.579+0000 7f5b297fa700 1 -- 172.21.15.73:0/2830171809 <== mon.0 v2:172.21.15.73:3300/0 7 ==== mon_command_ack([{"prefix": "config get", "who": "mgr", "key": "mgr/dashboard/ssl_server_port"}]=0 v8) v1 ==== 112+0+5 (secure 0 0 0) 0x7f5b2002b2f0 con 0x7f5b2c102960
2024-04-14T21:55:20.168 INFO:teuthology.orchestra.run.smithi073.stdout:/usr/bin/ceph: stderr
2024-04-14T21:55:19.581+0000 7f5b32e1c700 1 -- 172.21.15.73:0/2830171809 >> [v2:172.21.15.73:6800/1547335843,v1:172.21.15.73:6801/1547335843] conn(0x7f5b1c0367e0 msgr2=0x7f5b1c038c90 secure :-1 s=STATE_CONNECTION_ESTABLISHED l=1).mark_down
2024-04-14T21:55:20.168 INFO:teuthology.orchestra.run.smithi073.stdout:/usr/bin/ceph: stderr
2024-04-14T21:55:19.581+0000 7f5b32e1c700 1 --2- 172.21.15.73:0/2830171809 >> [v2:172.21.15.73:6800/1547335843,v1:172.21.15.73:6801/1547335843] conn(0x7f5b1c0367e0 0x7f5b1c038c90 secure :-1 s=READY pgs=9 cs=0 l=1 rev1=1 crypto rx=0x7f5b18009990 tx=0x7f5b18006e40 comp rx=0 tx=0).stop
2024-04-14T21:55:20.168 INFO:teuthology.orchestra.run.smithi073.stdout:/usr/bin/ceph: stderr
2024-04-14T21:55:19.581+0000 7f5b32e1c700 1 -- 172.21.15.73:0/2830171809 >> [v2:172.21.15.73:3300/0,v1:172.21.15.73:6789/0] conn(0x7f5b2c102960 msgr2=0x7f5b2c111770 secure :-1 s=STATE_CONNECTION_ESTABLISHED l=1).mark_down
2024-04-14T21:55:20.168 INFO:teuthology.orchestra.run.smithi073.stdout:/usr/bin/ceph: stderr
2024-04-14T21:55:19.581+0000 7f5b32e1c700 1 --2- 172.21.15.73:0/2830171809 >> [v2:172.21.15.73:3300/0,v1:172.21.15.73:6789/0] conn(0x7f5b2c102960 0x7f5b2c111770 secure :-1 s=READY pgs=85 cs=0 l=1 rev1=1 crypto rx=0x7f5b20011c10 tx=0x7f5b20009250 comp rx=0 tx=0).stop
2024-04-14T21:55:20.168 INFO:teuthology.orchestra.run.smithi073.stdout:/usr/bin/ceph: stderr
2024-04-14T21:55:19.581+0000 7f5b32e1c700 1 -- 172.21.15.73:0/2830171809 shutdown_connections
2024-04-14T21:55:20.168 INFO:teuthology.orchestra.run.smithi073.stdout:/usr/bin/ceph: stderr
2024-04-14T21:55:19.581+0000 7f5b32e1c700 1 --2- 172.21.15.73:0/2830171809 >> [v2:172.21.15.73:6800/1547335843,v1:172.21.15.73:6801/1547335843] conn(0x7f5b1c0367e0 0x7f5b1c038c90 unknown :-1 s=CLOSED pgs=9 cs=0 l=1 rev1=1 crypto rx=0 tx=0 comp rx=0 tx=0).stop
2024-04-14T21:55:20.169 INFO:teuthology.orchestra.run.smithi073.stdout:/usr/bin/ceph: stderr
2024-04-14T21:55:19.581+0000 7f5b32e1c700 1 --2- 172.21.15.73:0/2830171809 >> [v2:172.21.15.73:3300/0,v1:172.21.15.73:6789/0] conn(0x7f5b2c102960 0x7f5b2c111770 unknown :-1 s=CLOSED pgs=85 cs=0 l=1 rev1=1 crypto rx=0 tx=0 comp rx=0 tx=0).stop
2024-04-14T21:55:20.169 INFO:teuthology.orchestra.run.smithi073.stdout:/usr/bin/ceph: stderr
2024-04-14T21:55:19.581+0000 7f5b32e1c700 1 -- 172.21.15.73:0/2830171809 >> 172.21.15.73:0/2830171809 conn(0x7f5b2c0fe0e0 msgr2=0x7f5b2c0fecd0 unknown :-1 s=STATE_NONE l=0).mark_down
2024-04-14T21:55:20.169 INFO:teuthology.orchestra.run.smithi073.stdout:/usr/bin/ceph: stderr
2024-04-14T21:55:19.581+0000 7f5b32e1c700 1 -- 172.21.15.73:0/2830171809 shutdown_connections
2024-04-14T21:55:20.169 INFO:teuthology.orchestra.run.smithi073.stdout:/usr/bin/ceph: stderr
2024-04-14T21:55:19.581+0000 7f5b32e1c700 1 -- 172.21.15.73:0/2830171809 wait complete.
2024-04-14T21:55:20.171 INFO:teuthology.orchestra.run.smithi073.stdout:Non-zero exit code 1 from systemctl is-enabled firewalld.service
2024-04-14T21:55:20.172 INFO:teuthology.orchestra.run.smithi073.stdout:systemctl: stdout disabled
2024-04-14T21:55:20.179 INFO:teuthology.orchestra.run.smithi073.stdout:Non-zero exit code 3 from systemctl is-active firewalld.service
2024-04-14T21:55:20.179 INFO:teuthology.orchestra.run.smithi073.stdout:systemctl: stdout inactive
2024-04-14T21:55:20.179 INFO:teuthology.orchestra.run.smithi073.stdout:firewalld.service is not enabled
2024-04-14T21:55:20.179 INFO:teuthology.orchestra.run.smithi073.stdout:Not possible to open ports <[8443]>. firewalld.service is not available
2024-04-14T21:55:20.181 INFO:teuthology.orchestra.run.smithi073.stdout:Ceph Dashboard is now available at:
2024-04-14T21:55:20.181 INFO:teuthology.orchestra.run.smithi073.stdout:
2024-04-14T21:55:20.181 INFO:teuthology.orchestra.run.smithi073.stdout: URL: https://smithi073.front.sepia.ceph.com:8443/
2024-04-14T21:55:20.181 INFO:teuthology.orchestra.run.smithi073.stdout: User: admin
2024-04-14T21:55:20.181 INFO:teuthology.orchestra.run.smithi073.stdout: Password: iqq5yfez3m
2024-04-14T21:55:20.181 INFO:teuthology.orchestra.run.smithi073.stdout:
2024-04-14T21:55:20.182 INFO:teuthology.orchestra.run.smithi073.stdout:Saving cluster configuration to /var/lib/ceph/6c680410-faa9-11ee-bc8e-c7b262605968/config directory
2024-04-14T21:55:20.182 INFO:teuthology.orchestra.run.smithi073.stdout:Enabling autotune for osd_memory_target
2024-04-14T21:55:21.405 INFO:teuthology.orchestra.run.smithi073.stdout:/usr/bin/ceph: stderr
2024-04-14T21:55:20.612+0000 7f3d5af9f700 1 Processor -- start
2024-04-14T21:55:21.406 INFO:teuthology.orchestra.run.smithi073.stdout:/usr/bin/ceph: stderr
2024-04-14T21:55:20.612+0000 7f3d5af9f700 1 -- start start
2024-04-14T21:55:21.406 INFO:teuthology.orchestra.run.smithi073.stdout:/usr/bin/ceph: stderr
2024-04-14T21:55:20.612+0000 7f3d5af9f700 1 --2- >> [v2:172.21.15.73:3300/0,v1:172.21.15.73:6789/0] conn(0x7f3d54102930 0x7f3d54102d40 unknown :-1 s=NONE pgs=0 cs=0 l=0 rev1=0 crypto rx=0 tx=0 comp rx=0 tx=0).connect
2024-04-14T21:55:21.406 INFO:teuthology.orchestra.run.smithi073.stdout:/usr/bin/ceph: stderr
2024-04-14T21:55:20.612+0000 7f3d5af9f700 1 -- --> [v2:172.21.15.73:3300/0,v1:172.21.15.73:6789/0] -- mon_getmap magic: 0 v1 -- 0x7f3d54103280 con 0x7f3d54102930
2024-04-14T21:55:21.406 INFO:teuthology.orchestra.run.smithi073.stdout:/usr/bin/ceph: stderr
2024-04-14T21:55:20.612+0000 7f3d58d3b700 1 --2- >> [v2:172.21.15.73:3300/0,v1:172.21.15.73:6789/0] conn(0x7f3d54102930 0x7f3d54102d40 unknown :-1 s=BANNER_CONNECTING pgs=0 cs=0 l=0 rev1=0 crypto rx=0 tx=0 comp rx=0 tx=0)._handle_peer_banner_payload supported=3 required=0
2024-04-14T21:55:21.406 INFO:teuthology.orchestra.run.smithi073.stdout:/usr/bin/ceph: stderr
2024-04-14T21:55:20.612+0000 7f3d58d3b700 1 --2- >> [v2:172.21.15.73:3300/0,v1:172.21.15.73:6789/0] conn(0x7f3d54102930 0x7f3d54102d40 unknown :-1 s=HELLO_CONNECTING pgs=0 cs=0 l=0 rev1=1 crypto rx=0 tx=0 comp rx=0 tx=0).handle_hello peer v2:172.21.15.73:3300/0 says I am v2:172.21.15.73:57874/0 (socket says 172.21.15.73:57874)
2024-04-14T21:55:21.406 INFO:teuthology.orchestra.run.smithi073.stdout:/usr/bin/ceph: stderr
2024-04-14T21:55:20.612+0000 7f3d58d3b700 1 -- 172.21.15.73:0/1565220584 learned_addr learned my addr 172.21.15.73:0/1565220584 (peer_addr_for_me v2:172.21.15.73:0/0)
2024-04-14T21:55:21.407 INFO:teuthology.orchestra.run.smithi073.stdout:/usr/bin/ceph: stderr
2024-04-14T21:55:20.612+0000 7f3d58d3b700 1 -- 172.21.15.73:0/1565220584 --> [v2:172.21.15.73:3300/0,v1:172.21.15.73:6789/0] -- mon_subscribe({config=0+,monmap=0+}) v3 -- 0x7f3d541033c0 con 0x7f3d54102930
2024-04-14T21:55:21.407 INFO:teuthology.orchestra.run.smithi073.stdout:/usr/bin/ceph: stderr
2024-04-14T21:55:20.613+0000 7f3d58d3b700 1 --2- 172.21.15.73:0/1565220584 >> [v2:172.21.15.73:3300/0,v1:172.21.15.73:6789/0] conn(0x7f3d54102930 0x7f3d54102d40 secure :-1 s=READY pgs=86 cs=0 l=1 rev1=1 crypto rx=0x7f3d480098e0 tx=0x7f3d48009250 comp rx=0 tx=0).ready entity=mon.0 client_cookie=ac340b67e8e441e4 server_cookie=0 in_seq=0 out_seq=0
2024-04-14T21:55:21.407 INFO:teuthology.orchestra.run.smithi073.stdout:/usr/bin/ceph: stderr
2024-04-14T21:55:20.613+0000 7f3d537fe700 1 -- 172.21.15.73:0/1565220584 <== mon.0 v2:172.21.15.73:3300/0 1 ==== mon_map magic: 0 v1 ==== 229+0+0 (secure 0 0 0) 0x7f3d4800b8f0 con 0x7f3d54102930
2024-04-14T21:55:21.407 INFO:teuthology.orchestra.run.smithi073.stdout:/usr/bin/ceph: stderr
2024-04-14T21:55:20.613+0000 7f3d537fe700 1 -- 172.21.15.73:0/1565220584 <== mon.0 v2:172.21.15.73:3300/0 2 ==== config(27 keys) v1 ==== 1109+0+0 (secure 0 0 0) 0x7f3d48011420 con 0x7f3d54102930
2024-04-14T21:55:21.407 INFO:teuthology.orchestra.run.smithi073.stdout:/usr/bin/ceph: stderr
2024-04-14T21:55:20.613+0000 7f3d537fe700 1 -- 172.21.15.73:0/1565220584 <== mon.0 v2:172.21.15.73:3300/0 3 ==== mon_map magic: 0 v1 ==== 229+0+0 (secure 0 0 0) 0x7f3d48010540 con 0x7f3d54102930
2024-04-14T21:55:21.407 INFO:teuthology.orchestra.run.smithi073.stdout:/usr/bin/ceph: stderr
2024-04-14T21:55:20.613+0000 7f3d5af9f700 1 -- 172.21.15.73:0/1565220584 >> [v2:172.21.15.73:3300/0,v1:172.21.15.73:6789/0] conn(0x7f3d54102930 msgr2=0x7f3d54102d40 secure :-1 s=STATE_CONNECTION_ESTABLISHED l=1).mark_down
2024-04-14T21:55:21.407 INFO:teuthology.orchestra.run.smithi073.stdout:/usr/bin/ceph: stderr
2024-04-14T21:55:20.613+0000 7f3d5af9f700 1 --2- 172.21.15.73:0/1565220584 >> [v2:172.21.15.73:3300/0,v1:172.21.15.73:6789/0] conn(0x7f3d54102930 0x7f3d54102d40 secure :-1 s=READY pgs=86 cs=0 l=1 rev1=1 crypto rx=0x7f3d480098e0 tx=0x7f3d48009250 comp rx=0 tx=0).stop
2024-04-14T21:55:21.408 INFO:teuthology.orchestra.run.smithi073.stdout:/usr/bin/ceph: stderr
2024-04-14T21:55:20.613+0000 7f3d5af9f700 1 -- 172.21.15.73:0/1565220584 shutdown_connections
2024-04-14T21:55:21.408 INFO:teuthology.orchestra.run.smithi073.stdout:/usr/bin/ceph: stderr
2024-04-14T21:55:20.613+0000 7f3d5af9f700 1 --2- 172.21.15.73:0/1565220584 >> [v2:172.21.15.73:3300/0,v1:172.21.15.73:6789/0] conn(0x7f3d54102930 0x7f3d54102d40 unknown :-1 s=CLOSED pgs=86 cs=0 l=1 rev1=1 crypto rx=0 tx=0 comp rx=0 tx=0).stop
2024-04-14T21:55:21.408 INFO:teuthology.orchestra.run.smithi073.stdout:/usr/bin/ceph: stderr
2024-04-14T21:55:20.613+0000 7f3d5af9f700 1 -- 172.21.15.73:0/1565220584 >> 172.21.15.73:0/1565220584 conn(0x7f3d540fe140 msgr2=0x7f3d54100550 unknown :-1 s=STATE_NONE l=0).mark_down
2024-04-14T21:55:21.408 INFO:teuthology.orchestra.run.smithi073.stdout:/usr/bin/ceph: stderr
2024-04-14T21:55:20.613+0000 7f3d5af9f700 1 -- 172.21.15.73:0/1565220584 shutdown_connections
2024-04-14T21:55:21.409 INFO:teuthology.orchestra.run.smithi073.stdout:/usr/bin/ceph: stderr
2024-04-14T21:55:20.613+0000 7f3d5af9f700 1 -- 172.21.15.73:0/1565220584 wait complete.
2024-04-14T21:55:21.409 INFO:teuthology.orchestra.run.smithi073.stdout:/usr/bin/ceph: stderr
2024-04-14T21:55:20.614+0000 7f3d5af9f700 1 Processor -- start
2024-04-14T21:55:21.410 INFO:teuthology.orchestra.run.smithi073.stdout:/usr/bin/ceph: stderr
2024-04-14T21:55:20.614+0000 7f3d5af9f700 1 -- start start
2024-04-14T21:55:21.410 INFO:teuthology.orchestra.run.smithi073.stdout:/usr/bin/ceph: stderr
2024-04-14T21:55:20.614+0000 7f3d5af9f700 1 --2- >> [v2:172.21.15.73:3300/0,v1:172.21.15.73:6789/0] conn(0x7f3d54102930 0x7f3d54111720 unknown :-1 s=NONE pgs=0 cs=0 l=1 rev1=0 crypto rx=0 tx=0 comp rx=0 tx=0).connect
2024-04-14T21:55:21.410 INFO:teuthology.orchestra.run.smithi073.stdout:/usr/bin/ceph: stderr
2024-04-14T21:55:20.614+0000 7f3d5af9f700 1 -- --> [v2:172.21.15.73:3300/0,v1:172.21.15.73:6789/0] -- mon_getmap magic: 0 v1 -- 0x7f3d54111c60 con 0x7f3d54102930
2024-04-14T21:55:21.410 INFO:teuthology.orchestra.run.smithi073.stdout:/usr/bin/ceph: stderr
2024-04-14T21:55:20.614+0000 7f3d58d3b700 1 --2- >> [v2:172.21.15.73:3300/0,v1:172.21.15.73:6789/0] conn(0x7f3d54102930 0x7f3d54111720 unknown :-1 s=BANNER_CONNECTING pgs=0 cs=0 l=1 rev1=0 crypto rx=0 tx=0 comp rx=0 tx=0)._handle_peer_banner_payload supported=3 required=0
2024-04-14T21:55:21.410 INFO:teuthology.orchestra.run.smithi073.stdout:/usr/bin/ceph: stderr
2024-04-14T21:55:20.614+0000 7f3d58d3b700 1 --2- >> [v2:172.21.15.73:3300/0,v1:172.21.15.73:6789/0] conn(0x7f3d54102930 0x7f3d54111720 unknown :-1 s=HELLO_CONNECTING pgs=0 cs=0 l=1 rev1=1 crypto rx=0 tx=0 comp rx=0 tx=0).handle_hello peer v2:172.21.15.73:3300/0 says I am v2:172.21.15.73:57884/0 (socket says 172.21.15.73:57884)
2024-04-14T21:55:21.410 INFO:teuthology.orchestra.run.smithi073.stdout:/usr/bin/ceph: stderr
2024-04-14T21:55:20.614+0000 7f3d58d3b700 1 -- 172.21.15.73:0/313502846 learned_addr learned my addr 172.21.15.73:0/313502846 (peer_addr_for_me v2:172.21.15.73:0/0)
2024-04-14T21:55:21.410 INFO:teuthology.orchestra.run.smithi073.stdout:/usr/bin/ceph: stderr
2024-04-14T21:55:20.615+0000 7f3d58d3b700 1 -- 172.21.15.73:0/313502846 --> [v2:172.21.15.73:3300/0,v1:172.21.15.73:6789/0] -- mon_subscribe({config=0+,monmap=0+}) v3 -- 0x7f3d480094f0 con 0x7f3d54102930
2024-04-14T21:55:21.411 INFO:teuthology.orchestra.run.smithi073.stdout:/usr/bin/ceph: stderr
2024-04-14T21:55:20.615+0000 7f3d58d3b700 1 --2- 172.21.15.73:0/313502846 >> [v2:172.21.15.73:3300/0,v1:172.21.15.73:6789/0] conn(0x7f3d54102930 0x7f3d54111720 secure :-1 s=READY pgs=87 cs=0 l=1 rev1=1 crypto rx=0x7f3d480090b0 tx=0x7f3d48009250 comp rx=0 tx=0).ready entity=mon.0 client_cookie=0 server_cookie=0 in_seq=0 out_seq=0
2024-04-14T21:55:21.411 INFO:teuthology.orchestra.run.smithi073.stdout:/usr/bin/ceph: stderr
2024-04-14T21:55:20.615+0000 7f3d517fa700 1 -- 172.21.15.73:0/313502846 <== mon.0 v2:172.21.15.73:3300/0 1 ==== mon_map magic: 0 v1 ==== 229+0+0 (secure 0 0 0) 0x7f3d480107b0 con 0x7f3d54102930
2024-04-14T21:55:21.411 INFO:teuthology.orchestra.run.smithi073.stdout:/usr/bin/ceph: stderr
2024-04-14T21:55:20.615+0000 7f3d517fa700 1 -- 172.21.15.73:0/313502846 <== mon.0 v2:172.21.15.73:3300/0 2 ==== config(27 keys) v1 ==== 1109+0+0 (secure 0 0 0) 0x7f3d48010de0 con 0x7f3d54102930
2024-04-14T21:55:21.411 INFO:teuthology.orchestra.run.smithi073.stdout:/usr/bin/ceph: stderr
2024-04-14T21:55:20.615+0000 7f3d5af9f700 1 -- 172.21.15.73:0/313502846 --> [v2:172.21.15.73:3300/0,v1:172.21.15.73:6789/0] -- mon_subscribe({mgrmap=0+}) v3 -- 0x7f3d54111e60 con 0x7f3d54102930
2024-04-14T21:55:21.411 INFO:teuthology.orchestra.run.smithi073.stdout:/usr/bin/ceph: stderr
2024-04-14T21:55:20.615+0000 7f3d517fa700 1 -- 172.21.15.73:0/313502846 <== mon.0 v2:172.21.15.73:3300/0 3 ==== mon_map magic: 0 v1 ==== 229+0+0 (secure 0 0 0) 0x7f3d4801ae50 con 0x7f3d54102930
2024-04-14T21:55:21.411 INFO:teuthology.orchestra.run.smithi073.stdout:/usr/bin/ceph: stderr
2024-04-14T21:55:20.615+0000 7f3d5af9f700 1 -- 172.21.15.73:0/313502846 --> [v2:172.21.15.73:3300/0,v1:172.21.15.73:6789/0] -- mon_subscribe({osdmap=0}) v3 -- 0x7f3d541129d0 con 0x7f3d54102930
2024-04-14T21:55:21.411 INFO:teuthology.orchestra.run.smithi073.stdout:/usr/bin/ceph: stderr
2024-04-14T21:55:20.616+0000 7f3d517fa700 1 -- 172.21.15.73:0/313502846 <== mon.0 v2:172.21.15.73:3300/0 4 ==== mgrmap(e 12) v1 ==== 43389+0+0 (secure 0 0 0) 0x7f3d4802d3f0 con 0x7f3d54102930
2024-04-14T21:55:21.411 INFO:teuthology.orchestra.run.smithi073.stdout:/usr/bin/ceph: stderr
2024-04-14T21:55:20.616+0000 7f3d5af9f700 1 -- 172.21.15.73:0/313502846 --> [v2:172.21.15.73:3300/0,v1:172.21.15.73:6789/0] -- mon_command({"prefix": "get_command_descriptions"} v 0) v1 -- 0x7f3d5405f5f0 con 0x7f3d54102930
2024-04-14T21:55:21.411 INFO:teuthology.orchestra.run.smithi073.stdout:/usr/bin/ceph: stderr
2024-04-14T21:55:20.616+0000 7f3d517fa700 1 --2- 172.21.15.73:0/313502846 >> [v2:172.21.15.73:6800/1547335843,v1:172.21.15.73:6801/1547335843] conn(0x7f3d44036870 0x7f3d44038d20 unknown :-1 s=NONE pgs=0 cs=0 l=1 rev1=0 crypto rx=0 tx=0 comp rx=0 tx=0).connect
2024-04-14T21:55:21.412 INFO:teuthology.orchestra.run.smithi073.stdout:/usr/bin/ceph: stderr
2024-04-14T21:55:20.616+0000 7f3d517fa700 1 -- 172.21.15.73:0/313502846 <== mon.0 v2:172.21.15.73:3300/0 5 ==== osd_map(3..3 src has 1..3) v4 ==== 1151+0+0 (secure 0 0 0) 0x7f3d4804a3d0 con 0x7f3d54102930
2024-04-14T21:55:21.412 INFO:teuthology.orchestra.run.smithi073.stdout:/usr/bin/ceph: stderr
2024-04-14T21:55:20.616+0000 7f3d53fff700 1 --2- 172.21.15.73:0/313502846 >> [v2:172.21.15.73:6800/1547335843,v1:172.21.15.73:6801/1547335843] conn(0x7f3d44036870 0x7f3d44038d20 unknown :-1 s=BANNER_CONNECTING pgs=0 cs=0 l=1 rev1=0 crypto rx=0 tx=0 comp rx=0 tx=0)._handle_peer_banner_payload supported=3 required=0
