2024-04-14T22:34:02.588+0000 7f4151b0c700 1 -- 172.21.15.142:0/2499777045 >> [v2:172.21.15.142:3300/0,v1:172.21.15.142:6789/0] conn(0x7f414c07bea0 msgr2=0x7f414c07a300 secure :-1 s=STATE_CONNECTION_ESTABLISHED l=1).mark_down
2024-04-14T22:34:03.372 INFO:teuthology.orchestra.run.smithi142.stdout:/usr/bin/ceph: stderr
2024-04-14T22:34:02.588+0000 7f4151b0c700 1 --2- 172.21.15.142:0/2499777045 >> [v2:172.21.15.142:3300/0,v1:172.21.15.142:6789/0] conn(0x7f414c07bea0 0x7f414c07a300 secure :-1 s=READY pgs=61 cs=0 l=1 rev1=1 crypto rx=0x7f413c0098a0 tx=0x7f413c009bb0 comp rx=0 tx=0).stop
2024-04-14T22:34:03.372 INFO:teuthology.orchestra.run.smithi142.stdout:/usr/bin/ceph: stderr
2024-04-14T22:34:02.588+0000 7f4151b0c700 1 -- 172.21.15.142:0/2499777045 shutdown_connections
2024-04-14T22:34:03.372 INFO:teuthology.orchestra.run.smithi142.stdout:/usr/bin/ceph: stderr
2024-04-14T22:34:02.588+0000 7f4151b0c700 1 --2- 172.21.15.142:0/2499777045 >> [v2:172.21.15.142:3300/0,v1:172.21.15.142:6789/0] conn(0x7f414c07bea0 0x7f414c07a300 unknown :-1 s=CLOSED pgs=61 cs=0 l=1 rev1=1 crypto rx=0 tx=0 comp rx=0 tx=0).stop
2024-04-14T22:34:03.372 INFO:teuthology.orchestra.run.smithi142.stdout:/usr/bin/ceph: stderr
2024-04-14T22:34:02.588+0000 7f4151b0c700 1 -- 172.21.15.142:0/2499777045 >> 172.21.15.142:0/2499777045 conn(0x7f414c101b40 msgr2=0x7f414c103f60 unknown :-1 s=STATE_NONE l=0).mark_down
2024-04-14T22:34:03.372 INFO:teuthology.orchestra.run.smithi142.stdout:/usr/bin/ceph: stderr
2024-04-14T22:34:02.588+0000 7f4151b0c700 1 -- 172.21.15.142:0/2499777045 shutdown_connections
2024-04-14T22:34:03.372 INFO:teuthology.orchestra.run.smithi142.stdout:/usr/bin/ceph: stderr
2024-04-14T22:34:02.588+0000 7f4151b0c700 1 -- 172.21.15.142:0/2499777045 wait complete.
2024-04-14T22:34:03.372 INFO:teuthology.orchestra.run.smithi142.stdout:/usr/bin/ceph: stderr
2024-04-14T22:34:02.589+0000 7f4151b0c700 1 Processor -- start
2024-04-14T22:34:03.372 INFO:teuthology.orchestra.run.smithi142.stdout:/usr/bin/ceph: stderr
2024-04-14T22:34:02.589+0000 7f4151b0c700 1 -- start start
2024-04-14T22:34:03.372 INFO:teuthology.orchestra.run.smithi142.stdout:/usr/bin/ceph: stderr
2024-04-14T22:34:02.589+0000 7f4151b0c700 1 --2- >> [v2:172.21.15.142:3300/0,v1:172.21.15.142:6789/0] conn(0x7f414c07bea0 0x7f414c19c440 unknown :-1 s=NONE pgs=0 cs=0 l=1 rev1=0 crypto rx=0 tx=0 comp rx=0 tx=0).connect
2024-04-14T22:34:03.372 INFO:teuthology.orchestra.run.smithi142.stdout:/usr/bin/ceph: stderr
2024-04-14T22:34:02.589+0000 7f4151b0c700 1 -- --> [v2:172.21.15.142:3300/0,v1:172.21.15.142:6789/0] -- mon_getmap magic: 0 v1 -- 0x7f414c19c980 con 0x7f414c07bea0
2024-04-14T22:34:03.372 INFO:teuthology.orchestra.run.smithi142.stdout:/usr/bin/ceph: stderr
2024-04-14T22:34:02.589+0000 7f414b7fe700 1 --2- >> [v2:172.21.15.142:3300/0,v1:172.21.15.142:6789/0] conn(0x7f414c07bea0 0x7f414c19c440 unknown :-1 s=BANNER_CONNECTING pgs=0 cs=0 l=1 rev1=0 crypto rx=0 tx=0 comp rx=0 tx=0)._handle_peer_banner_payload supported=3 required=0
2024-04-14T22:34:03.373 INFO:teuthology.orchestra.run.smithi142.stdout:/usr/bin/ceph: stderr
2024-04-14T22:34:02.589+0000 7f414b7fe700 1 --2- >> [v2:172.21.15.142:3300/0,v1:172.21.15.142:6789/0] conn(0x7f414c07bea0 0x7f414c19c440 unknown :-1 s=HELLO_CONNECTING pgs=0 cs=0 l=1 rev1=1 crypto rx=0 tx=0 comp rx=0 tx=0).handle_hello peer v2:172.21.15.142:3300/0 says I am v2:172.21.15.142:46436/0 (socket says 172.21.15.142:46436)
2024-04-14T22:34:03.373 INFO:teuthology.orchestra.run.smithi142.stdout:/usr/bin/ceph: stderr
2024-04-14T22:34:02.589+0000 7f414b7fe700 1 -- 172.21.15.142:0/50418459 learned_addr learned my addr 172.21.15.142:0/50418459 (peer_addr_for_me v2:172.21.15.142:0/0)
2024-04-14T22:34:03.373 INFO:teuthology.orchestra.run.smithi142.stdout:/usr/bin/ceph: stderr
2024-04-14T22:34:02.590+0000 7f414b7fe700 1 -- 172.21.15.142:0/50418459 --> [v2:172.21.15.142:3300/0,v1:172.21.15.142:6789/0] -- mon_subscribe({config=0+,monmap=0+}) v3 -- 0x7f413c009550 con 0x7f414c07bea0
2024-04-14T22:34:03.373 INFO:teuthology.orchestra.run.smithi142.stdout:/usr/bin/ceph: stderr
2024-04-14T22:34:02.590+0000 7f414b7fe700 1 --2- 172.21.15.142:0/50418459 >> [v2:172.21.15.142:3300/0,v1:172.21.15.142:6789/0] conn(0x7f414c07bea0 0x7f414c19c440 secure :-1 s=READY pgs=62 cs=0 l=1 rev1=1 crypto rx=0x7f413c011670 tx=0x7f413c011aa0 comp rx=0 tx=0).ready entity=mon.0 client_cookie=0 server_cookie=0 in_seq=0 out_seq=0
2024-04-14T22:34:03.373 INFO:teuthology.orchestra.run.smithi142.stdout:/usr/bin/ceph: stderr
2024-04-14T22:34:02.590+0000 7f4148ff9700 1 -- 172.21.15.142:0/50418459 <== mon.0 v2:172.21.15.142:3300/0 1 ==== mon_map magic: 0 v1 ==== 229+0+0 (secure 0 0 0) 0x7f413c0039c0 con 0x7f414c07bea0
2024-04-14T22:34:03.373 INFO:teuthology.orchestra.run.smithi142.stdout:/usr/bin/ceph: stderr
2024-04-14T22:34:02.590+0000 7f4148ff9700 1 -- 172.21.15.142:0/50418459 <== mon.0 v2:172.21.15.142:3300/0 2 ==== config(27 keys) v1 ==== 1101+0+0 (secure 0 0 0) 0x7f413c003b20 con 0x7f414c07bea0
2024-04-14T22:34:03.373 INFO:teuthology.orchestra.run.smithi142.stdout:/usr/bin/ceph: stderr
2024-04-14T22:34:02.590+0000 7f4148ff9700 1 -- 172.21.15.142:0/50418459 <== mon.0 v2:172.21.15.142:3300/0 3 ==== mon_map magic: 0 v1 ==== 229+0+0 (secure 0 0 0) 0x7f413c0247f0 con 0x7f414c07bea0
2024-04-14T22:34:03.373 INFO:teuthology.orchestra.run.smithi142.stdout:/usr/bin/ceph: stderr
2024-04-14T22:34:02.590+0000 7f4151b0c700 1 -- 172.21.15.142:0/50418459 --> [v2:172.21.15.142:3300/0,v1:172.21.15.142:6789/0] -- mon_subscribe({mgrmap=0+}) v3 -- 0x7f414c19cb80 con 0x7f414c07bea0
2024-04-14T22:34:03.373 INFO:teuthology.orchestra.run.smithi142.stdout:/usr/bin/ceph: stderr
2024-04-14T22:34:02.590+0000 7f4151b0c700 1 -- 172.21.15.142:0/50418459 --> [v2:172.21.15.142:3300/0,v1:172.21.15.142:6789/0] -- mon_subscribe({osdmap=0}) v3 -- 0x7f414c19d020 con 0x7f414c07bea0
2024-04-14T22:34:03.373 INFO:teuthology.orchestra.run.smithi142.stdout:/usr/bin/ceph: stderr
2024-04-14T22:34:02.591+0000 7f4148ff9700 1 -- 172.21.15.142:0/50418459 <== mon.0 v2:172.21.15.142:3300/0 4 ==== mgrmap(e 8) v1 ==== 45283+0+0 (secure 0 0 0) 0x7f413c024ab0 con 0x7f414c07bea0
2024-04-14T22:34:03.373 INFO:teuthology.orchestra.run.smithi142.stdout:/usr/bin/ceph: stderr
2024-04-14T22:34:02.591+0000 7f4151b0c700 1 -- 172.21.15.142:0/50418459 --> [v2:172.21.15.142:3300/0,v1:172.21.15.142:6789/0] -- mon_command({"prefix": "get_command_descriptions"} v 0) v1 -- 0x7f414c10c900 con 0x7f414c07bea0
2024-04-14T22:34:03.374 INFO:teuthology.orchestra.run.smithi142.stdout:/usr/bin/ceph: stderr
2024-04-14T22:34:02.591+0000 7f4148ff9700 1 --2- 172.21.15.142:0/50418459 >> [v2:172.21.15.142:6800/2922531659,v1:172.21.15.142:6801/2922531659] conn(0x7f41340382e0 0x7f413403a7a0 unknown :-1 s=NONE pgs=0 cs=0 l=1 rev1=0 crypto rx=0 tx=0 comp rx=0 tx=0).connect
2024-04-14T22:34:03.374 INFO:teuthology.orchestra.run.smithi142.stdout:/usr/bin/ceph: stderr
2024-04-14T22:34:02.591+0000 7f4148ff9700 1 -- 172.21.15.142:0/50418459 <== mon.0 v2:172.21.15.142:3300/0 5 ==== osd_map(2..2 src has 1..2) v4 ==== 940+0+0 (secure 0 0 0) 0x7f413c04c440 con 0x7f414c07bea0
2024-04-14T22:34:03.374 INFO:teuthology.orchestra.run.smithi142.stdout:/usr/bin/ceph: stderr
2024-04-14T22:34:02.591+0000 7f414affd700 1 --2- 172.21.15.142:0/50418459 >> [v2:172.21.15.142:6800/2922531659,v1:172.21.15.142:6801/2922531659] conn(0x7f41340382e0 0x7f413403a7a0 unknown :-1 s=BANNER_CONNECTING pgs=0 cs=0 l=1 rev1=0 crypto rx=0 tx=0 comp rx=0 tx=0)._handle_peer_banner_payload supported=3 required=0
2024-04-14T22:34:03.374 INFO:teuthology.orchestra.run.smithi142.stdout:/usr/bin/ceph: stderr
2024-04-14T22:34:02.592+0000 7f414affd700 1 --2- 172.21.15.142:0/50418459 >> [v2:172.21.15.142:6800/2922531659,v1:172.21.15.142:6801/2922531659] conn(0x7f41340382e0 0x7f413403a7a0 secure :-1 s=READY pgs=20 cs=0 l=1 rev1=1 crypto rx=0x7f4140006fd0 tx=0x7f4140006e40 comp rx=0 tx=0).ready entity=mgr.14118 client_cookie=0 server_cookie=0 in_seq=0 out_seq=0
2024-04-14T22:34:03.374 INFO:teuthology.orchestra.run.smithi142.stdout:/usr/bin/ceph: stderr
2024-04-14T22:34:02.597+0000 7f4148ff9700 1 -- 172.21.15.142:0/50418459 <== mon.0 v2:172.21.15.142:3300/0 6 ==== mon_command_ack([{"prefix": "get_command_descriptions"}]=0 v0) v1 ==== 72+0+180422 (secure 0 0 0) 0x7f413c024d60 con 0x7f414c07bea0
2024-04-14T22:34:03.374 INFO:teuthology.orchestra.run.smithi142.stdout:/usr/bin/ceph: stderr
2024-04-14T22:34:02.783+0000 7f4151b0c700 1 -- 172.21.15.142:0/50418459 --> [v2:172.21.15.142:3300/0,v1:172.21.15.142:6789/0] -- mon_command([{prefix=config set, name=mgr/cephadm/container_init}] v 0) v1 -- 0x7f414c10cb20 con 0x7f414c07bea0
2024-04-14T22:34:03.374 INFO:teuthology.orchestra.run.smithi142.stdout:/usr/bin/ceph: stderr
2024-04-14T22:34:02.786+0000 7f4148ff9700 1 -- 172.21.15.142:0/50418459 <== mon.0 v2:172.21.15.142:3300/0 7 ==== mon_command_ack([{prefix=config set, name=mgr/cephadm/container_init}]=0 v7)=0 v7) v1 ==== 142+0+0 (secure 0 0 0) 0x7f413c0187c0 con 0x7f414c07bea0
2024-04-14T22:34:03.374 INFO:teuthology.orchestra.run.smithi142.stdout:/usr/bin/ceph: stderr
2024-04-14T22:34:02.789+0000 7f4151b0c700 1 -- 172.21.15.142:0/50418459 >> [v2:172.21.15.142:6800/2922531659,v1:172.21.15.142:6801/2922531659] conn(0x7f41340382e0 msgr2=0x7f413403a7a0 secure :-1 s=STATE_CONNECTION_ESTABLISHED l=1).mark_down
2024-04-14T22:34:03.374 INFO:teuthology.orchestra.run.smithi142.stdout:/usr/bin/ceph: stderr
2024-04-14T22:34:02.789+0000 7f4151b0c700 1 --2- 172.21.15.142:0/50418459 >> [v2:172.21.15.142:6800/2922531659,v1:172.21.15.142:6801/2922531659] conn(0x7f41340382e0 0x7f413403a7a0 secure :-1 s=READY pgs=20 cs=0 l=1 rev1=1 crypto rx=0x7f4140006fd0 tx=0x7f4140006e40 comp rx=0 tx=0).stop
2024-04-14T22:34:03.374 INFO:teuthology.orchestra.run.smithi142.stdout:/usr/bin/ceph: stderr
2024-04-14T22:34:02.789+0000 7f4151b0c700 1 -- 172.21.15.142:0/50418459 >> [v2:172.21.15.142:3300/0,v1:172.21.15.142:6789/0] conn(0x7f414c07bea0 msgr2=0x7f414c19c440 secure :-1 s=STATE_CONNECTION_ESTABLISHED l=1).mark_down
2024-04-14T22:34:03.375 INFO:teuthology.orchestra.run.smithi142.stdout:/usr/bin/ceph: stderr
2024-04-14T22:34:02.789+0000 7f4151b0c700 1 --2- 172.21.15.142:0/50418459 >> [v2:172.21.15.142:3300/0,v1:172.21.15.142:6789/0] conn(0x7f414c07bea0 0x7f414c19c440 secure :-1 s=READY pgs=62 cs=0 l=1 rev1=1 crypto rx=0x7f413c011670 tx=0x7f413c011aa0 comp rx=0 tx=0).stop
2024-04-14T22:34:03.375 INFO:teuthology.orchestra.run.smithi142.stdout:/usr/bin/ceph: stderr
2024-04-14T22:34:02.789+0000 7f4151b0c700 1 -- 172.21.15.142:0/50418459 shutdown_connections
2024-04-14T22:34:03.375 INFO:teuthology.orchestra.run.smithi142.stdout:/usr/bin/ceph: stderr
2024-04-14T22:34:02.789+0000 7f4151b0c700 1 --2- 172.21.15.142:0/50418459 >> [v2:172.21.15.142:6800/2922531659,v1:172.21.15.142:6801/2922531659] conn(0x7f41340382e0 0x7f413403a7a0 unknown :-1 s=CLOSED pgs=20 cs=0 l=1 rev1=1 crypto rx=0 tx=0 comp rx=0 tx=0).stop
2024-04-14T22:34:03.375 INFO:teuthology.orchestra.run.smithi142.stdout:/usr/bin/ceph: stderr
2024-04-14T22:34:02.789+0000 7f4151b0c700 1 --2- 172.21.15.142:0/50418459 >> [v2:172.21.15.142:3300/0,v1:172.21.15.142:6789/0] conn(0x7f414c07bea0 0x7f414c19c440 unknown :-1 s=CLOSED pgs=62 cs=0 l=1 rev1=1 crypto rx=0 tx=0 comp rx=0 tx=0).stop
2024-04-14T22:34:03.375 INFO:teuthology.orchestra.run.smithi142.stdout:/usr/bin/ceph: stderr
2024-04-14T22:34:02.789+0000 7f4151b0c700 1 -- 172.21.15.142:0/50418459 >> 172.21.15.142:0/50418459 conn(0x7f414c101b40 msgr2=0x7f414c1028f0 unknown :-1 s=STATE_NONE l=0).mark_down
2024-04-14T22:34:03.375 INFO:teuthology.orchestra.run.smithi142.stdout:/usr/bin/ceph: stderr
2024-04-14T22:34:02.789+0000 7f4151b0c700 1 -- 172.21.15.142:0/50418459 shutdown_connections
2024-04-14T22:34:03.375 INFO:teuthology.orchestra.run.smithi142.stdout:/usr/bin/ceph: stderr
2024-04-14T22:34:02.789+0000 7f4151b0c700 1 -- 172.21.15.142:0/50418459 wait complete.
2024-04-14T22:34:04.023 INFO:journalctl@ceph.mon.smithi142.smithi142.stdout:Apr 14 22:34:03 smithi142 ceph-mon[29243]: from='client.? 172.21.15.142:0/50418459' entity='client.admin'
2024-04-14T22:34:04.542 INFO:teuthology.orchestra.run.smithi142.stdout:/usr/bin/ceph: stderr
2024-04-14T22:34:03.821+0000 7f4ab1e65700 1 Processor -- start
2024-04-14T22:34:04.543 INFO:teuthology.orchestra.run.smithi142.stdout:/usr/bin/ceph: stderr
2024-04-14T22:34:03.821+0000 7f4ab1e65700 1 -- start start
2024-04-14T22:34:04.543 INFO:teuthology.orchestra.run.smithi142.stdout:/usr/bin/ceph: stderr
2024-04-14T22:34:03.821+0000 7f4ab1e65700 1 --2- >> [v2:172.21.15.142:3300/0,v1:172.21.15.142:6789/0] conn(0x7f4aac104820 0x7f4aac104c40 unknown :-1 s=NONE pgs=0 cs=0 l=0 rev1=0 crypto rx=0 tx=0 comp rx=0 tx=0).connect
2024-04-14T22:34:04.543 INFO:teuthology.orchestra.run.smithi142.stdout:/usr/bin/ceph: stderr
2024-04-14T22:34:03.821+0000 7f4ab1e65700 1 -- --> [v2:172.21.15.142:3300/0,v1:172.21.15.142:6789/0] -- mon_getmap magic: 0 v1 -- 0x7f4aac105210 con 0x7f4aac104820
2024-04-14T22:34:04.543 INFO:teuthology.orchestra.run.smithi142.stdout:/usr/bin/ceph: stderr
2024-04-14T22:34:03.821+0000 7f4aab7fe700 1 --2- >> [v2:172.21.15.142:3300/0,v1:172.21.15.142:6789/0] conn(0x7f4aac104820 0x7f4aac104c40 unknown :-1 s=BANNER_CONNECTING pgs=0 cs=0 l=0 rev1=0 crypto rx=0 tx=0 comp rx=0 tx=0)._handle_peer_banner_payload supported=3 required=0
2024-04-14T22:34:04.543 INFO:teuthology.orchestra.run.smithi142.stdout:/usr/bin/ceph: stderr
2024-04-14T22:34:03.821+0000 7f4aab7fe700 1 --2- >> [v2:172.21.15.142:3300/0,v1:172.21.15.142:6789/0] conn(0x7f4aac104820 0x7f4aac104c40 unknown :-1 s=HELLO_CONNECTING pgs=0 cs=0 l=0 rev1=1 crypto rx=0 tx=0 comp rx=0 tx=0).handle_hello peer v2:172.21.15.142:3300/0 says I am v2:172.21.15.142:46444/0 (socket says 172.21.15.142:46444)
2024-04-14T22:34:04.543 INFO:teuthology.orchestra.run.smithi142.stdout:/usr/bin/ceph: stderr
2024-04-14T22:34:03.821+0000 7f4aab7fe700 1 -- 172.21.15.142:0/1632670317 learned_addr learned my addr 172.21.15.142:0/1632670317 (peer_addr_for_me v2:172.21.15.142:0/0)
2024-04-14T22:34:04.543 INFO:teuthology.orchestra.run.smithi142.stdout:/usr/bin/ceph: stderr
2024-04-14T22:34:03.822+0000 7f4aab7fe700 1 -- 172.21.15.142:0/1632670317 --> [v2:172.21.15.142:3300/0,v1:172.21.15.142:6789/0] -- mon_subscribe({config=0+,monmap=0+}) v3 -- 0x7f4aac105350 con 0x7f4aac104820
2024-04-14T22:34:04.543 INFO:teuthology.orchestra.run.smithi142.stdout:/usr/bin/ceph: stderr
2024-04-14T22:34:03.822+0000 7f4aab7fe700 1 --2- 172.21.15.142:0/1632670317 >> [v2:172.21.15.142:3300/0,v1:172.21.15.142:6789/0] conn(0x7f4aac104820 0x7f4aac104c40 secure :-1 s=READY pgs=63 cs=0 l=1 rev1=1 crypto rx=0x7f4a9c0098a0 tx=0x7f4a9c009bb0 comp rx=0 tx=0).ready entity=mon.0 client_cookie=7da681998674cc00 server_cookie=0 in_seq=0 out_seq=0
2024-04-14T22:34:04.543 INFO:teuthology.orchestra.run.smithi142.stdout:/usr/bin/ceph: stderr
2024-04-14T22:34:03.822+0000 7f4aaa7fc700 1 -- 172.21.15.142:0/1632670317 <== mon.0 v2:172.21.15.142:3300/0 1 ==== mon_map magic: 0 v1 ==== 229+0+0 (secure 0 0 0) 0x7f4a9c004180 con 0x7f4aac104820
2024-04-14T22:34:04.544 INFO:teuthology.orchestra.run.smithi142.stdout:/usr/bin/ceph: stderr
2024-04-14T22:34:03.822+0000 7f4aaa7fc700 1 -- 172.21.15.142:0/1632670317 <== mon.0 v2:172.21.15.142:3300/0 2 ==== config(27 keys) v1 ==== 1101+0+0 (secure 0 0 0) 0x7f4a9c0042e0 con 0x7f4aac104820
2024-04-14T22:34:04.544 INFO:teuthology.orchestra.run.smithi142.stdout:/usr/bin/ceph: stderr
2024-04-14T22:34:03.822+0000 7f4aaa7fc700 1 -- 172.21.15.142:0/1632670317 <== mon.0 v2:172.21.15.142:3300/0 3 ==== mon_map magic: 0 v1 ==== 229+0+0 (secure 0 0 0) 0x7f4a9c011af0 con 0x7f4aac104820
2024-04-14T22:34:04.544 INFO:teuthology.orchestra.run.smithi142.stdout:/usr/bin/ceph: stderr
2024-04-14T22:34:03.823+0000 7f4ab1e65700 1 -- 172.21.15.142:0/1632670317 >> [v2:172.21.15.142:3300/0,v1:172.21.15.142:6789/0] conn(0x7f4aac104820 msgr2=0x7f4aac104c40 secure :-1 s=STATE_CONNECTION_ESTABLISHED l=1).mark_down
2024-04-14T22:34:04.544 INFO:teuthology.orchestra.run.smithi142.stdout:/usr/bin/ceph: stderr
2024-04-14T22:34:03.823+0000 7f4ab1e65700 1 --2- 172.21.15.142:0/1632670317 >> [v2:172.21.15.142:3300/0,v1:172.21.15.142:6789/0] conn(0x7f4aac104820 0x7f4aac104c40 secure :-1 s=READY pgs=63 cs=0 l=1 rev1=1 crypto rx=0x7f4a9c0098a0 tx=0x7f4a9c009bb0 comp rx=0 tx=0).stop
2024-04-14T22:34:04.544 INFO:teuthology.orchestra.run.smithi142.stdout:/usr/bin/ceph: stderr
2024-04-14T22:34:03.823+0000 7f4ab1e65700 1 -- 172.21.15.142:0/1632670317 shutdown_connections
2024-04-14T22:34:04.544 INFO:teuthology.orchestra.run.smithi142.stdout:/usr/bin/ceph: stderr
2024-04-14T22:34:03.823+0000 7f4ab1e65700 1 --2- 172.21.15.142:0/1632670317 >> [v2:172.21.15.142:3300/0,v1:172.21.15.142:6789/0] conn(0x7f4aac104820 0x7f4aac104c40 unknown :-1 s=CLOSED pgs=63 cs=0 l=1 rev1=1 crypto rx=0 tx=0 comp rx=0 tx=0).stop
2024-04-14T22:34:04.544 INFO:teuthology.orchestra.run.smithi142.stdout:/usr/bin/ceph: stderr
2024-04-14T22:34:03.823+0000 7f4ab1e65700 1 -- 172.21.15.142:0/1632670317 >> 172.21.15.142:0/1632670317 conn(0x7f4aac100110 msgr2=0x7f4aac102590 unknown :-1 s=STATE_NONE l=0).mark_down
2024-04-14T22:34:04.544 INFO:teuthology.orchestra.run.smithi142.stdout:/usr/bin/ceph: stderr
2024-04-14T22:34:03.823+0000 7f4ab1e65700 1 -- 172.21.15.142:0/1632670317 shutdown_connections
2024-04-14T22:34:04.544 INFO:teuthology.orchestra.run.smithi142.stdout:/usr/bin/ceph: stderr
2024-04-14T22:34:03.823+0000 7f4ab1e65700 1 -- 172.21.15.142:0/1632670317 wait complete.
2024-04-14T22:34:04.544 INFO:teuthology.orchestra.run.smithi142.stdout:/usr/bin/ceph: stderr
2024-04-14T22:34:03.823+0000 7f4ab1e65700 1 Processor -- start
2024-04-14T22:34:04.544 INFO:teuthology.orchestra.run.smithi142.stdout:/usr/bin/ceph: stderr
2024-04-14T22:34:03.823+0000 7f4ab1e65700 1 -- start start
2024-04-14T22:34:04.544 INFO:teuthology.orchestra.run.smithi142.stdout:/usr/bin/ceph: stderr
2024-04-14T22:34:03.824+0000 7f4ab1e65700 1 --2- >> [v2:172.21.15.142:3300/0,v1:172.21.15.142:6789/0] conn(0x7f4aac104820 0x7f4aac1071b0 unknown :-1 s=NONE pgs=0 cs=0 l=1 rev1=0 crypto rx=0 tx=0 comp rx=0 tx=0).connect
2024-04-14T22:34:04.544 INFO:teuthology.orchestra.run.smithi142.stdout:/usr/bin/ceph: stderr
2024-04-14T22:34:03.824+0000 7f4ab1e65700 1 -- --> [v2:172.21.15.142:3300/0,v1:172.21.15.142:6789/0] -- mon_getmap magic: 0 v1 -- 0x7f4aac1076f0 con 0x7f4aac104820
2024-04-14T22:34:04.545 INFO:teuthology.orchestra.run.smithi142.stdout:/usr/bin/ceph: stderr
2024-04-14T22:34:03.824+0000 7f4aab7fe700 1 --2- >> [v2:172.21.15.142:3300/0,v1:172.21.15.142:6789/0] conn(0x7f4aac104820 0x7f4aac1071b0 unknown :-1 s=BANNER_CONNECTING pgs=0 cs=0 l=1 rev1=0 crypto rx=0 tx=0 comp rx=0 tx=0)._handle_peer_banner_payload supported=3 required=0
2024-04-14T22:34:04.545 INFO:teuthology.orchestra.run.smithi142.stdout:/usr/bin/ceph: stderr
2024-04-14T22:34:03.824+0000 7f4aab7fe700 1 --2- >> [v2:172.21.15.142:3300/0,v1:172.21.15.142:6789/0] conn(0x7f4aac104820 0x7f4aac1071b0 unknown :-1 s=HELLO_CONNECTING pgs=0 cs=0 l=1 rev1=1 crypto rx=0 tx=0 comp rx=0 tx=0).handle_hello peer v2:172.21.15.142:3300/0 says I am v2:172.21.15.142:46450/0 (socket says 172.21.15.142:46450)
2024-04-14T22:34:04.545 INFO:teuthology.orchestra.run.smithi142.stdout:/usr/bin/ceph: stderr
2024-04-14T22:34:03.824+0000 7f4aab7fe700 1 -- 172.21.15.142:0/3491410668 learned_addr learned my addr 172.21.15.142:0/3491410668 (peer_addr_for_me v2:172.21.15.142:0/0)
2024-04-14T22:34:04.545 INFO:teuthology.orchestra.run.smithi142.stdout:/usr/bin/ceph: stderr
2024-04-14T22:34:03.824+0000 7f4aab7fe700 1 -- 172.21.15.142:0/3491410668 --> [v2:172.21.15.142:3300/0,v1:172.21.15.142:6789/0] -- mon_subscribe({config=0+,monmap=0+}) v3 -- 0x7f4a9c009550 con 0x7f4aac104820
2024-04-14T22:34:04.545 INFO:teuthology.orchestra.run.smithi142.stdout:/usr/bin/ceph: stderr
2024-04-14T22:34:03.824+0000 7f4aab7fe700 1 --2- 172.21.15.142:0/3491410668 >> [v2:172.21.15.142:3300/0,v1:172.21.15.142:6789/0] conn(0x7f4aac104820 0x7f4aac1071b0 secure :-1 s=READY pgs=64 cs=0 l=1 rev1=1 crypto rx=0x7f4a9c000c00 tx=0x7f4a9c011b50 comp rx=0 tx=0).ready entity=mon.0 client_cookie=0 server_cookie=0 in_seq=0 out_seq=0
2024-04-14T22:34:04.545 INFO:teuthology.orchestra.run.smithi142.stdout:/usr/bin/ceph: stderr
2024-04-14T22:34:03.824+0000 7f4aa8ff9700 1 -- 172.21.15.142:0/3491410668 <== mon.0 v2:172.21.15.142:3300/0 1 ==== mon_map magic: 0 v1 ==== 229+0+0 (secure 0 0 0) 0x7f4a9c003a70 con 0x7f4aac104820
2024-04-14T22:34:04.545 INFO:teuthology.orchestra.run.smithi142.stdout:/usr/bin/ceph: stderr
2024-04-14T22:34:03.824+0000 7f4ab1e65700 1 -- 172.21.15.142:0/3491410668 --> [v2:172.21.15.142:3300/0,v1:172.21.15.142:6789/0] -- mon_subscribe({mgrmap=0+}) v3 -- 0x7f4aac105800 con 0x7f4aac104820
2024-04-14T22:34:04.545 INFO:teuthology.orchestra.run.smithi142.stdout:/usr/bin/ceph: stderr
2024-04-14T22:34:03.824+0000 7f4aa8ff9700 1 -- 172.21.15.142:0/3491410668 <== mon.0 v2:172.21.15.142:3300/0 2 ==== config(27 keys) v1 ==== 1101+0+0 (secure 0 0 0) 0x7f4a9c003bd0 con 0x7f4aac104820
2024-04-14T22:34:04.545 INFO:teuthology.orchestra.run.smithi142.stdout:/usr/bin/ceph: stderr
2024-04-14T22:34:03.824+0000 7f4aa8ff9700 1 -- 172.21.15.142:0/3491410668 <== mon.0 v2:172.21.15.142:3300/0 3 ==== mon_map magic: 0 v1 ==== 229+0+0 (secure 0 0 0) 0x7f4a9c0238c0 con 0x7f4aac104820
2024-04-14T22:34:04.545 INFO:teuthology.orchestra.run.smithi142.stdout:/usr/bin/ceph: stderr
2024-04-14T22:34:03.824+0000 7f4ab1e65700 1 -- 172.21.15.142:0/3491410668 --> [v2:172.21.15.142:3300/0,v1:172.21.15.142:6789/0] -- mon_subscribe({osdmap=0}) v3 -- 0x7f4aac105ca0 con 0x7f4aac104820
2024-04-14T22:34:04.545 INFO:teuthology.orchestra.run.smithi142.stdout:/usr/bin/ceph: stderr
2024-04-14T22:34:03.825+0000 7f4aa8ff9700 1 -- 172.21.15.142:0/3491410668 <== mon.0 v2:172.21.15.142:3300/0 4 ==== mgrmap(e 8) v1 ==== 45283+0+0 (secure 0 0 0) 0x7f4a9c023b30 con 0x7f4aac104820
2024-04-14T22:34:04.545 INFO:teuthology.orchestra.run.smithi142.stdout:/usr/bin/ceph: stderr
2024-04-14T22:34:03.825+0000 7f4ab1e65700 1 -- 172.21.15.142:0/3491410668 --> [v2:172.21.15.142:3300/0,v1:172.21.15.142:6789/0] -- mon_command({"prefix": "get_command_descriptions"} v 0) v1 -- 0x7f4aac0623c0 con 0x7f4aac104820
2024-04-14T22:34:04.545 INFO:teuthology.orchestra.run.smithi142.stdout:/usr/bin/ceph: stderr
2024-04-14T22:34:03.825+0000 7f4aa8ff9700 1 --2- 172.21.15.142:0/3491410668 >> [v2:172.21.15.142:6800/2922531659,v1:172.21.15.142:6801/2922531659] conn(0x7f4a94038370 0x7f4a9403a830 unknown :-1 s=NONE pgs=0 cs=0 l=1 rev1=0 crypto rx=0 tx=0 comp rx=0 tx=0).connect
2024-04-14T22:34:04.546 INFO:teuthology.orchestra.run.smithi142.stdout:/usr/bin/ceph: stderr
2024-04-14T22:34:03.825+0000 7f4aa8ff9700 1 -- 172.21.15.142:0/3491410668 <== mon.0 v2:172.21.15.142:3300/0 5 ==== osd_map(2..2 src has 1..2) v4 ==== 940+0+0 (secure 0 0 0) 0x7f4a9c04c410 con 0x7f4aac104820
2024-04-14T22:34:04.546 INFO:teuthology.orchestra.run.smithi142.stdout:/usr/bin/ceph: stderr
2024-04-14T22:34:03.825+0000 7f4aaaffd700 1 --2- 172.21.15.142:0/3491410668 >> [v2:172.21.15.142:6800/2922531659,v1:172.21.15.142:6801/2922531659] conn(0x7f4a94038370 0x7f4a9403a830 unknown :-1 s=BANNER_CONNECTING pgs=0 cs=0 l=1 rev1=0 crypto rx=0 tx=0 comp rx=0 tx=0)._handle_peer_banner_payload supported=3 required=0
2024-04-14T22:34:04.546 INFO:teuthology.orchestra.run.smithi142.stdout:/usr/bin/ceph: stderr
2024-04-14T22:34:03.826+0000 7f4aaaffd700 1 --2- 172.21.15.142:0/3491410668 >> [v2:172.21.15.142:6800/2922531659,v1:172.21.15.142:6801/2922531659] conn(0x7f4a94038370 0x7f4a9403a830 secure :-1 s=READY pgs=21 cs=0 l=1 rev1=1 crypto rx=0x7f4aa0006fd0 tx=0x7f4aa0006e40 comp rx=0 tx=0).ready entity=mgr.14118 client_cookie=0 server_cookie=0 in_seq=0 out_seq=0
2024-04-14T22:34:04.546 INFO:teuthology.orchestra.run.smithi142.stdout:/usr/bin/ceph: stderr
2024-04-14T22:34:03.830+0000 7f4aa8ff9700 1 -- 172.21.15.142:0/3491410668 <== mon.0 v2:172.21.15.142:3300/0 6 ==== mon_command_ack([{"prefix": "get_command_descriptions"}]=0 v0) v1 ==== 72+0+180422 (secure 0 0 0) 0x7f4a9c010c20 con 0x7f4aac104820
2024-04-14T22:34:04.546 INFO:teuthology.orchestra.run.smithi142.stdout:/usr/bin/ceph: stderr
2024-04-14T22:34:04.017+0000 7f4ab1e65700 1 -- 172.21.15.142:0/3491410668 --> [v2:172.21.15.142:3300/0,v1:172.21.15.142:6789/0] -- mon_command([{prefix=config set, name=mgr/dashboard/ssl_server_port}] v 0) v1 -- 0x7f4aac106670 con 0x7f4aac104820
2024-04-14T22:34:04.546 INFO:teuthology.orchestra.run.smithi142.stdout:/usr/bin/ceph: stderr
2024-04-14T22:34:04.021+0000 7f4aa8ff9700 1 -- 172.21.15.142:0/3491410668 <== mon.0 v2:172.21.15.142:3300/0 7 ==== mon_command_ack([{prefix=config set, name=mgr/dashboard/ssl_server_port}]=0 v8)=0 v8) v1 ==== 130+0+0 (secure 0 0 0) 0x7f4a9c010830 con 0x7f4aac104820
2024-04-14T22:34:04.546 INFO:teuthology.orchestra.run.smithi142.stdout:/usr/bin/ceph: stderr
2024-04-14T22:34:04.023+0000 7f4ab1e65700 1 -- 172.21.15.142:0/3491410668 >> [v2:172.21.15.142:6800/2922531659,v1:172.21.15.142:6801/2922531659] conn(0x7f4a94038370 msgr2=0x7f4a9403a830 secure :-1 s=STATE_CONNECTION_ESTABLISHED l=1).mark_down
2024-04-14T22:34:04.546 INFO:teuthology.orchestra.run.smithi142.stdout:/usr/bin/ceph: stderr
2024-04-14T22:34:04.023+0000 7f4ab1e65700 1 --2- 172.21.15.142:0/3491410668 >> [v2:172.21.15.142:6800/2922531659,v1:172.21.15.142:6801/2922531659] conn(0x7f4a94038370 0x7f4a9403a830 secure :-1 s=READY pgs=21 cs=0 l=1 rev1=1 crypto rx=0x7f4aa0006fd0 tx=0x7f4aa0006e40 comp rx=0 tx=0).stop
2024-04-14T22:34:04.546 INFO:teuthology.orchestra.run.smithi142.stdout:/usr/bin/ceph: stderr
2024-04-14T22:34:04.023+0000 7f4ab1e65700 1 -- 172.21.15.142:0/3491410668 >> [v2:172.21.15.142:3300/0,v1:172.21.15.142:6789/0] conn(0x7f4aac104820 msgr2=0x7f4aac1071b0 secure :-1 s=STATE_CONNECTION_ESTABLISHED l=1).mark_down
2024-04-14T22:34:04.546 INFO:teuthology.orchestra.run.smithi142.stdout:/usr/bin/ceph: stderr
2024-04-14T22:34:04.023+0000 7f4ab1e65700 1 --2- 172.21.15.142:0/3491410668 >> [v2:172.21.15.142:3300/0,v1:172.21.15.142:6789/0] conn(0x7f4aac104820 0x7f4aac1071b0 secure :-1 s=READY pgs=64 cs=0 l=1 rev1=1 crypto rx=0x7f4a9c000c00 tx=0x7f4a9c011b50 comp rx=0 tx=0).stop
2024-04-14T22:34:04.546 INFO:teuthology.orchestra.run.smithi142.stdout:/usr/bin/ceph: stderr
2024-04-14T22:34:04.023+0000 7f4ab1e65700 1 -- 172.21.15.142:0/3491410668 shutdown_connections
2024-04-14T22:34:04.546 INFO:teuthology.orchestra.run.smithi142.stdout:/usr/bin/ceph: stderr
2024-04-14T22:34:04.023+0000 7f4ab1e65700 1 --2- 172.21.15.142:0/3491410668 >> [v2:172.21.15.142:6800/2922531659,v1:172.21.15.142:6801/2922531659] conn(0x7f4a94038370 0x7f4a9403a830 unknown :-1 s=CLOSED pgs=21 cs=0 l=1 rev1=1 crypto rx=0 tx=0 comp rx=0 tx=0).stop
2024-04-14T22:34:04.547 INFO:teuthology.orchestra.run.smithi142.stdout:/usr/bin/ceph: stderr
2024-04-14T22:34:04.023+0000 7f4ab1e65700 1 --2- 172.21.15.142:0/3491410668 >> [v2:172.21.15.142:3300/0,v1:172.21.15.142:6789/0] conn(0x7f4aac104820 0x7f4aac1071b0 unknown :-1 s=CLOSED pgs=64 cs=0 l=1 rev1=1 crypto rx=0 tx=0 comp rx=0 tx=0).stop
2024-04-14T22:34:04.547 INFO:teuthology.orchestra.run.smithi142.stdout:/usr/bin/ceph: stderr
2024-04-14T22:34:04.023+0000 7f4ab1e65700 1 -- 172.21.15.142:0/3491410668 >> 172.21.15.142:0/3491410668 conn(0x7f4aac100110 msgr2=0x7f4aac100ee0 unknown :-1 s=STATE_NONE l=0).mark_down
2024-04-14T22:34:04.547 INFO:teuthology.orchestra.run.smithi142.stdout:/usr/bin/ceph: stderr
2024-04-14T22:34:04.023+0000 7f4ab1e65700 1 -- 172.21.15.142:0/3491410668 shutdown_connections
2024-04-14T22:34:04.547 INFO:teuthology.orchestra.run.smithi142.stdout:/usr/bin/ceph: stderr
2024-04-14T22:34:04.024+0000 7f4ab1e65700 1 -- 172.21.15.142:0/3491410668 wait complete.
2024-04-14T22:34:04.547 INFO:teuthology.orchestra.run.smithi142.stdout:Enabling the dashboard module...
2024-04-14T22:34:05.208 INFO:journalctl@ceph.mon.smithi142.smithi142.stdout:Apr 14 22:34:05 smithi142 ceph-mon[29243]: from='client.? 172.21.15.142:0/3491410668' entity='client.admin'
2024-04-14T22:34:05.208 INFO:journalctl@ceph.mon.smithi142.smithi142.stdout:Apr 14 22:34:05 smithi142 ceph-mon[29243]: pgmap v5: 0 pgs: ; 0 B data, 0 B used, 0 B / 0 B avail
2024-04-14T22:34:06.287 INFO:journalctl@ceph.mon.smithi142.smithi142.stdout:Apr 14 22:34:06 smithi142 ceph-mon[29243]: from='client.? 172.21.15.142:0/3257591870' entity='client.admin' cmd=[{"prefix": "mgr module enable", "module": "dashboard"}]: dispatch
2024-04-14T22:34:06.582 INFO:teuthology.orchestra.run.smithi142.stdout:/usr/bin/ceph: stderr
2024-04-14T22:34:04.954+0000 7f32ad487700 1 Processor -- start
2024-04-14T22:34:06.582 INFO:teuthology.orchestra.run.smithi142.stdout:/usr/bin/ceph: stderr
2024-04-14T22:34:04.954+0000 7f32ad487700 1 -- start start
2024-04-14T22:34:06.582 INFO:teuthology.orchestra.run.smithi142.stdout:/usr/bin/ceph: stderr
2024-04-14T22:34:04.954+0000 7f32ad487700 1 --2- >> [v2:172.21.15.142:3300/0,v1:172.21.15.142:6789/0] conn(0x7f32a8106560 0x7f32a8106980 unknown :-1 s=NONE pgs=0 cs=0 l=0 rev1=0 crypto rx=0 tx=0 comp rx=0 tx=0).connect
2024-04-14T22:34:06.582 INFO:teuthology.orchestra.run.smithi142.stdout:/usr/bin/ceph: stderr
2024-04-14T22:34:04.954+0000 7f32ad487700 1 -- --> [v2:172.21.15.142:3300/0,v1:172.21.15.142:6789/0] -- mon_getmap magic: 0 v1 -- 0x7f32a8106f50 con 0x7f32a8106560
2024-04-14T22:34:06.582 INFO:teuthology.orchestra.run.smithi142.stdout:/usr/bin/ceph: stderr
2024-04-14T22:34:04.955+0000 7f32a6ffd700 1 --2- >> [v2:172.21.15.142:3300/0,v1:172.21.15.142:6789/0] conn(0x7f32a8106560 0x7f32a8106980 unknown :-1 s=BANNER_CONNECTING pgs=0 cs=0 l=0 rev1=0 crypto rx=0 tx=0 comp rx=0 tx=0)._handle_peer_banner_payload supported=3 required=0
2024-04-14T22:34:06.582 INFO:teuthology.orchestra.run.smithi142.stdout:/usr/bin/ceph: stderr
2024-04-14T22:34:04.955+0000 7f32a6ffd700 1 --2- >> [v2:172.21.15.142:3300/0,v1:172.21.15.142:6789/0] conn(0x7f32a8106560 0x7f32a8106980 unknown :-1 s=HELLO_CONNECTING pgs=0 cs=0 l=0 rev1=1 crypto rx=0 tx=0 comp rx=0 tx=0).handle_hello peer v2:172.21.15.142:3300/0 says I am v2:172.21.15.142:46452/0 (socket says 172.21.15.142:46452)
2024-04-14T22:34:06.582 INFO:teuthology.orchestra.run.smithi142.stdout:/usr/bin/ceph: stderr
2024-04-14T22:34:04.955+0000 7f32a6ffd700 1 -- 172.21.15.142:0/1650675729 learned_addr learned my addr 172.21.15.142:0/1650675729 (peer_addr_for_me v2:172.21.15.142:0/0)
2024-04-14T22:34:06.582 INFO:teuthology.orchestra.run.smithi142.stdout:/usr/bin/ceph: stderr
2024-04-14T22:34:04.955+0000 7f32a6ffd700 1 -- 172.21.15.142:0/1650675729 --> [v2:172.21.15.142:3300/0,v1:172.21.15.142:6789/0] -- mon_subscribe({config=0+,monmap=0+}) v3 -- 0x7f32a8107760 con 0x7f32a8106560
2024-04-14T22:34:06.583 INFO:teuthology.orchestra.run.smithi142.stdout:/usr/bin/ceph: stderr
2024-04-14T22:34:04.955+0000 7f32a6ffd700 1 --2- 172.21.15.142:0/1650675729 >> [v2:172.21.15.142:3300/0,v1:172.21.15.142:6789/0] conn(0x7f32a8106560 0x7f32a8106980 secure :-1 s=READY pgs=65 cs=0 l=1 rev1=1 crypto rx=0x7f3298009e80 tx=0x7f329800b330 comp rx=0 tx=0).ready entity=mon.0 client_cookie=81433967c3d0de8d server_cookie=0 in_seq=0 out_seq=0
2024-04-14T22:34:06.583 INFO:teuthology.orchestra.run.smithi142.stdout:/usr/bin/ceph: stderr
2024-04-14T22:34:04.955+0000 7f32a5ffb700 1 -- 172.21.15.142:0/1650675729 <== mon.0 v2:172.21.15.142:3300/0 1 ==== mon_map magic: 0 v1 ==== 229+0+0 (secure 0 0 0) 0x7f329800e070 con 0x7f32a8106560
2024-04-14T22:34:06.583 INFO:teuthology.orchestra.run.smithi142.stdout:/usr/bin/ceph: stderr
2024-04-14T22:34:04.955+0000 7f32a5ffb700 1 -- 172.21.15.142:0/1650675729 <== mon.0 v2:172.21.15.142:3300/0 2 ==== config(27 keys) v1 ==== 1101+0+0 (secure 0 0 0) 0x7f329800b8c0 con 0x7f32a8106560
2024-04-14T22:34:06.583 INFO:teuthology.orchestra.run.smithi142.stdout:/usr/bin/ceph: stderr
2024-04-14T22:34:04.955+0000 7f32a5ffb700 1 -- 172.21.15.142:0/1650675729 <== mon.0 v2:172.21.15.142:3300/0 3 ==== mon_map magic: 0 v1 ==== 229+0+0 (secure 0 0 0) 0x7f32980044d0 con 0x7f32a8106560
2024-04-14T22:34:06.583 INFO:teuthology.orchestra.run.smithi142.stdout:/usr/bin/ceph: stderr
2024-04-14T22:34:04.956+0000 7f32ad487700 1 -- 172.21.15.142:0/1650675729 >> [v2:172.21.15.142:3300/0,v1:172.21.15.142:6789/0] conn(0x7f32a8106560 msgr2=0x7f32a8106980 secure :-1 s=STATE_CONNECTION_ESTABLISHED l=1).mark_down
2024-04-14T22:34:06.583 INFO:teuthology.orchestra.run.smithi142.stdout:/usr/bin/ceph: stderr
2024-04-14T22:34:04.956+0000 7f32ad487700 1 --2- 172.21.15.142:0/1650675729 >> [v2:172.21.15.142:3300/0,v1:172.21.15.142:6789/0] conn(0x7f32a8106560 0x7f32a8106980 secure :-1 s=READY pgs=65 cs=0 l=1 rev1=1 crypto rx=0x7f3298009e80 tx=0x7f329800b330 comp rx=0 tx=0).stop
2024-04-14T22:34:06.583 INFO:teuthology.orchestra.run.smithi142.stdout:/usr/bin/ceph: stderr
2024-04-14T22:34:04.956+0000 7f32ad487700 1 -- 172.21.15.142:0/1650675729 shutdown_connections
2024-04-14T22:34:06.583 INFO:teuthology.orchestra.run.smithi142.stdout:/usr/bin/ceph: stderr
2024-04-14T22:34:04.956+0000 7f32ad487700 1 --2- 172.21.15.142:0/1650675729 >> [v2:172.21.15.142:3300/0,v1:172.21.15.142:6789/0] conn(0x7f32a8106560 0x7f32a8106980 unknown :-1 s=CLOSED pgs=65 cs=0 l=1 rev1=1 crypto rx=0 tx=0 comp rx=0 tx=0).stop
2024-04-14T22:34:06.583 INFO:teuthology.orchestra.run.smithi142.stdout:/usr/bin/ceph: stderr
2024-04-14T22:34:04.956+0000 7f32ad487700 1 -- 172.21.15.142:0/1650675729 >> 172.21.15.142:0/1650675729 conn(0x7f32a8101b40 msgr2=0x7f32a8103f60 unknown :-1 s=STATE_NONE l=0).mark_down
2024-04-14T22:34:06.583 INFO:teuthology.orchestra.run.smithi142.stdout:/usr/bin/ceph: stderr
2024-04-14T22:34:04.956+0000 7f32ad487700 1 -- 172.21.15.142:0/1650675729 shutdown_connections
2024-04-14T22:34:06.583 INFO:teuthology.orchestra.run.smithi142.stdout:/usr/bin/ceph: stderr
2024-04-14T22:34:04.956+0000 7f32ad487700 1 -- 172.21.15.142:0/1650675729 wait complete.
2024-04-14T22:34:06.583 INFO:teuthology.orchestra.run.smithi142.stdout:/usr/bin/ceph: stderr
2024-04-14T22:34:04.956+0000 7f32ad487700 1 Processor -- start
2024-04-14T22:34:06.583 INFO:teuthology.orchestra.run.smithi142.stdout:/usr/bin/ceph: stderr
2024-04-14T22:34:04.957+0000 7f32ad487700 1 -- start start
2024-04-14T22:34:06.583 INFO:teuthology.orchestra.run.smithi142.stdout:/usr/bin/ceph: stderr
2024-04-14T22:34:04.957+0000 7f32ad487700 1 --2- >> [v2:172.21.15.142:3300/0,v1:172.21.15.142:6789/0] conn(0x7f32a8106560 0x7f32a819c390 unknown :-1 s=NONE pgs=0 cs=0 l=1 rev1=0 crypto rx=0 tx=0 comp rx=0 tx=0).connect
2024-04-14T22:34:06.584 INFO:teuthology.orchestra.run.smithi142.stdout:/usr/bin/ceph: stderr
2024-04-14T22:34:04.957+0000 7f32ad487700 1 -- --> [v2:172.21.15.142:3300/0,v1:172.21.15.142:6789/0] -- mon_getmap magic: 0 v1 -- 0x7f32a819c8d0 con 0x7f32a8106560
2024-04-14T22:34:06.584 INFO:teuthology.orchestra.run.smithi142.stdout:/usr/bin/ceph: stderr
2024-04-14T22:34:04.957+0000 7f32a6ffd700 1 --2- >> [v2:172.21.15.142:3300/0,v1:172.21.15.142:6789/0] conn(0x7f32a8106560 0x7f32a819c390 unknown :-1 s=BANNER_CONNECTING pgs=0 cs=0 l=1 rev1=0 crypto rx=0 tx=0 comp rx=0 tx=0)._handle_peer_banner_payload supported=3 required=0
2024-04-14T22:34:06.584 INFO:teuthology.orchestra.run.smithi142.stdout:/usr/bin/ceph: stderr
2024-04-14T22:34:04.957+0000 7f32a6ffd700 1 --2- >> [v2:172.21.15.142:3300/0,v1:172.21.15.142:6789/0] conn(0x7f32a8106560 0x7f32a819c390 unknown :-1 s=HELLO_CONNECTING pgs=0 cs=0 l=1 rev1=1 crypto rx=0 tx=0 comp rx=0 tx=0).handle_hello peer v2:172.21.15.142:3300/0 says I am v2:172.21.15.142:46454/0 (socket says 172.21.15.142:46454)
2024-04-14T22:34:06.584 INFO:teuthology.orchestra.run.smithi142.stdout:/usr/bin/ceph: stderr
2024-04-14T22:34:04.957+0000 7f32a6ffd700 1 -- 172.21.15.142:0/3257591870 learned_addr learned my addr 172.21.15.142:0/3257591870 (peer_addr_for_me v2:172.21.15.142:0/0)
2024-04-14T22:34:06.584 INFO:teuthology.orchestra.run.smithi142.stdout:/usr/bin/ceph: stderr
2024-04-14T22:34:04.957+0000 7f32a6ffd700 1 -- 172.21.15.142:0/3257591870 --> [v2:172.21.15.142:3300/0,v1:172.21.15.142:6789/0] -- mon_subscribe({config=0+,monmap=0+}) v3 -- 0x7f3298009b30 con 0x7f32a8106560
2024-04-14T22:34:06.584 INFO:teuthology.orchestra.run.smithi142.stdout:/usr/bin/ceph: stderr
2024-04-14T22:34:04.957+0000 7f32a6ffd700 1 --2- 172.21.15.142:0/3257591870 >> [v2:172.21.15.142:3300/0,v1:172.21.15.142:6789/0] conn(0x7f32a8106560 0x7f32a819c390 secure :-1 s=READY pgs=66 cs=0 l=1 rev1=1 crypto rx=0x7f32980072a0 tx=0x7f32980049f0 comp rx=0 tx=0).ready entity=mon.0 client_cookie=0 server_cookie=0 in_seq=0 out_seq=0
2024-04-14T22:34:06.584 INFO:teuthology.orchestra.run.smithi142.stdout:/usr/bin/ceph: stderr
2024-04-14T22:34:04.957+0000 7f329ffff700 1 -- 172.21.15.142:0/3257591870 <== mon.0 v2:172.21.15.142:3300/0 1 ==== mon_map magic: 0 v1 ==== 229+0+0 (secure 0 0 0) 0x7f329800e040 con 0x7f32a8106560
2024-04-14T22:34:06.584 INFO:teuthology.orchestra.run.smithi142.stdout:/usr/bin/ceph: stderr
2024-04-14T22:34:04.957+0000 7f32ad487700 1 -- 172.21.15.142:0/3257591870 --> [v2:172.21.15.142:3300/0,v1:172.21.15.142:6789/0] -- mon_subscribe({mgrmap=0+}) v3 -- 0x7f32a819cad0 con 0x7f32a8106560
2024-04-14T22:34:06.584 INFO:teuthology.orchestra.run.smithi142.stdout:/usr/bin/ceph: stderr
2024-04-14T22:34:04.957+0000 7f329ffff700 1 -- 172.21.15.142:0/3257591870 <== mon.0 v2:172.21.15.142:3300/0 2 ==== config(27 keys) v1 ==== 1101+0+0 (secure 0 0 0) 0x7f329800bd80 con 0x7f32a8106560
2024-04-14T22:34:06.584 INFO:teuthology.orchestra.run.smithi142.stdout:/usr/bin/ceph: stderr
2024-04-14T22:34:04.957+0000 7f329ffff700 1 -- 172.21.15.142:0/3257591870 <== mon.0 v2:172.21.15.142:3300/0 3 ==== mon_map magic: 0 v1 ==== 229+0+0 (secure 0 0 0) 0x7f32980126c0 con 0x7f32a8106560
2024-04-14T22:34:06.584 INFO:teuthology.orchestra.run.smithi142.stdout:/usr/bin/ceph: stderr
2024-04-14T22:34:04.957+0000 7f32ad487700 1 -- 172.21.15.142:0/3257591870 --> [v2:172.21.15.142:3300/0,v1:172.21.15.142:6789/0] -- mon_subscribe({osdmap=0}) v3 -- 0x7f32a819cfd0 con 0x7f32a8106560
2024-04-14T22:34:06.584 INFO:teuthology.orchestra.run.smithi142.stdout:/usr/bin/ceph: stderr
2024-04-14T22:34:04.958+0000 7f329ffff700 1 -- 172.21.15.142:0/3257591870 <== mon.0 v2:172.21.15.142:3300/0 4 ==== mgrmap(e 8) v1 ==== 45283+0+0 (secure 0 0 0) 0x7f3298019040 con 0x7f32a8106560
2024-04-14T22:34:06.584 INFO:teuthology.orchestra.run.smithi142.stdout:/usr/bin/ceph: stderr
2024-04-14T22:34:04.958+0000 7f32ad487700 1 -- 172.21.15.142:0/3257591870 --> [v2:172.21.15.142:3300/0,v1:172.21.15.142:6789/0] -- mon_command({"prefix": "get_command_descriptions"} v 0) v1 -- 0x7f32a80623c0 con 0x7f32a8106560
2024-04-14T22:34:06.585 INFO:teuthology.orchestra.run.smithi142.stdout:/usr/bin/ceph: stderr
2024-04-14T22:34:04.958+0000 7f329ffff700 1 --2- 172.21.15.142:0/3257591870 >> [v2:172.21.15.142:6800/2922531659,v1:172.21.15.142:6801/2922531659] conn(0x7f32940382e0 0x7f329403a7a0 unknown :-1 s=NONE pgs=0 cs=0 l=1 rev1=0 crypto rx=0 tx=0 comp rx=0 tx=0).connect
2024-04-14T22:34:06.585 INFO:teuthology.orchestra.run.smithi142.stdout:/usr/bin/ceph: stderr
2024-04-14T22:34:04.958+0000 7f329ffff700 1 -- 172.21.15.142:0/3257591870 <== mon.0 v2:172.21.15.142:3300/0 5 ==== osd_map(2..2 src has 1..2) v4 ==== 940+0+0 (secure 0 0 0) 0x7f329804bd60 con 0x7f32a8106560
2024-04-14T22:34:06.585 INFO:teuthology.orchestra.run.smithi142.stdout:/usr/bin/ceph: stderr
2024-04-14T22:34:04.959+0000 7f32a67fc700 1 --2- 172.21.15.142:0/3257591870 >> [v2:172.21.15.142:6800/2922531659,v1:172.21.15.142:6801/2922531659] conn(0x7f32940382e0 0x7f329403a7a0 unknown :-1 s=BANNER_CONNECTING pgs=0 cs=0 l=1 rev1=0 crypto rx=0 tx=0 comp rx=0 tx=0)._handle_peer_banner_payload supported=3 required=0
2024-04-14T22:34:06.585 INFO:teuthology.orchestra.run.smithi142.stdout:/usr/bin/ceph: stderr
2024-04-14T22:34:04.959+0000 7f32a67fc700 1 --2- 172.21.15.142:0/3257591870 >> [v2:172.21.15.142:6800/2922531659,v1:172.21.15.142:6801/2922531659] conn(0x7f32940382e0 0x7f329403a7a0 secure :-1 s=READY pgs=22 cs=0 l=1 rev1=1 crypto rx=0x7f3290006fd0 tx=0x7f3290006e40 comp rx=0 tx=0).ready entity=mgr.14118 client_cookie=0 server_cookie=0 in_seq=0 out_seq=0
2024-04-14T22:34:06.585 INFO:teuthology.orchestra.run.smithi142.stdout:/usr/bin/ceph: stderr
2024-04-14T22:34:04.963+0000 7f329ffff700 1 -- 172.21.15.142:0/3257591870 <== mon.0 v2:172.21.15.142:3300/0 6 ==== mon_command_ack([{"prefix": "get_command_descriptions"}]=0 v0) v1 ==== 72+0+180422 (secure 0 0 0) 0x7f329801a570 con 0x7f32a8106560
2024-04-14T22:34:06.585 INFO:teuthology.orchestra.run.smithi142.stdout:/usr/bin/ceph: stderr
2024-04-14T22:34:05.208+0000 7f32ad487700 1 -- 172.21.15.142:0/3257591870 --> [v2:172.21.15.142:3300/0,v1:172.21.15.142:6789/0] -- mon_command({"prefix": "mgr module enable", "module": "dashboard"} v 0) v1 -- 0x7f32a810a950 con 0x7f32a8106560
2024-04-14T22:34:06.585 INFO:teuthology.orchestra.run.smithi142.stdout:/usr/bin/ceph: stderr
2024-04-14T22:34:06.026+0000 7f329ffff700 1 -- 172.21.15.142:0/3257591870 <== mon.0 v2:172.21.15.142:3300/0 7 ==== mgrmap(e 9) v1 ==== 45296+0+0 (secure 0 0 0) 0x7f3298051020 con 0x7f32a8106560
2024-04-14T22:34:06.585 INFO:teuthology.orchestra.run.smithi142.stdout:/usr/bin/ceph: stderr
2024-04-14T22:34:06.028+0000 7f329ffff700 1 -- 172.21.15.142:0/3257591870 <== mon.0 v2:172.21.15.142:3300/0 8 ==== mon_command_ack([{"prefix": "mgr module enable", "module": "dashboard"}]=0 v9) v1 ==== 88+0+0 (secure 0 0 0) 0x7f329801bb70 con 0x7f32a8106560
2024-04-14T22:34:06.585 INFO:teuthology.orchestra.run.smithi142.stdout:/usr/bin/ceph: stderr
2024-04-14T22:34:06.031+0000 7f32ad487700 1 -- 172.21.15.142:0/3257591870 >> [v2:172.21.15.142:6800/2922531659,v1:172.21.15.142:6801/2922531659] conn(0x7f32940382e0 msgr2=0x7f329403a7a0 secure :-1 s=STATE_CONNECTION_ESTABLISHED l=1).mark_down
2024-04-14T22:34:06.585 INFO:teuthology.orchestra.run.smithi142.stdout:/usr/bin/ceph: stderr
2024-04-14T22:34:06.031+0000 7f32ad487700 1 --2- 172.21.15.142:0/3257591870 >> [v2:172.21.15.142:6800/2922531659,v1:172.21.15.142:6801/2922531659] conn(0x7f32940382e0 0x7f329403a7a0 secure :-1 s=READY pgs=22 cs=0 l=1 rev1=1 crypto rx=0x7f3290006fd0 tx=0x7f3290006e40 comp rx=0 tx=0).stop
2024-04-14T22:34:06.585 INFO:teuthology.orchestra.run.smithi142.stdout:/usr/bin/ceph: stderr
2024-04-14T22:34:06.031+0000 7f32ad487700 1 -- 172.21.15.142:0/3257591870 >> [v2:172.21.15.142:3300/0,v1:172.21.15.142:6789/0] conn(0x7f32a8106560 msgr2=0x7f32a819c390 secure :-1 s=STATE_CONNECTION_ESTABLISHED l=1).mark_down
2024-04-14T22:34:06.585 INFO:teuthology.orchestra.run.smithi142.stdout:/usr/bin/ceph: stderr
2024-04-14T22:34:06.031+0000 7f32ad487700 1 --2- 172.21.15.142:0/3257591870 >> [v2:172.21.15.142:3300/0,v1:172.21.15.142:6789/0] conn(0x7f32a8106560 0x7f32a819c390 secure :-1 s=READY pgs=66 cs=0 l=1 rev1=1 crypto rx=0x7f32980072a0 tx=0x7f32980049f0 comp rx=0 tx=0).stop
2024-04-14T22:34:06.585 INFO:teuthology.orchestra.run.smithi142.stdout:/usr/bin/ceph: stderr
2024-04-14T22:34:06.031+0000 7f32ad487700 1 -- 172.21.15.142:0/3257591870 shutdown_connections
2024-04-14T22:34:06.585 INFO:teuthology.orchestra.run.smithi142.stdout:/usr/bin/ceph: stderr
2024-04-14T22:34:06.031+0000 7f32ad487700 1 --2- 172.21.15.142:0/3257591870 >> [v2:172.21.15.142:6800/2922531659,v1:172.21.15.142:6801/2922531659] conn(0x7f32940382e0 0x7f329403a7a0 unknown :-1 s=CLOSED pgs=22 cs=0 l=1 rev1=1 crypto rx=0 tx=0 comp rx=0 tx=0).stop
2024-04-14T22:34:06.586 INFO:teuthology.orchestra.run.smithi142.stdout:/usr/bin/ceph: stderr
2024-04-14T22:34:06.031+0000 7f32ad487700 1 --2- 172.21.15.142:0/3257591870 >> [v2:172.21.15.142:3300/0,v1:172.21.15.142:6789/0] conn(0x7f32a8106560 0x7f32a819c390 unknown :-1 s=CLOSED pgs=66 cs=0 l=1 rev1=1 crypto rx=0 tx=0 comp rx=0 tx=0).stop
2024-04-14T22:34:06.586 INFO:teuthology.orchestra.run.smithi142.stdout:/usr/bin/ceph: stderr
2024-04-14T22:34:06.031+0000 7f32ad487700 1 -- 172.21.15.142:0/3257591870 >> 172.21.15.142:0/3257591870 conn(0x7f32a8101b40 msgr2=0x7f32a8102820 unknown :-1 s=STATE_NONE l=0).mark_down
2024-04-14T22:34:06.586 INFO:teuthology.orchestra.run.smithi142.stdout:/usr/bin/ceph: stderr
2024-04-14T22:34:06.031+0000 7f32ad487700 1 -- 172.21.15.142:0/3257591870 shutdown_connections
2024-04-14T22:34:06.586 INFO:teuthology.orchestra.run.smithi142.stdout:/usr/bin/ceph: stderr
2024-04-14T22:34:06.031+0000 7f32ad487700 1 -- 172.21.15.142:0/3257591870 wait complete.
2024-04-14T22:34:07.239 INFO:journalctl@ceph.mon.smithi142.smithi142.stdout:Apr 14 22:34:07 smithi142 ceph-mon[29243]: from='client.? 172.21.15.142:0/3257591870' entity='client.admin' cmd='[{"prefix": "mgr module enable", "module": "dashboard"}]': finished
2024-04-14T22:34:07.240 INFO:journalctl@ceph.mon.smithi142.smithi142.stdout:Apr 14 22:34:07 smithi142 ceph-mon[29243]: mgrmap e9: smithi142.gwhhtq(active, since 25s)
2024-04-14T22:34:07.947 INFO:teuthology.orchestra.run.smithi142.stdout:/usr/bin/ceph: stdout {
2024-04-14T22:34:07.947 INFO:teuthology.orchestra.run.smithi142.stdout:/usr/bin/ceph: stdout "epoch": 9,
2024-04-14T22:34:07.947 INFO:teuthology.orchestra.run.smithi142.stdout:/usr/bin/ceph: stdout "available": true,
2024-04-14T22:34:07.947 INFO:teuthology.orchestra.run.smithi142.stdout:/usr/bin/ceph: stdout "active_name": "smithi142.gwhhtq",
2024-04-14T22:34:07.947 INFO:teuthology.orchestra.run.smithi142.stdout:/usr/bin/ceph: stdout "num_standby": 0
2024-04-14T22:34:07.947 INFO:teuthology.orchestra.run.smithi142.stdout:/usr/bin/ceph: stdout }
2024-04-14T22:34:07.947 INFO:teuthology.orchestra.run.smithi142.stdout:/usr/bin/ceph: stderr
2024-04-14T22:34:07.034+0000 7fdefa456700 1 Processor -- start
2024-04-14T22:34:07.948 INFO:teuthology.orchestra.run.smithi142.stdout:/usr/bin/ceph: stderr
2024-04-14T22:34:07.034+0000 7fdefa456700 1 -- start start
2024-04-14T22:34:07.948 INFO:teuthology.orchestra.run.smithi142.stdout:/usr/bin/ceph: stderr
2024-04-14T22:34:07.034+0000 7fdefa456700 1 --2- >> [v2:172.21.15.142:3300/0,v1:172.21.15.142:6789/0] conn(0x7fdef4105470 0x7fdef4105890 unknown :-1 s=NONE pgs=0 cs=0 l=0 rev1=0 crypto rx=0 tx=0 comp rx=0 tx=0).connect
2024-04-14T22:34:07.948 INFO:teuthology.orchestra.run.smithi142.stdout:/usr/bin/ceph: stderr
2024-04-14T22:34:07.034+0000 7fdefa456700 1 -- --> [v2:172.21.15.142:3300/0,v1:172.21.15.142:6789/0] -- mon_getmap magic: 0 v1 -- 0x7fdef4105e60 con 0x7fdef4105470
2024-04-14T22:34:07.948 INFO:teuthology.orchestra.run.smithi142.stdout:/usr/bin/ceph: stderr
2024-04-14T22:34:07.034+0000 7fdef3fff700 1 --2- >> [v2:172.21.15.142:3300/0,v1:172.21.15.142:6789/0] conn(0x7fdef4105470 0x7fdef4105890 unknown :-1 s=BANNER_CONNECTING pgs=0 cs=0 l=0 rev1=0 crypto rx=0 tx=0 comp rx=0 tx=0)._handle_peer_banner_payload supported=3 required=0
2024-04-14T22:34:07.948 INFO:teuthology.orchestra.run.smithi142.stdout:/usr/bin/ceph: stderr
2024-04-14T22:34:07.034+0000 7fdef3fff700 1 --2- >> [v2:172.21.15.142:3300/0,v1:172.21.15.142:6789/0] conn(0x7fdef4105470 0x7fdef4105890 unknown :-1 s=HELLO_CONNECTING pgs=0 cs=0 l=0 rev1=1 crypto rx=0 tx=0 comp rx=0 tx=0).handle_hello peer v2:172.21.15.142:3300/0 says I am v2:172.21.15.142:46472/0 (socket says 172.21.15.142:46472)
2024-04-14T22:34:07.948 INFO:teuthology.orchestra.run.smithi142.stdout:/usr/bin/ceph: stderr
2024-04-14T22:34:07.034+0000 7fdef3fff700 1 -- 172.21.15.142:0/1303557 learned_addr learned my addr 172.21.15.142:0/1303557 (peer_addr_for_me v2:172.21.15.142:0/0)
2024-04-14T22:34:07.948 INFO:teuthology.orchestra.run.smithi142.stdout:/usr/bin/ceph: stderr
2024-04-14T22:34:07.035+0000 7fdef3fff700 1 -- 172.21.15.142:0/1303557 --> [v2:172.21.15.142:3300/0,v1:172.21.15.142:6789/0] -- mon_subscribe({config=0+,monmap=0+}) v3 -- 0x7fdef4106670 con 0x7fdef4105470
2024-04-14T22:34:07.948 INFO:teuthology.orchestra.run.smithi142.stdout:/usr/bin/ceph: stderr
2024-04-14T22:34:07.035+0000 7fdef3fff700 1 --2- 172.21.15.142:0/1303557 >> [v2:172.21.15.142:3300/0,v1:172.21.15.142:6789/0] conn(0x7fdef4105470 0x7fdef4105890 secure :-1 s=READY pgs=69 cs=0 l=1 rev1=1 crypto rx=0x7fdee80098a0 tx=0x7fdee8009bb0 comp rx=0 tx=0).ready entity=mon.0 client_cookie=2426c175c833b4d8 server_cookie=0 in_seq=0 out_seq=0
2024-04-14T22:34:07.948 INFO:teuthology.orchestra.run.smithi142.stdout:/usr/bin/ceph: stderr
2024-04-14T22:34:07.035+0000 7fdef2ffd700 1 -- 172.21.15.142:0/1303557 <== mon.0 v2:172.21.15.142:3300/0 1 ==== mon_map magic: 0 v1 ==== 229+0+0 (secure 0 0 0) 0x7fdee8004180 con 0x7fdef4105470
2024-04-14T22:34:07.948 INFO:teuthology.orchestra.run.smithi142.stdout:/usr/bin/ceph: stderr
2024-04-14T22:34:07.035+0000 7fdef2ffd700 1 -- 172.21.15.142:0/1303557 <== mon.0 v2:172.21.15.142:3300/0 2 ==== config(27 keys) v1 ==== 1101+0+0 (secure 0 0 0) 0x7fdee80042e0 con 0x7fdef4105470
2024-04-14T22:34:07.948 INFO:teuthology.orchestra.run.smithi142.stdout:/usr/bin/ceph: stderr
2024-04-14T22:34:07.035+0000 7fdef2ffd700 1 -- 172.21.15.142:0/1303557 <== mon.0 v2:172.21.15.142:3300/0 3 ==== mon_map magic: 0 v1 ==== 229+0+0 (secure 0 0 0) 0x7fdee8011af0 con 0x7fdef4105470
2024-04-14T22:34:07.948 INFO:teuthology.orchestra.run.smithi142.stdout:/usr/bin/ceph: stderr
2024-04-14T22:34:07.036+0000 7fdefa456700 1 -- 172.21.15.142:0/1303557 >> [v2:172.21.15.142:3300/0,v1:172.21.15.142:6789/0] conn(0x7fdef4105470 msgr2=0x7fdef4105890 secure :-1 s=STATE_CONNECTION_ESTABLISHED l=1).mark_down
2024-04-14T22:34:07.948 INFO:teuthology.orchestra.run.smithi142.stdout:/usr/bin/ceph: stderr
2024-04-14T22:34:07.036+0000 7fdefa456700 1 --2- 172.21.15.142:0/1303557 >> [v2:172.21.15.142:3300/0,v1:172.21.15.142:6789/0] conn(0x7fdef4105470 0x7fdef4105890 secure :-1 s=READY pgs=69 cs=0 l=1 rev1=1 crypto rx=0x7fdee80098a0 tx=0x7fdee8009bb0 comp rx=0 tx=0).stop
2024-04-14T22:34:07.949 INFO:teuthology.orchestra.run.smithi142.stdout:/usr/bin/ceph: stderr
2024-04-14T22:34:07.036+0000 7fdefa456700 1 -- 172.21.15.142:0/1303557 shutdown_connections
2024-04-14T22:34:07.949 INFO:teuthology.orchestra.run.smithi142.stdout:/usr/bin/ceph: stderr
