2024-04-14T22:33:43.440+0000 7f0c5affd700 1 -- 172.21.15.142:0/4252689568 <== mon.0 v2:172.21.15.142:3300/0 2 ==== config(27 keys) v1 ==== 1037+0+0 (secure 0 0 0) 0x7f0c4c0042e0 con 0x7f0c5c104830
2024-04-14T22:33:44.171 INFO:teuthology.orchestra.run.smithi142.stdout:/usr/bin/ceph: stderr
2024-04-14T22:33:43.440+0000 7f0c5affd700 1 -- 172.21.15.142:0/4252689568 <== mon.0 v2:172.21.15.142:3300/0 3 ==== mon_map magic: 0 v1 ==== 229+0+0 (secure 0 0 0) 0x7f0c4c011a50 con 0x7f0c5c104830
2024-04-14T22:33:44.171 INFO:teuthology.orchestra.run.smithi142.stdout:/usr/bin/ceph: stderr
2024-04-14T22:33:43.440+0000 7f0c62547700 1 -- 172.21.15.142:0/4252689568 >> [v2:172.21.15.142:3300/0,v1:172.21.15.142:6789/0] conn(0x7f0c5c104830 msgr2=0x7f0c5c104c50 secure :-1 s=STATE_CONNECTION_ESTABLISHED l=1).mark_down
2024-04-14T22:33:44.171 INFO:teuthology.orchestra.run.smithi142.stdout:/usr/bin/ceph: stderr
2024-04-14T22:33:43.440+0000 7f0c62547700 1 --2- 172.21.15.142:0/4252689568 >> [v2:172.21.15.142:3300/0,v1:172.21.15.142:6789/0] conn(0x7f0c5c104830 0x7f0c5c104c50 secure :-1 s=READY pgs=37 cs=0 l=1 rev1=1 crypto rx=0x7f0c4c0098a0 tx=0x7f0c4c009bb0 comp rx=0 tx=0).stop
2024-04-14T22:33:44.171 INFO:teuthology.orchestra.run.smithi142.stdout:/usr/bin/ceph: stderr
2024-04-14T22:33:43.440+0000 7f0c62547700 1 -- 172.21.15.142:0/4252689568 shutdown_connections
2024-04-14T22:33:44.171 INFO:teuthology.orchestra.run.smithi142.stdout:/usr/bin/ceph: stderr
2024-04-14T22:33:43.440+0000 7f0c62547700 1 --2- 172.21.15.142:0/4252689568 >> [v2:172.21.15.142:3300/0,v1:172.21.15.142:6789/0] conn(0x7f0c5c104830 0x7f0c5c104c50 unknown :-1 s=CLOSED pgs=37 cs=0 l=1 rev1=1 crypto rx=0 tx=0 comp rx=0 tx=0).stop
2024-04-14T22:33:44.171 INFO:teuthology.orchestra.run.smithi142.stdout:/usr/bin/ceph: stderr
2024-04-14T22:33:43.440+0000 7f0c62547700 1 -- 172.21.15.142:0/4252689568 >> 172.21.15.142:0/4252689568 conn(0x7f0c5c100190 msgr2=0x7f0c5c1025d0 unknown :-1 s=STATE_NONE l=0).mark_down
2024-04-14T22:33:44.171 INFO:teuthology.orchestra.run.smithi142.stdout:/usr/bin/ceph: stderr
2024-04-14T22:33:43.440+0000 7f0c62547700 1 -- 172.21.15.142:0/4252689568 shutdown_connections
2024-04-14T22:33:44.171 INFO:teuthology.orchestra.run.smithi142.stdout:/usr/bin/ceph: stderr
2024-04-14T22:33:43.440+0000 7f0c62547700 1 -- 172.21.15.142:0/4252689568 wait complete.
2024-04-14T22:33:44.171 INFO:teuthology.orchestra.run.smithi142.stdout:/usr/bin/ceph: stderr
2024-04-14T22:33:43.441+0000 7f0c62547700 1 Processor -- start
2024-04-14T22:33:44.171 INFO:teuthology.orchestra.run.smithi142.stdout:/usr/bin/ceph: stderr
2024-04-14T22:33:43.441+0000 7f0c62547700 1 -- start start
2024-04-14T22:33:44.171 INFO:teuthology.orchestra.run.smithi142.stdout:/usr/bin/ceph: stderr
2024-04-14T22:33:43.441+0000 7f0c62547700 1 --2- >> [v2:172.21.15.142:3300/0,v1:172.21.15.142:6789/0] conn(0x7f0c5c104830 0x7f0c5c19c410 unknown :-1 s=NONE pgs=0 cs=0 l=1 rev1=0 crypto rx=0 tx=0 comp rx=0 tx=0).connect
2024-04-14T22:33:44.171 INFO:teuthology.orchestra.run.smithi142.stdout:/usr/bin/ceph: stderr
2024-04-14T22:33:43.441+0000 7f0c62547700 1 -- --> [v2:172.21.15.142:3300/0,v1:172.21.15.142:6789/0] -- mon_getmap magic: 0 v1 -- 0x7f0c5c19c950 con 0x7f0c5c104830
2024-04-14T22:33:44.172 INFO:teuthology.orchestra.run.smithi142.stdout:/usr/bin/ceph: stderr
2024-04-14T22:33:43.441+0000 7f0c5bfff700 1 --2- >> [v2:172.21.15.142:3300/0,v1:172.21.15.142:6789/0] conn(0x7f0c5c104830 0x7f0c5c19c410 unknown :-1 s=BANNER_CONNECTING pgs=0 cs=0 l=1 rev1=0 crypto rx=0 tx=0 comp rx=0 tx=0)._handle_peer_banner_payload supported=3 required=0
2024-04-14T22:33:44.172 INFO:teuthology.orchestra.run.smithi142.stdout:/usr/bin/ceph: stderr
2024-04-14T22:33:43.441+0000 7f0c5bfff700 1 --2- >> [v2:172.21.15.142:3300/0,v1:172.21.15.142:6789/0] conn(0x7f0c5c104830 0x7f0c5c19c410 unknown :-1 s=HELLO_CONNECTING pgs=0 cs=0 l=1 rev1=1 crypto rx=0 tx=0 comp rx=0 tx=0).handle_hello peer v2:172.21.15.142:3300/0 says I am v2:172.21.15.142:42098/0 (socket says 172.21.15.142:42098)
2024-04-14T22:33:44.172 INFO:teuthology.orchestra.run.smithi142.stdout:/usr/bin/ceph: stderr
2024-04-14T22:33:43.441+0000 7f0c5bfff700 1 -- 172.21.15.142:0/4058780254 learned_addr learned my addr 172.21.15.142:0/4058780254 (peer_addr_for_me v2:172.21.15.142:0/0)
2024-04-14T22:33:44.172 INFO:teuthology.orchestra.run.smithi142.stdout:/usr/bin/ceph: stderr
2024-04-14T22:33:43.441+0000 7f0c5bfff700 1 -- 172.21.15.142:0/4058780254 --> [v2:172.21.15.142:3300/0,v1:172.21.15.142:6789/0] -- mon_subscribe({config=0+,monmap=0+}) v3 -- 0x7f0c4c009550 con 0x7f0c5c104830
2024-04-14T22:33:44.172 INFO:teuthology.orchestra.run.smithi142.stdout:/usr/bin/ceph: stderr
2024-04-14T22:33:43.442+0000 7f0c5bfff700 1 --2- 172.21.15.142:0/4058780254 >> [v2:172.21.15.142:3300/0,v1:172.21.15.142:6789/0] conn(0x7f0c5c104830 0x7f0c5c19c410 secure :-1 s=READY pgs=38 cs=0 l=1 rev1=1 crypto rx=0x7f0c4c000c00 tx=0x7f0c4c011ab0 comp rx=0 tx=0).ready entity=mon.0 client_cookie=0 server_cookie=0 in_seq=0 out_seq=0
2024-04-14T22:33:44.172 INFO:teuthology.orchestra.run.smithi142.stdout:/usr/bin/ceph: stderr
2024-04-14T22:33:43.442+0000 7f0c597fa700 1 -- 172.21.15.142:0/4058780254 <== mon.0 v2:172.21.15.142:3300/0 1 ==== mon_map magic: 0 v1 ==== 229+0+0 (secure 0 0 0) 0x7f0c4c003b90 con 0x7f0c5c104830
2024-04-14T22:33:44.172 INFO:teuthology.orchestra.run.smithi142.stdout:/usr/bin/ceph: stderr
2024-04-14T22:33:43.442+0000 7f0c62547700 1 -- 172.21.15.142:0/4058780254 --> [v2:172.21.15.142:3300/0,v1:172.21.15.142:6789/0] -- mon_subscribe({mgrmap=0+}) v3 -- 0x7f0c5c19cb50 con 0x7f0c5c104830
2024-04-14T22:33:44.172 INFO:teuthology.orchestra.run.smithi142.stdout:/usr/bin/ceph: stderr
2024-04-14T22:33:43.442+0000 7f0c597fa700 1 -- 172.21.15.142:0/4058780254 <== mon.0 v2:172.21.15.142:3300/0 2 ==== config(27 keys) v1 ==== 1037+0+0 (secure 0 0 0) 0x7f0c4c0248b0 con 0x7f0c5c104830
2024-04-14T22:33:44.172 INFO:teuthology.orchestra.run.smithi142.stdout:/usr/bin/ceph: stderr
2024-04-14T22:33:43.442+0000 7f0c597fa700 1 -- 172.21.15.142:0/4058780254 <== mon.0 v2:172.21.15.142:3300/0 3 ==== mon_map magic: 0 v1 ==== 229+0+0 (secure 0 0 0) 0x7f0c4c01a8e0 con 0x7f0c5c104830
2024-04-14T22:33:44.172 INFO:teuthology.orchestra.run.smithi142.stdout:/usr/bin/ceph: stderr
2024-04-14T22:33:43.442+0000 7f0c62547700 1 -- 172.21.15.142:0/4058780254 --> [v2:172.21.15.142:3300/0,v1:172.21.15.142:6789/0] -- mon_subscribe({osdmap=0}) v3 -- 0x7f0c5c19cff0 con 0x7f0c5c104830
2024-04-14T22:33:44.172 INFO:teuthology.orchestra.run.smithi142.stdout:/usr/bin/ceph: stderr
2024-04-14T22:33:43.443+0000 7f0c597fa700 1 -- 172.21.15.142:0/4058780254 <== mon.0 v2:172.21.15.142:3300/0 4 ==== mgrmap(e 8) v1 ==== 45283+0+0 (secure 0 0 0) 0x7f0c4c01aba0 con 0x7f0c5c104830
2024-04-14T22:33:44.172 INFO:teuthology.orchestra.run.smithi142.stdout:/usr/bin/ceph: stderr
2024-04-14T22:33:43.443+0000 7f0c62547700 1 -- 172.21.15.142:0/4058780254 --> [v2:172.21.15.142:3300/0,v1:172.21.15.142:6789/0] -- mon_command({"prefix": "get_command_descriptions"} v 0) v1 -- 0x7f0c5c0623c0 con 0x7f0c5c104830
2024-04-14T22:33:44.172 INFO:teuthology.orchestra.run.smithi142.stdout:/usr/bin/ceph: stderr
2024-04-14T22:33:43.443+0000 7f0c597fa700 1 --2- 172.21.15.142:0/4058780254 >> [v2:172.21.15.142:6800/2922531659,v1:172.21.15.142:6801/2922531659] conn(0x7f0c44038320 0x7f0c4403a7e0 unknown :-1 s=NONE pgs=0 cs=0 l=1 rev1=0 crypto rx=0 tx=0 comp rx=0 tx=0).connect
2024-04-14T22:33:44.172 INFO:teuthology.orchestra.run.smithi142.stdout:/usr/bin/ceph: stderr
2024-04-14T22:33:43.443+0000 7f0c597fa700 1 -- 172.21.15.142:0/4058780254 <== mon.0 v2:172.21.15.142:3300/0 5 ==== osd_map(2..2 src has 1..2) v4 ==== 940+0+0 (secure 0 0 0) 0x7f0c4c04c3e0 con 0x7f0c5c104830
2024-04-14T22:33:44.173 INFO:teuthology.orchestra.run.smithi142.stdout:/usr/bin/ceph: stderr
2024-04-14T22:33:43.443+0000 7f0c5b7fe700 1 --2- 172.21.15.142:0/4058780254 >> [v2:172.21.15.142:6800/2922531659,v1:172.21.15.142:6801/2922531659] conn(0x7f0c44038320 0x7f0c4403a7e0 unknown :-1 s=BANNER_CONNECTING pgs=0 cs=0 l=1 rev1=0 crypto rx=0 tx=0 comp rx=0 tx=0)._handle_peer_banner_payload supported=3 required=0
2024-04-14T22:33:44.173 INFO:teuthology.orchestra.run.smithi142.stdout:/usr/bin/ceph: stderr
2024-04-14T22:33:43.443+0000 7f0c5b7fe700 1 --2- 172.21.15.142:0/4058780254 >> [v2:172.21.15.142:6800/2922531659,v1:172.21.15.142:6801/2922531659] conn(0x7f0c44038320 0x7f0c4403a7e0 secure :-1 s=READY pgs=8 cs=0 l=1 rev1=1 crypto rx=0x7f0c50006fd0 tx=0x7f0c50006e40 comp rx=0 tx=0).ready entity=mgr.14118 client_cookie=0 server_cookie=0 in_seq=0 out_seq=0
2024-04-14T22:33:44.173 INFO:teuthology.orchestra.run.smithi142.stdout:/usr/bin/ceph: stderr
2024-04-14T22:33:43.448+0000 7f0c597fa700 1 -- 172.21.15.142:0/4058780254 <== mon.0 v2:172.21.15.142:3300/0 6 ==== mon_command_ack([{"prefix": "get_command_descriptions"}]=0 v0) v1 ==== 72+0+180422 (secure 0 0 0) 0x7f0c4c0233a0 con 0x7f0c5c104830
2024-04-14T22:33:44.173 INFO:teuthology.orchestra.run.smithi142.stdout:/usr/bin/ceph: stderr
2024-04-14T22:33:43.638+0000 7f0c62547700 1 -- 172.21.15.142:0/4058780254 --> [v2:172.21.15.142:6800/2922531659,v1:172.21.15.142:6801/2922531659] -- mgr_command(tid 0: {"prefix": "cephadm set-user", "user": "root", "target": ["mon-mgr", ""]}) v1 -- 0x7f0c5c101630 con 0x7f0c44038320
2024-04-14T22:33:44.173 INFO:teuthology.orchestra.run.smithi142.stdout:/usr/bin/ceph: stderr
2024-04-14T22:33:43.639+0000 7f0c597fa700 1 -- 172.21.15.142:0/4058780254 <== mgr.14118 v2:172.21.15.142:6800/2922531659 1 ==== mgr_command_reply(tid 0: 0 ) v1 ==== 8+0+16 (secure 0 0 0) 0x7f0c5c101630 con 0x7f0c44038320
2024-04-14T22:33:44.173 INFO:teuthology.orchestra.run.smithi142.stdout:/usr/bin/ceph: stderr
2024-04-14T22:33:43.641+0000 7f0c62547700 1 -- 172.21.15.142:0/4058780254 >> [v2:172.21.15.142:6800/2922531659,v1:172.21.15.142:6801/2922531659] conn(0x7f0c44038320 msgr2=0x7f0c4403a7e0 secure :-1 s=STATE_CONNECTION_ESTABLISHED l=1).mark_down
2024-04-14T22:33:44.173 INFO:teuthology.orchestra.run.smithi142.stdout:/usr/bin/ceph: stderr
2024-04-14T22:33:43.641+0000 7f0c62547700 1 --2- 172.21.15.142:0/4058780254 >> [v2:172.21.15.142:6800/2922531659,v1:172.21.15.142:6801/2922531659] conn(0x7f0c44038320 0x7f0c4403a7e0 secure :-1 s=READY pgs=8 cs=0 l=1 rev1=1 crypto rx=0x7f0c50006fd0 tx=0x7f0c50006e40 comp rx=0 tx=0).stop
2024-04-14T22:33:44.173 INFO:teuthology.orchestra.run.smithi142.stdout:/usr/bin/ceph: stderr
2024-04-14T22:33:43.641+0000 7f0c62547700 1 -- 172.21.15.142:0/4058780254 >> [v2:172.21.15.142:3300/0,v1:172.21.15.142:6789/0] conn(0x7f0c5c104830 msgr2=0x7f0c5c19c410 secure :-1 s=STATE_CONNECTION_ESTABLISHED l=1).mark_down
2024-04-14T22:33:44.173 INFO:teuthology.orchestra.run.smithi142.stdout:/usr/bin/ceph: stderr
2024-04-14T22:33:43.641+0000 7f0c62547700 1 --2- 172.21.15.142:0/4058780254 >> [v2:172.21.15.142:3300/0,v1:172.21.15.142:6789/0] conn(0x7f0c5c104830 0x7f0c5c19c410 secure :-1 s=READY pgs=38 cs=0 l=1 rev1=1 crypto rx=0x7f0c4c000c00 tx=0x7f0c4c011ab0 comp rx=0 tx=0).stop
2024-04-14T22:33:44.173 INFO:teuthology.orchestra.run.smithi142.stdout:/usr/bin/ceph: stderr
2024-04-14T22:33:43.641+0000 7f0c62547700 1 -- 172.21.15.142:0/4058780254 shutdown_connections
2024-04-14T22:33:44.173 INFO:teuthology.orchestra.run.smithi142.stdout:/usr/bin/ceph: stderr
2024-04-14T22:33:43.641+0000 7f0c62547700 1 --2- 172.21.15.142:0/4058780254 >> [v2:172.21.15.142:6800/2922531659,v1:172.21.15.142:6801/2922531659] conn(0x7f0c44038320 0x7f0c4403a7e0 unknown :-1 s=CLOSED pgs=8 cs=0 l=1 rev1=1 crypto rx=0 tx=0 comp rx=0 tx=0).stop
2024-04-14T22:33:44.173 INFO:teuthology.orchestra.run.smithi142.stdout:/usr/bin/ceph: stderr
2024-04-14T22:33:43.641+0000 7f0c62547700 1 --2- 172.21.15.142:0/4058780254 >> [v2:172.21.15.142:3300/0,v1:172.21.15.142:6789/0] conn(0x7f0c5c104830 0x7f0c5c19c410 unknown :-1 s=CLOSED pgs=38 cs=0 l=1 rev1=1 crypto rx=0 tx=0 comp rx=0 tx=0).stop
2024-04-14T22:33:44.173 INFO:teuthology.orchestra.run.smithi142.stdout:/usr/bin/ceph: stderr
2024-04-14T22:33:43.641+0000 7f0c62547700 1 -- 172.21.15.142:0/4058780254 >> 172.21.15.142:0/4058780254 conn(0x7f0c5c100190 msgr2=0x7f0c5c100f20 unknown :-1 s=STATE_NONE l=0).mark_down
2024-04-14T22:33:44.174 INFO:teuthology.orchestra.run.smithi142.stdout:/usr/bin/ceph: stderr
2024-04-14T22:33:43.641+0000 7f0c62547700 1 -- 172.21.15.142:0/4058780254 shutdown_connections
2024-04-14T22:33:44.174 INFO:teuthology.orchestra.run.smithi142.stdout:/usr/bin/ceph: stderr
2024-04-14T22:33:43.641+0000 7f0c62547700 1 -- 172.21.15.142:0/4058780254 wait complete.
2024-04-14T22:33:44.174 INFO:teuthology.orchestra.run.smithi142.stdout:Generating ssh key...
2024-04-14T22:33:44.787 INFO:journalctl@ceph.mon.smithi142.smithi142.stdout:Apr 14 22:33:44 smithi142 ceph-mon[29243]: from='client.14132 -' entity='client.admin' cmd=[{"prefix": "cephadm set-user", "user": "root", "target": ["mon-mgr", ""]}]: dispatch
2024-04-14T22:33:45.475 INFO:teuthology.orchestra.run.smithi142.stdout:/usr/bin/ceph: stderr
2024-04-14T22:33:44.596+0000 7f136864e700 1 Processor -- start
2024-04-14T22:33:45.475 INFO:teuthology.orchestra.run.smithi142.stdout:/usr/bin/ceph: stderr
2024-04-14T22:33:44.597+0000 7f136864e700 1 -- start start
2024-04-14T22:33:45.475 INFO:teuthology.orchestra.run.smithi142.stdout:/usr/bin/ceph: stderr
2024-04-14T22:33:44.597+0000 7f136864e700 1 --2- >> [v2:172.21.15.142:3300/0,v1:172.21.15.142:6789/0] conn(0x7f1360105460 0x7f1360105880 unknown :-1 s=NONE pgs=0 cs=0 l=0 rev1=0 crypto rx=0 tx=0 comp rx=0 tx=0).connect
2024-04-14T22:33:45.475 INFO:teuthology.orchestra.run.smithi142.stdout:/usr/bin/ceph: stderr
2024-04-14T22:33:44.597+0000 7f136864e700 1 -- --> [v2:172.21.15.142:3300/0,v1:172.21.15.142:6789/0] -- mon_getmap magic: 0 v1 -- 0x7f1360105e50 con 0x7f1360105460
2024-04-14T22:33:45.475 INFO:teuthology.orchestra.run.smithi142.stdout:/usr/bin/ceph: stderr
2024-04-14T22:33:44.597+0000 7f13663ea700 1 --2- >> [v2:172.21.15.142:3300/0,v1:172.21.15.142:6789/0] conn(0x7f1360105460 0x7f1360105880 unknown :-1 s=BANNER_CONNECTING pgs=0 cs=0 l=0 rev1=0 crypto rx=0 tx=0 comp rx=0 tx=0)._handle_peer_banner_payload supported=3 required=0
2024-04-14T22:33:45.475 INFO:teuthology.orchestra.run.smithi142.stdout:/usr/bin/ceph: stderr
2024-04-14T22:33:44.597+0000 7f13663ea700 1 --2- >> [v2:172.21.15.142:3300/0,v1:172.21.15.142:6789/0] conn(0x7f1360105460 0x7f1360105880 unknown :-1 s=HELLO_CONNECTING pgs=0 cs=0 l=0 rev1=1 crypto rx=0 tx=0 comp rx=0 tx=0).handle_hello peer v2:172.21.15.142:3300/0 says I am v2:172.21.15.142:42102/0 (socket says 172.21.15.142:42102)
2024-04-14T22:33:45.475 INFO:teuthology.orchestra.run.smithi142.stdout:/usr/bin/ceph: stderr
2024-04-14T22:33:44.597+0000 7f13663ea700 1 -- 172.21.15.142:0/2683708012 learned_addr learned my addr 172.21.15.142:0/2683708012 (peer_addr_for_me v2:172.21.15.142:0/0)
2024-04-14T22:33:45.475 INFO:teuthology.orchestra.run.smithi142.stdout:/usr/bin/ceph: stderr
2024-04-14T22:33:44.597+0000 7f13663ea700 1 -- 172.21.15.142:0/2683708012 --> [v2:172.21.15.142:3300/0,v1:172.21.15.142:6789/0] -- mon_subscribe({config=0+,monmap=0+}) v3 -- 0x7f1360106660 con 0x7f1360105460
2024-04-14T22:33:45.475 INFO:teuthology.orchestra.run.smithi142.stdout:/usr/bin/ceph: stderr
2024-04-14T22:33:44.597+0000 7f13663ea700 1 --2- 172.21.15.142:0/2683708012 >> [v2:172.21.15.142:3300/0,v1:172.21.15.142:6789/0] conn(0x7f1360105460 0x7f1360105880 secure :-1 s=READY pgs=39 cs=0 l=1 rev1=1 crypto rx=0x7f1358009e80 tx=0x7f135800b330 comp rx=0 tx=0).ready entity=mon.0 client_cookie=f77e9a7253a50c9a server_cookie=0 in_seq=0 out_seq=0
2024-04-14T22:33:45.475 INFO:teuthology.orchestra.run.smithi142.stdout:/usr/bin/ceph: stderr
2024-04-14T22:33:44.598+0000 7f13653e8700 1 -- 172.21.15.142:0/2683708012 <== mon.0 v2:172.21.15.142:3300/0 1 ==== mon_map magic: 0 v1 ==== 229+0+0 (secure 0 0 0) 0x7f135800e070 con 0x7f1360105460
2024-04-14T22:33:45.476 INFO:teuthology.orchestra.run.smithi142.stdout:/usr/bin/ceph: stderr
2024-04-14T22:33:44.598+0000 7f13653e8700 1 -- 172.21.15.142:0/2683708012 <== mon.0 v2:172.21.15.142:3300/0 2 ==== config(27 keys) v1 ==== 1037+0+0 (secure 0 0 0) 0x7f1358003e90 con 0x7f1360105460
2024-04-14T22:33:45.476 INFO:teuthology.orchestra.run.smithi142.stdout:/usr/bin/ceph: stderr
2024-04-14T22:33:44.598+0000 7f13653e8700 1 -- 172.21.15.142:0/2683708012 <== mon.0 v2:172.21.15.142:3300/0 3 ==== mon_map magic: 0 v1 ==== 229+0+0 (secure 0 0 0) 0x7f1358004380 con 0x7f1360105460
2024-04-14T22:33:45.476 INFO:teuthology.orchestra.run.smithi142.stdout:/usr/bin/ceph: stderr
2024-04-14T22:33:44.598+0000 7f136864e700 1 -- 172.21.15.142:0/2683708012 >> [v2:172.21.15.142:3300/0,v1:172.21.15.142:6789/0] conn(0x7f1360105460 msgr2=0x7f1360105880 secure :-1 s=STATE_CONNECTION_ESTABLISHED l=1).mark_down
2024-04-14T22:33:45.476 INFO:teuthology.orchestra.run.smithi142.stdout:/usr/bin/ceph: stderr
2024-04-14T22:33:44.598+0000 7f136864e700 1 --2- 172.21.15.142:0/2683708012 >> [v2:172.21.15.142:3300/0,v1:172.21.15.142:6789/0] conn(0x7f1360105460 0x7f1360105880 secure :-1 s=READY pgs=39 cs=0 l=1 rev1=1 crypto rx=0x7f1358009e80 tx=0x7f135800b330 comp rx=0 tx=0).stop
2024-04-14T22:33:45.476 INFO:teuthology.orchestra.run.smithi142.stdout:/usr/bin/ceph: stderr
2024-04-14T22:33:44.598+0000 7f136864e700 1 -- 172.21.15.142:0/2683708012 shutdown_connections
2024-04-14T22:33:45.476 INFO:teuthology.orchestra.run.smithi142.stdout:/usr/bin/ceph: stderr
2024-04-14T22:33:44.598+0000 7f136864e700 1 --2- 172.21.15.142:0/2683708012 >> [v2:172.21.15.142:3300/0,v1:172.21.15.142:6789/0] conn(0x7f1360105460 0x7f1360105880 unknown :-1 s=CLOSED pgs=39 cs=0 l=1 rev1=1 crypto rx=0 tx=0 comp rx=0 tx=0).stop
2024-04-14T22:33:45.476 INFO:teuthology.orchestra.run.smithi142.stdout:/usr/bin/ceph: stderr
2024-04-14T22:33:44.598+0000 7f136864e700 1 -- 172.21.15.142:0/2683708012 >> 172.21.15.142:0/2683708012 conn(0x7f1360100a20 msgr2=0x7f1360102e40 unknown :-1 s=STATE_NONE l=0).mark_down
2024-04-14T22:33:45.476 INFO:teuthology.orchestra.run.smithi142.stdout:/usr/bin/ceph: stderr
2024-04-14T22:33:44.598+0000 7f136864e700 1 -- 172.21.15.142:0/2683708012 shutdown_connections
2024-04-14T22:33:45.476 INFO:teuthology.orchestra.run.smithi142.stdout:/usr/bin/ceph: stderr
2024-04-14T22:33:44.598+0000 7f136864e700 1 -- 172.21.15.142:0/2683708012 wait complete.
2024-04-14T22:33:45.476 INFO:teuthology.orchestra.run.smithi142.stdout:/usr/bin/ceph: stderr
2024-04-14T22:33:44.599+0000 7f136864e700 1 Processor -- start
2024-04-14T22:33:45.476 INFO:teuthology.orchestra.run.smithi142.stdout:/usr/bin/ceph: stderr
2024-04-14T22:33:44.599+0000 7f136864e700 1 -- start start
2024-04-14T22:33:45.476 INFO:teuthology.orchestra.run.smithi142.stdout:/usr/bin/ceph: stderr
2024-04-14T22:33:44.599+0000 7f136864e700 1 --2- >> [v2:172.21.15.142:3300/0,v1:172.21.15.142:6789/0] conn(0x7f1360105460 0x7f1360190630 unknown :-1 s=NONE pgs=0 cs=0 l=1 rev1=0 crypto rx=0 tx=0 comp rx=0 tx=0).connect
2024-04-14T22:33:45.476 INFO:teuthology.orchestra.run.smithi142.stdout:/usr/bin/ceph: stderr
2024-04-14T22:33:44.599+0000 7f136864e700 1 -- --> [v2:172.21.15.142:3300/0,v1:172.21.15.142:6789/0] -- mon_getmap magic: 0 v1 -- 0x7f1360190b70 con 0x7f1360105460
2024-04-14T22:33:45.476 INFO:teuthology.orchestra.run.smithi142.stdout:/usr/bin/ceph: stderr
2024-04-14T22:33:44.599+0000 7f13663ea700 1 --2- >> [v2:172.21.15.142:3300/0,v1:172.21.15.142:6789/0] conn(0x7f1360105460 0x7f1360190630 unknown :-1 s=BANNER_CONNECTING pgs=0 cs=0 l=1 rev1=0 crypto rx=0 tx=0 comp rx=0 tx=0)._handle_peer_banner_payload supported=3 required=0
2024-04-14T22:33:45.477 INFO:teuthology.orchestra.run.smithi142.stdout:/usr/bin/ceph: stderr
2024-04-14T22:33:44.599+0000 7f13663ea700 1 --2- >> [v2:172.21.15.142:3300/0,v1:172.21.15.142:6789/0] conn(0x7f1360105460 0x7f1360190630 unknown :-1 s=HELLO_CONNECTING pgs=0 cs=0 l=1 rev1=1 crypto rx=0 tx=0 comp rx=0 tx=0).handle_hello peer v2:172.21.15.142:3300/0 says I am v2:172.21.15.142:42118/0 (socket says 172.21.15.142:42118)
2024-04-14T22:33:45.477 INFO:teuthology.orchestra.run.smithi142.stdout:/usr/bin/ceph: stderr
2024-04-14T22:33:44.599+0000 7f13663ea700 1 -- 172.21.15.142:0/247826838 learned_addr learned my addr 172.21.15.142:0/247826838 (peer_addr_for_me v2:172.21.15.142:0/0)
2024-04-14T22:33:45.477 INFO:teuthology.orchestra.run.smithi142.stdout:/usr/bin/ceph: stderr
2024-04-14T22:33:44.599+0000 7f13663ea700 1 -- 172.21.15.142:0/247826838 --> [v2:172.21.15.142:3300/0,v1:172.21.15.142:6789/0] -- mon_subscribe({config=0+,monmap=0+}) v3 -- 0x7f1358009b30 con 0x7f1360105460
2024-04-14T22:33:45.477 INFO:teuthology.orchestra.run.smithi142.stdout:/usr/bin/ceph: stderr
2024-04-14T22:33:44.599+0000 7f13663ea700 1 --2- 172.21.15.142:0/247826838 >> [v2:172.21.15.142:3300/0,v1:172.21.15.142:6789/0] conn(0x7f1360105460 0x7f1360190630 secure :-1 s=READY pgs=40 cs=0 l=1 rev1=1 crypto rx=0x7f1358009e50 tx=0x7f1358004920 comp rx=0 tx=0).ready entity=mon.0 client_cookie=0 server_cookie=0 in_seq=0 out_seq=0
2024-04-14T22:33:45.477 INFO:teuthology.orchestra.run.smithi142.stdout:/usr/bin/ceph: stderr
2024-04-14T22:33:44.599+0000 7f13577fe700 1 -- 172.21.15.142:0/247826838 <== mon.0 v2:172.21.15.142:3300/0 1 ==== mon_map magic: 0 v1 ==== 229+0+0 (secure 0 0 0) 0x7f135800e040 con 0x7f1360105460
2024-04-14T22:33:45.477 INFO:teuthology.orchestra.run.smithi142.stdout:/usr/bin/ceph: stderr
2024-04-14T22:33:44.599+0000 7f13577fe700 1 -- 172.21.15.142:0/247826838 <== mon.0 v2:172.21.15.142:3300/0 2 ==== config(27 keys) v1 ==== 1037+0+0 (secure 0 0 0) 0x7f1358003cf0 con 0x7f1360105460
2024-04-14T22:33:45.477 INFO:teuthology.orchestra.run.smithi142.stdout:/usr/bin/ceph: stderr
2024-04-14T22:33:44.599+0000 7f136864e700 1 -- 172.21.15.142:0/247826838 --> [v2:172.21.15.142:3300/0,v1:172.21.15.142:6789/0] -- mon_subscribe({mgrmap=0+}) v3 -- 0x7f136018ec80 con 0x7f1360105460
2024-04-14T22:33:45.477 INFO:teuthology.orchestra.run.smithi142.stdout:/usr/bin/ceph: stderr
2024-04-14T22:33:44.600+0000 7f13577fe700 1 -- 172.21.15.142:0/247826838 <== mon.0 v2:172.21.15.142:3300/0 3 ==== mon_map magic: 0 v1 ==== 229+0+0 (secure 0 0 0) 0x7f135801b770 con 0x7f1360105460
2024-04-14T22:33:45.477 INFO:teuthology.orchestra.run.smithi142.stdout:/usr/bin/ceph: stderr
2024-04-14T22:33:44.600+0000 7f136864e700 1 -- 172.21.15.142:0/247826838 --> [v2:172.21.15.142:3300/0,v1:172.21.15.142:6789/0] -- mon_subscribe({osdmap=0}) v3 -- 0x7f136018f180 con 0x7f1360105460
2024-04-14T22:33:45.477 INFO:teuthology.orchestra.run.smithi142.stdout:/usr/bin/ceph: stderr
2024-04-14T22:33:44.600+0000 7f13577fe700 1 -- 172.21.15.142:0/247826838 <== mon.0 v2:172.21.15.142:3300/0 4 ==== mgrmap(e 8) v1 ==== 45283+0+0 (secure 0 0 0) 0x7f1358019040 con 0x7f1360105460
2024-04-14T22:33:45.477 INFO:teuthology.orchestra.run.smithi142.stdout:/usr/bin/ceph: stderr
2024-04-14T22:33:44.600+0000 7f136864e700 1 -- 172.21.15.142:0/247826838 --> [v2:172.21.15.142:3300/0,v1:172.21.15.142:6789/0] -- mon_command({"prefix": "get_command_descriptions"} v 0) v1 -- 0x7f13600623c0 con 0x7f1360105460
2024-04-14T22:33:45.477 INFO:teuthology.orchestra.run.smithi142.stdout:/usr/bin/ceph: stderr
2024-04-14T22:33:44.600+0000 7f13577fe700 1 --2- 172.21.15.142:0/247826838 >> [v2:172.21.15.142:6800/2922531659,v1:172.21.15.142:6801/2922531659] conn(0x7f134c038320 0x7f134c03a7e0 unknown :-1 s=NONE pgs=0 cs=0 l=1 rev1=0 crypto rx=0 tx=0 comp rx=0 tx=0).connect
2024-04-14T22:33:45.477 INFO:teuthology.orchestra.run.smithi142.stdout:/usr/bin/ceph: stderr
2024-04-14T22:33:44.601+0000 7f13577fe700 1 -- 172.21.15.142:0/247826838 <== mon.0 v2:172.21.15.142:3300/0 5 ==== osd_map(2..2 src has 1..2) v4 ==== 940+0+0 (secure 0 0 0) 0x7f135804bda0 con 0x7f1360105460
2024-04-14T22:33:45.477 INFO:teuthology.orchestra.run.smithi142.stdout:/usr/bin/ceph: stderr
2024-04-14T22:33:44.601+0000 7f1365be9700 1 --2- 172.21.15.142:0/247826838 >> [v2:172.21.15.142:6800/2922531659,v1:172.21.15.142:6801/2922531659] conn(0x7f134c038320 0x7f134c03a7e0 unknown :-1 s=BANNER_CONNECTING pgs=0 cs=0 l=1 rev1=0 crypto rx=0 tx=0 comp rx=0 tx=0)._handle_peer_banner_payload supported=3 required=0
2024-04-14T22:33:45.478 INFO:teuthology.orchestra.run.smithi142.stdout:/usr/bin/ceph: stderr
2024-04-14T22:33:44.601+0000 7f1365be9700 1 --2- 172.21.15.142:0/247826838 >> [v2:172.21.15.142:6800/2922531659,v1:172.21.15.142:6801/2922531659] conn(0x7f134c038320 0x7f134c03a7e0 secure :-1 s=READY pgs=9 cs=0 l=1 rev1=1 crypto rx=0x7f1350006fd0 tx=0x7f1350006e40 comp rx=0 tx=0).ready entity=mgr.14118 client_cookie=0 server_cookie=0 in_seq=0 out_seq=0
2024-04-14T22:33:45.478 INFO:teuthology.orchestra.run.smithi142.stdout:/usr/bin/ceph: stderr
2024-04-14T22:33:44.605+0000 7f13577fe700 1 -- 172.21.15.142:0/247826838 <== mon.0 v2:172.21.15.142:3300/0 6 ==== mon_command_ack([{"prefix": "get_command_descriptions"}]=0 v0) v1 ==== 72+0+180422 (secure 0 0 0) 0x7f1358011980 con 0x7f1360105460
2024-04-14T22:33:45.478 INFO:teuthology.orchestra.run.smithi142.stdout:/usr/bin/ceph: stderr
2024-04-14T22:33:44.799+0000 7f136864e700 1 -- 172.21.15.142:0/247826838 --> [v2:172.21.15.142:6800/2922531659,v1:172.21.15.142:6801/2922531659] -- mgr_command(tid 0: {"prefix": "cephadm generate-key", "target": ["mon-mgr", ""]}) v1 -- 0x7f1360102b60 con 0x7f134c038320
2024-04-14T22:33:45.478 INFO:teuthology.orchestra.run.smithi142.stdout:/usr/bin/ceph: stderr
2024-04-14T22:33:44.907+0000 7f13577fe700 1 -- 172.21.15.142:0/247826838 <== mgr.14118 v2:172.21.15.142:6800/2922531659 1 ==== mgr_command_reply(tid 0: 0 ) v1 ==== 8+0+0 (secure 0 0 0) 0x7f1360102b60 con 0x7f134c038320
2024-04-14T22:33:45.478 INFO:teuthology.orchestra.run.smithi142.stdout:/usr/bin/ceph: stderr
2024-04-14T22:33:44.909+0000 7f136864e700 1 -- 172.21.15.142:0/247826838 >> [v2:172.21.15.142:6800/2922531659,v1:172.21.15.142:6801/2922531659] conn(0x7f134c038320 msgr2=0x7f134c03a7e0 secure :-1 s=STATE_CONNECTION_ESTABLISHED l=1).mark_down
2024-04-14T22:33:45.478 INFO:teuthology.orchestra.run.smithi142.stdout:/usr/bin/ceph: stderr
2024-04-14T22:33:44.909+0000 7f136864e700 1 --2- 172.21.15.142:0/247826838 >> [v2:172.21.15.142:6800/2922531659,v1:172.21.15.142:6801/2922531659] conn(0x7f134c038320 0x7f134c03a7e0 secure :-1 s=READY pgs=9 cs=0 l=1 rev1=1 crypto rx=0x7f1350006fd0 tx=0x7f1350006e40 comp rx=0 tx=0).stop
2024-04-14T22:33:45.478 INFO:teuthology.orchestra.run.smithi142.stdout:/usr/bin/ceph: stderr
2024-04-14T22:33:44.909+0000 7f136864e700 1 -- 172.21.15.142:0/247826838 >> [v2:172.21.15.142:3300/0,v1:172.21.15.142:6789/0] conn(0x7f1360105460 msgr2=0x7f1360190630 secure :-1 s=STATE_CONNECTION_ESTABLISHED l=1).mark_down
2024-04-14T22:33:45.478 INFO:teuthology.orchestra.run.smithi142.stdout:/usr/bin/ceph: stderr
2024-04-14T22:33:44.909+0000 7f136864e700 1 --2- 172.21.15.142:0/247826838 >> [v2:172.21.15.142:3300/0,v1:172.21.15.142:6789/0] conn(0x7f1360105460 0x7f1360190630 secure :-1 s=READY pgs=40 cs=0 l=1 rev1=1 crypto rx=0x7f1358009e50 tx=0x7f1358004920 comp rx=0 tx=0).stop
2024-04-14T22:33:45.478 INFO:teuthology.orchestra.run.smithi142.stdout:/usr/bin/ceph: stderr
2024-04-14T22:33:44.909+0000 7f136864e700 1 -- 172.21.15.142:0/247826838 shutdown_connections
2024-04-14T22:33:45.478 INFO:teuthology.orchestra.run.smithi142.stdout:/usr/bin/ceph: stderr
2024-04-14T22:33:44.909+0000 7f136864e700 1 --2- 172.21.15.142:0/247826838 >> [v2:172.21.15.142:6800/2922531659,v1:172.21.15.142:6801/2922531659] conn(0x7f134c038320 0x7f134c03a7e0 unknown :-1 s=CLOSED pgs=9 cs=0 l=1 rev1=1 crypto rx=0 tx=0 comp rx=0 tx=0).stop
2024-04-14T22:33:45.478 INFO:teuthology.orchestra.run.smithi142.stdout:/usr/bin/ceph: stderr
2024-04-14T22:33:44.909+0000 7f136864e700 1 --2- 172.21.15.142:0/247826838 >> [v2:172.21.15.142:3300/0,v1:172.21.15.142:6789/0] conn(0x7f1360105460 0x7f1360190630 unknown :-1 s=CLOSED pgs=40 cs=0 l=1 rev1=1 crypto rx=0 tx=0 comp rx=0 tx=0).stop
2024-04-14T22:33:45.478 INFO:teuthology.orchestra.run.smithi142.stdout:/usr/bin/ceph: stderr
2024-04-14T22:33:44.909+0000 7f136864e700 1 -- 172.21.15.142:0/247826838 >> 172.21.15.142:0/247826838 conn(0x7f1360100a20 msgr2=0x7f1360079900 unknown :-1 s=STATE_NONE l=0).mark_down
2024-04-14T22:33:45.478 INFO:teuthology.orchestra.run.smithi142.stdout:/usr/bin/ceph: stderr
2024-04-14T22:33:44.909+0000 7f136864e700 1 -- 172.21.15.142:0/247826838 shutdown_connections
2024-04-14T22:33:45.478 INFO:teuthology.orchestra.run.smithi142.stdout:/usr/bin/ceph: stderr
2024-04-14T22:33:44.909+0000 7f136864e700 1 -- 172.21.15.142:0/247826838 wait complete.
2024-04-14T22:33:46.037 INFO:journalctl@ceph.mon.smithi142.smithi142.stdout:Apr 14 22:33:45 smithi142 ceph-mon[29243]: from='client.14134 -' entity='client.admin' cmd=[{"prefix": "cephadm generate-key", "target": ["mon-mgr", ""]}]: dispatch
2024-04-14T22:33:46.038 INFO:journalctl@ceph.mon.smithi142.smithi142.stdout:Apr 14 22:33:45 smithi142 ceph-mon[29243]: Generating ssh key...
2024-04-14T22:33:46.038 INFO:journalctl@ceph.mon.smithi142.smithi142.stdout:Apr 14 22:33:45 smithi142 ceph-mon[29243]: from='mgr.14118 172.21.15.142:0/1113223586' entity='mgr.smithi142.gwhhtq'
2024-04-14T22:33:46.038 INFO:journalctl@ceph.mon.smithi142.smithi142.stdout:Apr 14 22:33:45 smithi142 ceph-mon[29243]: from='mgr.14118 172.21.15.142:0/1113223586' entity='mgr.smithi142.gwhhtq'
2024-04-14T22:33:46.632 INFO:teuthology.orchestra.run.smithi142.stdout:/usr/bin/ceph: stdout ssh-rsa AAAAB3NzaC1yc2EAAAADAQABAAABgQDKLmoJsjaPMyntw9F9BOwV/5OqfyGisXZV9pz7ob5zo0f9+wO2wlRXegefYmW2hiFCuezH2QHDGwdX0OPs6b9wyUTHRrvA+AMxgt1QURTyakLKm9a8sT74fl0ykz154ZNlTHJXj5vJQWbAYm7qCv8+5E88Yq7NqiLqULuIwg0gp/u3hU9LcZFxcFwLlCkWuJ3khwqHxRfM5eqwvnNGKHSEM0mthsEPOClS0v+xnxWbBFhWcFdAhLGAlyhjjbIwCe6zpKgKpLmarPd9gb7qC/atjvJx66wmUIFlwtJ6z2963/IHpB2M+CGwgPFXw3Kxv8GDjb9FVW61Bspwr/F2m2rDSxePAcWF0/HiPIMQOSa9xFzbzdMo1lPpoctorMaEefdBTM7ab+ZYV+nZc9ID5+6tuM1Qs7iCr+s2w4uViiSKMUZkPmOqbMjSBHvjIfrumU/qnldLaQnPSXly475LWPnU6w1lkBlZzbjfY0htIcljAeUK+w9+GHx+G4WYJp5ckBE= ceph-e3a2ec48-faae-11ee-bc8e-c7b262605968
2024-04-14T22:33:46.632 INFO:teuthology.orchestra.run.smithi142.stdout:/usr/bin/ceph: stderr
2024-04-14T22:33:45.871+0000 7fb2f5417700 1 Processor -- start
2024-04-14T22:33:46.632 INFO:teuthology.orchestra.run.smithi142.stdout:/usr/bin/ceph: stderr
2024-04-14T22:33:45.871+0000 7fb2f5417700 1 -- start start
2024-04-14T22:33:46.632 INFO:teuthology.orchestra.run.smithi142.stdout:/usr/bin/ceph: stderr
2024-04-14T22:33:45.871+0000 7fb2f5417700 1 --2- >> [v2:172.21.15.142:3300/0,v1:172.21.15.142:6789/0] conn(0x7fb2f0106580 0x7fb2f01069a0 unknown :-1 s=NONE pgs=0 cs=0 l=0 rev1=0 crypto rx=0 tx=0 comp rx=0 tx=0).connect
2024-04-14T22:33:46.632 INFO:teuthology.orchestra.run.smithi142.stdout:/usr/bin/ceph: stderr
2024-04-14T22:33:45.871+0000 7fb2f5417700 1 -- --> [v2:172.21.15.142:3300/0,v1:172.21.15.142:6789/0] -- mon_getmap magic: 0 v1 -- 0x7fb2f0106f70 con 0x7fb2f0106580
2024-04-14T22:33:46.632 INFO:teuthology.orchestra.run.smithi142.stdout:/usr/bin/ceph: stderr
2024-04-14T22:33:45.871+0000 7fb2eeffd700 1 --2- >> [v2:172.21.15.142:3300/0,v1:172.21.15.142:6789/0] conn(0x7fb2f0106580 0x7fb2f01069a0 unknown :-1 s=BANNER_CONNECTING pgs=0 cs=0 l=0 rev1=0 crypto rx=0 tx=0 comp rx=0 tx=0)._handle_peer_banner_payload supported=3 required=0
2024-04-14T22:33:46.632 INFO:teuthology.orchestra.run.smithi142.stdout:/usr/bin/ceph: stderr
2024-04-14T22:33:45.871+0000 7fb2eeffd700 1 --2- >> [v2:172.21.15.142:3300/0,v1:172.21.15.142:6789/0] conn(0x7fb2f0106580 0x7fb2f01069a0 unknown :-1 s=HELLO_CONNECTING pgs=0 cs=0 l=0 rev1=1 crypto rx=0 tx=0 comp rx=0 tx=0).handle_hello peer v2:172.21.15.142:3300/0 says I am v2:172.21.15.142:42132/0 (socket says 172.21.15.142:42132)
2024-04-14T22:33:46.632 INFO:teuthology.orchestra.run.smithi142.stdout:/usr/bin/ceph: stderr
2024-04-14T22:33:45.871+0000 7fb2eeffd700 1 -- 172.21.15.142:0/2710547495 learned_addr learned my addr 172.21.15.142:0/2710547495 (peer_addr_for_me v2:172.21.15.142:0/0)
2024-04-14T22:33:46.633 INFO:teuthology.orchestra.run.smithi142.stdout:/usr/bin/ceph: stderr
2024-04-14T22:33:45.871+0000 7fb2eeffd700 1 -- 172.21.15.142:0/2710547495 --> [v2:172.21.15.142:3300/0,v1:172.21.15.142:6789/0] -- mon_subscribe({config=0+,monmap=0+}) v3 -- 0x7fb2f0107780 con 0x7fb2f0106580
2024-04-14T22:33:46.633 INFO:teuthology.orchestra.run.smithi142.stdout:/usr/bin/ceph: stderr
2024-04-14T22:33:45.872+0000 7fb2eeffd700 1 --2- 172.21.15.142:0/2710547495 >> [v2:172.21.15.142:3300/0,v1:172.21.15.142:6789/0] conn(0x7fb2f0106580 0x7fb2f01069a0 secure :-1 s=READY pgs=41 cs=0 l=1 rev1=1 crypto rx=0x7fb2e8009e80 tx=0x7fb2e800b330 comp rx=0 tx=0).ready entity=mon.0 client_cookie=f54c1683d787dbe8 server_cookie=0 in_seq=0 out_seq=0
2024-04-14T22:33:46.633 INFO:teuthology.orchestra.run.smithi142.stdout:/usr/bin/ceph: stderr
2024-04-14T22:33:45.872+0000 7fb2edffb700 1 -- 172.21.15.142:0/2710547495 <== mon.0 v2:172.21.15.142:3300/0 1 ==== mon_map magic: 0 v1 ==== 229+0+0 (secure 0 0 0) 0x7fb2e800e070 con 0x7fb2f0106580
2024-04-14T22:33:46.633 INFO:teuthology.orchestra.run.smithi142.stdout:/usr/bin/ceph: stderr
2024-04-14T22:33:45.872+0000 7fb2edffb700 1 -- 172.21.15.142:0/2710547495 <== mon.0 v2:172.21.15.142:3300/0 2 ==== config(27 keys) v1 ==== 1037+0+0 (secure 0 0 0) 0x7fb2e8003e90 con 0x7fb2f0106580
2024-04-14T22:33:46.633 INFO:teuthology.orchestra.run.smithi142.stdout:/usr/bin/ceph: stderr
2024-04-14T22:33:45.872+0000 7fb2edffb700 1 -- 172.21.15.142:0/2710547495 <== mon.0 v2:172.21.15.142:3300/0 3 ==== mon_map magic: 0 v1 ==== 229+0+0 (secure 0 0 0) 0x7fb2e8004380 con 0x7fb2f0106580
2024-04-14T22:33:46.633 INFO:teuthology.orchestra.run.smithi142.stdout:/usr/bin/ceph: stderr
2024-04-14T22:33:45.872+0000 7fb2f5417700 1 -- 172.21.15.142:0/2710547495 >> [v2:172.21.15.142:3300/0,v1:172.21.15.142:6789/0] conn(0x7fb2f0106580 msgr2=0x7fb2f01069a0 secure :-1 s=STATE_CONNECTION_ESTABLISHED l=1).mark_down
2024-04-14T22:33:46.633 INFO:teuthology.orchestra.run.smithi142.stdout:/usr/bin/ceph: stderr
2024-04-14T22:33:45.872+0000 7fb2f5417700 1 --2- 172.21.15.142:0/2710547495 >> [v2:172.21.15.142:3300/0,v1:172.21.15.142:6789/0] conn(0x7fb2f0106580 0x7fb2f01069a0 secure :-1 s=READY pgs=41 cs=0 l=1 rev1=1 crypto rx=0x7fb2e8009e80 tx=0x7fb2e800b330 comp rx=0 tx=0).stop
2024-04-14T22:33:46.633 INFO:teuthology.orchestra.run.smithi142.stdout:/usr/bin/ceph: stderr
2024-04-14T22:33:45.872+0000 7fb2f5417700 1 -- 172.21.15.142:0/2710547495 shutdown_connections
2024-04-14T22:33:46.633 INFO:teuthology.orchestra.run.smithi142.stdout:/usr/bin/ceph: stderr
2024-04-14T22:33:45.872+0000 7fb2f5417700 1 --2- 172.21.15.142:0/2710547495 >> [v2:172.21.15.142:3300/0,v1:172.21.15.142:6789/0] conn(0x7fb2f0106580 0x7fb2f01069a0 unknown :-1 s=CLOSED pgs=41 cs=0 l=1 rev1=1 crypto rx=0 tx=0 comp rx=0 tx=0).stop
2024-04-14T22:33:46.633 INFO:teuthology.orchestra.run.smithi142.stdout:/usr/bin/ceph: stderr
2024-04-14T22:33:45.872+0000 7fb2f5417700 1 -- 172.21.15.142:0/2710547495 >> 172.21.15.142:0/2710547495 conn(0x7fb2f0101b00 msgr2=0x7fb2f0103f60 unknown :-1 s=STATE_NONE l=0).mark_down
2024-04-14T22:33:46.633 INFO:teuthology.orchestra.run.smithi142.stdout:/usr/bin/ceph: stderr
2024-04-14T22:33:45.872+0000 7fb2f5417700 1 -- 172.21.15.142:0/2710547495 shutdown_connections
2024-04-14T22:33:46.633 INFO:teuthology.orchestra.run.smithi142.stdout:/usr/bin/ceph: stderr
2024-04-14T22:33:45.872+0000 7fb2f5417700 1 -- 172.21.15.142:0/2710547495 wait complete.
2024-04-14T22:33:46.633 INFO:teuthology.orchestra.run.smithi142.stdout:/usr/bin/ceph: stderr
2024-04-14T22:33:45.873+0000 7fb2f5417700 1 Processor -- start
2024-04-14T22:33:46.633 INFO:teuthology.orchestra.run.smithi142.stdout:/usr/bin/ceph: stderr
2024-04-14T22:33:45.873+0000 7fb2f5417700 1 -- start start
2024-04-14T22:33:46.633 INFO:teuthology.orchestra.run.smithi142.stdout:/usr/bin/ceph: stderr
2024-04-14T22:33:45.873+0000 7fb2f5417700 1 --2- >> [v2:172.21.15.142:3300/0,v1:172.21.15.142:6789/0] conn(0x7fb2f0106580 0x7fb2f019a220 unknown :-1 s=NONE pgs=0 cs=0 l=1 rev1=0 crypto rx=0 tx=0 comp rx=0 tx=0).connect
2024-04-14T22:33:46.634 INFO:teuthology.orchestra.run.smithi142.stdout:/usr/bin/ceph: stderr
2024-04-14T22:33:45.873+0000 7fb2f5417700 1 -- --> [v2:172.21.15.142:3300/0,v1:172.21.15.142:6789/0] -- mon_getmap magic: 0 v1 -- 0x7fb2f019a760 con 0x7fb2f0106580
2024-04-14T22:33:46.634 INFO:teuthology.orchestra.run.smithi142.stdout:/usr/bin/ceph: stderr
2024-04-14T22:33:45.874+0000 7fb2eeffd700 1 --2- >> [v2:172.21.15.142:3300/0,v1:172.21.15.142:6789/0] conn(0x7fb2f0106580 0x7fb2f019a220 unknown :-1 s=BANNER_CONNECTING pgs=0 cs=0 l=1 rev1=0 crypto rx=0 tx=0 comp rx=0 tx=0)._handle_peer_banner_payload supported=3 required=0
2024-04-14T22:33:46.634 INFO:teuthology.orchestra.run.smithi142.stdout:/usr/bin/ceph: stderr
2024-04-14T22:33:45.874+0000 7fb2eeffd700 1 --2- >> [v2:172.21.15.142:3300/0,v1:172.21.15.142:6789/0] conn(0x7fb2f0106580 0x7fb2f019a220 unknown :-1 s=HELLO_CONNECTING pgs=0 cs=0 l=1 rev1=1 crypto rx=0 tx=0 comp rx=0 tx=0).handle_hello peer v2:172.21.15.142:3300/0 says I am v2:172.21.15.142:42138/0 (socket says 172.21.15.142:42138)
2024-04-14T22:33:46.634 INFO:teuthology.orchestra.run.smithi142.stdout:/usr/bin/ceph: stderr
2024-04-14T22:33:45.874+0000 7fb2eeffd700 1 -- 172.21.15.142:0/2137128409 learned_addr learned my addr 172.21.15.142:0/2137128409 (peer_addr_for_me v2:172.21.15.142:0/0)
2024-04-14T22:33:46.634 INFO:teuthology.orchestra.run.smithi142.stdout:/usr/bin/ceph: stderr
2024-04-14T22:33:45.874+0000 7fb2eeffd700 1 -- 172.21.15.142:0/2137128409 --> [v2:172.21.15.142:3300/0,v1:172.21.15.142:6789/0] -- mon_subscribe({config=0+,monmap=0+}) v3 -- 0x7fb2e8009b30 con 0x7fb2f0106580
2024-04-14T22:33:46.634 INFO:teuthology.orchestra.run.smithi142.stdout:/usr/bin/ceph: stderr
2024-04-14T22:33:45.874+0000 7fb2eeffd700 1 --2- 172.21.15.142:0/2137128409 >> [v2:172.21.15.142:3300/0,v1:172.21.15.142:6789/0] conn(0x7fb2f0106580 0x7fb2f019a220 secure :-1 s=READY pgs=42 cs=0 l=1 rev1=1 crypto rx=0x7fb2e800d010 tx=0x7fb2e8004430 comp rx=0 tx=0).ready entity=mon.0 client_cookie=0 server_cookie=0 in_seq=0 out_seq=0
2024-04-14T22:33:46.634 INFO:teuthology.orchestra.run.smithi142.stdout:/usr/bin/ceph: stderr
2024-04-14T22:33:45.874+0000 7fb2d7fff700 1 -- 172.21.15.142:0/2137128409 <== mon.0 v2:172.21.15.142:3300/0 1 ==== mon_map magic: 0 v1 ==== 229+0+0 (secure 0 0 0) 0x7fb2e800e040 con 0x7fb2f0106580
2024-04-14T22:33:46.634 INFO:teuthology.orchestra.run.smithi142.stdout:/usr/bin/ceph: stderr
2024-04-14T22:33:45.874+0000 7fb2d7fff700 1 -- 172.21.15.142:0/2137128409 <== mon.0 v2:172.21.15.142:3300/0 2 ==== config(27 keys) v1 ==== 1037+0+0 (secure 0 0 0) 0x7fb2e8003c30 con 0x7fb2f0106580
2024-04-14T22:33:46.634 INFO:teuthology.orchestra.run.smithi142.stdout:/usr/bin/ceph: stderr
2024-04-14T22:33:45.874+0000 7fb2f5417700 1 -- 172.21.15.142:0/2137128409 --> [v2:172.21.15.142:3300/0,v1:172.21.15.142:6789/0] -- mon_subscribe({mgrmap=0+}) v3 -- 0x7fb2f019a960 con 0x7fb2f0106580
2024-04-14T22:33:46.634 INFO:teuthology.orchestra.run.smithi142.stdout:/usr/bin/ceph: stderr
2024-04-14T22:33:45.874+0000 7fb2d7fff700 1 -- 172.21.15.142:0/2137128409 <== mon.0 v2:172.21.15.142:3300/0 3 ==== mon_map magic: 0 v1 ==== 229+0+0 (secure 0 0 0) 0x7fb2e801b790 con 0x7fb2f0106580
2024-04-14T22:33:46.634 INFO:teuthology.orchestra.run.smithi142.stdout:/usr/bin/ceph: stderr
2024-04-14T22:33:45.874+0000 7fb2f5417700 1 -- 172.21.15.142:0/2137128409 --> [v2:172.21.15.142:3300/0,v1:172.21.15.142:6789/0] -- mon_subscribe({osdmap=0}) v3 -- 0x7fb2f019ae60 con 0x7fb2f0106580
2024-04-14T22:33:46.634 INFO:teuthology.orchestra.run.smithi142.stdout:/usr/bin/ceph: stderr
2024-04-14T22:33:45.875+0000 7fb2d7fff700 1 -- 172.21.15.142:0/2137128409 <== mon.0 v2:172.21.15.142:3300/0 4 ==== mgrmap(e 8) v1 ==== 45283+0+0 (secure 0 0 0) 0x7fb2e8019040 con 0x7fb2f0106580
2024-04-14T22:33:46.634 INFO:teuthology.orchestra.run.smithi142.stdout:/usr/bin/ceph: stderr
2024-04-14T22:33:45.875+0000 7fb2d7fff700 1 --2- 172.21.15.142:0/2137128409 >> [v2:172.21.15.142:6800/2922531659,v1:172.21.15.142:6801/2922531659] conn(0x7fb2d8038330 0x7fb2d803a7f0 unknown :-1 s=NONE pgs=0 cs=0 l=1 rev1=0 crypto rx=0 tx=0 comp rx=0 tx=0).connect
2024-04-14T22:33:46.635 INFO:teuthology.orchestra.run.smithi142.stdout:/usr/bin/ceph: stderr
2024-04-14T22:33:45.875+0000 7fb2f5417700 1 -- 172.21.15.142:0/2137128409 --> [v2:172.21.15.142:3300/0,v1:172.21.15.142:6789/0] -- mon_command({"prefix": "get_command_descriptions"} v 0) v1 -- 0x7fb2f00623c0 con 0x7fb2f0106580
2024-04-14T22:33:46.635 INFO:teuthology.orchestra.run.smithi142.stdout:/usr/bin/ceph: stderr
2024-04-14T22:33:45.875+0000 7fb2d7fff700 1 -- 172.21.15.142:0/2137128409 <== mon.0 v2:172.21.15.142:3300/0 5 ==== osd_map(2..2 src has 1..2) v4 ==== 940+0+0 (secure 0 0 0) 0x7fb2e804bd50 con 0x7fb2f0106580
2024-04-14T22:33:46.635 INFO:teuthology.orchestra.run.smithi142.stdout:/usr/bin/ceph: stderr
2024-04-14T22:33:45.875+0000 7fb2ee7fc700 1 --2- 172.21.15.142:0/2137128409 >> [v2:172.21.15.142:6800/2922531659,v1:172.21.15.142:6801/2922531659] conn(0x7fb2d8038330 0x7fb2d803a7f0 unknown :-1 s=BANNER_CONNECTING pgs=0 cs=0 l=1 rev1=0 crypto rx=0 tx=0 comp rx=0 tx=0)._handle_peer_banner_payload supported=3 required=0
2024-04-14T22:33:46.635 INFO:teuthology.orchestra.run.smithi142.stdout:/usr/bin/ceph: stderr
2024-04-14T22:33:45.876+0000 7fb2ee7fc700 1 --2- 172.21.15.142:0/2137128409 >> [v2:172.21.15.142:6800/2922531659,v1:172.21.15.142:6801/2922531659] conn(0x7fb2d8038330 0x7fb2d803a7f0 secure :-1 s=READY pgs=10 cs=0 l=1 rev1=1 crypto rx=0x7fb2e4006fd0 tx=0x7fb2e4006e40 comp rx=0 tx=0).ready entity=mgr.14118 client_cookie=0 server_cookie=0 in_seq=0 out_seq=0
2024-04-14T22:33:46.635 INFO:teuthology.orchestra.run.smithi142.stdout:/usr/bin/ceph: stderr
2024-04-14T22:33:45.880+0000 7fb2d7fff700 1 -- 172.21.15.142:0/2137128409 <== mon.0 v2:172.21.15.142:3300/0 6 ==== mon_command_ack([{"prefix": "get_command_descriptions"}]=0 v0) v1 ==== 72+0+180422 (secure 0 0 0) 0x7fb2e801f080 con 0x7fb2f0106580
2024-04-14T22:33:46.635 INFO:teuthology.orchestra.run.smithi142.stdout:/usr/bin/ceph: stderr
2024-04-14T22:33:46.073+0000 7fb2f5417700 1 -- 172.21.15.142:0/2137128409 --> [v2:172.21.15.142:6800/2922531659,v1:172.21.15.142:6801/2922531659] -- mgr_command(tid 0: {"prefix": "cephadm get-pub-key", "target": ["mon-mgr", ""]}) v1 -- 0x7fb2f0102fe0 con 0x7fb2d8038330
2024-04-14T22:33:46.635 INFO:teuthology.orchestra.run.smithi142.stdout:/usr/bin/ceph: stderr
2024-04-14T22:33:46.074+0000 7fb2d7fff700 1 -- 172.21.15.142:0/2137128409 <== mgr.14118 v2:172.21.15.142:6800/2922531659 1 ==== mgr_command_reply(tid 0: 0 ) v1 ==== 8+0+595 (secure 0 0 0) 0x7fb2f0102fe0 con 0x7fb2d8038330
2024-04-14T22:33:46.635 INFO:teuthology.orchestra.run.smithi142.stdout:/usr/bin/ceph: stderr
2024-04-14T22:33:46.076+0000 7fb2f5417700 1 -- 172.21.15.142:0/2137128409 >> [v2:172.21.15.142:6800/2922531659,v1:172.21.15.142:6801/2922531659] conn(0x7fb2d8038330 msgr2=0x7fb2d803a7f0 secure :-1 s=STATE_CONNECTION_ESTABLISHED l=1).mark_down
2024-04-14T22:33:46.635 INFO:teuthology.orchestra.run.smithi142.stdout:/usr/bin/ceph: stderr
2024-04-14T22:33:46.076+0000 7fb2f5417700 1 --2- 172.21.15.142:0/2137128409 >> [v2:172.21.15.142:6800/2922531659,v1:172.21.15.142:6801/2922531659] conn(0x7fb2d8038330 0x7fb2d803a7f0 secure :-1 s=READY pgs=10 cs=0 l=1 rev1=1 crypto rx=0x7fb2e4006fd0 tx=0x7fb2e4006e40 comp rx=0 tx=0).stop
2024-04-14T22:33:46.635 INFO:teuthology.orchestra.run.smithi142.stdout:/usr/bin/ceph: stderr
2024-04-14T22:33:46.076+0000 7fb2f5417700 1 -- 172.21.15.142:0/2137128409 >> [v2:172.21.15.142:3300/0,v1:172.21.15.142:6789/0] conn(0x7fb2f0106580 msgr2=0x7fb2f019a220 secure :-1 s=STATE_CONNECTION_ESTABLISHED l=1).mark_down
2024-04-14T22:33:46.635 INFO:teuthology.orchestra.run.smithi142.stdout:/usr/bin/ceph: stderr
2024-04-14T22:33:46.076+0000 7fb2f5417700 1 --2- 172.21.15.142:0/2137128409 >> [v2:172.21.15.142:3300/0,v1:172.21.15.142:6789/0] conn(0x7fb2f0106580 0x7fb2f019a220 secure :-1 s=READY pgs=42 cs=0 l=1 rev1=1 crypto rx=0x7fb2e800d010 tx=0x7fb2e8004430 comp rx=0 tx=0).stop
2024-04-14T22:33:46.635 INFO:teuthology.orchestra.run.smithi142.stdout:/usr/bin/ceph: stderr
2024-04-14T22:33:46.076+0000 7fb2f5417700 1 -- 172.21.15.142:0/2137128409 shutdown_connections
2024-04-14T22:33:46.635 INFO:teuthology.orchestra.run.smithi142.stdout:/usr/bin/ceph: stderr
2024-04-14T22:33:46.076+0000 7fb2f5417700 1 --2- 172.21.15.142:0/2137128409 >> [v2:172.21.15.142:6800/2922531659,v1:172.21.15.142:6801/2922531659] conn(0x7fb2d8038330 0x7fb2d803a7f0 unknown :-1 s=CLOSED pgs=10 cs=0 l=1 rev1=1 crypto rx=0 tx=0 comp rx=0 tx=0).stop
2024-04-14T22:33:46.635 INFO:teuthology.orchestra.run.smithi142.stdout:/usr/bin/ceph: stderr
2024-04-14T22:33:46.076+0000 7fb2f5417700 1 --2- 172.21.15.142:0/2137128409 >> [v2:172.21.15.142:3300/0,v1:172.21.15.142:6789/0] conn(0x7fb2f0106580 0x7fb2f019a220 unknown :-1 s=CLOSED pgs=42 cs=0 l=1 rev1=1 crypto rx=0 tx=0 comp rx=0 tx=0).stop
2024-04-14T22:33:46.636 INFO:teuthology.orchestra.run.smithi142.stdout:/usr/bin/ceph: stderr
2024-04-14T22:33:46.076+0000 7fb2f5417700 1 -- 172.21.15.142:0/2137128409 >> 172.21.15.142:0/2137128409 conn(0x7fb2f0101b00 msgr2=0x7fb2f01028d0 unknown :-1 s=STATE_NONE l=0).mark_down
2024-04-14T22:33:46.636 INFO:teuthology.orchestra.run.smithi142.stdout:/usr/bin/ceph: stderr
2024-04-14T22:33:46.076+0000 7fb2f5417700 1 -- 172.21.15.142:0/2137128409 shutdown_connections
2024-04-14T22:33:46.636 INFO:teuthology.orchestra.run.smithi142.stdout:/usr/bin/ceph: stderr
2024-04-14T22:33:46.076+0000 7fb2f5417700 1 -- 172.21.15.142:0/2137128409 wait complete.
2024-04-14T22:33:46.636 INFO:teuthology.orchestra.run.smithi142.stdout:Wrote public SSH key to /home/ubuntu/cephtest/ceph.pub
2024-04-14T22:33:46.636 INFO:teuthology.orchestra.run.smithi142.stdout:Adding key to root@localhost authorized_keys...
2024-04-14T22:33:46.636 INFO:teuthology.orchestra.run.smithi142.stdout:Adding host smithi142...
2024-04-14T22:33:47.209 INFO:journalctl@ceph.mon.smithi142.smithi142.stdout:Apr 14 22:33:46 smithi142 ceph-mon[29243]: from='client.14136 -' entity='client.admin' cmd=[{"prefix": "cephadm get-pub-key", "target": ["mon-mgr", ""]}]: dispatch
2024-04-14T22:33:48.170 INFO:journalctl@ceph.mon.smithi142.smithi142.stdout:Apr 14 22:33:47 smithi142 ceph-mon[29243]: from='client.14138 -' entity='client.admin' cmd=[{"prefix": "orch host add", "hostname": "smithi142", "addr": "172.21.15.142", "target": ["mon-mgr", ""]}]: dispatch
2024-04-14T22:33:49.160 INFO:journalctl@ceph.mon.smithi142.smithi142.stdout:Apr 14 22:33:48 smithi142 ceph-mon[29243]: Deploying cephadm binary to smithi142
2024-04-14T22:33:50.407 INFO:teuthology.orchestra.run.smithi142.stdout:/usr/bin/ceph: stdout Added host 'smithi142' with addr '172.21.15.142'
2024-04-14T22:33:50.407 INFO:teuthology.orchestra.run.smithi142.stdout:/usr/bin/ceph: stderr
2024-04-14T22:33:47.009+0000 7fb635984700 1 Processor -- start
2024-04-14T22:33:50.407 INFO:teuthology.orchestra.run.smithi142.stdout:/usr/bin/ceph: stderr
2024-04-14T22:33:47.009+0000 7fb635984700 1 -- start start
2024-04-14T22:33:50.407 INFO:teuthology.orchestra.run.smithi142.stdout:/usr/bin/ceph: stderr
2024-04-14T22:33:47.010+0000 7fb635984700 1 --2- >> [v2:172.21.15.142:3300/0,v1:172.21.15.142:6789/0] conn(0x7fb630106580 0x7fb6301069a0 unknown :-1 s=NONE pgs=0 cs=0 l=0 rev1=0 crypto rx=0 tx=0 comp rx=0 tx=0).connect
2024-04-14T22:33:50.407 INFO:teuthology.orchestra.run.smithi142.stdout:/usr/bin/ceph: stderr
2024-04-14T22:33:47.010+0000 7fb635984700 1 -- --> [v2:172.21.15.142:3300/0,v1:172.21.15.142:6789/0] -- mon_getmap magic: 0 v1 -- 0x7fb630106f70 con 0x7fb630106580
2024-04-14T22:33:50.407 INFO:teuthology.orchestra.run.smithi142.stdout:/usr/bin/ceph: stderr
2024-04-14T22:33:47.010+0000 7fb62effd700 1 --2- >> [v2:172.21.15.142:3300/0,v1:172.21.15.142:6789/0] conn(0x7fb630106580 0x7fb6301069a0 unknown :-1 s=BANNER_CONNECTING pgs=0 cs=0 l=0 rev1=0 crypto rx=0 tx=0 comp rx=0 tx=0)._handle_peer_banner_payload supported=3 required=0
2024-04-14T22:33:50.407 INFO:teuthology.orchestra.run.smithi142.stdout:/usr/bin/ceph: stderr
2024-04-14T22:33:47.010+0000 7fb62effd700 1 --2- >> [v2:172.21.15.142:3300/0,v1:172.21.15.142:6789/0] conn(0x7fb630106580 0x7fb6301069a0 unknown :-1 s=HELLO_CONNECTING pgs=0 cs=0 l=0 rev1=1 crypto rx=0 tx=0 comp rx=0 tx=0).handle_hello peer v2:172.21.15.142:3300/0 says I am v2:172.21.15.142:42154/0 (socket says 172.21.15.142:42154)
2024-04-14T22:33:50.407 INFO:teuthology.orchestra.run.smithi142.stdout:/usr/bin/ceph: stderr
2024-04-14T22:33:47.010+0000 7fb62effd700 1 -- 172.21.15.142:0/1380879467 learned_addr learned my addr 172.21.15.142:0/1380879467 (peer_addr_for_me v2:172.21.15.142:0/0)
2024-04-14T22:33:50.407 INFO:teuthology.orchestra.run.smithi142.stdout:/usr/bin/ceph: stderr
2024-04-14T22:33:47.010+0000 7fb62effd700 1 -- 172.21.15.142:0/1380879467 --> [v2:172.21.15.142:3300/0,v1:172.21.15.142:6789/0] -- mon_subscribe({config=0+,monmap=0+}) v3 -- 0x7fb630107780 con 0x7fb630106580
2024-04-14T22:33:50.408 INFO:teuthology.orchestra.run.smithi142.stdout:/usr/bin/ceph: stderr
2024-04-14T22:33:47.010+0000 7fb62effd700 1 --2- 172.21.15.142:0/1380879467 >> [v2:172.21.15.142:3300/0,v1:172.21.15.142:6789/0] conn(0x7fb630106580 0x7fb6301069a0 secure :-1 s=READY pgs=43 cs=0 l=1 rev1=1 crypto rx=0x7fb6240098a0 tx=0x7fb624009bb0 comp rx=0 tx=0).ready entity=mon.0 client_cookie=8ffed8060837e2fb server_cookie=0 in_seq=0 out_seq=0
2024-04-14T22:33:50.408 INFO:teuthology.orchestra.run.smithi142.stdout:/usr/bin/ceph: stderr
2024-04-14T22:33:47.010+0000 7fb62dffb700 1 -- 172.21.15.142:0/1380879467 <== mon.0 v2:172.21.15.142:3300/0 1 ==== mon_map magic: 0 v1 ==== 229+0+0 (secure 0 0 0) 0x7fb624004180 con 0x7fb630106580
2024-04-14T22:33:50.408 INFO:teuthology.orchestra.run.smithi142.stdout:/usr/bin/ceph: stderr
2024-04-14T22:33:47.010+0000 7fb62dffb700 1 -- 172.21.15.142:0/1380879467 <== mon.0 v2:172.21.15.142:3300/0 2 ==== config(27 keys) v1 ==== 1037+0+0 (secure 0 0 0) 0x7fb6240042e0 con 0x7fb630106580
