2024-04-14T22:34:07.036+0000 7fdefa456700 1 --2- 172.21.15.142:0/1303557 >> [v2:172.21.15.142:3300/0,v1:172.21.15.142:6789/0] conn(0x7fdef4105470 0x7fdef4105890 unknown :-1 s=CLOSED pgs=69 cs=0 l=1 rev1=1 crypto rx=0 tx=0 comp rx=0 tx=0).stop
2024-04-14T22:34:07.949 INFO:teuthology.orchestra.run.smithi142.stdout:/usr/bin/ceph: stderr
2024-04-14T22:34:07.036+0000 7fdefa456700 1 -- 172.21.15.142:0/1303557 >> 172.21.15.142:0/1303557 conn(0x7fdef41009f0 msgr2=0x7fdef4102e50 unknown :-1 s=STATE_NONE l=0).mark_down
2024-04-14T22:34:07.949 INFO:teuthology.orchestra.run.smithi142.stdout:/usr/bin/ceph: stderr
2024-04-14T22:34:07.036+0000 7fdefa456700 1 -- 172.21.15.142:0/1303557 shutdown_connections
2024-04-14T22:34:07.949 INFO:teuthology.orchestra.run.smithi142.stdout:/usr/bin/ceph: stderr
2024-04-14T22:34:07.036+0000 7fdefa456700 1 -- 172.21.15.142:0/1303557 wait complete.
2024-04-14T22:34:07.949 INFO:teuthology.orchestra.run.smithi142.stdout:/usr/bin/ceph: stderr
2024-04-14T22:34:07.036+0000 7fdefa456700 1 Processor -- start
2024-04-14T22:34:07.949 INFO:teuthology.orchestra.run.smithi142.stdout:/usr/bin/ceph: stderr
2024-04-14T22:34:07.036+0000 7fdefa456700 1 -- start start
2024-04-14T22:34:07.949 INFO:teuthology.orchestra.run.smithi142.stdout:/usr/bin/ceph: stderr
2024-04-14T22:34:07.037+0000 7fdefa456700 1 --2- >> [v2:172.21.15.142:3300/0,v1:172.21.15.142:6789/0] conn(0x7fdef4105470 0x7fdef419a1d0 unknown :-1 s=NONE pgs=0 cs=0 l=1 rev1=0 crypto rx=0 tx=0 comp rx=0 tx=0).connect
2024-04-14T22:34:07.949 INFO:teuthology.orchestra.run.smithi142.stdout:/usr/bin/ceph: stderr
2024-04-14T22:34:07.037+0000 7fdefa456700 1 -- --> [v2:172.21.15.142:3300/0,v1:172.21.15.142:6789/0] -- mon_getmap magic: 0 v1 -- 0x7fdef419a710 con 0x7fdef4105470
2024-04-14T22:34:07.949 INFO:teuthology.orchestra.run.smithi142.stdout:/usr/bin/ceph: stderr
2024-04-14T22:34:07.037+0000 7fdef3fff700 1 --2- >> [v2:172.21.15.142:3300/0,v1:172.21.15.142:6789/0] conn(0x7fdef4105470 0x7fdef419a1d0 unknown :-1 s=BANNER_CONNECTING pgs=0 cs=0 l=1 rev1=0 crypto rx=0 tx=0 comp rx=0 tx=0)._handle_peer_banner_payload supported=3 required=0
2024-04-14T22:34:07.949 INFO:teuthology.orchestra.run.smithi142.stdout:/usr/bin/ceph: stderr
2024-04-14T22:34:07.037+0000 7fdef3fff700 1 --2- >> [v2:172.21.15.142:3300/0,v1:172.21.15.142:6789/0] conn(0x7fdef4105470 0x7fdef419a1d0 unknown :-1 s=HELLO_CONNECTING pgs=0 cs=0 l=1 rev1=1 crypto rx=0 tx=0 comp rx=0 tx=0).handle_hello peer v2:172.21.15.142:3300/0 says I am v2:172.21.15.142:46486/0 (socket says 172.21.15.142:46486)
2024-04-14T22:34:07.949 INFO:teuthology.orchestra.run.smithi142.stdout:/usr/bin/ceph: stderr
2024-04-14T22:34:07.037+0000 7fdef3fff700 1 -- 172.21.15.142:0/287820627 learned_addr learned my addr 172.21.15.142:0/287820627 (peer_addr_for_me v2:172.21.15.142:0/0)
2024-04-14T22:34:07.949 INFO:teuthology.orchestra.run.smithi142.stdout:/usr/bin/ceph: stderr
2024-04-14T22:34:07.037+0000 7fdef3fff700 1 -- 172.21.15.142:0/287820627 --> [v2:172.21.15.142:3300/0,v1:172.21.15.142:6789/0] -- mon_subscribe({config=0+,monmap=0+}) v3 -- 0x7fdee8009550 con 0x7fdef4105470
2024-04-14T22:34:07.949 INFO:teuthology.orchestra.run.smithi142.stdout:/usr/bin/ceph: stderr
2024-04-14T22:34:07.037+0000 7fdef3fff700 1 --2- 172.21.15.142:0/287820627 >> [v2:172.21.15.142:3300/0,v1:172.21.15.142:6789/0] conn(0x7fdef4105470 0x7fdef419a1d0 secure :-1 s=READY pgs=70 cs=0 l=1 rev1=1 crypto rx=0x7fdee8006ba0 tx=0x7fdee8011b50 comp rx=0 tx=0).ready entity=mon.0 client_cookie=0 server_cookie=0 in_seq=0 out_seq=0
2024-04-14T22:34:07.950 INFO:teuthology.orchestra.run.smithi142.stdout:/usr/bin/ceph: stderr
2024-04-14T22:34:07.037+0000 7fdef17fa700 1 -- 172.21.15.142:0/287820627 <== mon.0 v2:172.21.15.142:3300/0 1 ==== mon_map magic: 0 v1 ==== 229+0+0 (secure 0 0 0) 0x7fdee8003b00 con 0x7fdef4105470
2024-04-14T22:34:07.950 INFO:teuthology.orchestra.run.smithi142.stdout:/usr/bin/ceph: stderr
2024-04-14T22:34:07.037+0000 7fdef17fa700 1 -- 172.21.15.142:0/287820627 <== mon.0 v2:172.21.15.142:3300/0 2 ==== config(27 keys) v1 ==== 1101+0+0 (secure 0 0 0) 0x7fdee801a8e0 con 0x7fdef4105470
2024-04-14T22:34:07.950 INFO:teuthology.orchestra.run.smithi142.stdout:/usr/bin/ceph: stderr
2024-04-14T22:34:07.037+0000 7fdefa456700 1 -- 172.21.15.142:0/287820627 --> [v2:172.21.15.142:3300/0,v1:172.21.15.142:6789/0] -- mon_subscribe({mgrmap=0+}) v3 -- 0x7fdef419a910 con 0x7fdef4105470
2024-04-14T22:34:07.950 INFO:teuthology.orchestra.run.smithi142.stdout:/usr/bin/ceph: stderr
2024-04-14T22:34:07.037+0000 7fdef17fa700 1 -- 172.21.15.142:0/287820627 <== mon.0 v2:172.21.15.142:3300/0 3 ==== mon_map magic: 0 v1 ==== 229+0+0 (secure 0 0 0) 0x7fdee8019990 con 0x7fdef4105470
2024-04-14T22:34:07.950 INFO:teuthology.orchestra.run.smithi142.stdout:/usr/bin/ceph: stderr
2024-04-14T22:34:07.037+0000 7fdefa456700 1 -- 172.21.15.142:0/287820627 --> [v2:172.21.15.142:3300/0,v1:172.21.15.142:6789/0] -- mon_subscribe({osdmap=0}) v3 -- 0x7fdef419adb0 con 0x7fdef4105470
2024-04-14T22:34:07.950 INFO:teuthology.orchestra.run.smithi142.stdout:/usr/bin/ceph: stderr
2024-04-14T22:34:07.038+0000 7fdef17fa700 1 -- 172.21.15.142:0/287820627 <== mon.0 v2:172.21.15.142:3300/0 4 ==== mgrmap(e 9) v1 ==== 45296+0+0 (secure 0 0 0) 0x7fdee8019c50 con 0x7fdef4105470
2024-04-14T22:34:07.950 INFO:teuthology.orchestra.run.smithi142.stdout:/usr/bin/ceph: stderr
2024-04-14T22:34:07.038+0000 7fdefa456700 1 -- 172.21.15.142:0/287820627 --> [v2:172.21.15.142:3300/0,v1:172.21.15.142:6789/0] -- mon_command({"prefix": "get_command_descriptions"} v 0) v1 -- 0x7fdee0005320 con 0x7fdef4105470
2024-04-14T22:34:07.950 INFO:teuthology.orchestra.run.smithi142.stdout:/usr/bin/ceph: stderr
2024-04-14T22:34:07.038+0000 7fdef17fa700 1 --2- 172.21.15.142:0/287820627 >> [v2:172.21.15.142:6800/2922531659,v1:172.21.15.142:6801/2922531659] conn(0x7fdedc038320 0x7fdedc03a7e0 unknown :-1 s=NONE pgs=0 cs=0 l=1 rev1=0 crypto rx=0 tx=0 comp rx=0 tx=0).connect
2024-04-14T22:34:07.950 INFO:teuthology.orchestra.run.smithi142.stdout:/usr/bin/ceph: stderr
2024-04-14T22:34:07.038+0000 7fdef37fe700 1 -- 172.21.15.142:0/287820627 >> [v2:172.21.15.142:6800/2922531659,v1:172.21.15.142:6801/2922531659] conn(0x7fdedc038320 msgr2=0x7fdedc03a7e0 unknown :-1 s=STATE_CONNECTING_RE l=1).process reconnect failed to v2:172.21.15.142:6800/2922531659
2024-04-14T22:34:07.950 INFO:teuthology.orchestra.run.smithi142.stdout:/usr/bin/ceph: stderr
2024-04-14T22:34:07.038+0000 7fdef17fa700 1 -- 172.21.15.142:0/287820627 <== mon.0 v2:172.21.15.142:3300/0 5 ==== osd_map(2..2 src has 1..2) v4 ==== 940+0+0 (secure 0 0 0) 0x7fdee804d630 con 0x7fdef4105470
2024-04-14T22:34:07.950 INFO:teuthology.orchestra.run.smithi142.stdout:/usr/bin/ceph: stderr
2024-04-14T22:34:07.038+0000 7fdef37fe700 1 --2- 172.21.15.142:0/287820627 >> [v2:172.21.15.142:6800/2922531659,v1:172.21.15.142:6801/2922531659] conn(0x7fdedc038320 0x7fdedc03a7e0 unknown :-1 s=START_CONNECT pgs=0 cs=0 l=1 rev1=0 crypto rx=0 tx=0 comp rx=0 tx=0)._fault waiting 0.200000
2024-04-14T22:34:07.950 INFO:teuthology.orchestra.run.smithi142.stdout:/usr/bin/ceph: stderr
2024-04-14T22:34:07.043+0000 7fdef17fa700 1 -- 172.21.15.142:0/287820627 <== mon.0 v2:172.21.15.142:3300/0 6 ==== mon_command_ack([{"prefix": "get_command_descriptions"}]=0 v0) v1 ==== 72+0+180422 (secure 0 0 0) 0x7fdee802d440 con 0x7fdef4105470
2024-04-14T22:34:07.950 INFO:teuthology.orchestra.run.smithi142.stdout:/usr/bin/ceph: stderr
2024-04-14T22:34:07.239+0000 7fdef37fe700 1 -- 172.21.15.142:0/287820627 >> [v2:172.21.15.142:6800/2922531659,v1:172.21.15.142:6801/2922531659] conn(0x7fdedc038320 msgr2=0x7fdedc03a7e0 unknown :-1 s=STATE_CONNECTING_RE l=1).process reconnect failed to v2:172.21.15.142:6800/2922531659
2024-04-14T22:34:07.951 INFO:teuthology.orchestra.run.smithi142.stdout:/usr/bin/ceph: stderr
2024-04-14T22:34:07.239+0000 7fdef37fe700 1 --2- 172.21.15.142:0/287820627 >> [v2:172.21.15.142:6800/2922531659,v1:172.21.15.142:6801/2922531659] conn(0x7fdedc038320 0x7fdedc03a7e0 unknown :-1 s=START_CONNECT pgs=0 cs=0 l=1 rev1=0 crypto rx=0 tx=0 comp rx=0 tx=0)._fault waiting 0.400000
2024-04-14T22:34:07.951 INFO:teuthology.orchestra.run.smithi142.stdout:/usr/bin/ceph: stderr
2024-04-14T22:34:07.288+0000 7fdefa456700 1 -- 172.21.15.142:0/287820627 --> [v2:172.21.15.142:3300/0,v1:172.21.15.142:6789/0] -- mon_command({"prefix": "mgr stat"} v 0) v1 -- 0x7fdee0006200 con 0x7fdef4105470
2024-04-14T22:34:07.951 INFO:teuthology.orchestra.run.smithi142.stdout:/usr/bin/ceph: stderr
2024-04-14T22:34:07.289+0000 7fdef17fa700 1 -- 172.21.15.142:0/287820627 <== mon.0 v2:172.21.15.142:3300/0 7 ==== mon_command_ack([{"prefix": "mgr stat"}]=0 v9) v1 ==== 56+0+103 (secure 0 0 0) 0x7fdee80172b0 con 0x7fdef4105470
2024-04-14T22:34:07.951 INFO:teuthology.orchestra.run.smithi142.stdout:/usr/bin/ceph: stderr
2024-04-14T22:34:07.291+0000 7fdefa456700 1 -- 172.21.15.142:0/287820627 >> [v2:172.21.15.142:6800/2922531659,v1:172.21.15.142:6801/2922531659] conn(0x7fdedc038320 msgr2=0x7fdedc03a7e0 unknown :-1 s=STATE_CONNECTING l=1).mark_down
2024-04-14T22:34:07.952 INFO:teuthology.orchestra.run.smithi142.stdout:/usr/bin/ceph: stderr
2024-04-14T22:34:07.291+0000 7fdefa456700 1 --2- 172.21.15.142:0/287820627 >> [v2:172.21.15.142:6800/2922531659,v1:172.21.15.142:6801/2922531659] conn(0x7fdedc038320 0x7fdedc03a7e0 unknown :-1 s=START_CONNECT pgs=0 cs=0 l=1 rev1=0 crypto rx=0 tx=0 comp rx=0 tx=0).stop
2024-04-14T22:34:07.952 INFO:teuthology.orchestra.run.smithi142.stdout:/usr/bin/ceph: stderr
2024-04-14T22:34:07.291+0000 7fdefa456700 1 -- 172.21.15.142:0/287820627 >> [v2:172.21.15.142:3300/0,v1:172.21.15.142:6789/0] conn(0x7fdef4105470 msgr2=0x7fdef419a1d0 secure :-1 s=STATE_CONNECTION_ESTABLISHED l=1).mark_down
2024-04-14T22:34:07.952 INFO:teuthology.orchestra.run.smithi142.stdout:/usr/bin/ceph: stderr
2024-04-14T22:34:07.291+0000 7fdefa456700 1 --2- 172.21.15.142:0/287820627 >> [v2:172.21.15.142:3300/0,v1:172.21.15.142:6789/0] conn(0x7fdef4105470 0x7fdef419a1d0 secure :-1 s=READY pgs=70 cs=0 l=1 rev1=1 crypto rx=0x7fdee8006ba0 tx=0x7fdee8011b50 comp rx=0 tx=0).stop
2024-04-14T22:34:07.952 INFO:teuthology.orchestra.run.smithi142.stdout:/usr/bin/ceph: stderr
2024-04-14T22:34:07.291+0000 7fdefa456700 1 -- 172.21.15.142:0/287820627 shutdown_connections
2024-04-14T22:34:07.952 INFO:teuthology.orchestra.run.smithi142.stdout:/usr/bin/ceph: stderr
2024-04-14T22:34:07.291+0000 7fdefa456700 1 --2- 172.21.15.142:0/287820627 >> [v2:172.21.15.142:6800/2922531659,v1:172.21.15.142:6801/2922531659] conn(0x7fdedc038320 0x7fdedc03a7e0 unknown :-1 s=CLOSED pgs=0 cs=0 l=1 rev1=0 crypto rx=0 tx=0 comp rx=0 tx=0).stop
2024-04-14T22:34:07.952 INFO:teuthology.orchestra.run.smithi142.stdout:/usr/bin/ceph: stderr
2024-04-14T22:34:07.291+0000 7fdefa456700 1 --2- 172.21.15.142:0/287820627 >> [v2:172.21.15.142:3300/0,v1:172.21.15.142:6789/0] conn(0x7fdef4105470 0x7fdef419a1d0 unknown :-1 s=CLOSED pgs=70 cs=0 l=1 rev1=1 crypto rx=0 tx=0 comp rx=0 tx=0).stop
2024-04-14T22:34:07.952 INFO:teuthology.orchestra.run.smithi142.stdout:/usr/bin/ceph: stderr
2024-04-14T22:34:07.291+0000 7fdefa456700 1 -- 172.21.15.142:0/287820627 >> 172.21.15.142:0/287820627 conn(0x7fdef41009f0 msgr2=0x7fdef4074090 unknown :-1 s=STATE_NONE l=0).mark_down
2024-04-14T22:34:07.952 INFO:teuthology.orchestra.run.smithi142.stdout:/usr/bin/ceph: stderr
2024-04-14T22:34:07.291+0000 7fdefa456700 1 -- 172.21.15.142:0/287820627 shutdown_connections
2024-04-14T22:34:07.952 INFO:teuthology.orchestra.run.smithi142.stdout:/usr/bin/ceph: stderr
2024-04-14T22:34:07.291+0000 7fdefa456700 1 -- 172.21.15.142:0/287820627 wait complete.
2024-04-14T22:34:07.952 INFO:teuthology.orchestra.run.smithi142.stdout:Waiting for the mgr to restart...
2024-04-14T22:34:07.952 INFO:teuthology.orchestra.run.smithi142.stdout:Waiting for mgr epoch 9...
2024-04-14T22:34:08.203 INFO:journalctl@ceph.mon.smithi142.smithi142.stdout:Apr 14 22:34:08 smithi142 ceph-mon[29243]: from='client.? 172.21.15.142:0/287820627' entity='client.admin' cmd=[{"prefix": "mgr stat"}]: dispatch
2024-04-14T22:34:13.038 INFO:journalctl@ceph.mon.smithi142.smithi142.stdout:Apr 14 22:34:12 smithi142 ceph-mon[29243]: Active manager daemon smithi142.gwhhtq restarted
2024-04-14T22:34:13.039 INFO:journalctl@ceph.mon.smithi142.smithi142.stdout:Apr 14 22:34:12 smithi142 ceph-mon[29243]: Activating manager daemon smithi142.gwhhtq
2024-04-14T22:34:13.039 INFO:journalctl@ceph.mon.smithi142.smithi142.stdout:Apr 14 22:34:12 smithi142 ceph-mon[29243]: osdmap e3: 0 total, 0 up, 0 in
2024-04-14T22:34:13.039 INFO:journalctl@ceph.mon.smithi142.smithi142.stdout:Apr 14 22:34:12 smithi142 ceph-mon[29243]: mgrmap e10: smithi142.gwhhtq(active, starting, since 0.00366997s)
2024-04-14T22:34:13.039 INFO:journalctl@ceph.mon.smithi142.smithi142.stdout:Apr 14 22:34:12 smithi142 ceph-mon[29243]: from='mgr.14162 172.21.15.142:0/3534505555' entity='mgr.smithi142.gwhhtq' cmd=[{"prefix": "mon metadata", "id": "smithi142"}]: dispatch
2024-04-14T22:34:13.039 INFO:journalctl@ceph.mon.smithi142.smithi142.stdout:Apr 14 22:34:12 smithi142 ceph-mon[29243]: from='mgr.14162 172.21.15.142:0/3534505555' entity='mgr.smithi142.gwhhtq' cmd=[{"prefix": "mgr metadata", "who": "smithi142.gwhhtq", "id": "smithi142.gwhhtq"}]: dispatch
2024-04-14T22:34:13.039 INFO:journalctl@ceph.mon.smithi142.smithi142.stdout:Apr 14 22:34:12 smithi142 ceph-mon[29243]: from='mgr.14162 172.21.15.142:0/3534505555' entity='mgr.smithi142.gwhhtq' cmd=[{"prefix": "mds metadata"}]: dispatch
2024-04-14T22:34:13.039 INFO:journalctl@ceph.mon.smithi142.smithi142.stdout:Apr 14 22:34:12 smithi142 ceph-mon[29243]: from='mgr.14162 172.21.15.142:0/3534505555' entity='mgr.smithi142.gwhhtq' cmd=[{"prefix": "osd metadata"}]: dispatch
2024-04-14T22:34:13.039 INFO:journalctl@ceph.mon.smithi142.smithi142.stdout:Apr 14 22:34:12 smithi142 ceph-mon[29243]: from='mgr.14162 172.21.15.142:0/3534505555' entity='mgr.smithi142.gwhhtq' cmd=[{"prefix": "mon metadata"}]: dispatch
2024-04-14T22:34:13.039 INFO:journalctl@ceph.mon.smithi142.smithi142.stdout:Apr 14 22:34:12 smithi142 ceph-mon[29243]: Manager daemon smithi142.gwhhtq is now available
2024-04-14T22:34:13.039 INFO:journalctl@ceph.mon.smithi142.smithi142.stdout:Apr 14 22:34:12 smithi142 ceph-mon[29243]: from='mgr.14162 172.21.15.142:0/3534505555' entity='mgr.smithi142.gwhhtq' cmd=[{"prefix": "config dump", "format": "json"}]: dispatch
2024-04-14T22:34:13.039 INFO:journalctl@ceph.mon.smithi142.smithi142.stdout:Apr 14 22:34:12 smithi142 ceph-mon[29243]: from='mgr.14162 172.21.15.142:0/3534505555' entity='mgr.smithi142.gwhhtq' cmd=[{"prefix": "config dump", "format": "json"}]: dispatch
2024-04-14T22:34:13.039 INFO:journalctl@ceph.mon.smithi142.smithi142.stdout:Apr 14 22:34:12 smithi142 ceph-mon[29243]: from='mgr.14162 172.21.15.142:0/3534505555' entity='mgr.smithi142.gwhhtq' cmd=[{"prefix":"config rm","who":"mgr","name":"mgr/rbd_support/smithi142.gwhhtq/mirror_snapshot_schedule"}]: dispatch
2024-04-14T22:34:13.039 INFO:journalctl@ceph.mon.smithi142.smithi142.stdout:Apr 14 22:34:12 smithi142 ceph-mon[29243]: from='mgr.14162 172.21.15.142:0/3534505555' entity='mgr.smithi142.gwhhtq' cmd=[{"prefix":"config rm","who":"mgr","name":"mgr/rbd_support/smithi142.gwhhtq/trash_purge_schedule"}]: dispatch
2024-04-14T22:34:14.441 INFO:teuthology.orchestra.run.smithi142.stdout:/usr/bin/ceph: stdout {
2024-04-14T22:34:14.442 INFO:teuthology.orchestra.run.smithi142.stdout:/usr/bin/ceph: stdout "mgrmap_epoch": 11,
2024-04-14T22:34:14.442 INFO:teuthology.orchestra.run.smithi142.stdout:/usr/bin/ceph: stdout "initialized": true
2024-04-14T22:34:14.442 INFO:teuthology.orchestra.run.smithi142.stdout:/usr/bin/ceph: stdout }
2024-04-14T22:34:14.442 INFO:teuthology.orchestra.run.smithi142.stdout:/usr/bin/ceph: stderr
2024-04-14T22:34:08.417+0000 7f158ad99700 1 Processor -- start
2024-04-14T22:34:14.442 INFO:teuthology.orchestra.run.smithi142.stdout:/usr/bin/ceph: stderr
2024-04-14T22:34:08.417+0000 7f158ad99700 1 -- start start
2024-04-14T22:34:14.442 INFO:teuthology.orchestra.run.smithi142.stdout:/usr/bin/ceph: stderr
2024-04-14T22:34:08.418+0000 7f158ad99700 1 --2- >> [v2:172.21.15.142:3300/0,v1:172.21.15.142:6789/0] conn(0x7f1584104860 0x7f1584104c80 unknown :-1 s=NONE pgs=0 cs=0 l=0 rev1=0 crypto rx=0 tx=0 comp rx=0 tx=0).connect
2024-04-14T22:34:14.442 INFO:teuthology.orchestra.run.smithi142.stdout:/usr/bin/ceph: stderr
2024-04-14T22:34:08.418+0000 7f158ad99700 1 -- --> [v2:172.21.15.142:3300/0,v1:172.21.15.142:6789/0] -- mon_getmap magic: 0 v1 -- 0x7f1584105250 con 0x7f1584104860
2024-04-14T22:34:14.442 INFO:teuthology.orchestra.run.smithi142.stdout:/usr/bin/ceph: stderr
2024-04-14T22:34:08.418+0000 7f1588b35700 1 --2- >> [v2:172.21.15.142:3300/0,v1:172.21.15.142:6789/0] conn(0x7f1584104860 0x7f1584104c80 unknown :-1 s=BANNER_CONNECTING pgs=0 cs=0 l=0 rev1=0 crypto rx=0 tx=0 comp rx=0 tx=0)._handle_peer_banner_payload supported=3 required=0
2024-04-14T22:34:14.442 INFO:teuthology.orchestra.run.smithi142.stdout:/usr/bin/ceph: stderr
2024-04-14T22:34:08.418+0000 7f1588b35700 1 --2- >> [v2:172.21.15.142:3300/0,v1:172.21.15.142:6789/0] conn(0x7f1584104860 0x7f1584104c80 unknown :-1 s=HELLO_CONNECTING pgs=0 cs=0 l=0 rev1=1 crypto rx=0 tx=0 comp rx=0 tx=0).handle_hello peer v2:172.21.15.142:3300/0 says I am v2:172.21.15.142:46488/0 (socket says 172.21.15.142:46488)
2024-04-14T22:34:14.442 INFO:teuthology.orchestra.run.smithi142.stdout:/usr/bin/ceph: stderr
2024-04-14T22:34:08.418+0000 7f1588b35700 1 -- 172.21.15.142:0/1652039810 learned_addr learned my addr 172.21.15.142:0/1652039810 (peer_addr_for_me v2:172.21.15.142:0/0)
2024-04-14T22:34:14.442 INFO:teuthology.orchestra.run.smithi142.stdout:/usr/bin/ceph: stderr
2024-04-14T22:34:08.418+0000 7f1588b35700 1 -- 172.21.15.142:0/1652039810 --> [v2:172.21.15.142:3300/0,v1:172.21.15.142:6789/0] -- mon_subscribe({config=0+,monmap=0+}) v3 -- 0x7f15841077f0 con 0x7f1584104860
2024-04-14T22:34:14.442 INFO:teuthology.orchestra.run.smithi142.stdout:/usr/bin/ceph: stderr
2024-04-14T22:34:08.418+0000 7f1588b35700 1 --2- 172.21.15.142:0/1652039810 >> [v2:172.21.15.142:3300/0,v1:172.21.15.142:6789/0] conn(0x7f1584104860 0x7f1584104c80 secure :-1 s=READY pgs=71 cs=0 l=1 rev1=1 crypto rx=0x7f15780098a0 tx=0x7f1578009bb0 comp rx=0 tx=0).ready entity=mon.0 client_cookie=7503784a99922f4 server_cookie=0 in_seq=0 out_seq=0
2024-04-14T22:34:14.442 INFO:teuthology.orchestra.run.smithi142.stdout:/usr/bin/ceph: stderr
2024-04-14T22:34:08.418+0000 7f15837fe700 1 -- 172.21.15.142:0/1652039810 <== mon.0 v2:172.21.15.142:3300/0 1 ==== mon_map magic: 0 v1 ==== 229+0+0 (secure 0 0 0) 0x7f1578004180 con 0x7f1584104860
2024-04-14T22:34:14.443 INFO:teuthology.orchestra.run.smithi142.stdout:/usr/bin/ceph: stderr
2024-04-14T22:34:08.419+0000 7f15837fe700 1 -- 172.21.15.142:0/1652039810 <== mon.0 v2:172.21.15.142:3300/0 2 ==== config(27 keys) v1 ==== 1101+0+0 (secure 0 0 0) 0x7f15780042e0 con 0x7f1584104860
2024-04-14T22:34:14.443 INFO:teuthology.orchestra.run.smithi142.stdout:/usr/bin/ceph: stderr
2024-04-14T22:34:08.419+0000 7f15837fe700 1 -- 172.21.15.142:0/1652039810 <== mon.0 v2:172.21.15.142:3300/0 3 ==== mon_map magic: 0 v1 ==== 229+0+0 (secure 0 0 0) 0x7f1578011af0 con 0x7f1584104860
2024-04-14T22:34:14.443 INFO:teuthology.orchestra.run.smithi142.stdout:/usr/bin/ceph: stderr
2024-04-14T22:34:08.419+0000 7f158ad99700 1 -- 172.21.15.142:0/1652039810 >> [v2:172.21.15.142:3300/0,v1:172.21.15.142:6789/0] conn(0x7f1584104860 msgr2=0x7f1584104c80 secure :-1 s=STATE_CONNECTION_ESTABLISHED l=1).mark_down
2024-04-14T22:34:14.443 INFO:teuthology.orchestra.run.smithi142.stdout:/usr/bin/ceph: stderr
2024-04-14T22:34:08.419+0000 7f158ad99700 1 --2- 172.21.15.142:0/1652039810 >> [v2:172.21.15.142:3300/0,v1:172.21.15.142:6789/0] conn(0x7f1584104860 0x7f1584104c80 secure :-1 s=READY pgs=71 cs=0 l=1 rev1=1 crypto rx=0x7f15780098a0 tx=0x7f1578009bb0 comp rx=0 tx=0).stop
2024-04-14T22:34:14.443 INFO:teuthology.orchestra.run.smithi142.stdout:/usr/bin/ceph: stderr
2024-04-14T22:34:08.419+0000 7f158ad99700 1 -- 172.21.15.142:0/1652039810 shutdown_connections
2024-04-14T22:34:14.443 INFO:teuthology.orchestra.run.smithi142.stdout:/usr/bin/ceph: stderr
2024-04-14T22:34:08.419+0000 7f158ad99700 1 --2- 172.21.15.142:0/1652039810 >> [v2:172.21.15.142:3300/0,v1:172.21.15.142:6789/0] conn(0x7f1584104860 0x7f1584104c80 unknown :-1 s=CLOSED pgs=71 cs=0 l=1 rev1=1 crypto rx=0 tx=0 comp rx=0 tx=0).stop
2024-04-14T22:34:14.443 INFO:teuthology.orchestra.run.smithi142.stdout:/usr/bin/ceph: stderr
2024-04-14T22:34:08.419+0000 7f158ad99700 1 -- 172.21.15.142:0/1652039810 >> 172.21.15.142:0/1652039810 conn(0x7f1584100190 msgr2=0x7f15841025d0 unknown :-1 s=STATE_NONE l=0).mark_down
2024-04-14T22:34:14.443 INFO:teuthology.orchestra.run.smithi142.stdout:/usr/bin/ceph: stderr
2024-04-14T22:34:08.419+0000 7f158ad99700 1 -- 172.21.15.142:0/1652039810 shutdown_connections
2024-04-14T22:34:14.443 INFO:teuthology.orchestra.run.smithi142.stdout:/usr/bin/ceph: stderr
2024-04-14T22:34:08.419+0000 7f158ad99700 1 -- 172.21.15.142:0/1652039810 wait complete.
2024-04-14T22:34:14.443 INFO:teuthology.orchestra.run.smithi142.stdout:/usr/bin/ceph: stderr
2024-04-14T22:34:08.420+0000 7f158ad99700 1 Processor -- start
2024-04-14T22:34:14.443 INFO:teuthology.orchestra.run.smithi142.stdout:/usr/bin/ceph: stderr
2024-04-14T22:34:08.420+0000 7f158ad99700 1 -- start start
2024-04-14T22:34:14.443 INFO:teuthology.orchestra.run.smithi142.stdout:/usr/bin/ceph: stderr
2024-04-14T22:34:08.420+0000 7f158ad99700 1 --2- >> [v2:172.21.15.142:3300/0,v1:172.21.15.142:6789/0] conn(0x7f1584104860 0x7f1584107150 unknown :-1 s=NONE pgs=0 cs=0 l=1 rev1=0 crypto rx=0 tx=0 comp rx=0 tx=0).connect
2024-04-14T22:34:14.443 INFO:teuthology.orchestra.run.smithi142.stdout:/usr/bin/ceph: stderr
2024-04-14T22:34:08.420+0000 7f158ad99700 1 -- --> [v2:172.21.15.142:3300/0,v1:172.21.15.142:6789/0] -- mon_getmap magic: 0 v1 -- 0x7f1584107690 con 0x7f1584104860
2024-04-14T22:34:14.443 INFO:teuthology.orchestra.run.smithi142.stdout:/usr/bin/ceph: stderr
2024-04-14T22:34:08.420+0000 7f1588b35700 1 --2- >> [v2:172.21.15.142:3300/0,v1:172.21.15.142:6789/0] conn(0x7f1584104860 0x7f1584107150 unknown :-1 s=BANNER_CONNECTING pgs=0 cs=0 l=1 rev1=0 crypto rx=0 tx=0 comp rx=0 tx=0)._handle_peer_banner_payload supported=3 required=0
2024-04-14T22:34:14.443 INFO:teuthology.orchestra.run.smithi142.stdout:/usr/bin/ceph: stderr
2024-04-14T22:34:08.420+0000 7f1588b35700 1 --2- >> [v2:172.21.15.142:3300/0,v1:172.21.15.142:6789/0] conn(0x7f1584104860 0x7f1584107150 unknown :-1 s=HELLO_CONNECTING pgs=0 cs=0 l=1 rev1=1 crypto rx=0 tx=0 comp rx=0 tx=0).handle_hello peer v2:172.21.15.142:3300/0 says I am v2:172.21.15.142:46496/0 (socket says 172.21.15.142:46496)
2024-04-14T22:34:14.444 INFO:teuthology.orchestra.run.smithi142.stdout:/usr/bin/ceph: stderr
2024-04-14T22:34:08.420+0000 7f1588b35700 1 -- 172.21.15.142:0/720689009 learned_addr learned my addr 172.21.15.142:0/720689009 (peer_addr_for_me v2:172.21.15.142:0/0)
2024-04-14T22:34:14.444 INFO:teuthology.orchestra.run.smithi142.stdout:/usr/bin/ceph: stderr
2024-04-14T22:34:08.420+0000 7f1588b35700 1 -- 172.21.15.142:0/720689009 --> [v2:172.21.15.142:3300/0,v1:172.21.15.142:6789/0] -- mon_subscribe({config=0+,monmap=0+}) v3 -- 0x7f1578009550 con 0x7f1584104860
2024-04-14T22:34:14.444 INFO:teuthology.orchestra.run.smithi142.stdout:/usr/bin/ceph: stderr
2024-04-14T22:34:08.421+0000 7f1588b35700 1 --2- 172.21.15.142:0/720689009 >> [v2:172.21.15.142:3300/0,v1:172.21.15.142:6789/0] conn(0x7f1584104860 0x7f1584107150 secure :-1 s=READY pgs=72 cs=0 l=1 rev1=1 crypto rx=0x7f1578006ba0 tx=0x7f1578011b50 comp rx=0 tx=0).ready entity=mon.0 client_cookie=0 server_cookie=0 in_seq=0 out_seq=0
2024-04-14T22:34:14.444 INFO:teuthology.orchestra.run.smithi142.stdout:/usr/bin/ceph: stderr
2024-04-14T22:34:08.421+0000 7f1581ffb700 1 -- 172.21.15.142:0/720689009 <== mon.0 v2:172.21.15.142:3300/0 1 ==== mon_map magic: 0 v1 ==== 229+0+0 (secure 0 0 0) 0x7f1578003b00 con 0x7f1584104860
2024-04-14T22:34:14.444 INFO:teuthology.orchestra.run.smithi142.stdout:/usr/bin/ceph: stderr
2024-04-14T22:34:08.421+0000 7f158ad99700 1 -- 172.21.15.142:0/720689009 --> [v2:172.21.15.142:3300/0,v1:172.21.15.142:6789/0] -- mon_subscribe({mgrmap=0+}) v3 -- 0x7f15841057a0 con 0x7f1584104860
2024-04-14T22:34:14.444 INFO:teuthology.orchestra.run.smithi142.stdout:/usr/bin/ceph: stderr
2024-04-14T22:34:08.421+0000 7f1581ffb700 1 -- 172.21.15.142:0/720689009 <== mon.0 v2:172.21.15.142:3300/0 2 ==== config(27 keys) v1 ==== 1101+0+0 (secure 0 0 0) 0x7f157801a8e0 con 0x7f1584104860
2024-04-14T22:34:14.444 INFO:teuthology.orchestra.run.smithi142.stdout:/usr/bin/ceph: stderr
2024-04-14T22:34:08.421+0000 7f1581ffb700 1 -- 172.21.15.142:0/720689009 <== mon.0 v2:172.21.15.142:3300/0 3 ==== mon_map magic: 0 v1 ==== 229+0+0 (secure 0 0 0) 0x7f1578019990 con 0x7f1584104860
2024-04-14T22:34:14.444 INFO:teuthology.orchestra.run.smithi142.stdout:/usr/bin/ceph: stderr
2024-04-14T22:34:08.421+0000 7f158ad99700 1 -- 172.21.15.142:0/720689009 --> [v2:172.21.15.142:3300/0,v1:172.21.15.142:6789/0] -- mon_subscribe({osdmap=0}) v3 -- 0x7f1584105c40 con 0x7f1584104860
2024-04-14T22:34:14.444 INFO:teuthology.orchestra.run.smithi142.stdout:/usr/bin/ceph: stderr
2024-04-14T22:34:08.422+0000 7f1581ffb700 1 -- 172.21.15.142:0/720689009 <== mon.0 v2:172.21.15.142:3300/0 4 ==== mgrmap(e 9) v1 ==== 45296+0+0 (secure 0 0 0) 0x7f1578019c00 con 0x7f1584104860
2024-04-14T22:34:14.444 INFO:teuthology.orchestra.run.smithi142.stdout:/usr/bin/ceph: stderr
2024-04-14T22:34:08.422+0000 7f1581ffb700 1 --2- 172.21.15.142:0/720689009 >> [v2:172.21.15.142:6800/2922531659,v1:172.21.15.142:6801/2922531659] conn(0x7f1574038370 0x7f157403a830 unknown :-1 s=NONE pgs=0 cs=0 l=1 rev1=0 crypto rx=0 tx=0 comp rx=0 tx=0).connect
2024-04-14T22:34:14.444 INFO:teuthology.orchestra.run.smithi142.stdout:/usr/bin/ceph: stderr
2024-04-14T22:34:08.422+0000 7f158ad99700 1 -- 172.21.15.142:0/720689009 --> [v2:172.21.15.142:6800/2922531659,v1:172.21.15.142:6801/2922531659] -- command(tid 0: {"prefix": "get_command_descriptions"}) v1 -- 0x7f15840623c0 con 0x7f1574038370
2024-04-14T22:34:14.444 INFO:teuthology.orchestra.run.smithi142.stdout:/usr/bin/ceph: stderr
2024-04-14T22:34:08.422+0000 7f1581ffb700 1 -- 172.21.15.142:0/720689009 <== mon.0 v2:172.21.15.142:3300/0 5 ==== osd_map(2..2 src has 1..2) v4 ==== 940+0+0 (secure 0 0 0) 0x7f157804c550 con 0x7f1584104860
2024-04-14T22:34:14.444 INFO:teuthology.orchestra.run.smithi142.stdout:/usr/bin/ceph: stderr
2024-04-14T22:34:08.422+0000 7f1583fff700 1 -- 172.21.15.142:0/720689009 >> [v2:172.21.15.142:6800/2922531659,v1:172.21.15.142:6801/2922531659] conn(0x7f1574038370 msgr2=0x7f157403a830 unknown :-1 s=STATE_CONNECTING_RE l=1).process reconnect failed to v2:172.21.15.142:6800/2922531659
2024-04-14T22:34:14.444 INFO:teuthology.orchestra.run.smithi142.stdout:/usr/bin/ceph: stderr
2024-04-14T22:34:08.422+0000 7f1583fff700 1 --2- 172.21.15.142:0/720689009 >> [v2:172.21.15.142:6800/2922531659,v1:172.21.15.142:6801/2922531659] conn(0x7f1574038370 0x7f157403a830 unknown :-1 s=START_CONNECT pgs=0 cs=0 l=1 rev1=0 crypto rx=0 tx=0 comp rx=0 tx=0)._fault waiting 0.200000
2024-04-14T22:34:14.445 INFO:teuthology.orchestra.run.smithi142.stdout:/usr/bin/ceph: stderr
2024-04-14T22:34:08.623+0000 7f1583fff700 1 -- 172.21.15.142:0/720689009 >> [v2:172.21.15.142:6800/2922531659,v1:172.21.15.142:6801/2922531659] conn(0x7f1574038370 msgr2=0x7f157403a830 unknown :-1 s=STATE_CONNECTING_RE l=1).process reconnect failed to v2:172.21.15.142:6800/2922531659
2024-04-14T22:34:14.445 INFO:teuthology.orchestra.run.smithi142.stdout:/usr/bin/ceph: stderr
2024-04-14T22:34:08.623+0000 7f1583fff700 1 --2- 172.21.15.142:0/720689009 >> [v2:172.21.15.142:6800/2922531659,v1:172.21.15.142:6801/2922531659] conn(0x7f1574038370 0x7f157403a830 unknown :-1 s=START_CONNECT pgs=0 cs=0 l=1 rev1=0 crypto rx=0 tx=0 comp rx=0 tx=0)._fault waiting 0.400000
2024-04-14T22:34:14.445 INFO:teuthology.orchestra.run.smithi142.stdout:/usr/bin/ceph: stderr
2024-04-14T22:34:09.024+0000 7f1583fff700 1 -- 172.21.15.142:0/720689009 >> [v2:172.21.15.142:6800/2922531659,v1:172.21.15.142:6801/2922531659] conn(0x7f1574038370 msgr2=0x7f157403a830 unknown :-1 s=STATE_CONNECTING_RE l=1).process reconnect failed to v2:172.21.15.142:6800/2922531659
2024-04-14T22:34:14.445 INFO:teuthology.orchestra.run.smithi142.stdout:/usr/bin/ceph: stderr
2024-04-14T22:34:09.024+0000 7f1583fff700 1 --2- 172.21.15.142:0/720689009 >> [v2:172.21.15.142:6800/2922531659,v1:172.21.15.142:6801/2922531659] conn(0x7f1574038370 0x7f157403a830 unknown :-1 s=START_CONNECT pgs=0 cs=0 l=1 rev1=0 crypto rx=0 tx=0 comp rx=0 tx=0)._fault waiting 0.800000
2024-04-14T22:34:14.445 INFO:teuthology.orchestra.run.smithi142.stdout:/usr/bin/ceph: stderr
2024-04-14T22:34:09.825+0000 7f1583fff700 1 -- 172.21.15.142:0/720689009 >> [v2:172.21.15.142:6800/2922531659,v1:172.21.15.142:6801/2922531659] conn(0x7f1574038370 msgr2=0x7f157403a830 unknown :-1 s=STATE_CONNECTING_RE l=1).process reconnect failed to v2:172.21.15.142:6800/2922531659
2024-04-14T22:34:14.445 INFO:teuthology.orchestra.run.smithi142.stdout:/usr/bin/ceph: stderr
2024-04-14T22:34:09.825+0000 7f1583fff700 1 --2- 172.21.15.142:0/720689009 >> [v2:172.21.15.142:6800/2922531659,v1:172.21.15.142:6801/2922531659] conn(0x7f1574038370 0x7f157403a830 unknown :-1 s=START_CONNECT pgs=0 cs=0 l=1 rev1=0 crypto rx=0 tx=0 comp rx=0 tx=0)._fault waiting 1.600000
2024-04-14T22:34:14.445 INFO:teuthology.orchestra.run.smithi142.stdout:/usr/bin/ceph: stderr
2024-04-14T22:34:11.426+0000 7f1583fff700 1 -- 172.21.15.142:0/720689009 >> [v2:172.21.15.142:6800/2922531659,v1:172.21.15.142:6801/2922531659] conn(0x7f1574038370 msgr2=0x7f157403a830 unknown :-1 s=STATE_CONNECTING_RE l=1).process reconnect failed to v2:172.21.15.142:6800/2922531659
2024-04-14T22:34:14.445 INFO:teuthology.orchestra.run.smithi142.stdout:/usr/bin/ceph: stderr
2024-04-14T22:34:11.426+0000 7f1583fff700 1 --2- 172.21.15.142:0/720689009 >> [v2:172.21.15.142:6800/2922531659,v1:172.21.15.142:6801/2922531659] conn(0x7f1574038370 0x7f157403a830 unknown :-1 s=START_CONNECT pgs=0 cs=0 l=1 rev1=0 crypto rx=0 tx=0 comp rx=0 tx=0)._fault waiting 3.200000
2024-04-14T22:34:14.445 INFO:teuthology.orchestra.run.smithi142.stdout:/usr/bin/ceph: stderr
2024-04-14T22:34:12.686+0000 7f1581ffb700 1 -- 172.21.15.142:0/720689009 <== mon.0 v2:172.21.15.142:3300/0 6 ==== mgrmap(e 10) v1 ==== 45063+0+0 (secure 0 0 0) 0x7f157802c3a0 con 0x7f1584104860
2024-04-14T22:34:14.445 INFO:teuthology.orchestra.run.smithi142.stdout:/usr/bin/ceph: stderr
2024-04-14T22:34:12.686+0000 7f1581ffb700 1 -- 172.21.15.142:0/720689009 >> [v2:172.21.15.142:6800/2922531659,v1:172.21.15.142:6801/2922531659] conn(0x7f1574038370 msgr2=0x7f157403a830 unknown :-1 s=STATE_CONNECTING l=1).mark_down
2024-04-14T22:34:14.445 INFO:teuthology.orchestra.run.smithi142.stdout:/usr/bin/ceph: stderr
2024-04-14T22:34:12.686+0000 7f1581ffb700 1 --2- 172.21.15.142:0/720689009 >> [v2:172.21.15.142:6800/2922531659,v1:172.21.15.142:6801/2922531659] conn(0x7f1574038370 0x7f157403a830 unknown :-1 s=START_CONNECT pgs=0 cs=0 l=1 rev1=0 crypto rx=0 tx=0 comp rx=0 tx=0).stop
2024-04-14T22:34:14.445 INFO:teuthology.orchestra.run.smithi142.stdout:/usr/bin/ceph: stderr
2024-04-14T22:34:13.687+0000 7f1581ffb700 1 -- 172.21.15.142:0/720689009 <== mon.0 v2:172.21.15.142:3300/0 7 ==== mgrmap(e 11) v1 ==== 45190+0+0 (secure 0 0 0) 0x7f1578018350 con 0x7f1584104860
2024-04-14T22:34:14.445 INFO:teuthology.orchestra.run.smithi142.stdout:/usr/bin/ceph: stderr
2024-04-14T22:34:13.687+0000 7f1581ffb700 1 --2- 172.21.15.142:0/720689009 >> [v2:172.21.15.142:6800/4236450519,v1:172.21.15.142:6801/4236450519] conn(0x7f157403bc30 0x7f157403e020 unknown :-1 s=NONE pgs=0 cs=0 l=1 rev1=0 crypto rx=0 tx=0 comp rx=0 tx=0).connect
2024-04-14T22:34:14.445 INFO:teuthology.orchestra.run.smithi142.stdout:/usr/bin/ceph: stderr
2024-04-14T22:34:13.687+0000 7f1581ffb700 1 -- 172.21.15.142:0/720689009 --> [v2:172.21.15.142:6800/4236450519,v1:172.21.15.142:6801/4236450519] -- command(tid 0: {"prefix": "get_command_descriptions"}) v1 -- 0x7f15840623c0 con 0x7f157403bc30
2024-04-14T22:34:14.445 INFO:teuthology.orchestra.run.smithi142.stdout:/usr/bin/ceph: stderr
2024-04-14T22:34:13.687+0000 7f1583fff700 1 --2- 172.21.15.142:0/720689009 >> [v2:172.21.15.142:6800/4236450519,v1:172.21.15.142:6801/4236450519] conn(0x7f157403bc30 0x7f157403e020 unknown :-1 s=BANNER_CONNECTING pgs=0 cs=0 l=1 rev1=0 crypto rx=0 tx=0 comp rx=0 tx=0)._handle_peer_banner_payload supported=3 required=0
2024-04-14T22:34:14.446 INFO:teuthology.orchestra.run.smithi142.stdout:/usr/bin/ceph: stderr
2024-04-14T22:34:13.688+0000 7f1583fff700 1 --2- 172.21.15.142:0/720689009 >> [v2:172.21.15.142:6800/4236450519,v1:172.21.15.142:6801/4236450519] conn(0x7f157403bc30 0x7f157403e020 secure :-1 s=READY pgs=2 cs=0 l=1 rev1=1 crypto rx=0x7f1570003a10 tx=0x7f1570009270 comp rx=0 tx=0).ready entity=mgr.14162 client_cookie=0 server_cookie=0 in_seq=0 out_seq=0
2024-04-14T22:34:14.446 INFO:teuthology.orchestra.run.smithi142.stdout:/usr/bin/ceph: stderr
2024-04-14T22:34:13.688+0000 7f1581ffb700 1 -- 172.21.15.142:0/720689009 <== mgr.14162 v2:172.21.15.142:6800/4236450519 1 ==== command_reply(tid 0: 0 ) v1 ==== 8+0+6910 (secure 0 0 0) 0x7f15840623c0 con 0x7f157403bc30
2024-04-14T22:34:14.446 INFO:teuthology.orchestra.run.smithi142.stdout:/usr/bin/ceph: stderr
2024-04-14T22:34:13.694+0000 7f158ad99700 1 -- 172.21.15.142:0/720689009 --> [v2:172.21.15.142:6800/4236450519,v1:172.21.15.142:6801/4236450519] -- command(tid 1: {"prefix": "mgr_status"}) v1 -- 0x7f1584106cf0 con 0x7f157403bc30
2024-04-14T22:34:14.446 INFO:teuthology.orchestra.run.smithi142.stdout:/usr/bin/ceph: stderr
2024-04-14T22:34:13.694+0000 7f1581ffb700 1 -- 172.21.15.142:0/720689009 <== mgr.14162 v2:172.21.15.142:6800/4236450519 2 ==== command_reply(tid 1: 0 ) v1 ==== 8+0+52 (secure 0 0 0) 0x7f1584106cf0 con 0x7f157403bc30
2024-04-14T22:34:14.446 INFO:teuthology.orchestra.run.smithi142.stdout:/usr/bin/ceph: stderr
2024-04-14T22:34:13.695+0000 7f158ad99700 1 -- 172.21.15.142:0/720689009 >> [v2:172.21.15.142:6800/4236450519,v1:172.21.15.142:6801/4236450519] conn(0x7f157403bc30 msgr2=0x7f157403e020 secure :-1 s=STATE_CONNECTION_ESTABLISHED l=1).mark_down
2024-04-14T22:34:14.446 INFO:teuthology.orchestra.run.smithi142.stdout:/usr/bin/ceph: stderr
2024-04-14T22:34:13.695+0000 7f158ad99700 1 --2- 172.21.15.142:0/720689009 >> [v2:172.21.15.142:6800/4236450519,v1:172.21.15.142:6801/4236450519] conn(0x7f157403bc30 0x7f157403e020 secure :-1 s=READY pgs=2 cs=0 l=1 rev1=1 crypto rx=0x7f1570003a10 tx=0x7f1570009270 comp rx=0 tx=0).stop
2024-04-14T22:34:14.446 INFO:teuthology.orchestra.run.smithi142.stdout:/usr/bin/ceph: stderr
2024-04-14T22:34:13.695+0000 7f158ad99700 1 -- 172.21.15.142:0/720689009 >> [v2:172.21.15.142:3300/0,v1:172.21.15.142:6789/0] conn(0x7f1584104860 msgr2=0x7f1584107150 secure :-1 s=STATE_CONNECTION_ESTABLISHED l=1).mark_down
2024-04-14T22:34:14.446 INFO:teuthology.orchestra.run.smithi142.stdout:/usr/bin/ceph: stderr
2024-04-14T22:34:13.695+0000 7f158ad99700 1 --2- 172.21.15.142:0/720689009 >> [v2:172.21.15.142:3300/0,v1:172.21.15.142:6789/0] conn(0x7f1584104860 0x7f1584107150 secure :-1 s=READY pgs=72 cs=0 l=1 rev1=1 crypto rx=0x7f1578006ba0 tx=0x7f1578011b50 comp rx=0 tx=0).stop
2024-04-14T22:34:14.446 INFO:teuthology.orchestra.run.smithi142.stdout:/usr/bin/ceph: stderr
2024-04-14T22:34:13.695+0000 7f158ad99700 1 -- 172.21.15.142:0/720689009 shutdown_connections
2024-04-14T22:34:14.446 INFO:teuthology.orchestra.run.smithi142.stdout:/usr/bin/ceph: stderr
2024-04-14T22:34:13.695+0000 7f158ad99700 1 --2- 172.21.15.142:0/720689009 >> [v2:172.21.15.142:6800/4236450519,v1:172.21.15.142:6801/4236450519] conn(0x7f157403bc30 0x7f157403e020 unknown :-1 s=CLOSED pgs=2 cs=0 l=1 rev1=1 crypto rx=0 tx=0 comp rx=0 tx=0).stop
2024-04-14T22:34:14.446 INFO:teuthology.orchestra.run.smithi142.stdout:/usr/bin/ceph: stderr
2024-04-14T22:34:13.695+0000 7f158ad99700 1 --2- 172.21.15.142:0/720689009 >> [v2:172.21.15.142:3300/0,v1:172.21.15.142:6789/0] conn(0x7f1584104860 0x7f1584107150 unknown :-1 s=CLOSED pgs=72 cs=0 l=1 rev1=1 crypto rx=0 tx=0 comp rx=0 tx=0).stop
2024-04-14T22:34:14.446 INFO:teuthology.orchestra.run.smithi142.stdout:/usr/bin/ceph: stderr
2024-04-14T22:34:13.695+0000 7f158ad99700 1 --2- 172.21.15.142:0/720689009 >> [v2:172.21.15.142:6800/2922531659,v1:172.21.15.142:6801/2922531659] conn(0x7f1574038370 0x7f157403a830 unknown :-1 s=CLOSED pgs=0 cs=0 l=1 rev1=0 crypto rx=0 tx=0 comp rx=0 tx=0).stop
2024-04-14T22:34:14.446 INFO:teuthology.orchestra.run.smithi142.stdout:/usr/bin/ceph: stderr
2024-04-14T22:34:13.695+0000 7f158ad99700 1 -- 172.21.15.142:0/720689009 >> 172.21.15.142:0/720689009 conn(0x7f1584100190 msgr2=0x7f1584100f50 unknown :-1 s=STATE_NONE l=0).mark_down
2024-04-14T22:34:14.446 INFO:teuthology.orchestra.run.smithi142.stdout:/usr/bin/ceph: stderr
2024-04-14T22:34:13.695+0000 7f158ad99700 1 -- 172.21.15.142:0/720689009 shutdown_connections
2024-04-14T22:34:14.447 INFO:teuthology.orchestra.run.smithi142.stdout:/usr/bin/ceph: stderr
2024-04-14T22:34:13.695+0000 7f158ad99700 1 -- 172.21.15.142:0/720689009 wait complete.
2024-04-14T22:34:14.447 INFO:teuthology.orchestra.run.smithi142.stdout:mgr epoch 9 is available
2024-04-14T22:34:14.447 INFO:teuthology.orchestra.run.smithi142.stdout:Generating a dashboard self-signed certificate...
2024-04-14T22:34:15.038 INFO:journalctl@ceph.mon.smithi142.smithi142.stdout:Apr 14 22:34:14 smithi142 ceph-mon[29243]: [14/Apr/2024:22:34:13] ENGINE Bus STARTING
2024-04-14T22:34:15.038 INFO:journalctl@ceph.mon.smithi142.smithi142.stdout:Apr 14 22:34:14 smithi142 ceph-mon[29243]: [14/Apr/2024:22:34:13] ENGINE Serving on https://172.21.15.142:7150
2024-04-14T22:34:15.038 INFO:journalctl@ceph.mon.smithi142.smithi142.stdout:Apr 14 22:34:14 smithi142 ceph-mon[29243]: [14/Apr/2024:22:34:13] ENGINE Serving on http://172.21.15.142:8765
2024-04-14T22:34:15.038 INFO:journalctl@ceph.mon.smithi142.smithi142.stdout:Apr 14 22:34:14 smithi142 ceph-mon[29243]: [14/Apr/2024:22:34:13] ENGINE Bus STARTED
2024-04-14T22:34:15.038 INFO:journalctl@ceph.mon.smithi142.smithi142.stdout:Apr 14 22:34:14 smithi142 ceph-mon[29243]: from='client.14166 -' entity='client.admin' cmd=[{"prefix": "get_command_descriptions"}]: dispatch
2024-04-14T22:34:15.038 INFO:journalctl@ceph.mon.smithi142.smithi142.stdout:Apr 14 22:34:14 smithi142 ceph-mon[29243]: mgrmap e11: smithi142.gwhhtq(active, since 1.00522s)
2024-04-14T22:34:15.038 INFO:journalctl@ceph.mon.smithi142.smithi142.stdout:Apr 14 22:34:14 smithi142 ceph-mon[29243]: from='client.14166 -' entity='client.admin' cmd=[{"prefix": "mgr_status"}]: dispatch
2024-04-14T22:34:15.038 INFO:journalctl@ceph.mon.smithi142.smithi142.stdout:Apr 14 22:34:14 smithi142 ceph-mon[29243]: from='mgr.14162 172.21.15.142:0/3534505555' entity='mgr.smithi142.gwhhtq'
2024-04-14T22:34:15.853 INFO:teuthology.orchestra.run.smithi142.stdout:/usr/bin/ceph: stdout Self-signed certificate created
2024-04-14T22:34:15.853 INFO:teuthology.orchestra.run.smithi142.stdout:/usr/bin/ceph: stderr
2024-04-14T22:34:14.925+0000 7fa739f8e700 1 Processor -- start
2024-04-14T22:34:15.854 INFO:teuthology.orchestra.run.smithi142.stdout:/usr/bin/ceph: stderr
2024-04-14T22:34:14.925+0000 7fa739f8e700 1 -- start start
2024-04-14T22:34:15.854 INFO:teuthology.orchestra.run.smithi142.stdout:/usr/bin/ceph: stderr
2024-04-14T22:34:14.925+0000 7fa739f8e700 1 --2- >> [v2:172.21.15.142:3300/0,v1:172.21.15.142:6789/0] conn(0x7fa73407bea0 0x7fa73407a300 unknown :-1 s=NONE pgs=0 cs=0 l=0 rev1=0 crypto rx=0 tx=0 comp rx=0 tx=0).connect
2024-04-14T22:34:15.854 INFO:teuthology.orchestra.run.smithi142.stdout:/usr/bin/ceph: stderr
2024-04-14T22:34:14.925+0000 7fa739f8e700 1 -- --> [v2:172.21.15.142:3300/0,v1:172.21.15.142:6789/0] -- mon_getmap magic: 0 v1 -- 0x7fa73407a8d0 con 0x7fa73407bea0
2024-04-14T22:34:15.854 INFO:teuthology.orchestra.run.smithi142.stdout:/usr/bin/ceph: stderr
2024-04-14T22:34:14.925+0000 7fa7337fe700 1 --2- >> [v2:172.21.15.142:3300/0,v1:172.21.15.142:6789/0] conn(0x7fa73407bea0 0x7fa73407a300 unknown :-1 s=BANNER_CONNECTING pgs=0 cs=0 l=0 rev1=0 crypto rx=0 tx=0 comp rx=0 tx=0)._handle_peer_banner_payload supported=3 required=0
2024-04-14T22:34:15.854 INFO:teuthology.orchestra.run.smithi142.stdout:/usr/bin/ceph: stderr
2024-04-14T22:34:14.925+0000 7fa7337fe700 1 --2- >> [v2:172.21.15.142:3300/0,v1:172.21.15.142:6789/0] conn(0x7fa73407bea0 0x7fa73407a300 unknown :-1 s=HELLO_CONNECTING pgs=0 cs=0 l=0 rev1=1 crypto rx=0 tx=0 comp rx=0 tx=0).handle_hello peer v2:172.21.15.142:3300/0 says I am v2:172.21.15.142:53686/0 (socket says 172.21.15.142:53686)
2024-04-14T22:34:15.854 INFO:teuthology.orchestra.run.smithi142.stdout:/usr/bin/ceph: stderr
2024-04-14T22:34:14.925+0000 7fa7337fe700 1 -- 172.21.15.142:0/1613041596 learned_addr learned my addr 172.21.15.142:0/1613041596 (peer_addr_for_me v2:172.21.15.142:0/0)
2024-04-14T22:34:15.854 INFO:teuthology.orchestra.run.smithi142.stdout:/usr/bin/ceph: stderr
2024-04-14T22:34:14.926+0000 7fa7337fe700 1 -- 172.21.15.142:0/1613041596 --> [v2:172.21.15.142:3300/0,v1:172.21.15.142:6789/0] -- mon_subscribe({config=0+,monmap=0+}) v3 -- 0x7fa73407aa10 con 0x7fa73407bea0
2024-04-14T22:34:15.854 INFO:teuthology.orchestra.run.smithi142.stdout:/usr/bin/ceph: stderr
2024-04-14T22:34:14.926+0000 7fa7337fe700 1 --2- 172.21.15.142:0/1613041596 >> [v2:172.21.15.142:3300/0,v1:172.21.15.142:6789/0] conn(0x7fa73407bea0 0x7fa73407a300 secure :-1 s=READY pgs=80 cs=0 l=1 rev1=1 crypto rx=0x7fa7240098a0 tx=0x7fa724009bb0 comp rx=0 tx=0).ready entity=mon.0 client_cookie=f06a5388e77f0958 server_cookie=0 in_seq=0 out_seq=0
2024-04-14T22:34:15.854 INFO:teuthology.orchestra.run.smithi142.stdout:/usr/bin/ceph: stderr
2024-04-14T22:34:14.926+0000 7fa7327fc700 1 -- 172.21.15.142:0/1613041596 <== mon.0 v2:172.21.15.142:3300/0 1 ==== mon_map magic: 0 v1 ==== 229+0+0 (secure 0 0 0) 0x7fa724004180 con 0x7fa73407bea0
2024-04-14T22:34:15.854 INFO:teuthology.orchestra.run.smithi142.stdout:/usr/bin/ceph: stderr
2024-04-14T22:34:14.926+0000 7fa7327fc700 1 -- 172.21.15.142:0/1613041596 <== mon.0 v2:172.21.15.142:3300/0 2 ==== config(27 keys) v1 ==== 1101+0+0 (secure 0 0 0) 0x7fa7240042e0 con 0x7fa73407bea0
2024-04-14T22:34:15.854 INFO:teuthology.orchestra.run.smithi142.stdout:/usr/bin/ceph: stderr
2024-04-14T22:34:14.926+0000 7fa7327fc700 1 -- 172.21.15.142:0/1613041596 <== mon.0 v2:172.21.15.142:3300/0 3 ==== mon_map magic: 0 v1 ==== 229+0+0 (secure 0 0 0) 0x7fa724011af0 con 0x7fa73407bea0
2024-04-14T22:34:15.854 INFO:teuthology.orchestra.run.smithi142.stdout:/usr/bin/ceph: stderr
2024-04-14T22:34:14.927+0000 7fa739f8e700 1 -- 172.21.15.142:0/1613041596 >> [v2:172.21.15.142:3300/0,v1:172.21.15.142:6789/0] conn(0x7fa73407bea0 msgr2=0x7fa73407a300 secure :-1 s=STATE_CONNECTION_ESTABLISHED l=1).mark_down
2024-04-14T22:34:15.854 INFO:teuthology.orchestra.run.smithi142.stdout:/usr/bin/ceph: stderr
2024-04-14T22:34:14.927+0000 7fa739f8e700 1 --2- 172.21.15.142:0/1613041596 >> [v2:172.21.15.142:3300/0,v1:172.21.15.142:6789/0] conn(0x7fa73407bea0 0x7fa73407a300 secure :-1 s=READY pgs=80 cs=0 l=1 rev1=1 crypto rx=0x7fa7240098a0 tx=0x7fa724009bb0 comp rx=0 tx=0).stop
2024-04-14T22:34:15.855 INFO:teuthology.orchestra.run.smithi142.stdout:/usr/bin/ceph: stderr
2024-04-14T22:34:14.927+0000 7fa739f8e700 1 -- 172.21.15.142:0/1613041596 shutdown_connections
2024-04-14T22:34:15.855 INFO:teuthology.orchestra.run.smithi142.stdout:/usr/bin/ceph: stderr
2024-04-14T22:34:14.927+0000 7fa739f8e700 1 --2- 172.21.15.142:0/1613041596 >> [v2:172.21.15.142:3300/0,v1:172.21.15.142:6789/0] conn(0x7fa73407bea0 0x7fa73407a300 unknown :-1 s=CLOSED pgs=80 cs=0 l=1 rev1=1 crypto rx=0 tx=0 comp rx=0 tx=0).stop
2024-04-14T22:34:15.855 INFO:teuthology.orchestra.run.smithi142.stdout:/usr/bin/ceph: stderr
2024-04-14T22:34:14.927+0000 7fa739f8e700 1 -- 172.21.15.142:0/1613041596 >> 172.21.15.142:0/1613041596 conn(0x7fa734101b40 msgr2=0x7fa734103f60 unknown :-1 s=STATE_NONE l=0).mark_down
2024-04-14T22:34:15.855 INFO:teuthology.orchestra.run.smithi142.stdout:/usr/bin/ceph: stderr
2024-04-14T22:34:14.927+0000 7fa739f8e700 1 -- 172.21.15.142:0/1613041596 shutdown_connections
2024-04-14T22:34:15.855 INFO:teuthology.orchestra.run.smithi142.stdout:/usr/bin/ceph: stderr
2024-04-14T22:34:14.927+0000 7fa739f8e700 1 -- 172.21.15.142:0/1613041596 wait complete.
2024-04-14T22:34:15.855 INFO:teuthology.orchestra.run.smithi142.stdout:/usr/bin/ceph: stderr
2024-04-14T22:34:14.927+0000 7fa739f8e700 1 Processor -- start
2024-04-14T22:34:15.855 INFO:teuthology.orchestra.run.smithi142.stdout:/usr/bin/ceph: stderr
2024-04-14T22:34:14.928+0000 7fa739f8e700 1 -- start start
2024-04-14T22:34:15.855 INFO:teuthology.orchestra.run.smithi142.stdout:/usr/bin/ceph: stderr
2024-04-14T22:34:14.928+0000 7fa739f8e700 1 --2- >> [v2:172.21.15.142:3300/0,v1:172.21.15.142:6789/0] conn(0x7fa73407bea0 0x7fa73419c3d0 unknown :-1 s=NONE pgs=0 cs=0 l=1 rev1=0 crypto rx=0 tx=0 comp rx=0 tx=0).connect
2024-04-14T22:34:15.855 INFO:teuthology.orchestra.run.smithi142.stdout:/usr/bin/ceph: stderr
2024-04-14T22:34:14.928+0000 7fa739f8e700 1 -- --> [v2:172.21.15.142:3300/0,v1:172.21.15.142:6789/0] -- mon_getmap magic: 0 v1 -- 0x7fa73419c910 con 0x7fa73407bea0
2024-04-14T22:34:15.855 INFO:teuthology.orchestra.run.smithi142.stdout:/usr/bin/ceph: stderr
2024-04-14T22:34:14.928+0000 7fa7337fe700 1 --2- >> [v2:172.21.15.142:3300/0,v1:172.21.15.142:6789/0] conn(0x7fa73407bea0 0x7fa73419c3d0 unknown :-1 s=BANNER_CONNECTING pgs=0 cs=0 l=1 rev1=0 crypto rx=0 tx=0 comp rx=0 tx=0)._handle_peer_banner_payload supported=3 required=0
2024-04-14T22:34:15.855 INFO:teuthology.orchestra.run.smithi142.stdout:/usr/bin/ceph: stderr
2024-04-14T22:34:14.928+0000 7fa7337fe700 1 --2- >> [v2:172.21.15.142:3300/0,v1:172.21.15.142:6789/0] conn(0x7fa73407bea0 0x7fa73419c3d0 unknown :-1 s=HELLO_CONNECTING pgs=0 cs=0 l=1 rev1=1 crypto rx=0 tx=0 comp rx=0 tx=0).handle_hello peer v2:172.21.15.142:3300/0 says I am v2:172.21.15.142:53692/0 (socket says 172.21.15.142:53692)
2024-04-14T22:34:15.855 INFO:teuthology.orchestra.run.smithi142.stdout:/usr/bin/ceph: stderr
2024-04-14T22:34:14.928+0000 7fa7337fe700 1 -- 172.21.15.142:0/699948001 learned_addr learned my addr 172.21.15.142:0/699948001 (peer_addr_for_me v2:172.21.15.142:0/0)
2024-04-14T22:34:15.856 INFO:teuthology.orchestra.run.smithi142.stdout:/usr/bin/ceph: stderr
2024-04-14T22:34:14.928+0000 7fa7337fe700 1 -- 172.21.15.142:0/699948001 --> [v2:172.21.15.142:3300/0,v1:172.21.15.142:6789/0] -- mon_subscribe({config=0+,monmap=0+}) v3 -- 0x7fa724009550 con 0x7fa73407bea0
2024-04-14T22:34:15.856 INFO:teuthology.orchestra.run.smithi142.stdout:/usr/bin/ceph: stderr
2024-04-14T22:34:14.928+0000 7fa7337fe700 1 --2- 172.21.15.142:0/699948001 >> [v2:172.21.15.142:3300/0,v1:172.21.15.142:6789/0] conn(0x7fa73407bea0 0x7fa73419c3d0 secure :-1 s=READY pgs=81 cs=0 l=1 rev1=1 crypto rx=0x7fa724006ba0 tx=0x7fa724011b50 comp rx=0 tx=0).ready entity=mon.0 client_cookie=0 server_cookie=0 in_seq=0 out_seq=0
2024-04-14T22:34:15.856 INFO:teuthology.orchestra.run.smithi142.stdout:/usr/bin/ceph: stderr
2024-04-14T22:34:14.928+0000 7fa730ff9700 1 -- 172.21.15.142:0/699948001 <== mon.0 v2:172.21.15.142:3300/0 1 ==== mon_map magic: 0 v1 ==== 229+0+0 (secure 0 0 0) 0x7fa724003b00 con 0x7fa73407bea0
2024-04-14T22:34:15.856 INFO:teuthology.orchestra.run.smithi142.stdout:/usr/bin/ceph: stderr
2024-04-14T22:34:14.928+0000 7fa730ff9700 1 -- 172.21.15.142:0/699948001 <== mon.0 v2:172.21.15.142:3300/0 2 ==== config(27 keys) v1 ==== 1101+0+0 (secure 0 0 0) 0x7fa72401a8e0 con 0x7fa73407bea0
2024-04-14T22:34:15.856 INFO:teuthology.orchestra.run.smithi142.stdout:/usr/bin/ceph: stderr
2024-04-14T22:34:14.928+0000 7fa739f8e700 1 -- 172.21.15.142:0/699948001 --> [v2:172.21.15.142:3300/0,v1:172.21.15.142:6789/0] -- mon_subscribe({mgrmap=0+}) v3 -- 0x7fa73419cb10 con 0x7fa73407bea0
2024-04-14T22:34:15.856 INFO:teuthology.orchestra.run.smithi142.stdout:/usr/bin/ceph: stderr
2024-04-14T22:34:14.929+0000 7fa730ff9700 1 -- 172.21.15.142:0/699948001 <== mon.0 v2:172.21.15.142:3300/0 3 ==== mon_map magic: 0 v1 ==== 229+0+0 (secure 0 0 0) 0x7fa724019990 con 0x7fa73407bea0
2024-04-14T22:34:15.856 INFO:teuthology.orchestra.run.smithi142.stdout:/usr/bin/ceph: stderr
2024-04-14T22:34:14.929+0000 7fa739f8e700 1 -- 172.21.15.142:0/699948001 --> [v2:172.21.15.142:3300/0,v1:172.21.15.142:6789/0] -- mon_subscribe({osdmap=0}) v3 -- 0x7fa73419cfb0 con 0x7fa73407bea0
2024-04-14T22:34:15.856 INFO:teuthology.orchestra.run.smithi142.stdout:/usr/bin/ceph: stderr
2024-04-14T22:34:14.929+0000 7fa730ff9700 1 -- 172.21.15.142:0/699948001 <== mon.0 v2:172.21.15.142:3300/0 4 ==== mgrmap(e 11) v1 ==== 45190+0+0 (secure 0 0 0) 0x7fa724019c50 con 0x7fa73407bea0
2024-04-14T22:34:15.856 INFO:teuthology.orchestra.run.smithi142.stdout:/usr/bin/ceph: stderr
2024-04-14T22:34:14.930+0000 7fa730ff9700 1 --2- 172.21.15.142:0/699948001 >> [v2:172.21.15.142:6800/4236450519,v1:172.21.15.142:6801/4236450519] conn(0x7fa71c0381f0 0x7fa71c03a6b0 unknown :-1 s=NONE pgs=0 cs=0 l=1 rev1=0 crypto rx=0 tx=0 comp rx=0 tx=0).connect
2024-04-14T22:34:15.856 INFO:teuthology.orchestra.run.smithi142.stdout:/usr/bin/ceph: stderr
2024-04-14T22:34:14.930+0000 7fa730ff9700 1 -- 172.21.15.142:0/699948001 <== mon.0 v2:172.21.15.142:3300/0 5 ==== osd_map(3..3 src has 1..3) v4 ==== 1155+0+0 (secure 0 0 0) 0x7fa72404c530 con 0x7fa73407bea0
2024-04-14T22:34:15.857 INFO:teuthology.orchestra.run.smithi142.stdout:/usr/bin/ceph: stderr
2024-04-14T22:34:14.930+0000 7fa732ffd700 1 --2- 172.21.15.142:0/699948001 >> [v2:172.21.15.142:6800/4236450519,v1:172.21.15.142:6801/4236450519] conn(0x7fa71c0381f0 0x7fa71c03a6b0 unknown :-1 s=BANNER_CONNECTING pgs=0 cs=0 l=1 rev1=0 crypto rx=0 tx=0 comp rx=0 tx=0)._handle_peer_banner_payload supported=3 required=0
