2024-04-14T23:44:19.708 INFO:teuthology.orchestra.run.smithi031.stdout:/usr/bin/ceph: stderr
2024-04-14T23:44:18.126+0000 7f1d67fff700 1 --2- >> [v2:172.21.15.31:3300/0,v1:172.21.15.31:6789/0] conn(0x7f1d68105b10 0x7f1d68105f20 unknown :-1 s=BANNER_CONNECTING pgs=0 cs=0 l=0 rev1=0 crypto rx=0 tx=0 comp rx=0 tx=0)._handle_peer_banner_payload supported=3 required=0
2024-04-14T23:44:19.709 INFO:teuthology.orchestra.run.smithi031.stdout:/usr/bin/ceph: stderr
2024-04-14T23:44:18.126+0000 7f1d67fff700 1 --2- >> [v2:172.21.15.31:3300/0,v1:172.21.15.31:6789/0] conn(0x7f1d68105b10 0x7f1d68105f20 unknown :-1 s=HELLO_CONNECTING pgs=0 cs=0 l=0 rev1=1 crypto rx=0 tx=0 comp rx=0 tx=0).handle_hello peer v2:172.21.15.31:3300/0 says I am v2:172.21.15.31:56688/0 (socket says 172.21.15.31:56688)
2024-04-14T23:44:19.709 INFO:teuthology.orchestra.run.smithi031.stdout:/usr/bin/ceph: stderr
2024-04-14T23:44:18.126+0000 7f1d67fff700 1 -- 172.21.15.31:0/3665674317 learned_addr learned my addr 172.21.15.31:0/3665674317 (peer_addr_for_me v2:172.21.15.31:0/0)
2024-04-14T23:44:19.709 INFO:teuthology.orchestra.run.smithi031.stdout:/usr/bin/ceph: stderr
2024-04-14T23:44:18.126+0000 7f1d67fff700 1 -- 172.21.15.31:0/3665674317 --> [v2:172.21.15.31:3300/0,v1:172.21.15.31:6789/0] -- mon_subscribe({config=0+,monmap=0+}) v3 -- 0x7f1d681065a0 con 0x7f1d68105b10
2024-04-14T23:44:19.709 INFO:teuthology.orchestra.run.smithi031.stdout:/usr/bin/ceph: stderr
2024-04-14T23:44:18.126+0000 7f1d67fff700 1 --2- 172.21.15.31:0/3665674317 >> [v2:172.21.15.31:3300/0,v1:172.21.15.31:6789/0] conn(0x7f1d68105b10 0x7f1d68105f20 secure :-1 s=READY pgs=67 cs=0 l=1 rev1=1 crypto rx=0x7f1d580098a0 tx=0x7f1d58009bb0 comp rx=0 tx=0).ready entity=mon.0 client_cookie=7cb84228571fa162 server_cookie=0 in_seq=0 out_seq=0
2024-04-14T23:44:19.709 INFO:teuthology.orchestra.run.smithi031.stdout:/usr/bin/ceph: stderr
2024-04-14T23:44:18.126+0000 7f1d66ffd700 1 -- 172.21.15.31:0/3665674317 <== mon.0 v2:172.21.15.31:3300/0 1 ==== mon_map magic: 0 v1 ==== 229+0+0 (secure 0 0 0) 0x7f1d58004180 con 0x7f1d68105b10
2024-04-14T23:44:19.709 INFO:teuthology.orchestra.run.smithi031.stdout:/usr/bin/ceph: stderr
2024-04-14T23:44:18.126+0000 7f1d66ffd700 1 -- 172.21.15.31:0/3665674317 <== mon.0 v2:172.21.15.31:3300/0 2 ==== config(27 keys) v1 ==== 1101+0+0 (secure 0 0 0) 0x7f1d580042e0 con 0x7f1d68105b10
2024-04-14T23:44:19.709 INFO:teuthology.orchestra.run.smithi031.stdout:/usr/bin/ceph: stderr
2024-04-14T23:44:18.126+0000 7f1d66ffd700 1 -- 172.21.15.31:0/3665674317 <== mon.0 v2:172.21.15.31:3300/0 3 ==== mon_map magic: 0 v1 ==== 229+0+0 (secure 0 0 0) 0x7f1d58011af0 con 0x7f1d68105b10
2024-04-14T23:44:19.709 INFO:teuthology.orchestra.run.smithi031.stdout:/usr/bin/ceph: stderr
2024-04-14T23:44:18.127+0000 7f1d6e5d2700 1 -- 172.21.15.31:0/3665674317 >> [v2:172.21.15.31:3300/0,v1:172.21.15.31:6789/0] conn(0x7f1d68105b10 msgr2=0x7f1d68105f20 secure :-1 s=STATE_CONNECTION_ESTABLISHED l=1).mark_down
2024-04-14T23:44:19.710 INFO:teuthology.orchestra.run.smithi031.stdout:/usr/bin/ceph: stderr
2024-04-14T23:44:18.127+0000 7f1d6e5d2700 1 --2- 172.21.15.31:0/3665674317 >> [v2:172.21.15.31:3300/0,v1:172.21.15.31:6789/0] conn(0x7f1d68105b10 0x7f1d68105f20 secure :-1 s=READY pgs=67 cs=0 l=1 rev1=1 crypto rx=0x7f1d580098a0 tx=0x7f1d58009bb0 comp rx=0 tx=0).stop
2024-04-14T23:44:19.710 INFO:teuthology.orchestra.run.smithi031.stdout:/usr/bin/ceph: stderr
2024-04-14T23:44:18.127+0000 7f1d6e5d2700 1 -- 172.21.15.31:0/3665674317 shutdown_connections
2024-04-14T23:44:19.710 INFO:teuthology.orchestra.run.smithi031.stdout:/usr/bin/ceph: stderr
2024-04-14T23:44:18.127+0000 7f1d6e5d2700 1 --2- 172.21.15.31:0/3665674317 >> [v2:172.21.15.31:3300/0,v1:172.21.15.31:6789/0] conn(0x7f1d68105b10 0x7f1d68105f20 unknown :-1 s=CLOSED pgs=67 cs=0 l=1 rev1=1 crypto rx=0 tx=0 comp rx=0 tx=0).stop
2024-04-14T23:44:19.710 INFO:teuthology.orchestra.run.smithi031.stdout:/usr/bin/ceph: stderr
2024-04-14T23:44:18.127+0000 7f1d6e5d2700 1 -- 172.21.15.31:0/3665674317 >> 172.21.15.31:0/3665674317 conn(0x7f1d68101180 msgr2=0x7f1d68103590 unknown :-1 s=STATE_NONE l=0).mark_down
2024-04-14T23:44:19.710 INFO:teuthology.orchestra.run.smithi031.stdout:/usr/bin/ceph: stderr
2024-04-14T23:44:18.127+0000 7f1d6e5d2700 1 -- 172.21.15.31:0/3665674317 shutdown_connections
2024-04-14T23:44:19.710 INFO:teuthology.orchestra.run.smithi031.stdout:/usr/bin/ceph: stderr
2024-04-14T23:44:18.127+0000 7f1d6e5d2700 1 -- 172.21.15.31:0/3665674317 wait complete.
2024-04-14T23:44:19.710 INFO:teuthology.orchestra.run.smithi031.stdout:/usr/bin/ceph: stderr
2024-04-14T23:44:18.128+0000 7f1d6e5d2700 1 Processor -- start
2024-04-14T23:44:19.710 INFO:teuthology.orchestra.run.smithi031.stdout:/usr/bin/ceph: stderr
2024-04-14T23:44:18.128+0000 7f1d6e5d2700 1 -- start start
2024-04-14T23:44:19.710 INFO:teuthology.orchestra.run.smithi031.stdout:/usr/bin/ceph: stderr
2024-04-14T23:44:18.128+0000 7f1d6e5d2700 1 --2- >> [v2:172.21.15.31:3300/0,v1:172.21.15.31:6789/0] conn(0x7f1d68105b10 0x7f1d68199890 unknown :-1 s=NONE pgs=0 cs=0 l=1 rev1=0 crypto rx=0 tx=0 comp rx=0 tx=0).connect
2024-04-14T23:44:19.710 INFO:teuthology.orchestra.run.smithi031.stdout:/usr/bin/ceph: stderr
2024-04-14T23:44:18.128+0000 7f1d6e5d2700 1 -- --> [v2:172.21.15.31:3300/0,v1:172.21.15.31:6789/0] -- mon_getmap magic: 0 v1 -- 0x7f1d68199dd0 con 0x7f1d68105b10
2024-04-14T23:44:19.711 INFO:teuthology.orchestra.run.smithi031.stdout:/usr/bin/ceph: stderr
2024-04-14T23:44:18.128+0000 7f1d67fff700 1 --2- >> [v2:172.21.15.31:3300/0,v1:172.21.15.31:6789/0] conn(0x7f1d68105b10 0x7f1d68199890 unknown :-1 s=BANNER_CONNECTING pgs=0 cs=0 l=1 rev1=0 crypto rx=0 tx=0 comp rx=0 tx=0)._handle_peer_banner_payload supported=3 required=0
2024-04-14T23:44:19.711 INFO:teuthology.orchestra.run.smithi031.stdout:/usr/bin/ceph: stderr
2024-04-14T23:44:18.128+0000 7f1d67fff700 1 --2- >> [v2:172.21.15.31:3300/0,v1:172.21.15.31:6789/0] conn(0x7f1d68105b10 0x7f1d68199890 unknown :-1 s=HELLO_CONNECTING pgs=0 cs=0 l=1 rev1=1 crypto rx=0 tx=0 comp rx=0 tx=0).handle_hello peer v2:172.21.15.31:3300/0 says I am v2:172.21.15.31:56692/0 (socket says 172.21.15.31:56692)
2024-04-14T23:44:19.711 INFO:teuthology.orchestra.run.smithi031.stdout:/usr/bin/ceph: stderr
2024-04-14T23:44:18.128+0000 7f1d67fff700 1 -- 172.21.15.31:0/1820277423 learned_addr learned my addr 172.21.15.31:0/1820277423 (peer_addr_for_me v2:172.21.15.31:0/0)
2024-04-14T23:44:19.711 INFO:teuthology.orchestra.run.smithi031.stdout:/usr/bin/ceph: stderr
2024-04-14T23:44:18.128+0000 7f1d67fff700 1 -- 172.21.15.31:0/1820277423 --> [v2:172.21.15.31:3300/0,v1:172.21.15.31:6789/0] -- mon_subscribe({config=0+,monmap=0+}) v3 -- 0x7f1d58009550 con 0x7f1d68105b10
2024-04-14T23:44:19.711 INFO:teuthology.orchestra.run.smithi031.stdout:/usr/bin/ceph: stderr
2024-04-14T23:44:18.129+0000 7f1d67fff700 1 --2- 172.21.15.31:0/1820277423 >> [v2:172.21.15.31:3300/0,v1:172.21.15.31:6789/0] conn(0x7f1d68105b10 0x7f1d68199890 secure :-1 s=READY pgs=68 cs=0 l=1 rev1=1 crypto rx=0x7f1d58006ba0 tx=0x7f1d58011b50 comp rx=0 tx=0).ready entity=mon.0 client_cookie=0 server_cookie=0 in_seq=0 out_seq=0
2024-04-14T23:44:19.711 INFO:teuthology.orchestra.run.smithi031.stdout:/usr/bin/ceph: stderr
2024-04-14T23:44:18.129+0000 7f1d657fa700 1 -- 172.21.15.31:0/1820277423 <== mon.0 v2:172.21.15.31:3300/0 1 ==== mon_map magic: 0 v1 ==== 229+0+0 (secure 0 0 0) 0x7f1d58003b00 con 0x7f1d68105b10
2024-04-14T23:44:19.711 INFO:teuthology.orchestra.run.smithi031.stdout:/usr/bin/ceph: stderr
2024-04-14T23:44:18.129+0000 7f1d657fa700 1 -- 172.21.15.31:0/1820277423 <== mon.0 v2:172.21.15.31:3300/0 2 ==== config(27 keys) v1 ==== 1101+0+0 (secure 0 0 0) 0x7f1d5801a8e0 con 0x7f1d68105b10
2024-04-14T23:44:19.711 INFO:teuthology.orchestra.run.smithi031.stdout:/usr/bin/ceph: stderr
2024-04-14T23:44:18.129+0000 7f1d6e5d2700 1 -- 172.21.15.31:0/1820277423 --> [v2:172.21.15.31:3300/0,v1:172.21.15.31:6789/0] -- mon_subscribe({mgrmap=0+}) v3 -- 0x7f1d68199fd0 con 0x7f1d68105b10
2024-04-14T23:44:19.711 INFO:teuthology.orchestra.run.smithi031.stdout:/usr/bin/ceph: stderr
2024-04-14T23:44:18.129+0000 7f1d657fa700 1 -- 172.21.15.31:0/1820277423 <== mon.0 v2:172.21.15.31:3300/0 3 ==== mon_map magic: 0 v1 ==== 229+0+0 (secure 0 0 0) 0x7f1d580199c0 con 0x7f1d68105b10
2024-04-14T23:44:19.711 INFO:teuthology.orchestra.run.smithi031.stdout:/usr/bin/ceph: stderr
2024-04-14T23:44:18.129+0000 7f1d6e5d2700 1 -- 172.21.15.31:0/1820277423 --> [v2:172.21.15.31:3300/0,v1:172.21.15.31:6789/0] -- mon_subscribe({osdmap=0}) v3 -- 0x7f1d6819a3f0 con 0x7f1d68105b10
2024-04-14T23:44:19.711 INFO:teuthology.orchestra.run.smithi031.stdout:/usr/bin/ceph: stderr
2024-04-14T23:44:18.130+0000 7f1d657fa700 1 -- 172.21.15.31:0/1820277423 <== mon.0 v2:172.21.15.31:3300/0 4 ==== mgrmap(e 8) v1 ==== 45084+0+0 (secure 0 0 0) 0x7f1d58019c80 con 0x7f1d68105b10
2024-04-14T23:44:19.711 INFO:teuthology.orchestra.run.smithi031.stdout:/usr/bin/ceph: stderr
2024-04-14T23:44:18.130+0000 7f1d6e5d2700 1 -- 172.21.15.31:0/1820277423 --> [v2:172.21.15.31:3300/0,v1:172.21.15.31:6789/0] -- mon_command({"prefix": "get_command_descriptions"} v 0) v1 -- 0x7f1d68062380 con 0x7f1d68105b10
2024-04-14T23:44:19.712 INFO:teuthology.orchestra.run.smithi031.stdout:/usr/bin/ceph: stderr
2024-04-14T23:44:18.130+0000 7f1d657fa700 1 --2- 172.21.15.31:0/1820277423 >> [v2:172.21.15.31:6800/3076466716,v1:172.21.15.31:6801/3076466716] conn(0x7f1d500383a0 0x7f1d5003a850 unknown :-1 s=NONE pgs=0 cs=0 l=1 rev1=0 crypto rx=0 tx=0 comp rx=0 tx=0).connect
2024-04-14T23:44:19.712 INFO:teuthology.orchestra.run.smithi031.stdout:/usr/bin/ceph: stderr
2024-04-14T23:44:18.130+0000 7f1d657fa700 1 -- 172.21.15.31:0/1820277423 <== mon.0 v2:172.21.15.31:3300/0 5 ==== osd_map(2..2 src has 1..2) v4 ==== 940+0+0 (secure 0 0 0) 0x7f1d5804c810 con 0x7f1d68105b10
2024-04-14T23:44:19.712 INFO:teuthology.orchestra.run.smithi031.stdout:/usr/bin/ceph: stderr
2024-04-14T23:44:18.130+0000 7f1d677fe700 1 --2- 172.21.15.31:0/1820277423 >> [v2:172.21.15.31:6800/3076466716,v1:172.21.15.31:6801/3076466716] conn(0x7f1d500383a0 0x7f1d5003a850 unknown :-1 s=BANNER_CONNECTING pgs=0 cs=0 l=1 rev1=0 crypto rx=0 tx=0 comp rx=0 tx=0)._handle_peer_banner_payload supported=3 required=0
2024-04-14T23:44:19.712 INFO:teuthology.orchestra.run.smithi031.stdout:/usr/bin/ceph: stderr
2024-04-14T23:44:18.130+0000 7f1d677fe700 1 --2- 172.21.15.31:0/1820277423 >> [v2:172.21.15.31:6800/3076466716,v1:172.21.15.31:6801/3076466716] conn(0x7f1d500383a0 0x7f1d5003a850 secure :-1 s=READY pgs=22 cs=0 l=1 rev1=1 crypto rx=0x7f1d5c006fd0 tx=0x7f1d5c006e40 comp rx=0 tx=0).ready entity=mgr.14120 client_cookie=0 server_cookie=0 in_seq=0 out_seq=0
2024-04-14T23:44:19.712 INFO:teuthology.orchestra.run.smithi031.stdout:/usr/bin/ceph: stderr
2024-04-14T23:44:18.135+0000 7f1d657fa700 1 -- 172.21.15.31:0/1820277423 <== mon.0 v2:172.21.15.31:3300/0 6 ==== mon_command_ack([{"prefix": "get_command_descriptions"}]=0 v0) v1 ==== 72+0+177933 (secure 0 0 0) 0x7f1d5802d440 con 0x7f1d68105b10
2024-04-14T23:44:19.712 INFO:teuthology.orchestra.run.smithi031.stdout:/usr/bin/ceph: stderr
2024-04-14T23:44:18.395+0000 7f1d6e5d2700 1 -- 172.21.15.31:0/1820277423 --> [v2:172.21.15.31:3300/0,v1:172.21.15.31:6789/0] -- mon_command({"prefix": "mgr module enable", "module": "dashboard"} v 0) v1 -- 0x7f1d681079c0 con 0x7f1d68105b10
2024-04-14T23:44:19.712 INFO:teuthology.orchestra.run.smithi031.stdout:/usr/bin/ceph: stderr
2024-04-14T23:44:19.093+0000 7f1d657fa700 1 -- 172.21.15.31:0/1820277423 <== mon.0 v2:172.21.15.31:3300/0 7 ==== mgrmap(e 9) v1 ==== 45097+0+0 (secure 0 0 0) 0x7f1d5802c3a0 con 0x7f1d68105b10
2024-04-14T23:44:19.712 INFO:teuthology.orchestra.run.smithi031.stdout:/usr/bin/ceph: stderr
2024-04-14T23:44:19.095+0000 7f1d657fa700 1 -- 172.21.15.31:0/1820277423 <== mon.0 v2:172.21.15.31:3300/0 8 ==== mon_command_ack([{"prefix": "mgr module enable", "module": "dashboard"}]=0 v9) v1 ==== 88+0+0 (secure 0 0 0) 0x7f1d5802d440 con 0x7f1d68105b10
2024-04-14T23:44:19.712 INFO:teuthology.orchestra.run.smithi031.stdout:/usr/bin/ceph: stderr
2024-04-14T23:44:19.098+0000 7f1d6e5d2700 1 -- 172.21.15.31:0/1820277423 >> [v2:172.21.15.31:6800/3076466716,v1:172.21.15.31:6801/3076466716] conn(0x7f1d500383a0 msgr2=0x7f1d5003a850 secure :-1 s=STATE_CONNECTION_ESTABLISHED l=1).mark_down
2024-04-14T23:44:19.712 INFO:teuthology.orchestra.run.smithi031.stdout:/usr/bin/ceph: stderr
2024-04-14T23:44:19.098+0000 7f1d6e5d2700 1 --2- 172.21.15.31:0/1820277423 >> [v2:172.21.15.31:6800/3076466716,v1:172.21.15.31:6801/3076466716] conn(0x7f1d500383a0 0x7f1d5003a850 secure :-1 s=READY pgs=22 cs=0 l=1 rev1=1 crypto rx=0x7f1d5c006fd0 tx=0x7f1d5c006e40 comp rx=0 tx=0).stop
2024-04-14T23:44:19.712 INFO:teuthology.orchestra.run.smithi031.stdout:/usr/bin/ceph: stderr
2024-04-14T23:44:19.098+0000 7f1d6e5d2700 1 -- 172.21.15.31:0/1820277423 >> [v2:172.21.15.31:3300/0,v1:172.21.15.31:6789/0] conn(0x7f1d68105b10 msgr2=0x7f1d68199890 secure :-1 s=STATE_CONNECTION_ESTABLISHED l=1).mark_down
2024-04-14T23:44:19.712 INFO:teuthology.orchestra.run.smithi031.stdout:/usr/bin/ceph: stderr
2024-04-14T23:44:19.098+0000 7f1d6e5d2700 1 --2- 172.21.15.31:0/1820277423 >> [v2:172.21.15.31:3300/0,v1:172.21.15.31:6789/0] conn(0x7f1d68105b10 0x7f1d68199890 secure :-1 s=READY pgs=68 cs=0 l=1 rev1=1 crypto rx=0x7f1d58006ba0 tx=0x7f1d58011b50 comp rx=0 tx=0).stop
2024-04-14T23:44:19.712 INFO:teuthology.orchestra.run.smithi031.stdout:/usr/bin/ceph: stderr
2024-04-14T23:44:19.098+0000 7f1d6e5d2700 1 -- 172.21.15.31:0/1820277423 shutdown_connections
2024-04-14T23:44:19.713 INFO:teuthology.orchestra.run.smithi031.stdout:/usr/bin/ceph: stderr
2024-04-14T23:44:19.098+0000 7f1d6e5d2700 1 --2- 172.21.15.31:0/1820277423 >> [v2:172.21.15.31:6800/3076466716,v1:172.21.15.31:6801/3076466716] conn(0x7f1d500383a0 0x7f1d5003a850 unknown :-1 s=CLOSED pgs=22 cs=0 l=1 rev1=1 crypto rx=0 tx=0 comp rx=0 tx=0).stop
2024-04-14T23:44:19.713 INFO:teuthology.orchestra.run.smithi031.stdout:/usr/bin/ceph: stderr
2024-04-14T23:44:19.098+0000 7f1d6e5d2700 1 --2- 172.21.15.31:0/1820277423 >> [v2:172.21.15.31:3300/0,v1:172.21.15.31:6789/0] conn(0x7f1d68105b10 0x7f1d68199890 unknown :-1 s=CLOSED pgs=68 cs=0 l=1 rev1=1 crypto rx=0 tx=0 comp rx=0 tx=0).stop
2024-04-14T23:44:19.713 INFO:teuthology.orchestra.run.smithi031.stdout:/usr/bin/ceph: stderr
2024-04-14T23:44:19.098+0000 7f1d6e5d2700 1 -- 172.21.15.31:0/1820277423 >> 172.21.15.31:0/1820277423 conn(0x7f1d68101180 msgr2=0x7f1d68101f10 unknown :-1 s=STATE_NONE l=0).mark_down
2024-04-14T23:44:19.713 INFO:teuthology.orchestra.run.smithi031.stdout:/usr/bin/ceph: stderr
2024-04-14T23:44:19.098+0000 7f1d6e5d2700 1 -- 172.21.15.31:0/1820277423 shutdown_connections
2024-04-14T23:44:19.713 INFO:teuthology.orchestra.run.smithi031.stdout:/usr/bin/ceph: stderr
2024-04-14T23:44:19.098+0000 7f1d6e5d2700 1 -- 172.21.15.31:0/1820277423 wait complete.
2024-04-14T23:44:20.274 INFO:journalctl@ceph.mon.smithi031.smithi031.stdout:Apr 14 23:44:20 smithi031 ceph-mon[29346]: from='client.? 172.21.15.31:0/1820277423' entity='client.admin' cmd='[{"prefix": "mgr module enable", "module": "dashboard"}]': finished
2024-04-14T23:44:20.274 INFO:journalctl@ceph.mon.smithi031.smithi031.stdout:Apr 14 23:44:20 smithi031 ceph-mon[29346]: mgrmap e9: smithi031.efyivj(active, since 26s)
2024-04-14T23:44:20.980 INFO:teuthology.orchestra.run.smithi031.stdout:/usr/bin/ceph: stdout {
2024-04-14T23:44:20.980 INFO:teuthology.orchestra.run.smithi031.stdout:/usr/bin/ceph: stdout "epoch": 9,
2024-04-14T23:44:20.980 INFO:teuthology.orchestra.run.smithi031.stdout:/usr/bin/ceph: stdout "available": true,
2024-04-14T23:44:20.980 INFO:teuthology.orchestra.run.smithi031.stdout:/usr/bin/ceph: stdout "active_name": "smithi031.efyivj",
2024-04-14T23:44:20.981 INFO:teuthology.orchestra.run.smithi031.stdout:/usr/bin/ceph: stdout "num_standby": 0
2024-04-14T23:44:20.981 INFO:teuthology.orchestra.run.smithi031.stdout:/usr/bin/ceph: stdout }
2024-04-14T23:44:20.981 INFO:teuthology.orchestra.run.smithi031.stdout:/usr/bin/ceph: stderr
2024-04-14T23:44:20.097+0000 7f6cdbfbe700 1 Processor -- start
2024-04-14T23:44:20.981 INFO:teuthology.orchestra.run.smithi031.stdout:/usr/bin/ceph: stderr
2024-04-14T23:44:20.098+0000 7f6cdbfbe700 1 -- start start
2024-04-14T23:44:20.981 INFO:teuthology.orchestra.run.smithi031.stdout:/usr/bin/ceph: stderr
2024-04-14T23:44:20.098+0000 7f6cdbfbe700 1 --2- >> [v2:172.21.15.31:3300/0,v1:172.21.15.31:6789/0] conn(0x7f6cd4103e00 0x7f6cd4104210 unknown :-1 s=NONE pgs=0 cs=0 l=0 rev1=0 crypto rx=0 tx=0 comp rx=0 tx=0).connect
2024-04-14T23:44:20.981 INFO:teuthology.orchestra.run.smithi031.stdout:/usr/bin/ceph: stderr
2024-04-14T23:44:20.098+0000 7f6cdbfbe700 1 -- --> [v2:172.21.15.31:3300/0,v1:172.21.15.31:6789/0] -- mon_getmap magic: 0 v1 -- 0x7f6cd4104750 con 0x7f6cd4103e00
2024-04-14T23:44:20.981 INFO:teuthology.orchestra.run.smithi031.stdout:/usr/bin/ceph: stderr
2024-04-14T23:44:20.098+0000 7f6cd9d5a700 1 --2- >> [v2:172.21.15.31:3300/0,v1:172.21.15.31:6789/0] conn(0x7f6cd4103e00 0x7f6cd4104210 unknown :-1 s=BANNER_CONNECTING pgs=0 cs=0 l=0 rev1=0 crypto rx=0 tx=0 comp rx=0 tx=0)._handle_peer_banner_payload supported=3 required=0
2024-04-14T23:44:20.981 INFO:teuthology.orchestra.run.smithi031.stdout:/usr/bin/ceph: stderr
2024-04-14T23:44:20.098+0000 7f6cd9d5a700 1 --2- >> [v2:172.21.15.31:3300/0,v1:172.21.15.31:6789/0] conn(0x7f6cd4103e00 0x7f6cd4104210 unknown :-1 s=HELLO_CONNECTING pgs=0 cs=0 l=0 rev1=1 crypto rx=0 tx=0 comp rx=0 tx=0).handle_hello peer v2:172.21.15.31:3300/0 says I am v2:172.21.15.31:36610/0 (socket says 172.21.15.31:36610)
2024-04-14T23:44:20.981 INFO:teuthology.orchestra.run.smithi031.stdout:/usr/bin/ceph: stderr
2024-04-14T23:44:20.098+0000 7f6cd9d5a700 1 -- 172.21.15.31:0/2887359070 learned_addr learned my addr 172.21.15.31:0/2887359070 (peer_addr_for_me v2:172.21.15.31:0/0)
2024-04-14T23:44:20.981 INFO:teuthology.orchestra.run.smithi031.stdout:/usr/bin/ceph: stderr
2024-04-14T23:44:20.099+0000 7f6cd9d5a700 1 -- 172.21.15.31:0/2887359070 --> [v2:172.21.15.31:3300/0,v1:172.21.15.31:6789/0] -- mon_subscribe({config=0+,monmap=0+}) v3 -- 0x7f6cd4104890 con 0x7f6cd4103e00
2024-04-14T23:44:20.981 INFO:teuthology.orchestra.run.smithi031.stdout:/usr/bin/ceph: stderr
2024-04-14T23:44:20.099+0000 7f6cd9d5a700 1 --2- 172.21.15.31:0/2887359070 >> [v2:172.21.15.31:3300/0,v1:172.21.15.31:6789/0] conn(0x7f6cd4103e00 0x7f6cd4104210 secure :-1 s=READY pgs=71 cs=0 l=1 rev1=1 crypto rx=0x7f6cc80098a0 tx=0x7f6cc8009bb0 comp rx=0 tx=0).ready entity=mon.0 client_cookie=ba1d25463682a5fa server_cookie=0 in_seq=0 out_seq=0
2024-04-14T23:44:20.981 INFO:teuthology.orchestra.run.smithi031.stdout:/usr/bin/ceph: stderr
2024-04-14T23:44:20.099+0000 7f6cd8d58700 1 -- 172.21.15.31:0/2887359070 <== mon.0 v2:172.21.15.31:3300/0 1 ==== mon_map magic: 0 v1 ==== 229+0+0 (secure 0 0 0) 0x7f6cc8004180 con 0x7f6cd4103e00
2024-04-14T23:44:20.981 INFO:teuthology.orchestra.run.smithi031.stdout:/usr/bin/ceph: stderr
2024-04-14T23:44:20.099+0000 7f6cd8d58700 1 -- 172.21.15.31:0/2887359070 <== mon.0 v2:172.21.15.31:3300/0 2 ==== config(27 keys) v1 ==== 1101+0+0 (secure 0 0 0) 0x7f6cc80042e0 con 0x7f6cd4103e00
2024-04-14T23:44:20.981 INFO:teuthology.orchestra.run.smithi031.stdout:/usr/bin/ceph: stderr
2024-04-14T23:44:20.099+0000 7f6cd8d58700 1 -- 172.21.15.31:0/2887359070 <== mon.0 v2:172.21.15.31:3300/0 3 ==== mon_map magic: 0 v1 ==== 229+0+0 (secure 0 0 0) 0x7f6cc8011af0 con 0x7f6cd4103e00
2024-04-14T23:44:20.981 INFO:teuthology.orchestra.run.smithi031.stdout:/usr/bin/ceph: stderr
2024-04-14T23:44:20.099+0000 7f6cdbfbe700 1 -- 172.21.15.31:0/2887359070 >> [v2:172.21.15.31:3300/0,v1:172.21.15.31:6789/0] conn(0x7f6cd4103e00 msgr2=0x7f6cd4104210 secure :-1 s=STATE_CONNECTION_ESTABLISHED l=1).mark_down
2024-04-14T23:44:20.982 INFO:teuthology.orchestra.run.smithi031.stdout:/usr/bin/ceph: stderr
2024-04-14T23:44:20.099+0000 7f6cdbfbe700 1 --2- 172.21.15.31:0/2887359070 >> [v2:172.21.15.31:3300/0,v1:172.21.15.31:6789/0] conn(0x7f6cd4103e00 0x7f6cd4104210 secure :-1 s=READY pgs=71 cs=0 l=1 rev1=1 crypto rx=0x7f6cc80098a0 tx=0x7f6cc8009bb0 comp rx=0 tx=0).stop
2024-04-14T23:44:20.982 INFO:teuthology.orchestra.run.smithi031.stdout:/usr/bin/ceph: stderr
2024-04-14T23:44:20.100+0000 7f6cdbfbe700 1 -- 172.21.15.31:0/2887359070 shutdown_connections
2024-04-14T23:44:20.982 INFO:teuthology.orchestra.run.smithi031.stdout:/usr/bin/ceph: stderr
2024-04-14T23:44:20.100+0000 7f6cdbfbe700 1 --2- 172.21.15.31:0/2887359070 >> [v2:172.21.15.31:3300/0,v1:172.21.15.31:6789/0] conn(0x7f6cd4103e00 0x7f6cd4104210 unknown :-1 s=CLOSED pgs=71 cs=0 l=1 rev1=1 crypto rx=0 tx=0 comp rx=0 tx=0).stop
2024-04-14T23:44:20.982 INFO:teuthology.orchestra.run.smithi031.stdout:/usr/bin/ceph: stderr
2024-04-14T23:44:20.100+0000 7f6cdbfbe700 1 -- 172.21.15.31:0/2887359070 >> 172.21.15.31:0/2887359070 conn(0x7f6cd40ff7e0 msgr2=0x7f6cd4101c10 unknown :-1 s=STATE_NONE l=0).mark_down
2024-04-14T23:44:20.982 INFO:teuthology.orchestra.run.smithi031.stdout:/usr/bin/ceph: stderr
2024-04-14T23:44:20.100+0000 7f6cdbfbe700 1 -- 172.21.15.31:0/2887359070 shutdown_connections
2024-04-14T23:44:20.982 INFO:teuthology.orchestra.run.smithi031.stdout:/usr/bin/ceph: stderr
2024-04-14T23:44:20.100+0000 7f6cdbfbe700 1 -- 172.21.15.31:0/2887359070 wait complete.
2024-04-14T23:44:20.982 INFO:teuthology.orchestra.run.smithi031.stdout:/usr/bin/ceph: stderr
2024-04-14T23:44:20.100+0000 7f6cdbfbe700 1 Processor -- start
2024-04-14T23:44:20.982 INFO:teuthology.orchestra.run.smithi031.stdout:/usr/bin/ceph: stderr
2024-04-14T23:44:20.100+0000 7f6cdbfbe700 1 -- start start
2024-04-14T23:44:20.982 INFO:teuthology.orchestra.run.smithi031.stdout:/usr/bin/ceph: stderr
2024-04-14T23:44:20.100+0000 7f6cdbfbe700 1 --2- >> [v2:172.21.15.31:3300/0,v1:172.21.15.31:6789/0] conn(0x7f6cd4103e00 0x7f6cd41998a0 unknown :-1 s=NONE pgs=0 cs=0 l=1 rev1=0 crypto rx=0 tx=0 comp rx=0 tx=0).connect
2024-04-14T23:44:20.982 INFO:teuthology.orchestra.run.smithi031.stdout:/usr/bin/ceph: stderr
2024-04-14T23:44:20.100+0000 7f6cdbfbe700 1 -- --> [v2:172.21.15.31:3300/0,v1:172.21.15.31:6789/0] -- mon_getmap magic: 0 v1 -- 0x7f6cd4199de0 con 0x7f6cd4103e00
2024-04-14T23:44:20.982 INFO:teuthology.orchestra.run.smithi031.stdout:/usr/bin/ceph: stderr
2024-04-14T23:44:20.101+0000 7f6cd9d5a700 1 --2- >> [v2:172.21.15.31:3300/0,v1:172.21.15.31:6789/0] conn(0x7f6cd4103e00 0x7f6cd41998a0 unknown :-1 s=BANNER_CONNECTING pgs=0 cs=0 l=1 rev1=0 crypto rx=0 tx=0 comp rx=0 tx=0)._handle_peer_banner_payload supported=3 required=0
2024-04-14T23:44:20.982 INFO:teuthology.orchestra.run.smithi031.stdout:/usr/bin/ceph: stderr
2024-04-14T23:44:20.101+0000 7f6cd9d5a700 1 --2- >> [v2:172.21.15.31:3300/0,v1:172.21.15.31:6789/0] conn(0x7f6cd4103e00 0x7f6cd41998a0 unknown :-1 s=HELLO_CONNECTING pgs=0 cs=0 l=1 rev1=1 crypto rx=0 tx=0 comp rx=0 tx=0).handle_hello peer v2:172.21.15.31:3300/0 says I am v2:172.21.15.31:36626/0 (socket says 172.21.15.31:36626)
2024-04-14T23:44:20.982 INFO:teuthology.orchestra.run.smithi031.stdout:/usr/bin/ceph: stderr
2024-04-14T23:44:20.101+0000 7f6cd9d5a700 1 -- 172.21.15.31:0/2294463773 learned_addr learned my addr 172.21.15.31:0/2294463773 (peer_addr_for_me v2:172.21.15.31:0/0)
2024-04-14T23:44:20.982 INFO:teuthology.orchestra.run.smithi031.stdout:/usr/bin/ceph: stderr
2024-04-14T23:44:20.101+0000 7f6cd9d5a700 1 -- 172.21.15.31:0/2294463773 --> [v2:172.21.15.31:3300/0,v1:172.21.15.31:6789/0] -- mon_subscribe({config=0+,monmap=0+}) v3 -- 0x7f6cc8009550 con 0x7f6cd4103e00
2024-04-14T23:44:20.983 INFO:teuthology.orchestra.run.smithi031.stdout:/usr/bin/ceph: stderr
2024-04-14T23:44:20.101+0000 7f6cd9d5a700 1 --2- 172.21.15.31:0/2294463773 >> [v2:172.21.15.31:3300/0,v1:172.21.15.31:6789/0] conn(0x7f6cd4103e00 0x7f6cd41998a0 secure :-1 s=READY pgs=72 cs=0 l=1 rev1=1 crypto rx=0x7f6cc8006ba0 tx=0x7f6cc8011b50 comp rx=0 tx=0).ready entity=mon.0 client_cookie=0 server_cookie=0 in_seq=0 out_seq=0
2024-04-14T23:44:20.983 INFO:teuthology.orchestra.run.smithi031.stdout:/usr/bin/ceph: stderr
2024-04-14T23:44:20.101+0000 7f6cc6ffd700 1 -- 172.21.15.31:0/2294463773 <== mon.0 v2:172.21.15.31:3300/0 1 ==== mon_map magic: 0 v1 ==== 229+0+0 (secure 0 0 0) 0x7f6cc8003b00 con 0x7f6cd4103e00
2024-04-14T23:44:20.983 INFO:teuthology.orchestra.run.smithi031.stdout:/usr/bin/ceph: stderr
2024-04-14T23:44:20.101+0000 7f6cdbfbe700 1 -- 172.21.15.31:0/2294463773 --> [v2:172.21.15.31:3300/0,v1:172.21.15.31:6789/0] -- mon_subscribe({mgrmap=0+}) v3 -- 0x7f6cd4199fe0 con 0x7f6cd4103e00
2024-04-14T23:44:20.983 INFO:teuthology.orchestra.run.smithi031.stdout:/usr/bin/ceph: stderr
2024-04-14T23:44:20.101+0000 7f6cc6ffd700 1 -- 172.21.15.31:0/2294463773 <== mon.0 v2:172.21.15.31:3300/0 2 ==== config(27 keys) v1 ==== 1101+0+0 (secure 0 0 0) 0x7f6cc801a8e0 con 0x7f6cd4103e00
2024-04-14T23:44:20.983 INFO:teuthology.orchestra.run.smithi031.stdout:/usr/bin/ceph: stderr
2024-04-14T23:44:20.101+0000 7f6cc6ffd700 1 -- 172.21.15.31:0/2294463773 <== mon.0 v2:172.21.15.31:3300/0 3 ==== mon_map magic: 0 v1 ==== 229+0+0 (secure 0 0 0) 0x7f6cc8019990 con 0x7f6cd4103e00
2024-04-14T23:44:20.983 INFO:teuthology.orchestra.run.smithi031.stdout:/usr/bin/ceph: stderr
2024-04-14T23:44:20.101+0000 7f6cdbfbe700 1 -- 172.21.15.31:0/2294463773 --> [v2:172.21.15.31:3300/0,v1:172.21.15.31:6789/0] -- mon_subscribe({osdmap=0}) v3 -- 0x7f6cd419a400 con 0x7f6cd4103e00
2024-04-14T23:44:20.983 INFO:teuthology.orchestra.run.smithi031.stdout:/usr/bin/ceph: stderr
2024-04-14T23:44:20.102+0000 7f6cc6ffd700 1 -- 172.21.15.31:0/2294463773 <== mon.0 v2:172.21.15.31:3300/0 4 ==== mgrmap(e 9) v1 ==== 45097+0+0 (secure 0 0 0) 0x7f6cc8019c00 con 0x7f6cd4103e00
2024-04-14T23:44:20.983 INFO:teuthology.orchestra.run.smithi031.stdout:/usr/bin/ceph: stderr
2024-04-14T23:44:20.102+0000 7f6cc6ffd700 1 --2- 172.21.15.31:0/2294463773 >> [v2:172.21.15.31:6800/3076466716,v1:172.21.15.31:6801/3076466716] conn(0x7f6cc0038440 0x7f6cc003a8f0 unknown :-1 s=NONE pgs=0 cs=0 l=1 rev1=0 crypto rx=0 tx=0 comp rx=0 tx=0).connect
2024-04-14T23:44:20.983 INFO:teuthology.orchestra.run.smithi031.stdout:/usr/bin/ceph: stderr
2024-04-14T23:44:20.102+0000 7f6cc6ffd700 1 -- 172.21.15.31:0/2294463773 <== mon.0 v2:172.21.15.31:3300/0 5 ==== osd_map(2..2 src has 1..2) v4 ==== 940+0+0 (secure 0 0 0) 0x7f6cc804c600 con 0x7f6cd4103e00
2024-04-14T23:44:20.983 INFO:teuthology.orchestra.run.smithi031.stdout:/usr/bin/ceph: stderr
2024-04-14T23:44:20.102+0000 7f6cd9559700 1 -- 172.21.15.31:0/2294463773 >> [v2:172.21.15.31:6800/3076466716,v1:172.21.15.31:6801/3076466716] conn(0x7f6cc0038440 msgr2=0x7f6cc003a8f0 unknown :-1 s=STATE_CONNECTING_RE l=1).process reconnect failed to v2:172.21.15.31:6800/3076466716
2024-04-14T23:44:20.983 INFO:teuthology.orchestra.run.smithi031.stdout:/usr/bin/ceph: stderr
2024-04-14T23:44:20.102+0000 7f6cd9559700 1 --2- 172.21.15.31:0/2294463773 >> [v2:172.21.15.31:6800/3076466716,v1:172.21.15.31:6801/3076466716] conn(0x7f6cc0038440 0x7f6cc003a8f0 unknown :-1 s=START_CONNECT pgs=0 cs=0 l=1 rev1=0 crypto rx=0 tx=0 comp rx=0 tx=0)._fault waiting 0.200000
2024-04-14T23:44:20.983 INFO:teuthology.orchestra.run.smithi031.stdout:/usr/bin/ceph: stderr
2024-04-14T23:44:20.102+0000 7f6cdbfbe700 1 -- 172.21.15.31:0/2294463773 --> [v2:172.21.15.31:3300/0,v1:172.21.15.31:6789/0] -- mon_command({"prefix": "get_command_descriptions"} v 0) v1 -- 0x7f6cd4062380 con 0x7f6cd4103e00
2024-04-14T23:44:20.983 INFO:teuthology.orchestra.run.smithi031.stdout:/usr/bin/ceph: stderr
2024-04-14T23:44:20.107+0000 7f6cc6ffd700 1 -- 172.21.15.31:0/2294463773 <== mon.0 v2:172.21.15.31:3300/0 6 ==== mon_command_ack([{"prefix": "get_command_descriptions"}]=0 v0) v1 ==== 72+0+177933 (secure 0 0 0) 0x7f6cc802d440 con 0x7f6cd4103e00
2024-04-14T23:44:20.983 INFO:teuthology.orchestra.run.smithi031.stdout:/usr/bin/ceph: stderr
2024-04-14T23:44:20.303+0000 7f6cd9559700 1 -- 172.21.15.31:0/2294463773 >> [v2:172.21.15.31:6800/3076466716,v1:172.21.15.31:6801/3076466716] conn(0x7f6cc0038440 msgr2=0x7f6cc003a8f0 unknown :-1 s=STATE_CONNECTING_RE l=1).process reconnect failed to v2:172.21.15.31:6800/3076466716
2024-04-14T23:44:20.984 INFO:teuthology.orchestra.run.smithi031.stdout:/usr/bin/ceph: stderr
2024-04-14T23:44:20.303+0000 7f6cd9559700 1 --2- 172.21.15.31:0/2294463773 >> [v2:172.21.15.31:6800/3076466716,v1:172.21.15.31:6801/3076466716] conn(0x7f6cc0038440 0x7f6cc003a8f0 unknown :-1 s=START_CONNECT pgs=0 cs=0 l=1 rev1=0 crypto rx=0 tx=0 comp rx=0 tx=0)._fault waiting 0.400000
2024-04-14T23:44:20.984 INFO:teuthology.orchestra.run.smithi031.stdout:/usr/bin/ceph: stderr
2024-04-14T23:44:20.363+0000 7f6cdbfbe700 1 -- 172.21.15.31:0/2294463773 --> [v2:172.21.15.31:3300/0,v1:172.21.15.31:6789/0] -- mon_command({"prefix": "mgr stat"} v 0) v1 -- 0x7f6cd419d390 con 0x7f6cd4103e00
2024-04-14T23:44:20.984 INFO:teuthology.orchestra.run.smithi031.stdout:/usr/bin/ceph: stderr
2024-04-14T23:44:20.364+0000 7f6cc6ffd700 1 -- 172.21.15.31:0/2294463773 <== mon.0 v2:172.21.15.31:3300/0 7 ==== mon_command_ack([{"prefix": "mgr stat"}]=0 v9) v1 ==== 56+0+103 (secure 0 0 0) 0x7f6cc802b340 con 0x7f6cd4103e00
2024-04-14T23:44:20.984 INFO:teuthology.orchestra.run.smithi031.stdout:/usr/bin/ceph: stderr
2024-04-14T23:44:20.366+0000 7f6cdbfbe700 1 -- 172.21.15.31:0/2294463773 >> [v2:172.21.15.31:6800/3076466716,v1:172.21.15.31:6801/3076466716] conn(0x7f6cc0038440 msgr2=0x7f6cc003a8f0 unknown :-1 s=STATE_CONNECTING l=1).mark_down
2024-04-14T23:44:20.984 INFO:teuthology.orchestra.run.smithi031.stdout:/usr/bin/ceph: stderr
2024-04-14T23:44:20.366+0000 7f6cdbfbe700 1 --2- 172.21.15.31:0/2294463773 >> [v2:172.21.15.31:6800/3076466716,v1:172.21.15.31:6801/3076466716] conn(0x7f6cc0038440 0x7f6cc003a8f0 unknown :-1 s=START_CONNECT pgs=0 cs=0 l=1 rev1=0 crypto rx=0 tx=0 comp rx=0 tx=0).stop
2024-04-14T23:44:20.984 INFO:teuthology.orchestra.run.smithi031.stdout:/usr/bin/ceph: stderr
2024-04-14T23:44:20.366+0000 7f6cdbfbe700 1 -- 172.21.15.31:0/2294463773 >> [v2:172.21.15.31:3300/0,v1:172.21.15.31:6789/0] conn(0x7f6cd4103e00 msgr2=0x7f6cd41998a0 secure :-1 s=STATE_CONNECTION_ESTABLISHED l=1).mark_down
2024-04-14T23:44:20.984 INFO:teuthology.orchestra.run.smithi031.stdout:/usr/bin/ceph: stderr
2024-04-14T23:44:20.366+0000 7f6cdbfbe700 1 --2- 172.21.15.31:0/2294463773 >> [v2:172.21.15.31:3300/0,v1:172.21.15.31:6789/0] conn(0x7f6cd4103e00 0x7f6cd41998a0 secure :-1 s=READY pgs=72 cs=0 l=1 rev1=1 crypto rx=0x7f6cc8006ba0 tx=0x7f6cc8011b50 comp rx=0 tx=0).stop
2024-04-14T23:44:20.984 INFO:teuthology.orchestra.run.smithi031.stdout:/usr/bin/ceph: stderr
2024-04-14T23:44:20.366+0000 7f6cdbfbe700 1 -- 172.21.15.31:0/2294463773 shutdown_connections
2024-04-14T23:44:20.984 INFO:teuthology.orchestra.run.smithi031.stdout:/usr/bin/ceph: stderr
2024-04-14T23:44:20.366+0000 7f6cdbfbe700 1 --2- 172.21.15.31:0/2294463773 >> [v2:172.21.15.31:6800/3076466716,v1:172.21.15.31:6801/3076466716] conn(0x7f6cc0038440 0x7f6cc003a8f0 unknown :-1 s=CLOSED pgs=0 cs=0 l=1 rev1=0 crypto rx=0 tx=0 comp rx=0 tx=0).stop
2024-04-14T23:44:20.984 INFO:teuthology.orchestra.run.smithi031.stdout:/usr/bin/ceph: stderr
2024-04-14T23:44:20.366+0000 7f6cdbfbe700 1 --2- 172.21.15.31:0/2294463773 >> [v2:172.21.15.31:3300/0,v1:172.21.15.31:6789/0] conn(0x7f6cd4103e00 0x7f6cd41998a0 unknown :-1 s=CLOSED pgs=72 cs=0 l=1 rev1=1 crypto rx=0 tx=0 comp rx=0 tx=0).stop
2024-04-14T23:44:20.984 INFO:teuthology.orchestra.run.smithi031.stdout:/usr/bin/ceph: stderr
2024-04-14T23:44:20.366+0000 7f6cdbfbe700 1 -- 172.21.15.31:0/2294463773 >> 172.21.15.31:0/2294463773 conn(0x7f6cd40ff7e0 msgr2=0x7f6cd4100e50 unknown :-1 s=STATE_NONE l=0).mark_down
2024-04-14T23:44:20.984 INFO:teuthology.orchestra.run.smithi031.stdout:/usr/bin/ceph: stderr
2024-04-14T23:44:20.366+0000 7f6cdbfbe700 1 -- 172.21.15.31:0/2294463773 shutdown_connections
2024-04-14T23:44:20.984 INFO:teuthology.orchestra.run.smithi031.stdout:/usr/bin/ceph: stderr
2024-04-14T23:44:20.366+0000 7f6cdbfbe700 1 -- 172.21.15.31:0/2294463773 wait complete.
2024-04-14T23:44:20.984 INFO:teuthology.orchestra.run.smithi031.stdout:Waiting for the mgr to restart...
2024-04-14T23:44:20.984 INFO:teuthology.orchestra.run.smithi031.stdout:Waiting for mgr epoch 9...
2024-04-14T23:44:21.224 INFO:journalctl@ceph.mon.smithi031.smithi031.stdout:Apr 14 23:44:21 smithi031 ceph-mon[29346]: from='client.? 172.21.15.31:0/2294463773' entity='client.admin' cmd=[{"prefix": "mgr stat"}]: dispatch
2024-04-14T23:44:26.274 INFO:journalctl@ceph.mon.smithi031.smithi031.stdout:Apr 14 23:44:26 smithi031 ceph-mon[29346]: Active manager daemon smithi031.efyivj restarted
2024-04-14T23:44:26.274 INFO:journalctl@ceph.mon.smithi031.smithi031.stdout:Apr 14 23:44:26 smithi031 ceph-mon[29346]: Activating manager daemon smithi031.efyivj
2024-04-14T23:44:26.274 INFO:journalctl@ceph.mon.smithi031.smithi031.stdout:Apr 14 23:44:26 smithi031 ceph-mon[29346]: osdmap e3: 0 total, 0 up, 0 in
2024-04-14T23:44:26.274 INFO:journalctl@ceph.mon.smithi031.smithi031.stdout:Apr 14 23:44:26 smithi031 ceph-mon[29346]: mgrmap e10: smithi031.efyivj(active, starting, since 0.00380507s)
2024-04-14T23:44:26.274 INFO:journalctl@ceph.mon.smithi031.smithi031.stdout:Apr 14 23:44:26 smithi031 ceph-mon[29346]: from='mgr.14164 172.21.15.31:0/608827798' entity='mgr.smithi031.efyivj' cmd=[{"prefix": "mon metadata", "id": "smithi031"}]: dispatch
2024-04-14T23:44:26.275 INFO:journalctl@ceph.mon.smithi031.smithi031.stdout:Apr 14 23:44:26 smithi031 ceph-mon[29346]: from='mgr.14164 172.21.15.31:0/608827798' entity='mgr.smithi031.efyivj' cmd=[{"prefix": "mgr metadata", "who": "smithi031.efyivj", "id": "smithi031.efyivj"}]: dispatch
2024-04-14T23:44:26.275 INFO:journalctl@ceph.mon.smithi031.smithi031.stdout:Apr 14 23:44:26 smithi031 ceph-mon[29346]: from='mgr.14164 172.21.15.31:0/608827798' entity='mgr.smithi031.efyivj' cmd=[{"prefix": "mds metadata"}]: dispatch
2024-04-14T23:44:26.275 INFO:journalctl@ceph.mon.smithi031.smithi031.stdout:Apr 14 23:44:26 smithi031 ceph-mon[29346]: from='mgr.14164 172.21.15.31:0/608827798' entity='mgr.smithi031.efyivj' cmd=[{"prefix": "osd metadata"}]: dispatch
2024-04-14T23:44:26.275 INFO:journalctl@ceph.mon.smithi031.smithi031.stdout:Apr 14 23:44:26 smithi031 ceph-mon[29346]: from='mgr.14164 172.21.15.31:0/608827798' entity='mgr.smithi031.efyivj' cmd=[{"prefix": "mon metadata"}]: dispatch
2024-04-14T23:44:26.275 INFO:journalctl@ceph.mon.smithi031.smithi031.stdout:Apr 14 23:44:26 smithi031 ceph-mon[29346]: Manager daemon smithi031.efyivj is now available
2024-04-14T23:44:26.275 INFO:journalctl@ceph.mon.smithi031.smithi031.stdout:Apr 14 23:44:26 smithi031 ceph-mon[29346]: from='mgr.14164 172.21.15.31:0/608827798' entity='mgr.smithi031.efyivj' cmd=[{"prefix": "config dump", "format": "json"}]: dispatch
2024-04-14T23:44:26.275 INFO:journalctl@ceph.mon.smithi031.smithi031.stdout:Apr 14 23:44:26 smithi031 ceph-mon[29346]: from='mgr.14164 172.21.15.31:0/608827798' entity='mgr.smithi031.efyivj' cmd=[{"prefix": "config dump", "format": "json"}]: dispatch
2024-04-14T23:44:26.275 INFO:journalctl@ceph.mon.smithi031.smithi031.stdout:Apr 14 23:44:26 smithi031 ceph-mon[29346]: from='mgr.14164 172.21.15.31:0/608827798' entity='mgr.smithi031.efyivj' cmd=[{"prefix":"config rm","who":"mgr","name":"mgr/rbd_support/smithi031.efyivj/mirror_snapshot_schedule"}]: dispatch
2024-04-14T23:44:26.275 INFO:journalctl@ceph.mon.smithi031.smithi031.stdout:Apr 14 23:44:26 smithi031 ceph-mon[29346]: from='mgr.14164 172.21.15.31:0/608827798' entity='mgr.smithi031.efyivj' cmd=[{"prefix":"config rm","who":"mgr","name":"mgr/rbd_support/smithi031.efyivj/trash_purge_schedule"}]: dispatch
2024-04-14T23:44:27.747 INFO:teuthology.orchestra.run.smithi031.stdout:/usr/bin/ceph: stdout {
2024-04-14T23:44:27.748 INFO:teuthology.orchestra.run.smithi031.stdout:/usr/bin/ceph: stdout "mgrmap_epoch": 11,
2024-04-14T23:44:27.748 INFO:teuthology.orchestra.run.smithi031.stdout:/usr/bin/ceph: stdout "initialized": true
2024-04-14T23:44:27.748 INFO:teuthology.orchestra.run.smithi031.stdout:/usr/bin/ceph: stdout }
2024-04-14T23:44:27.748 INFO:teuthology.orchestra.run.smithi031.stdout:/usr/bin/ceph: stderr
2024-04-14T23:44:21.446+0000 7f784bc48700 1 Processor -- start
2024-04-14T23:44:27.748 INFO:teuthology.orchestra.run.smithi031.stdout:/usr/bin/ceph: stderr
2024-04-14T23:44:21.446+0000 7f784bc48700 1 -- start start
2024-04-14T23:44:27.748 INFO:teuthology.orchestra.run.smithi031.stdout:/usr/bin/ceph: stderr
2024-04-14T23:44:21.446+0000 7f784bc48700 1 --2- >> [v2:172.21.15.31:3300/0,v1:172.21.15.31:6789/0] conn(0x7f7844106610 0x7f78441089f0 unknown :-1 s=NONE pgs=0 cs=0 l=0 rev1=0 crypto rx=0 tx=0 comp rx=0 tx=0).connect
2024-04-14T23:44:27.748 INFO:teuthology.orchestra.run.smithi031.stdout:/usr/bin/ceph: stderr
2024-04-14T23:44:21.446+0000 7f784bc48700 1 -- --> [v2:172.21.15.31:3300/0,v1:172.21.15.31:6789/0] -- mon_getmap magic: 0 v1 -- 0x7f7844074510 con 0x7f7844106610
2024-04-14T23:44:27.748 INFO:teuthology.orchestra.run.smithi031.stdout:/usr/bin/ceph: stderr
2024-04-14T23:44:21.446+0000 7f78499e4700 1 --2- >> [v2:172.21.15.31:3300/0,v1:172.21.15.31:6789/0] conn(0x7f7844106610 0x7f78441089f0 unknown :-1 s=BANNER_CONNECTING pgs=0 cs=0 l=0 rev1=0 crypto rx=0 tx=0 comp rx=0 tx=0)._handle_peer_banner_payload supported=3 required=0
2024-04-14T23:44:27.748 INFO:teuthology.orchestra.run.smithi031.stdout:/usr/bin/ceph: stderr
2024-04-14T23:44:21.447+0000 7f78499e4700 1 --2- >> [v2:172.21.15.31:3300/0,v1:172.21.15.31:6789/0] conn(0x7f7844106610 0x7f78441089f0 unknown :-1 s=HELLO_CONNECTING pgs=0 cs=0 l=0 rev1=1 crypto rx=0 tx=0 comp rx=0 tx=0).handle_hello peer v2:172.21.15.31:3300/0 says I am v2:172.21.15.31:36636/0 (socket says 172.21.15.31:36636)
2024-04-14T23:44:27.748 INFO:teuthology.orchestra.run.smithi031.stdout:/usr/bin/ceph: stderr
2024-04-14T23:44:21.447+0000 7f78499e4700 1 -- 172.21.15.31:0/2169624701 learned_addr learned my addr 172.21.15.31:0/2169624701 (peer_addr_for_me v2:172.21.15.31:0/0)
2024-04-14T23:44:27.748 INFO:teuthology.orchestra.run.smithi031.stdout:/usr/bin/ceph: stderr
2024-04-14T23:44:21.447+0000 7f78499e4700 1 -- 172.21.15.31:0/2169624701 --> [v2:172.21.15.31:3300/0,v1:172.21.15.31:6789/0] -- mon_subscribe({config=0+,monmap=0+}) v3 -- 0x7f7844074650 con 0x7f7844106610
2024-04-14T23:44:27.748 INFO:teuthology.orchestra.run.smithi031.stdout:/usr/bin/ceph: stderr
2024-04-14T23:44:21.447+0000 7f78499e4700 1 --2- 172.21.15.31:0/2169624701 >> [v2:172.21.15.31:3300/0,v1:172.21.15.31:6789/0] conn(0x7f7844106610 0x7f78441089f0 secure :-1 s=READY pgs=73 cs=0 l=1 rev1=1 crypto rx=0x7f78340098a0 tx=0x7f7834009bb0 comp rx=0 tx=0).ready entity=mon.0 client_cookie=9976d2baaa310404 server_cookie=0 in_seq=0 out_seq=0
2024-04-14T23:44:27.749 INFO:teuthology.orchestra.run.smithi031.stdout:/usr/bin/ceph: stderr
2024-04-14T23:44:21.447+0000 7f78489e2700 1 -- 172.21.15.31:0/2169624701 <== mon.0 v2:172.21.15.31:3300/0 1 ==== mon_map magic: 0 v1 ==== 229+0+0 (secure 0 0 0) 0x7f7834004180 con 0x7f7844106610
2024-04-14T23:44:27.749 INFO:teuthology.orchestra.run.smithi031.stdout:/usr/bin/ceph: stderr
2024-04-14T23:44:21.447+0000 7f78489e2700 1 -- 172.21.15.31:0/2169624701 <== mon.0 v2:172.21.15.31:3300/0 2 ==== config(27 keys) v1 ==== 1101+0+0 (secure 0 0 0) 0x7f78340042e0 con 0x7f7844106610
2024-04-14T23:44:27.749 INFO:teuthology.orchestra.run.smithi031.stdout:/usr/bin/ceph: stderr
2024-04-14T23:44:21.447+0000 7f78489e2700 1 -- 172.21.15.31:0/2169624701 <== mon.0 v2:172.21.15.31:3300/0 3 ==== mon_map magic: 0 v1 ==== 229+0+0 (secure 0 0 0) 0x7f7834011af0 con 0x7f7844106610
2024-04-14T23:44:27.749 INFO:teuthology.orchestra.run.smithi031.stdout:/usr/bin/ceph: stderr
2024-04-14T23:44:21.448+0000 7f784bc48700 1 -- 172.21.15.31:0/2169624701 >> [v2:172.21.15.31:3300/0,v1:172.21.15.31:6789/0] conn(0x7f7844106610 msgr2=0x7f78441089f0 secure :-1 s=STATE_CONNECTION_ESTABLISHED l=1).mark_down
2024-04-14T23:44:27.749 INFO:teuthology.orchestra.run.smithi031.stdout:/usr/bin/ceph: stderr
2024-04-14T23:44:21.448+0000 7f784bc48700 1 --2- 172.21.15.31:0/2169624701 >> [v2:172.21.15.31:3300/0,v1:172.21.15.31:6789/0] conn(0x7f7844106610 0x7f78441089f0 secure :-1 s=READY pgs=73 cs=0 l=1 rev1=1 crypto rx=0x7f78340098a0 tx=0x7f7834009bb0 comp rx=0 tx=0).stop
2024-04-14T23:44:27.749 INFO:teuthology.orchestra.run.smithi031.stdout:/usr/bin/ceph: stderr
2024-04-14T23:44:21.448+0000 7f784bc48700 1 -- 172.21.15.31:0/2169624701 shutdown_connections
2024-04-14T23:44:27.749 INFO:teuthology.orchestra.run.smithi031.stdout:/usr/bin/ceph: stderr
2024-04-14T23:44:21.448+0000 7f784bc48700 1 --2- 172.21.15.31:0/2169624701 >> [v2:172.21.15.31:3300/0,v1:172.21.15.31:6789/0] conn(0x7f7844106610 0x7f78441089f0 unknown :-1 s=CLOSED pgs=73 cs=0 l=1 rev1=1 crypto rx=0 tx=0 comp rx=0 tx=0).stop
2024-04-14T23:44:27.749 INFO:teuthology.orchestra.run.smithi031.stdout:/usr/bin/ceph: stderr
2024-04-14T23:44:21.448+0000 7f784bc48700 1 -- 172.21.15.31:0/2169624701 >> 172.21.15.31:0/2169624701 conn(0x7f7844100070 msgr2=0x7f7844102480 unknown :-1 s=STATE_NONE l=0).mark_down
2024-04-14T23:44:27.749 INFO:teuthology.orchestra.run.smithi031.stdout:/usr/bin/ceph: stderr
2024-04-14T23:44:21.448+0000 7f784bc48700 1 -- 172.21.15.31:0/2169624701 shutdown_connections
2024-04-14T23:44:27.749 INFO:teuthology.orchestra.run.smithi031.stdout:/usr/bin/ceph: stderr
2024-04-14T23:44:21.448+0000 7f784bc48700 1 -- 172.21.15.31:0/2169624701 wait complete.
2024-04-14T23:44:27.749 INFO:teuthology.orchestra.run.smithi031.stdout:/usr/bin/ceph: stderr
2024-04-14T23:44:21.449+0000 7f784bc48700 1 Processor -- start
2024-04-14T23:44:27.749 INFO:teuthology.orchestra.run.smithi031.stdout:/usr/bin/ceph: stderr
2024-04-14T23:44:21.449+0000 7f784bc48700 1 -- start start
2024-04-14T23:44:27.749 INFO:teuthology.orchestra.run.smithi031.stdout:/usr/bin/ceph: stderr
2024-04-14T23:44:21.449+0000 7f784bc48700 1 --2- >> [v2:172.21.15.31:3300/0,v1:172.21.15.31:6789/0] conn(0x7f7844106610 0x7f7844197680 unknown :-1 s=NONE pgs=0 cs=0 l=1 rev1=0 crypto rx=0 tx=0 comp rx=0 tx=0).connect
2024-04-14T23:44:27.750 INFO:teuthology.orchestra.run.smithi031.stdout:/usr/bin/ceph: stderr
2024-04-14T23:44:21.449+0000 7f784bc48700 1 -- --> [v2:172.21.15.31:3300/0,v1:172.21.15.31:6789/0] -- mon_getmap magic: 0 v1 -- 0x7f7844197bc0 con 0x7f7844106610
2024-04-14T23:44:27.750 INFO:teuthology.orchestra.run.smithi031.stdout:/usr/bin/ceph: stderr
2024-04-14T23:44:21.449+0000 7f78499e4700 1 --2- >> [v2:172.21.15.31:3300/0,v1:172.21.15.31:6789/0] conn(0x7f7844106610 0x7f7844197680 unknown :-1 s=BANNER_CONNECTING pgs=0 cs=0 l=1 rev1=0 crypto rx=0 tx=0 comp rx=0 tx=0)._handle_peer_banner_payload supported=3 required=0
2024-04-14T23:44:27.750 INFO:teuthology.orchestra.run.smithi031.stdout:/usr/bin/ceph: stderr
2024-04-14T23:44:21.449+0000 7f78499e4700 1 --2- >> [v2:172.21.15.31:3300/0,v1:172.21.15.31:6789/0] conn(0x7f7844106610 0x7f7844197680 unknown :-1 s=HELLO_CONNECTING pgs=0 cs=0 l=1 rev1=1 crypto rx=0 tx=0 comp rx=0 tx=0).handle_hello peer v2:172.21.15.31:3300/0 says I am v2:172.21.15.31:36650/0 (socket says 172.21.15.31:36650)
2024-04-14T23:44:27.750 INFO:teuthology.orchestra.run.smithi031.stdout:/usr/bin/ceph: stderr
2024-04-14T23:44:21.449+0000 7f78499e4700 1 -- 172.21.15.31:0/4095955263 learned_addr learned my addr 172.21.15.31:0/4095955263 (peer_addr_for_me v2:172.21.15.31:0/0)
2024-04-14T23:44:27.750 INFO:teuthology.orchestra.run.smithi031.stdout:/usr/bin/ceph: stderr
2024-04-14T23:44:21.449+0000 7f78499e4700 1 -- 172.21.15.31:0/4095955263 --> [v2:172.21.15.31:3300/0,v1:172.21.15.31:6789/0] -- mon_subscribe({config=0+,monmap=0+}) v3 -- 0x7f7834009550 con 0x7f7844106610
2024-04-14T23:44:27.750 INFO:teuthology.orchestra.run.smithi031.stdout:/usr/bin/ceph: stderr
2024-04-14T23:44:21.450+0000 7f78499e4700 1 --2- 172.21.15.31:0/4095955263 >> [v2:172.21.15.31:3300/0,v1:172.21.15.31:6789/0] conn(0x7f7844106610 0x7f7844197680 secure :-1 s=READY pgs=74 cs=0 l=1 rev1=1 crypto rx=0x7f7834000c00 tx=0x7f7834011b50 comp rx=0 tx=0).ready entity=mon.0 client_cookie=0 server_cookie=0 in_seq=0 out_seq=0
2024-04-14T23:44:27.750 INFO:teuthology.orchestra.run.smithi031.stdout:/usr/bin/ceph: stderr
2024-04-14T23:44:21.450+0000 7f783affd700 1 -- 172.21.15.31:0/4095955263 <== mon.0 v2:172.21.15.31:3300/0 1 ==== mon_map magic: 0 v1 ==== 229+0+0 (secure 0 0 0) 0x7f7834003a70 con 0x7f7844106610
2024-04-14T23:44:27.750 INFO:teuthology.orchestra.run.smithi031.stdout:/usr/bin/ceph: stderr
2024-04-14T23:44:21.450+0000 7f783affd700 1 -- 172.21.15.31:0/4095955263 <== mon.0 v2:172.21.15.31:3300/0 2 ==== config(27 keys) v1 ==== 1101+0+0 (secure 0 0 0) 0x7f7834003bd0 con 0x7f7844106610
2024-04-14T23:44:27.750 INFO:teuthology.orchestra.run.smithi031.stdout:/usr/bin/ceph: stderr
2024-04-14T23:44:21.450+0000 7f784bc48700 1 -- 172.21.15.31:0/4095955263 --> [v2:172.21.15.31:3300/0,v1:172.21.15.31:6789/0] -- mon_subscribe({mgrmap=0+}) v3 -- 0x7f7844197dc0 con 0x7f7844106610
2024-04-14T23:44:27.750 INFO:teuthology.orchestra.run.smithi031.stdout:/usr/bin/ceph: stderr
2024-04-14T23:44:21.450+0000 7f783affd700 1 -- 172.21.15.31:0/4095955263 <== mon.0 v2:172.21.15.31:3300/0 3 ==== mon_map magic: 0 v1 ==== 229+0+0 (secure 0 0 0) 0x7f78340238c0 con 0x7f7844106610
2024-04-14T23:44:27.750 INFO:teuthology.orchestra.run.smithi031.stdout:/usr/bin/ceph: stderr
2024-04-14T23:44:21.450+0000 7f784bc48700 1 -- 172.21.15.31:0/4095955263 --> [v2:172.21.15.31:3300/0,v1:172.21.15.31:6789/0] -- mon_subscribe({osdmap=0}) v3 -- 0x7f78441981e0 con 0x7f7844106610
2024-04-14T23:44:27.750 INFO:teuthology.orchestra.run.smithi031.stdout:/usr/bin/ceph: stderr
2024-04-14T23:44:21.451+0000 7f783affd700 1 -- 172.21.15.31:0/4095955263 <== mon.0 v2:172.21.15.31:3300/0 4 ==== mgrmap(e 9) v1 ==== 45097+0+0 (secure 0 0 0) 0x7f7834023b30 con 0x7f7844106610
2024-04-14T23:44:27.750 INFO:teuthology.orchestra.run.smithi031.stdout:/usr/bin/ceph: stderr
2024-04-14T23:44:21.451+0000 7f783affd700 1 --2- 172.21.15.31:0/4095955263 >> [v2:172.21.15.31:6800/3076466716,v1:172.21.15.31:6801/3076466716] conn(0x7f783003c8f0 0x7f783003eda0 unknown :-1 s=NONE pgs=0 cs=0 l=1 rev1=0 crypto rx=0 tx=0 comp rx=0 tx=0).connect
2024-04-14T23:44:27.750 INFO:teuthology.orchestra.run.smithi031.stdout:/usr/bin/ceph: stderr
2024-04-14T23:44:21.451+0000 7f783affd700 1 -- 172.21.15.31:0/4095955263 --> [v2:172.21.15.31:6800/3076466716,v1:172.21.15.31:6801/3076466716] -- command(tid 0: {"prefix": "get_command_descriptions"}) v1 -- 0x7f783003f4b0 con 0x7f783003c8f0
2024-04-14T23:44:27.751 INFO:teuthology.orchestra.run.smithi031.stdout:/usr/bin/ceph: stderr
2024-04-14T23:44:21.451+0000 7f783affd700 1 -- 172.21.15.31:0/4095955263 <== mon.0 v2:172.21.15.31:3300/0 5 ==== osd_map(2..2 src has 1..2) v4 ==== 940+0+0 (secure 0 0 0) 0x7f783404c1f0 con 0x7f7844106610
2024-04-14T23:44:27.751 INFO:teuthology.orchestra.run.smithi031.stdout:/usr/bin/ceph: stderr
2024-04-14T23:44:21.451+0000 7f78491e3700 1 -- 172.21.15.31:0/4095955263 >> [v2:172.21.15.31:6800/3076466716,v1:172.21.15.31:6801/3076466716] conn(0x7f783003c8f0 msgr2=0x7f783003eda0 unknown :-1 s=STATE_CONNECTING_RE l=1).process reconnect failed to v2:172.21.15.31:6800/3076466716
2024-04-14T23:44:27.751 INFO:teuthology.orchestra.run.smithi031.stdout:/usr/bin/ceph: stderr
2024-04-14T23:44:21.451+0000 7f78491e3700 1 --2- 172.21.15.31:0/4095955263 >> [v2:172.21.15.31:6800/3076466716,v1:172.21.15.31:6801/3076466716] conn(0x7f783003c8f0 0x7f783003eda0 unknown :-1 s=START_CONNECT pgs=0 cs=0 l=1 rev1=0 crypto rx=0 tx=0 comp rx=0 tx=0)._fault waiting 0.200000
2024-04-14T23:44:27.751 INFO:teuthology.orchestra.run.smithi031.stdout:/usr/bin/ceph: stderr
2024-04-14T23:44:21.652+0000 7f78491e3700 1 -- 172.21.15.31:0/4095955263 >> [v2:172.21.15.31:6800/3076466716,v1:172.21.15.31:6801/3076466716] conn(0x7f783003c8f0 msgr2=0x7f783003eda0 unknown :-1 s=STATE_CONNECTING_RE l=1).process reconnect failed to v2:172.21.15.31:6800/3076466716
2024-04-14T23:44:27.751 INFO:teuthology.orchestra.run.smithi031.stdout:/usr/bin/ceph: stderr
2024-04-14T23:44:21.652+0000 7f78491e3700 1 --2- 172.21.15.31:0/4095955263 >> [v2:172.21.15.31:6800/3076466716,v1:172.21.15.31:6801/3076466716] conn(0x7f783003c8f0 0x7f783003eda0 unknown :-1 s=START_CONNECT pgs=0 cs=0 l=1 rev1=0 crypto rx=0 tx=0 comp rx=0 tx=0)._fault waiting 0.400000
2024-04-14T23:44:27.751 INFO:teuthology.orchestra.run.smithi031.stdout:/usr/bin/ceph: stderr
2024-04-14T23:44:22.053+0000 7f78491e3700 1 -- 172.21.15.31:0/4095955263 >> [v2:172.21.15.31:6800/3076466716,v1:172.21.15.31:6801/3076466716] conn(0x7f783003c8f0 msgr2=0x7f783003eda0 unknown :-1 s=STATE_CONNECTING_RE l=1).process reconnect failed to v2:172.21.15.31:6800/3076466716
2024-04-14T23:44:27.751 INFO:teuthology.orchestra.run.smithi031.stdout:/usr/bin/ceph: stderr
2024-04-14T23:44:22.053+0000 7f78491e3700 1 --2- 172.21.15.31:0/4095955263 >> [v2:172.21.15.31:6800/3076466716,v1:172.21.15.31:6801/3076466716] conn(0x7f783003c8f0 0x7f783003eda0 unknown :-1 s=START_CONNECT pgs=0 cs=0 l=1 rev1=0 crypto rx=0 tx=0 comp rx=0 tx=0)._fault waiting 0.800000
2024-04-14T23:44:27.751 INFO:teuthology.orchestra.run.smithi031.stdout:/usr/bin/ceph: stderr
2024-04-14T23:44:22.854+0000 7f78491e3700 1 -- 172.21.15.31:0/4095955263 >> [v2:172.21.15.31:6800/3076466716,v1:172.21.15.31:6801/3076466716] conn(0x7f783003c8f0 msgr2=0x7f783003eda0 unknown :-1 s=STATE_CONNECTING_RE l=1).process reconnect failed to v2:172.21.15.31:6800/3076466716
2024-04-14T23:44:27.751 INFO:teuthology.orchestra.run.smithi031.stdout:/usr/bin/ceph: stderr
2024-04-14T23:44:22.854+0000 7f78491e3700 1 --2- 172.21.15.31:0/4095955263 >> [v2:172.21.15.31:6800/3076466716,v1:172.21.15.31:6801/3076466716] conn(0x7f783003c8f0 0x7f783003eda0 unknown :-1 s=START_CONNECT pgs=0 cs=0 l=1 rev1=0 crypto rx=0 tx=0 comp rx=0 tx=0)._fault waiting 1.600000
2024-04-14T23:44:27.751 INFO:teuthology.orchestra.run.smithi031.stdout:/usr/bin/ceph: stderr
