2024-04-15T00:12:07.331 INFO:teuthology.orchestra.run.smithi107.stdout:/usr/bin/ceph: stderr
2024-04-15T00:12:06.445+0000 7f28ff7fe700 1 -- 172.21.15.107:0/1827410992 <== mon.0 v2:172.21.15.107:3300/0 5 ==== osd_map(2..2 src has 1..2) v4 ==== 940+0+0 (secure 0 0 0) 0x7f290004bdb0 con 0x7f291019b9e0
2024-04-15T00:12:07.331 INFO:teuthology.orchestra.run.smithi107.stdout:/usr/bin/ceph: stderr
2024-04-15T00:12:06.446+0000 7f290dd9b700 1 --2- 172.21.15.107:0/1827410992 >> [v2:172.21.15.107:6800/1716906165,v1:172.21.15.107:6801/1716906165] conn(0x7f28f80383b0 0x7f28f803a860 unknown :-1 s=BANNER_CONNECTING pgs=0 cs=0 l=1 rev1=0 crypto rx=0 tx=0 comp rx=0 tx=0)._handle_peer_banner_payload supported=3 required=0
2024-04-15T00:12:07.331 INFO:teuthology.orchestra.run.smithi107.stdout:/usr/bin/ceph: stderr
2024-04-15T00:12:06.446+0000 7f290dd9b700 1 --2- 172.21.15.107:0/1827410992 >> [v2:172.21.15.107:6800/1716906165,v1:172.21.15.107:6801/1716906165] conn(0x7f28f80383b0 0x7f28f803a860 secure :-1 s=READY pgs=9 cs=0 l=1 rev1=1 crypto rx=0x7f2904006fd0 tx=0x7f2904006e40 comp rx=0 tx=0).ready entity=mgr.14120 client_cookie=0 server_cookie=0 in_seq=0 out_seq=0
2024-04-15T00:12:07.331 INFO:teuthology.orchestra.run.smithi107.stdout:/usr/bin/ceph: stderr
2024-04-15T00:12:06.450+0000 7f28ff7fe700 1 -- 172.21.15.107:0/1827410992 <== mon.0 v2:172.21.15.107:3300/0 6 ==== mon_command_ack([{"prefix": "get_command_descriptions"}]=0 v0) v1 ==== 72+0+177933 (secure 0 0 0) 0x7f2900011980 con 0x7f291019b9e0
2024-04-15T00:12:07.331 INFO:teuthology.orchestra.run.smithi107.stdout:/usr/bin/ceph: stderr
2024-04-15T00:12:06.640+0000 7f29149d5700 1 -- 172.21.15.107:0/1827410992 --> [v2:172.21.15.107:6800/1716906165,v1:172.21.15.107:6801/1716906165] -- mgr_command(tid 0: {"prefix": "cephadm generate-key", "target": ["mon-mgr", ""]}) v1 -- 0x7f2910101550 con 0x7f28f80383b0
2024-04-15T00:12:07.331 INFO:teuthology.orchestra.run.smithi107.stdout:/usr/bin/ceph: stderr
2024-04-15T00:12:06.778+0000 7f28ff7fe700 1 -- 172.21.15.107:0/1827410992 <== mgr.14120 v2:172.21.15.107:6800/1716906165 1 ==== mgr_command_reply(tid 0: 0 ) v1 ==== 8+0+0 (secure 0 0 0) 0x7f2910101550 con 0x7f28f80383b0
2024-04-15T00:12:07.331 INFO:teuthology.orchestra.run.smithi107.stdout:/usr/bin/ceph: stderr
2024-04-15T00:12:06.780+0000 7f29149d5700 1 -- 172.21.15.107:0/1827410992 >> [v2:172.21.15.107:6800/1716906165,v1:172.21.15.107:6801/1716906165] conn(0x7f28f80383b0 msgr2=0x7f28f803a860 secure :-1 s=STATE_CONNECTION_ESTABLISHED l=1).mark_down
2024-04-15T00:12:07.331 INFO:teuthology.orchestra.run.smithi107.stdout:/usr/bin/ceph: stderr
2024-04-15T00:12:06.780+0000 7f29149d5700 1 --2- 172.21.15.107:0/1827410992 >> [v2:172.21.15.107:6800/1716906165,v1:172.21.15.107:6801/1716906165] conn(0x7f28f80383b0 0x7f28f803a860 secure :-1 s=READY pgs=9 cs=0 l=1 rev1=1 crypto rx=0x7f2904006fd0 tx=0x7f2904006e40 comp rx=0 tx=0).stop
2024-04-15T00:12:07.331 INFO:teuthology.orchestra.run.smithi107.stdout:/usr/bin/ceph: stderr
2024-04-15T00:12:06.780+0000 7f29149d5700 1 -- 172.21.15.107:0/1827410992 >> [v2:172.21.15.107:3300/0,v1:172.21.15.107:6789/0] conn(0x7f291019b9e0 msgr2=0x7f291019bdf0 secure :-1 s=STATE_CONNECTION_ESTABLISHED l=1).mark_down
2024-04-15T00:12:07.331 INFO:teuthology.orchestra.run.smithi107.stdout:/usr/bin/ceph: stderr
2024-04-15T00:12:06.780+0000 7f29149d5700 1 --2- 172.21.15.107:0/1827410992 >> [v2:172.21.15.107:3300/0,v1:172.21.15.107:6789/0] conn(0x7f291019b9e0 0x7f291019bdf0 secure :-1 s=READY pgs=42 cs=0 l=1 rev1=1 crypto rx=0x7f290000b7b0 tx=0x7f2900004430 comp rx=0 tx=0).stop
2024-04-15T00:12:07.331 INFO:teuthology.orchestra.run.smithi107.stdout:/usr/bin/ceph: stderr
2024-04-15T00:12:06.780+0000 7f29149d5700 1 -- 172.21.15.107:0/1827410992 shutdown_connections
2024-04-15T00:12:07.331 INFO:teuthology.orchestra.run.smithi107.stdout:/usr/bin/ceph: stderr
2024-04-15T00:12:06.780+0000 7f29149d5700 1 --2- 172.21.15.107:0/1827410992 >> [v2:172.21.15.107:6800/1716906165,v1:172.21.15.107:6801/1716906165] conn(0x7f28f80383b0 0x7f28f803a860 unknown :-1 s=CLOSED pgs=9 cs=0 l=1 rev1=1 crypto rx=0 tx=0 comp rx=0 tx=0).stop
2024-04-15T00:12:07.331 INFO:teuthology.orchestra.run.smithi107.stdout:/usr/bin/ceph: stderr
2024-04-15T00:12:06.780+0000 7f29149d5700 1 --2- 172.21.15.107:0/1827410992 >> [v2:172.21.15.107:3300/0,v1:172.21.15.107:6789/0] conn(0x7f291019b9e0 0x7f291019bdf0 unknown :-1 s=CLOSED pgs=42 cs=0 l=1 rev1=1 crypto rx=0 tx=0 comp rx=0 tx=0).stop
2024-04-15T00:12:07.331 INFO:teuthology.orchestra.run.smithi107.stdout:/usr/bin/ceph: stderr
2024-04-15T00:12:06.780+0000 7f29149d5700 1 -- 172.21.15.107:0/1827410992 >> 172.21.15.107:0/1827410992 conn(0x7f2910100060 msgr2=0x7f2910100e40 unknown :-1 s=STATE_NONE l=0).mark_down
2024-04-15T00:12:07.331 INFO:teuthology.orchestra.run.smithi107.stdout:/usr/bin/ceph: stderr
2024-04-15T00:12:06.781+0000 7f29149d5700 1 -- 172.21.15.107:0/1827410992 shutdown_connections
2024-04-15T00:12:07.332 INFO:teuthology.orchestra.run.smithi107.stdout:/usr/bin/ceph: stderr
2024-04-15T00:12:06.781+0000 7f29149d5700 1 -- 172.21.15.107:0/1827410992 wait complete.
2024-04-15T00:12:07.913 INFO:journalctl@ceph.mon.smithi107.smithi107.stdout:Apr 15 00:12:07 smithi107 ceph-mon[29310]: from='client.14136 -' entity='client.admin' cmd=[{"prefix": "cephadm generate-key", "target": ["mon-mgr", ""]}]: dispatch
2024-04-15T00:12:07.913 INFO:journalctl@ceph.mon.smithi107.smithi107.stdout:Apr 15 00:12:07 smithi107 ceph-mon[29310]: Generating ssh key...
2024-04-15T00:12:07.913 INFO:journalctl@ceph.mon.smithi107.smithi107.stdout:Apr 15 00:12:07 smithi107 ceph-mon[29310]: from='mgr.14120 172.21.15.107:0/3870407437' entity='mgr.smithi107.ikkjxg'
2024-04-15T00:12:07.913 INFO:journalctl@ceph.mon.smithi107.smithi107.stdout:Apr 15 00:12:07 smithi107 ceph-mon[29310]: from='mgr.14120 172.21.15.107:0/3870407437' entity='mgr.smithi107.ikkjxg'
2024-04-15T00:12:08.476 INFO:teuthology.orchestra.run.smithi107.stdout:/usr/bin/ceph: stdout ssh-rsa AAAAB3NzaC1yc2EAAAADAQABAAABgQDPhJXtr3Zqs2g4C8thMwZb+gSzKyOFSO4KPmieEGlQOMvp8eUGl44F83PvmXbvlNfuOsmc/I0k4A0DSCjDUiQZsyFjKuEtgZjMt3TcW9AOZ8n4atMKxwFIdZGmx11TZmBZbp2JcbnxdtNT+ib5B5zosb49NXzaRrwzvTqeJNrZhviHHwAJuH1ufOo+pqinwNa7Tsq8taqoWcem0OJ5CumAutO4TiamKeTXAG6cWsrSX+NaB61VYSodBxLlCJ4DN5dhsb8dJRyKJqtNtbJWaEFWOKOw0BxbMgsQi1U5YXAypVRMEZPdj9gzNRaKuuwwirl0yJGRq2ox34jfRDRyk/g5lT72/uJ4qPVxX6n9HGqYvRTeYL95GwygaApnjDhe0PPHqKSsvbazxTC6LfcfKFGEgdI+IrIWbwkGi2nAAWPuvLRH2VsuUtV/d6Rnd9vi94gFs53/ZVz/ks8TiJuxMdbP3AsMvykkRJPUuZ31G9YeJU3YOxjl6MUPSUhjJGjqk+M= ceph-9d1e4ec6-fabc-11ee-bc8e-c7b262605968
2024-04-15T00:12:08.477 INFO:teuthology.orchestra.run.smithi107.stdout:/usr/bin/ceph: stderr
2024-04-15T00:12:07.705+0000 7f5159aa3700 1 Processor -- start
2024-04-15T00:12:08.477 INFO:teuthology.orchestra.run.smithi107.stdout:/usr/bin/ceph: stderr
2024-04-15T00:12:07.705+0000 7f5159aa3700 1 -- start start
2024-04-15T00:12:08.477 INFO:teuthology.orchestra.run.smithi107.stdout:/usr/bin/ceph: stderr
2024-04-15T00:12:07.705+0000 7f5159aa3700 1 --2- >> [v2:172.21.15.107:3300/0,v1:172.21.15.107:6789/0] conn(0x7f5154074430 0x7f5154108700 unknown :-1 s=NONE pgs=0 cs=0 l=0 rev1=0 crypto rx=0 tx=0 comp rx=0 tx=0).connect
2024-04-15T00:12:08.477 INFO:teuthology.orchestra.run.smithi107.stdout:/usr/bin/ceph: stderr
2024-04-15T00:12:07.705+0000 7f5159aa3700 1 -- --> [v2:172.21.15.107:3300/0,v1:172.21.15.107:6789/0] -- mon_getmap magic: 0 v1 -- 0x7f5154108c40 con 0x7f5154074430
2024-04-15T00:12:08.477 INFO:teuthology.orchestra.run.smithi107.stdout:/usr/bin/ceph: stderr
2024-04-15T00:12:07.706+0000 7f51537fe700 1 --2- >> [v2:172.21.15.107:3300/0,v1:172.21.15.107:6789/0] conn(0x7f5154074430 0x7f5154108700 unknown :-1 s=BANNER_CONNECTING pgs=0 cs=0 l=0 rev1=0 crypto rx=0 tx=0 comp rx=0 tx=0)._handle_peer_banner_payload supported=3 required=0
2024-04-15T00:12:08.477 INFO:teuthology.orchestra.run.smithi107.stdout:/usr/bin/ceph: stderr
2024-04-15T00:12:07.706+0000 7f51537fe700 1 --2- >> [v2:172.21.15.107:3300/0,v1:172.21.15.107:6789/0] conn(0x7f5154074430 0x7f5154108700 unknown :-1 s=HELLO_CONNECTING pgs=0 cs=0 l=0 rev1=1 crypto rx=0 tx=0 comp rx=0 tx=0).handle_hello peer v2:172.21.15.107:3300/0 says I am v2:172.21.15.107:39466/0 (socket says 172.21.15.107:39466)
2024-04-15T00:12:08.477 INFO:teuthology.orchestra.run.smithi107.stdout:/usr/bin/ceph: stderr
2024-04-15T00:12:07.706+0000 7f51537fe700 1 -- 172.21.15.107:0/3560833051 learned_addr learned my addr 172.21.15.107:0/3560833051 (peer_addr_for_me v2:172.21.15.107:0/0)
2024-04-15T00:12:08.477 INFO:teuthology.orchestra.run.smithi107.stdout:/usr/bin/ceph: stderr
2024-04-15T00:12:07.706+0000 7f51537fe700 1 -- 172.21.15.107:0/3560833051 --> [v2:172.21.15.107:3300/0,v1:172.21.15.107:6789/0] -- mon_subscribe({config=0+,monmap=0+}) v3 -- 0x7f5154108d80 con 0x7f5154074430
2024-04-15T00:12:08.477 INFO:teuthology.orchestra.run.smithi107.stdout:/usr/bin/ceph: stderr
2024-04-15T00:12:07.706+0000 7f51537fe700 1 --2- 172.21.15.107:0/3560833051 >> [v2:172.21.15.107:3300/0,v1:172.21.15.107:6789/0] conn(0x7f5154074430 0x7f5154108700 secure :-1 s=READY pgs=43 cs=0 l=1 rev1=1 crypto rx=0x7f514c009e80 tx=0x7f514c00b330 comp rx=0 tx=0).ready entity=mon.0 client_cookie=a3b10dbceb382315 server_cookie=0 in_seq=0 out_seq=0
2024-04-15T00:12:08.477 INFO:teuthology.orchestra.run.smithi107.stdout:/usr/bin/ceph: stderr
2024-04-15T00:12:07.706+0000 7f51527fc700 1 -- 172.21.15.107:0/3560833051 <== mon.0 v2:172.21.15.107:3300/0 1 ==== mon_map magic: 0 v1 ==== 229+0+0 (secure 0 0 0) 0x7f514c00e070 con 0x7f5154074430
2024-04-15T00:12:08.477 INFO:teuthology.orchestra.run.smithi107.stdout:/usr/bin/ceph: stderr
2024-04-15T00:12:07.706+0000 7f51527fc700 1 -- 172.21.15.107:0/3560833051 <== mon.0 v2:172.21.15.107:3300/0 2 ==== config(27 keys) v1 ==== 1037+0+0 (secure 0 0 0) 0x7f514c003e90 con 0x7f5154074430
2024-04-15T00:12:08.477 INFO:teuthology.orchestra.run.smithi107.stdout:/usr/bin/ceph: stderr
2024-04-15T00:12:07.706+0000 7f51527fc700 1 -- 172.21.15.107:0/3560833051 <== mon.0 v2:172.21.15.107:3300/0 3 ==== mon_map magic: 0 v1 ==== 229+0+0 (secure 0 0 0) 0x7f514c004380 con 0x7f5154074430
2024-04-15T00:12:08.477 INFO:teuthology.orchestra.run.smithi107.stdout:/usr/bin/ceph: stderr
2024-04-15T00:12:07.707+0000 7f5159aa3700 1 -- 172.21.15.107:0/3560833051 >> [v2:172.21.15.107:3300/0,v1:172.21.15.107:6789/0] conn(0x7f5154074430 msgr2=0x7f5154108700 secure :-1 s=STATE_CONNECTION_ESTABLISHED l=1).mark_down
2024-04-15T00:12:08.477 INFO:teuthology.orchestra.run.smithi107.stdout:/usr/bin/ceph: stderr
2024-04-15T00:12:07.707+0000 7f5159aa3700 1 --2- 172.21.15.107:0/3560833051 >> [v2:172.21.15.107:3300/0,v1:172.21.15.107:6789/0] conn(0x7f5154074430 0x7f5154108700 secure :-1 s=READY pgs=43 cs=0 l=1 rev1=1 crypto rx=0x7f514c009e80 tx=0x7f514c00b330 comp rx=0 tx=0).stop
2024-04-15T00:12:08.478 INFO:teuthology.orchestra.run.smithi107.stdout:/usr/bin/ceph: stderr
2024-04-15T00:12:07.707+0000 7f5159aa3700 1 -- 172.21.15.107:0/3560833051 shutdown_connections
2024-04-15T00:12:08.478 INFO:teuthology.orchestra.run.smithi107.stdout:/usr/bin/ceph: stderr
2024-04-15T00:12:07.707+0000 7f5159aa3700 1 --2- 172.21.15.107:0/3560833051 >> [v2:172.21.15.107:3300/0,v1:172.21.15.107:6789/0] conn(0x7f5154074430 0x7f5154108700 unknown :-1 s=CLOSED pgs=43 cs=0 l=1 rev1=1 crypto rx=0 tx=0 comp rx=0 tx=0).stop
2024-04-15T00:12:08.478 INFO:teuthology.orchestra.run.smithi107.stdout:/usr/bin/ceph: stderr
2024-04-15T00:12:07.707+0000 7f5159aa3700 1 -- 172.21.15.107:0/3560833051 >> 172.21.15.107:0/3560833051 conn(0x7f5154100070 msgr2=0x7f5154102480 unknown :-1 s=STATE_NONE l=0).mark_down
2024-04-15T00:12:08.478 INFO:teuthology.orchestra.run.smithi107.stdout:/usr/bin/ceph: stderr
2024-04-15T00:12:07.707+0000 7f5159aa3700 1 -- 172.21.15.107:0/3560833051 shutdown_connections
2024-04-15T00:12:08.478 INFO:teuthology.orchestra.run.smithi107.stdout:/usr/bin/ceph: stderr
2024-04-15T00:12:07.707+0000 7f5159aa3700 1 -- 172.21.15.107:0/3560833051 wait complete.
2024-04-15T00:12:08.478 INFO:teuthology.orchestra.run.smithi107.stdout:/usr/bin/ceph: stderr
2024-04-15T00:12:07.707+0000 7f5159aa3700 1 Processor -- start
2024-04-15T00:12:08.478 INFO:teuthology.orchestra.run.smithi107.stdout:/usr/bin/ceph: stderr
2024-04-15T00:12:07.708+0000 7f5159aa3700 1 -- start start
2024-04-15T00:12:08.478 INFO:teuthology.orchestra.run.smithi107.stdout:/usr/bin/ceph: stderr
2024-04-15T00:12:07.708+0000 7f5159aa3700 1 --2- >> [v2:172.21.15.107:3300/0,v1:172.21.15.107:6789/0] conn(0x7f5154074430 0x7f5154199800 unknown :-1 s=NONE pgs=0 cs=0 l=1 rev1=0 crypto rx=0 tx=0 comp rx=0 tx=0).connect
2024-04-15T00:12:08.478 INFO:teuthology.orchestra.run.smithi107.stdout:/usr/bin/ceph: stderr
2024-04-15T00:12:07.708+0000 7f5159aa3700 1 -- --> [v2:172.21.15.107:3300/0,v1:172.21.15.107:6789/0] -- mon_getmap magic: 0 v1 -- 0x7f5154199d40 con 0x7f5154074430
2024-04-15T00:12:08.478 INFO:teuthology.orchestra.run.smithi107.stdout:/usr/bin/ceph: stderr
2024-04-15T00:12:07.708+0000 7f51537fe700 1 --2- >> [v2:172.21.15.107:3300/0,v1:172.21.15.107:6789/0] conn(0x7f5154074430 0x7f5154199800 unknown :-1 s=BANNER_CONNECTING pgs=0 cs=0 l=1 rev1=0 crypto rx=0 tx=0 comp rx=0 tx=0)._handle_peer_banner_payload supported=3 required=0
2024-04-15T00:12:08.478 INFO:teuthology.orchestra.run.smithi107.stdout:/usr/bin/ceph: stderr
2024-04-15T00:12:07.708+0000 7f51537fe700 1 --2- >> [v2:172.21.15.107:3300/0,v1:172.21.15.107:6789/0] conn(0x7f5154074430 0x7f5154199800 unknown :-1 s=HELLO_CONNECTING pgs=0 cs=0 l=1 rev1=1 crypto rx=0 tx=0 comp rx=0 tx=0).handle_hello peer v2:172.21.15.107:3300/0 says I am v2:172.21.15.107:39470/0 (socket says 172.21.15.107:39470)
2024-04-15T00:12:08.478 INFO:teuthology.orchestra.run.smithi107.stdout:/usr/bin/ceph: stderr
2024-04-15T00:12:07.708+0000 7f51537fe700 1 -- 172.21.15.107:0/1013439717 learned_addr learned my addr 172.21.15.107:0/1013439717 (peer_addr_for_me v2:172.21.15.107:0/0)
2024-04-15T00:12:08.478 INFO:teuthology.orchestra.run.smithi107.stdout:/usr/bin/ceph: stderr
2024-04-15T00:12:07.708+0000 7f51537fe700 1 -- 172.21.15.107:0/1013439717 --> [v2:172.21.15.107:3300/0,v1:172.21.15.107:6789/0] -- mon_subscribe({config=0+,monmap=0+}) v3 -- 0x7f514c009b30 con 0x7f5154074430
2024-04-15T00:12:08.478 INFO:teuthology.orchestra.run.smithi107.stdout:/usr/bin/ceph: stderr
2024-04-15T00:12:07.708+0000 7f51537fe700 1 --2- 172.21.15.107:0/1013439717 >> [v2:172.21.15.107:3300/0,v1:172.21.15.107:6789/0] conn(0x7f5154074430 0x7f5154199800 secure :-1 s=READY pgs=44 cs=0 l=1 rev1=1 crypto rx=0x7f514c00b7b0 tx=0x7f514c004430 comp rx=0 tx=0).ready entity=mon.0 client_cookie=0 server_cookie=0 in_seq=0 out_seq=0
2024-04-15T00:12:08.479 INFO:teuthology.orchestra.run.smithi107.stdout:/usr/bin/ceph: stderr
2024-04-15T00:12:07.708+0000 7f5150ff9700 1 -- 172.21.15.107:0/1013439717 <== mon.0 v2:172.21.15.107:3300/0 1 ==== mon_map magic: 0 v1 ==== 229+0+0 (secure 0 0 0) 0x7f514c00e040 con 0x7f5154074430
2024-04-15T00:12:08.479 INFO:teuthology.orchestra.run.smithi107.stdout:/usr/bin/ceph: stderr
2024-04-15T00:12:07.709+0000 7f5150ff9700 1 -- 172.21.15.107:0/1013439717 <== mon.0 v2:172.21.15.107:3300/0 2 ==== config(27 keys) v1 ==== 1037+0+0 (secure 0 0 0) 0x7f514c003c70 con 0x7f5154074430
2024-04-15T00:12:08.479 INFO:teuthology.orchestra.run.smithi107.stdout:/usr/bin/ceph: stderr
2024-04-15T00:12:07.709+0000 7f5159aa3700 1 -- 172.21.15.107:0/1013439717 --> [v2:172.21.15.107:3300/0,v1:172.21.15.107:6789/0] -- mon_subscribe({mgrmap=0+}) v3 -- 0x7f5154199f40 con 0x7f5154074430
2024-04-15T00:12:08.479 INFO:teuthology.orchestra.run.smithi107.stdout:/usr/bin/ceph: stderr
2024-04-15T00:12:07.709+0000 7f5150ff9700 1 -- 172.21.15.107:0/1013439717 <== mon.0 v2:172.21.15.107:3300/0 3 ==== mon_map magic: 0 v1 ==== 229+0+0 (secure 0 0 0) 0x7f514c01b730 con 0x7f5154074430
2024-04-15T00:12:08.479 INFO:teuthology.orchestra.run.smithi107.stdout:/usr/bin/ceph: stderr
2024-04-15T00:12:07.709+0000 7f5159aa3700 1 -- 172.21.15.107:0/1013439717 --> [v2:172.21.15.107:3300/0,v1:172.21.15.107:6789/0] -- mon_subscribe({osdmap=0}) v3 -- 0x7f515419a3c0 con 0x7f5154074430
2024-04-15T00:12:08.479 INFO:teuthology.orchestra.run.smithi107.stdout:/usr/bin/ceph: stderr
2024-04-15T00:12:07.709+0000 7f5150ff9700 1 -- 172.21.15.107:0/1013439717 <== mon.0 v2:172.21.15.107:3300/0 4 ==== mgrmap(e 8) v1 ==== 45084+0+0 (secure 0 0 0) 0x7f514c019040 con 0x7f5154074430
2024-04-15T00:12:08.479 INFO:teuthology.orchestra.run.smithi107.stdout:/usr/bin/ceph: stderr
2024-04-15T00:12:07.710+0000 7f5159aa3700 1 -- 172.21.15.107:0/1013439717 --> [v2:172.21.15.107:3300/0,v1:172.21.15.107:6789/0] -- mon_command({"prefix": "get_command_descriptions"} v 0) v1 -- 0x7f51540623f0 con 0x7f5154074430
2024-04-15T00:12:08.479 INFO:teuthology.orchestra.run.smithi107.stdout:/usr/bin/ceph: stderr
2024-04-15T00:12:07.710+0000 7f5150ff9700 1 --2- 172.21.15.107:0/1013439717 >> [v2:172.21.15.107:6800/1716906165,v1:172.21.15.107:6801/1716906165] conn(0x7f5140038400 0x7f514003a8b0 unknown :-1 s=NONE pgs=0 cs=0 l=1 rev1=0 crypto rx=0 tx=0 comp rx=0 tx=0).connect
2024-04-15T00:12:08.479 INFO:teuthology.orchestra.run.smithi107.stdout:/usr/bin/ceph: stderr
2024-04-15T00:12:07.710+0000 7f5150ff9700 1 -- 172.21.15.107:0/1013439717 <== mon.0 v2:172.21.15.107:3300/0 5 ==== osd_map(2..2 src has 1..2) v4 ==== 940+0+0 (secure 0 0 0) 0x7f514c04be70 con 0x7f5154074430
2024-04-15T00:12:08.479 INFO:teuthology.orchestra.run.smithi107.stdout:/usr/bin/ceph: stderr
2024-04-15T00:12:07.710+0000 7f5152ffd700 1 --2- 172.21.15.107:0/1013439717 >> [v2:172.21.15.107:6800/1716906165,v1:172.21.15.107:6801/1716906165] conn(0x7f5140038400 0x7f514003a8b0 unknown :-1 s=BANNER_CONNECTING pgs=0 cs=0 l=1 rev1=0 crypto rx=0 tx=0 comp rx=0 tx=0)._handle_peer_banner_payload supported=3 required=0
2024-04-15T00:12:08.479 INFO:teuthology.orchestra.run.smithi107.stdout:/usr/bin/ceph: stderr
2024-04-15T00:12:07.710+0000 7f5152ffd700 1 --2- 172.21.15.107:0/1013439717 >> [v2:172.21.15.107:6800/1716906165,v1:172.21.15.107:6801/1716906165] conn(0x7f5140038400 0x7f514003a8b0 secure :-1 s=READY pgs=10 cs=0 l=1 rev1=1 crypto rx=0x7f513c006fd0 tx=0x7f513c006e40 comp rx=0 tx=0).ready entity=mgr.14120 client_cookie=0 server_cookie=0 in_seq=0 out_seq=0
2024-04-15T00:12:08.479 INFO:teuthology.orchestra.run.smithi107.stdout:/usr/bin/ceph: stderr
2024-04-15T00:12:07.714+0000 7f5150ff9700 1 -- 172.21.15.107:0/1013439717 <== mon.0 v2:172.21.15.107:3300/0 6 ==== mon_command_ack([{"prefix": "get_command_descriptions"}]=0 v0) v1 ==== 72+0+177933 (secure 0 0 0) 0x7f51540623f0 con 0x7f5154074430
2024-04-15T00:12:08.480 INFO:teuthology.orchestra.run.smithi107.stdout:/usr/bin/ceph: stderr
2024-04-15T00:12:07.905+0000 7f5159aa3700 1 -- 172.21.15.107:0/1013439717 --> [v2:172.21.15.107:6800/1716906165,v1:172.21.15.107:6801/1716906165] -- mgr_command(tid 0: {"prefix": "cephadm get-pub-key", "target": ["mon-mgr", ""]}) v1 -- 0x7f51540623f0 con 0x7f5140038400
2024-04-15T00:12:08.480 INFO:teuthology.orchestra.run.smithi107.stdout:/usr/bin/ceph: stderr
2024-04-15T00:12:07.906+0000 7f5150ff9700 1 -- 172.21.15.107:0/1013439717 <== mgr.14120 v2:172.21.15.107:6800/1716906165 1 ==== mgr_command_reply(tid 0: 0 ) v1 ==== 8+0+595 (secure 0 0 0) 0x7f51540623f0 con 0x7f5140038400
2024-04-15T00:12:08.480 INFO:teuthology.orchestra.run.smithi107.stdout:/usr/bin/ceph: stderr
2024-04-15T00:12:07.908+0000 7f5159aa3700 1 -- 172.21.15.107:0/1013439717 >> [v2:172.21.15.107:6800/1716906165,v1:172.21.15.107:6801/1716906165] conn(0x7f5140038400 msgr2=0x7f514003a8b0 secure :-1 s=STATE_CONNECTION_ESTABLISHED l=1).mark_down
2024-04-15T00:12:08.480 INFO:teuthology.orchestra.run.smithi107.stdout:/usr/bin/ceph: stderr
2024-04-15T00:12:07.908+0000 7f5159aa3700 1 --2- 172.21.15.107:0/1013439717 >> [v2:172.21.15.107:6800/1716906165,v1:172.21.15.107:6801/1716906165] conn(0x7f5140038400 0x7f514003a8b0 secure :-1 s=READY pgs=10 cs=0 l=1 rev1=1 crypto rx=0x7f513c006fd0 tx=0x7f513c006e40 comp rx=0 tx=0).stop
2024-04-15T00:12:08.480 INFO:teuthology.orchestra.run.smithi107.stdout:/usr/bin/ceph: stderr
2024-04-15T00:12:07.908+0000 7f5159aa3700 1 -- 172.21.15.107:0/1013439717 >> [v2:172.21.15.107:3300/0,v1:172.21.15.107:6789/0] conn(0x7f5154074430 msgr2=0x7f5154199800 secure :-1 s=STATE_CONNECTION_ESTABLISHED l=1).mark_down
2024-04-15T00:12:08.480 INFO:teuthology.orchestra.run.smithi107.stdout:/usr/bin/ceph: stderr
2024-04-15T00:12:07.908+0000 7f5159aa3700 1 --2- 172.21.15.107:0/1013439717 >> [v2:172.21.15.107:3300/0,v1:172.21.15.107:6789/0] conn(0x7f5154074430 0x7f5154199800 secure :-1 s=READY pgs=44 cs=0 l=1 rev1=1 crypto rx=0x7f514c00b7b0 tx=0x7f514c004430 comp rx=0 tx=0).stop
2024-04-15T00:12:08.480 INFO:teuthology.orchestra.run.smithi107.stdout:/usr/bin/ceph: stderr
2024-04-15T00:12:07.908+0000 7f5159aa3700 1 -- 172.21.15.107:0/1013439717 shutdown_connections
2024-04-15T00:12:08.480 INFO:teuthology.orchestra.run.smithi107.stdout:/usr/bin/ceph: stderr
2024-04-15T00:12:07.908+0000 7f5159aa3700 1 --2- 172.21.15.107:0/1013439717 >> [v2:172.21.15.107:6800/1716906165,v1:172.21.15.107:6801/1716906165] conn(0x7f5140038400 0x7f514003a8b0 unknown :-1 s=CLOSED pgs=10 cs=0 l=1 rev1=1 crypto rx=0 tx=0 comp rx=0 tx=0).stop
2024-04-15T00:12:08.480 INFO:teuthology.orchestra.run.smithi107.stdout:/usr/bin/ceph: stderr
2024-04-15T00:12:07.908+0000 7f5159aa3700 1 --2- 172.21.15.107:0/1013439717 >> [v2:172.21.15.107:3300/0,v1:172.21.15.107:6789/0] conn(0x7f5154074430 0x7f5154199800 unknown :-1 s=CLOSED pgs=44 cs=0 l=1 rev1=1 crypto rx=0 tx=0 comp rx=0 tx=0).stop
2024-04-15T00:12:08.480 INFO:teuthology.orchestra.run.smithi107.stdout:/usr/bin/ceph: stderr
2024-04-15T00:12:07.908+0000 7f5159aa3700 1 -- 172.21.15.107:0/1013439717 >> 172.21.15.107:0/1013439717 conn(0x7f5154100070 msgr2=0x7f5154100de0 unknown :-1 s=STATE_NONE l=0).mark_down
2024-04-15T00:12:08.480 INFO:teuthology.orchestra.run.smithi107.stdout:/usr/bin/ceph: stderr
2024-04-15T00:12:07.908+0000 7f5159aa3700 1 -- 172.21.15.107:0/1013439717 shutdown_connections
2024-04-15T00:12:08.480 INFO:teuthology.orchestra.run.smithi107.stdout:/usr/bin/ceph: stderr
2024-04-15T00:12:07.908+0000 7f5159aa3700 1 -- 172.21.15.107:0/1013439717 wait complete.
2024-04-15T00:12:08.480 INFO:teuthology.orchestra.run.smithi107.stdout:Wrote public SSH key to /home/ubuntu/cephtest/ceph.pub
2024-04-15T00:12:08.480 INFO:teuthology.orchestra.run.smithi107.stdout:Adding key to root@localhost authorized_keys...
2024-04-15T00:12:08.480 INFO:teuthology.orchestra.run.smithi107.stdout:Adding host smithi107...
2024-04-15T00:12:09.064 INFO:journalctl@ceph.mon.smithi107.smithi107.stdout:Apr 15 00:12:08 smithi107 ceph-mon[29310]: from='client.14138 -' entity='client.admin' cmd=[{"prefix": "cephadm get-pub-key", "target": ["mon-mgr", ""]}]: dispatch
2024-04-15T00:12:10.814 INFO:journalctl@ceph.mon.smithi107.smithi107.stdout:Apr 15 00:12:10 smithi107 ceph-mon[29310]: from='client.14140 -' entity='client.admin' cmd=[{"prefix": "orch host add", "hostname": "smithi107", "addr": "172.21.15.107", "target": ["mon-mgr", ""]}]: dispatch
2024-04-15T00:12:11.612 INFO:journalctl@ceph.mon.smithi107.smithi107.stdout:Apr 15 00:12:11 smithi107 ceph-mon[29310]: Deploying cephadm binary to smithi107
2024-04-15T00:12:12.176 INFO:teuthology.orchestra.run.smithi107.stdout:/usr/bin/ceph: stdout Added host 'smithi107' with addr '172.21.15.107'
2024-04-15T00:12:12.176 INFO:teuthology.orchestra.run.smithi107.stdout:/usr/bin/ceph: stderr
2024-04-15T00:12:08.926+0000 7ff97ad04700 1 Processor -- start
2024-04-15T00:12:12.176 INFO:teuthology.orchestra.run.smithi107.stdout:/usr/bin/ceph: stderr
2024-04-15T00:12:08.926+0000 7ff97ad04700 1 -- start start
2024-04-15T00:12:12.176 INFO:teuthology.orchestra.run.smithi107.stdout:/usr/bin/ceph: stderr
2024-04-15T00:12:08.926+0000 7ff97ad04700 1 --2- >> [v2:172.21.15.107:3300/0,v1:172.21.15.107:6789/0] conn(0x7ff974104a10 0x7ff974104e20 unknown :-1 s=NONE pgs=0 cs=0 l=0 rev1=0 crypto rx=0 tx=0 comp rx=0 tx=0).connect
2024-04-15T00:12:12.176 INFO:teuthology.orchestra.run.smithi107.stdout:/usr/bin/ceph: stderr
2024-04-15T00:12:08.926+0000 7ff97ad04700 1 -- --> [v2:172.21.15.107:3300/0,v1:172.21.15.107:6789/0] -- mon_getmap magic: 0 v1 -- 0x7ff974105360 con 0x7ff974104a10
2024-04-15T00:12:12.176 INFO:teuthology.orchestra.run.smithi107.stdout:/usr/bin/ceph: stderr
2024-04-15T00:12:08.926+0000 7ff978aa0700 1 --2- >> [v2:172.21.15.107:3300/0,v1:172.21.15.107:6789/0] conn(0x7ff974104a10 0x7ff974104e20 unknown :-1 s=BANNER_CONNECTING pgs=0 cs=0 l=0 rev1=0 crypto rx=0 tx=0 comp rx=0 tx=0)._handle_peer_banner_payload supported=3 required=0
2024-04-15T00:12:12.177 INFO:teuthology.orchestra.run.smithi107.stdout:/usr/bin/ceph: stderr
2024-04-15T00:12:08.926+0000 7ff978aa0700 1 --2- >> [v2:172.21.15.107:3300/0,v1:172.21.15.107:6789/0] conn(0x7ff974104a10 0x7ff974104e20 unknown :-1 s=HELLO_CONNECTING pgs=0 cs=0 l=0 rev1=1 crypto rx=0 tx=0 comp rx=0 tx=0).handle_hello peer v2:172.21.15.107:3300/0 says I am v2:172.21.15.107:39482/0 (socket says 172.21.15.107:39482)
2024-04-15T00:12:12.178 INFO:teuthology.orchestra.run.smithi107.stdout:/usr/bin/ceph: stderr
2024-04-15T00:12:08.926+0000 7ff978aa0700 1 -- 172.21.15.107:0/3463660530 learned_addr learned my addr 172.21.15.107:0/3463660530 (peer_addr_for_me v2:172.21.15.107:0/0)
2024-04-15T00:12:12.178 INFO:teuthology.orchestra.run.smithi107.stdout:/usr/bin/ceph: stderr
2024-04-15T00:12:08.926+0000 7ff978aa0700 1 -- 172.21.15.107:0/3463660530 --> [v2:172.21.15.107:3300/0,v1:172.21.15.107:6789/0] -- mon_subscribe({config=0+,monmap=0+}) v3 -- 0x7ff9741054a0 con 0x7ff974104a10
2024-04-15T00:12:12.178 INFO:teuthology.orchestra.run.smithi107.stdout:/usr/bin/ceph: stderr
2024-04-15T00:12:08.927+0000 7ff978aa0700 1 --2- 172.21.15.107:0/3463660530 >> [v2:172.21.15.107:3300/0,v1:172.21.15.107:6789/0] conn(0x7ff974104a10 0x7ff974104e20 secure :-1 s=READY pgs=45 cs=0 l=1 rev1=1 crypto rx=0x7ff9680098a0 tx=0x7ff968009bb0 comp rx=0 tx=0).ready entity=mon.0 client_cookie=71bc958f610d66e4 server_cookie=0 in_seq=0 out_seq=0
2024-04-15T00:12:12.179 INFO:teuthology.orchestra.run.smithi107.stdout:/usr/bin/ceph: stderr
2024-04-15T00:12:08.927+0000 7ff9737fe700 1 -- 172.21.15.107:0/3463660530 <== mon.0 v2:172.21.15.107:3300/0 1 ==== mon_map magic: 0 v1 ==== 229+0+0 (secure 0 0 0) 0x7ff968004180 con 0x7ff974104a10
2024-04-15T00:12:12.179 INFO:teuthology.orchestra.run.smithi107.stdout:/usr/bin/ceph: stderr
2024-04-15T00:12:08.927+0000 7ff9737fe700 1 -- 172.21.15.107:0/3463660530 <== mon.0 v2:172.21.15.107:3300/0 2 ==== config(27 keys) v1 ==== 1037+0+0 (secure 0 0 0) 0x7ff9680042e0 con 0x7ff974104a10
2024-04-15T00:12:12.179 INFO:teuthology.orchestra.run.smithi107.stdout:/usr/bin/ceph: stderr
2024-04-15T00:12:08.927+0000 7ff9737fe700 1 -- 172.21.15.107:0/3463660530 <== mon.0 v2:172.21.15.107:3300/0 3 ==== mon_map magic: 0 v1 ==== 229+0+0 (secure 0 0 0) 0x7ff968011a50 con 0x7ff974104a10
2024-04-15T00:12:12.179 INFO:teuthology.orchestra.run.smithi107.stdout:/usr/bin/ceph: stderr
2024-04-15T00:12:08.927+0000 7ff97ad04700 1 -- 172.21.15.107:0/3463660530 >> [v2:172.21.15.107:3300/0,v1:172.21.15.107:6789/0] conn(0x7ff974104a10 msgr2=0x7ff974104e20 secure :-1 s=STATE_CONNECTION_ESTABLISHED l=1).mark_down
2024-04-15T00:12:12.179 INFO:teuthology.orchestra.run.smithi107.stdout:/usr/bin/ceph: stderr
2024-04-15T00:12:08.927+0000 7ff97ad04700 1 --2- 172.21.15.107:0/3463660530 >> [v2:172.21.15.107:3300/0,v1:172.21.15.107:6789/0] conn(0x7ff974104a10 0x7ff974104e20 secure :-1 s=READY pgs=45 cs=0 l=1 rev1=1 crypto rx=0x7ff9680098a0 tx=0x7ff968009bb0 comp rx=0 tx=0).stop
2024-04-15T00:12:12.179 INFO:teuthology.orchestra.run.smithi107.stdout:/usr/bin/ceph: stderr
2024-04-15T00:12:08.927+0000 7ff97ad04700 1 -- 172.21.15.107:0/3463660530 shutdown_connections
2024-04-15T00:12:12.179 INFO:teuthology.orchestra.run.smithi107.stdout:/usr/bin/ceph: stderr
2024-04-15T00:12:08.927+0000 7ff97ad04700 1 --2- 172.21.15.107:0/3463660530 >> [v2:172.21.15.107:3300/0,v1:172.21.15.107:6789/0] conn(0x7ff974104a10 0x7ff974104e20 unknown :-1 s=CLOSED pgs=45 cs=0 l=1 rev1=1 crypto rx=0 tx=0 comp rx=0 tx=0).stop
2024-04-15T00:12:12.179 INFO:teuthology.orchestra.run.smithi107.stdout:/usr/bin/ceph: stderr
2024-04-15T00:12:08.927+0000 7ff97ad04700 1 -- 172.21.15.107:0/3463660530 >> 172.21.15.107:0/3463660530 conn(0x7ff974100060 msgr2=0x7ff974102490 unknown :-1 s=STATE_NONE l=0).mark_down
2024-04-15T00:12:12.179 INFO:teuthology.orchestra.run.smithi107.stdout:/usr/bin/ceph: stderr
2024-04-15T00:12:08.927+0000 7ff97ad04700 1 -- 172.21.15.107:0/3463660530 shutdown_connections
2024-04-15T00:12:12.179 INFO:teuthology.orchestra.run.smithi107.stdout:/usr/bin/ceph: stderr
2024-04-15T00:12:08.927+0000 7ff97ad04700 1 -- 172.21.15.107:0/3463660530 wait complete.
2024-04-15T00:12:12.179 INFO:teuthology.orchestra.run.smithi107.stdout:/usr/bin/ceph: stderr
2024-04-15T00:12:08.928+0000 7ff97ad04700 1 Processor -- start
2024-04-15T00:12:12.179 INFO:teuthology.orchestra.run.smithi107.stdout:/usr/bin/ceph: stderr
2024-04-15T00:12:08.928+0000 7ff97ad04700 1 -- start start
2024-04-15T00:12:12.179 INFO:teuthology.orchestra.run.smithi107.stdout:/usr/bin/ceph: stderr
2024-04-15T00:12:08.928+0000 7ff97ad04700 1 --2- >> [v2:172.21.15.107:3300/0,v1:172.21.15.107:6789/0] conn(0x7ff974104a10 0x7ff97418fbb0 unknown :-1 s=NONE pgs=0 cs=0 l=1 rev1=0 crypto rx=0 tx=0 comp rx=0 tx=0).connect
2024-04-15T00:12:12.180 INFO:teuthology.orchestra.run.smithi107.stdout:/usr/bin/ceph: stderr
2024-04-15T00:12:08.928+0000 7ff97ad04700 1 -- --> [v2:172.21.15.107:3300/0,v1:172.21.15.107:6789/0] -- mon_getmap magic: 0 v1 -- 0x7ff9741900f0 con 0x7ff974104a10
2024-04-15T00:12:12.180 INFO:teuthology.orchestra.run.smithi107.stdout:/usr/bin/ceph: stderr
2024-04-15T00:12:08.928+0000 7ff978aa0700 1 --2- >> [v2:172.21.15.107:3300/0,v1:172.21.15.107:6789/0] conn(0x7ff974104a10 0x7ff97418fbb0 unknown :-1 s=BANNER_CONNECTING pgs=0 cs=0 l=1 rev1=0 crypto rx=0 tx=0 comp rx=0 tx=0)._handle_peer_banner_payload supported=3 required=0
2024-04-15T00:12:12.180 INFO:teuthology.orchestra.run.smithi107.stdout:/usr/bin/ceph: stderr
2024-04-15T00:12:08.928+0000 7ff978aa0700 1 --2- >> [v2:172.21.15.107:3300/0,v1:172.21.15.107:6789/0] conn(0x7ff974104a10 0x7ff97418fbb0 unknown :-1 s=HELLO_CONNECTING pgs=0 cs=0 l=1 rev1=1 crypto rx=0 tx=0 comp rx=0 tx=0).handle_hello peer v2:172.21.15.107:3300/0 says I am v2:172.21.15.107:39486/0 (socket says 172.21.15.107:39486)
2024-04-15T00:12:12.180 INFO:teuthology.orchestra.run.smithi107.stdout:/usr/bin/ceph: stderr
2024-04-15T00:12:08.928+0000 7ff978aa0700 1 -- 172.21.15.107:0/1091916028 learned_addr learned my addr 172.21.15.107:0/1091916028 (peer_addr_for_me v2:172.21.15.107:0/0)
2024-04-15T00:12:12.180 INFO:teuthology.orchestra.run.smithi107.stdout:/usr/bin/ceph: stderr
2024-04-15T00:12:08.928+0000 7ff978aa0700 1 -- 172.21.15.107:0/1091916028 --> [v2:172.21.15.107:3300/0,v1:172.21.15.107:6789/0] -- mon_subscribe({config=0+,monmap=0+}) v3 -- 0x7ff968009550 con 0x7ff974104a10
2024-04-15T00:12:12.180 INFO:teuthology.orchestra.run.smithi107.stdout:/usr/bin/ceph: stderr
2024-04-15T00:12:08.929+0000 7ff978aa0700 1 --2- 172.21.15.107:0/1091916028 >> [v2:172.21.15.107:3300/0,v1:172.21.15.107:6789/0] conn(0x7ff974104a10 0x7ff97418fbb0 secure :-1 s=READY pgs=46 cs=0 l=1 rev1=1 crypto rx=0x7ff968000c00 tx=0x7ff968011ab0 comp rx=0 tx=0).ready entity=mon.0 client_cookie=0 server_cookie=0 in_seq=0 out_seq=0
2024-04-15T00:12:12.180 INFO:teuthology.orchestra.run.smithi107.stdout:/usr/bin/ceph: stderr
2024-04-15T00:12:08.929+0000 7ff971ffb700 1 -- 172.21.15.107:0/1091916028 <== mon.0 v2:172.21.15.107:3300/0 1 ==== mon_map magic: 0 v1 ==== 229+0+0 (secure 0 0 0) 0x7ff968003b90 con 0x7ff974104a10
2024-04-15T00:12:12.180 INFO:teuthology.orchestra.run.smithi107.stdout:/usr/bin/ceph: stderr
2024-04-15T00:12:08.929+0000 7ff971ffb700 1 -- 172.21.15.107:0/1091916028 <== mon.0 v2:172.21.15.107:3300/0 2 ==== config(27 keys) v1 ==== 1037+0+0 (secure 0 0 0) 0x7ff9680248b0 con 0x7ff974104a10
2024-04-15T00:12:12.180 INFO:teuthology.orchestra.run.smithi107.stdout:/usr/bin/ceph: stderr
2024-04-15T00:12:08.929+0000 7ff97ad04700 1 -- 172.21.15.107:0/1091916028 --> [v2:172.21.15.107:3300/0,v1:172.21.15.107:6789/0] -- mon_subscribe({mgrmap=0+}) v3 -- 0x7ff97418e200 con 0x7ff974104a10
2024-04-15T00:12:12.180 INFO:teuthology.orchestra.run.smithi107.stdout:/usr/bin/ceph: stderr
2024-04-15T00:12:08.929+0000 7ff971ffb700 1 -- 172.21.15.107:0/1091916028 <== mon.0 v2:172.21.15.107:3300/0 3 ==== mon_map magic: 0 v1 ==== 229+0+0 (secure 0 0 0) 0x7ff96801a8e0 con 0x7ff974104a10
2024-04-15T00:12:12.180 INFO:teuthology.orchestra.run.smithi107.stdout:/usr/bin/ceph: stderr
2024-04-15T00:12:08.929+0000 7ff97ad04700 1 -- 172.21.15.107:0/1091916028 --> [v2:172.21.15.107:3300/0,v1:172.21.15.107:6789/0] -- mon_subscribe({osdmap=0}) v3 -- 0x7ff97418e620 con 0x7ff974104a10
2024-04-15T00:12:12.180 INFO:teuthology.orchestra.run.smithi107.stdout:/usr/bin/ceph: stderr
2024-04-15T00:12:08.930+0000 7ff971ffb700 1 -- 172.21.15.107:0/1091916028 <== mon.0 v2:172.21.15.107:3300/0 4 ==== mgrmap(e 8) v1 ==== 45084+0+0 (secure 0 0 0) 0x7ff96801aba0 con 0x7ff974104a10
2024-04-15T00:12:12.180 INFO:teuthology.orchestra.run.smithi107.stdout:/usr/bin/ceph: stderr
2024-04-15T00:12:08.930+0000 7ff971ffb700 1 --2- 172.21.15.107:0/1091916028 >> [v2:172.21.15.107:6800/1716906165,v1:172.21.15.107:6801/1716906165] conn(0x7ff9640383f0 0x7ff96403a8a0 unknown :-1 s=NONE pgs=0 cs=0 l=1 rev1=0 crypto rx=0 tx=0 comp rx=0 tx=0).connect
2024-04-15T00:12:12.180 INFO:teuthology.orchestra.run.smithi107.stdout:/usr/bin/ceph: stderr
2024-04-15T00:12:08.930+0000 7ff97ad04700 1 -- 172.21.15.107:0/1091916028 --> [v2:172.21.15.107:3300/0,v1:172.21.15.107:6789/0] -- mon_command({"prefix": "get_command_descriptions"} v 0) v1 -- 0x7ff974062380 con 0x7ff974104a10
2024-04-15T00:12:12.180 INFO:teuthology.orchestra.run.smithi107.stdout:/usr/bin/ceph: stderr
2024-04-15T00:12:08.930+0000 7ff971ffb700 1 -- 172.21.15.107:0/1091916028 <== mon.0 v2:172.21.15.107:3300/0 5 ==== osd_map(2..2 src has 1..2) v4 ==== 940+0+0 (secure 0 0 0) 0x7ff96804c630 con 0x7ff974104a10
2024-04-15T00:12:12.180 INFO:teuthology.orchestra.run.smithi107.stdout:/usr/bin/ceph: stderr
2024-04-15T00:12:08.930+0000 7ff973fff700 1 --2- 172.21.15.107:0/1091916028 >> [v2:172.21.15.107:6800/1716906165,v1:172.21.15.107:6801/1716906165] conn(0x7ff9640383f0 0x7ff96403a8a0 unknown :-1 s=BANNER_CONNECTING pgs=0 cs=0 l=1 rev1=0 crypto rx=0 tx=0 comp rx=0 tx=0)._handle_peer_banner_payload supported=3 required=0
2024-04-15T00:12:12.181 INFO:teuthology.orchestra.run.smithi107.stdout:/usr/bin/ceph: stderr
2024-04-15T00:12:08.930+0000 7ff973fff700 1 --2- 172.21.15.107:0/1091916028 >> [v2:172.21.15.107:6800/1716906165,v1:172.21.15.107:6801/1716906165] conn(0x7ff9640383f0 0x7ff96403a8a0 secure :-1 s=READY pgs=11 cs=0 l=1 rev1=1 crypto rx=0x7ff960006fd0 tx=0x7ff960006e40 comp rx=0 tx=0).ready entity=mgr.14120 client_cookie=0 server_cookie=0 in_seq=0 out_seq=0
2024-04-15T00:12:12.181 INFO:teuthology.orchestra.run.smithi107.stdout:/usr/bin/ceph: stderr
2024-04-15T00:12:08.935+0000 7ff971ffb700 1 -- 172.21.15.107:0/1091916028 <== mon.0 v2:172.21.15.107:3300/0 6 ==== mon_command_ack([{"prefix": "get_command_descriptions"}]=0 v0) v1 ==== 72+0+177933 (secure 0 0 0) 0x7ff968018d20 con 0x7ff974104a10
2024-04-15T00:12:12.181 INFO:teuthology.orchestra.run.smithi107.stdout:/usr/bin/ceph: stderr
2024-04-15T00:12:09.128+0000 7ff97ad04700 1 -- 172.21.15.107:0/1091916028 --> [v2:172.21.15.107:6800/1716906165,v1:172.21.15.107:6801/1716906165] -- mgr_command(tid 0: {"prefix": "orch host add", "hostname": "smithi107", "addr": "172.21.15.107", "target": ["mon-mgr", ""]}) v1 -- 0x7ff974102220 con 0x7ff9640383f0
2024-04-15T00:12:12.181 INFO:teuthology.orchestra.run.smithi107.stdout:/usr/bin/ceph: stderr
2024-04-15T00:12:11.604+0000 7ff971ffb700 1 -- 172.21.15.107:0/1091916028 <== mgr.14120 v2:172.21.15.107:6800/1716906165 1 ==== mgr_command_reply(tid 0: 0 ) v1 ==== 8+0+49 (secure 0 0 0) 0x7ff974102220 con 0x7ff9640383f0
2024-04-15T00:12:12.181 INFO:teuthology.orchestra.run.smithi107.stdout:/usr/bin/ceph: stderr
2024-04-15T00:12:11.606+0000 7ff97ad04700 1 -- 172.21.15.107:0/1091916028 >> [v2:172.21.15.107:6800/1716906165,v1:172.21.15.107:6801/1716906165] conn(0x7ff9640383f0 msgr2=0x7ff96403a8a0 secure :-1 s=STATE_CONNECTION_ESTABLISHED l=1).mark_down
2024-04-15T00:12:12.181 INFO:teuthology.orchestra.run.smithi107.stdout:/usr/bin/ceph: stderr
2024-04-15T00:12:11.606+0000 7ff97ad04700 1 --2- 172.21.15.107:0/1091916028 >> [v2:172.21.15.107:6800/1716906165,v1:172.21.15.107:6801/1716906165] conn(0x7ff9640383f0 0x7ff96403a8a0 secure :-1 s=READY pgs=11 cs=0 l=1 rev1=1 crypto rx=0x7ff960006fd0 tx=0x7ff960006e40 comp rx=0 tx=0).stop
2024-04-15T00:12:12.181 INFO:teuthology.orchestra.run.smithi107.stdout:/usr/bin/ceph: stderr
2024-04-15T00:12:11.607+0000 7ff97ad04700 1 -- 172.21.15.107:0/1091916028 >> [v2:172.21.15.107:3300/0,v1:172.21.15.107:6789/0] conn(0x7ff974104a10 msgr2=0x7ff97418fbb0 secure :-1 s=STATE_CONNECTION_ESTABLISHED l=1).mark_down
2024-04-15T00:12:12.181 INFO:teuthology.orchestra.run.smithi107.stdout:/usr/bin/ceph: stderr
2024-04-15T00:12:11.607+0000 7ff97ad04700 1 --2- 172.21.15.107:0/1091916028 >> [v2:172.21.15.107:3300/0,v1:172.21.15.107:6789/0] conn(0x7ff974104a10 0x7ff97418fbb0 secure :-1 s=READY pgs=46 cs=0 l=1 rev1=1 crypto rx=0x7ff968000c00 tx=0x7ff968011ab0 comp rx=0 tx=0).stop
2024-04-15T00:12:12.181 INFO:teuthology.orchestra.run.smithi107.stdout:/usr/bin/ceph: stderr
2024-04-15T00:12:11.607+0000 7ff97ad04700 1 -- 172.21.15.107:0/1091916028 shutdown_connections
2024-04-15T00:12:12.181 INFO:teuthology.orchestra.run.smithi107.stdout:/usr/bin/ceph: stderr
2024-04-15T00:12:11.607+0000 7ff97ad04700 1 --2- 172.21.15.107:0/1091916028 >> [v2:172.21.15.107:6800/1716906165,v1:172.21.15.107:6801/1716906165] conn(0x7ff9640383f0 0x7ff96403a8a0 unknown :-1 s=CLOSED pgs=11 cs=0 l=1 rev1=1 crypto rx=0 tx=0 comp rx=0 tx=0).stop
2024-04-15T00:12:12.181 INFO:teuthology.orchestra.run.smithi107.stdout:/usr/bin/ceph: stderr
2024-04-15T00:12:11.607+0000 7ff97ad04700 1 --2- 172.21.15.107:0/1091916028 >> [v2:172.21.15.107:3300/0,v1:172.21.15.107:6789/0] conn(0x7ff974104a10 0x7ff97418fbb0 unknown :-1 s=CLOSED pgs=46 cs=0 l=1 rev1=1 crypto rx=0 tx=0 comp rx=0 tx=0).stop
2024-04-15T00:12:12.181 INFO:teuthology.orchestra.run.smithi107.stdout:/usr/bin/ceph: stderr
2024-04-15T00:12:11.607+0000 7ff97ad04700 1 -- 172.21.15.107:0/1091916028 >> 172.21.15.107:0/1091916028 conn(0x7ff974100060 msgr2=0x7ff9740798d0 unknown :-1 s=STATE_NONE l=0).mark_down
2024-04-15T00:12:12.181 INFO:teuthology.orchestra.run.smithi107.stdout:/usr/bin/ceph: stderr
2024-04-15T00:12:11.607+0000 7ff97ad04700 1 -- 172.21.15.107:0/1091916028 shutdown_connections
2024-04-15T00:12:12.181 INFO:teuthology.orchestra.run.smithi107.stdout:/usr/bin/ceph: stderr
2024-04-15T00:12:11.607+0000 7ff97ad04700 1 -- 172.21.15.107:0/1091916028 wait complete.
2024-04-15T00:12:12.181 INFO:teuthology.orchestra.run.smithi107.stdout:Deploying mon service with default placement...
2024-04-15T00:12:12.806 INFO:journalctl@ceph.mon.smithi107.smithi107.stdout:Apr 15 00:12:12 smithi107 ceph-mon[29310]: from='mgr.14120 172.21.15.107:0/3870407437' entity='mgr.smithi107.ikkjxg'
2024-04-15T00:12:12.806 INFO:journalctl@ceph.mon.smithi107.smithi107.stdout:Apr 15 00:12:12 smithi107 ceph-mon[29310]: Added host smithi107
2024-04-15T00:12:12.807 INFO:journalctl@ceph.mon.smithi107.smithi107.stdout:Apr 15 00:12:12 smithi107 ceph-mon[29310]: from='mgr.14120 172.21.15.107:0/3870407437' entity='mgr.smithi107.ikkjxg' cmd=[{"prefix": "config dump", "format": "json"}]: dispatch
2024-04-15T00:12:13.442 INFO:teuthology.orchestra.run.smithi107.stdout:/usr/bin/ceph: stdout Scheduled mon update...
2024-04-15T00:12:13.446 INFO:teuthology.orchestra.run.smithi107.stdout:/usr/bin/ceph: stderr
2024-04-15T00:12:12.632+0000 7fcb4e872700 1 Processor -- start
2024-04-15T00:12:13.446 INFO:teuthology.orchestra.run.smithi107.stdout:/usr/bin/ceph: stderr
2024-04-15T00:12:12.632+0000 7fcb4e872700 1 -- start start
2024-04-15T00:12:13.446 INFO:teuthology.orchestra.run.smithi107.stdout:/usr/bin/ceph: stderr
2024-04-15T00:12:12.632+0000 7fcb4e872700 1 --2- >> [v2:172.21.15.107:3300/0,v1:172.21.15.107:6789/0] conn(0x7fcb48106660 0x7fcb48108a40 unknown :-1 s=NONE pgs=0 cs=0 l=0 rev1=0 crypto rx=0 tx=0 comp rx=0 tx=0).connect
2024-04-15T00:12:13.446 INFO:teuthology.orchestra.run.smithi107.stdout:/usr/bin/ceph: stderr
2024-04-15T00:12:12.632+0000 7fcb4e872700 1 -- --> [v2:172.21.15.107:3300/0,v1:172.21.15.107:6789/0] -- mon_getmap magic: 0 v1 -- 0x7fcb48079d30 con 0x7fcb48106660
2024-04-15T00:12:13.446 INFO:teuthology.orchestra.run.smithi107.stdout:/usr/bin/ceph: stderr
2024-04-15T00:12:12.632+0000 7fcb47fff700 1 --2- >> [v2:172.21.15.107:3300/0,v1:172.21.15.107:6789/0] conn(0x7fcb48106660 0x7fcb48108a40 unknown :-1 s=BANNER_CONNECTING pgs=0 cs=0 l=0 rev1=0 crypto rx=0 tx=0 comp rx=0 tx=0)._handle_peer_banner_payload supported=3 required=0
2024-04-15T00:12:13.446 INFO:teuthology.orchestra.run.smithi107.stdout:/usr/bin/ceph: stderr
2024-04-15T00:12:12.632+0000 7fcb47fff700 1 --2- >> [v2:172.21.15.107:3300/0,v1:172.21.15.107:6789/0] conn(0x7fcb48106660 0x7fcb48108a40 unknown :-1 s=HELLO_CONNECTING pgs=0 cs=0 l=0 rev1=1 crypto rx=0 tx=0 comp rx=0 tx=0).handle_hello peer v2:172.21.15.107:3300/0 says I am v2:172.21.15.107:39526/0 (socket says 172.21.15.107:39526)
2024-04-15T00:12:13.446 INFO:teuthology.orchestra.run.smithi107.stdout:/usr/bin/ceph: stderr
2024-04-15T00:12:12.632+0000 7fcb47fff700 1 -- 172.21.15.107:0/3624004128 learned_addr learned my addr 172.21.15.107:0/3624004128 (peer_addr_for_me v2:172.21.15.107:0/0)
2024-04-15T00:12:13.446 INFO:teuthology.orchestra.run.smithi107.stdout:/usr/bin/ceph: stderr
2024-04-15T00:12:12.632+0000 7fcb47fff700 1 -- 172.21.15.107:0/3624004128 --> [v2:172.21.15.107:3300/0,v1:172.21.15.107:6789/0] -- mon_subscribe({config=0+,monmap=0+}) v3 -- 0x7fcb48079e70 con 0x7fcb48106660
2024-04-15T00:12:13.446 INFO:teuthology.orchestra.run.smithi107.stdout:/usr/bin/ceph: stderr
2024-04-15T00:12:12.633+0000 7fcb47fff700 1 --2- 172.21.15.107:0/3624004128 >> [v2:172.21.15.107:3300/0,v1:172.21.15.107:6789/0] conn(0x7fcb48106660 0x7fcb48108a40 secure :-1 s=READY pgs=47 cs=0 l=1 rev1=1 crypto rx=0x7fcb380098a0 tx=0x7fcb38009bb0 comp rx=0 tx=0).ready entity=mon.0 client_cookie=4923b5f9ea72d9e3 server_cookie=0 in_seq=0 out_seq=0
2024-04-15T00:12:13.446 INFO:teuthology.orchestra.run.smithi107.stdout:/usr/bin/ceph: stderr
2024-04-15T00:12:12.633+0000 7fcb46ffd700 1 -- 172.21.15.107:0/3624004128 <== mon.0 v2:172.21.15.107:3300/0 1 ==== mon_map magic: 0 v1 ==== 229+0+0 (secure 0 0 0) 0x7fcb38004180 con 0x7fcb48106660
2024-04-15T00:12:13.447 INFO:teuthology.orchestra.run.smithi107.stdout:/usr/bin/ceph: stderr
2024-04-15T00:12:12.633+0000 7fcb46ffd700 1 -- 172.21.15.107:0/3624004128 <== mon.0 v2:172.21.15.107:3300/0 2 ==== config(27 keys) v1 ==== 1037+0+0 (secure 0 0 0) 0x7fcb380042e0 con 0x7fcb48106660
2024-04-15T00:12:13.447 INFO:teuthology.orchestra.run.smithi107.stdout:/usr/bin/ceph: stderr
2024-04-15T00:12:12.633+0000 7fcb46ffd700 1 -- 172.21.15.107:0/3624004128 <== mon.0 v2:172.21.15.107:3300/0 3 ==== mon_map magic: 0 v1 ==== 229+0+0 (secure 0 0 0) 0x7fcb38011a50 con 0x7fcb48106660
2024-04-15T00:12:13.447 INFO:teuthology.orchestra.run.smithi107.stdout:/usr/bin/ceph: stderr
2024-04-15T00:12:12.633+0000 7fcb4e872700 1 -- 172.21.15.107:0/3624004128 >> [v2:172.21.15.107:3300/0,v1:172.21.15.107:6789/0] conn(0x7fcb48106660 msgr2=0x7fcb48108a40 secure :-1 s=STATE_CONNECTION_ESTABLISHED l=1).mark_down
2024-04-15T00:12:13.447 INFO:teuthology.orchestra.run.smithi107.stdout:/usr/bin/ceph: stderr
2024-04-15T00:12:12.633+0000 7fcb4e872700 1 --2- 172.21.15.107:0/3624004128 >> [v2:172.21.15.107:3300/0,v1:172.21.15.107:6789/0] conn(0x7fcb48106660 0x7fcb48108a40 secure :-1 s=READY pgs=47 cs=0 l=1 rev1=1 crypto rx=0x7fcb380098a0 tx=0x7fcb38009bb0 comp rx=0 tx=0).stop
2024-04-15T00:12:13.447 INFO:teuthology.orchestra.run.smithi107.stdout:/usr/bin/ceph: stderr
2024-04-15T00:12:12.633+0000 7fcb4e872700 1 -- 172.21.15.107:0/3624004128 shutdown_connections
2024-04-15T00:12:13.447 INFO:teuthology.orchestra.run.smithi107.stdout:/usr/bin/ceph: stderr
2024-04-15T00:12:12.633+0000 7fcb4e872700 1 --2- 172.21.15.107:0/3624004128 >> [v2:172.21.15.107:3300/0,v1:172.21.15.107:6789/0] conn(0x7fcb48106660 0x7fcb48108a40 unknown :-1 s=CLOSED pgs=47 cs=0 l=1 rev1=1 crypto rx=0 tx=0 comp rx=0 tx=0).stop
2024-04-15T00:12:13.447 INFO:teuthology.orchestra.run.smithi107.stdout:/usr/bin/ceph: stderr
2024-04-15T00:12:12.633+0000 7fcb4e872700 1 -- 172.21.15.107:0/3624004128 >> 172.21.15.107:0/3624004128 conn(0x7fcb48100060 msgr2=0x7fcb48102490 unknown :-1 s=STATE_NONE l=0).mark_down
2024-04-15T00:12:13.447 INFO:teuthology.orchestra.run.smithi107.stdout:/usr/bin/ceph: stderr
2024-04-15T00:12:12.633+0000 7fcb4e872700 1 -- 172.21.15.107:0/3624004128 shutdown_connections
2024-04-15T00:12:13.447 INFO:teuthology.orchestra.run.smithi107.stdout:/usr/bin/ceph: stderr
2024-04-15T00:12:12.634+0000 7fcb4e872700 1 -- 172.21.15.107:0/3624004128 wait complete.
2024-04-15T00:12:13.447 INFO:teuthology.orchestra.run.smithi107.stdout:/usr/bin/ceph: stderr
2024-04-15T00:12:12.634+0000 7fcb4e872700 1 Processor -- start
2024-04-15T00:12:13.447 INFO:teuthology.orchestra.run.smithi107.stdout:/usr/bin/ceph: stderr
2024-04-15T00:12:12.634+0000 7fcb4e872700 1 -- start start
2024-04-15T00:12:13.447 INFO:teuthology.orchestra.run.smithi107.stdout:/usr/bin/ceph: stderr
2024-04-15T00:12:12.634+0000 7fcb4e872700 1 --2- >> [v2:172.21.15.107:3300/0,v1:172.21.15.107:6789/0] conn(0x7fcb48106660 0x7fcb48199830 unknown :-1 s=NONE pgs=0 cs=0 l=1 rev1=0 crypto rx=0 tx=0 comp rx=0 tx=0).connect
2024-04-15T00:12:13.447 INFO:teuthology.orchestra.run.smithi107.stdout:/usr/bin/ceph: stderr
2024-04-15T00:12:12.634+0000 7fcb4e872700 1 -- --> [v2:172.21.15.107:3300/0,v1:172.21.15.107:6789/0] -- mon_getmap magic: 0 v1 -- 0x7fcb48199d70 con 0x7fcb48106660
2024-04-15T00:12:13.447 INFO:teuthology.orchestra.run.smithi107.stdout:/usr/bin/ceph: stderr
2024-04-15T00:12:12.635+0000 7fcb47fff700 1 --2- >> [v2:172.21.15.107:3300/0,v1:172.21.15.107:6789/0] conn(0x7fcb48106660 0x7fcb48199830 unknown :-1 s=BANNER_CONNECTING pgs=0 cs=0 l=1 rev1=0 crypto rx=0 tx=0 comp rx=0 tx=0)._handle_peer_banner_payload supported=3 required=0
2024-04-15T00:12:13.447 INFO:teuthology.orchestra.run.smithi107.stdout:/usr/bin/ceph: stderr
2024-04-15T00:12:12.635+0000 7fcb47fff700 1 --2- >> [v2:172.21.15.107:3300/0,v1:172.21.15.107:6789/0] conn(0x7fcb48106660 0x7fcb48199830 unknown :-1 s=HELLO_CONNECTING pgs=0 cs=0 l=1 rev1=1 crypto rx=0 tx=0 comp rx=0 tx=0).handle_hello peer v2:172.21.15.107:3300/0 says I am v2:172.21.15.107:39532/0 (socket says 172.21.15.107:39532)
2024-04-15T00:12:13.448 INFO:teuthology.orchestra.run.smithi107.stdout:/usr/bin/ceph: stderr
2024-04-15T00:12:12.635+0000 7fcb47fff700 1 -- 172.21.15.107:0/4113476227 learned_addr learned my addr 172.21.15.107:0/4113476227 (peer_addr_for_me v2:172.21.15.107:0/0)
2024-04-15T00:12:13.448 INFO:teuthology.orchestra.run.smithi107.stdout:/usr/bin/ceph: stderr
2024-04-15T00:12:12.635+0000 7fcb47fff700 1 -- 172.21.15.107:0/4113476227 --> [v2:172.21.15.107:3300/0,v1:172.21.15.107:6789/0] -- mon_subscribe({config=0+,monmap=0+}) v3 -- 0x7fcb38009550 con 0x7fcb48106660
2024-04-15T00:12:13.448 INFO:teuthology.orchestra.run.smithi107.stdout:/usr/bin/ceph: stderr
2024-04-15T00:12:12.635+0000 7fcb47fff700 1 --2- 172.21.15.107:0/4113476227 >> [v2:172.21.15.107:3300/0,v1:172.21.15.107:6789/0] conn(0x7fcb48106660 0x7fcb48199830 secure :-1 s=READY pgs=48 cs=0 l=1 rev1=1 crypto rx=0x7fcb38000c00 tx=0x7fcb38011ab0 comp rx=0 tx=0).ready entity=mon.0 client_cookie=0 server_cookie=0 in_seq=0 out_seq=0
2024-04-15T00:12:13.448 INFO:teuthology.orchestra.run.smithi107.stdout:/usr/bin/ceph: stderr
2024-04-15T00:12:12.635+0000 7fcb457fa700 1 -- 172.21.15.107:0/4113476227 <== mon.0 v2:172.21.15.107:3300/0 1 ==== mon_map magic: 0 v1 ==== 229+0+0 (secure 0 0 0) 0x7fcb38003b90 con 0x7fcb48106660
2024-04-15T00:12:13.448 INFO:teuthology.orchestra.run.smithi107.stdout:/usr/bin/ceph: stderr
2024-04-15T00:12:12.635+0000 7fcb457fa700 1 -- 172.21.15.107:0/4113476227 <== mon.0 v2:172.21.15.107:3300/0 2 ==== config(27 keys) v1 ==== 1037+0+0 (secure 0 0 0) 0x7fcb380248b0 con 0x7fcb48106660
2024-04-15T00:12:13.448 INFO:teuthology.orchestra.run.smithi107.stdout:/usr/bin/ceph: stderr
2024-04-15T00:12:12.635+0000 7fcb4e872700 1 -- 172.21.15.107:0/4113476227 --> [v2:172.21.15.107:3300/0,v1:172.21.15.107:6789/0] -- mon_subscribe({mgrmap=0+}) v3 -- 0x7fcb48199fd0 con 0x7fcb48106660
2024-04-15T00:12:13.448 INFO:teuthology.orchestra.run.smithi107.stdout:/usr/bin/ceph: stderr
2024-04-15T00:12:12.635+0000 7fcb457fa700 1 -- 172.21.15.107:0/4113476227 <== mon.0 v2:172.21.15.107:3300/0 3 ==== mon_map magic: 0 v1 ==== 229+0+0 (secure 0 0 0) 0x7fcb3801a8e0 con 0x7fcb48106660
2024-04-15T00:12:13.448 INFO:teuthology.orchestra.run.smithi107.stdout:/usr/bin/ceph: stderr
2024-04-15T00:12:12.635+0000 7fcb4e872700 1 -- 172.21.15.107:0/4113476227 --> [v2:172.21.15.107:3300/0,v1:172.21.15.107:6789/0] -- mon_subscribe({osdmap=0}) v3 -- 0x7fcb4819a450 con 0x7fcb48106660
2024-04-15T00:12:13.448 INFO:teuthology.orchestra.run.smithi107.stdout:/usr/bin/ceph: stderr
2024-04-15T00:12:12.636+0000 7fcb457fa700 1 -- 172.21.15.107:0/4113476227 <== mon.0 v2:172.21.15.107:3300/0 4 ==== mgrmap(e 8) v1 ==== 45084+0+0 (secure 0 0 0) 0x7fcb3801aba0 con 0x7fcb48106660
2024-04-15T00:12:13.448 INFO:teuthology.orchestra.run.smithi107.stdout:/usr/bin/ceph: stderr
2024-04-15T00:12:12.636+0000 7fcb457fa700 1 --2- 172.21.15.107:0/4113476227 >> [v2:172.21.15.107:6800/1716906165,v1:172.21.15.107:6801/1716906165] conn(0x7fcb300383f0 0x7fcb3003a8a0 unknown :-1 s=NONE pgs=0 cs=0 l=1 rev1=0 crypto rx=0 tx=0 comp rx=0 tx=0).connect
