2024-04-15T00:12:30.090+0000 7fb54cc14700 1 --2- 172.21.15.107:0/3009768416 >> [v2:172.21.15.107:3300/0,v1:172.21.15.107:6789/0] conn(0x7fb548106650 0x7fb548199840 secure :-1 s=READY pgs=74 cs=0 l=1 rev1=1 crypto rx=0x7fb53c006ba0 tx=0x7fb53c011b50 comp rx=0 tx=0).ready entity=mon.0 client_cookie=0 server_cookie=0 in_seq=0 out_seq=0
2024-04-15T00:12:36.161 INFO:teuthology.orchestra.run.smithi107.stdout:/usr/bin/ceph: stderr
2024-04-15T00:12:30.090+0000 7fb545ffb700 1 -- 172.21.15.107:0/3009768416 <== mon.0 v2:172.21.15.107:3300/0 1 ==== mon_map magic: 0 v1 ==== 229+0+0 (secure 0 0 0) 0x7fb53c003b00 con 0x7fb548106650
2024-04-15T00:12:36.161 INFO:teuthology.orchestra.run.smithi107.stdout:/usr/bin/ceph: stderr
2024-04-15T00:12:30.090+0000 7fb545ffb700 1 -- 172.21.15.107:0/3009768416 <== mon.0 v2:172.21.15.107:3300/0 2 ==== config(27 keys) v1 ==== 1101+0+0 (secure 0 0 0) 0x7fb53c01a8e0 con 0x7fb548106650
2024-04-15T00:12:36.162 INFO:teuthology.orchestra.run.smithi107.stdout:/usr/bin/ceph: stderr
2024-04-15T00:12:30.090+0000 7fb54ee78700 1 -- 172.21.15.107:0/3009768416 --> [v2:172.21.15.107:3300/0,v1:172.21.15.107:6789/0] -- mon_subscribe({mgrmap=0+}) v3 -- 0x7fb548199fe0 con 0x7fb548106650
2024-04-15T00:12:36.162 INFO:teuthology.orchestra.run.smithi107.stdout:/usr/bin/ceph: stderr
2024-04-15T00:12:30.090+0000 7fb545ffb700 1 -- 172.21.15.107:0/3009768416 <== mon.0 v2:172.21.15.107:3300/0 3 ==== mon_map magic: 0 v1 ==== 229+0+0 (secure 0 0 0) 0x7fb53c019990 con 0x7fb548106650
2024-04-15T00:12:36.162 INFO:teuthology.orchestra.run.smithi107.stdout:/usr/bin/ceph: stderr
2024-04-15T00:12:30.091+0000 7fb54ee78700 1 -- 172.21.15.107:0/3009768416 --> [v2:172.21.15.107:3300/0,v1:172.21.15.107:6789/0] -- mon_subscribe({osdmap=0}) v3 -- 0x7fb54819a460 con 0x7fb548106650
2024-04-15T00:12:36.162 INFO:teuthology.orchestra.run.smithi107.stdout:/usr/bin/ceph: stderr
2024-04-15T00:12:30.091+0000 7fb545ffb700 1 -- 172.21.15.107:0/3009768416 <== mon.0 v2:172.21.15.107:3300/0 4 ==== mgrmap(e 9) v1 ==== 45097+0+0 (secure 0 0 0) 0x7fb53c019c00 con 0x7fb548106650
2024-04-15T00:12:36.162 INFO:teuthology.orchestra.run.smithi107.stdout:/usr/bin/ceph: stderr
2024-04-15T00:12:30.092+0000 7fb545ffb700 1 --2- 172.21.15.107:0/3009768416 >> [v2:172.21.15.107:6800/1716906165,v1:172.21.15.107:6801/1716906165] conn(0x7fb538038440 0x7fb53803a8f0 unknown :-1 s=NONE pgs=0 cs=0 l=1 rev1=0 crypto rx=0 tx=0 comp rx=0 tx=0).connect
2024-04-15T00:12:36.162 INFO:teuthology.orchestra.run.smithi107.stdout:/usr/bin/ceph: stderr
2024-04-15T00:12:30.092+0000 7fb54ee78700 1 -- 172.21.15.107:0/3009768416 --> [v2:172.21.15.107:6800/1716906165,v1:172.21.15.107:6801/1716906165] -- command(tid 0: {"prefix": "get_command_descriptions"}) v1 -- 0x7fb548109b70 con 0x7fb538038440
2024-04-15T00:12:36.162 INFO:teuthology.orchestra.run.smithi107.stdout:/usr/bin/ceph: stderr
2024-04-15T00:12:30.092+0000 7fb545ffb700 1 -- 172.21.15.107:0/3009768416 <== mon.0 v2:172.21.15.107:3300/0 5 ==== osd_map(2..2 src has 1..2) v4 ==== 940+0+0 (secure 0 0 0) 0x7fb53c04c630 con 0x7fb548106650
2024-04-15T00:12:36.162 INFO:teuthology.orchestra.run.smithi107.stdout:/usr/bin/ceph: stderr
2024-04-15T00:12:30.092+0000 7fb547fff700 1 -- 172.21.15.107:0/3009768416 >> [v2:172.21.15.107:6800/1716906165,v1:172.21.15.107:6801/1716906165] conn(0x7fb538038440 msgr2=0x7fb53803a8f0 unknown :-1 s=STATE_CONNECTING_RE l=1).process reconnect failed to v2:172.21.15.107:6800/1716906165
2024-04-15T00:12:36.162 INFO:teuthology.orchestra.run.smithi107.stdout:/usr/bin/ceph: stderr
2024-04-15T00:12:30.092+0000 7fb547fff700 1 --2- 172.21.15.107:0/3009768416 >> [v2:172.21.15.107:6800/1716906165,v1:172.21.15.107:6801/1716906165] conn(0x7fb538038440 0x7fb53803a8f0 unknown :-1 s=START_CONNECT pgs=0 cs=0 l=1 rev1=0 crypto rx=0 tx=0 comp rx=0 tx=0)._fault waiting 0.200000
2024-04-15T00:12:36.162 INFO:teuthology.orchestra.run.smithi107.stdout:/usr/bin/ceph: stderr
2024-04-15T00:12:30.293+0000 7fb547fff700 1 -- 172.21.15.107:0/3009768416 >> [v2:172.21.15.107:6800/1716906165,v1:172.21.15.107:6801/1716906165] conn(0x7fb538038440 msgr2=0x7fb53803a8f0 unknown :-1 s=STATE_CONNECTING_RE l=1).process reconnect failed to v2:172.21.15.107:6800/1716906165
2024-04-15T00:12:36.162 INFO:teuthology.orchestra.run.smithi107.stdout:/usr/bin/ceph: stderr
2024-04-15T00:12:30.293+0000 7fb547fff700 1 --2- 172.21.15.107:0/3009768416 >> [v2:172.21.15.107:6800/1716906165,v1:172.21.15.107:6801/1716906165] conn(0x7fb538038440 0x7fb53803a8f0 unknown :-1 s=START_CONNECT pgs=0 cs=0 l=1 rev1=0 crypto rx=0 tx=0 comp rx=0 tx=0)._fault waiting 0.400000
2024-04-15T00:12:36.162 INFO:teuthology.orchestra.run.smithi107.stdout:/usr/bin/ceph: stderr
2024-04-15T00:12:30.694+0000 7fb547fff700 1 -- 172.21.15.107:0/3009768416 >> [v2:172.21.15.107:6800/1716906165,v1:172.21.15.107:6801/1716906165] conn(0x7fb538038440 msgr2=0x7fb53803a8f0 unknown :-1 s=STATE_CONNECTING_RE l=1).process reconnect failed to v2:172.21.15.107:6800/1716906165
2024-04-15T00:12:36.162 INFO:teuthology.orchestra.run.smithi107.stdout:/usr/bin/ceph: stderr
2024-04-15T00:12:30.694+0000 7fb547fff700 1 --2- 172.21.15.107:0/3009768416 >> [v2:172.21.15.107:6800/1716906165,v1:172.21.15.107:6801/1716906165] conn(0x7fb538038440 0x7fb53803a8f0 unknown :-1 s=START_CONNECT pgs=0 cs=0 l=1 rev1=0 crypto rx=0 tx=0 comp rx=0 tx=0)._fault waiting 0.800000
2024-04-15T00:12:36.163 INFO:teuthology.orchestra.run.smithi107.stdout:/usr/bin/ceph: stderr
2024-04-15T00:12:31.495+0000 7fb547fff700 1 -- 172.21.15.107:0/3009768416 >> [v2:172.21.15.107:6800/1716906165,v1:172.21.15.107:6801/1716906165] conn(0x7fb538038440 msgr2=0x7fb53803a8f0 unknown :-1 s=STATE_CONNECTING_RE l=1).process reconnect failed to v2:172.21.15.107:6800/1716906165
2024-04-15T00:12:36.163 INFO:teuthology.orchestra.run.smithi107.stdout:/usr/bin/ceph: stderr
2024-04-15T00:12:31.495+0000 7fb547fff700 1 --2- 172.21.15.107:0/3009768416 >> [v2:172.21.15.107:6800/1716906165,v1:172.21.15.107:6801/1716906165] conn(0x7fb538038440 0x7fb53803a8f0 unknown :-1 s=START_CONNECT pgs=0 cs=0 l=1 rev1=0 crypto rx=0 tx=0 comp rx=0 tx=0)._fault waiting 1.600000
2024-04-15T00:12:36.163 INFO:teuthology.orchestra.run.smithi107.stdout:/usr/bin/ceph: stderr
2024-04-15T00:12:33.096+0000 7fb547fff700 1 -- 172.21.15.107:0/3009768416 >> [v2:172.21.15.107:6800/1716906165,v1:172.21.15.107:6801/1716906165] conn(0x7fb538038440 msgr2=0x7fb53803a8f0 unknown :-1 s=STATE_CONNECTING_RE l=1).process reconnect failed to v2:172.21.15.107:6800/1716906165
2024-04-15T00:12:36.163 INFO:teuthology.orchestra.run.smithi107.stdout:/usr/bin/ceph: stderr
2024-04-15T00:12:33.096+0000 7fb547fff700 1 --2- 172.21.15.107:0/3009768416 >> [v2:172.21.15.107:6800/1716906165,v1:172.21.15.107:6801/1716906165] conn(0x7fb538038440 0x7fb53803a8f0 unknown :-1 s=START_CONNECT pgs=0 cs=0 l=1 rev1=0 crypto rx=0 tx=0 comp rx=0 tx=0)._fault waiting 3.200000
2024-04-15T00:12:36.163 INFO:teuthology.orchestra.run.smithi107.stdout:/usr/bin/ceph: stderr
2024-04-15T00:12:34.523+0000 7fb545ffb700 1 -- 172.21.15.107:0/3009768416 <== mon.0 v2:172.21.15.107:3300/0 6 ==== mgrmap(e 10) v1 ==== 44864+0+0 (secure 0 0 0) 0x7fb53c02c3a0 con 0x7fb548106650
2024-04-15T00:12:36.163 INFO:teuthology.orchestra.run.smithi107.stdout:/usr/bin/ceph: stderr
2024-04-15T00:12:34.523+0000 7fb545ffb700 1 -- 172.21.15.107:0/3009768416 >> [v2:172.21.15.107:6800/1716906165,v1:172.21.15.107:6801/1716906165] conn(0x7fb538038440 msgr2=0x7fb53803a8f0 unknown :-1 s=STATE_CONNECTING l=1).mark_down
2024-04-15T00:12:36.163 INFO:teuthology.orchestra.run.smithi107.stdout:/usr/bin/ceph: stderr
2024-04-15T00:12:34.523+0000 7fb545ffb700 1 --2- 172.21.15.107:0/3009768416 >> [v2:172.21.15.107:6800/1716906165,v1:172.21.15.107:6801/1716906165] conn(0x7fb538038440 0x7fb53803a8f0 unknown :-1 s=START_CONNECT pgs=0 cs=0 l=1 rev1=0 crypto rx=0 tx=0 comp rx=0 tx=0).stop
2024-04-15T00:12:36.163 INFO:teuthology.orchestra.run.smithi107.stdout:/usr/bin/ceph: stderr
2024-04-15T00:12:35.524+0000 7fb545ffb700 1 -- 172.21.15.107:0/3009768416 <== mon.0 v2:172.21.15.107:3300/0 7 ==== mgrmap(e 11) v1 ==== 44991+0+0 (secure 0 0 0) 0x7fb53c018350 con 0x7fb548106650
2024-04-15T00:12:36.163 INFO:teuthology.orchestra.run.smithi107.stdout:/usr/bin/ceph: stderr
2024-04-15T00:12:35.524+0000 7fb545ffb700 1 --2- 172.21.15.107:0/3009768416 >> [v2:172.21.15.107:6800/1649891227,v1:172.21.15.107:6801/1649891227] conn(0x7fb53803bcf0 0x7fb53803e0d0 unknown :-1 s=NONE pgs=0 cs=0 l=1 rev1=0 crypto rx=0 tx=0 comp rx=0 tx=0).connect
2024-04-15T00:12:36.163 INFO:teuthology.orchestra.run.smithi107.stdout:/usr/bin/ceph: stderr
2024-04-15T00:12:35.524+0000 7fb545ffb700 1 -- 172.21.15.107:0/3009768416 --> [v2:172.21.15.107:6800/1649891227,v1:172.21.15.107:6801/1649891227] -- command(tid 0: {"prefix": "get_command_descriptions"}) v1 -- 0x7fb548109b70 con 0x7fb53803bcf0
2024-04-15T00:12:36.163 INFO:teuthology.orchestra.run.smithi107.stdout:/usr/bin/ceph: stderr
2024-04-15T00:12:35.525+0000 7fb547fff700 1 --2- 172.21.15.107:0/3009768416 >> [v2:172.21.15.107:6800/1649891227,v1:172.21.15.107:6801/1649891227] conn(0x7fb53803bcf0 0x7fb53803e0d0 unknown :-1 s=BANNER_CONNECTING pgs=0 cs=0 l=1 rev1=0 crypto rx=0 tx=0 comp rx=0 tx=0)._handle_peer_banner_payload supported=3 required=0
2024-04-15T00:12:36.163 INFO:teuthology.orchestra.run.smithi107.stdout:/usr/bin/ceph: stderr
2024-04-15T00:12:35.525+0000 7fb547fff700 1 --2- 172.21.15.107:0/3009768416 >> [v2:172.21.15.107:6800/1649891227,v1:172.21.15.107:6801/1649891227] conn(0x7fb53803bcf0 0x7fb53803e0d0 secure :-1 s=READY pgs=1 cs=0 l=1 rev1=1 crypto rx=0x7fb534003a10 tx=0x7fb534009270 comp rx=0 tx=0).ready entity=mgr.14164 client_cookie=0 server_cookie=0 in_seq=0 out_seq=0
2024-04-15T00:12:36.163 INFO:teuthology.orchestra.run.smithi107.stdout:/usr/bin/ceph: stderr
2024-04-15T00:12:35.526+0000 7fb545ffb700 1 -- 172.21.15.107:0/3009768416 <== mgr.14164 v2:172.21.15.107:6800/1649891227 1 ==== command_reply(tid 0: 0 ) v1 ==== 8+0+6910 (secure 0 0 0) 0x7fb548109b70 con 0x7fb53803bcf0
2024-04-15T00:12:36.163 INFO:teuthology.orchestra.run.smithi107.stdout:/usr/bin/ceph: stderr
2024-04-15T00:12:35.532+0000 7fb54ee78700 1 -- 172.21.15.107:0/3009768416 --> [v2:172.21.15.107:6800/1649891227,v1:172.21.15.107:6801/1649891227] -- command(tid 1: {"prefix": "mgr_status"}) v1 -- 0x7fb54819ab80 con 0x7fb53803bcf0
2024-04-15T00:12:36.164 INFO:teuthology.orchestra.run.smithi107.stdout:/usr/bin/ceph: stderr
2024-04-15T00:12:35.532+0000 7fb545ffb700 1 -- 172.21.15.107:0/3009768416 <== mgr.14164 v2:172.21.15.107:6800/1649891227 2 ==== command_reply(tid 1: 0 ) v1 ==== 8+0+52 (secure 0 0 0) 0x7fb54819ab80 con 0x7fb53803bcf0
2024-04-15T00:12:36.164 INFO:teuthology.orchestra.run.smithi107.stdout:/usr/bin/ceph: stderr
2024-04-15T00:12:35.533+0000 7fb54ee78700 1 -- 172.21.15.107:0/3009768416 >> [v2:172.21.15.107:6800/1649891227,v1:172.21.15.107:6801/1649891227] conn(0x7fb53803bcf0 msgr2=0x7fb53803e0d0 secure :-1 s=STATE_CONNECTION_ESTABLISHED l=1).mark_down
2024-04-15T00:12:36.164 INFO:teuthology.orchestra.run.smithi107.stdout:/usr/bin/ceph: stderr
2024-04-15T00:12:35.533+0000 7fb54ee78700 1 --2- 172.21.15.107:0/3009768416 >> [v2:172.21.15.107:6800/1649891227,v1:172.21.15.107:6801/1649891227] conn(0x7fb53803bcf0 0x7fb53803e0d0 secure :-1 s=READY pgs=1 cs=0 l=1 rev1=1 crypto rx=0x7fb534003a10 tx=0x7fb534009270 comp rx=0 tx=0).stop
2024-04-15T00:12:36.164 INFO:teuthology.orchestra.run.smithi107.stdout:/usr/bin/ceph: stderr
2024-04-15T00:12:35.533+0000 7fb54ee78700 1 -- 172.21.15.107:0/3009768416 >> [v2:172.21.15.107:3300/0,v1:172.21.15.107:6789/0] conn(0x7fb548106650 msgr2=0x7fb548199840 secure :-1 s=STATE_CONNECTION_ESTABLISHED l=1).mark_down
2024-04-15T00:12:36.164 INFO:teuthology.orchestra.run.smithi107.stdout:/usr/bin/ceph: stderr
2024-04-15T00:12:35.533+0000 7fb54ee78700 1 --2- 172.21.15.107:0/3009768416 >> [v2:172.21.15.107:3300/0,v1:172.21.15.107:6789/0] conn(0x7fb548106650 0x7fb548199840 secure :-1 s=READY pgs=74 cs=0 l=1 rev1=1 crypto rx=0x7fb53c006ba0 tx=0x7fb53c011b50 comp rx=0 tx=0).stop
2024-04-15T00:12:36.164 INFO:teuthology.orchestra.run.smithi107.stdout:/usr/bin/ceph: stderr
2024-04-15T00:12:35.533+0000 7fb54ee78700 1 -- 172.21.15.107:0/3009768416 shutdown_connections
2024-04-15T00:12:36.164 INFO:teuthology.orchestra.run.smithi107.stdout:/usr/bin/ceph: stderr
2024-04-15T00:12:35.533+0000 7fb54ee78700 1 --2- 172.21.15.107:0/3009768416 >> [v2:172.21.15.107:6800/1649891227,v1:172.21.15.107:6801/1649891227] conn(0x7fb53803bcf0 0x7fb53803e0d0 unknown :-1 s=CLOSED pgs=1 cs=0 l=1 rev1=1 crypto rx=0 tx=0 comp rx=0 tx=0).stop
2024-04-15T00:12:36.164 INFO:teuthology.orchestra.run.smithi107.stdout:/usr/bin/ceph: stderr
2024-04-15T00:12:35.533+0000 7fb54ee78700 1 --2- 172.21.15.107:0/3009768416 >> [v2:172.21.15.107:3300/0,v1:172.21.15.107:6789/0] conn(0x7fb548106650 0x7fb548199840 unknown :-1 s=CLOSED pgs=74 cs=0 l=1 rev1=1 crypto rx=0 tx=0 comp rx=0 tx=0).stop
2024-04-15T00:12:36.164 INFO:teuthology.orchestra.run.smithi107.stdout:/usr/bin/ceph: stderr
2024-04-15T00:12:35.533+0000 7fb54ee78700 1 --2- 172.21.15.107:0/3009768416 >> [v2:172.21.15.107:6800/1716906165,v1:172.21.15.107:6801/1716906165] conn(0x7fb538038440 0x7fb53803a8f0 unknown :-1 s=CLOSED pgs=0 cs=0 l=1 rev1=0 crypto rx=0 tx=0 comp rx=0 tx=0).stop
2024-04-15T00:12:36.164 INFO:teuthology.orchestra.run.smithi107.stdout:/usr/bin/ceph: stderr
2024-04-15T00:12:35.533+0000 7fb54ee78700 1 -- 172.21.15.107:0/3009768416 >> 172.21.15.107:0/3009768416 conn(0x7fb548100070 msgr2=0x7fb548101760 unknown :-1 s=STATE_NONE l=0).mark_down
2024-04-15T00:12:36.164 INFO:teuthology.orchestra.run.smithi107.stdout:/usr/bin/ceph: stderr
2024-04-15T00:12:35.533+0000 7fb54ee78700 1 -- 172.21.15.107:0/3009768416 shutdown_connections
2024-04-15T00:12:36.164 INFO:teuthology.orchestra.run.smithi107.stdout:/usr/bin/ceph: stderr
2024-04-15T00:12:35.533+0000 7fb54ee78700 1 -- 172.21.15.107:0/3009768416 wait complete.
2024-04-15T00:12:36.164 INFO:teuthology.orchestra.run.smithi107.stdout:mgr epoch 9 is available
2024-04-15T00:12:36.164 INFO:teuthology.orchestra.run.smithi107.stdout:Generating a dashboard self-signed certificate...
2024-04-15T00:12:36.814 INFO:journalctl@ceph.mon.smithi107.smithi107.stdout:Apr 15 00:12:36 smithi107 ceph-mon[29310]: [15/Apr/2024:00:12:34] ENGINE Bus STARTING
2024-04-15T00:12:36.814 INFO:journalctl@ceph.mon.smithi107.smithi107.stdout:Apr 15 00:12:36 smithi107 ceph-mon[29310]: [15/Apr/2024:00:12:35] ENGINE Serving on https://172.21.15.107:7150
2024-04-15T00:12:36.814 INFO:journalctl@ceph.mon.smithi107.smithi107.stdout:Apr 15 00:12:36 smithi107 ceph-mon[29310]: [15/Apr/2024:00:12:35] ENGINE Serving on http://172.21.15.107:8765
2024-04-15T00:12:36.814 INFO:journalctl@ceph.mon.smithi107.smithi107.stdout:Apr 15 00:12:36 smithi107 ceph-mon[29310]: [15/Apr/2024:00:12:35] ENGINE Bus STARTED
2024-04-15T00:12:36.815 INFO:journalctl@ceph.mon.smithi107.smithi107.stdout:Apr 15 00:12:36 smithi107 ceph-mon[29310]: from='client.14168 -' entity='client.admin' cmd=[{"prefix": "get_command_descriptions"}]: dispatch
2024-04-15T00:12:36.815 INFO:journalctl@ceph.mon.smithi107.smithi107.stdout:Apr 15 00:12:36 smithi107 ceph-mon[29310]: mgrmap e11: smithi107.ikkjxg(active, since 1.0065s)
2024-04-15T00:12:36.815 INFO:journalctl@ceph.mon.smithi107.smithi107.stdout:Apr 15 00:12:36 smithi107 ceph-mon[29310]: from='client.14168 -' entity='client.admin' cmd=[{"prefix": "mgr_status"}]: dispatch
2024-04-15T00:12:36.815 INFO:journalctl@ceph.mon.smithi107.smithi107.stdout:Apr 15 00:12:36 smithi107 ceph-mon[29310]: from='mgr.14164 172.21.15.107:0/756925098' entity='mgr.smithi107.ikkjxg'
2024-04-15T00:12:37.521 INFO:teuthology.orchestra.run.smithi107.stdout:/usr/bin/ceph: stdout Self-signed certificate created
2024-04-15T00:12:37.521 INFO:teuthology.orchestra.run.smithi107.stdout:/usr/bin/ceph: stderr
2024-04-15T00:12:36.613+0000 7f41baf52700 1 Processor -- start
2024-04-15T00:12:37.521 INFO:teuthology.orchestra.run.smithi107.stdout:/usr/bin/ceph: stderr
2024-04-15T00:12:36.613+0000 7f41baf52700 1 -- start start
2024-04-15T00:12:37.521 INFO:teuthology.orchestra.run.smithi107.stdout:/usr/bin/ceph: stderr
2024-04-15T00:12:36.613+0000 7f41baf52700 1 --2- >> [v2:172.21.15.107:3300/0,v1:172.21.15.107:6789/0] conn(0x7f41b4104190 0x7f41b41045a0 unknown :-1 s=NONE pgs=0 cs=0 l=0 rev1=0 crypto rx=0 tx=0 comp rx=0 tx=0).connect
2024-04-15T00:12:37.521 INFO:teuthology.orchestra.run.smithi107.stdout:/usr/bin/ceph: stderr
2024-04-15T00:12:36.613+0000 7f41baf52700 1 -- --> [v2:172.21.15.107:3300/0,v1:172.21.15.107:6789/0] -- mon_getmap magic: 0 v1 -- 0x7f41b4104ae0 con 0x7f41b4104190
2024-04-15T00:12:37.521 INFO:teuthology.orchestra.run.smithi107.stdout:/usr/bin/ceph: stderr
2024-04-15T00:12:36.613+0000 7f41b8cee700 1 --2- >> [v2:172.21.15.107:3300/0,v1:172.21.15.107:6789/0] conn(0x7f41b4104190 0x7f41b41045a0 unknown :-1 s=BANNER_CONNECTING pgs=0 cs=0 l=0 rev1=0 crypto rx=0 tx=0 comp rx=0 tx=0)._handle_peer_banner_payload supported=3 required=0
2024-04-15T00:12:37.521 INFO:teuthology.orchestra.run.smithi107.stdout:/usr/bin/ceph: stderr
2024-04-15T00:12:36.613+0000 7f41b8cee700 1 --2- >> [v2:172.21.15.107:3300/0,v1:172.21.15.107:6789/0] conn(0x7f41b4104190 0x7f41b41045a0 unknown :-1 s=HELLO_CONNECTING pgs=0 cs=0 l=0 rev1=1 crypto rx=0 tx=0 comp rx=0 tx=0).handle_hello peer v2:172.21.15.107:3300/0 says I am v2:172.21.15.107:51792/0 (socket says 172.21.15.107:51792)
2024-04-15T00:12:37.521 INFO:teuthology.orchestra.run.smithi107.stdout:/usr/bin/ceph: stderr
2024-04-15T00:12:36.613+0000 7f41b8cee700 1 -- 172.21.15.107:0/1435558856 learned_addr learned my addr 172.21.15.107:0/1435558856 (peer_addr_for_me v2:172.21.15.107:0/0)
2024-04-15T00:12:37.521 INFO:teuthology.orchestra.run.smithi107.stdout:/usr/bin/ceph: stderr
2024-04-15T00:12:36.613+0000 7f41b8cee700 1 -- 172.21.15.107:0/1435558856 --> [v2:172.21.15.107:3300/0,v1:172.21.15.107:6789/0] -- mon_subscribe({config=0+,monmap=0+}) v3 -- 0x7f41b4104c20 con 0x7f41b4104190
2024-04-15T00:12:37.521 INFO:teuthology.orchestra.run.smithi107.stdout:/usr/bin/ceph: stderr
2024-04-15T00:12:36.614+0000 7f41b8cee700 1 --2- 172.21.15.107:0/1435558856 >> [v2:172.21.15.107:3300/0,v1:172.21.15.107:6789/0] conn(0x7f41b4104190 0x7f41b41045a0 secure :-1 s=READY pgs=82 cs=0 l=1 rev1=1 crypto rx=0x7f41a800aa40 tx=0x7f41a800ad50 comp rx=0 tx=0).ready entity=mon.0 client_cookie=e58f2107994a2046 server_cookie=0 in_seq=0 out_seq=0
2024-04-15T00:12:37.521 INFO:teuthology.orchestra.run.smithi107.stdout:/usr/bin/ceph: stderr
2024-04-15T00:12:36.614+0000 7f41b37fe700 1 -- 172.21.15.107:0/1435558856 <== mon.0 v2:172.21.15.107:3300/0 1 ==== mon_map magic: 0 v1 ==== 229+0+0 (secure 0 0 0) 0x7f41a8004180 con 0x7f41b4104190
2024-04-15T00:12:37.521 INFO:teuthology.orchestra.run.smithi107.stdout:/usr/bin/ceph: stderr
2024-04-15T00:12:36.614+0000 7f41b37fe700 1 -- 172.21.15.107:0/1435558856 <== mon.0 v2:172.21.15.107:3300/0 2 ==== config(27 keys) v1 ==== 1101+0+0 (secure 0 0 0) 0x7f41a800cda0 con 0x7f41b4104190
2024-04-15T00:12:37.521 INFO:teuthology.orchestra.run.smithi107.stdout:/usr/bin/ceph: stderr
2024-04-15T00:12:36.614+0000 7f41b37fe700 1 -- 172.21.15.107:0/1435558856 <== mon.0 v2:172.21.15.107:3300/0 3 ==== mon_map magic: 0 v1 ==== 229+0+0 (secure 0 0 0) 0x7f41a8003d50 con 0x7f41b4104190
2024-04-15T00:12:37.521 INFO:teuthology.orchestra.run.smithi107.stdout:/usr/bin/ceph: stderr
2024-04-15T00:12:36.614+0000 7f41baf52700 1 -- 172.21.15.107:0/1435558856 >> [v2:172.21.15.107:3300/0,v1:172.21.15.107:6789/0] conn(0x7f41b4104190 msgr2=0x7f41b41045a0 secure :-1 s=STATE_CONNECTION_ESTABLISHED l=1).mark_down
2024-04-15T00:12:37.522 INFO:teuthology.orchestra.run.smithi107.stdout:/usr/bin/ceph: stderr
2024-04-15T00:12:36.614+0000 7f41baf52700 1 --2- 172.21.15.107:0/1435558856 >> [v2:172.21.15.107:3300/0,v1:172.21.15.107:6789/0] conn(0x7f41b4104190 0x7f41b41045a0 secure :-1 s=READY pgs=82 cs=0 l=1 rev1=1 crypto rx=0x7f41a800aa40 tx=0x7f41a800ad50 comp rx=0 tx=0).stop
2024-04-15T00:12:37.522 INFO:teuthology.orchestra.run.smithi107.stdout:/usr/bin/ceph: stderr
2024-04-15T00:12:36.614+0000 7f41baf52700 1 -- 172.21.15.107:0/1435558856 shutdown_connections
2024-04-15T00:12:37.522 INFO:teuthology.orchestra.run.smithi107.stdout:/usr/bin/ceph: stderr
2024-04-15T00:12:36.614+0000 7f41baf52700 1 --2- 172.21.15.107:0/1435558856 >> [v2:172.21.15.107:3300/0,v1:172.21.15.107:6789/0] conn(0x7f41b4104190 0x7f41b41045a0 unknown :-1 s=CLOSED pgs=82 cs=0 l=1 rev1=1 crypto rx=0 tx=0 comp rx=0 tx=0).stop
2024-04-15T00:12:37.522 INFO:teuthology.orchestra.run.smithi107.stdout:/usr/bin/ceph: stderr
2024-04-15T00:12:36.614+0000 7f41baf52700 1 -- 172.21.15.107:0/1435558856 >> 172.21.15.107:0/1435558856 conn(0x7f41b40ff7e0 msgr2=0x7f41b4101c10 unknown :-1 s=STATE_NONE l=0).mark_down
2024-04-15T00:12:37.522 INFO:teuthology.orchestra.run.smithi107.stdout:/usr/bin/ceph: stderr
2024-04-15T00:12:36.614+0000 7f41baf52700 1 -- 172.21.15.107:0/1435558856 shutdown_connections
2024-04-15T00:12:37.522 INFO:teuthology.orchestra.run.smithi107.stdout:/usr/bin/ceph: stderr
2024-04-15T00:12:36.614+0000 7f41baf52700 1 -- 172.21.15.107:0/1435558856 wait complete.
2024-04-15T00:12:37.522 INFO:teuthology.orchestra.run.smithi107.stdout:/usr/bin/ceph: stderr
2024-04-15T00:12:36.615+0000 7f41baf52700 1 Processor -- start
2024-04-15T00:12:37.522 INFO:teuthology.orchestra.run.smithi107.stdout:/usr/bin/ceph: stderr
2024-04-15T00:12:36.615+0000 7f41baf52700 1 -- start start
2024-04-15T00:12:37.522 INFO:teuthology.orchestra.run.smithi107.stdout:/usr/bin/ceph: stderr
2024-04-15T00:12:36.615+0000 7f41baf52700 1 --2- >> [v2:172.21.15.107:3300/0,v1:172.21.15.107:6789/0] conn(0x7f41b4104190 0x7f41b41975f0 unknown :-1 s=NONE pgs=0 cs=0 l=1 rev1=0 crypto rx=0 tx=0 comp rx=0 tx=0).connect
2024-04-15T00:12:37.522 INFO:teuthology.orchestra.run.smithi107.stdout:/usr/bin/ceph: stderr
2024-04-15T00:12:36.615+0000 7f41baf52700 1 -- --> [v2:172.21.15.107:3300/0,v1:172.21.15.107:6789/0] -- mon_getmap magic: 0 v1 -- 0x7f41b4197b30 con 0x7f41b4104190
2024-04-15T00:12:37.522 INFO:teuthology.orchestra.run.smithi107.stdout:/usr/bin/ceph: stderr
2024-04-15T00:12:36.615+0000 7f41b8cee700 1 --2- >> [v2:172.21.15.107:3300/0,v1:172.21.15.107:6789/0] conn(0x7f41b4104190 0x7f41b41975f0 unknown :-1 s=BANNER_CONNECTING pgs=0 cs=0 l=1 rev1=0 crypto rx=0 tx=0 comp rx=0 tx=0)._handle_peer_banner_payload supported=3 required=0
2024-04-15T00:12:37.522 INFO:teuthology.orchestra.run.smithi107.stdout:/usr/bin/ceph: stderr
2024-04-15T00:12:36.615+0000 7f41b8cee700 1 --2- >> [v2:172.21.15.107:3300/0,v1:172.21.15.107:6789/0] conn(0x7f41b4104190 0x7f41b41975f0 unknown :-1 s=HELLO_CONNECTING pgs=0 cs=0 l=1 rev1=1 crypto rx=0 tx=0 comp rx=0 tx=0).handle_hello peer v2:172.21.15.107:3300/0 says I am v2:172.21.15.107:51808/0 (socket says 172.21.15.107:51808)
2024-04-15T00:12:37.522 INFO:teuthology.orchestra.run.smithi107.stdout:/usr/bin/ceph: stderr
2024-04-15T00:12:36.615+0000 7f41b8cee700 1 -- 172.21.15.107:0/2876208180 learned_addr learned my addr 172.21.15.107:0/2876208180 (peer_addr_for_me v2:172.21.15.107:0/0)
2024-04-15T00:12:37.522 INFO:teuthology.orchestra.run.smithi107.stdout:/usr/bin/ceph: stderr
2024-04-15T00:12:36.615+0000 7f41b8cee700 1 -- 172.21.15.107:0/2876208180 --> [v2:172.21.15.107:3300/0,v1:172.21.15.107:6789/0] -- mon_subscribe({config=0+,monmap=0+}) v3 -- 0x7f41a800a6f0 con 0x7f41b4104190
2024-04-15T00:12:37.522 INFO:teuthology.orchestra.run.smithi107.stdout:/usr/bin/ceph: stderr
2024-04-15T00:12:36.616+0000 7f41b8cee700 1 --2- 172.21.15.107:0/2876208180 >> [v2:172.21.15.107:3300/0,v1:172.21.15.107:6789/0] conn(0x7f41b4104190 0x7f41b41975f0 secure :-1 s=READY pgs=83 cs=0 l=1 rev1=1 crypto rx=0x7f41a80040f0 tx=0x7f41a80041d0 comp rx=0 tx=0).ready entity=mon.0 client_cookie=0 server_cookie=0 in_seq=0 out_seq=0
2024-04-15T00:12:37.523 INFO:teuthology.orchestra.run.smithi107.stdout:/usr/bin/ceph: stderr
2024-04-15T00:12:36.616+0000 7f41b1ffb700 1 -- 172.21.15.107:0/2876208180 <== mon.0 v2:172.21.15.107:3300/0 1 ==== mon_map magic: 0 v1 ==== 229+0+0 (secure 0 0 0) 0x7f41a801e070 con 0x7f41b4104190
2024-04-15T00:12:37.523 INFO:teuthology.orchestra.run.smithi107.stdout:/usr/bin/ceph: stderr
2024-04-15T00:12:36.616+0000 7f41b1ffb700 1 -- 172.21.15.107:0/2876208180 <== mon.0 v2:172.21.15.107:3300/0 2 ==== config(27 keys) v1 ==== 1101+0+0 (secure 0 0 0) 0x7f41a80108f0 con 0x7f41b4104190
2024-04-15T00:12:37.523 INFO:teuthology.orchestra.run.smithi107.stdout:/usr/bin/ceph: stderr
2024-04-15T00:12:36.616+0000 7f41baf52700 1 -- 172.21.15.107:0/2876208180 --> [v2:172.21.15.107:3300/0,v1:172.21.15.107:6789/0] -- mon_subscribe({mgrmap=0+}) v3 -- 0x7f41b4197d30 con 0x7f41b4104190
2024-04-15T00:12:37.523 INFO:teuthology.orchestra.run.smithi107.stdout:/usr/bin/ceph: stderr
2024-04-15T00:12:36.616+0000 7f41b1ffb700 1 -- 172.21.15.107:0/2876208180 <== mon.0 v2:172.21.15.107:3300/0 3 ==== mon_map magic: 0 v1 ==== 229+0+0 (secure 0 0 0) 0x7f41a8022860 con 0x7f41b4104190
2024-04-15T00:12:37.523 INFO:teuthology.orchestra.run.smithi107.stdout:/usr/bin/ceph: stderr
2024-04-15T00:12:36.616+0000 7f41baf52700 1 -- 172.21.15.107:0/2876208180 --> [v2:172.21.15.107:3300/0,v1:172.21.15.107:6789/0] -- mon_subscribe({osdmap=0}) v3 -- 0x7f41b4198150 con 0x7f41b4104190
2024-04-15T00:12:37.523 INFO:teuthology.orchestra.run.smithi107.stdout:/usr/bin/ceph: stderr
2024-04-15T00:12:36.617+0000 7f41b1ffb700 1 -- 172.21.15.107:0/2876208180 <== mon.0 v2:172.21.15.107:3300/0 4 ==== mgrmap(e 11) v1 ==== 44991+0+0 (secure 0 0 0) 0x7f41a8010a60 con 0x7f41b4104190
2024-04-15T00:12:37.523 INFO:teuthology.orchestra.run.smithi107.stdout:/usr/bin/ceph: stderr
2024-04-15T00:12:36.617+0000 7f41baf52700 1 -- 172.21.15.107:0/2876208180 --> [v2:172.21.15.107:3300/0,v1:172.21.15.107:6789/0] -- mon_command({"prefix": "get_command_descriptions"} v 0) v1 -- 0x7f41b4190e00 con 0x7f41b4104190
2024-04-15T00:12:37.523 INFO:teuthology.orchestra.run.smithi107.stdout:/usr/bin/ceph: stderr
2024-04-15T00:12:36.617+0000 7f41b1ffb700 1 --2- 172.21.15.107:0/2876208180 >> [v2:172.21.15.107:6800/1649891227,v1:172.21.15.107:6801/1649891227] conn(0x7f41a40382e0 0x7f41a403a790 unknown :-1 s=NONE pgs=0 cs=0 l=1 rev1=0 crypto rx=0 tx=0 comp rx=0 tx=0).connect
2024-04-15T00:12:37.523 INFO:teuthology.orchestra.run.smithi107.stdout:/usr/bin/ceph: stderr
2024-04-15T00:12:36.617+0000 7f41b1ffb700 1 -- 172.21.15.107:0/2876208180 <== mon.0 v2:172.21.15.107:3300/0 5 ==== osd_map(3..3 src has 1..3) v4 ==== 1155+0+0 (secure 0 0 0) 0x7f41a804d040 con 0x7f41b4104190
2024-04-15T00:12:37.523 INFO:teuthology.orchestra.run.smithi107.stdout:/usr/bin/ceph: stderr
2024-04-15T00:12:36.617+0000 7f41b3fff700 1 --2- 172.21.15.107:0/2876208180 >> [v2:172.21.15.107:6800/1649891227,v1:172.21.15.107:6801/1649891227] conn(0x7f41a40382e0 0x7f41a403a790 unknown :-1 s=BANNER_CONNECTING pgs=0 cs=0 l=1 rev1=0 crypto rx=0 tx=0 comp rx=0 tx=0)._handle_peer_banner_payload supported=3 required=0
2024-04-15T00:12:37.523 INFO:teuthology.orchestra.run.smithi107.stdout:/usr/bin/ceph: stderr
2024-04-15T00:12:36.617+0000 7f41b3fff700 1 --2- 172.21.15.107:0/2876208180 >> [v2:172.21.15.107:6800/1649891227,v1:172.21.15.107:6801/1649891227] conn(0x7f41a40382e0 0x7f41a403a790 secure :-1 s=READY pgs=7 cs=0 l=1 rev1=1 crypto rx=0x7f41a0006fd0 tx=0x7f41a0006e40 comp rx=0 tx=0).ready entity=mgr.14164 client_cookie=0 server_cookie=0 in_seq=0 out_seq=0
2024-04-15T00:12:37.523 INFO:teuthology.orchestra.run.smithi107.stdout:/usr/bin/ceph: stderr
2024-04-15T00:12:36.622+0000 7f41b1ffb700 1 -- 172.21.15.107:0/2876208180 <== mon.0 v2:172.21.15.107:3300/0 6 ==== mon_command_ack([{"prefix": "get_command_descriptions"}]=0 v0) v1 ==== 72+0+177933 (secure 0 0 0) 0x7f41a800f550 con 0x7f41b4104190
2024-04-15T00:12:37.523 INFO:teuthology.orchestra.run.smithi107.stdout:/usr/bin/ceph: stderr
2024-04-15T00:12:36.825+0000 7f41b1ffb700 1 -- 172.21.15.107:0/2876208180 <== mon.0 v2:172.21.15.107:3300/0 7 ==== mgrmap(e 12) v1 ==== 45097+0+0 (secure 0 0 0) 0x7f41a802c440 con 0x7f41b4104190
2024-04-15T00:12:37.524 INFO:teuthology.orchestra.run.smithi107.stdout:/usr/bin/ceph: stderr
2024-04-15T00:12:36.841+0000 7f41baf52700 1 -- 172.21.15.107:0/2876208180 --> [v2:172.21.15.107:6800/1649891227,v1:172.21.15.107:6801/1649891227] -- mgr_command(tid 0: {"prefix": "dashboard create-self-signed-cert", "target": ["mon-mgr", ""]}) v1 -- 0x7f41b4061190 con 0x7f41a40382e0
2024-04-15T00:12:37.524 INFO:teuthology.orchestra.run.smithi107.stdout:/usr/bin/ceph: stderr
2024-04-15T00:12:36.924+0000 7f41b1ffb700 1 -- 172.21.15.107:0/2876208180 <== mgr.14164 v2:172.21.15.107:6800/1649891227 1 ==== mgr_command_reply(tid 0: 0 ) v1 ==== 8+0+32 (secure 0 0 0) 0x7f41b4061190 con 0x7f41a40382e0
2024-04-15T00:12:37.524 INFO:teuthology.orchestra.run.smithi107.stdout:/usr/bin/ceph: stderr
2024-04-15T00:12:36.926+0000 7f41baf52700 1 -- 172.21.15.107:0/2876208180 >> [v2:172.21.15.107:6800/1649891227,v1:172.21.15.107:6801/1649891227] conn(0x7f41a40382e0 msgr2=0x7f41a403a790 secure :-1 s=STATE_CONNECTION_ESTABLISHED l=1).mark_down
2024-04-15T00:12:37.524 INFO:teuthology.orchestra.run.smithi107.stdout:/usr/bin/ceph: stderr
2024-04-15T00:12:36.926+0000 7f41baf52700 1 --2- 172.21.15.107:0/2876208180 >> [v2:172.21.15.107:6800/1649891227,v1:172.21.15.107:6801/1649891227] conn(0x7f41a40382e0 0x7f41a403a790 secure :-1 s=READY pgs=7 cs=0 l=1 rev1=1 crypto rx=0x7f41a0006fd0 tx=0x7f41a0006e40 comp rx=0 tx=0).stop
2024-04-15T00:12:37.524 INFO:teuthology.orchestra.run.smithi107.stdout:/usr/bin/ceph: stderr
2024-04-15T00:12:36.926+0000 7f41baf52700 1 -- 172.21.15.107:0/2876208180 >> [v2:172.21.15.107:3300/0,v1:172.21.15.107:6789/0] conn(0x7f41b4104190 msgr2=0x7f41b41975f0 secure :-1 s=STATE_CONNECTION_ESTABLISHED l=1).mark_down
2024-04-15T00:12:37.524 INFO:teuthology.orchestra.run.smithi107.stdout:/usr/bin/ceph: stderr
2024-04-15T00:12:36.926+0000 7f41baf52700 1 --2- 172.21.15.107:0/2876208180 >> [v2:172.21.15.107:3300/0,v1:172.21.15.107:6789/0] conn(0x7f41b4104190 0x7f41b41975f0 secure :-1 s=READY pgs=83 cs=0 l=1 rev1=1 crypto rx=0x7f41a80040f0 tx=0x7f41a80041d0 comp rx=0 tx=0).stop
2024-04-15T00:12:37.524 INFO:teuthology.orchestra.run.smithi107.stdout:/usr/bin/ceph: stderr
2024-04-15T00:12:36.926+0000 7f41baf52700 1 -- 172.21.15.107:0/2876208180 shutdown_connections
2024-04-15T00:12:37.524 INFO:teuthology.orchestra.run.smithi107.stdout:/usr/bin/ceph: stderr
2024-04-15T00:12:36.926+0000 7f41baf52700 1 --2- 172.21.15.107:0/2876208180 >> [v2:172.21.15.107:6800/1649891227,v1:172.21.15.107:6801/1649891227] conn(0x7f41a40382e0 0x7f41a403a790 unknown :-1 s=CLOSED pgs=7 cs=0 l=1 rev1=1 crypto rx=0 tx=0 comp rx=0 tx=0).stop
2024-04-15T00:12:37.524 INFO:teuthology.orchestra.run.smithi107.stdout:/usr/bin/ceph: stderr
2024-04-15T00:12:36.926+0000 7f41baf52700 1 --2- 172.21.15.107:0/2876208180 >> [v2:172.21.15.107:3300/0,v1:172.21.15.107:6789/0] conn(0x7f41b4104190 0x7f41b41975f0 unknown :-1 s=CLOSED pgs=83 cs=0 l=1 rev1=1 crypto rx=0 tx=0 comp rx=0 tx=0).stop
2024-04-15T00:12:37.524 INFO:teuthology.orchestra.run.smithi107.stdout:/usr/bin/ceph: stderr
2024-04-15T00:12:36.926+0000 7f41baf52700 1 -- 172.21.15.107:0/2876208180 >> 172.21.15.107:0/2876208180 conn(0x7f41b40ff7e0 msgr2=0x7f41b418bbf0 unknown :-1 s=STATE_NONE l=0).mark_down
2024-04-15T00:12:37.524 INFO:teuthology.orchestra.run.smithi107.stdout:/usr/bin/ceph: stderr
2024-04-15T00:12:36.926+0000 7f41baf52700 1 -- 172.21.15.107:0/2876208180 shutdown_connections
2024-04-15T00:12:37.524 INFO:teuthology.orchestra.run.smithi107.stdout:/usr/bin/ceph: stderr
2024-04-15T00:12:36.926+0000 7f41baf52700 1 -- 172.21.15.107:0/2876208180 wait complete.
2024-04-15T00:12:37.524 INFO:teuthology.orchestra.run.smithi107.stdout:Creating initial admin user...
2024-04-15T00:12:37.764 INFO:journalctl@ceph.mon.smithi107.smithi107.stdout:Apr 15 00:12:37 smithi107 ceph-mon[29310]: from='mgr.14164 172.21.15.107:0/756925098' entity='mgr.smithi107.ikkjxg'
2024-04-15T00:12:37.764 INFO:journalctl@ceph.mon.smithi107.smithi107.stdout:Apr 15 00:12:37 smithi107 ceph-mon[29310]: mgrmap e12: smithi107.ikkjxg(active, since 2s)
2024-04-15T00:12:37.764 INFO:journalctl@ceph.mon.smithi107.smithi107.stdout:Apr 15 00:12:37 smithi107 ceph-mon[29310]: from='mgr.14164 172.21.15.107:0/756925098' entity='mgr.smithi107.ikkjxg'
2024-04-15T00:12:37.764 INFO:journalctl@ceph.mon.smithi107.smithi107.stdout:Apr 15 00:12:37 smithi107 ceph-mon[29310]: from='mgr.14164 172.21.15.107:0/756925098' entity='mgr.smithi107.ikkjxg'
2024-04-15T00:12:38.947 INFO:journalctl@ceph.mon.smithi107.smithi107.stdout:Apr 15 00:12:38 smithi107 ceph-mon[29310]: from='client.14176 -' entity='client.admin' cmd=[{"prefix": "dashboard create-self-signed-cert", "target": ["mon-mgr", ""]}]: dispatch
2024-04-15T00:12:38.947 INFO:journalctl@ceph.mon.smithi107.smithi107.stdout:Apr 15 00:12:38 smithi107 ceph-mon[29310]: from='mgr.14164 172.21.15.107:0/756925098' entity='mgr.smithi107.ikkjxg'
2024-04-15T00:12:39.492 INFO:teuthology.orchestra.run.smithi107.stdout:/usr/bin/ceph: stdout {"username": "admin", "password": "$2b$12$gewusxDUndchFAuVDi85verVegjpc5b.uE3EfNWXaE8Mk2HRHL9JG", "roles": ["administrator"], "name": null, "email": null, "lastUpdate": 1713139958, "enabled": true, "pwdExpirationDate": null, "pwdUpdateRequired": true}
2024-04-15T00:12:39.492 INFO:teuthology.orchestra.run.smithi107.stdout:/usr/bin/ceph: stderr
2024-04-15T00:12:37.982+0000 7fc100f3e700 1 Processor -- start
2024-04-15T00:12:39.492 INFO:teuthology.orchestra.run.smithi107.stdout:/usr/bin/ceph: stderr
2024-04-15T00:12:37.982+0000 7fc100f3e700 1 -- start start
2024-04-15T00:12:39.492 INFO:teuthology.orchestra.run.smithi107.stdout:/usr/bin/ceph: stderr
2024-04-15T00:12:37.982+0000 7fc100f3e700 1 --2- >> [v2:172.21.15.107:3300/0,v1:172.21.15.107:6789/0] conn(0x7fc0fc07bdf0 0x7fc0fc07a2f0 unknown :-1 s=NONE pgs=0 cs=0 l=0 rev1=0 crypto rx=0 tx=0 comp rx=0 tx=0).connect
2024-04-15T00:12:39.492 INFO:teuthology.orchestra.run.smithi107.stdout:/usr/bin/ceph: stderr
2024-04-15T00:12:37.982+0000 7fc100f3e700 1 -- --> [v2:172.21.15.107:3300/0,v1:172.21.15.107:6789/0] -- mon_getmap magic: 0 v1 -- 0x7fc0fc07a830 con 0x7fc0fc07bdf0
2024-04-15T00:12:39.493 INFO:teuthology.orchestra.run.smithi107.stdout:/usr/bin/ceph: stderr
2024-04-15T00:12:37.983+0000 7fc0fa59c700 1 --2- >> [v2:172.21.15.107:3300/0,v1:172.21.15.107:6789/0] conn(0x7fc0fc07bdf0 0x7fc0fc07a2f0 unknown :-1 s=BANNER_CONNECTING pgs=0 cs=0 l=0 rev1=0 crypto rx=0 tx=0 comp rx=0 tx=0)._handle_peer_banner_payload supported=3 required=0
2024-04-15T00:12:39.493 INFO:teuthology.orchestra.run.smithi107.stdout:/usr/bin/ceph: stderr
2024-04-15T00:12:37.983+0000 7fc0fa59c700 1 --2- >> [v2:172.21.15.107:3300/0,v1:172.21.15.107:6789/0] conn(0x7fc0fc07bdf0 0x7fc0fc07a2f0 unknown :-1 s=HELLO_CONNECTING pgs=0 cs=0 l=0 rev1=1 crypto rx=0 tx=0 comp rx=0 tx=0).handle_hello peer v2:172.21.15.107:3300/0 says I am v2:172.21.15.107:51818/0 (socket says 172.21.15.107:51818)
2024-04-15T00:12:39.493 INFO:teuthology.orchestra.run.smithi107.stdout:/usr/bin/ceph: stderr
2024-04-15T00:12:37.983+0000 7fc0fa59c700 1 -- 172.21.15.107:0/919427349 learned_addr learned my addr 172.21.15.107:0/919427349 (peer_addr_for_me v2:172.21.15.107:0/0)
2024-04-15T00:12:39.493 INFO:teuthology.orchestra.run.smithi107.stdout:/usr/bin/ceph: stderr
2024-04-15T00:12:37.983+0000 7fc0fa59c700 1 -- 172.21.15.107:0/919427349 --> [v2:172.21.15.107:3300/0,v1:172.21.15.107:6789/0] -- mon_subscribe({config=0+,monmap=0+}) v3 -- 0x7fc0fc07a970 con 0x7fc0fc07bdf0
2024-04-15T00:12:39.493 INFO:teuthology.orchestra.run.smithi107.stdout:/usr/bin/ceph: stderr
2024-04-15T00:12:37.983+0000 7fc0fa59c700 1 --2- 172.21.15.107:0/919427349 >> [v2:172.21.15.107:3300/0,v1:172.21.15.107:6789/0] conn(0x7fc0fc07bdf0 0x7fc0fc07a2f0 secure :-1 s=READY pgs=84 cs=0 l=1 rev1=1 crypto rx=0x7fc0ec0098a0 tx=0x7fc0ec009bb0 comp rx=0 tx=0).ready entity=mon.0 client_cookie=b59236474e0d0e9b server_cookie=0 in_seq=0 out_seq=0
2024-04-15T00:12:39.493 INFO:teuthology.orchestra.run.smithi107.stdout:/usr/bin/ceph: stderr
2024-04-15T00:12:37.983+0000 7fc0f9d9b700 1 -- 172.21.15.107:0/919427349 <== mon.0 v2:172.21.15.107:3300/0 1 ==== mon_map magic: 0 v1 ==== 229+0+0 (secure 0 0 0) 0x7fc0ec004180 con 0x7fc0fc07bdf0
2024-04-15T00:12:39.493 INFO:teuthology.orchestra.run.smithi107.stdout:/usr/bin/ceph: stderr
2024-04-15T00:12:37.983+0000 7fc0f9d9b700 1 -- 172.21.15.107:0/919427349 <== mon.0 v2:172.21.15.107:3300/0 2 ==== config(27 keys) v1 ==== 1101+0+0 (secure 0 0 0) 0x7fc0ec0042e0 con 0x7fc0fc07bdf0
2024-04-15T00:12:39.493 INFO:teuthology.orchestra.run.smithi107.stdout:/usr/bin/ceph: stderr
2024-04-15T00:12:37.983+0000 7fc0f9d9b700 1 -- 172.21.15.107:0/919427349 <== mon.0 v2:172.21.15.107:3300/0 3 ==== mon_map magic: 0 v1 ==== 229+0+0 (secure 0 0 0) 0x7fc0ec011af0 con 0x7fc0fc07bdf0
2024-04-15T00:12:39.493 INFO:teuthology.orchestra.run.smithi107.stdout:/usr/bin/ceph: stderr
2024-04-15T00:12:37.984+0000 7fc100f3e700 1 -- 172.21.15.107:0/919427349 >> [v2:172.21.15.107:3300/0,v1:172.21.15.107:6789/0] conn(0x7fc0fc07bdf0 msgr2=0x7fc0fc07a2f0 secure :-1 s=STATE_CONNECTION_ESTABLISHED l=1).mark_down
2024-04-15T00:12:39.493 INFO:teuthology.orchestra.run.smithi107.stdout:/usr/bin/ceph: stderr
2024-04-15T00:12:37.984+0000 7fc100f3e700 1 --2- 172.21.15.107:0/919427349 >> [v2:172.21.15.107:3300/0,v1:172.21.15.107:6789/0] conn(0x7fc0fc07bdf0 0x7fc0fc07a2f0 secure :-1 s=READY pgs=84 cs=0 l=1 rev1=1 crypto rx=0x7fc0ec0098a0 tx=0x7fc0ec009bb0 comp rx=0 tx=0).stop
2024-04-15T00:12:39.493 INFO:teuthology.orchestra.run.smithi107.stdout:/usr/bin/ceph: stderr
2024-04-15T00:12:37.984+0000 7fc100f3e700 1 -- 172.21.15.107:0/919427349 shutdown_connections
2024-04-15T00:12:39.493 INFO:teuthology.orchestra.run.smithi107.stdout:/usr/bin/ceph: stderr
2024-04-15T00:12:37.984+0000 7fc100f3e700 1 --2- 172.21.15.107:0/919427349 >> [v2:172.21.15.107:3300/0,v1:172.21.15.107:6789/0] conn(0x7fc0fc07bdf0 0x7fc0fc07a2f0 unknown :-1 s=CLOSED pgs=84 cs=0 l=1 rev1=1 crypto rx=0 tx=0 comp rx=0 tx=0).stop
2024-04-15T00:12:39.493 INFO:teuthology.orchestra.run.smithi107.stdout:/usr/bin/ceph: stderr
2024-04-15T00:12:37.984+0000 7fc100f3e700 1 -- 172.21.15.107:0/919427349 >> 172.21.15.107:0/919427349 conn(0x7fc0fc101180 msgr2=0x7fc0fc103590 unknown :-1 s=STATE_NONE l=0).mark_down
2024-04-15T00:12:39.493 INFO:teuthology.orchestra.run.smithi107.stdout:/usr/bin/ceph: stderr
2024-04-15T00:12:37.984+0000 7fc100f3e700 1 -- 172.21.15.107:0/919427349 shutdown_connections
2024-04-15T00:12:39.493 INFO:teuthology.orchestra.run.smithi107.stdout:/usr/bin/ceph: stderr
2024-04-15T00:12:37.984+0000 7fc100f3e700 1 -- 172.21.15.107:0/919427349 wait complete.
2024-04-15T00:12:39.494 INFO:teuthology.orchestra.run.smithi107.stdout:/usr/bin/ceph: stderr
2024-04-15T00:12:37.985+0000 7fc100f3e700 1 Processor -- start
2024-04-15T00:12:39.494 INFO:teuthology.orchestra.run.smithi107.stdout:/usr/bin/ceph: stderr
2024-04-15T00:12:37.985+0000 7fc100f3e700 1 -- start start
2024-04-15T00:12:39.494 INFO:teuthology.orchestra.run.smithi107.stdout:/usr/bin/ceph: stderr
2024-04-15T00:12:37.985+0000 7fc100f3e700 1 --2- >> [v2:172.21.15.107:3300/0,v1:172.21.15.107:6789/0] conn(0x7fc0fc07bdf0 0x7fc0fc19bb30 unknown :-1 s=NONE pgs=0 cs=0 l=1 rev1=0 crypto rx=0 tx=0 comp rx=0 tx=0).connect
2024-04-15T00:12:39.494 INFO:teuthology.orchestra.run.smithi107.stdout:/usr/bin/ceph: stderr
2024-04-15T00:12:37.985+0000 7fc100f3e700 1 -- --> [v2:172.21.15.107:3300/0,v1:172.21.15.107:6789/0] -- mon_getmap magic: 0 v1 -- 0x7fc0fc19c070 con 0x7fc0fc07bdf0
2024-04-15T00:12:39.494 INFO:teuthology.orchestra.run.smithi107.stdout:/usr/bin/ceph: stderr
2024-04-15T00:12:37.985+0000 7fc0fa59c700 1 --2- >> [v2:172.21.15.107:3300/0,v1:172.21.15.107:6789/0] conn(0x7fc0fc07bdf0 0x7fc0fc19bb30 unknown :-1 s=BANNER_CONNECTING pgs=0 cs=0 l=1 rev1=0 crypto rx=0 tx=0 comp rx=0 tx=0)._handle_peer_banner_payload supported=3 required=0
2024-04-15T00:12:39.494 INFO:teuthology.orchestra.run.smithi107.stdout:/usr/bin/ceph: stderr
2024-04-15T00:12:37.985+0000 7fc0fa59c700 1 --2- >> [v2:172.21.15.107:3300/0,v1:172.21.15.107:6789/0] conn(0x7fc0fc07bdf0 0x7fc0fc19bb30 unknown :-1 s=HELLO_CONNECTING pgs=0 cs=0 l=1 rev1=1 crypto rx=0 tx=0 comp rx=0 tx=0).handle_hello peer v2:172.21.15.107:3300/0 says I am v2:172.21.15.107:51832/0 (socket says 172.21.15.107:51832)
2024-04-15T00:12:39.494 INFO:teuthology.orchestra.run.smithi107.stdout:/usr/bin/ceph: stderr
2024-04-15T00:12:37.985+0000 7fc0fa59c700 1 -- 172.21.15.107:0/1498075477 learned_addr learned my addr 172.21.15.107:0/1498075477 (peer_addr_for_me v2:172.21.15.107:0/0)
2024-04-15T00:12:39.494 INFO:teuthology.orchestra.run.smithi107.stdout:/usr/bin/ceph: stderr
2024-04-15T00:12:37.986+0000 7fc0fa59c700 1 -- 172.21.15.107:0/1498075477 --> [v2:172.21.15.107:3300/0,v1:172.21.15.107:6789/0] -- mon_subscribe({config=0+,monmap=0+}) v3 -- 0x7fc0ec009550 con 0x7fc0fc07bdf0
2024-04-15T00:12:39.494 INFO:teuthology.orchestra.run.smithi107.stdout:/usr/bin/ceph: stderr
2024-04-15T00:12:37.986+0000 7fc0fa59c700 1 --2- 172.21.15.107:0/1498075477 >> [v2:172.21.15.107:3300/0,v1:172.21.15.107:6789/0] conn(0x7fc0fc07bdf0 0x7fc0fc19bb30 secure :-1 s=READY pgs=85 cs=0 l=1 rev1=1 crypto rx=0x7fc0ec006ba0 tx=0x7fc0ec011b50 comp rx=0 tx=0).ready entity=mon.0 client_cookie=0 server_cookie=0 in_seq=0 out_seq=0
2024-04-15T00:12:39.494 INFO:teuthology.orchestra.run.smithi107.stdout:/usr/bin/ceph: stderr
2024-04-15T00:12:37.986+0000 7fc0f3fff700 1 -- 172.21.15.107:0/1498075477 <== mon.0 v2:172.21.15.107:3300/0 1 ==== mon_map magic: 0 v1 ==== 229+0+0 (secure 0 0 0) 0x7fc0ec003b00 con 0x7fc0fc07bdf0
2024-04-15T00:12:39.494 INFO:teuthology.orchestra.run.smithi107.stdout:/usr/bin/ceph: stderr
2024-04-15T00:12:37.986+0000 7fc0f3fff700 1 -- 172.21.15.107:0/1498075477 <== mon.0 v2:172.21.15.107:3300/0 2 ==== config(27 keys) v1 ==== 1101+0+0 (secure 0 0 0) 0x7fc0ec003c60 con 0x7fc0fc07bdf0
2024-04-15T00:12:39.494 INFO:teuthology.orchestra.run.smithi107.stdout:/usr/bin/ceph: stderr
2024-04-15T00:12:37.986+0000 7fc100f3e700 1 -- 172.21.15.107:0/1498075477 --> [v2:172.21.15.107:3300/0,v1:172.21.15.107:6789/0] -- mon_subscribe({mgrmap=0+}) v3 -- 0x7fc0fc19c270 con 0x7fc0fc07bdf0
2024-04-15T00:12:39.494 INFO:teuthology.orchestra.run.smithi107.stdout:/usr/bin/ceph: stderr
2024-04-15T00:12:37.986+0000 7fc0f3fff700 1 -- 172.21.15.107:0/1498075477 <== mon.0 v2:172.21.15.107:3300/0 3 ==== mon_map magic: 0 v1 ==== 229+0+0 (secure 0 0 0) 0x7fc0ec019820 con 0x7fc0fc07bdf0
2024-04-15T00:12:39.494 INFO:teuthology.orchestra.run.smithi107.stdout:/usr/bin/ceph: stderr
2024-04-15T00:12:37.986+0000 7fc100f3e700 1 -- 172.21.15.107:0/1498075477 --> [v2:172.21.15.107:3300/0,v1:172.21.15.107:6789/0] -- mon_subscribe({osdmap=0}) v3 -- 0x7fc0fc19c690 con 0x7fc0fc07bdf0
2024-04-15T00:12:39.494 INFO:teuthology.orchestra.run.smithi107.stdout:/usr/bin/ceph: stderr
2024-04-15T00:12:37.987+0000 7fc0f3fff700 1 -- 172.21.15.107:0/1498075477 <== mon.0 v2:172.21.15.107:3300/0 4 ==== mgrmap(e 12) v1 ==== 45097+0+0 (secure 0 0 0) 0x7fc0ec019ae0 con 0x7fc0fc07bdf0
2024-04-15T00:12:39.495 INFO:teuthology.orchestra.run.smithi107.stdout:/usr/bin/ceph: stderr
2024-04-15T00:12:37.987+0000 7fc100f3e700 1 -- 172.21.15.107:0/1498075477 --> [v2:172.21.15.107:3300/0,v1:172.21.15.107:6789/0] -- mon_command({"prefix": "get_command_descriptions"} v 0) v1 -- 0x7fc0fc062380 con 0x7fc0fc07bdf0
2024-04-15T00:12:39.495 INFO:teuthology.orchestra.run.smithi107.stdout:/usr/bin/ceph: stderr
2024-04-15T00:12:37.987+0000 7fc0f3fff700 1 --2- 172.21.15.107:0/1498075477 >> [v2:172.21.15.107:6800/1649891227,v1:172.21.15.107:6801/1649891227] conn(0x7fc0e80383f0 0x7fc0e803a8a0 unknown :-1 s=NONE pgs=0 cs=0 l=1 rev1=0 crypto rx=0 tx=0 comp rx=0 tx=0).connect
2024-04-15T00:12:39.495 INFO:teuthology.orchestra.run.smithi107.stdout:/usr/bin/ceph: stderr
2024-04-15T00:12:37.987+0000 7fc0f3fff700 1 -- 172.21.15.107:0/1498075477 <== mon.0 v2:172.21.15.107:3300/0 5 ==== osd_map(3..3 src has 1..3) v4 ==== 1155+0+0 (secure 0 0 0) 0x7fc0ec04c620 con 0x7fc0fc07bdf0
2024-04-15T00:12:39.495 INFO:teuthology.orchestra.run.smithi107.stdout:/usr/bin/ceph: stderr
2024-04-15T00:12:37.988+0000 7fc0f1d9b700 1 --2- 172.21.15.107:0/1498075477 >> [v2:172.21.15.107:6800/1649891227,v1:172.21.15.107:6801/1649891227] conn(0x7fc0e80383f0 0x7fc0e803a8a0 unknown :-1 s=BANNER_CONNECTING pgs=0 cs=0 l=1 rev1=0 crypto rx=0 tx=0 comp rx=0 tx=0)._handle_peer_banner_payload supported=3 required=0
2024-04-15T00:12:39.495 INFO:teuthology.orchestra.run.smithi107.stdout:/usr/bin/ceph: stderr
2024-04-15T00:12:37.988+0000 7fc0f1d9b700 1 --2- 172.21.15.107:0/1498075477 >> [v2:172.21.15.107:6800/1649891227,v1:172.21.15.107:6801/1649891227] conn(0x7fc0e80383f0 0x7fc0e803a8a0 secure :-1 s=READY pgs=8 cs=0 l=1 rev1=1 crypto rx=0x7fc0e4006fd0 tx=0x7fc0e4006e40 comp rx=0 tx=0).ready entity=mgr.14164 client_cookie=0 server_cookie=0 in_seq=0 out_seq=0
2024-04-15T00:12:39.495 INFO:teuthology.orchestra.run.smithi107.stdout:/usr/bin/ceph: stderr
2024-04-15T00:12:37.992+0000 7fc0f3fff700 1 -- 172.21.15.107:0/1498075477 <== mon.0 v2:172.21.15.107:3300/0 6 ==== mon_command_ack([{"prefix": "get_command_descriptions"}]=0 v0) v1 ==== 72+0+177933 (secure 0 0 0) 0x7fc0ec02b730 con 0x7fc0fc07bdf0
2024-04-15T00:12:39.495 INFO:teuthology.orchestra.run.smithi107.stdout:/usr/bin/ceph: stderr
2024-04-15T00:12:38.206+0000 7fc100f3e700 1 -- 172.21.15.107:0/1498075477 --> [v2:172.21.15.107:6800/1649891227,v1:172.21.15.107:6801/1649891227] -- mgr_command(tid 0: {"prefix": "dashboard ac-user-create", "username": "admin", "rolename": "administrator", "force_password": true, "pwd_update_required": true, "target": ["mon-mgr", ""]}) v1 -- 0x7fc0fc19f0d0 con 0x7fc0e80383f0
2024-04-15T00:12:39.495 INFO:teuthology.orchestra.run.smithi107.stdout:/usr/bin/ceph: stderr
2024-04-15T00:12:38.428+0000 7fc0f3fff700 1 -- 172.21.15.107:0/1498075477 <== mgr.14164 v2:172.21.15.107:6800/1649891227 1 ==== mgr_command_reply(tid 0: 0 ) v1 ==== 8+0+252 (secure 0 0 0) 0x7fc0e4009e20 con 0x7fc0e80383f0
2024-04-15T00:12:39.495 INFO:teuthology.orchestra.run.smithi107.stdout:/usr/bin/ceph: stderr
2024-04-15T00:12:38.430+0000 7fc100f3e700 1 -- 172.21.15.107:0/1498075477 >> [v2:172.21.15.107:6800/1649891227,v1:172.21.15.107:6801/1649891227] conn(0x7fc0e80383f0 msgr2=0x7fc0e803a8a0 secure :-1 s=STATE_CONNECTION_ESTABLISHED l=1).mark_down
2024-04-15T00:12:39.495 INFO:teuthology.orchestra.run.smithi107.stdout:/usr/bin/ceph: stderr
2024-04-15T00:12:38.430+0000 7fc100f3e700 1 --2- 172.21.15.107:0/1498075477 >> [v2:172.21.15.107:6800/1649891227,v1:172.21.15.107:6801/1649891227] conn(0x7fc0e80383f0 0x7fc0e803a8a0 secure :-1 s=READY pgs=8 cs=0 l=1 rev1=1 crypto rx=0x7fc0e4006fd0 tx=0x7fc0e4006e40 comp rx=0 tx=0).stop
2024-04-15T00:12:39.495 INFO:teuthology.orchestra.run.smithi107.stdout:/usr/bin/ceph: stderr
2024-04-15T00:12:38.430+0000 7fc100f3e700 1 -- 172.21.15.107:0/1498075477 >> [v2:172.21.15.107:3300/0,v1:172.21.15.107:6789/0] conn(0x7fc0fc07bdf0 msgr2=0x7fc0fc19bb30 secure :-1 s=STATE_CONNECTION_ESTABLISHED l=1).mark_down
2024-04-15T00:12:39.495 INFO:teuthology.orchestra.run.smithi107.stdout:/usr/bin/ceph: stderr
2024-04-15T00:12:38.430+0000 7fc100f3e700 1 --2- 172.21.15.107:0/1498075477 >> [v2:172.21.15.107:3300/0,v1:172.21.15.107:6789/0] conn(0x7fc0fc07bdf0 0x7fc0fc19bb30 secure :-1 s=READY pgs=85 cs=0 l=1 rev1=1 crypto rx=0x7fc0ec006ba0 tx=0x7fc0ec011b50 comp rx=0 tx=0).stop
2024-04-15T00:12:39.495 INFO:teuthology.orchestra.run.smithi107.stdout:/usr/bin/ceph: stderr
2024-04-15T00:12:38.430+0000 7fc100f3e700 1 -- 172.21.15.107:0/1498075477 shutdown_connections
2024-04-15T00:12:39.496 INFO:teuthology.orchestra.run.smithi107.stdout:/usr/bin/ceph: stderr
2024-04-15T00:12:38.430+0000 7fc100f3e700 1 --2- 172.21.15.107:0/1498075477 >> [v2:172.21.15.107:6800/1649891227,v1:172.21.15.107:6801/1649891227] conn(0x7fc0e80383f0 0x7fc0e803a8a0 unknown :-1 s=CLOSED pgs=8 cs=0 l=1 rev1=1 crypto rx=0 tx=0 comp rx=0 tx=0).stop
2024-04-15T00:12:39.496 INFO:teuthology.orchestra.run.smithi107.stdout:/usr/bin/ceph: stderr
2024-04-15T00:12:38.430+0000 7fc100f3e700 1 --2- 172.21.15.107:0/1498075477 >> [v2:172.21.15.107:3300/0,v1:172.21.15.107:6789/0] conn(0x7fc0fc07bdf0 0x7fc0fc19bb30 unknown :-1 s=CLOSED pgs=85 cs=0 l=1 rev1=1 crypto rx=0 tx=0 comp rx=0 tx=0).stop
2024-04-15T00:12:39.496 INFO:teuthology.orchestra.run.smithi107.stdout:/usr/bin/ceph: stderr
2024-04-15T00:12:38.430+0000 7fc100f3e700 1 -- 172.21.15.107:0/1498075477 >> 172.21.15.107:0/1498075477 conn(0x7fc0fc101180 msgr2=0x7fc0fc102820 unknown :-1 s=STATE_NONE l=0).mark_down
2024-04-15T00:12:39.496 INFO:teuthology.orchestra.run.smithi107.stdout:/usr/bin/ceph: stderr
2024-04-15T00:12:38.430+0000 7fc100f3e700 1 -- 172.21.15.107:0/1498075477 shutdown_connections
2024-04-15T00:12:39.496 INFO:teuthology.orchestra.run.smithi107.stdout:/usr/bin/ceph: stderr
2024-04-15T00:12:38.430+0000 7fc100f3e700 1 -- 172.21.15.107:0/1498075477 wait complete.
2024-04-15T00:12:39.496 INFO:teuthology.orchestra.run.smithi107.stdout:Fetching dashboard port number...
2024-04-15T00:12:39.752 INFO:journalctl@ceph.mon.smithi107.smithi107.stdout:Apr 15 00:12:39 smithi107 ceph-mon[29310]: from='client.14178 -' entity='client.admin' cmd=[{"prefix": "dashboard ac-user-create", "username": "admin", "rolename": "administrator", "force_password": true, "pwd_update_required": true, "target": ["mon-mgr", ""]}]: dispatch
2024-04-15T00:12:40.765 INFO:journalctl@ceph.mon.smithi107.smithi107.stdout:Apr 15 00:12:40 smithi107 ceph-mon[29310]: from='client.? 172.21.15.107:0/2806233590' entity='client.admin' cmd=[{"prefix": "config get", "who": "mgr", "key": "mgr/dashboard/ssl_server_port"}]: dispatch
2024-04-15T00:12:40.774 INFO:teuthology.orchestra.run.smithi107.stdout:/usr/bin/ceph: stdout 8443
2024-04-15T00:12:40.775 INFO:teuthology.orchestra.run.smithi107.stdout:/usr/bin/ceph: stderr
2024-04-15T00:12:39.947+0000 7fd055ace700 1 Processor -- start
