2024-04-15T00:32:32.683+0000 7fddf6d9d700 1 --2- >> [v2:172.21.15.17:3300/0,v1:172.21.15.17:6789/0] conn(0x7fddf8102450 0x7fddf81106a0 unknown :-1 s=HELLO_CONNECTING pgs=0 cs=0 l=1 rev1=1 crypto rx=0 tx=0 comp rx=0 tx=0).handle_hello peer v2:172.21.15.17:3300/0 says I am v2:172.21.15.17:40866/0 (socket says 172.21.15.17:40866)
2024-04-15T00:32:35.622 INFO:teuthology.orchestra.run.smithi017.stdout:/usr/bin/ceph: stderr
2024-04-15T00:32:32.683+0000 7fddf6d9d700 1 -- 172.21.15.17:0/1731641311 learned_addr learned my addr 172.21.15.17:0/1731641311 (peer_addr_for_me v2:172.21.15.17:0/0)
2024-04-15T00:32:35.622 INFO:teuthology.orchestra.run.smithi017.stdout:/usr/bin/ceph: stderr
2024-04-15T00:32:32.683+0000 7fddf6d9d700 1 -- 172.21.15.17:0/1731641311 --> [v2:172.21.15.17:3300/0,v1:172.21.15.17:6789/0] -- mon_subscribe({config=0+,monmap=0+}) v3 -- 0x7fddf0009ae0 con 0x7fddf8102450
2024-04-15T00:32:35.622 INFO:teuthology.orchestra.run.smithi017.stdout:/usr/bin/ceph: stderr
2024-04-15T00:32:32.683+0000 7fddf6d9d700 1 --2- 172.21.15.17:0/1731641311 >> [v2:172.21.15.17:3300/0,v1:172.21.15.17:6789/0] conn(0x7fddf8102450 0x7fddf81106a0 secure :-1 s=READY pgs=44 cs=0 l=1 rev1=1 crypto rx=0x7fddf0000f80 tx=0x7fddf0009840 comp rx=0 tx=0).ready entity=mon.0 client_cookie=0 server_cookie=0 in_seq=0 out_seq=0
2024-04-15T00:32:35.622 INFO:teuthology.orchestra.run.smithi017.stdout:/usr/bin/ceph: stderr
2024-04-15T00:32:32.683+0000 7fddef7fe700 1 -- 172.21.15.17:0/1731641311 <== mon.0 v2:172.21.15.17:3300/0 1 ==== mon_map magic: 0 v1 ==== 229+0+0 (secure 0 0 0) 0x7fddf00092e0 con 0x7fddf8102450
2024-04-15T00:32:35.622 INFO:teuthology.orchestra.run.smithi017.stdout:/usr/bin/ceph: stderr
2024-04-15T00:32:32.684+0000 7fddfd12d700 1 -- 172.21.15.17:0/1731641311 --> [v2:172.21.15.17:3300/0,v1:172.21.15.17:6789/0] -- mon_subscribe({mgrmap=0+}) v3 -- 0x7fddf8110de0 con 0x7fddf8102450
2024-04-15T00:32:35.622 INFO:teuthology.orchestra.run.smithi017.stdout:/usr/bin/ceph: stderr
2024-04-15T00:32:32.684+0000 7fddef7fe700 1 -- 172.21.15.17:0/1731641311 <== mon.0 v2:172.21.15.17:3300/0 2 ==== config(27 keys) v1 ==== 1044+0+0 (secure 0 0 0) 0x7fddf0007cc0 con 0x7fddf8102450
2024-04-15T00:32:35.622 INFO:teuthology.orchestra.run.smithi017.stdout:/usr/bin/ceph: stderr
2024-04-15T00:32:32.684+0000 7fddef7fe700 1 -- 172.21.15.17:0/1731641311 <== mon.0 v2:172.21.15.17:3300/0 3 ==== mon_map magic: 0 v1 ==== 229+0+0 (secure 0 0 0) 0x7fddf001c960 con 0x7fddf8102450
2024-04-15T00:32:35.622 INFO:teuthology.orchestra.run.smithi017.stdout:/usr/bin/ceph: stderr
2024-04-15T00:32:32.684+0000 7fddfd12d700 1 -- 172.21.15.17:0/1731641311 --> [v2:172.21.15.17:3300/0,v1:172.21.15.17:6789/0] -- mon_subscribe({osdmap=0}) v3 -- 0x7fddf8111950 con 0x7fddf8102450
2024-04-15T00:32:35.622 INFO:teuthology.orchestra.run.smithi017.stdout:/usr/bin/ceph: stderr
2024-04-15T00:32:32.684+0000 7fddef7fe700 1 -- 172.21.15.17:0/1731641311 <== mon.0 v2:172.21.15.17:3300/0 4 ==== mgrmap(e 8) v1 ==== 43376+0+0 (secure 0 0 0) 0x7fddf0019070 con 0x7fddf8102450
2024-04-15T00:32:35.622 INFO:teuthology.orchestra.run.smithi017.stdout:/usr/bin/ceph: stderr
2024-04-15T00:32:32.685+0000 7fddef7fe700 1 --2- 172.21.15.17:0/1731641311 >> [v2:172.21.15.17:6800/3791576216,v1:172.21.15.17:6801/3791576216] conn(0x7fdde4036790 0x7fdde4038c40 unknown :-1 s=NONE pgs=0 cs=0 l=1 rev1=0 crypto rx=0 tx=0 comp rx=0 tx=0).connect
2024-04-15T00:32:35.623 INFO:teuthology.orchestra.run.smithi017.stdout:/usr/bin/ceph: stderr
2024-04-15T00:32:32.685+0000 7fddfd12d700 1 -- 172.21.15.17:0/1731641311 --> [v2:172.21.15.17:3300/0,v1:172.21.15.17:6789/0] -- mon_command({"prefix": "get_command_descriptions"} v 0) v1 -- 0x7fddf805f5f0 con 0x7fddf8102450
2024-04-15T00:32:35.623 INFO:teuthology.orchestra.run.smithi017.stdout:/usr/bin/ceph: stderr
2024-04-15T00:32:32.685+0000 7fddef7fe700 1 -- 172.21.15.17:0/1731641311 <== mon.0 v2:172.21.15.17:3300/0 5 ==== osd_map(2..2 src has 1..2) v4 ==== 936+0+0 (secure 0 0 0) 0x7fddf0049dd0 con 0x7fddf8102450
2024-04-15T00:32:35.623 INFO:teuthology.orchestra.run.smithi017.stdout:/usr/bin/ceph: stderr
2024-04-15T00:32:32.685+0000 7fddf659c700 1 --2- 172.21.15.17:0/1731641311 >> [v2:172.21.15.17:6800/3791576216,v1:172.21.15.17:6801/3791576216] conn(0x7fdde4036790 0x7fdde4038c40 unknown :-1 s=BANNER_CONNECTING pgs=0 cs=0 l=1 rev1=0 crypto rx=0 tx=0 comp rx=0 tx=0)._handle_peer_banner_payload supported=3 required=0
2024-04-15T00:32:35.623 INFO:teuthology.orchestra.run.smithi017.stdout:/usr/bin/ceph: stderr
2024-04-15T00:32:32.685+0000 7fddf659c700 1 --2- 172.21.15.17:0/1731641311 >> [v2:172.21.15.17:6800/3791576216,v1:172.21.15.17:6801/3791576216] conn(0x7fdde4036790 0x7fdde4038c40 secure :-1 s=READY pgs=11 cs=0 l=1 rev1=1 crypto rx=0x7fdde0009990 tx=0x7fdde0006e40 comp rx=0 tx=0).ready entity=mgr.14118 client_cookie=0 server_cookie=0 in_seq=0 out_seq=0
2024-04-15T00:32:35.623 INFO:teuthology.orchestra.run.smithi017.stdout:/usr/bin/ceph: stderr
2024-04-15T00:32:32.689+0000 7fddef7fe700 1 -- 172.21.15.17:0/1731641311 <== mon.0 v2:172.21.15.17:3300/0 6 ==== mon_command_ack([{"prefix": "get_command_descriptions"}]=0 v0) v1 ==== 72+0+176702 (secure 0 0 0) 0x7fddf0017080 con 0x7fddf8102450
2024-04-15T00:32:35.623 INFO:teuthology.orchestra.run.smithi017.stdout:/usr/bin/ceph: stderr
2024-04-15T00:32:32.888+0000 7fddfd12d700 1 -- 172.21.15.17:0/1731641311 --> [v2:172.21.15.17:6800/3791576216,v1:172.21.15.17:6801/3791576216] -- mgr_command(tid 0: {"prefix": "orch host add", "hostname": "smithi017", "addr": "172.21.15.17", "target": ["mon-mgr", ""]}) v1 -- 0x7fddf8112510 con 0x7fdde4036790
2024-04-15T00:32:35.623 INFO:teuthology.orchestra.run.smithi017.stdout:/usr/bin/ceph: stderr
2024-04-15T00:32:34.975+0000 7fddef7fe700 1 -- 172.21.15.17:0/1731641311 <== mgr.14118 v2:172.21.15.17:6800/3791576216 1 ==== mgr_command_reply(tid 0: 0 ) v1 ==== 8+0+48 (secure 0 0 0) 0x7fddf8112510 con 0x7fdde4036790
2024-04-15T00:32:35.623 INFO:teuthology.orchestra.run.smithi017.stdout:/usr/bin/ceph: stderr
2024-04-15T00:32:34.977+0000 7fddfd12d700 1 -- 172.21.15.17:0/1731641311 >> [v2:172.21.15.17:6800/3791576216,v1:172.21.15.17:6801/3791576216] conn(0x7fdde4036790 msgr2=0x7fdde4038c40 secure :-1 s=STATE_CONNECTION_ESTABLISHED l=1).mark_down
2024-04-15T00:32:35.623 INFO:teuthology.orchestra.run.smithi017.stdout:/usr/bin/ceph: stderr
2024-04-15T00:32:34.977+0000 7fddfd12d700 1 --2- 172.21.15.17:0/1731641311 >> [v2:172.21.15.17:6800/3791576216,v1:172.21.15.17:6801/3791576216] conn(0x7fdde4036790 0x7fdde4038c40 secure :-1 s=READY pgs=11 cs=0 l=1 rev1=1 crypto rx=0x7fdde0009990 tx=0x7fdde0006e40 comp rx=0 tx=0).stop
2024-04-15T00:32:35.623 INFO:teuthology.orchestra.run.smithi017.stdout:/usr/bin/ceph: stderr
2024-04-15T00:32:34.978+0000 7fddfd12d700 1 -- 172.21.15.17:0/1731641311 >> [v2:172.21.15.17:3300/0,v1:172.21.15.17:6789/0] conn(0x7fddf8102450 msgr2=0x7fddf81106a0 secure :-1 s=STATE_CONNECTION_ESTABLISHED l=1).mark_down
2024-04-15T00:32:35.623 INFO:teuthology.orchestra.run.smithi017.stdout:/usr/bin/ceph: stderr
2024-04-15T00:32:34.978+0000 7fddfd12d700 1 --2- 172.21.15.17:0/1731641311 >> [v2:172.21.15.17:3300/0,v1:172.21.15.17:6789/0] conn(0x7fddf8102450 0x7fddf81106a0 secure :-1 s=READY pgs=44 cs=0 l=1 rev1=1 crypto rx=0x7fddf0000f80 tx=0x7fddf0009840 comp rx=0 tx=0).stop
2024-04-15T00:32:35.623 INFO:teuthology.orchestra.run.smithi017.stdout:/usr/bin/ceph: stderr
2024-04-15T00:32:34.978+0000 7fddfd12d700 1 -- 172.21.15.17:0/1731641311 shutdown_connections
2024-04-15T00:32:35.623 INFO:teuthology.orchestra.run.smithi017.stdout:/usr/bin/ceph: stderr
2024-04-15T00:32:34.978+0000 7fddfd12d700 1 --2- 172.21.15.17:0/1731641311 >> [v2:172.21.15.17:6800/3791576216,v1:172.21.15.17:6801/3791576216] conn(0x7fdde4036790 0x7fdde4038c40 unknown :-1 s=CLOSED pgs=11 cs=0 l=1 rev1=1 crypto rx=0 tx=0 comp rx=0 tx=0).stop
2024-04-15T00:32:35.624 INFO:teuthology.orchestra.run.smithi017.stdout:/usr/bin/ceph: stderr
2024-04-15T00:32:34.978+0000 7fddfd12d700 1 --2- 172.21.15.17:0/1731641311 >> [v2:172.21.15.17:3300/0,v1:172.21.15.17:6789/0] conn(0x7fddf8102450 0x7fddf81106a0 unknown :-1 s=CLOSED pgs=44 cs=0 l=1 rev1=1 crypto rx=0 tx=0 comp rx=0 tx=0).stop
2024-04-15T00:32:35.624 INFO:teuthology.orchestra.run.smithi017.stdout:/usr/bin/ceph: stderr
2024-04-15T00:32:34.978+0000 7fddfd12d700 1 -- 172.21.15.17:0/1731641311 >> 172.21.15.17:0/1731641311 conn(0x7fddf80fc770 msgr2=0x7fddf8107610 unknown :-1 s=STATE_NONE l=0).mark_down
2024-04-15T00:32:35.624 INFO:teuthology.orchestra.run.smithi017.stdout:/usr/bin/ceph: stderr
2024-04-15T00:32:34.978+0000 7fddfd12d700 1 -- 172.21.15.17:0/1731641311 shutdown_connections
2024-04-15T00:32:35.624 INFO:teuthology.orchestra.run.smithi017.stdout:/usr/bin/ceph: stderr
2024-04-15T00:32:34.978+0000 7fddfd12d700 1 -- 172.21.15.17:0/1731641311 wait complete.
2024-04-15T00:32:35.624 INFO:teuthology.orchestra.run.smithi017.stdout:Deploying mon service with default placement...
2024-04-15T00:32:36.266 INFO:journalctl@ceph.mon.smithi017.smithi017.stdout:Apr 15 00:32:35 smithi017 ceph-mon[29057]: from='mgr.14118 172.21.15.17:0/2440739984' entity='mgr.smithi017.amrcxf'
2024-04-15T00:32:36.266 INFO:journalctl@ceph.mon.smithi017.smithi017.stdout:Apr 15 00:32:35 smithi017 ceph-mon[29057]: Added host smithi017
2024-04-15T00:32:36.266 INFO:journalctl@ceph.mon.smithi017.smithi017.stdout:Apr 15 00:32:35 smithi017 ceph-mon[29057]: from='mgr.14118 172.21.15.17:0/2440739984' entity='mgr.smithi017.amrcxf' cmd=[{"prefix": "config dump", "format": "json"}]: dispatch
2024-04-15T00:32:36.937 INFO:teuthology.orchestra.run.smithi017.stdout:/usr/bin/ceph: stdout Scheduled mon update...
2024-04-15T00:32:36.937 INFO:teuthology.orchestra.run.smithi017.stdout:/usr/bin/ceph: stderr
2024-04-15T00:32:36.014+0000 7f0e0ec33700 1 Processor -- start
2024-04-15T00:32:36.937 INFO:teuthology.orchestra.run.smithi017.stdout:/usr/bin/ceph: stderr
2024-04-15T00:32:36.014+0000 7f0e0ec33700 1 -- start start
2024-04-15T00:32:36.937 INFO:teuthology.orchestra.run.smithi017.stdout:/usr/bin/ceph: stderr
2024-04-15T00:32:36.014+0000 7f0e0ec33700 1 --2- >> [v2:172.21.15.17:3300/0,v1:172.21.15.17:6789/0] conn(0x7f0e08102930 0x7f0e08102d40 unknown :-1 s=NONE pgs=0 cs=0 l=0 rev1=0 crypto rx=0 tx=0 comp rx=0 tx=0).connect
2024-04-15T00:32:36.937 INFO:teuthology.orchestra.run.smithi017.stdout:/usr/bin/ceph: stderr
2024-04-15T00:32:36.014+0000 7f0e0ec33700 1 -- --> [v2:172.21.15.17:3300/0,v1:172.21.15.17:6789/0] -- mon_getmap magic: 0 v1 -- 0x7f0e08103280 con 0x7f0e08102930
2024-04-15T00:32:36.937 INFO:teuthology.orchestra.run.smithi017.stdout:/usr/bin/ceph: stderr
2024-04-15T00:32:36.014+0000 7f0e0c9cf700 1 --2- >> [v2:172.21.15.17:3300/0,v1:172.21.15.17:6789/0] conn(0x7f0e08102930 0x7f0e08102d40 unknown :-1 s=BANNER_CONNECTING pgs=0 cs=0 l=0 rev1=0 crypto rx=0 tx=0 comp rx=0 tx=0)._handle_peer_banner_payload supported=3 required=0
2024-04-15T00:32:36.938 INFO:teuthology.orchestra.run.smithi017.stdout:/usr/bin/ceph: stderr
2024-04-15T00:32:36.014+0000 7f0e0c9cf700 1 --2- >> [v2:172.21.15.17:3300/0,v1:172.21.15.17:6789/0] conn(0x7f0e08102930 0x7f0e08102d40 unknown :-1 s=HELLO_CONNECTING pgs=0 cs=0 l=0 rev1=1 crypto rx=0 tx=0 comp rx=0 tx=0).handle_hello peer v2:172.21.15.17:3300/0 says I am v2:172.21.15.17:41694/0 (socket says 172.21.15.17:41694)
2024-04-15T00:32:36.938 INFO:teuthology.orchestra.run.smithi017.stdout:/usr/bin/ceph: stderr
2024-04-15T00:32:36.014+0000 7f0e0c9cf700 1 -- 172.21.15.17:0/260029278 learned_addr learned my addr 172.21.15.17:0/260029278 (peer_addr_for_me v2:172.21.15.17:0/0)
2024-04-15T00:32:36.938 INFO:teuthology.orchestra.run.smithi017.stdout:/usr/bin/ceph: stderr
2024-04-15T00:32:36.014+0000 7f0e0c9cf700 1 -- 172.21.15.17:0/260029278 --> [v2:172.21.15.17:3300/0,v1:172.21.15.17:6789/0] -- mon_subscribe({config=0+,monmap=0+}) v3 -- 0x7f0e081033c0 con 0x7f0e08102930
2024-04-15T00:32:36.938 INFO:teuthology.orchestra.run.smithi017.stdout:/usr/bin/ceph: stderr
2024-04-15T00:32:36.015+0000 7f0e0c9cf700 1 --2- 172.21.15.17:0/260029278 >> [v2:172.21.15.17:3300/0,v1:172.21.15.17:6789/0] conn(0x7f0e08102930 0x7f0e08102d40 secure :-1 s=READY pgs=45 cs=0 l=1 rev1=1 crypto rx=0x7f0dfc0098e0 tx=0x7f0dfc009250 comp rx=0 tx=0).ready entity=mon.0 client_cookie=150e430de26fe34c server_cookie=0 in_seq=0 out_seq=0
2024-04-15T00:32:36.938 INFO:teuthology.orchestra.run.smithi017.stdout:/usr/bin/ceph: stderr
2024-04-15T00:32:36.015+0000 7f0e077fe700 1 -- 172.21.15.17:0/260029278 <== mon.0 v2:172.21.15.17:3300/0 1 ==== mon_map magic: 0 v1 ==== 229+0+0 (secure 0 0 0) 0x7f0dfc00b8f0 con 0x7f0e08102930
2024-04-15T00:32:36.938 INFO:teuthology.orchestra.run.smithi017.stdout:/usr/bin/ceph: stderr
2024-04-15T00:32:36.015+0000 7f0e077fe700 1 -- 172.21.15.17:0/260029278 <== mon.0 v2:172.21.15.17:3300/0 2 ==== config(27 keys) v1 ==== 1044+0+0 (secure 0 0 0) 0x7f0dfc011420 con 0x7f0e08102930
2024-04-15T00:32:36.938 INFO:teuthology.orchestra.run.smithi017.stdout:/usr/bin/ceph: stderr
2024-04-15T00:32:36.015+0000 7f0e077fe700 1 -- 172.21.15.17:0/260029278 <== mon.0 v2:172.21.15.17:3300/0 3 ==== mon_map magic: 0 v1 ==== 229+0+0 (secure 0 0 0) 0x7f0dfc010540 con 0x7f0e08102930
2024-04-15T00:32:36.938 INFO:teuthology.orchestra.run.smithi017.stdout:/usr/bin/ceph: stderr
2024-04-15T00:32:36.015+0000 7f0e0ec33700 1 -- 172.21.15.17:0/260029278 >> [v2:172.21.15.17:3300/0,v1:172.21.15.17:6789/0] conn(0x7f0e08102930 msgr2=0x7f0e08102d40 secure :-1 s=STATE_CONNECTION_ESTABLISHED l=1).mark_down
2024-04-15T00:32:36.938 INFO:teuthology.orchestra.run.smithi017.stdout:/usr/bin/ceph: stderr
2024-04-15T00:32:36.015+0000 7f0e0ec33700 1 --2- 172.21.15.17:0/260029278 >> [v2:172.21.15.17:3300/0,v1:172.21.15.17:6789/0] conn(0x7f0e08102930 0x7f0e08102d40 secure :-1 s=READY pgs=45 cs=0 l=1 rev1=1 crypto rx=0x7f0dfc0098e0 tx=0x7f0dfc009250 comp rx=0 tx=0).stop
2024-04-15T00:32:36.938 INFO:teuthology.orchestra.run.smithi017.stdout:/usr/bin/ceph: stderr
2024-04-15T00:32:36.015+0000 7f0e0ec33700 1 -- 172.21.15.17:0/260029278 shutdown_connections
2024-04-15T00:32:36.938 INFO:teuthology.orchestra.run.smithi017.stdout:/usr/bin/ceph: stderr
2024-04-15T00:32:36.015+0000 7f0e0ec33700 1 --2- 172.21.15.17:0/260029278 >> [v2:172.21.15.17:3300/0,v1:172.21.15.17:6789/0] conn(0x7f0e08102930 0x7f0e08102d40 unknown :-1 s=CLOSED pgs=45 cs=0 l=1 rev1=1 crypto rx=0 tx=0 comp rx=0 tx=0).stop
2024-04-15T00:32:36.938 INFO:teuthology.orchestra.run.smithi017.stdout:/usr/bin/ceph: stderr
2024-04-15T00:32:36.015+0000 7f0e0ec33700 1 -- 172.21.15.17:0/260029278 >> 172.21.15.17:0/260029278 conn(0x7f0e080fe140 msgr2=0x7f0e08100550 unknown :-1 s=STATE_NONE l=0).mark_down
2024-04-15T00:32:36.938 INFO:teuthology.orchestra.run.smithi017.stdout:/usr/bin/ceph: stderr
2024-04-15T00:32:36.015+0000 7f0e0ec33700 1 -- 172.21.15.17:0/260029278 shutdown_connections
2024-04-15T00:32:36.938 INFO:teuthology.orchestra.run.smithi017.stdout:/usr/bin/ceph: stderr
2024-04-15T00:32:36.015+0000 7f0e0ec33700 1 -- 172.21.15.17:0/260029278 wait complete.
2024-04-15T00:32:36.939 INFO:teuthology.orchestra.run.smithi017.stdout:/usr/bin/ceph: stderr
2024-04-15T00:32:36.017+0000 7f0e0ec33700 1 Processor -- start
2024-04-15T00:32:36.939 INFO:teuthology.orchestra.run.smithi017.stdout:/usr/bin/ceph: stderr
2024-04-15T00:32:36.017+0000 7f0e0ec33700 1 -- start start
2024-04-15T00:32:36.939 INFO:teuthology.orchestra.run.smithi017.stdout:/usr/bin/ceph: stderr
2024-04-15T00:32:36.017+0000 7f0e0ec33700 1 --2- >> [v2:172.21.15.17:3300/0,v1:172.21.15.17:6789/0] conn(0x7f0e08102930 0x7f0e08078c50 unknown :-1 s=NONE pgs=0 cs=0 l=1 rev1=0 crypto rx=0 tx=0 comp rx=0 tx=0).connect
2024-04-15T00:32:36.939 INFO:teuthology.orchestra.run.smithi017.stdout:/usr/bin/ceph: stderr
2024-04-15T00:32:36.017+0000 7f0e0ec33700 1 -- --> [v2:172.21.15.17:3300/0,v1:172.21.15.17:6789/0] -- mon_getmap magic: 0 v1 -- 0x7f0e08079190 con 0x7f0e08102930
2024-04-15T00:32:36.939 INFO:teuthology.orchestra.run.smithi017.stdout:/usr/bin/ceph: stderr
2024-04-15T00:32:36.018+0000 7f0e0c9cf700 1 --2- >> [v2:172.21.15.17:3300/0,v1:172.21.15.17:6789/0] conn(0x7f0e08102930 0x7f0e08078c50 unknown :-1 s=BANNER_CONNECTING pgs=0 cs=0 l=1 rev1=0 crypto rx=0 tx=0 comp rx=0 tx=0)._handle_peer_banner_payload supported=3 required=0
2024-04-15T00:32:36.939 INFO:teuthology.orchestra.run.smithi017.stdout:/usr/bin/ceph: stderr
2024-04-15T00:32:36.018+0000 7f0e0c9cf700 1 --2- >> [v2:172.21.15.17:3300/0,v1:172.21.15.17:6789/0] conn(0x7f0e08102930 0x7f0e08078c50 unknown :-1 s=HELLO_CONNECTING pgs=0 cs=0 l=1 rev1=1 crypto rx=0 tx=0 comp rx=0 tx=0).handle_hello peer v2:172.21.15.17:3300/0 says I am v2:172.21.15.17:41702/0 (socket says 172.21.15.17:41702)
2024-04-15T00:32:36.939 INFO:teuthology.orchestra.run.smithi017.stdout:/usr/bin/ceph: stderr
2024-04-15T00:32:36.018+0000 7f0e0c9cf700 1 -- 172.21.15.17:0/1872866066 learned_addr learned my addr 172.21.15.17:0/1872866066 (peer_addr_for_me v2:172.21.15.17:0/0)
2024-04-15T00:32:36.939 INFO:teuthology.orchestra.run.smithi017.stdout:/usr/bin/ceph: stderr
2024-04-15T00:32:36.018+0000 7f0e0c9cf700 1 -- 172.21.15.17:0/1872866066 --> [v2:172.21.15.17:3300/0,v1:172.21.15.17:6789/0] -- mon_subscribe({config=0+,monmap=0+}) v3 -- 0x7f0dfc0094f0 con 0x7f0e08102930
2024-04-15T00:32:36.939 INFO:teuthology.orchestra.run.smithi017.stdout:/usr/bin/ceph: stderr
2024-04-15T00:32:36.018+0000 7f0e0c9cf700 1 --2- 172.21.15.17:0/1872866066 >> [v2:172.21.15.17:3300/0,v1:172.21.15.17:6789/0] conn(0x7f0e08102930 0x7f0e08078c50 secure :-1 s=READY pgs=46 cs=0 l=1 rev1=1 crypto rx=0x7f0dfc010760 tx=0x7f0dfc009250 comp rx=0 tx=0).ready entity=mon.0 client_cookie=0 server_cookie=0 in_seq=0 out_seq=0
2024-04-15T00:32:36.939 INFO:teuthology.orchestra.run.smithi017.stdout:/usr/bin/ceph: stderr
2024-04-15T00:32:36.018+0000 7f0e057fa700 1 -- 172.21.15.17:0/1872866066 <== mon.0 v2:172.21.15.17:3300/0 1 ==== mon_map magic: 0 v1 ==== 229+0+0 (secure 0 0 0) 0x7f0dfc010800 con 0x7f0e08102930
2024-04-15T00:32:36.939 INFO:teuthology.orchestra.run.smithi017.stdout:/usr/bin/ceph: stderr
2024-04-15T00:32:36.018+0000 7f0e057fa700 1 -- 172.21.15.17:0/1872866066 <== mon.0 v2:172.21.15.17:3300/0 2 ==== config(27 keys) v1 ==== 1044+0+0 (secure 0 0 0) 0x7f0dfc010df0 con 0x7f0e08102930
2024-04-15T00:32:36.939 INFO:teuthology.orchestra.run.smithi017.stdout:/usr/bin/ceph: stderr
2024-04-15T00:32:36.018+0000 7f0e0ec33700 1 -- 172.21.15.17:0/1872866066 --> [v2:172.21.15.17:3300/0,v1:172.21.15.17:6789/0] -- mon_subscribe({mgrmap=0+}) v3 -- 0x7f0e08077200 con 0x7f0e08102930
2024-04-15T00:32:36.939 INFO:teuthology.orchestra.run.smithi017.stdout:/usr/bin/ceph: stderr
2024-04-15T00:32:36.018+0000 7f0e057fa700 1 -- 172.21.15.17:0/1872866066 <== mon.0 v2:172.21.15.17:3300/0 3 ==== mon_map magic: 0 v1 ==== 229+0+0 (secure 0 0 0) 0x7f0dfc0193c0 con 0x7f0e08102930
2024-04-15T00:32:36.939 INFO:teuthology.orchestra.run.smithi017.stdout:/usr/bin/ceph: stderr
2024-04-15T00:32:36.018+0000 7f0e0ec33700 1 -- 172.21.15.17:0/1872866066 --> [v2:172.21.15.17:3300/0,v1:172.21.15.17:6789/0] -- mon_subscribe({osdmap=0}) v3 -- 0x7f0e080776f0 con 0x7f0e08102930
2024-04-15T00:32:36.940 INFO:teuthology.orchestra.run.smithi017.stdout:/usr/bin/ceph: stderr
2024-04-15T00:32:36.019+0000 7f0e057fa700 1 -- 172.21.15.17:0/1872866066 <== mon.0 v2:172.21.15.17:3300/0 4 ==== mgrmap(e 8) v1 ==== 43376+0+0 (secure 0 0 0) 0x7f0dfc019680 con 0x7f0e08102930
2024-04-15T00:32:36.940 INFO:teuthology.orchestra.run.smithi017.stdout:/usr/bin/ceph: stderr
2024-04-15T00:32:36.019+0000 7f0e057fa700 1 --2- 172.21.15.17:0/1872866066 >> [v2:172.21.15.17:6800/3791576216,v1:172.21.15.17:6801/3791576216] conn(0x7f0df8036790 0x7f0df8038c40 unknown :-1 s=NONE pgs=0 cs=0 l=1 rev1=0 crypto rx=0 tx=0 comp rx=0 tx=0).connect
2024-04-15T00:32:36.940 INFO:teuthology.orchestra.run.smithi017.stdout:/usr/bin/ceph: stderr
2024-04-15T00:32:36.019+0000 7f0e0ec33700 1 -- 172.21.15.17:0/1872866066 --> [v2:172.21.15.17:3300/0,v1:172.21.15.17:6789/0] -- mon_command({"prefix": "get_command_descriptions"} v 0) v1 -- 0x7f0e0804bed0 con 0x7f0e08102930
2024-04-15T00:32:36.940 INFO:teuthology.orchestra.run.smithi017.stdout:/usr/bin/ceph: stderr
2024-04-15T00:32:36.019+0000 7f0e057fa700 1 -- 172.21.15.17:0/1872866066 <== mon.0 v2:172.21.15.17:3300/0 5 ==== osd_map(2..2 src has 1..2) v4 ==== 936+0+0 (secure 0 0 0) 0x7f0dfc04a690 con 0x7f0e08102930
2024-04-15T00:32:36.940 INFO:teuthology.orchestra.run.smithi017.stdout:/usr/bin/ceph: stderr
2024-04-15T00:32:36.019+0000 7f0e07fff700 1 --2- 172.21.15.17:0/1872866066 >> [v2:172.21.15.17:6800/3791576216,v1:172.21.15.17:6801/3791576216] conn(0x7f0df8036790 0x7f0df8038c40 unknown :-1 s=BANNER_CONNECTING pgs=0 cs=0 l=1 rev1=0 crypto rx=0 tx=0 comp rx=0 tx=0)._handle_peer_banner_payload supported=3 required=0
2024-04-15T00:32:36.940 INFO:teuthology.orchestra.run.smithi017.stdout:/usr/bin/ceph: stderr
2024-04-15T00:32:36.019+0000 7f0e07fff700 1 --2- 172.21.15.17:0/1872866066 >> [v2:172.21.15.17:6800/3791576216,v1:172.21.15.17:6801/3791576216] conn(0x7f0df8036790 0x7f0df8038c40 secure :-1 s=READY pgs=12 cs=0 l=1 rev1=1 crypto rx=0x7f0df4009990 tx=0x7f0df4006e40 comp rx=0 tx=0).ready entity=mgr.14118 client_cookie=0 server_cookie=0 in_seq=0 out_seq=0
2024-04-15T00:32:36.940 INFO:teuthology.orchestra.run.smithi017.stdout:/usr/bin/ceph: stderr
2024-04-15T00:32:36.023+0000 7f0e057fa700 1 -- 172.21.15.17:0/1872866066 <== mon.0 v2:172.21.15.17:3300/0 6 ==== mon_command_ack([{"prefix": "get_command_descriptions"}]=0 v0) v1 ==== 72+0+176702 (secure 0 0 0) 0x7f0dfc019980 con 0x7f0e08102930
2024-04-15T00:32:36.940 INFO:teuthology.orchestra.run.smithi017.stdout:/usr/bin/ceph: stderr
2024-04-15T00:32:36.258+0000 7f0e0ec33700 1 -- 172.21.15.17:0/1872866066 --> [v2:172.21.15.17:6800/3791576216,v1:172.21.15.17:6801/3791576216] -- mgr_command(tid 0: {"prefix": "orch apply", "service_type": "mon", "target": ["mon-mgr", ""]}) v1 -- 0x7f0e08077eb0 con 0x7f0df8036790
2024-04-15T00:32:36.940 INFO:teuthology.orchestra.run.smithi017.stdout:/usr/bin/ceph: stderr
2024-04-15T00:32:36.263+0000 7f0e057fa700 1 -- 172.21.15.17:0/1872866066 <== mgr.14118 v2:172.21.15.17:6800/3791576216 1 ==== mgr_command_reply(tid 0: 0 ) v1 ==== 8+0+24 (secure 0 0 0) 0x7f0e08077eb0 con 0x7f0df8036790
2024-04-15T00:32:36.940 INFO:teuthology.orchestra.run.smithi017.stdout:/usr/bin/ceph: stderr
2024-04-15T00:32:36.265+0000 7f0e0ec33700 1 -- 172.21.15.17:0/1872866066 >> [v2:172.21.15.17:6800/3791576216,v1:172.21.15.17:6801/3791576216] conn(0x7f0df8036790 msgr2=0x7f0df8038c40 secure :-1 s=STATE_CONNECTION_ESTABLISHED l=1).mark_down
2024-04-15T00:32:36.940 INFO:teuthology.orchestra.run.smithi017.stdout:/usr/bin/ceph: stderr
2024-04-15T00:32:36.265+0000 7f0e0ec33700 1 --2- 172.21.15.17:0/1872866066 >> [v2:172.21.15.17:6800/3791576216,v1:172.21.15.17:6801/3791576216] conn(0x7f0df8036790 0x7f0df8038c40 secure :-1 s=READY pgs=12 cs=0 l=1 rev1=1 crypto rx=0x7f0df4009990 tx=0x7f0df4006e40 comp rx=0 tx=0).stop
2024-04-15T00:32:36.940 INFO:teuthology.orchestra.run.smithi017.stdout:/usr/bin/ceph: stderr
2024-04-15T00:32:36.265+0000 7f0e0ec33700 1 -- 172.21.15.17:0/1872866066 >> [v2:172.21.15.17:3300/0,v1:172.21.15.17:6789/0] conn(0x7f0e08102930 msgr2=0x7f0e08078c50 secure :-1 s=STATE_CONNECTION_ESTABLISHED l=1).mark_down
2024-04-15T00:32:36.940 INFO:teuthology.orchestra.run.smithi017.stdout:/usr/bin/ceph: stderr
2024-04-15T00:32:36.265+0000 7f0e0ec33700 1 --2- 172.21.15.17:0/1872866066 >> [v2:172.21.15.17:3300/0,v1:172.21.15.17:6789/0] conn(0x7f0e08102930 0x7f0e08078c50 secure :-1 s=READY pgs=46 cs=0 l=1 rev1=1 crypto rx=0x7f0dfc010760 tx=0x7f0dfc009250 comp rx=0 tx=0).stop
2024-04-15T00:32:36.940 INFO:teuthology.orchestra.run.smithi017.stdout:/usr/bin/ceph: stderr
2024-04-15T00:32:36.265+0000 7f0e0ec33700 1 -- 172.21.15.17:0/1872866066 shutdown_connections
2024-04-15T00:32:36.940 INFO:teuthology.orchestra.run.smithi017.stdout:/usr/bin/ceph: stderr
2024-04-15T00:32:36.265+0000 7f0e0ec33700 1 --2- 172.21.15.17:0/1872866066 >> [v2:172.21.15.17:6800/3791576216,v1:172.21.15.17:6801/3791576216] conn(0x7f0df8036790 0x7f0df8038c40 unknown :-1 s=CLOSED pgs=12 cs=0 l=1 rev1=1 crypto rx=0 tx=0 comp rx=0 tx=0).stop
2024-04-15T00:32:36.941 INFO:teuthology.orchestra.run.smithi017.stdout:/usr/bin/ceph: stderr
2024-04-15T00:32:36.265+0000 7f0e0ec33700 1 --2- 172.21.15.17:0/1872866066 >> [v2:172.21.15.17:3300/0,v1:172.21.15.17:6789/0] conn(0x7f0e08102930 0x7f0e08078c50 unknown :-1 s=CLOSED pgs=46 cs=0 l=1 rev1=1 crypto rx=0 tx=0 comp rx=0 tx=0).stop
2024-04-15T00:32:36.941 INFO:teuthology.orchestra.run.smithi017.stdout:/usr/bin/ceph: stderr
2024-04-15T00:32:36.265+0000 7f0e0ec33700 1 -- 172.21.15.17:0/1872866066 >> 172.21.15.17:0/1872866066 conn(0x7f0e080fe140 msgr2=0x7f0e080feca0 unknown :-1 s=STATE_NONE l=0).mark_down
2024-04-15T00:32:36.941 INFO:teuthology.orchestra.run.smithi017.stdout:/usr/bin/ceph: stderr
2024-04-15T00:32:36.265+0000 7f0e0ec33700 1 -- 172.21.15.17:0/1872866066 shutdown_connections
2024-04-15T00:32:36.941 INFO:teuthology.orchestra.run.smithi017.stdout:/usr/bin/ceph: stderr
2024-04-15T00:32:36.265+0000 7f0e0ec33700 1 -- 172.21.15.17:0/1872866066 wait complete.
2024-04-15T00:32:36.941 INFO:teuthology.orchestra.run.smithi017.stdout:Deploying mgr service with default placement...
2024-04-15T00:32:37.304 INFO:journalctl@ceph.mon.smithi017.smithi017.stdout:Apr 15 00:32:37 smithi017 ceph-mon[29057]: from='client.14140 -' entity='client.admin' cmd=[{"prefix": "orch apply", "service_type": "mon", "target": ["mon-mgr", ""]}]: dispatch
2024-04-15T00:32:37.305 INFO:journalctl@ceph.mon.smithi017.smithi017.stdout:Apr 15 00:32:37 smithi017 ceph-mon[29057]: Saving service mon spec with placement count:5
2024-04-15T00:32:37.305 INFO:journalctl@ceph.mon.smithi017.smithi017.stdout:Apr 15 00:32:37 smithi017 ceph-mon[29057]: from='mgr.14118 172.21.15.17:0/2440739984' entity='mgr.smithi017.amrcxf'
2024-04-15T00:32:38.858 INFO:journalctl@ceph.mon.smithi017.smithi017.stdout:Apr 15 00:32:38 smithi017 ceph-mon[29057]: from='client.14142 -' entity='client.admin' cmd=[{"prefix": "orch apply", "service_type": "mgr", "target": ["mon-mgr", ""]}]: dispatch
2024-04-15T00:32:38.858 INFO:journalctl@ceph.mon.smithi017.smithi017.stdout:Apr 15 00:32:38 smithi017 ceph-mon[29057]: Saving service mgr spec with placement count:2
2024-04-15T00:32:38.858 INFO:journalctl@ceph.mon.smithi017.smithi017.stdout:Apr 15 00:32:38 smithi017 ceph-mon[29057]: from='mgr.14118 172.21.15.17:0/2440739984' entity='mgr.smithi017.amrcxf'
2024-04-15T00:32:38.858 INFO:journalctl@ceph.mon.smithi017.smithi017.stdout:Apr 15 00:32:38 smithi017 ceph-mon[29057]: from='mgr.14118 172.21.15.17:0/2440739984' entity='mgr.smithi017.amrcxf'
2024-04-15T00:32:38.865 INFO:teuthology.orchestra.run.smithi017.stdout:/usr/bin/ceph: stdout Scheduled mgr update...
2024-04-15T00:32:38.865 INFO:teuthology.orchestra.run.smithi017.stdout:/usr/bin/ceph: stderr
2024-04-15T00:32:37.294+0000 7f59478f1700 1 Processor -- start
2024-04-15T00:32:38.865 INFO:teuthology.orchestra.run.smithi017.stdout:/usr/bin/ceph: stderr
2024-04-15T00:32:37.295+0000 7f59478f1700 1 -- start start
2024-04-15T00:32:38.865 INFO:teuthology.orchestra.run.smithi017.stdout:/usr/bin/ceph: stderr
2024-04-15T00:32:37.295+0000 7f59478f1700 1 --2- >> [v2:172.21.15.17:3300/0,v1:172.21.15.17:6789/0] conn(0x7f5940076ac0 0x7f59401079f0 unknown :-1 s=NONE pgs=0 cs=0 l=0 rev1=0 crypto rx=0 tx=0 comp rx=0 tx=0).connect
2024-04-15T00:32:38.865 INFO:teuthology.orchestra.run.smithi017.stdout:/usr/bin/ceph: stderr
2024-04-15T00:32:37.295+0000 7f59478f1700 1 -- --> [v2:172.21.15.17:3300/0,v1:172.21.15.17:6789/0] -- mon_getmap magic: 0 v1 -- 0x7f59401033e0 con 0x7f5940076ac0
2024-04-15T00:32:38.865 INFO:teuthology.orchestra.run.smithi017.stdout:/usr/bin/ceph: stderr
2024-04-15T00:32:37.295+0000 7f594568d700 1 --2- >> [v2:172.21.15.17:3300/0,v1:172.21.15.17:6789/0] conn(0x7f5940076ac0 0x7f59401079f0 unknown :-1 s=BANNER_CONNECTING pgs=0 cs=0 l=0 rev1=0 crypto rx=0 tx=0 comp rx=0 tx=0)._handle_peer_banner_payload supported=3 required=0
2024-04-15T00:32:38.865 INFO:teuthology.orchestra.run.smithi017.stdout:/usr/bin/ceph: stderr
2024-04-15T00:32:37.295+0000 7f594568d700 1 --2- >> [v2:172.21.15.17:3300/0,v1:172.21.15.17:6789/0] conn(0x7f5940076ac0 0x7f59401079f0 unknown :-1 s=HELLO_CONNECTING pgs=0 cs=0 l=0 rev1=1 crypto rx=0 tx=0 comp rx=0 tx=0).handle_hello peer v2:172.21.15.17:3300/0 says I am v2:172.21.15.17:41716/0 (socket says 172.21.15.17:41716)
2024-04-15T00:32:38.866 INFO:teuthology.orchestra.run.smithi017.stdout:/usr/bin/ceph: stderr
2024-04-15T00:32:37.295+0000 7f594568d700 1 -- 172.21.15.17:0/1732326295 learned_addr learned my addr 172.21.15.17:0/1732326295 (peer_addr_for_me v2:172.21.15.17:0/0)
2024-04-15T00:32:38.866 INFO:teuthology.orchestra.run.smithi017.stdout:/usr/bin/ceph: stderr
2024-04-15T00:32:37.295+0000 7f594568d700 1 -- 172.21.15.17:0/1732326295 --> [v2:172.21.15.17:3300/0,v1:172.21.15.17:6789/0] -- mon_subscribe({config=0+,monmap=0+}) v3 -- 0x7f5940076ed0 con 0x7f5940076ac0
2024-04-15T00:32:38.866 INFO:teuthology.orchestra.run.smithi017.stdout:/usr/bin/ceph: stderr
2024-04-15T00:32:37.295+0000 7f594568d700 1 --2- 172.21.15.17:0/1732326295 >> [v2:172.21.15.17:3300/0,v1:172.21.15.17:6789/0] conn(0x7f5940076ac0 0x7f59401079f0 secure :-1 s=READY pgs=47 cs=0 l=1 rev1=1 crypto rx=0x7f59340098e0 tx=0x7f5934009250 comp rx=0 tx=0).ready entity=mon.0 client_cookie=a7363079107aa6af server_cookie=0 in_seq=0 out_seq=0
2024-04-15T00:32:38.866 INFO:teuthology.orchestra.run.smithi017.stdout:/usr/bin/ceph: stderr
2024-04-15T00:32:37.296+0000 7f5933fff700 1 -- 172.21.15.17:0/1732326295 <== mon.0 v2:172.21.15.17:3300/0 1 ==== mon_map magic: 0 v1 ==== 229+0+0 (secure 0 0 0) 0x7f593400b8f0 con 0x7f5940076ac0
2024-04-15T00:32:38.866 INFO:teuthology.orchestra.run.smithi017.stdout:/usr/bin/ceph: stderr
2024-04-15T00:32:37.296+0000 7f5933fff700 1 -- 172.21.15.17:0/1732326295 <== mon.0 v2:172.21.15.17:3300/0 2 ==== config(27 keys) v1 ==== 1044+0+0 (secure 0 0 0) 0x7f5934011420 con 0x7f5940076ac0
2024-04-15T00:32:38.866 INFO:teuthology.orchestra.run.smithi017.stdout:/usr/bin/ceph: stderr
2024-04-15T00:32:37.296+0000 7f5933fff700 1 -- 172.21.15.17:0/1732326295 <== mon.0 v2:172.21.15.17:3300/0 3 ==== mon_map magic: 0 v1 ==== 229+0+0 (secure 0 0 0) 0x7f5934010540 con 0x7f5940076ac0
2024-04-15T00:32:38.866 INFO:teuthology.orchestra.run.smithi017.stdout:/usr/bin/ceph: stderr
2024-04-15T00:32:37.296+0000 7f59478f1700 1 -- 172.21.15.17:0/1732326295 >> [v2:172.21.15.17:3300/0,v1:172.21.15.17:6789/0] conn(0x7f5940076ac0 msgr2=0x7f59401079f0 secure :-1 s=STATE_CONNECTION_ESTABLISHED l=1).mark_down
2024-04-15T00:32:38.866 INFO:teuthology.orchestra.run.smithi017.stdout:/usr/bin/ceph: stderr
2024-04-15T00:32:37.296+0000 7f59478f1700 1 --2- 172.21.15.17:0/1732326295 >> [v2:172.21.15.17:3300/0,v1:172.21.15.17:6789/0] conn(0x7f5940076ac0 0x7f59401079f0 secure :-1 s=READY pgs=47 cs=0 l=1 rev1=1 crypto rx=0x7f59340098e0 tx=0x7f5934009250 comp rx=0 tx=0).stop
2024-04-15T00:32:38.866 INFO:teuthology.orchestra.run.smithi017.stdout:/usr/bin/ceph: stderr
2024-04-15T00:32:37.296+0000 7f59478f1700 1 -- 172.21.15.17:0/1732326295 shutdown_connections
2024-04-15T00:32:38.866 INFO:teuthology.orchestra.run.smithi017.stdout:/usr/bin/ceph: stderr
2024-04-15T00:32:37.296+0000 7f59478f1700 1 --2- 172.21.15.17:0/1732326295 >> [v2:172.21.15.17:3300/0,v1:172.21.15.17:6789/0] conn(0x7f5940076ac0 0x7f59401079f0 unknown :-1 s=CLOSED pgs=47 cs=0 l=1 rev1=1 crypto rx=0 tx=0 comp rx=0 tx=0).stop
2024-04-15T00:32:38.866 INFO:teuthology.orchestra.run.smithi017.stdout:/usr/bin/ceph: stderr
2024-04-15T00:32:37.296+0000 7f59478f1700 1 -- 172.21.15.17:0/1732326295 >> 172.21.15.17:0/1732326295 conn(0x7f59400fcfe0 msgr2=0x7f59400ff430 unknown :-1 s=STATE_NONE l=0).mark_down
2024-04-15T00:32:38.866 INFO:teuthology.orchestra.run.smithi017.stdout:/usr/bin/ceph: stderr
2024-04-15T00:32:37.296+0000 7f59478f1700 1 -- 172.21.15.17:0/1732326295 shutdown_connections
2024-04-15T00:32:38.866 INFO:teuthology.orchestra.run.smithi017.stdout:/usr/bin/ceph: stderr
2024-04-15T00:32:37.296+0000 7f59478f1700 1 -- 172.21.15.17:0/1732326295 wait complete.
2024-04-15T00:32:38.866 INFO:teuthology.orchestra.run.smithi017.stdout:/usr/bin/ceph: stderr
2024-04-15T00:32:37.297+0000 7f59478f1700 1 Processor -- start
2024-04-15T00:32:38.867 INFO:teuthology.orchestra.run.smithi017.stdout:/usr/bin/ceph: stderr
2024-04-15T00:32:37.297+0000 7f59478f1700 1 -- start start
2024-04-15T00:32:38.867 INFO:teuthology.orchestra.run.smithi017.stdout:/usr/bin/ceph: stderr
2024-04-15T00:32:37.297+0000 7f59478f1700 1 --2- >> [v2:172.21.15.17:3300/0,v1:172.21.15.17:6789/0] conn(0x7f5940076ac0 0x7f59401139e0 unknown :-1 s=NONE pgs=0 cs=0 l=1 rev1=0 crypto rx=0 tx=0 comp rx=0 tx=0).connect
2024-04-15T00:32:38.867 INFO:teuthology.orchestra.run.smithi017.stdout:/usr/bin/ceph: stderr
2024-04-15T00:32:37.297+0000 7f59478f1700 1 -- --> [v2:172.21.15.17:3300/0,v1:172.21.15.17:6789/0] -- mon_getmap magic: 0 v1 -- 0x7f5940113f20 con 0x7f5940076ac0
2024-04-15T00:32:38.867 INFO:teuthology.orchestra.run.smithi017.stdout:/usr/bin/ceph: stderr
2024-04-15T00:32:37.297+0000 7f594568d700 1 --2- >> [v2:172.21.15.17:3300/0,v1:172.21.15.17:6789/0] conn(0x7f5940076ac0 0x7f59401139e0 unknown :-1 s=BANNER_CONNECTING pgs=0 cs=0 l=1 rev1=0 crypto rx=0 tx=0 comp rx=0 tx=0)._handle_peer_banner_payload supported=3 required=0
2024-04-15T00:32:38.867 INFO:teuthology.orchestra.run.smithi017.stdout:/usr/bin/ceph: stderr
2024-04-15T00:32:37.297+0000 7f594568d700 1 --2- >> [v2:172.21.15.17:3300/0,v1:172.21.15.17:6789/0] conn(0x7f5940076ac0 0x7f59401139e0 unknown :-1 s=HELLO_CONNECTING pgs=0 cs=0 l=1 rev1=1 crypto rx=0 tx=0 comp rx=0 tx=0).handle_hello peer v2:172.21.15.17:3300/0 says I am v2:172.21.15.17:41724/0 (socket says 172.21.15.17:41724)
2024-04-15T00:32:38.867 INFO:teuthology.orchestra.run.smithi017.stdout:/usr/bin/ceph: stderr
2024-04-15T00:32:37.297+0000 7f594568d700 1 -- 172.21.15.17:0/3799312049 learned_addr learned my addr 172.21.15.17:0/3799312049 (peer_addr_for_me v2:172.21.15.17:0/0)
2024-04-15T00:32:38.867 INFO:teuthology.orchestra.run.smithi017.stdout:/usr/bin/ceph: stderr
2024-04-15T00:32:37.297+0000 7f594568d700 1 -- 172.21.15.17:0/3799312049 --> [v2:172.21.15.17:3300/0,v1:172.21.15.17:6789/0] -- mon_subscribe({config=0+,monmap=0+}) v3 -- 0x7f59340094f0 con 0x7f5940076ac0
2024-04-15T00:32:38.867 INFO:teuthology.orchestra.run.smithi017.stdout:/usr/bin/ceph: stderr
2024-04-15T00:32:37.298+0000 7f594568d700 1 --2- 172.21.15.17:0/3799312049 >> [v2:172.21.15.17:3300/0,v1:172.21.15.17:6789/0] conn(0x7f5940076ac0 0x7f59401139e0 secure :-1 s=READY pgs=48 cs=0 l=1 rev1=1 crypto rx=0x7f59340094c0 tx=0x7f5934009250 comp rx=0 tx=0).ready entity=mon.0 client_cookie=0 server_cookie=0 in_seq=0 out_seq=0
2024-04-15T00:32:38.867 INFO:teuthology.orchestra.run.smithi017.stdout:/usr/bin/ceph: stderr
2024-04-15T00:32:37.298+0000 7f5931ffb700 1 -- 172.21.15.17:0/3799312049 <== mon.0 v2:172.21.15.17:3300/0 1 ==== mon_map magic: 0 v1 ==== 229+0+0 (secure 0 0 0) 0x7f5934010800 con 0x7f5940076ac0
2024-04-15T00:32:38.867 INFO:teuthology.orchestra.run.smithi017.stdout:/usr/bin/ceph: stderr
2024-04-15T00:32:37.298+0000 7f5931ffb700 1 -- 172.21.15.17:0/3799312049 <== mon.0 v2:172.21.15.17:3300/0 2 ==== config(27 keys) v1 ==== 1044+0+0 (secure 0 0 0) 0x7f5934010df0 con 0x7f5940076ac0
2024-04-15T00:32:38.867 INFO:teuthology.orchestra.run.smithi017.stdout:/usr/bin/ceph: stderr
2024-04-15T00:32:37.298+0000 7f5931ffb700 1 -- 172.21.15.17:0/3799312049 <== mon.0 v2:172.21.15.17:3300/0 3 ==== mon_map magic: 0 v1 ==== 229+0+0 (secure 0 0 0) 0x7f593401add0 con 0x7f5940076ac0
2024-04-15T00:32:38.867 INFO:teuthology.orchestra.run.smithi017.stdout:/usr/bin/ceph: stderr
2024-04-15T00:32:37.298+0000 7f59478f1700 1 -- 172.21.15.17:0/3799312049 --> [v2:172.21.15.17:3300/0,v1:172.21.15.17:6789/0] -- mon_subscribe({mgrmap=0+}) v3 -- 0x7f5940114120 con 0x7f5940076ac0
2024-04-15T00:32:38.867 INFO:teuthology.orchestra.run.smithi017.stdout:/usr/bin/ceph: stderr
2024-04-15T00:32:37.298+0000 7f59478f1700 1 -- 172.21.15.17:0/3799312049 --> [v2:172.21.15.17:3300/0,v1:172.21.15.17:6789/0] -- mon_subscribe({osdmap=0}) v3 -- 0x7f5940114c90 con 0x7f5940076ac0
2024-04-15T00:32:38.867 INFO:teuthology.orchestra.run.smithi017.stdout:/usr/bin/ceph: stderr
2024-04-15T00:32:37.299+0000 7f5931ffb700 1 -- 172.21.15.17:0/3799312049 <== mon.0 v2:172.21.15.17:3300/0 4 ==== mgrmap(e 8) v1 ==== 43376+0+0 (secure 0 0 0) 0x7f5934010960 con 0x7f5940076ac0
2024-04-15T00:32:38.867 INFO:teuthology.orchestra.run.smithi017.stdout:/usr/bin/ceph: stderr
2024-04-15T00:32:37.299+0000 7f5931ffb700 1 --2- 172.21.15.17:0/3799312049 >> [v2:172.21.15.17:6800/3791576216,v1:172.21.15.17:6801/3791576216] conn(0x7f592c036790 0x7f592c038c40 unknown :-1 s=NONE pgs=0 cs=0 l=1 rev1=0 crypto rx=0 tx=0 comp rx=0 tx=0).connect
2024-04-15T00:32:38.868 INFO:teuthology.orchestra.run.smithi017.stdout:/usr/bin/ceph: stderr
2024-04-15T00:32:37.299+0000 7f59478f1700 1 -- 172.21.15.17:0/3799312049 --> [v2:172.21.15.17:3300/0,v1:172.21.15.17:6789/0] -- mon_command({"prefix": "get_command_descriptions"} v 0) v1 -- 0x7f594005f5f0 con 0x7f5940076ac0
2024-04-15T00:32:38.868 INFO:teuthology.orchestra.run.smithi017.stdout:/usr/bin/ceph: stderr
2024-04-15T00:32:37.299+0000 7f5931ffb700 1 -- 172.21.15.17:0/3799312049 <== mon.0 v2:172.21.15.17:3300/0 5 ==== osd_map(2..2 src has 1..2) v4 ==== 936+0+0 (secure 0 0 0) 0x7f593404a4c0 con 0x7f5940076ac0
2024-04-15T00:32:38.868 INFO:teuthology.orchestra.run.smithi017.stdout:/usr/bin/ceph: stderr
2024-04-15T00:32:37.299+0000 7f5944e8c700 1 --2- 172.21.15.17:0/3799312049 >> [v2:172.21.15.17:6800/3791576216,v1:172.21.15.17:6801/3791576216] conn(0x7f592c036790 0x7f592c038c40 unknown :-1 s=BANNER_CONNECTING pgs=0 cs=0 l=1 rev1=0 crypto rx=0 tx=0 comp rx=0 tx=0)._handle_peer_banner_payload supported=3 required=0
2024-04-15T00:32:38.868 INFO:teuthology.orchestra.run.smithi017.stdout:/usr/bin/ceph: stderr
2024-04-15T00:32:37.300+0000 7f5944e8c700 1 --2- 172.21.15.17:0/3799312049 >> [v2:172.21.15.17:6800/3791576216,v1:172.21.15.17:6801/3791576216] conn(0x7f592c036790 0x7f592c038c40 secure :-1 s=READY pgs=13 cs=0 l=1 rev1=1 crypto rx=0x7f593c009990 tx=0x7f593c006e40 comp rx=0 tx=0).ready entity=mgr.14118 client_cookie=0 server_cookie=0 in_seq=0 out_seq=0
2024-04-15T00:32:38.868 INFO:teuthology.orchestra.run.smithi017.stdout:/usr/bin/ceph: stderr
2024-04-15T00:32:37.304+0000 7f5931ffb700 1 -- 172.21.15.17:0/3799312049 <== mon.0 v2:172.21.15.17:3300/0 6 ==== mon_command_ack([{"prefix": "get_command_descriptions"}]=0 v0) v1 ==== 72+0+176702 (secure 0 0 0) 0x7f593401a430 con 0x7f5940076ac0
2024-04-15T00:32:38.868 INFO:teuthology.orchestra.run.smithi017.stdout:/usr/bin/ceph: stderr
2024-04-15T00:32:37.509+0000 7f59478f1700 1 -- 172.21.15.17:0/3799312049 --> [v2:172.21.15.17:6800/3791576216,v1:172.21.15.17:6801/3791576216] -- mgr_command(tid 0: {"prefix": "orch apply", "service_type": "mgr", "target": ["mon-mgr", ""]}) v1 -- 0x7f5940115870 con 0x7f592c036790
2024-04-15T00:32:38.868 INFO:teuthology.orchestra.run.smithi017.stdout:/usr/bin/ceph: stderr
2024-04-15T00:32:37.514+0000 7f5931ffb700 1 -- 172.21.15.17:0/3799312049 <== mgr.14118 v2:172.21.15.17:6800/3791576216 1 ==== mgr_command_reply(tid 0: 0 ) v1 ==== 8+0+24 (secure 0 0 0) 0x7f5940115870 con 0x7f592c036790
2024-04-15T00:32:38.868 INFO:teuthology.orchestra.run.smithi017.stdout:/usr/bin/ceph: stderr
2024-04-15T00:32:37.516+0000 7f59478f1700 1 -- 172.21.15.17:0/3799312049 >> [v2:172.21.15.17:6800/3791576216,v1:172.21.15.17:6801/3791576216] conn(0x7f592c036790 msgr2=0x7f592c038c40 secure :-1 s=STATE_CONNECTION_ESTABLISHED l=1).mark_down
2024-04-15T00:32:38.868 INFO:teuthology.orchestra.run.smithi017.stdout:/usr/bin/ceph: stderr
2024-04-15T00:32:37.516+0000 7f59478f1700 1 --2- 172.21.15.17:0/3799312049 >> [v2:172.21.15.17:6800/3791576216,v1:172.21.15.17:6801/3791576216] conn(0x7f592c036790 0x7f592c038c40 secure :-1 s=READY pgs=13 cs=0 l=1 rev1=1 crypto rx=0x7f593c009990 tx=0x7f593c006e40 comp rx=0 tx=0).stop
2024-04-15T00:32:38.868 INFO:teuthology.orchestra.run.smithi017.stdout:/usr/bin/ceph: stderr
2024-04-15T00:32:37.516+0000 7f59478f1700 1 -- 172.21.15.17:0/3799312049 >> [v2:172.21.15.17:3300/0,v1:172.21.15.17:6789/0] conn(0x7f5940076ac0 msgr2=0x7f59401139e0 secure :-1 s=STATE_CONNECTION_ESTABLISHED l=1).mark_down
2024-04-15T00:32:38.868 INFO:teuthology.orchestra.run.smithi017.stdout:/usr/bin/ceph: stderr
2024-04-15T00:32:37.516+0000 7f59478f1700 1 --2- 172.21.15.17:0/3799312049 >> [v2:172.21.15.17:3300/0,v1:172.21.15.17:6789/0] conn(0x7f5940076ac0 0x7f59401139e0 secure :-1 s=READY pgs=48 cs=0 l=1 rev1=1 crypto rx=0x7f59340094c0 tx=0x7f5934009250 comp rx=0 tx=0).stop
2024-04-15T00:32:38.868 INFO:teuthology.orchestra.run.smithi017.stdout:/usr/bin/ceph: stderr
2024-04-15T00:32:37.516+0000 7f59478f1700 1 -- 172.21.15.17:0/3799312049 shutdown_connections
2024-04-15T00:32:38.868 INFO:teuthology.orchestra.run.smithi017.stdout:/usr/bin/ceph: stderr
2024-04-15T00:32:37.516+0000 7f59478f1700 1 --2- 172.21.15.17:0/3799312049 >> [v2:172.21.15.17:6800/3791576216,v1:172.21.15.17:6801/3791576216] conn(0x7f592c036790 0x7f592c038c40 unknown :-1 s=CLOSED pgs=13 cs=0 l=1 rev1=1 crypto rx=0 tx=0 comp rx=0 tx=0).stop
2024-04-15T00:32:38.868 INFO:teuthology.orchestra.run.smithi017.stdout:/usr/bin/ceph: stderr
2024-04-15T00:32:37.516+0000 7f59478f1700 1 --2- 172.21.15.17:0/3799312049 >> [v2:172.21.15.17:3300/0,v1:172.21.15.17:6789/0] conn(0x7f5940076ac0 0x7f59401139e0 unknown :-1 s=CLOSED pgs=48 cs=0 l=1 rev1=1 crypto rx=0 tx=0 comp rx=0 tx=0).stop
2024-04-15T00:32:38.869 INFO:teuthology.orchestra.run.smithi017.stdout:/usr/bin/ceph: stderr
2024-04-15T00:32:37.516+0000 7f59478f1700 1 -- 172.21.15.17:0/3799312049 >> 172.21.15.17:0/3799312049 conn(0x7f59400fcfe0 msgr2=0x7f59400fdd10 unknown :-1 s=STATE_NONE l=0).mark_down
2024-04-15T00:32:38.869 INFO:teuthology.orchestra.run.smithi017.stdout:/usr/bin/ceph: stderr
2024-04-15T00:32:37.516+0000 7f59478f1700 1 -- 172.21.15.17:0/3799312049 shutdown_connections
2024-04-15T00:32:38.869 INFO:teuthology.orchestra.run.smithi017.stdout:/usr/bin/ceph: stderr
2024-04-15T00:32:37.516+0000 7f59478f1700 1 -- 172.21.15.17:0/3799312049 wait complete.
2024-04-15T00:32:38.869 INFO:teuthology.orchestra.run.smithi017.stdout:Deploying crash service with default placement...
2024-04-15T00:32:40.014 INFO:teuthology.orchestra.run.smithi017.stdout:/usr/bin/ceph: stdout Scheduled crash update...
2024-04-15T00:32:40.014 INFO:teuthology.orchestra.run.smithi017.stdout:/usr/bin/ceph: stderr
2024-04-15T00:32:39.300+0000 7f41048fc700 1 Processor -- start
2024-04-15T00:32:40.014 INFO:teuthology.orchestra.run.smithi017.stdout:/usr/bin/ceph: stderr
2024-04-15T00:32:39.300+0000 7f41048fc700 1 -- start start
2024-04-15T00:32:40.014 INFO:teuthology.orchestra.run.smithi017.stdout:/usr/bin/ceph: stderr
2024-04-15T00:32:39.301+0000 7f41048fc700 1 --2- >> [v2:172.21.15.17:3300/0,v1:172.21.15.17:6789/0] conn(0x7f4100076b40 0x7f4100105580 unknown :-1 s=NONE pgs=0 cs=0 l=0 rev1=0 crypto rx=0 tx=0 comp rx=0 tx=0).connect
2024-04-15T00:32:40.014 INFO:teuthology.orchestra.run.smithi017.stdout:/usr/bin/ceph: stderr
2024-04-15T00:32:39.301+0000 7f41048fc700 1 -- --> [v2:172.21.15.17:3300/0,v1:172.21.15.17:6789/0] -- mon_getmap magic: 0 v1 -- 0x7f4100076f50 con 0x7f4100076b40
2024-04-15T00:32:40.014 INFO:teuthology.orchestra.run.smithi017.stdout:/usr/bin/ceph: stderr
2024-04-15T00:32:39.301+0000 7f40fe59c700 1 --2- >> [v2:172.21.15.17:3300/0,v1:172.21.15.17:6789/0] conn(0x7f4100076b40 0x7f4100105580 unknown :-1 s=BANNER_CONNECTING pgs=0 cs=0 l=0 rev1=0 crypto rx=0 tx=0 comp rx=0 tx=0)._handle_peer_banner_payload supported=3 required=0
2024-04-15T00:32:40.014 INFO:teuthology.orchestra.run.smithi017.stdout:/usr/bin/ceph: stderr
2024-04-15T00:32:39.301+0000 7f40fe59c700 1 --2- >> [v2:172.21.15.17:3300/0,v1:172.21.15.17:6789/0] conn(0x7f4100076b40 0x7f4100105580 unknown :-1 s=HELLO_CONNECTING pgs=0 cs=0 l=0 rev1=1 crypto rx=0 tx=0 comp rx=0 tx=0).handle_hello peer v2:172.21.15.17:3300/0 says I am v2:172.21.15.17:41726/0 (socket says 172.21.15.17:41726)
2024-04-15T00:32:40.014 INFO:teuthology.orchestra.run.smithi017.stdout:/usr/bin/ceph: stderr
2024-04-15T00:32:39.301+0000 7f40fe59c700 1 -- 172.21.15.17:0/2073179877 learned_addr learned my addr 172.21.15.17:0/2073179877 (peer_addr_for_me v2:172.21.15.17:0/0)
2024-04-15T00:32:40.014 INFO:teuthology.orchestra.run.smithi017.stdout:/usr/bin/ceph: stderr
2024-04-15T00:32:39.301+0000 7f40fe59c700 1 -- 172.21.15.17:0/2073179877 --> [v2:172.21.15.17:3300/0,v1:172.21.15.17:6789/0] -- mon_subscribe({config=0+,monmap=0+}) v3 -- 0x7f4100105ac0 con 0x7f4100076b40
2024-04-15T00:32:40.014 INFO:teuthology.orchestra.run.smithi017.stdout:/usr/bin/ceph: stderr
2024-04-15T00:32:39.301+0000 7f40fe59c700 1 --2- 172.21.15.17:0/2073179877 >> [v2:172.21.15.17:3300/0,v1:172.21.15.17:6789/0] conn(0x7f4100076b40 0x7f4100105580 secure :-1 s=READY pgs=49 cs=0 l=1 rev1=1 crypto rx=0x7f40f00098e0 tx=0x7f40f0009250 comp rx=0 tx=0).ready entity=mon.0 client_cookie=81b57d175d7b3e3d server_cookie=0 in_seq=0 out_seq=0
2024-04-15T00:32:40.015 INFO:teuthology.orchestra.run.smithi017.stdout:/usr/bin/ceph: stderr
2024-04-15T00:32:39.301+0000 7f40fd59a700 1 -- 172.21.15.17:0/2073179877 <== mon.0 v2:172.21.15.17:3300/0 1 ==== mon_map magic: 0 v1 ==== 229+0+0 (secure 0 0 0) 0x7f40f000b8f0 con 0x7f4100076b40
2024-04-15T00:32:40.015 INFO:teuthology.orchestra.run.smithi017.stdout:/usr/bin/ceph: stderr
2024-04-15T00:32:39.301+0000 7f40fd59a700 1 -- 172.21.15.17:0/2073179877 <== mon.0 v2:172.21.15.17:3300/0 2 ==== config(27 keys) v1 ==== 1109+0+0 (secure 0 0 0) 0x7f40f0011420 con 0x7f4100076b40
2024-04-15T00:32:40.015 INFO:teuthology.orchestra.run.smithi017.stdout:/usr/bin/ceph: stderr
2024-04-15T00:32:39.301+0000 7f40fd59a700 1 -- 172.21.15.17:0/2073179877 <== mon.0 v2:172.21.15.17:3300/0 3 ==== mon_map magic: 0 v1 ==== 229+0+0 (secure 0 0 0) 0x7f40f0010540 con 0x7f4100076b40
2024-04-15T00:32:40.015 INFO:teuthology.orchestra.run.smithi017.stdout:/usr/bin/ceph: stderr
2024-04-15T00:32:39.302+0000 7f41048fc700 1 -- 172.21.15.17:0/2073179877 >> [v2:172.21.15.17:3300/0,v1:172.21.15.17:6789/0] conn(0x7f4100076b40 msgr2=0x7f4100105580 secure :-1 s=STATE_CONNECTION_ESTABLISHED l=1).mark_down
2024-04-15T00:32:40.015 INFO:teuthology.orchestra.run.smithi017.stdout:/usr/bin/ceph: stderr
2024-04-15T00:32:39.302+0000 7f41048fc700 1 --2- 172.21.15.17:0/2073179877 >> [v2:172.21.15.17:3300/0,v1:172.21.15.17:6789/0] conn(0x7f4100076b40 0x7f4100105580 secure :-1 s=READY pgs=49 cs=0 l=1 rev1=1 crypto rx=0x7f40f00098e0 tx=0x7f40f0009250 comp rx=0 tx=0).stop
2024-04-15T00:32:40.015 INFO:teuthology.orchestra.run.smithi017.stdout:/usr/bin/ceph: stderr
2024-04-15T00:32:39.302+0000 7f41048fc700 1 -- 172.21.15.17:0/2073179877 shutdown_connections
2024-04-15T00:32:40.015 INFO:teuthology.orchestra.run.smithi017.stdout:/usr/bin/ceph: stderr
2024-04-15T00:32:39.302+0000 7f41048fc700 1 --2- 172.21.15.17:0/2073179877 >> [v2:172.21.15.17:3300/0,v1:172.21.15.17:6789/0] conn(0x7f4100076b40 0x7f4100105580 unknown :-1 s=CLOSED pgs=49 cs=0 l=1 rev1=1 crypto rx=0 tx=0 comp rx=0 tx=0).stop
2024-04-15T00:32:40.015 INFO:teuthology.orchestra.run.smithi017.stdout:/usr/bin/ceph: stderr
2024-04-15T00:32:39.302+0000 7f41048fc700 1 -- 172.21.15.17:0/2073179877 >> 172.21.15.17:0/2073179877 conn(0x7f41000fd010 msgr2=0x7f41000ff440 unknown :-1 s=STATE_NONE l=0).mark_down
2024-04-15T00:32:40.015 INFO:teuthology.orchestra.run.smithi017.stdout:/usr/bin/ceph: stderr
2024-04-15T00:32:39.302+0000 7f41048fc700 1 -- 172.21.15.17:0/2073179877 shutdown_connections
2024-04-15T00:32:40.015 INFO:teuthology.orchestra.run.smithi017.stdout:/usr/bin/ceph: stderr
2024-04-15T00:32:39.302+0000 7f41048fc700 1 -- 172.21.15.17:0/2073179877 wait complete.
2024-04-15T00:32:40.015 INFO:teuthology.orchestra.run.smithi017.stdout:/usr/bin/ceph: stderr
2024-04-15T00:32:39.302+0000 7f41048fc700 1 Processor -- start
2024-04-15T00:32:40.015 INFO:teuthology.orchestra.run.smithi017.stdout:/usr/bin/ceph: stderr
2024-04-15T00:32:39.303+0000 7f41048fc700 1 -- start start
2024-04-15T00:32:40.015 INFO:teuthology.orchestra.run.smithi017.stdout:/usr/bin/ceph: stderr
2024-04-15T00:32:39.303+0000 7f41048fc700 1 --2- >> [v2:172.21.15.17:3300/0,v1:172.21.15.17:6789/0] conn(0x7f4100076b40 0x7f4100102ed0 unknown :-1 s=NONE pgs=0 cs=0 l=1 rev1=0 crypto rx=0 tx=0 comp rx=0 tx=0).connect
2024-04-15T00:32:40.015 INFO:teuthology.orchestra.run.smithi017.stdout:/usr/bin/ceph: stderr
2024-04-15T00:32:39.303+0000 7f41048fc700 1 -- --> [v2:172.21.15.17:3300/0,v1:172.21.15.17:6789/0] -- mon_getmap magic: 0 v1 -- 0x7f4100103410 con 0x7f4100076b40
2024-04-15T00:32:40.016 INFO:teuthology.orchestra.run.smithi017.stdout:/usr/bin/ceph: stderr
2024-04-15T00:32:39.303+0000 7f40fe59c700 1 --2- >> [v2:172.21.15.17:3300/0,v1:172.21.15.17:6789/0] conn(0x7f4100076b40 0x7f4100102ed0 unknown :-1 s=BANNER_CONNECTING pgs=0 cs=0 l=1 rev1=0 crypto rx=0 tx=0 comp rx=0 tx=0)._handle_peer_banner_payload supported=3 required=0
2024-04-15T00:32:40.016 INFO:teuthology.orchestra.run.smithi017.stdout:/usr/bin/ceph: stderr
2024-04-15T00:32:39.303+0000 7f40fe59c700 1 --2- >> [v2:172.21.15.17:3300/0,v1:172.21.15.17:6789/0] conn(0x7f4100076b40 0x7f4100102ed0 unknown :-1 s=HELLO_CONNECTING pgs=0 cs=0 l=1 rev1=1 crypto rx=0 tx=0 comp rx=0 tx=0).handle_hello peer v2:172.21.15.17:3300/0 says I am v2:172.21.15.17:41740/0 (socket says 172.21.15.17:41740)
2024-04-15T00:32:40.016 INFO:teuthology.orchestra.run.smithi017.stdout:/usr/bin/ceph: stderr
2024-04-15T00:32:39.303+0000 7f40fe59c700 1 -- 172.21.15.17:0/2948046514 learned_addr learned my addr 172.21.15.17:0/2948046514 (peer_addr_for_me v2:172.21.15.17:0/0)
2024-04-15T00:32:40.016 INFO:teuthology.orchestra.run.smithi017.stdout:/usr/bin/ceph: stderr
