2024-04-15T00:32:48.079 INFO:teuthology.orchestra.run.smithi017.stdout:/usr/bin/ceph: stderr
2024-04-15T00:32:47.243+0000 7f4b68b40700 1 -- 172.21.15.17:0/1525400107 --> [v2:172.21.15.17:3300/0,v1:172.21.15.17:6789/0] -- mon_subscribe({osdmap=0}) v3 -- 0x7f4b641107b0 con 0x7f4b641018a0
2024-04-15T00:32:48.079 INFO:teuthology.orchestra.run.smithi017.stdout:/usr/bin/ceph: stderr
2024-04-15T00:32:47.243+0000 7f4b5affd700 1 -- 172.21.15.17:0/1525400107 <== mon.0 v2:172.21.15.17:3300/0 4 ==== mgrmap(e 8) v1 ==== 43376+0+0 (secure 0 0 0) 0x7f4b540148f0 con 0x7f4b641018a0
2024-04-15T00:32:48.079 INFO:teuthology.orchestra.run.smithi017.stdout:/usr/bin/ceph: stderr
2024-04-15T00:32:47.243+0000 7f4b68b40700 1 -- 172.21.15.17:0/1525400107 --> [v2:172.21.15.17:3300/0,v1:172.21.15.17:6789/0] -- mon_command({"prefix": "get_command_descriptions"} v 0) v1 -- 0x7f4b6405f5f0 con 0x7f4b641018a0
2024-04-15T00:32:48.080 INFO:teuthology.orchestra.run.smithi017.stdout:/usr/bin/ceph: stderr
2024-04-15T00:32:47.244+0000 7f4b5affd700 1 --2- 172.21.15.17:0/1525400107 >> [v2:172.21.15.17:6800/3791576216,v1:172.21.15.17:6801/3791576216] conn(0x7f4b500367e0 0x7f4b50038c90 unknown :-1 s=NONE pgs=0 cs=0 l=1 rev1=0 crypto rx=0 tx=0 comp rx=0 tx=0).connect
2024-04-15T00:32:48.080 INFO:teuthology.orchestra.run.smithi017.stdout:/usr/bin/ceph: stderr
2024-04-15T00:32:47.244+0000 7f4b5affd700 1 -- 172.21.15.17:0/1525400107 <== mon.0 v2:172.21.15.17:3300/0 5 ==== osd_map(2..2 src has 1..2) v4 ==== 936+0+0 (secure 0 0 0) 0x7f4b5404c260 con 0x7f4b641018a0
2024-04-15T00:32:48.080 INFO:teuthology.orchestra.run.smithi017.stdout:/usr/bin/ceph: stderr
2024-04-15T00:32:47.244+0000 7f4b61d9b700 1 --2- 172.21.15.17:0/1525400107 >> [v2:172.21.15.17:6800/3791576216,v1:172.21.15.17:6801/3791576216] conn(0x7f4b500367e0 0x7f4b50038c90 unknown :-1 s=BANNER_CONNECTING pgs=0 cs=0 l=1 rev1=0 crypto rx=0 tx=0 comp rx=0 tx=0)._handle_peer_banner_payload supported=3 required=0
2024-04-15T00:32:48.080 INFO:teuthology.orchestra.run.smithi017.stdout:/usr/bin/ceph: stderr
2024-04-15T00:32:47.244+0000 7f4b61d9b700 1 --2- 172.21.15.17:0/1525400107 >> [v2:172.21.15.17:6800/3791576216,v1:172.21.15.17:6801/3791576216] conn(0x7f4b500367e0 0x7f4b50038c90 secure :-1 s=READY pgs=20 cs=0 l=1 rev1=1 crypto rx=0x7f4b4c009990 tx=0x7f4b4c006e40 comp rx=0 tx=0).ready entity=mgr.14118 client_cookie=0 server_cookie=0 in_seq=0 out_seq=0
2024-04-15T00:32:48.080 INFO:teuthology.orchestra.run.smithi017.stdout:/usr/bin/ceph: stderr
2024-04-15T00:32:47.248+0000 7f4b5affd700 1 -- 172.21.15.17:0/1525400107 <== mon.0 v2:172.21.15.17:3300/0 6 ==== mon_command_ack([{"prefix": "get_command_descriptions"}]=0 v0) v1 ==== 72+0+176702 (secure 0 0 0) 0x7f4b54013390 con 0x7f4b641018a0
2024-04-15T00:32:48.080 INFO:teuthology.orchestra.run.smithi017.stdout:/usr/bin/ceph: stderr
2024-04-15T00:32:47.443+0000 7f4b68b40700 1 -- 172.21.15.17:0/1525400107 --> [v2:172.21.15.17:3300/0,v1:172.21.15.17:6789/0] -- mon_command([{prefix=config set, name=mgr/dashboard/ssl_server_port}] v 0) v1 -- 0x7f4b64111390 con 0x7f4b641018a0
2024-04-15T00:32:48.080 INFO:teuthology.orchestra.run.smithi017.stdout:/usr/bin/ceph: stderr
2024-04-15T00:32:47.446+0000 7f4b5affd700 1 -- 172.21.15.17:0/1525400107 <== mon.0 v2:172.21.15.17:3300/0 7 ==== mon_command_ack([{prefix=config set, name=mgr/dashboard/ssl_server_port}]=0 v8)=0 v8) v1 ==== 130+0+0 (secure 0 0 0) 0x7f4b54019070 con 0x7f4b641018a0
2024-04-15T00:32:48.080 INFO:teuthology.orchestra.run.smithi017.stdout:/usr/bin/ceph: stderr
2024-04-15T00:32:47.448+0000 7f4b68b40700 1 -- 172.21.15.17:0/1525400107 >> [v2:172.21.15.17:6800/3791576216,v1:172.21.15.17:6801/3791576216] conn(0x7f4b500367e0 msgr2=0x7f4b50038c90 secure :-1 s=STATE_CONNECTION_ESTABLISHED l=1).mark_down
2024-04-15T00:32:48.080 INFO:teuthology.orchestra.run.smithi017.stdout:/usr/bin/ceph: stderr
2024-04-15T00:32:47.448+0000 7f4b68b40700 1 --2- 172.21.15.17:0/1525400107 >> [v2:172.21.15.17:6800/3791576216,v1:172.21.15.17:6801/3791576216] conn(0x7f4b500367e0 0x7f4b50038c90 secure :-1 s=READY pgs=20 cs=0 l=1 rev1=1 crypto rx=0x7f4b4c009990 tx=0x7f4b4c006e40 comp rx=0 tx=0).stop
2024-04-15T00:32:48.080 INFO:teuthology.orchestra.run.smithi017.stdout:/usr/bin/ceph: stderr
2024-04-15T00:32:47.448+0000 7f4b68b40700 1 -- 172.21.15.17:0/1525400107 >> [v2:172.21.15.17:3300/0,v1:172.21.15.17:6789/0] conn(0x7f4b641018a0 msgr2=0x7f4b6410f500 secure :-1 s=STATE_CONNECTION_ESTABLISHED l=1).mark_down
2024-04-15T00:32:48.080 INFO:teuthology.orchestra.run.smithi017.stdout:/usr/bin/ceph: stderr
2024-04-15T00:32:47.448+0000 7f4b68b40700 1 --2- 172.21.15.17:0/1525400107 >> [v2:172.21.15.17:3300/0,v1:172.21.15.17:6789/0] conn(0x7f4b641018a0 0x7f4b6410f500 secure :-1 s=READY pgs=62 cs=0 l=1 rev1=1 crypto rx=0x7f4b54009f50 tx=0x7f4b5400ba50 comp rx=0 tx=0).stop
2024-04-15T00:32:48.080 INFO:teuthology.orchestra.run.smithi017.stdout:/usr/bin/ceph: stderr
2024-04-15T00:32:47.448+0000 7f4b68b40700 1 -- 172.21.15.17:0/1525400107 shutdown_connections
2024-04-15T00:32:48.080 INFO:teuthology.orchestra.run.smithi017.stdout:/usr/bin/ceph: stderr
2024-04-15T00:32:47.448+0000 7f4b68b40700 1 --2- 172.21.15.17:0/1525400107 >> [v2:172.21.15.17:6800/3791576216,v1:172.21.15.17:6801/3791576216] conn(0x7f4b500367e0 0x7f4b50038c90 unknown :-1 s=CLOSED pgs=20 cs=0 l=1 rev1=1 crypto rx=0 tx=0 comp rx=0 tx=0).stop
2024-04-15T00:32:48.080 INFO:teuthology.orchestra.run.smithi017.stdout:/usr/bin/ceph: stderr
2024-04-15T00:32:47.448+0000 7f4b68b40700 1 --2- 172.21.15.17:0/1525400107 >> [v2:172.21.15.17:3300/0,v1:172.21.15.17:6789/0] conn(0x7f4b641018a0 0x7f4b6410f500 unknown :-1 s=CLOSED pgs=62 cs=0 l=1 rev1=1 crypto rx=0 tx=0 comp rx=0 tx=0).stop
2024-04-15T00:32:48.081 INFO:teuthology.orchestra.run.smithi017.stdout:/usr/bin/ceph: stderr
2024-04-15T00:32:47.448+0000 7f4b68b40700 1 -- 172.21.15.17:0/1525400107 >> 172.21.15.17:0/1525400107 conn(0x7f4b640fcfe0 msgr2=0x7f4b64105cf0 unknown :-1 s=STATE_NONE l=0).mark_down
2024-04-15T00:32:48.081 INFO:teuthology.orchestra.run.smithi017.stdout:/usr/bin/ceph: stderr
2024-04-15T00:32:47.448+0000 7f4b68b40700 1 -- 172.21.15.17:0/1525400107 shutdown_connections
2024-04-15T00:32:48.081 INFO:teuthology.orchestra.run.smithi017.stdout:/usr/bin/ceph: stderr
2024-04-15T00:32:47.448+0000 7f4b68b40700 1 -- 172.21.15.17:0/1525400107 wait complete.
2024-04-15T00:32:48.081 INFO:teuthology.orchestra.run.smithi017.stdout:Enabling the dashboard module...
2024-04-15T00:32:48.634 INFO:journalctl@ceph.mon.smithi017.smithi017.stdout:Apr 15 00:32:48 smithi017 ceph-mon[29057]: from='client.? 172.21.15.17:0/1525400107' entity='client.admin'
2024-04-15T00:32:48.634 INFO:journalctl@ceph.mon.smithi017.smithi017.stdout:Apr 15 00:32:48 smithi017 ceph-mon[29057]: pgmap v4: 0 pgs: ; 0 B data, 0 B used, 0 B / 0 B avail
2024-04-15T00:32:49.775 INFO:journalctl@ceph.mon.smithi017.smithi017.stdout:Apr 15 00:32:49 smithi017 ceph-mon[29057]: from='client.? 172.21.15.17:0/556666397' entity='client.admin' cmd=[{"prefix": "mgr module enable", "module": "dashboard"}]: dispatch
2024-04-15T00:32:50.083 INFO:teuthology.orchestra.run.smithi017.stdout:/usr/bin/ceph: stderr
2024-04-15T00:32:48.470+0000 7efd1ca4a700 1 Processor -- start
2024-04-15T00:32:50.083 INFO:teuthology.orchestra.run.smithi017.stdout:/usr/bin/ceph: stderr
2024-04-15T00:32:48.470+0000 7efd1ca4a700 1 -- start start
2024-04-15T00:32:50.083 INFO:teuthology.orchestra.run.smithi017.stdout:/usr/bin/ceph: stderr
2024-04-15T00:32:48.471+0000 7efd1ca4a700 1 --2- >> [v2:172.21.15.17:3300/0,v1:172.21.15.17:6789/0] conn(0x7efd18076ac0 0x7efd18105600 unknown :-1 s=NONE pgs=0 cs=0 l=0 rev1=0 crypto rx=0 tx=0 comp rx=0 tx=0).connect
2024-04-15T00:32:50.084 INFO:teuthology.orchestra.run.smithi017.stdout:/usr/bin/ceph: stderr
2024-04-15T00:32:48.471+0000 7efd1ca4a700 1 -- --> [v2:172.21.15.17:3300/0,v1:172.21.15.17:6789/0] -- mon_getmap magic: 0 v1 -- 0x7efd18076ed0 con 0x7efd18076ac0
2024-04-15T00:32:50.084 INFO:teuthology.orchestra.run.smithi017.stdout:/usr/bin/ceph: stderr
2024-04-15T00:32:48.471+0000 7efd1659c700 1 --2- >> [v2:172.21.15.17:3300/0,v1:172.21.15.17:6789/0] conn(0x7efd18076ac0 0x7efd18105600 unknown :-1 s=BANNER_CONNECTING pgs=0 cs=0 l=0 rev1=0 crypto rx=0 tx=0 comp rx=0 tx=0)._handle_peer_banner_payload supported=3 required=0
2024-04-15T00:32:50.084 INFO:teuthology.orchestra.run.smithi017.stdout:/usr/bin/ceph: stderr
2024-04-15T00:32:48.471+0000 7efd1659c700 1 --2- >> [v2:172.21.15.17:3300/0,v1:172.21.15.17:6789/0] conn(0x7efd18076ac0 0x7efd18105600 unknown :-1 s=HELLO_CONNECTING pgs=0 cs=0 l=0 rev1=1 crypto rx=0 tx=0 comp rx=0 tx=0).handle_hello peer v2:172.21.15.17:3300/0 says I am v2:172.21.15.17:58660/0 (socket says 172.21.15.17:58660)
2024-04-15T00:32:50.084 INFO:teuthology.orchestra.run.smithi017.stdout:/usr/bin/ceph: stderr
2024-04-15T00:32:48.471+0000 7efd1659c700 1 -- 172.21.15.17:0/774043281 learned_addr learned my addr 172.21.15.17:0/774043281 (peer_addr_for_me v2:172.21.15.17:0/0)
2024-04-15T00:32:50.084 INFO:teuthology.orchestra.run.smithi017.stdout:/usr/bin/ceph: stderr
2024-04-15T00:32:48.471+0000 7efd1659c700 1 -- 172.21.15.17:0/774043281 --> [v2:172.21.15.17:3300/0,v1:172.21.15.17:6789/0] -- mon_subscribe({config=0+,monmap=0+}) v3 -- 0x7efd18105b40 con 0x7efd18076ac0
2024-04-15T00:32:50.084 INFO:teuthology.orchestra.run.smithi017.stdout:/usr/bin/ceph: stderr
2024-04-15T00:32:48.471+0000 7efd1659c700 1 --2- 172.21.15.17:0/774043281 >> [v2:172.21.15.17:3300/0,v1:172.21.15.17:6789/0] conn(0x7efd18076ac0 0x7efd18105600 secure :-1 s=READY pgs=63 cs=0 l=1 rev1=1 crypto rx=0x7efd000098e0 tx=0x7efd00009250 comp rx=0 tx=0).ready entity=mon.0 client_cookie=f2b69d989b7262ae server_cookie=0 in_seq=0 out_seq=0
2024-04-15T00:32:50.084 INFO:teuthology.orchestra.run.smithi017.stdout:/usr/bin/ceph: stderr
2024-04-15T00:32:48.472+0000 7efd1559a700 1 -- 172.21.15.17:0/774043281 <== mon.0 v2:172.21.15.17:3300/0 1 ==== mon_map magic: 0 v1 ==== 229+0+0 (secure 0 0 0) 0x7efd0000b8f0 con 0x7efd18076ac0
2024-04-15T00:32:50.084 INFO:teuthology.orchestra.run.smithi017.stdout:/usr/bin/ceph: stderr
2024-04-15T00:32:48.472+0000 7efd1559a700 1 -- 172.21.15.17:0/774043281 <== mon.0 v2:172.21.15.17:3300/0 2 ==== config(27 keys) v1 ==== 1109+0+0 (secure 0 0 0) 0x7efd00011420 con 0x7efd18076ac0
2024-04-15T00:32:50.084 INFO:teuthology.orchestra.run.smithi017.stdout:/usr/bin/ceph: stderr
2024-04-15T00:32:48.472+0000 7efd1559a700 1 -- 172.21.15.17:0/774043281 <== mon.0 v2:172.21.15.17:3300/0 3 ==== mon_map magic: 0 v1 ==== 229+0+0 (secure 0 0 0) 0x7efd00010540 con 0x7efd18076ac0
2024-04-15T00:32:50.084 INFO:teuthology.orchestra.run.smithi017.stdout:/usr/bin/ceph: stderr
2024-04-15T00:32:48.472+0000 7efd1ca4a700 1 -- 172.21.15.17:0/774043281 >> [v2:172.21.15.17:3300/0,v1:172.21.15.17:6789/0] conn(0x7efd18076ac0 msgr2=0x7efd18105600 secure :-1 s=STATE_CONNECTION_ESTABLISHED l=1).mark_down
2024-04-15T00:32:50.084 INFO:teuthology.orchestra.run.smithi017.stdout:/usr/bin/ceph: stderr
2024-04-15T00:32:48.472+0000 7efd1ca4a700 1 --2- 172.21.15.17:0/774043281 >> [v2:172.21.15.17:3300/0,v1:172.21.15.17:6789/0] conn(0x7efd18076ac0 0x7efd18105600 secure :-1 s=READY pgs=63 cs=0 l=1 rev1=1 crypto rx=0x7efd000098e0 tx=0x7efd00009250 comp rx=0 tx=0).stop
2024-04-15T00:32:50.084 INFO:teuthology.orchestra.run.smithi017.stdout:/usr/bin/ceph: stderr
2024-04-15T00:32:48.472+0000 7efd1ca4a700 1 -- 172.21.15.17:0/774043281 shutdown_connections
2024-04-15T00:32:50.084 INFO:teuthology.orchestra.run.smithi017.stdout:/usr/bin/ceph: stderr
2024-04-15T00:32:48.472+0000 7efd1ca4a700 1 --2- 172.21.15.17:0/774043281 >> [v2:172.21.15.17:3300/0,v1:172.21.15.17:6789/0] conn(0x7efd18076ac0 0x7efd18105600 unknown :-1 s=CLOSED pgs=63 cs=0 l=1 rev1=1 crypto rx=0 tx=0 comp rx=0 tx=0).stop
2024-04-15T00:32:50.084 INFO:teuthology.orchestra.run.smithi017.stdout:/usr/bin/ceph: stderr
2024-04-15T00:32:48.472+0000 7efd1ca4a700 1 -- 172.21.15.17:0/774043281 >> 172.21.15.17:0/774043281 conn(0x7efd180fd010 msgr2=0x7efd180ff440 unknown :-1 s=STATE_NONE l=0).mark_down
2024-04-15T00:32:50.085 INFO:teuthology.orchestra.run.smithi017.stdout:/usr/bin/ceph: stderr
2024-04-15T00:32:48.472+0000 7efd1ca4a700 1 -- 172.21.15.17:0/774043281 shutdown_connections
2024-04-15T00:32:50.085 INFO:teuthology.orchestra.run.smithi017.stdout:/usr/bin/ceph: stderr
2024-04-15T00:32:48.472+0000 7efd1ca4a700 1 -- 172.21.15.17:0/774043281 wait complete.
2024-04-15T00:32:50.085 INFO:teuthology.orchestra.run.smithi017.stdout:/usr/bin/ceph: stderr
2024-04-15T00:32:48.473+0000 7efd1ca4a700 1 Processor -- start
2024-04-15T00:32:50.085 INFO:teuthology.orchestra.run.smithi017.stdout:/usr/bin/ceph: stderr
2024-04-15T00:32:48.473+0000 7efd1ca4a700 1 -- start start
2024-04-15T00:32:50.085 INFO:teuthology.orchestra.run.smithi017.stdout:/usr/bin/ceph: stderr
2024-04-15T00:32:48.473+0000 7efd1ca4a700 1 --2- >> [v2:172.21.15.17:3300/0,v1:172.21.15.17:6789/0] conn(0x7efd18076ac0 0x7efd18111740 unknown :-1 s=NONE pgs=0 cs=0 l=1 rev1=0 crypto rx=0 tx=0 comp rx=0 tx=0).connect
2024-04-15T00:32:50.085 INFO:teuthology.orchestra.run.smithi017.stdout:/usr/bin/ceph: stderr
2024-04-15T00:32:48.473+0000 7efd1ca4a700 1 -- --> [v2:172.21.15.17:3300/0,v1:172.21.15.17:6789/0] -- mon_getmap magic: 0 v1 -- 0x7efd18111c80 con 0x7efd18076ac0
2024-04-15T00:32:50.085 INFO:teuthology.orchestra.run.smithi017.stdout:/usr/bin/ceph: stderr
2024-04-15T00:32:48.473+0000 7efd1659c700 1 --2- >> [v2:172.21.15.17:3300/0,v1:172.21.15.17:6789/0] conn(0x7efd18076ac0 0x7efd18111740 unknown :-1 s=BANNER_CONNECTING pgs=0 cs=0 l=1 rev1=0 crypto rx=0 tx=0 comp rx=0 tx=0)._handle_peer_banner_payload supported=3 required=0
2024-04-15T00:32:50.085 INFO:teuthology.orchestra.run.smithi017.stdout:/usr/bin/ceph: stderr
2024-04-15T00:32:48.473+0000 7efd1659c700 1 --2- >> [v2:172.21.15.17:3300/0,v1:172.21.15.17:6789/0] conn(0x7efd18076ac0 0x7efd18111740 unknown :-1 s=HELLO_CONNECTING pgs=0 cs=0 l=1 rev1=1 crypto rx=0 tx=0 comp rx=0 tx=0).handle_hello peer v2:172.21.15.17:3300/0 says I am v2:172.21.15.17:58676/0 (socket says 172.21.15.17:58676)
2024-04-15T00:32:50.085 INFO:teuthology.orchestra.run.smithi017.stdout:/usr/bin/ceph: stderr
2024-04-15T00:32:48.473+0000 7efd1659c700 1 -- 172.21.15.17:0/556666397 learned_addr learned my addr 172.21.15.17:0/556666397 (peer_addr_for_me v2:172.21.15.17:0/0)
2024-04-15T00:32:50.086 INFO:teuthology.orchestra.run.smithi017.stdout:/usr/bin/ceph: stderr
2024-04-15T00:32:48.473+0000 7efd1659c700 1 -- 172.21.15.17:0/556666397 --> [v2:172.21.15.17:3300/0,v1:172.21.15.17:6789/0] -- mon_subscribe({config=0+,monmap=0+}) v3 -- 0x7efd000094f0 con 0x7efd18076ac0
2024-04-15T00:32:50.086 INFO:teuthology.orchestra.run.smithi017.stdout:/usr/bin/ceph: stderr
2024-04-15T00:32:48.474+0000 7efd1659c700 1 --2- 172.21.15.17:0/556666397 >> [v2:172.21.15.17:3300/0,v1:172.21.15.17:6789/0] conn(0x7efd18076ac0 0x7efd18111740 secure :-1 s=READY pgs=64 cs=0 l=1 rev1=1 crypto rx=0x7efd00006d40 tx=0x7efd00009250 comp rx=0 tx=0).ready entity=mon.0 client_cookie=0 server_cookie=0 in_seq=0 out_seq=0
2024-04-15T00:32:50.086 INFO:teuthology.orchestra.run.smithi017.stdout:/usr/bin/ceph: stderr
2024-04-15T00:32:48.474+0000 7efd0effd700 1 -- 172.21.15.17:0/556666397 <== mon.0 v2:172.21.15.17:3300/0 1 ==== mon_map magic: 0 v1 ==== 229+0+0 (secure 0 0 0) 0x7efd0000be60 con 0x7efd18076ac0
2024-04-15T00:32:50.086 INFO:teuthology.orchestra.run.smithi017.stdout:/usr/bin/ceph: stderr
2024-04-15T00:32:48.474+0000 7efd0effd700 1 -- 172.21.15.17:0/556666397 <== mon.0 v2:172.21.15.17:3300/0 2 ==== config(27 keys) v1 ==== 1109+0+0 (secure 0 0 0) 0x7efd00010cd0 con 0x7efd18076ac0
2024-04-15T00:32:50.086 INFO:teuthology.orchestra.run.smithi017.stdout:/usr/bin/ceph: stderr
2024-04-15T00:32:48.474+0000 7efd1ca4a700 1 -- 172.21.15.17:0/556666397 --> [v2:172.21.15.17:3300/0,v1:172.21.15.17:6789/0] -- mon_subscribe({mgrmap=0+}) v3 -- 0x7efd18111e80 con 0x7efd18076ac0
2024-04-15T00:32:50.086 INFO:teuthology.orchestra.run.smithi017.stdout:/usr/bin/ceph: stderr
2024-04-15T00:32:48.474+0000 7efd0effd700 1 -- 172.21.15.17:0/556666397 <== mon.0 v2:172.21.15.17:3300/0 3 ==== mon_map magic: 0 v1 ==== 229+0+0 (secure 0 0 0) 0x7efd0001ac70 con 0x7efd18076ac0
2024-04-15T00:32:50.086 INFO:teuthology.orchestra.run.smithi017.stdout:/usr/bin/ceph: stderr
2024-04-15T00:32:48.474+0000 7efd1ca4a700 1 -- 172.21.15.17:0/556666397 --> [v2:172.21.15.17:3300/0,v1:172.21.15.17:6789/0] -- mon_subscribe({osdmap=0}) v3 -- 0x7efd181129f0 con 0x7efd18076ac0
2024-04-15T00:32:50.086 INFO:teuthology.orchestra.run.smithi017.stdout:/usr/bin/ceph: stderr
2024-04-15T00:32:48.475+0000 7efd0effd700 1 -- 172.21.15.17:0/556666397 <== mon.0 v2:172.21.15.17:3300/0 4 ==== mgrmap(e 8) v1 ==== 43376+0+0 (secure 0 0 0) 0x7efd0002e440 con 0x7efd18076ac0
2024-04-15T00:32:50.086 INFO:teuthology.orchestra.run.smithi017.stdout:/usr/bin/ceph: stderr
2024-04-15T00:32:48.475+0000 7efd0effd700 1 --2- 172.21.15.17:0/556666397 >> [v2:172.21.15.17:6800/3791576216,v1:172.21.15.17:6801/3791576216] conn(0x7efd040367e0 0x7efd04038c90 unknown :-1 s=NONE pgs=0 cs=0 l=1 rev1=0 crypto rx=0 tx=0 comp rx=0 tx=0).connect
2024-04-15T00:32:50.086 INFO:teuthology.orchestra.run.smithi017.stdout:/usr/bin/ceph: stderr
2024-04-15T00:32:48.475+0000 7efd0effd700 1 -- 172.21.15.17:0/556666397 <== mon.0 v2:172.21.15.17:3300/0 5 ==== osd_map(2..2 src has 1..2) v4 ==== 936+0+0 (secure 0 0 0) 0x7efd0004a690 con 0x7efd18076ac0
2024-04-15T00:32:50.086 INFO:teuthology.orchestra.run.smithi017.stdout:/usr/bin/ceph: stderr
2024-04-15T00:32:48.475+0000 7efd1ca4a700 1 -- 172.21.15.17:0/556666397 --> [v2:172.21.15.17:3300/0,v1:172.21.15.17:6789/0] -- mon_command({"prefix": "get_command_descriptions"} v 0) v1 -- 0x7efd1805f5f0 con 0x7efd18076ac0
2024-04-15T00:32:50.086 INFO:teuthology.orchestra.run.smithi017.stdout:/usr/bin/ceph: stderr
2024-04-15T00:32:48.475+0000 7efd15d9b700 1 --2- 172.21.15.17:0/556666397 >> [v2:172.21.15.17:6800/3791576216,v1:172.21.15.17:6801/3791576216] conn(0x7efd040367e0 0x7efd04038c90 unknown :-1 s=BANNER_CONNECTING pgs=0 cs=0 l=1 rev1=0 crypto rx=0 tx=0 comp rx=0 tx=0)._handle_peer_banner_payload supported=3 required=0
2024-04-15T00:32:50.086 INFO:teuthology.orchestra.run.smithi017.stdout:/usr/bin/ceph: stderr
2024-04-15T00:32:48.475+0000 7efd15d9b700 1 --2- 172.21.15.17:0/556666397 >> [v2:172.21.15.17:6800/3791576216,v1:172.21.15.17:6801/3791576216] conn(0x7efd040367e0 0x7efd04038c90 secure :-1 s=READY pgs=21 cs=0 l=1 rev1=1 crypto rx=0x7efd08009990 tx=0x7efd08006e40 comp rx=0 tx=0).ready entity=mgr.14118 client_cookie=0 server_cookie=0 in_seq=0 out_seq=0
2024-04-15T00:32:50.086 INFO:teuthology.orchestra.run.smithi017.stdout:/usr/bin/ceph: stderr
2024-04-15T00:32:48.480+0000 7efd0effd700 1 -- 172.21.15.17:0/556666397 <== mon.0 v2:172.21.15.17:3300/0 6 ==== mon_command_ack([{"prefix": "get_command_descriptions"}]=0 v0) v1 ==== 72+0+176702 (secure 0 0 0) 0x7efd00018940 con 0x7efd18076ac0
2024-04-15T00:32:50.087 INFO:teuthology.orchestra.run.smithi017.stdout:/usr/bin/ceph: stderr
2024-04-15T00:32:48.728+0000 7efd1ca4a700 1 -- 172.21.15.17:0/556666397 --> [v2:172.21.15.17:3300/0,v1:172.21.15.17:6789/0] -- mon_command({"prefix": "mgr module enable", "module": "dashboard"} v 0) v1 -- 0x7efd18112c60 con 0x7efd18076ac0
2024-04-15T00:32:50.087 INFO:teuthology.orchestra.run.smithi017.stdout:/usr/bin/ceph: stderr
2024-04-15T00:32:49.452+0000 7efd0effd700 1 -- 172.21.15.17:0/556666397 <== mon.0 v2:172.21.15.17:3300/0 7 ==== mgrmap(e 9) v1 ==== 43389+0+0 (secure 0 0 0) 0x7efd000243f0 con 0x7efd18076ac0
2024-04-15T00:32:50.087 INFO:teuthology.orchestra.run.smithi017.stdout:/usr/bin/ceph: stderr
2024-04-15T00:32:49.453+0000 7efd0effd700 1 -- 172.21.15.17:0/556666397 <== mon.0 v2:172.21.15.17:3300/0 8 ==== mon_command_ack([{"prefix": "mgr module enable", "module": "dashboard"}]=0 v9) v1 ==== 88+0+0 (secure 0 0 0) 0x7efd000237c0 con 0x7efd18076ac0
2024-04-15T00:32:50.087 INFO:teuthology.orchestra.run.smithi017.stdout:/usr/bin/ceph: stderr
2024-04-15T00:32:49.456+0000 7efd1ca4a700 1 -- 172.21.15.17:0/556666397 >> [v2:172.21.15.17:6800/3791576216,v1:172.21.15.17:6801/3791576216] conn(0x7efd040367e0 msgr2=0x7efd04038c90 secure :-1 s=STATE_CONNECTION_ESTABLISHED l=1).mark_down
2024-04-15T00:32:50.087 INFO:teuthology.orchestra.run.smithi017.stdout:/usr/bin/ceph: stderr
2024-04-15T00:32:49.456+0000 7efd1ca4a700 1 --2- 172.21.15.17:0/556666397 >> [v2:172.21.15.17:6800/3791576216,v1:172.21.15.17:6801/3791576216] conn(0x7efd040367e0 0x7efd04038c90 secure :-1 s=READY pgs=21 cs=0 l=1 rev1=1 crypto rx=0x7efd08009990 tx=0x7efd08006e40 comp rx=0 tx=0).stop
2024-04-15T00:32:50.087 INFO:teuthology.orchestra.run.smithi017.stdout:/usr/bin/ceph: stderr
2024-04-15T00:32:49.456+0000 7efd1ca4a700 1 -- 172.21.15.17:0/556666397 >> [v2:172.21.15.17:3300/0,v1:172.21.15.17:6789/0] conn(0x7efd18076ac0 msgr2=0x7efd18111740 secure :-1 s=STATE_CONNECTION_ESTABLISHED l=1).mark_down
2024-04-15T00:32:50.087 INFO:teuthology.orchestra.run.smithi017.stdout:/usr/bin/ceph: stderr
2024-04-15T00:32:49.456+0000 7efd1ca4a700 1 --2- 172.21.15.17:0/556666397 >> [v2:172.21.15.17:3300/0,v1:172.21.15.17:6789/0] conn(0x7efd18076ac0 0x7efd18111740 secure :-1 s=READY pgs=64 cs=0 l=1 rev1=1 crypto rx=0x7efd00006d40 tx=0x7efd00009250 comp rx=0 tx=0).stop
2024-04-15T00:32:50.087 INFO:teuthology.orchestra.run.smithi017.stdout:/usr/bin/ceph: stderr
2024-04-15T00:32:49.456+0000 7efd1ca4a700 1 -- 172.21.15.17:0/556666397 shutdown_connections
2024-04-15T00:32:50.087 INFO:teuthology.orchestra.run.smithi017.stdout:/usr/bin/ceph: stderr
2024-04-15T00:32:49.456+0000 7efd1ca4a700 1 --2- 172.21.15.17:0/556666397 >> [v2:172.21.15.17:6800/3791576216,v1:172.21.15.17:6801/3791576216] conn(0x7efd040367e0 0x7efd04038c90 unknown :-1 s=CLOSED pgs=21 cs=0 l=1 rev1=1 crypto rx=0 tx=0 comp rx=0 tx=0).stop
2024-04-15T00:32:50.087 INFO:teuthology.orchestra.run.smithi017.stdout:/usr/bin/ceph: stderr
2024-04-15T00:32:49.456+0000 7efd1ca4a700 1 --2- 172.21.15.17:0/556666397 >> [v2:172.21.15.17:3300/0,v1:172.21.15.17:6789/0] conn(0x7efd18076ac0 0x7efd18111740 unknown :-1 s=CLOSED pgs=64 cs=0 l=1 rev1=1 crypto rx=0 tx=0 comp rx=0 tx=0).stop
2024-04-15T00:32:50.087 INFO:teuthology.orchestra.run.smithi017.stdout:/usr/bin/ceph: stderr
2024-04-15T00:32:49.456+0000 7efd1ca4a700 1 -- 172.21.15.17:0/556666397 >> 172.21.15.17:0/556666397 conn(0x7efd180fd010 msgr2=0x7efd180fdc50 unknown :-1 s=STATE_NONE l=0).mark_down
2024-04-15T00:32:50.087 INFO:teuthology.orchestra.run.smithi017.stdout:/usr/bin/ceph: stderr
2024-04-15T00:32:49.457+0000 7efd1ca4a700 1 -- 172.21.15.17:0/556666397 shutdown_connections
2024-04-15T00:32:50.087 INFO:teuthology.orchestra.run.smithi017.stdout:/usr/bin/ceph: stderr
2024-04-15T00:32:49.457+0000 7efd1ca4a700 1 -- 172.21.15.17:0/556666397 wait complete.
2024-04-15T00:32:50.634 INFO:journalctl@ceph.mon.smithi017.smithi017.stdout:Apr 15 00:32:50 smithi017 ceph-mon[29057]: from='client.? 172.21.15.17:0/556666397' entity='client.admin' cmd='[{"prefix": "mgr module enable", "module": "dashboard"}]': finished
2024-04-15T00:32:50.634 INFO:journalctl@ceph.mon.smithi017.smithi017.stdout:Apr 15 00:32:50 smithi017 ceph-mon[29057]: mgrmap e9: smithi017.amrcxf(active, since 23s)
2024-04-15T00:32:51.365 INFO:teuthology.orchestra.run.smithi017.stdout:/usr/bin/ceph: stdout {
2024-04-15T00:32:51.365 INFO:teuthology.orchestra.run.smithi017.stdout:/usr/bin/ceph: stdout "epoch": 9,
2024-04-15T00:32:51.365 INFO:teuthology.orchestra.run.smithi017.stdout:/usr/bin/ceph: stdout "available": true,
2024-04-15T00:32:51.365 INFO:teuthology.orchestra.run.smithi017.stdout:/usr/bin/ceph: stdout "active_name": "smithi017.amrcxf",
2024-04-15T00:32:51.365 INFO:teuthology.orchestra.run.smithi017.stdout:/usr/bin/ceph: stdout "num_standby": 0
2024-04-15T00:32:51.365 INFO:teuthology.orchestra.run.smithi017.stdout:/usr/bin/ceph: stdout }
2024-04-15T00:32:51.365 INFO:teuthology.orchestra.run.smithi017.stdout:/usr/bin/ceph: stderr
2024-04-15T00:32:50.525+0000 7f898bd04700 1 Processor -- start
2024-04-15T00:32:51.365 INFO:teuthology.orchestra.run.smithi017.stdout:/usr/bin/ceph: stderr
2024-04-15T00:32:50.526+0000 7f898bd04700 1 -- start start
2024-04-15T00:32:51.365 INFO:teuthology.orchestra.run.smithi017.stdout:/usr/bin/ceph: stderr
2024-04-15T00:32:50.526+0000 7f898bd04700 1 --2- >> [v2:172.21.15.17:3300/0,v1:172.21.15.17:6789/0] conn(0x7f8984101de0 0x7f89841021f0 unknown :-1 s=NONE pgs=0 cs=0 l=0 rev1=0 crypto rx=0 tx=0 comp rx=0 tx=0).connect
2024-04-15T00:32:51.365 INFO:teuthology.orchestra.run.smithi017.stdout:/usr/bin/ceph: stderr
2024-04-15T00:32:50.526+0000 7f898bd04700 1 -- --> [v2:172.21.15.17:3300/0,v1:172.21.15.17:6789/0] -- mon_getmap magic: 0 v1 -- 0x7f8984102730 con 0x7f8984101de0
2024-04-15T00:32:51.366 INFO:teuthology.orchestra.run.smithi017.stdout:/usr/bin/ceph: stderr
2024-04-15T00:32:50.526+0000 7f8989aa0700 1 --2- >> [v2:172.21.15.17:3300/0,v1:172.21.15.17:6789/0] conn(0x7f8984101de0 0x7f89841021f0 unknown :-1 s=BANNER_CONNECTING pgs=0 cs=0 l=0 rev1=0 crypto rx=0 tx=0 comp rx=0 tx=0)._handle_peer_banner_payload supported=3 required=0
2024-04-15T00:32:51.366 INFO:teuthology.orchestra.run.smithi017.stdout:/usr/bin/ceph: stderr
2024-04-15T00:32:50.526+0000 7f8989aa0700 1 --2- >> [v2:172.21.15.17:3300/0,v1:172.21.15.17:6789/0] conn(0x7f8984101de0 0x7f89841021f0 unknown :-1 s=HELLO_CONNECTING pgs=0 cs=0 l=0 rev1=1 crypto rx=0 tx=0 comp rx=0 tx=0).handle_hello peer v2:172.21.15.17:3300/0 says I am v2:172.21.15.17:58710/0 (socket says 172.21.15.17:58710)
2024-04-15T00:32:51.366 INFO:teuthology.orchestra.run.smithi017.stdout:/usr/bin/ceph: stderr
2024-04-15T00:32:50.526+0000 7f8989aa0700 1 -- 172.21.15.17:0/1913299806 learned_addr learned my addr 172.21.15.17:0/1913299806 (peer_addr_for_me v2:172.21.15.17:0/0)
2024-04-15T00:32:51.366 INFO:teuthology.orchestra.run.smithi017.stdout:/usr/bin/ceph: stderr
2024-04-15T00:32:50.527+0000 7f8989aa0700 1 -- 172.21.15.17:0/1913299806 --> [v2:172.21.15.17:3300/0,v1:172.21.15.17:6789/0] -- mon_subscribe({config=0+,monmap=0+}) v3 -- 0x7f8984102870 con 0x7f8984101de0
2024-04-15T00:32:51.366 INFO:teuthology.orchestra.run.smithi017.stdout:/usr/bin/ceph: stderr
2024-04-15T00:32:50.527+0000 7f8989aa0700 1 --2- 172.21.15.17:0/1913299806 >> [v2:172.21.15.17:3300/0,v1:172.21.15.17:6789/0] conn(0x7f8984101de0 0x7f89841021f0 secure :-1 s=READY pgs=67 cs=0 l=1 rev1=1 crypto rx=0x7f897400bb80 tx=0x7f897400b4f0 comp rx=0 tx=0).ready entity=mon.0 client_cookie=f204b32f5d10e49e server_cookie=0 in_seq=0 out_seq=0
2024-04-15T00:32:51.366 INFO:teuthology.orchestra.run.smithi017.stdout:/usr/bin/ceph: stderr
2024-04-15T00:32:50.527+0000 7f8988a9e700 1 -- 172.21.15.17:0/1913299806 <== mon.0 v2:172.21.15.17:3300/0 1 ==== mon_map magic: 0 v1 ==== 229+0+0 (secure 0 0 0) 0x7f897400dd00 con 0x7f8984101de0
2024-04-15T00:32:51.366 INFO:teuthology.orchestra.run.smithi017.stdout:/usr/bin/ceph: stderr
2024-04-15T00:32:50.527+0000 7f8988a9e700 1 -- 172.21.15.17:0/1913299806 <== mon.0 v2:172.21.15.17:3300/0 2 ==== config(27 keys) v1 ==== 1109+0+0 (secure 0 0 0) 0x7f897400de60 con 0x7f8984101de0
2024-04-15T00:32:51.366 INFO:teuthology.orchestra.run.smithi017.stdout:/usr/bin/ceph: stderr
2024-04-15T00:32:50.527+0000 7f8988a9e700 1 -- 172.21.15.17:0/1913299806 <== mon.0 v2:172.21.15.17:3300/0 3 ==== mon_map magic: 0 v1 ==== 229+0+0 (secure 0 0 0) 0x7f8974018920 con 0x7f8984101de0
2024-04-15T00:32:51.366 INFO:teuthology.orchestra.run.smithi017.stdout:/usr/bin/ceph: stderr
2024-04-15T00:32:50.527+0000 7f898bd04700 1 -- 172.21.15.17:0/1913299806 >> [v2:172.21.15.17:3300/0,v1:172.21.15.17:6789/0] conn(0x7f8984101de0 msgr2=0x7f89841021f0 secure :-1 s=STATE_CONNECTION_ESTABLISHED l=1).mark_down
2024-04-15T00:32:51.367 INFO:teuthology.orchestra.run.smithi017.stdout:/usr/bin/ceph: stderr
2024-04-15T00:32:50.527+0000 7f898bd04700 1 --2- 172.21.15.17:0/1913299806 >> [v2:172.21.15.17:3300/0,v1:172.21.15.17:6789/0] conn(0x7f8984101de0 0x7f89841021f0 secure :-1 s=READY pgs=67 cs=0 l=1 rev1=1 crypto rx=0x7f897400bb80 tx=0x7f897400b4f0 comp rx=0 tx=0).stop
2024-04-15T00:32:51.367 INFO:teuthology.orchestra.run.smithi017.stdout:/usr/bin/ceph: stderr
2024-04-15T00:32:50.527+0000 7f898bd04700 1 -- 172.21.15.17:0/1913299806 shutdown_connections
2024-04-15T00:32:51.367 INFO:teuthology.orchestra.run.smithi017.stdout:/usr/bin/ceph: stderr
2024-04-15T00:32:50.527+0000 7f898bd04700 1 --2- 172.21.15.17:0/1913299806 >> [v2:172.21.15.17:3300/0,v1:172.21.15.17:6789/0] conn(0x7f8984101de0 0x7f89841021f0 unknown :-1 s=CLOSED pgs=67 cs=0 l=1 rev1=1 crypto rx=0 tx=0 comp rx=0 tx=0).stop
2024-04-15T00:32:51.367 INFO:teuthology.orchestra.run.smithi017.stdout:/usr/bin/ceph: stderr
2024-04-15T00:32:50.527+0000 7f898bd04700 1 -- 172.21.15.17:0/1913299806 >> 172.21.15.17:0/1913299806 conn(0x7f89840fc730 msgr2=0x7f89840feb40 unknown :-1 s=STATE_NONE l=0).mark_down
2024-04-15T00:32:51.367 INFO:teuthology.orchestra.run.smithi017.stdout:/usr/bin/ceph: stderr
2024-04-15T00:32:50.528+0000 7f898bd04700 1 -- 172.21.15.17:0/1913299806 shutdown_connections
2024-04-15T00:32:51.367 INFO:teuthology.orchestra.run.smithi017.stdout:/usr/bin/ceph: stderr
2024-04-15T00:32:50.528+0000 7f898bd04700 1 -- 172.21.15.17:0/1913299806 wait complete.
2024-04-15T00:32:51.368 INFO:teuthology.orchestra.run.smithi017.stdout:/usr/bin/ceph: stderr
2024-04-15T00:32:50.528+0000 7f898bd04700 1 Processor -- start
2024-04-15T00:32:51.368 INFO:teuthology.orchestra.run.smithi017.stdout:/usr/bin/ceph: stderr
2024-04-15T00:32:50.528+0000 7f898bd04700 1 -- start start
2024-04-15T00:32:51.368 INFO:teuthology.orchestra.run.smithi017.stdout:/usr/bin/ceph: stderr
2024-04-15T00:32:50.529+0000 7f898bd04700 1 --2- >> [v2:172.21.15.17:3300/0,v1:172.21.15.17:6789/0] conn(0x7f8984101de0 0x7f898410f4a0 unknown :-1 s=NONE pgs=0 cs=0 l=1 rev1=0 crypto rx=0 tx=0 comp rx=0 tx=0).connect
2024-04-15T00:32:51.368 INFO:teuthology.orchestra.run.smithi017.stdout:/usr/bin/ceph: stderr
2024-04-15T00:32:50.529+0000 7f898bd04700 1 -- --> [v2:172.21.15.17:3300/0,v1:172.21.15.17:6789/0] -- mon_getmap magic: 0 v1 -- 0x7f898410f9e0 con 0x7f8984101de0
2024-04-15T00:32:51.368 INFO:teuthology.orchestra.run.smithi017.stdout:/usr/bin/ceph: stderr
2024-04-15T00:32:50.529+0000 7f8989aa0700 1 --2- >> [v2:172.21.15.17:3300/0,v1:172.21.15.17:6789/0] conn(0x7f8984101de0 0x7f898410f4a0 unknown :-1 s=BANNER_CONNECTING pgs=0 cs=0 l=1 rev1=0 crypto rx=0 tx=0 comp rx=0 tx=0)._handle_peer_banner_payload supported=3 required=0
2024-04-15T00:32:51.368 INFO:teuthology.orchestra.run.smithi017.stdout:/usr/bin/ceph: stderr
2024-04-15T00:32:50.529+0000 7f8989aa0700 1 --2- >> [v2:172.21.15.17:3300/0,v1:172.21.15.17:6789/0] conn(0x7f8984101de0 0x7f898410f4a0 unknown :-1 s=HELLO_CONNECTING pgs=0 cs=0 l=1 rev1=1 crypto rx=0 tx=0 comp rx=0 tx=0).handle_hello peer v2:172.21.15.17:3300/0 says I am v2:172.21.15.17:58724/0 (socket says 172.21.15.17:58724)
2024-04-15T00:32:51.368 INFO:teuthology.orchestra.run.smithi017.stdout:/usr/bin/ceph: stderr
2024-04-15T00:32:50.529+0000 7f8989aa0700 1 -- 172.21.15.17:0/1301535288 learned_addr learned my addr 172.21.15.17:0/1301535288 (peer_addr_for_me v2:172.21.15.17:0/0)
2024-04-15T00:32:51.368 INFO:teuthology.orchestra.run.smithi017.stdout:/usr/bin/ceph: stderr
2024-04-15T00:32:50.529+0000 7f8989aa0700 1 -- 172.21.15.17:0/1301535288 --> [v2:172.21.15.17:3300/0,v1:172.21.15.17:6789/0] -- mon_subscribe({config=0+,monmap=0+}) v3 -- 0x7f897400b790 con 0x7f8984101de0
2024-04-15T00:32:51.368 INFO:teuthology.orchestra.run.smithi017.stdout:/usr/bin/ceph: stderr
2024-04-15T00:32:50.530+0000 7f8989aa0700 1 --2- 172.21.15.17:0/1301535288 >> [v2:172.21.15.17:3300/0,v1:172.21.15.17:6789/0] conn(0x7f8984101de0 0x7f898410f4a0 secure :-1 s=READY pgs=68 cs=0 l=1 rev1=1 crypto rx=0x7f8974006d40 tx=0x7f897400b4f0 comp rx=0 tx=0).ready entity=mon.0 client_cookie=0 server_cookie=0 in_seq=0 out_seq=0
2024-04-15T00:32:51.368 INFO:teuthology.orchestra.run.smithi017.stdout:/usr/bin/ceph: stderr
2024-04-15T00:32:50.530+0000 7f897a7fc700 1 -- 172.21.15.17:0/1301535288 <== mon.0 v2:172.21.15.17:3300/0 1 ==== mon_map magic: 0 v1 ==== 229+0+0 (secure 0 0 0) 0x7f897400dc70 con 0x7f8984101de0
2024-04-15T00:32:51.368 INFO:teuthology.orchestra.run.smithi017.stdout:/usr/bin/ceph: stderr
2024-04-15T00:32:50.530+0000 7f897a7fc700 1 -- 172.21.15.17:0/1301535288 <== mon.0 v2:172.21.15.17:3300/0 2 ==== config(27 keys) v1 ==== 1109+0+0 (secure 0 0 0) 0x7f897401d050 con 0x7f8984101de0
2024-04-15T00:32:51.368 INFO:teuthology.orchestra.run.smithi017.stdout:/usr/bin/ceph: stderr
2024-04-15T00:32:50.530+0000 7f898bd04700 1 -- 172.21.15.17:0/1301535288 --> [v2:172.21.15.17:3300/0,v1:172.21.15.17:6789/0] -- mon_subscribe({mgrmap=0+}) v3 -- 0x7f898410fbe0 con 0x7f8984101de0
2024-04-15T00:32:51.368 INFO:teuthology.orchestra.run.smithi017.stdout:/usr/bin/ceph: stderr
2024-04-15T00:32:50.530+0000 7f897a7fc700 1 -- 172.21.15.17:0/1301535288 <== mon.0 v2:172.21.15.17:3300/0 3 ==== mon_map magic: 0 v1 ==== 229+0+0 (secure 0 0 0) 0x7f89740223d0 con 0x7f8984101de0
2024-04-15T00:32:51.369 INFO:teuthology.orchestra.run.smithi017.stdout:/usr/bin/ceph: stderr
2024-04-15T00:32:50.530+0000 7f898bd04700 1 -- 172.21.15.17:0/1301535288 --> [v2:172.21.15.17:3300/0,v1:172.21.15.17:6789/0] -- mon_subscribe({osdmap=0}) v3 -- 0x7f8984110750 con 0x7f8984101de0
2024-04-15T00:32:51.369 INFO:teuthology.orchestra.run.smithi017.stdout:/usr/bin/ceph: stderr
2024-04-15T00:32:50.531+0000 7f897a7fc700 1 -- 172.21.15.17:0/1301535288 <== mon.0 v2:172.21.15.17:3300/0 4 ==== mgrmap(e 9) v1 ==== 43389+0+0 (secure 0 0 0) 0x7f8974022650 con 0x7f8984101de0
2024-04-15T00:32:51.369 INFO:teuthology.orchestra.run.smithi017.stdout:/usr/bin/ceph: stderr
2024-04-15T00:32:50.531+0000 7f898bd04700 1 -- 172.21.15.17:0/1301535288 --> [v2:172.21.15.17:3300/0,v1:172.21.15.17:6789/0] -- mon_command({"prefix": "get_command_descriptions"} v 0) v1 -- 0x7f89680052e0 con 0x7f8984101de0
2024-04-15T00:32:51.369 INFO:teuthology.orchestra.run.smithi017.stdout:/usr/bin/ceph: stderr
2024-04-15T00:32:50.531+0000 7f897a7fc700 1 --2- 172.21.15.17:0/1301535288 >> [v2:172.21.15.17:6800/3791576216,v1:172.21.15.17:6801/3791576216] conn(0x7f89700367e0 0x7f8970038c90 unknown :-1 s=NONE pgs=0 cs=0 l=1 rev1=0 crypto rx=0 tx=0 comp rx=0 tx=0).connect
2024-04-15T00:32:51.369 INFO:teuthology.orchestra.run.smithi017.stdout:/usr/bin/ceph: stderr
2024-04-15T00:32:50.531+0000 7f897a7fc700 1 -- 172.21.15.17:0/1301535288 <== mon.0 v2:172.21.15.17:3300/0 5 ==== osd_map(2..2 src has 1..2) v4 ==== 936+0+0 (secure 0 0 0) 0x7f8974014070 con 0x7f8984101de0
2024-04-15T00:32:51.369 INFO:teuthology.orchestra.run.smithi017.stdout:/usr/bin/ceph: stderr
2024-04-15T00:32:50.531+0000 7f898929f700 1 -- 172.21.15.17:0/1301535288 >> [v2:172.21.15.17:6800/3791576216,v1:172.21.15.17:6801/3791576216] conn(0x7f89700367e0 msgr2=0x7f8970038c90 unknown :-1 s=STATE_CONNECTING_RE l=1).process reconnect failed to v2:172.21.15.17:6800/3791576216
2024-04-15T00:32:51.369 INFO:teuthology.orchestra.run.smithi017.stdout:/usr/bin/ceph: stderr
2024-04-15T00:32:50.531+0000 7f898929f700 1 --2- 172.21.15.17:0/1301535288 >> [v2:172.21.15.17:6800/3791576216,v1:172.21.15.17:6801/3791576216] conn(0x7f89700367e0 0x7f8970038c90 unknown :-1 s=START_CONNECT pgs=0 cs=0 l=1 rev1=0 crypto rx=0 tx=0 comp rx=0 tx=0)._fault waiting 0.200000
2024-04-15T00:32:51.369 INFO:teuthology.orchestra.run.smithi017.stdout:/usr/bin/ceph: stderr
2024-04-15T00:32:50.536+0000 7f897a7fc700 1 -- 172.21.15.17:0/1301535288 <== mon.0 v2:172.21.15.17:3300/0 6 ==== mon_command_ack([{"prefix": "get_command_descriptions"}]=0 v0) v1 ==== 72+0+176702 (secure 0 0 0) 0x7f8974050030 con 0x7f8984101de0
2024-04-15T00:32:51.369 INFO:teuthology.orchestra.run.smithi017.stdout:/usr/bin/ceph: stderr
2024-04-15T00:32:50.732+0000 7f898929f700 1 -- 172.21.15.17:0/1301535288 >> [v2:172.21.15.17:6800/3791576216,v1:172.21.15.17:6801/3791576216] conn(0x7f89700367e0 msgr2=0x7f8970038c90 unknown :-1 s=STATE_CONNECTING_RE l=1).process reconnect failed to v2:172.21.15.17:6800/3791576216
2024-04-15T00:32:51.369 INFO:teuthology.orchestra.run.smithi017.stdout:/usr/bin/ceph: stderr
2024-04-15T00:32:50.732+0000 7f898929f700 1 --2- 172.21.15.17:0/1301535288 >> [v2:172.21.15.17:6800/3791576216,v1:172.21.15.17:6801/3791576216] conn(0x7f89700367e0 0x7f8970038c90 unknown :-1 s=START_CONNECT pgs=0 cs=0 l=1 rev1=0 crypto rx=0 tx=0 comp rx=0 tx=0)._fault waiting 0.400000
2024-04-15T00:32:51.369 INFO:teuthology.orchestra.run.smithi017.stdout:/usr/bin/ceph: stderr
2024-04-15T00:32:50.784+0000 7f898bd04700 1 -- 172.21.15.17:0/1301535288 --> [v2:172.21.15.17:3300/0,v1:172.21.15.17:6789/0] -- mon_command({"prefix": "mgr stat"} v 0) v1 -- 0x7f8968005da0 con 0x7f8984101de0
2024-04-15T00:32:51.369 INFO:teuthology.orchestra.run.smithi017.stdout:/usr/bin/ceph: stderr
2024-04-15T00:32:50.785+0000 7f897a7fc700 1 -- 172.21.15.17:0/1301535288 <== mon.0 v2:172.21.15.17:3300/0 7 ==== mon_command_ack([{"prefix": "mgr stat"}]=0 v9) v1 ==== 56+0+103 (secure 0 0 0) 0x7f897400eb90 con 0x7f8984101de0
2024-04-15T00:32:51.369 INFO:teuthology.orchestra.run.smithi017.stdout:/usr/bin/ceph: stderr
2024-04-15T00:32:50.787+0000 7f898bd04700 1 -- 172.21.15.17:0/1301535288 >> [v2:172.21.15.17:6800/3791576216,v1:172.21.15.17:6801/3791576216] conn(0x7f89700367e0 msgr2=0x7f8970038c90 unknown :-1 s=STATE_CONNECTING l=1).mark_down
2024-04-15T00:32:51.369 INFO:teuthology.orchestra.run.smithi017.stdout:/usr/bin/ceph: stderr
2024-04-15T00:32:50.787+0000 7f898bd04700 1 --2- 172.21.15.17:0/1301535288 >> [v2:172.21.15.17:6800/3791576216,v1:172.21.15.17:6801/3791576216] conn(0x7f89700367e0 0x7f8970038c90 unknown :-1 s=START_CONNECT pgs=0 cs=0 l=1 rev1=0 crypto rx=0 tx=0 comp rx=0 tx=0).stop
2024-04-15T00:32:51.370 INFO:teuthology.orchestra.run.smithi017.stdout:/usr/bin/ceph: stderr
2024-04-15T00:32:50.787+0000 7f898bd04700 1 -- 172.21.15.17:0/1301535288 >> [v2:172.21.15.17:3300/0,v1:172.21.15.17:6789/0] conn(0x7f8984101de0 msgr2=0x7f898410f4a0 secure :-1 s=STATE_CONNECTION_ESTABLISHED l=1).mark_down
2024-04-15T00:32:51.370 INFO:teuthology.orchestra.run.smithi017.stdout:/usr/bin/ceph: stderr
2024-04-15T00:32:50.787+0000 7f898bd04700 1 --2- 172.21.15.17:0/1301535288 >> [v2:172.21.15.17:3300/0,v1:172.21.15.17:6789/0] conn(0x7f8984101de0 0x7f898410f4a0 secure :-1 s=READY pgs=68 cs=0 l=1 rev1=1 crypto rx=0x7f8974006d40 tx=0x7f897400b4f0 comp rx=0 tx=0).stop
2024-04-15T00:32:51.370 INFO:teuthology.orchestra.run.smithi017.stdout:/usr/bin/ceph: stderr
2024-04-15T00:32:50.787+0000 7f898bd04700 1 -- 172.21.15.17:0/1301535288 shutdown_connections
2024-04-15T00:32:51.370 INFO:teuthology.orchestra.run.smithi017.stdout:/usr/bin/ceph: stderr
2024-04-15T00:32:50.787+0000 7f898bd04700 1 --2- 172.21.15.17:0/1301535288 >> [v2:172.21.15.17:6800/3791576216,v1:172.21.15.17:6801/3791576216] conn(0x7f89700367e0 0x7f8970038c90 unknown :-1 s=CLOSED pgs=0 cs=0 l=1 rev1=0 crypto rx=0 tx=0 comp rx=0 tx=0).stop
2024-04-15T00:32:51.370 INFO:teuthology.orchestra.run.smithi017.stdout:/usr/bin/ceph: stderr
2024-04-15T00:32:50.787+0000 7f898bd04700 1 --2- 172.21.15.17:0/1301535288 >> [v2:172.21.15.17:3300/0,v1:172.21.15.17:6789/0] conn(0x7f8984101de0 0x7f898410f4a0 unknown :-1 s=CLOSED pgs=68 cs=0 l=1 rev1=1 crypto rx=0 tx=0 comp rx=0 tx=0).stop
2024-04-15T00:32:51.370 INFO:teuthology.orchestra.run.smithi017.stdout:/usr/bin/ceph: stderr
2024-04-15T00:32:50.787+0000 7f898bd04700 1 -- 172.21.15.17:0/1301535288 >> 172.21.15.17:0/1301535288 conn(0x7f89840fc730 msgr2=0x7f8984106280 unknown :-1 s=STATE_NONE l=0).mark_down
2024-04-15T00:32:51.370 INFO:teuthology.orchestra.run.smithi017.stdout:/usr/bin/ceph: stderr
2024-04-15T00:32:50.787+0000 7f898bd04700 1 -- 172.21.15.17:0/1301535288 shutdown_connections
2024-04-15T00:32:51.370 INFO:teuthology.orchestra.run.smithi017.stdout:/usr/bin/ceph: stderr
2024-04-15T00:32:50.787+0000 7f898bd04700 1 -- 172.21.15.17:0/1301535288 wait complete.
2024-04-15T00:32:51.370 INFO:teuthology.orchestra.run.smithi017.stdout:Waiting for the mgr to restart...
2024-04-15T00:32:51.370 INFO:teuthology.orchestra.run.smithi017.stdout:Waiting for mgr epoch 9...
2024-04-15T00:32:51.617 INFO:journalctl@ceph.mon.smithi017.smithi017.stdout:Apr 15 00:32:51 smithi017 ceph-mon[29057]: from='client.? 172.21.15.17:0/1301535288' entity='client.admin' cmd=[{"prefix": "mgr stat"}]: dispatch
2024-04-15T00:32:56.195 INFO:journalctl@ceph.mon.smithi017.smithi017.stdout:Apr 15 00:32:56 smithi017 ceph-mon[29057]: Active manager daemon smithi017.amrcxf restarted
2024-04-15T00:32:56.195 INFO:journalctl@ceph.mon.smithi017.smithi017.stdout:Apr 15 00:32:56 smithi017 ceph-mon[29057]: Activating manager daemon smithi017.amrcxf
2024-04-15T00:32:56.195 INFO:journalctl@ceph.mon.smithi017.smithi017.stdout:Apr 15 00:32:56 smithi017 ceph-mon[29057]: osdmap e3: 0 total, 0 up, 0 in
2024-04-15T00:32:56.195 INFO:journalctl@ceph.mon.smithi017.smithi017.stdout:Apr 15 00:32:56 smithi017 ceph-mon[29057]: mgrmap e10: smithi017.amrcxf(active, starting, since 0.00340442s)
2024-04-15T00:32:56.195 INFO:journalctl@ceph.mon.smithi017.smithi017.stdout:Apr 15 00:32:56 smithi017 ceph-mon[29057]: from='mgr.14160 172.21.15.17:0/961645499' entity='mgr.smithi017.amrcxf' cmd=[{"prefix": "mon metadata", "id": "smithi017"}]: dispatch
2024-04-15T00:32:56.195 INFO:journalctl@ceph.mon.smithi017.smithi017.stdout:Apr 15 00:32:56 smithi017 ceph-mon[29057]: from='mgr.14160 172.21.15.17:0/961645499' entity='mgr.smithi017.amrcxf' cmd=[{"prefix": "mgr metadata", "who": "smithi017.amrcxf", "id": "smithi017.amrcxf"}]: dispatch
2024-04-15T00:32:56.196 INFO:journalctl@ceph.mon.smithi017.smithi017.stdout:Apr 15 00:32:56 smithi017 ceph-mon[29057]: from='mgr.14160 172.21.15.17:0/961645499' entity='mgr.smithi017.amrcxf' cmd=[{"prefix": "mds metadata"}]: dispatch
2024-04-15T00:32:56.196 INFO:journalctl@ceph.mon.smithi017.smithi017.stdout:Apr 15 00:32:56 smithi017 ceph-mon[29057]: from='mgr.14160 172.21.15.17:0/961645499' entity='mgr.smithi017.amrcxf' cmd=[{"prefix": "osd metadata"}]: dispatch
2024-04-15T00:32:56.196 INFO:journalctl@ceph.mon.smithi017.smithi017.stdout:Apr 15 00:32:56 smithi017 ceph-mon[29057]: from='mgr.14160 172.21.15.17:0/961645499' entity='mgr.smithi017.amrcxf' cmd=[{"prefix": "mon metadata"}]: dispatch
2024-04-15T00:32:56.196 INFO:journalctl@ceph.mon.smithi017.smithi017.stdout:Apr 15 00:32:56 smithi017 ceph-mon[29057]: Manager daemon smithi017.amrcxf is now available
2024-04-15T00:32:56.196 INFO:journalctl@ceph.mon.smithi017.smithi017.stdout:Apr 15 00:32:56 smithi017 ceph-mon[29057]: from='mgr.14160 172.21.15.17:0/961645499' entity='mgr.smithi017.amrcxf' cmd=[{"prefix": "config dump", "format": "json"}]: dispatch
2024-04-15T00:32:56.196 INFO:journalctl@ceph.mon.smithi017.smithi017.stdout:Apr 15 00:32:56 smithi017 ceph-mon[29057]: from='mgr.14160 172.21.15.17:0/961645499' entity='mgr.smithi017.amrcxf' cmd=[{"prefix": "config dump", "format": "json"}]: dispatch
2024-04-15T00:32:56.196 INFO:journalctl@ceph.mon.smithi017.smithi017.stdout:Apr 15 00:32:56 smithi017 ceph-mon[29057]: from='mgr.14160 172.21.15.17:0/961645499' entity='mgr.smithi017.amrcxf' cmd=[{"prefix":"config rm","who":"mgr","name":"mgr/rbd_support/smithi017.amrcxf/mirror_snapshot_schedule"}]: dispatch
2024-04-15T00:32:56.196 INFO:journalctl@ceph.mon.smithi017.smithi017.stdout:Apr 15 00:32:56 smithi017 ceph-mon[29057]: from='mgr.14160 172.21.15.17:0/961645499' entity='mgr.smithi017.amrcxf' cmd=[{"prefix":"config rm","who":"mgr","name":"mgr/rbd_support/smithi017.amrcxf/trash_purge_schedule"}]: dispatch
2024-04-15T00:32:57.786 INFO:teuthology.orchestra.run.smithi017.stdout:/usr/bin/ceph: stdout {
2024-04-15T00:32:57.787 INFO:teuthology.orchestra.run.smithi017.stdout:/usr/bin/ceph: stdout "mgrmap_epoch": 11,
2024-04-15T00:32:57.787 INFO:teuthology.orchestra.run.smithi017.stdout:/usr/bin/ceph: stdout "initialized": true
2024-04-15T00:32:57.787 INFO:teuthology.orchestra.run.smithi017.stdout:/usr/bin/ceph: stdout }
2024-04-15T00:32:57.787 INFO:teuthology.orchestra.run.smithi017.stdout:/usr/bin/ceph: stderr
2024-04-15T00:32:51.833+0000 7ff953088700 1 Processor -- start
2024-04-15T00:32:57.787 INFO:teuthology.orchestra.run.smithi017.stdout:/usr/bin/ceph: stderr
2024-04-15T00:32:51.833+0000 7ff953088700 1 -- start start
2024-04-15T00:32:57.787 INFO:teuthology.orchestra.run.smithi017.stdout:/usr/bin/ceph: stderr
2024-04-15T00:32:51.833+0000 7ff953088700 1 --2- >> [v2:172.21.15.17:3300/0,v1:172.21.15.17:6789/0] conn(0x7ff94c1029c0 0x7ff94c102dd0 unknown :-1 s=NONE pgs=0 cs=0 l=0 rev1=0 crypto rx=0 tx=0 comp rx=0 tx=0).connect
2024-04-15T00:32:57.787 INFO:teuthology.orchestra.run.smithi017.stdout:/usr/bin/ceph: stderr
2024-04-15T00:32:51.833+0000 7ff953088700 1 -- --> [v2:172.21.15.17:3300/0,v1:172.21.15.17:6789/0] -- mon_getmap magic: 0 v1 -- 0x7ff94c103310 con 0x7ff94c1029c0
2024-04-15T00:32:57.787 INFO:teuthology.orchestra.run.smithi017.stdout:/usr/bin/ceph: stderr
2024-04-15T00:32:51.834+0000 7ff950e24700 1 --2- >> [v2:172.21.15.17:3300/0,v1:172.21.15.17:6789/0] conn(0x7ff94c1029c0 0x7ff94c102dd0 unknown :-1 s=BANNER_CONNECTING pgs=0 cs=0 l=0 rev1=0 crypto rx=0 tx=0 comp rx=0 tx=0)._handle_peer_banner_payload supported=3 required=0
2024-04-15T00:32:57.787 INFO:teuthology.orchestra.run.smithi017.stdout:/usr/bin/ceph: stderr
2024-04-15T00:32:51.834+0000 7ff950e24700 1 --2- >> [v2:172.21.15.17:3300/0,v1:172.21.15.17:6789/0] conn(0x7ff94c1029c0 0x7ff94c102dd0 unknown :-1 s=HELLO_CONNECTING pgs=0 cs=0 l=0 rev1=1 crypto rx=0 tx=0 comp rx=0 tx=0).handle_hello peer v2:172.21.15.17:3300/0 says I am v2:172.21.15.17:58734/0 (socket says 172.21.15.17:58734)
2024-04-15T00:32:57.788 INFO:teuthology.orchestra.run.smithi017.stdout:/usr/bin/ceph: stderr
2024-04-15T00:32:51.834+0000 7ff950e24700 1 -- 172.21.15.17:0/2384784433 learned_addr learned my addr 172.21.15.17:0/2384784433 (peer_addr_for_me v2:172.21.15.17:0/0)
2024-04-15T00:32:57.788 INFO:teuthology.orchestra.run.smithi017.stdout:/usr/bin/ceph: stderr
2024-04-15T00:32:51.834+0000 7ff950e24700 1 -- 172.21.15.17:0/2384784433 --> [v2:172.21.15.17:3300/0,v1:172.21.15.17:6789/0] -- mon_subscribe({config=0+,monmap=0+}) v3 -- 0x7ff94c103450 con 0x7ff94c1029c0
2024-04-15T00:32:57.788 INFO:teuthology.orchestra.run.smithi017.stdout:/usr/bin/ceph: stderr
2024-04-15T00:32:51.834+0000 7ff950e24700 1 --2- 172.21.15.17:0/2384784433 >> [v2:172.21.15.17:3300/0,v1:172.21.15.17:6789/0] conn(0x7ff94c1029c0 0x7ff94c102dd0 secure :-1 s=READY pgs=69 cs=0 l=1 rev1=1 crypto rx=0x7ff9400098e0 tx=0x7ff940009250 comp rx=0 tx=0).ready entity=mon.0 client_cookie=97093ba26231caf1 server_cookie=0 in_seq=0 out_seq=0
2024-04-15T00:32:57.788 INFO:teuthology.orchestra.run.smithi017.stdout:/usr/bin/ceph: stderr
2024-04-15T00:32:51.834+0000 7ff94b7fe700 1 -- 172.21.15.17:0/2384784433 <== mon.0 v2:172.21.15.17:3300/0 1 ==== mon_map magic: 0 v1 ==== 229+0+0 (secure 0 0 0) 0x7ff94000b8f0 con 0x7ff94c1029c0
2024-04-15T00:32:57.789 INFO:teuthology.orchestra.run.smithi017.stdout:/usr/bin/ceph: stderr
2024-04-15T00:32:51.834+0000 7ff94b7fe700 1 -- 172.21.15.17:0/2384784433 <== mon.0 v2:172.21.15.17:3300/0 2 ==== config(27 keys) v1 ==== 1109+0+0 (secure 0 0 0) 0x7ff940011420 con 0x7ff94c1029c0
2024-04-15T00:32:57.789 INFO:teuthology.orchestra.run.smithi017.stdout:/usr/bin/ceph: stderr
2024-04-15T00:32:51.834+0000 7ff94b7fe700 1 -- 172.21.15.17:0/2384784433 <== mon.0 v2:172.21.15.17:3300/0 3 ==== mon_map magic: 0 v1 ==== 229+0+0 (secure 0 0 0) 0x7ff940010540 con 0x7ff94c1029c0
2024-04-15T00:32:57.789 INFO:teuthology.orchestra.run.smithi017.stdout:/usr/bin/ceph: stderr
2024-04-15T00:32:51.835+0000 7ff953088700 1 -- 172.21.15.17:0/2384784433 >> [v2:172.21.15.17:3300/0,v1:172.21.15.17:6789/0] conn(0x7ff94c1029c0 msgr2=0x7ff94c102dd0 secure :-1 s=STATE_CONNECTION_ESTABLISHED l=1).mark_down
2024-04-15T00:32:57.789 INFO:teuthology.orchestra.run.smithi017.stdout:/usr/bin/ceph: stderr
2024-04-15T00:32:51.835+0000 7ff953088700 1 --2- 172.21.15.17:0/2384784433 >> [v2:172.21.15.17:3300/0,v1:172.21.15.17:6789/0] conn(0x7ff94c1029c0 0x7ff94c102dd0 secure :-1 s=READY pgs=69 cs=0 l=1 rev1=1 crypto rx=0x7ff9400098e0 tx=0x7ff940009250 comp rx=0 tx=0).stop
2024-04-15T00:32:57.789 INFO:teuthology.orchestra.run.smithi017.stdout:/usr/bin/ceph: stderr
2024-04-15T00:32:51.835+0000 7ff953088700 1 -- 172.21.15.17:0/2384784433 shutdown_connections
2024-04-15T00:32:57.789 INFO:teuthology.orchestra.run.smithi017.stdout:/usr/bin/ceph: stderr
2024-04-15T00:32:51.835+0000 7ff953088700 1 --2- 172.21.15.17:0/2384784433 >> [v2:172.21.15.17:3300/0,v1:172.21.15.17:6789/0] conn(0x7ff94c1029c0 0x7ff94c102dd0 unknown :-1 s=CLOSED pgs=69 cs=0 l=1 rev1=1 crypto rx=0 tx=0 comp rx=0 tx=0).stop
2024-04-15T00:32:57.789 INFO:teuthology.orchestra.run.smithi017.stdout:/usr/bin/ceph: stderr
2024-04-15T00:32:51.835+0000 7ff953088700 1 -- 172.21.15.17:0/2384784433 >> 172.21.15.17:0/2384784433 conn(0x7ff94c0fe140 msgr2=0x7ff94c100550 unknown :-1 s=STATE_NONE l=0).mark_down
2024-04-15T00:32:57.789 INFO:teuthology.orchestra.run.smithi017.stdout:/usr/bin/ceph: stderr
2024-04-15T00:32:51.835+0000 7ff953088700 1 -- 172.21.15.17:0/2384784433 shutdown_connections
2024-04-15T00:32:57.789 INFO:teuthology.orchestra.run.smithi017.stdout:/usr/bin/ceph: stderr
2024-04-15T00:32:51.835+0000 7ff953088700 1 -- 172.21.15.17:0/2384784433 wait complete.
2024-04-15T00:32:57.789 INFO:teuthology.orchestra.run.smithi017.stdout:/usr/bin/ceph: stderr
2024-04-15T00:32:51.836+0000 7ff953088700 1 Processor -- start
2024-04-15T00:32:57.789 INFO:teuthology.orchestra.run.smithi017.stdout:/usr/bin/ceph: stderr
2024-04-15T00:32:51.836+0000 7ff953088700 1 -- start start
2024-04-15T00:32:57.789 INFO:teuthology.orchestra.run.smithi017.stdout:/usr/bin/ceph: stderr
2024-04-15T00:32:51.836+0000 7ff953088700 1 --2- >> [v2:172.21.15.17:3300/0,v1:172.21.15.17:6789/0] conn(0x7ff94c1029c0 0x7ff94c111750 unknown :-1 s=NONE pgs=0 cs=0 l=1 rev1=0 crypto rx=0 tx=0 comp rx=0 tx=0).connect
2024-04-15T00:32:57.789 INFO:teuthology.orchestra.run.smithi017.stdout:/usr/bin/ceph: stderr
