2024-04-15T00:32:51.836+0000 7ff953088700 1 -- --> [v2:172.21.15.17:3300/0,v1:172.21.15.17:6789/0] -- mon_getmap magic: 0 v1 -- 0x7ff94c111c90 con 0x7ff94c1029c0
2024-04-15T00:32:57.789 INFO:teuthology.orchestra.run.smithi017.stdout:/usr/bin/ceph: stderr
2024-04-15T00:32:51.836+0000 7ff950e24700 1 --2- >> [v2:172.21.15.17:3300/0,v1:172.21.15.17:6789/0] conn(0x7ff94c1029c0 0x7ff94c111750 unknown :-1 s=BANNER_CONNECTING pgs=0 cs=0 l=1 rev1=0 crypto rx=0 tx=0 comp rx=0 tx=0)._handle_peer_banner_payload supported=3 required=0
2024-04-15T00:32:57.790 INFO:teuthology.orchestra.run.smithi017.stdout:/usr/bin/ceph: stderr
2024-04-15T00:32:51.836+0000 7ff950e24700 1 --2- >> [v2:172.21.15.17:3300/0,v1:172.21.15.17:6789/0] conn(0x7ff94c1029c0 0x7ff94c111750 unknown :-1 s=HELLO_CONNECTING pgs=0 cs=0 l=1 rev1=1 crypto rx=0 tx=0 comp rx=0 tx=0).handle_hello peer v2:172.21.15.17:3300/0 says I am v2:172.21.15.17:58736/0 (socket says 172.21.15.17:58736)
2024-04-15T00:32:57.790 INFO:teuthology.orchestra.run.smithi017.stdout:/usr/bin/ceph: stderr
2024-04-15T00:32:51.836+0000 7ff950e24700 1 -- 172.21.15.17:0/658442992 learned_addr learned my addr 172.21.15.17:0/658442992 (peer_addr_for_me v2:172.21.15.17:0/0)
2024-04-15T00:32:57.790 INFO:teuthology.orchestra.run.smithi017.stdout:/usr/bin/ceph: stderr
2024-04-15T00:32:51.836+0000 7ff950e24700 1 -- 172.21.15.17:0/658442992 --> [v2:172.21.15.17:3300/0,v1:172.21.15.17:6789/0] -- mon_subscribe({config=0+,monmap=0+}) v3 -- 0x7ff9400094f0 con 0x7ff94c1029c0
2024-04-15T00:32:57.790 INFO:teuthology.orchestra.run.smithi017.stdout:/usr/bin/ceph: stderr
2024-04-15T00:32:51.837+0000 7ff950e24700 1 --2- 172.21.15.17:0/658442992 >> [v2:172.21.15.17:3300/0,v1:172.21.15.17:6789/0] conn(0x7ff94c1029c0 0x7ff94c111750 secure :-1 s=READY pgs=70 cs=0 l=1 rev1=1 crypto rx=0x7ff940006d40 tx=0x7ff940009250 comp rx=0 tx=0).ready entity=mon.0 client_cookie=0 server_cookie=0 in_seq=0 out_seq=0
2024-04-15T00:32:57.790 INFO:teuthology.orchestra.run.smithi017.stdout:/usr/bin/ceph: stderr
2024-04-15T00:32:51.837+0000 7ff9497fa700 1 -- 172.21.15.17:0/658442992 <== mon.0 v2:172.21.15.17:3300/0 1 ==== mon_map magic: 0 v1 ==== 229+0+0 (secure 0 0 0) 0x7ff94000beb0 con 0x7ff94c1029c0
2024-04-15T00:32:57.790 INFO:teuthology.orchestra.run.smithi017.stdout:/usr/bin/ceph: stderr
2024-04-15T00:32:51.837+0000 7ff953088700 1 -- 172.21.15.17:0/658442992 --> [v2:172.21.15.17:3300/0,v1:172.21.15.17:6789/0] -- mon_subscribe({mgrmap=0+}) v3 -- 0x7ff94c111e90 con 0x7ff94c1029c0
2024-04-15T00:32:57.790 INFO:teuthology.orchestra.run.smithi017.stdout:/usr/bin/ceph: stderr
2024-04-15T00:32:51.837+0000 7ff9497fa700 1 -- 172.21.15.17:0/658442992 <== mon.0 v2:172.21.15.17:3300/0 2 ==== config(27 keys) v1 ==== 1109+0+0 (secure 0 0 0) 0x7ff940010c80 con 0x7ff94c1029c0
2024-04-15T00:32:57.790 INFO:teuthology.orchestra.run.smithi017.stdout:/usr/bin/ceph: stderr
2024-04-15T00:32:51.837+0000 7ff9497fa700 1 -- 172.21.15.17:0/658442992 <== mon.0 v2:172.21.15.17:3300/0 3 ==== mon_map magic: 0 v1 ==== 229+0+0 (secure 0 0 0) 0x7ff940024d40 con 0x7ff94c1029c0
2024-04-15T00:32:57.790 INFO:teuthology.orchestra.run.smithi017.stdout:/usr/bin/ceph: stderr
2024-04-15T00:32:51.837+0000 7ff953088700 1 -- 172.21.15.17:0/658442992 --> [v2:172.21.15.17:3300/0,v1:172.21.15.17:6789/0] -- mon_subscribe({osdmap=0}) v3 -- 0x7ff94c112a00 con 0x7ff94c1029c0
2024-04-15T00:32:57.790 INFO:teuthology.orchestra.run.smithi017.stdout:/usr/bin/ceph: stderr
2024-04-15T00:32:51.838+0000 7ff9497fa700 1 -- 172.21.15.17:0/658442992 <== mon.0 v2:172.21.15.17:3300/0 4 ==== mgrmap(e 9) v1 ==== 43389+0+0 (secure 0 0 0) 0x7ff94001a430 con 0x7ff94c1029c0
2024-04-15T00:32:57.790 INFO:teuthology.orchestra.run.smithi017.stdout:/usr/bin/ceph: stderr
2024-04-15T00:32:51.838+0000 7ff9497fa700 1 --2- 172.21.15.17:0/658442992 >> [v2:172.21.15.17:6800/3791576216,v1:172.21.15.17:6801/3791576216] conn(0x7ff93c036870 0x7ff93c038d20 unknown :-1 s=NONE pgs=0 cs=0 l=1 rev1=0 crypto rx=0 tx=0 comp rx=0 tx=0).connect
2024-04-15T00:32:57.790 INFO:teuthology.orchestra.run.smithi017.stdout:/usr/bin/ceph: stderr
2024-04-15T00:32:51.838+0000 7ff9497fa700 1 -- 172.21.15.17:0/658442992 --> [v2:172.21.15.17:6800/3791576216,v1:172.21.15.17:6801/3791576216] -- command(tid 0: {"prefix": "get_command_descriptions"}) v1 -- 0x7ff93c039430 con 0x7ff93c036870
2024-04-15T00:32:57.790 INFO:teuthology.orchestra.run.smithi017.stdout:/usr/bin/ceph: stderr
2024-04-15T00:32:51.838+0000 7ff9497fa700 1 -- 172.21.15.17:0/658442992 <== mon.0 v2:172.21.15.17:3300/0 5 ==== osd_map(2..2 src has 1..2) v4 ==== 936+0+0 (secure 0 0 0) 0x7ff94004a280 con 0x7ff94c1029c0
2024-04-15T00:32:57.790 INFO:teuthology.orchestra.run.smithi017.stdout:/usr/bin/ceph: stderr
2024-04-15T00:32:51.838+0000 7ff94bfff700 1 -- 172.21.15.17:0/658442992 >> [v2:172.21.15.17:6800/3791576216,v1:172.21.15.17:6801/3791576216] conn(0x7ff93c036870 msgr2=0x7ff93c038d20 unknown :-1 s=STATE_CONNECTING_RE l=1).process reconnect failed to v2:172.21.15.17:6800/3791576216
2024-04-15T00:32:57.791 INFO:teuthology.orchestra.run.smithi017.stdout:/usr/bin/ceph: stderr
2024-04-15T00:32:51.838+0000 7ff94bfff700 1 --2- 172.21.15.17:0/658442992 >> [v2:172.21.15.17:6800/3791576216,v1:172.21.15.17:6801/3791576216] conn(0x7ff93c036870 0x7ff93c038d20 unknown :-1 s=START_CONNECT pgs=0 cs=0 l=1 rev1=0 crypto rx=0 tx=0 comp rx=0 tx=0)._fault waiting 0.200000
2024-04-15T00:32:57.791 INFO:teuthology.orchestra.run.smithi017.stdout:/usr/bin/ceph: stderr
2024-04-15T00:32:52.039+0000 7ff94bfff700 1 -- 172.21.15.17:0/658442992 >> [v2:172.21.15.17:6800/3791576216,v1:172.21.15.17:6801/3791576216] conn(0x7ff93c036870 msgr2=0x7ff93c038d20 unknown :-1 s=STATE_CONNECTING_RE l=1).process reconnect failed to v2:172.21.15.17:6800/3791576216
2024-04-15T00:32:57.791 INFO:teuthology.orchestra.run.smithi017.stdout:/usr/bin/ceph: stderr
2024-04-15T00:32:52.039+0000 7ff94bfff700 1 --2- 172.21.15.17:0/658442992 >> [v2:172.21.15.17:6800/3791576216,v1:172.21.15.17:6801/3791576216] conn(0x7ff93c036870 0x7ff93c038d20 unknown :-1 s=START_CONNECT pgs=0 cs=0 l=1 rev1=0 crypto rx=0 tx=0 comp rx=0 tx=0)._fault waiting 0.400000
2024-04-15T00:32:57.791 INFO:teuthology.orchestra.run.smithi017.stdout:/usr/bin/ceph: stderr
2024-04-15T00:32:52.440+0000 7ff94bfff700 1 -- 172.21.15.17:0/658442992 >> [v2:172.21.15.17:6800/3791576216,v1:172.21.15.17:6801/3791576216] conn(0x7ff93c036870 msgr2=0x7ff93c038d20 unknown :-1 s=STATE_CONNECTING_RE l=1).process reconnect failed to v2:172.21.15.17:6800/3791576216
2024-04-15T00:32:57.791 INFO:teuthology.orchestra.run.smithi017.stdout:/usr/bin/ceph: stderr
2024-04-15T00:32:52.440+0000 7ff94bfff700 1 --2- 172.21.15.17:0/658442992 >> [v2:172.21.15.17:6800/3791576216,v1:172.21.15.17:6801/3791576216] conn(0x7ff93c036870 0x7ff93c038d20 unknown :-1 s=START_CONNECT pgs=0 cs=0 l=1 rev1=0 crypto rx=0 tx=0 comp rx=0 tx=0)._fault waiting 0.800000
2024-04-15T00:32:57.791 INFO:teuthology.orchestra.run.smithi017.stdout:/usr/bin/ceph: stderr
2024-04-15T00:32:53.241+0000 7ff94bfff700 1 -- 172.21.15.17:0/658442992 >> [v2:172.21.15.17:6800/3791576216,v1:172.21.15.17:6801/3791576216] conn(0x7ff93c036870 msgr2=0x7ff93c038d20 unknown :-1 s=STATE_CONNECTING_RE l=1).process reconnect failed to v2:172.21.15.17:6800/3791576216
2024-04-15T00:32:57.791 INFO:teuthology.orchestra.run.smithi017.stdout:/usr/bin/ceph: stderr
2024-04-15T00:32:53.241+0000 7ff94bfff700 1 --2- 172.21.15.17:0/658442992 >> [v2:172.21.15.17:6800/3791576216,v1:172.21.15.17:6801/3791576216] conn(0x7ff93c036870 0x7ff93c038d20 unknown :-1 s=START_CONNECT pgs=0 cs=0 l=1 rev1=0 crypto rx=0 tx=0 comp rx=0 tx=0)._fault waiting 1.600000
2024-04-15T00:32:57.791 INFO:teuthology.orchestra.run.smithi017.stdout:/usr/bin/ceph: stderr
2024-04-15T00:32:54.842+0000 7ff94bfff700 1 -- 172.21.15.17:0/658442992 >> [v2:172.21.15.17:6800/3791576216,v1:172.21.15.17:6801/3791576216] conn(0x7ff93c036870 msgr2=0x7ff93c038d20 unknown :-1 s=STATE_CONNECTING_RE l=1).process reconnect failed to v2:172.21.15.17:6800/3791576216
2024-04-15T00:32:57.791 INFO:teuthology.orchestra.run.smithi017.stdout:/usr/bin/ceph: stderr
2024-04-15T00:32:54.842+0000 7ff94bfff700 1 --2- 172.21.15.17:0/658442992 >> [v2:172.21.15.17:6800/3791576216,v1:172.21.15.17:6801/3791576216] conn(0x7ff93c036870 0x7ff93c038d20 unknown :-1 s=START_CONNECT pgs=0 cs=0 l=1 rev1=0 crypto rx=0 tx=0 comp rx=0 tx=0)._fault waiting 3.200000
2024-04-15T00:32:57.791 INFO:teuthology.orchestra.run.smithi017.stdout:/usr/bin/ceph: stderr
2024-04-15T00:32:56.126+0000 7ff9497fa700 1 -- 172.21.15.17:0/658442992 <== mon.0 v2:172.21.15.17:3300/0 6 ==== mgrmap(e 10) v1 ==== 43156+0+0 (secure 0 0 0) 0x7ff94000fda0 con 0x7ff94c1029c0
2024-04-15T00:32:57.791 INFO:teuthology.orchestra.run.smithi017.stdout:/usr/bin/ceph: stderr
2024-04-15T00:32:56.126+0000 7ff9497fa700 1 -- 172.21.15.17:0/658442992 >> [v2:172.21.15.17:6800/3791576216,v1:172.21.15.17:6801/3791576216] conn(0x7ff93c036870 msgr2=0x7ff93c038d20 unknown :-1 s=STATE_CONNECTING l=1).mark_down
2024-04-15T00:32:57.791 INFO:teuthology.orchestra.run.smithi017.stdout:/usr/bin/ceph: stderr
2024-04-15T00:32:56.126+0000 7ff9497fa700 1 --2- 172.21.15.17:0/658442992 >> [v2:172.21.15.17:6800/3791576216,v1:172.21.15.17:6801/3791576216] conn(0x7ff93c036870 0x7ff93c038d20 unknown :-1 s=START_CONNECT pgs=0 cs=0 l=1 rev1=0 crypto rx=0 tx=0 comp rx=0 tx=0).stop
2024-04-15T00:32:57.791 INFO:teuthology.orchestra.run.smithi017.stdout:/usr/bin/ceph: stderr
2024-04-15T00:32:57.127+0000 7ff9497fa700 1 -- 172.21.15.17:0/658442992 <== mon.0 v2:172.21.15.17:3300/0 7 ==== mgrmap(e 11) v1 ==== 43283+0+0 (secure 0 0 0) 0x7ff940024650 con 0x7ff94c1029c0
2024-04-15T00:32:57.791 INFO:teuthology.orchestra.run.smithi017.stdout:/usr/bin/ceph: stderr
2024-04-15T00:32:57.127+0000 7ff9497fa700 1 --2- 172.21.15.17:0/658442992 >> [v2:172.21.15.17:6800/3086696967,v1:172.21.15.17:6801/3086696967] conn(0x7ff93c03a060 0x7ff93c03c440 unknown :-1 s=NONE pgs=0 cs=0 l=1 rev1=0 crypto rx=0 tx=0 comp rx=0 tx=0).connect
2024-04-15T00:32:57.791 INFO:teuthology.orchestra.run.smithi017.stdout:/usr/bin/ceph: stderr
2024-04-15T00:32:57.127+0000 7ff9497fa700 1 -- 172.21.15.17:0/658442992 --> [v2:172.21.15.17:6800/3086696967,v1:172.21.15.17:6801/3086696967] -- command(tid 0: {"prefix": "get_command_descriptions"}) v1 -- 0x7ff93c039430 con 0x7ff93c03a060
2024-04-15T00:32:57.792 INFO:teuthology.orchestra.run.smithi017.stdout:/usr/bin/ceph: stderr
2024-04-15T00:32:57.127+0000 7ff94bfff700 1 --2- 172.21.15.17:0/658442992 >> [v2:172.21.15.17:6800/3086696967,v1:172.21.15.17:6801/3086696967] conn(0x7ff93c03a060 0x7ff93c03c440 unknown :-1 s=BANNER_CONNECTING pgs=0 cs=0 l=1 rev1=0 crypto rx=0 tx=0 comp rx=0 tx=0)._handle_peer_banner_payload supported=3 required=0
2024-04-15T00:32:57.792 INFO:teuthology.orchestra.run.smithi017.stdout:/usr/bin/ceph: stderr
2024-04-15T00:32:57.128+0000 7ff94bfff700 1 --2- 172.21.15.17:0/658442992 >> [v2:172.21.15.17:6800/3086696967,v1:172.21.15.17:6801/3086696967] conn(0x7ff93c03a060 0x7ff93c03c440 secure :-1 s=READY pgs=1 cs=0 l=1 rev1=1 crypto rx=0x7ff9380039d0 tx=0x7ff9380092f0 comp rx=0 tx=0).ready entity=mgr.14160 client_cookie=0 server_cookie=0 in_seq=0 out_seq=0
2024-04-15T00:32:57.792 INFO:teuthology.orchestra.run.smithi017.stdout:/usr/bin/ceph: stderr
2024-04-15T00:32:57.129+0000 7ff9497fa700 1 -- 172.21.15.17:0/658442992 <== mgr.14160 v2:172.21.15.17:6800/3086696967 1 ==== command_reply(tid 0: 0 ) v1 ==== 8+0+6549 (secure 0 0 0) 0x7ff93c039430 con 0x7ff93c03a060
2024-04-15T00:32:57.792 INFO:teuthology.orchestra.run.smithi017.stdout:/usr/bin/ceph: stderr
2024-04-15T00:32:57.135+0000 7ff953088700 1 -- 172.21.15.17:0/658442992 --> [v2:172.21.15.17:6800/3086696967,v1:172.21.15.17:6801/3086696967] -- command(tid 1: {"prefix": "mgr_status"}) v1 -- 0x7ff94c112320 con 0x7ff93c03a060
2024-04-15T00:32:57.792 INFO:teuthology.orchestra.run.smithi017.stdout:/usr/bin/ceph: stderr
2024-04-15T00:32:57.135+0000 7ff9497fa700 1 -- 172.21.15.17:0/658442992 <== mgr.14160 v2:172.21.15.17:6800/3086696967 2 ==== command_reply(tid 1: 0 ) v1 ==== 8+0+52 (secure 0 0 0) 0x7ff94c112320 con 0x7ff93c03a060
2024-04-15T00:32:57.792 INFO:teuthology.orchestra.run.smithi017.stdout:/usr/bin/ceph: stderr
2024-04-15T00:32:57.135+0000 7ff953088700 1 -- 172.21.15.17:0/658442992 >> [v2:172.21.15.17:6800/3086696967,v1:172.21.15.17:6801/3086696967] conn(0x7ff93c03a060 msgr2=0x7ff93c03c440 secure :-1 s=STATE_CONNECTION_ESTABLISHED l=1).mark_down
2024-04-15T00:32:57.792 INFO:teuthology.orchestra.run.smithi017.stdout:/usr/bin/ceph: stderr
2024-04-15T00:32:57.135+0000 7ff953088700 1 --2- 172.21.15.17:0/658442992 >> [v2:172.21.15.17:6800/3086696967,v1:172.21.15.17:6801/3086696967] conn(0x7ff93c03a060 0x7ff93c03c440 secure :-1 s=READY pgs=1 cs=0 l=1 rev1=1 crypto rx=0x7ff9380039d0 tx=0x7ff9380092f0 comp rx=0 tx=0).stop
2024-04-15T00:32:57.792 INFO:teuthology.orchestra.run.smithi017.stdout:/usr/bin/ceph: stderr
2024-04-15T00:32:57.135+0000 7ff953088700 1 -- 172.21.15.17:0/658442992 >> [v2:172.21.15.17:3300/0,v1:172.21.15.17:6789/0] conn(0x7ff94c1029c0 msgr2=0x7ff94c111750 secure :-1 s=STATE_CONNECTION_ESTABLISHED l=1).mark_down
2024-04-15T00:32:57.793 INFO:teuthology.orchestra.run.smithi017.stdout:/usr/bin/ceph: stderr
2024-04-15T00:32:57.135+0000 7ff953088700 1 --2- 172.21.15.17:0/658442992 >> [v2:172.21.15.17:3300/0,v1:172.21.15.17:6789/0] conn(0x7ff94c1029c0 0x7ff94c111750 secure :-1 s=READY pgs=70 cs=0 l=1 rev1=1 crypto rx=0x7ff940006d40 tx=0x7ff940009250 comp rx=0 tx=0).stop
2024-04-15T00:32:57.793 INFO:teuthology.orchestra.run.smithi017.stdout:/usr/bin/ceph: stderr
2024-04-15T00:32:57.135+0000 7ff953088700 1 -- 172.21.15.17:0/658442992 shutdown_connections
2024-04-15T00:32:57.793 INFO:teuthology.orchestra.run.smithi017.stdout:/usr/bin/ceph: stderr
2024-04-15T00:32:57.135+0000 7ff953088700 1 --2- 172.21.15.17:0/658442992 >> [v2:172.21.15.17:6800/3086696967,v1:172.21.15.17:6801/3086696967] conn(0x7ff93c03a060 0x7ff93c03c440 unknown :-1 s=CLOSED pgs=1 cs=0 l=1 rev1=1 crypto rx=0 tx=0 comp rx=0 tx=0).stop
2024-04-15T00:32:57.793 INFO:teuthology.orchestra.run.smithi017.stdout:/usr/bin/ceph: stderr
2024-04-15T00:32:57.135+0000 7ff953088700 1 --2- 172.21.15.17:0/658442992 >> [v2:172.21.15.17:3300/0,v1:172.21.15.17:6789/0] conn(0x7ff94c1029c0 0x7ff94c111750 unknown :-1 s=CLOSED pgs=70 cs=0 l=1 rev1=1 crypto rx=0 tx=0 comp rx=0 tx=0).stop
2024-04-15T00:32:57.793 INFO:teuthology.orchestra.run.smithi017.stdout:/usr/bin/ceph: stderr
2024-04-15T00:32:57.135+0000 7ff953088700 1 --2- 172.21.15.17:0/658442992 >> [v2:172.21.15.17:6800/3791576216,v1:172.21.15.17:6801/3791576216] conn(0x7ff93c036870 0x7ff93c038d20 unknown :-1 s=CLOSED pgs=0 cs=0 l=1 rev1=0 crypto rx=0 tx=0 comp rx=0 tx=0).stop
2024-04-15T00:32:57.793 INFO:teuthology.orchestra.run.smithi017.stdout:/usr/bin/ceph: stderr
2024-04-15T00:32:57.136+0000 7ff953088700 1 -- 172.21.15.17:0/658442992 >> 172.21.15.17:0/658442992 conn(0x7ff94c0fe140 msgr2=0x7ff94c0fecc0 unknown :-1 s=STATE_NONE l=0).mark_down
2024-04-15T00:32:57.793 INFO:teuthology.orchestra.run.smithi017.stdout:/usr/bin/ceph: stderr
2024-04-15T00:32:57.136+0000 7ff953088700 1 -- 172.21.15.17:0/658442992 shutdown_connections
2024-04-15T00:32:57.793 INFO:teuthology.orchestra.run.smithi017.stdout:/usr/bin/ceph: stderr
2024-04-15T00:32:57.136+0000 7ff953088700 1 -- 172.21.15.17:0/658442992 wait complete.
2024-04-15T00:32:57.793 INFO:teuthology.orchestra.run.smithi017.stdout:mgr epoch 9 is available
2024-04-15T00:32:57.793 INFO:teuthology.orchestra.run.smithi017.stdout:Generating a dashboard self-signed certificate...
2024-04-15T00:32:58.384 INFO:journalctl@ceph.mon.smithi017.smithi017.stdout:Apr 15 00:32:58 smithi017 ceph-mon[29057]: [15/Apr/2024:00:32:56] ENGINE Bus STARTING
2024-04-15T00:32:58.384 INFO:journalctl@ceph.mon.smithi017.smithi017.stdout:Apr 15 00:32:58 smithi017 ceph-mon[29057]: [15/Apr/2024:00:32:57] ENGINE Serving on https://172.21.15.17:7150
2024-04-15T00:32:58.384 INFO:journalctl@ceph.mon.smithi017.smithi017.stdout:Apr 15 00:32:58 smithi017 ceph-mon[29057]: [15/Apr/2024:00:32:57] ENGINE Bus STARTED
2024-04-15T00:32:58.384 INFO:journalctl@ceph.mon.smithi017.smithi017.stdout:Apr 15 00:32:58 smithi017 ceph-mon[29057]: from='mgr.14160 172.21.15.17:0/961645499' entity='mgr.smithi017.amrcxf'
2024-04-15T00:32:58.384 INFO:journalctl@ceph.mon.smithi017.smithi017.stdout:Apr 15 00:32:58 smithi017 ceph-mon[29057]: from='client.14164 -' entity='client.admin' cmd=[{"prefix": "get_command_descriptions"}]: dispatch
2024-04-15T00:32:58.384 INFO:journalctl@ceph.mon.smithi017.smithi017.stdout:Apr 15 00:32:58 smithi017 ceph-mon[29057]: mgrmap e11: smithi017.amrcxf(active, since 1.00575s)
2024-04-15T00:32:58.384 INFO:journalctl@ceph.mon.smithi017.smithi017.stdout:Apr 15 00:32:58 smithi017 ceph-mon[29057]: from='client.14164 -' entity='client.admin' cmd=[{"prefix": "mgr_status"}]: dispatch
2024-04-15T00:32:58.384 INFO:journalctl@ceph.mon.smithi017.smithi017.stdout:Apr 15 00:32:58 smithi017 ceph-mon[29057]: from='mgr.14160 172.21.15.17:0/961645499' entity='mgr.smithi017.amrcxf'
2024-04-15T00:32:59.055 INFO:teuthology.orchestra.run.smithi017.stdout:/usr/bin/ceph: stdout Self-signed certificate created
2024-04-15T00:32:59.055 INFO:teuthology.orchestra.run.smithi017.stdout:/usr/bin/ceph: stderr
2024-04-15T00:32:58.218+0000 7f1ebe9c7700 1 Processor -- start
2024-04-15T00:32:59.055 INFO:teuthology.orchestra.run.smithi017.stdout:/usr/bin/ceph: stderr
2024-04-15T00:32:58.218+0000 7f1ebe9c7700 1 -- start start
2024-04-15T00:32:59.055 INFO:teuthology.orchestra.run.smithi017.stdout:/usr/bin/ceph: stderr
2024-04-15T00:32:58.218+0000 7f1ebe9c7700 1 --2- >> [v2:172.21.15.17:3300/0,v1:172.21.15.17:6789/0] conn(0x7f1eb8100d30 0x7f1eb8101140 unknown :-1 s=NONE pgs=0 cs=0 l=0 rev1=0 crypto rx=0 tx=0 comp rx=0 tx=0).connect
2024-04-15T00:32:59.055 INFO:teuthology.orchestra.run.smithi017.stdout:/usr/bin/ceph: stderr
2024-04-15T00:32:58.218+0000 7f1ebe9c7700 1 -- --> [v2:172.21.15.17:3300/0,v1:172.21.15.17:6789/0] -- mon_getmap magic: 0 v1 -- 0x7f1eb8101680 con 0x7f1eb8100d30
2024-04-15T00:32:59.055 INFO:teuthology.orchestra.run.smithi017.stdout:/usr/bin/ceph: stderr
2024-04-15T00:32:58.218+0000 7f1eb7fff700 1 --2- >> [v2:172.21.15.17:3300/0,v1:172.21.15.17:6789/0] conn(0x7f1eb8100d30 0x7f1eb8101140 unknown :-1 s=BANNER_CONNECTING pgs=0 cs=0 l=0 rev1=0 crypto rx=0 tx=0 comp rx=0 tx=0)._handle_peer_banner_payload supported=3 required=0
2024-04-15T00:32:59.056 INFO:teuthology.orchestra.run.smithi017.stdout:/usr/bin/ceph: stderr
2024-04-15T00:32:58.218+0000 7f1eb7fff700 1 --2- >> [v2:172.21.15.17:3300/0,v1:172.21.15.17:6789/0] conn(0x7f1eb8100d30 0x7f1eb8101140 unknown :-1 s=HELLO_CONNECTING pgs=0 cs=0 l=0 rev1=1 crypto rx=0 tx=0 comp rx=0 tx=0).handle_hello peer v2:172.21.15.17:3300/0 says I am v2:172.21.15.17:53102/0 (socket says 172.21.15.17:53102)
2024-04-15T00:32:59.056 INFO:teuthology.orchestra.run.smithi017.stdout:/usr/bin/ceph: stderr
2024-04-15T00:32:58.218+0000 7f1eb7fff700 1 -- 172.21.15.17:0/3122081347 learned_addr learned my addr 172.21.15.17:0/3122081347 (peer_addr_for_me v2:172.21.15.17:0/0)
2024-04-15T00:32:59.056 INFO:teuthology.orchestra.run.smithi017.stdout:/usr/bin/ceph: stderr
2024-04-15T00:32:58.219+0000 7f1eb7fff700 1 -- 172.21.15.17:0/3122081347 --> [v2:172.21.15.17:3300/0,v1:172.21.15.17:6789/0] -- mon_subscribe({config=0+,monmap=0+}) v3 -- 0x7f1eb81017c0 con 0x7f1eb8100d30
2024-04-15T00:32:59.056 INFO:teuthology.orchestra.run.smithi017.stdout:/usr/bin/ceph: stderr
2024-04-15T00:32:58.219+0000 7f1eb7fff700 1 --2- 172.21.15.17:0/3122081347 >> [v2:172.21.15.17:3300/0,v1:172.21.15.17:6789/0] conn(0x7f1eb8100d30 0x7f1eb8101140 secure :-1 s=READY pgs=78 cs=0 l=1 rev1=1 crypto rx=0x7f1ea80098e0 tx=0x7f1ea8009250 comp rx=0 tx=0).ready entity=mon.0 client_cookie=2823240215961b0c server_cookie=0 in_seq=0 out_seq=0
2024-04-15T00:32:59.056 INFO:teuthology.orchestra.run.smithi017.stdout:/usr/bin/ceph: stderr
2024-04-15T00:32:58.219+0000 7f1eb6ffd700 1 -- 172.21.15.17:0/3122081347 <== mon.0 v2:172.21.15.17:3300/0 1 ==== mon_map magic: 0 v1 ==== 229+0+0 (secure 0 0 0) 0x7f1ea800b860 con 0x7f1eb8100d30
2024-04-15T00:32:59.056 INFO:teuthology.orchestra.run.smithi017.stdout:/usr/bin/ceph: stderr
2024-04-15T00:32:58.219+0000 7f1eb6ffd700 1 -- 172.21.15.17:0/3122081347 <== mon.0 v2:172.21.15.17:3300/0 2 ==== config(27 keys) v1 ==== 1109+0+0 (secure 0 0 0) 0x7f1ea800be90 con 0x7f1eb8100d30
2024-04-15T00:32:59.056 INFO:teuthology.orchestra.run.smithi017.stdout:/usr/bin/ceph: stderr
2024-04-15T00:32:58.219+0000 7f1eb6ffd700 1 -- 172.21.15.17:0/3122081347 <== mon.0 v2:172.21.15.17:3300/0 3 ==== mon_map magic: 0 v1 ==== 229+0+0 (secure 0 0 0) 0x7f1ea80103c0 con 0x7f1eb8100d30
2024-04-15T00:32:59.056 INFO:teuthology.orchestra.run.smithi017.stdout:/usr/bin/ceph: stderr
2024-04-15T00:32:58.220+0000 7f1ebe9c7700 1 -- 172.21.15.17:0/3122081347 >> [v2:172.21.15.17:3300/0,v1:172.21.15.17:6789/0] conn(0x7f1eb8100d30 msgr2=0x7f1eb8101140 secure :-1 s=STATE_CONNECTION_ESTABLISHED l=1).mark_down
2024-04-15T00:32:59.056 INFO:teuthology.orchestra.run.smithi017.stdout:/usr/bin/ceph: stderr
2024-04-15T00:32:58.220+0000 7f1ebe9c7700 1 --2- 172.21.15.17:0/3122081347 >> [v2:172.21.15.17:3300/0,v1:172.21.15.17:6789/0] conn(0x7f1eb8100d30 0x7f1eb8101140 secure :-1 s=READY pgs=78 cs=0 l=1 rev1=1 crypto rx=0x7f1ea80098e0 tx=0x7f1ea8009250 comp rx=0 tx=0).stop
2024-04-15T00:32:59.056 INFO:teuthology.orchestra.run.smithi017.stdout:/usr/bin/ceph: stderr
2024-04-15T00:32:58.220+0000 7f1ebe9c7700 1 -- 172.21.15.17:0/3122081347 shutdown_connections
2024-04-15T00:32:59.056 INFO:teuthology.orchestra.run.smithi017.stdout:/usr/bin/ceph: stderr
2024-04-15T00:32:58.220+0000 7f1ebe9c7700 1 --2- 172.21.15.17:0/3122081347 >> [v2:172.21.15.17:3300/0,v1:172.21.15.17:6789/0] conn(0x7f1eb8100d30 0x7f1eb8101140 unknown :-1 s=CLOSED pgs=78 cs=0 l=1 rev1=1 crypto rx=0 tx=0 comp rx=0 tx=0).stop
2024-04-15T00:32:59.056 INFO:teuthology.orchestra.run.smithi017.stdout:/usr/bin/ceph: stderr
2024-04-15T00:32:58.220+0000 7f1ebe9c7700 1 -- 172.21.15.17:0/3122081347 >> 172.21.15.17:0/3122081347 conn(0x7f1eb80fc770 msgr2=0x7f1eb80feb80 unknown :-1 s=STATE_NONE l=0).mark_down
2024-04-15T00:32:59.057 INFO:teuthology.orchestra.run.smithi017.stdout:/usr/bin/ceph: stderr
2024-04-15T00:32:58.220+0000 7f1ebe9c7700 1 -- 172.21.15.17:0/3122081347 shutdown_connections
2024-04-15T00:32:59.057 INFO:teuthology.orchestra.run.smithi017.stdout:/usr/bin/ceph: stderr
2024-04-15T00:32:58.220+0000 7f1ebe9c7700 1 -- 172.21.15.17:0/3122081347 wait complete.
2024-04-15T00:32:59.057 INFO:teuthology.orchestra.run.smithi017.stdout:/usr/bin/ceph: stderr
2024-04-15T00:32:58.220+0000 7f1ebe9c7700 1 Processor -- start
2024-04-15T00:32:59.057 INFO:teuthology.orchestra.run.smithi017.stdout:/usr/bin/ceph: stderr
2024-04-15T00:32:58.220+0000 7f1ebe9c7700 1 -- start start
2024-04-15T00:32:59.057 INFO:teuthology.orchestra.run.smithi017.stdout:/usr/bin/ceph: stderr
2024-04-15T00:32:58.221+0000 7f1ebe9c7700 1 --2- >> [v2:172.21.15.17:3300/0,v1:172.21.15.17:6789/0] conn(0x7f1eb8100d30 0x7f1eb8111740 unknown :-1 s=NONE pgs=0 cs=0 l=1 rev1=0 crypto rx=0 tx=0 comp rx=0 tx=0).connect
2024-04-15T00:32:59.057 INFO:teuthology.orchestra.run.smithi017.stdout:/usr/bin/ceph: stderr
2024-04-15T00:32:58.221+0000 7f1ebe9c7700 1 -- --> [v2:172.21.15.17:3300/0,v1:172.21.15.17:6789/0] -- mon_getmap magic: 0 v1 -- 0x7f1eb8111c80 con 0x7f1eb8100d30
2024-04-15T00:32:59.058 INFO:teuthology.orchestra.run.smithi017.stdout:/usr/bin/ceph: stderr
2024-04-15T00:32:58.221+0000 7f1eb7fff700 1 --2- >> [v2:172.21.15.17:3300/0,v1:172.21.15.17:6789/0] conn(0x7f1eb8100d30 0x7f1eb8111740 unknown :-1 s=BANNER_CONNECTING pgs=0 cs=0 l=1 rev1=0 crypto rx=0 tx=0 comp rx=0 tx=0)._handle_peer_banner_payload supported=3 required=0
2024-04-15T00:32:59.058 INFO:teuthology.orchestra.run.smithi017.stdout:/usr/bin/ceph: stderr
2024-04-15T00:32:58.221+0000 7f1eb7fff700 1 --2- >> [v2:172.21.15.17:3300/0,v1:172.21.15.17:6789/0] conn(0x7f1eb8100d30 0x7f1eb8111740 unknown :-1 s=HELLO_CONNECTING pgs=0 cs=0 l=1 rev1=1 crypto rx=0 tx=0 comp rx=0 tx=0).handle_hello peer v2:172.21.15.17:3300/0 says I am v2:172.21.15.17:53104/0 (socket says 172.21.15.17:53104)
2024-04-15T00:32:59.058 INFO:teuthology.orchestra.run.smithi017.stdout:/usr/bin/ceph: stderr
2024-04-15T00:32:58.221+0000 7f1eb7fff700 1 -- 172.21.15.17:0/2354967183 learned_addr learned my addr 172.21.15.17:0/2354967183 (peer_addr_for_me v2:172.21.15.17:0/0)
2024-04-15T00:32:59.058 INFO:teuthology.orchestra.run.smithi017.stdout:/usr/bin/ceph: stderr
2024-04-15T00:32:58.221+0000 7f1eb7fff700 1 -- 172.21.15.17:0/2354967183 --> [v2:172.21.15.17:3300/0,v1:172.21.15.17:6789/0] -- mon_subscribe({config=0+,monmap=0+}) v3 -- 0x7f1ea80094f0 con 0x7f1eb8100d30
2024-04-15T00:32:59.058 INFO:teuthology.orchestra.run.smithi017.stdout:/usr/bin/ceph: stderr
2024-04-15T00:32:58.221+0000 7f1eb7fff700 1 --2- 172.21.15.17:0/2354967183 >> [v2:172.21.15.17:3300/0,v1:172.21.15.17:6789/0] conn(0x7f1eb8100d30 0x7f1eb8111740 secure :-1 s=READY pgs=79 cs=0 l=1 rev1=1 crypto rx=0x7f1ea8011c10 tx=0x7f1ea8009250 comp rx=0 tx=0).ready entity=mon.0 client_cookie=0 server_cookie=0 in_seq=0 out_seq=0
2024-04-15T00:32:59.058 INFO:teuthology.orchestra.run.smithi017.stdout:/usr/bin/ceph: stderr
2024-04-15T00:32:58.221+0000 7f1eb4ff9700 1 -- 172.21.15.17:0/2354967183 <== mon.0 v2:172.21.15.17:3300/0 1 ==== mon_map magic: 0 v1 ==== 229+0+0 (secure 0 0 0) 0x7f1ea80118f0 con 0x7f1eb8100d30
2024-04-15T00:32:59.058 INFO:teuthology.orchestra.run.smithi017.stdout:/usr/bin/ceph: stderr
2024-04-15T00:32:58.221+0000 7f1eb4ff9700 1 -- 172.21.15.17:0/2354967183 <== mon.0 v2:172.21.15.17:3300/0 2 ==== config(27 keys) v1 ==== 1109+0+0 (secure 0 0 0) 0x7f1ea8010d60 con 0x7f1eb8100d30
2024-04-15T00:32:59.058 INFO:teuthology.orchestra.run.smithi017.stdout:/usr/bin/ceph: stderr
2024-04-15T00:32:58.221+0000 7f1ebe9c7700 1 -- 172.21.15.17:0/2354967183 --> [v2:172.21.15.17:3300/0,v1:172.21.15.17:6789/0] -- mon_subscribe({mgrmap=0+}) v3 -- 0x7f1eb8111e80 con 0x7f1eb8100d30
2024-04-15T00:32:59.058 INFO:teuthology.orchestra.run.smithi017.stdout:/usr/bin/ceph: stderr
2024-04-15T00:32:58.221+0000 7f1ebe9c7700 1 -- 172.21.15.17:0/2354967183 --> [v2:172.21.15.17:3300/0,v1:172.21.15.17:6789/0] -- mon_subscribe({osdmap=0}) v3 -- 0x7f1eb81129f0 con 0x7f1eb8100d30
2024-04-15T00:32:59.058 INFO:teuthology.orchestra.run.smithi017.stdout:/usr/bin/ceph: stderr
2024-04-15T00:32:58.221+0000 7f1eb4ff9700 1 -- 172.21.15.17:0/2354967183 <== mon.0 v2:172.21.15.17:3300/0 3 ==== mon_map magic: 0 v1 ==== 229+0+0 (secure 0 0 0) 0x7f1ea80243f0 con 0x7f1eb8100d30
2024-04-15T00:32:59.058 INFO:teuthology.orchestra.run.smithi017.stdout:/usr/bin/ceph: stderr
2024-04-15T00:32:58.222+0000 7f1eb4ff9700 1 -- 172.21.15.17:0/2354967183 <== mon.0 v2:172.21.15.17:3300/0 4 ==== mgrmap(e 11) v1 ==== 43283+0+0 (secure 0 0 0) 0x7f1ea801a7a0 con 0x7f1eb8100d30
2024-04-15T00:32:59.058 INFO:teuthology.orchestra.run.smithi017.stdout:/usr/bin/ceph: stderr
2024-04-15T00:32:58.222+0000 7f1ebe9c7700 1 -- 172.21.15.17:0/2354967183 --> [v2:172.21.15.17:3300/0,v1:172.21.15.17:6789/0] -- mon_command({"prefix": "get_command_descriptions"} v 0) v1 -- 0x7f1eb805f5f0 con 0x7f1eb8100d30
2024-04-15T00:32:59.058 INFO:teuthology.orchestra.run.smithi017.stdout:/usr/bin/ceph: stderr
2024-04-15T00:32:58.223+0000 7f1eb4ff9700 1 --2- 172.21.15.17:0/2354967183 >> [v2:172.21.15.17:6800/3086696967,v1:172.21.15.17:6801/3086696967] conn(0x7f1ea4036710 0x7f1ea4038bc0 unknown :-1 s=NONE pgs=0 cs=0 l=1 rev1=0 crypto rx=0 tx=0 comp rx=0 tx=0).connect
2024-04-15T00:32:59.058 INFO:teuthology.orchestra.run.smithi017.stdout:/usr/bin/ceph: stderr
2024-04-15T00:32:58.223+0000 7f1eb4ff9700 1 -- 172.21.15.17:0/2354967183 <== mon.0 v2:172.21.15.17:3300/0 5 ==== osd_map(3..3 src has 1..3) v4 ==== 1151+0+0 (secure 0 0 0) 0x7f1ea804a500 con 0x7f1eb8100d30
2024-04-15T00:32:59.059 INFO:teuthology.orchestra.run.smithi017.stdout:/usr/bin/ceph: stderr
2024-04-15T00:32:58.223+0000 7f1eb77fe700 1 --2- 172.21.15.17:0/2354967183 >> [v2:172.21.15.17:6800/3086696967,v1:172.21.15.17:6801/3086696967] conn(0x7f1ea4036710 0x7f1ea4038bc0 unknown :-1 s=BANNER_CONNECTING pgs=0 cs=0 l=1 rev1=0 crypto rx=0 tx=0 comp rx=0 tx=0)._handle_peer_banner_payload supported=3 required=0
2024-04-15T00:32:59.059 INFO:teuthology.orchestra.run.smithi017.stdout:/usr/bin/ceph: stderr
2024-04-15T00:32:58.223+0000 7f1eb77fe700 1 --2- 172.21.15.17:0/2354967183 >> [v2:172.21.15.17:6800/3086696967,v1:172.21.15.17:6801/3086696967] conn(0x7f1ea4036710 0x7f1ea4038bc0 secure :-1 s=READY pgs=7 cs=0 l=1 rev1=1 crypto rx=0x7f1ea0009990 tx=0x7f1ea0006e40 comp rx=0 tx=0).ready entity=mgr.14160 client_cookie=0 server_cookie=0 in_seq=0 out_seq=0
2024-04-15T00:32:59.059 INFO:teuthology.orchestra.run.smithi017.stdout:/usr/bin/ceph: stderr
2024-04-15T00:32:58.228+0000 7f1eb4ff9700 1 -- 172.21.15.17:0/2354967183 <== mon.0 v2:172.21.15.17:3300/0 6 ==== mon_command_ack([{"prefix": "get_command_descriptions"}]=0 v0) v1 ==== 72+0+176702 (secure 0 0 0) 0x7f1ea802c910 con 0x7f1eb8100d30
2024-04-15T00:32:59.059 INFO:teuthology.orchestra.run.smithi017.stdout:/usr/bin/ceph: stderr
2024-04-15T00:32:58.430+0000 7f1ebe9c7700 1 -- 172.21.15.17:0/2354967183 --> [v2:172.21.15.17:6800/3086696967,v1:172.21.15.17:6801/3086696967] -- mgr_command(tid 0: {"prefix": "dashboard create-self-signed-cert", "target": ["mon-mgr", ""]}) v1 -- 0x7f1eb80fdb50 con 0x7f1ea4036710
2024-04-15T00:32:59.059 INFO:teuthology.orchestra.run.smithi017.stdout:/usr/bin/ceph: stderr
2024-04-15T00:32:58.506+0000 7f1eb4ff9700 1 -- 172.21.15.17:0/2354967183 <== mgr.14160 v2:172.21.15.17:6800/3086696967 1 ==== mgr_command_reply(tid 0: 0 ) v1 ==== 8+0+32 (secure 0 0 0) 0x7f1eb80fdb50 con 0x7f1ea4036710
2024-04-15T00:32:59.059 INFO:teuthology.orchestra.run.smithi017.stdout:/usr/bin/ceph: stderr
2024-04-15T00:32:58.508+0000 7f1ebe9c7700 1 -- 172.21.15.17:0/2354967183 >> [v2:172.21.15.17:6800/3086696967,v1:172.21.15.17:6801/3086696967] conn(0x7f1ea4036710 msgr2=0x7f1ea4038bc0 secure :-1 s=STATE_CONNECTION_ESTABLISHED l=1).mark_down
2024-04-15T00:32:59.059 INFO:teuthology.orchestra.run.smithi017.stdout:/usr/bin/ceph: stderr
2024-04-15T00:32:58.508+0000 7f1ebe9c7700 1 --2- 172.21.15.17:0/2354967183 >> [v2:172.21.15.17:6800/3086696967,v1:172.21.15.17:6801/3086696967] conn(0x7f1ea4036710 0x7f1ea4038bc0 secure :-1 s=READY pgs=7 cs=0 l=1 rev1=1 crypto rx=0x7f1ea0009990 tx=0x7f1ea0006e40 comp rx=0 tx=0).stop
2024-04-15T00:32:59.059 INFO:teuthology.orchestra.run.smithi017.stdout:/usr/bin/ceph: stderr
2024-04-15T00:32:58.508+0000 7f1ebe9c7700 1 -- 172.21.15.17:0/2354967183 >> [v2:172.21.15.17:3300/0,v1:172.21.15.17:6789/0] conn(0x7f1eb8100d30 msgr2=0x7f1eb8111740 secure :-1 s=STATE_CONNECTION_ESTABLISHED l=1).mark_down
2024-04-15T00:32:59.059 INFO:teuthology.orchestra.run.smithi017.stdout:/usr/bin/ceph: stderr
2024-04-15T00:32:58.508+0000 7f1ebe9c7700 1 --2- 172.21.15.17:0/2354967183 >> [v2:172.21.15.17:3300/0,v1:172.21.15.17:6789/0] conn(0x7f1eb8100d30 0x7f1eb8111740 secure :-1 s=READY pgs=79 cs=0 l=1 rev1=1 crypto rx=0x7f1ea8011c10 tx=0x7f1ea8009250 comp rx=0 tx=0).stop
2024-04-15T00:32:59.059 INFO:teuthology.orchestra.run.smithi017.stdout:/usr/bin/ceph: stderr
2024-04-15T00:32:58.508+0000 7f1ebe9c7700 1 -- 172.21.15.17:0/2354967183 shutdown_connections
2024-04-15T00:32:59.060 INFO:teuthology.orchestra.run.smithi017.stdout:/usr/bin/ceph: stderr
2024-04-15T00:32:58.508+0000 7f1ebe9c7700 1 --2- 172.21.15.17:0/2354967183 >> [v2:172.21.15.17:6800/3086696967,v1:172.21.15.17:6801/3086696967] conn(0x7f1ea4036710 0x7f1ea4038bc0 unknown :-1 s=CLOSED pgs=7 cs=0 l=1 rev1=1 crypto rx=0 tx=0 comp rx=0 tx=0).stop
2024-04-15T00:32:59.060 INFO:teuthology.orchestra.run.smithi017.stdout:/usr/bin/ceph: stderr
2024-04-15T00:32:58.508+0000 7f1ebe9c7700 1 --2- 172.21.15.17:0/2354967183 >> [v2:172.21.15.17:3300/0,v1:172.21.15.17:6789/0] conn(0x7f1eb8100d30 0x7f1eb8111740 unknown :-1 s=CLOSED pgs=79 cs=0 l=1 rev1=1 crypto rx=0 tx=0 comp rx=0 tx=0).stop
2024-04-15T00:32:59.060 INFO:teuthology.orchestra.run.smithi017.stdout:/usr/bin/ceph: stderr
2024-04-15T00:32:58.508+0000 7f1ebe9c7700 1 -- 172.21.15.17:0/2354967183 >> 172.21.15.17:0/2354967183 conn(0x7f1eb80fc770 msgr2=0x7f1eb80fd380 unknown :-1 s=STATE_NONE l=0).mark_down
2024-04-15T00:32:59.060 INFO:teuthology.orchestra.run.smithi017.stdout:/usr/bin/ceph: stderr
2024-04-15T00:32:58.508+0000 7f1ebe9c7700 1 -- 172.21.15.17:0/2354967183 shutdown_connections
2024-04-15T00:32:59.060 INFO:teuthology.orchestra.run.smithi017.stdout:/usr/bin/ceph: stderr
2024-04-15T00:32:58.508+0000 7f1ebe9c7700 1 -- 172.21.15.17:0/2354967183 wait complete.
2024-04-15T00:32:59.060 INFO:teuthology.orchestra.run.smithi017.stdout:Creating initial admin user...
2024-04-15T00:32:59.634 INFO:journalctl@ceph.mon.smithi017.smithi017.stdout:Apr 15 00:32:59 smithi017 ceph-mon[29057]: from='mgr.14160 172.21.15.17:0/961645499' entity='mgr.smithi017.amrcxf'
2024-04-15T00:32:59.634 INFO:journalctl@ceph.mon.smithi017.smithi017.stdout:Apr 15 00:32:59 smithi017 ceph-mon[29057]: from='client.14172 -' entity='client.admin' cmd=[{"prefix": "dashboard create-self-signed-cert", "target": ["mon-mgr", ""]}]: dispatch
2024-04-15T00:32:59.634 INFO:journalctl@ceph.mon.smithi017.smithi017.stdout:Apr 15 00:32:59 smithi017 ceph-mon[29057]: from='mgr.14160 172.21.15.17:0/961645499' entity='mgr.smithi017.amrcxf'
2024-04-15T00:32:59.634 INFO:journalctl@ceph.mon.smithi017.smithi017.stdout:Apr 15 00:32:59 smithi017 ceph-mon[29057]: from='mgr.14160 172.21.15.17:0/961645499' entity='mgr.smithi017.amrcxf'
2024-04-15T00:32:59.634 INFO:journalctl@ceph.mon.smithi017.smithi017.stdout:Apr 15 00:32:59 smithi017 ceph-mon[29057]: mgrmap e12: smithi017.amrcxf(active, since 2s)
2024-04-15T00:33:00.736 INFO:teuthology.orchestra.run.smithi017.stdout:/usr/bin/ceph: stdout {"username": "admin", "password": "$2b$12$t6sRvAPI0JPsKirJSZK0TuMB9ekkAyIfO3bV9CJ9Q.tiZuB1HxYbu", "roles": ["administrator"], "name": null, "email": null, "lastUpdate": 1713141179, "enabled": true, "pwdExpirationDate": null, "pwdUpdateRequired": true}
2024-04-15T00:33:00.736 INFO:teuthology.orchestra.run.smithi017.stdout:/usr/bin/ceph: stderr
2024-04-15T00:32:59.461+0000 7feb8b186700 1 Processor -- start
2024-04-15T00:33:00.737 INFO:teuthology.orchestra.run.smithi017.stdout:/usr/bin/ceph: stderr
2024-04-15T00:32:59.461+0000 7feb8b186700 1 -- start start
2024-04-15T00:33:00.737 INFO:teuthology.orchestra.run.smithi017.stdout:/usr/bin/ceph: stderr
2024-04-15T00:32:59.461+0000 7feb8b186700 1 --2- >> [v2:172.21.15.17:3300/0,v1:172.21.15.17:6789/0] conn(0x7feb84078bc0 0x7feb84077260 unknown :-1 s=NONE pgs=0 cs=0 l=0 rev1=0 crypto rx=0 tx=0 comp rx=0 tx=0).connect
2024-04-15T00:33:00.737 INFO:teuthology.orchestra.run.smithi017.stdout:/usr/bin/ceph: stderr
2024-04-15T00:32:59.461+0000 7feb8b186700 1 -- --> [v2:172.21.15.17:3300/0,v1:172.21.15.17:6789/0] -- mon_getmap magic: 0 v1 -- 0x7feb84078fd0 con 0x7feb84078bc0
2024-04-15T00:33:00.737 INFO:teuthology.orchestra.run.smithi017.stdout:/usr/bin/ceph: stderr
2024-04-15T00:32:59.461+0000 7feb88f22700 1 --2- >> [v2:172.21.15.17:3300/0,v1:172.21.15.17:6789/0] conn(0x7feb84078bc0 0x7feb84077260 unknown :-1 s=BANNER_CONNECTING pgs=0 cs=0 l=0 rev1=0 crypto rx=0 tx=0 comp rx=0 tx=0)._handle_peer_banner_payload supported=3 required=0
2024-04-15T00:33:00.737 INFO:teuthology.orchestra.run.smithi017.stdout:/usr/bin/ceph: stderr
2024-04-15T00:32:59.461+0000 7feb88f22700 1 --2- >> [v2:172.21.15.17:3300/0,v1:172.21.15.17:6789/0] conn(0x7feb84078bc0 0x7feb84077260 unknown :-1 s=HELLO_CONNECTING pgs=0 cs=0 l=0 rev1=1 crypto rx=0 tx=0 comp rx=0 tx=0).handle_hello peer v2:172.21.15.17:3300/0 says I am v2:172.21.15.17:53106/0 (socket says 172.21.15.17:53106)
2024-04-15T00:33:00.737 INFO:teuthology.orchestra.run.smithi017.stdout:/usr/bin/ceph: stderr
2024-04-15T00:32:59.461+0000 7feb88f22700 1 -- 172.21.15.17:0/2418707116 learned_addr learned my addr 172.21.15.17:0/2418707116 (peer_addr_for_me v2:172.21.15.17:0/0)
2024-04-15T00:33:00.737 INFO:teuthology.orchestra.run.smithi017.stdout:/usr/bin/ceph: stderr
2024-04-15T00:32:59.462+0000 7feb88f22700 1 -- 172.21.15.17:0/2418707116 --> [v2:172.21.15.17:3300/0,v1:172.21.15.17:6789/0] -- mon_subscribe({config=0+,monmap=0+}) v3 -- 0x7feb84079110 con 0x7feb84078bc0
2024-04-15T00:33:00.737 INFO:teuthology.orchestra.run.smithi017.stdout:/usr/bin/ceph: stderr
2024-04-15T00:32:59.462+0000 7feb88f22700 1 --2- 172.21.15.17:0/2418707116 >> [v2:172.21.15.17:3300/0,v1:172.21.15.17:6789/0] conn(0x7feb84078bc0 0x7feb84077260 secure :-1 s=READY pgs=80 cs=0 l=1 rev1=1 crypto rx=0x7feb780098e0 tx=0x7feb78009250 comp rx=0 tx=0).ready entity=mon.0 client_cookie=2976c545c348446b server_cookie=0 in_seq=0 out_seq=0
2024-04-15T00:33:00.737 INFO:teuthology.orchestra.run.smithi017.stdout:/usr/bin/ceph: stderr
2024-04-15T00:32:59.462+0000 7feb837fe700 1 -- 172.21.15.17:0/2418707116 <== mon.0 v2:172.21.15.17:3300/0 1 ==== mon_map magic: 0 v1 ==== 229+0+0 (secure 0 0 0) 0x7feb7800b8f0 con 0x7feb84078bc0
2024-04-15T00:33:00.737 INFO:teuthology.orchestra.run.smithi017.stdout:/usr/bin/ceph: stderr
2024-04-15T00:32:59.462+0000 7feb837fe700 1 -- 172.21.15.17:0/2418707116 <== mon.0 v2:172.21.15.17:3300/0 2 ==== config(27 keys) v1 ==== 1109+0+0 (secure 0 0 0) 0x7feb78011420 con 0x7feb84078bc0
2024-04-15T00:33:00.737 INFO:teuthology.orchestra.run.smithi017.stdout:/usr/bin/ceph: stderr
2024-04-15T00:32:59.462+0000 7feb837fe700 1 -- 172.21.15.17:0/2418707116 <== mon.0 v2:172.21.15.17:3300/0 3 ==== mon_map magic: 0 v1 ==== 229+0+0 (secure 0 0 0) 0x7feb78010540 con 0x7feb84078bc0
2024-04-15T00:33:00.737 INFO:teuthology.orchestra.run.smithi017.stdout:/usr/bin/ceph: stderr
2024-04-15T00:32:59.462+0000 7feb8b186700 1 -- 172.21.15.17:0/2418707116 >> [v2:172.21.15.17:3300/0,v1:172.21.15.17:6789/0] conn(0x7feb84078bc0 msgr2=0x7feb84077260 secure :-1 s=STATE_CONNECTION_ESTABLISHED l=1).mark_down
2024-04-15T00:33:00.737 INFO:teuthology.orchestra.run.smithi017.stdout:/usr/bin/ceph: stderr
2024-04-15T00:32:59.462+0000 7feb8b186700 1 --2- 172.21.15.17:0/2418707116 >> [v2:172.21.15.17:3300/0,v1:172.21.15.17:6789/0] conn(0x7feb84078bc0 0x7feb84077260 secure :-1 s=READY pgs=80 cs=0 l=1 rev1=1 crypto rx=0x7feb780098e0 tx=0x7feb78009250 comp rx=0 tx=0).stop
2024-04-15T00:33:00.737 INFO:teuthology.orchestra.run.smithi017.stdout:/usr/bin/ceph: stderr
2024-04-15T00:32:59.462+0000 7feb8b186700 1 -- 172.21.15.17:0/2418707116 shutdown_connections
2024-04-15T00:33:00.738 INFO:teuthology.orchestra.run.smithi017.stdout:/usr/bin/ceph: stderr
2024-04-15T00:32:59.462+0000 7feb8b186700 1 --2- 172.21.15.17:0/2418707116 >> [v2:172.21.15.17:3300/0,v1:172.21.15.17:6789/0] conn(0x7feb84078bc0 0x7feb84077260 unknown :-1 s=CLOSED pgs=80 cs=0 l=1 rev1=1 crypto rx=0 tx=0 comp rx=0 tx=0).stop
2024-04-15T00:33:00.738 INFO:teuthology.orchestra.run.smithi017.stdout:/usr/bin/ceph: stderr
2024-04-15T00:32:59.462+0000 7feb8b186700 1 -- 172.21.15.17:0/2418707116 >> 172.21.15.17:0/2418707116 conn(0x7feb840fe140 msgr2=0x7feb84100550 unknown :-1 s=STATE_NONE l=0).mark_down
2024-04-15T00:33:00.738 INFO:teuthology.orchestra.run.smithi017.stdout:/usr/bin/ceph: stderr
2024-04-15T00:32:59.463+0000 7feb8b186700 1 -- 172.21.15.17:0/2418707116 shutdown_connections
2024-04-15T00:33:00.738 INFO:teuthology.orchestra.run.smithi017.stdout:/usr/bin/ceph: stderr
2024-04-15T00:32:59.463+0000 7feb8b186700 1 -- 172.21.15.17:0/2418707116 wait complete.
2024-04-15T00:33:00.738 INFO:teuthology.orchestra.run.smithi017.stdout:/usr/bin/ceph: stderr
2024-04-15T00:32:59.463+0000 7feb8b186700 1 Processor -- start
2024-04-15T00:33:00.738 INFO:teuthology.orchestra.run.smithi017.stdout:/usr/bin/ceph: stderr
2024-04-15T00:32:59.463+0000 7feb8b186700 1 -- start start
2024-04-15T00:33:00.738 INFO:teuthology.orchestra.run.smithi017.stdout:/usr/bin/ceph: stderr
2024-04-15T00:32:59.463+0000 7feb8b186700 1 --2- >> [v2:172.21.15.17:3300/0,v1:172.21.15.17:6789/0] conn(0x7feb84078bc0 0x7feb84113920 unknown :-1 s=NONE pgs=0 cs=0 l=1 rev1=0 crypto rx=0 tx=0 comp rx=0 tx=0).connect
2024-04-15T00:33:00.738 INFO:teuthology.orchestra.run.smithi017.stdout:/usr/bin/ceph: stderr
2024-04-15T00:32:59.463+0000 7feb8b186700 1 -- --> [v2:172.21.15.17:3300/0,v1:172.21.15.17:6789/0] -- mon_getmap magic: 0 v1 -- 0x7feb84113e60 con 0x7feb84078bc0
2024-04-15T00:33:00.738 INFO:teuthology.orchestra.run.smithi017.stdout:/usr/bin/ceph: stderr
2024-04-15T00:32:59.463+0000 7feb88f22700 1 --2- >> [v2:172.21.15.17:3300/0,v1:172.21.15.17:6789/0] conn(0x7feb84078bc0 0x7feb84113920 unknown :-1 s=BANNER_CONNECTING pgs=0 cs=0 l=1 rev1=0 crypto rx=0 tx=0 comp rx=0 tx=0)._handle_peer_banner_payload supported=3 required=0
2024-04-15T00:33:00.738 INFO:teuthology.orchestra.run.smithi017.stdout:/usr/bin/ceph: stderr
2024-04-15T00:32:59.463+0000 7feb88f22700 1 --2- >> [v2:172.21.15.17:3300/0,v1:172.21.15.17:6789/0] conn(0x7feb84078bc0 0x7feb84113920 unknown :-1 s=HELLO_CONNECTING pgs=0 cs=0 l=1 rev1=1 crypto rx=0 tx=0 comp rx=0 tx=0).handle_hello peer v2:172.21.15.17:3300/0 says I am v2:172.21.15.17:53110/0 (socket says 172.21.15.17:53110)
2024-04-15T00:33:00.738 INFO:teuthology.orchestra.run.smithi017.stdout:/usr/bin/ceph: stderr
2024-04-15T00:32:59.463+0000 7feb88f22700 1 -- 172.21.15.17:0/2414944982 learned_addr learned my addr 172.21.15.17:0/2414944982 (peer_addr_for_me v2:172.21.15.17:0/0)
2024-04-15T00:33:00.738 INFO:teuthology.orchestra.run.smithi017.stdout:/usr/bin/ceph: stderr
2024-04-15T00:32:59.464+0000 7feb88f22700 1 -- 172.21.15.17:0/2414944982 --> [v2:172.21.15.17:3300/0,v1:172.21.15.17:6789/0] -- mon_subscribe({config=0+,monmap=0+}) v3 -- 0x7feb780094f0 con 0x7feb84078bc0
2024-04-15T00:33:00.738 INFO:teuthology.orchestra.run.smithi017.stdout:/usr/bin/ceph: stderr
2024-04-15T00:32:59.464+0000 7feb88f22700 1 --2- 172.21.15.17:0/2414944982 >> [v2:172.21.15.17:3300/0,v1:172.21.15.17:6789/0] conn(0x7feb84078bc0 0x7feb84113920 secure :-1 s=READY pgs=81 cs=0 l=1 rev1=1 crypto rx=0x7feb78011e90 tx=0x7feb78009250 comp rx=0 tx=0).ready entity=mon.0 client_cookie=0 server_cookie=0 in_seq=0 out_seq=0
2024-04-15T00:33:00.738 INFO:teuthology.orchestra.run.smithi017.stdout:/usr/bin/ceph: stderr
2024-04-15T00:32:59.464+0000 7feb817fa700 1 -- 172.21.15.17:0/2414944982 <== mon.0 v2:172.21.15.17:3300/0 1 ==== mon_map magic: 0 v1 ==== 229+0+0 (secure 0 0 0) 0x7feb7800beb0 con 0x7feb84078bc0
2024-04-15T00:33:00.738 INFO:teuthology.orchestra.run.smithi017.stdout:/usr/bin/ceph: stderr
2024-04-15T00:32:59.464+0000 7feb817fa700 1 -- 172.21.15.17:0/2414944982 <== mon.0 v2:172.21.15.17:3300/0 2 ==== config(27 keys) v1 ==== 1109+0+0 (secure 0 0 0) 0x7feb78010c80 con 0x7feb84078bc0
2024-04-15T00:33:00.739 INFO:teuthology.orchestra.run.smithi017.stdout:/usr/bin/ceph: stderr
2024-04-15T00:32:59.464+0000 7feb8b186700 1 -- 172.21.15.17:0/2414944982 --> [v2:172.21.15.17:3300/0,v1:172.21.15.17:6789/0] -- mon_subscribe({mgrmap=0+}) v3 -- 0x7feb84114060 con 0x7feb84078bc0
2024-04-15T00:33:00.739 INFO:teuthology.orchestra.run.smithi017.stdout:/usr/bin/ceph: stderr
2024-04-15T00:32:59.464+0000 7feb817fa700 1 -- 172.21.15.17:0/2414944982 <== mon.0 v2:172.21.15.17:3300/0 3 ==== mon_map magic: 0 v1 ==== 229+0+0 (secure 0 0 0) 0x7feb7801ad40 con 0x7feb84078bc0
2024-04-15T00:33:00.739 INFO:teuthology.orchestra.run.smithi017.stdout:/usr/bin/ceph: stderr
2024-04-15T00:32:59.464+0000 7feb8b186700 1 -- 172.21.15.17:0/2414944982 --> [v2:172.21.15.17:3300/0,v1:172.21.15.17:6789/0] -- mon_subscribe({osdmap=0}) v3 -- 0x7feb84114bd0 con 0x7feb84078bc0
2024-04-15T00:33:00.739 INFO:teuthology.orchestra.run.smithi017.stdout:/usr/bin/ceph: stderr
2024-04-15T00:32:59.465+0000 7feb817fa700 1 -- 172.21.15.17:0/2414944982 <== mon.0 v2:172.21.15.17:3300/0 4 ==== mgrmap(e 12) v1 ==== 43389+0+0 (secure 0 0 0) 0x7feb7802d3f0 con 0x7feb84078bc0
2024-04-15T00:33:00.739 INFO:teuthology.orchestra.run.smithi017.stdout:/usr/bin/ceph: stderr
2024-04-15T00:32:59.465+0000 7feb8b186700 1 -- 172.21.15.17:0/2414944982 --> [v2:172.21.15.17:3300/0,v1:172.21.15.17:6789/0] -- mon_command({"prefix": "get_command_descriptions"} v 0) v1 -- 0x7feb8405f5f0 con 0x7feb84078bc0
2024-04-15T00:33:00.739 INFO:teuthology.orchestra.run.smithi017.stdout:/usr/bin/ceph: stderr
2024-04-15T00:32:59.465+0000 7feb817fa700 1 --2- 172.21.15.17:0/2414944982 >> [v2:172.21.15.17:6800/3086696967,v1:172.21.15.17:6801/3086696967] conn(0x7feb740368c0 0x7feb74038d70 unknown :-1 s=NONE pgs=0 cs=0 l=1 rev1=0 crypto rx=0 tx=0 comp rx=0 tx=0).connect
2024-04-15T00:33:00.739 INFO:teuthology.orchestra.run.smithi017.stdout:/usr/bin/ceph: stderr
2024-04-15T00:32:59.465+0000 7feb817fa700 1 -- 172.21.15.17:0/2414944982 <== mon.0 v2:172.21.15.17:3300/0 5 ==== osd_map(3..3 src has 1..3) v4 ==== 1151+0+0 (secure 0 0 0) 0x7feb7804a650 con 0x7feb84078bc0
2024-04-15T00:33:00.739 INFO:teuthology.orchestra.run.smithi017.stdout:/usr/bin/ceph: stderr
2024-04-15T00:32:59.465+0000 7feb83fff700 1 --2- 172.21.15.17:0/2414944982 >> [v2:172.21.15.17:6800/3086696967,v1:172.21.15.17:6801/3086696967] conn(0x7feb740368c0 0x7feb74038d70 unknown :-1 s=BANNER_CONNECTING pgs=0 cs=0 l=1 rev1=0 crypto rx=0 tx=0 comp rx=0 tx=0)._handle_peer_banner_payload supported=3 required=0
2024-04-15T00:33:00.739 INFO:teuthology.orchestra.run.smithi017.stdout:/usr/bin/ceph: stderr
2024-04-15T00:32:59.466+0000 7feb83fff700 1 --2- 172.21.15.17:0/2414944982 >> [v2:172.21.15.17:6800/3086696967,v1:172.21.15.17:6801/3086696967] conn(0x7feb740368c0 0x7feb74038d70 secure :-1 s=READY pgs=8 cs=0 l=1 rev1=1 crypto rx=0x7feb70009990 tx=0x7feb70006e40 comp rx=0 tx=0).ready entity=mgr.14160 client_cookie=0 server_cookie=0 in_seq=0 out_seq=0
2024-04-15T00:33:00.739 INFO:teuthology.orchestra.run.smithi017.stdout:/usr/bin/ceph: stderr
2024-04-15T00:32:59.470+0000 7feb817fa700 1 -- 172.21.15.17:0/2414944982 <== mon.0 v2:172.21.15.17:3300/0 6 ==== mon_command_ack([{"prefix": "get_command_descriptions"}]=0 v0) v1 ==== 72+0+176702 (secure 0 0 0) 0x7feb7802b950 con 0x7feb84078bc0
2024-04-15T00:33:00.739 INFO:teuthology.orchestra.run.smithi017.stdout:/usr/bin/ceph: stderr
2024-04-15T00:32:59.689+0000 7feb8b186700 1 -- 172.21.15.17:0/2414944982 --> [v2:172.21.15.17:6800/3086696967,v1:172.21.15.17:6801/3086696967] -- mgr_command(tid 0: {"prefix": "dashboard ac-user-create", "username": "admin", "rolename": "administrator", "force_password": true, "pwd_update_required": true, "target": ["mon-mgr", ""]}) v1 -- 0x7feb8405f410 con 0x7feb740368c0
2024-04-15T00:33:00.739 INFO:teuthology.orchestra.run.smithi017.stdout:/usr/bin/ceph: stderr
2024-04-15T00:32:59.935+0000 7feb817fa700 1 -- 172.21.15.17:0/2414944982 <== mgr.14160 v2:172.21.15.17:6800/3086696967 1 ==== mgr_command_reply(tid 0: 0 ) v1 ==== 8+0+252 (secure 0 0 0) 0x7feb8405f410 con 0x7feb740368c0
2024-04-15T00:33:00.739 INFO:teuthology.orchestra.run.smithi017.stdout:/usr/bin/ceph: stderr
2024-04-15T00:32:59.937+0000 7feb8b186700 1 -- 172.21.15.17:0/2414944982 >> [v2:172.21.15.17:6800/3086696967,v1:172.21.15.17:6801/3086696967] conn(0x7feb740368c0 msgr2=0x7feb74038d70 secure :-1 s=STATE_CONNECTION_ESTABLISHED l=1).mark_down
2024-04-15T00:33:00.739 INFO:teuthology.orchestra.run.smithi017.stdout:/usr/bin/ceph: stderr
2024-04-15T00:32:59.937+0000 7feb8b186700 1 --2- 172.21.15.17:0/2414944982 >> [v2:172.21.15.17:6800/3086696967,v1:172.21.15.17:6801/3086696967] conn(0x7feb740368c0 0x7feb74038d70 secure :-1 s=READY pgs=8 cs=0 l=1 rev1=1 crypto rx=0x7feb70009990 tx=0x7feb70006e40 comp rx=0 tx=0).stop
2024-04-15T00:33:00.740 INFO:teuthology.orchestra.run.smithi017.stdout:/usr/bin/ceph: stderr
2024-04-15T00:32:59.937+0000 7feb8b186700 1 -- 172.21.15.17:0/2414944982 >> [v2:172.21.15.17:3300/0,v1:172.21.15.17:6789/0] conn(0x7feb84078bc0 msgr2=0x7feb84113920 secure :-1 s=STATE_CONNECTION_ESTABLISHED l=1).mark_down
2024-04-15T00:33:00.740 INFO:teuthology.orchestra.run.smithi017.stdout:/usr/bin/ceph: stderr
2024-04-15T00:32:59.937+0000 7feb8b186700 1 --2- 172.21.15.17:0/2414944982 >> [v2:172.21.15.17:3300/0,v1:172.21.15.17:6789/0] conn(0x7feb84078bc0 0x7feb84113920 secure :-1 s=READY pgs=81 cs=0 l=1 rev1=1 crypto rx=0x7feb78011e90 tx=0x7feb78009250 comp rx=0 tx=0).stop
2024-04-15T00:33:00.740 INFO:teuthology.orchestra.run.smithi017.stdout:/usr/bin/ceph: stderr
2024-04-15T00:32:59.937+0000 7feb8b186700 1 -- 172.21.15.17:0/2414944982 shutdown_connections
2024-04-15T00:33:00.740 INFO:teuthology.orchestra.run.smithi017.stdout:/usr/bin/ceph: stderr
2024-04-15T00:32:59.937+0000 7feb8b186700 1 --2- 172.21.15.17:0/2414944982 >> [v2:172.21.15.17:6800/3086696967,v1:172.21.15.17:6801/3086696967] conn(0x7feb740368c0 0x7feb74038d70 unknown :-1 s=CLOSED pgs=8 cs=0 l=1 rev1=1 crypto rx=0 tx=0 comp rx=0 tx=0).stop
2024-04-15T00:33:00.740 INFO:teuthology.orchestra.run.smithi017.stdout:/usr/bin/ceph: stderr
2024-04-15T00:32:59.937+0000 7feb8b186700 1 --2- 172.21.15.17:0/2414944982 >> [v2:172.21.15.17:3300/0,v1:172.21.15.17:6789/0] conn(0x7feb84078bc0 0x7feb84113920 unknown :-1 s=CLOSED pgs=81 cs=0 l=1 rev1=1 crypto rx=0 tx=0 comp rx=0 tx=0).stop
2024-04-15T00:33:00.740 INFO:teuthology.orchestra.run.smithi017.stdout:/usr/bin/ceph: stderr
2024-04-15T00:32:59.937+0000 7feb8b186700 1 -- 172.21.15.17:0/2414944982 >> 172.21.15.17:0/2414944982 conn(0x7feb840fe140 msgr2=0x7feb840fece0 unknown :-1 s=STATE_NONE l=0).mark_down
2024-04-15T00:33:00.740 INFO:teuthology.orchestra.run.smithi017.stdout:/usr/bin/ceph: stderr
2024-04-15T00:32:59.937+0000 7feb8b186700 1 -- 172.21.15.17:0/2414944982 shutdown_connections
2024-04-15T00:33:00.740 INFO:teuthology.orchestra.run.smithi017.stdout:/usr/bin/ceph: stderr
2024-04-15T00:32:59.937+0000 7feb8b186700 1 -- 172.21.15.17:0/2414944982 wait complete.
2024-04-15T00:33:00.740 INFO:teuthology.orchestra.run.smithi017.stdout:Fetching dashboard port number...
