2024-04-15T20:40:30.590+0000 7fd4fc08a700 1 -- 172.21.15.47:0/2067717957 >> [v2:172.21.15.47:6800/3330042690,v1:172.21.15.47:6801/3330042690] conn(0x7fd4e0039fc0 msgr2=0x7fd4e003c3a0 secure :-1 s=STATE_CONNECTION_ESTABLISHED l=1).mark_down
2024-04-15T20:40:31.144 INFO:teuthology.orchestra.run.smithi047.stdout:/usr/bin/ceph: stderr
2024-04-15T20:40:30.590+0000 7fd4fc08a700 1 --2- 172.21.15.47:0/2067717957 >> [v2:172.21.15.47:6800/3330042690,v1:172.21.15.47:6801/3330042690] conn(0x7fd4e0039fc0 0x7fd4e003c3a0 secure :-1 s=READY pgs=2 cs=0 l=1 rev1=1 crypto rx=0x7fd4e80039d0 tx=0x7fd4e8009350 comp rx=0 tx=0).stop
2024-04-15T20:40:31.144 INFO:teuthology.orchestra.run.smithi047.stdout:/usr/bin/ceph: stderr
2024-04-15T20:40:30.590+0000 7fd4fc08a700 1 -- 172.21.15.47:0/2067717957 >> [v2:172.21.15.47:3300/0,v1:172.21.15.47:6789/0] conn(0x7fd4f4102880 msgr2=0x7fd4f41116b0 secure :-1 s=STATE_CONNECTION_ESTABLISHED l=1).mark_down
2024-04-15T20:40:31.144 INFO:teuthology.orchestra.run.smithi047.stdout:/usr/bin/ceph: stderr
2024-04-15T20:40:30.590+0000 7fd4fc08a700 1 --2- 172.21.15.47:0/2067717957 >> [v2:172.21.15.47:3300/0,v1:172.21.15.47:6789/0] conn(0x7fd4f4102880 0x7fd4f41116b0 secure :-1 s=READY pgs=29 cs=0 l=1 rev1=1 crypto rx=0x7fd4f0000c00 tx=0x7fd4f0009250 comp rx=0 tx=0).stop
2024-04-15T20:40:31.144 INFO:teuthology.orchestra.run.smithi047.stdout:/usr/bin/ceph: stderr
2024-04-15T20:40:30.590+0000 7fd4fc08a700 1 -- 172.21.15.47:0/2067717957 shutdown_connections
2024-04-15T20:40:31.144 INFO:teuthology.orchestra.run.smithi047.stdout:/usr/bin/ceph: stderr
2024-04-15T20:40:30.590+0000 7fd4fc08a700 1 --2- 172.21.15.47:0/2067717957 >> [v2:172.21.15.47:6800/3330042690,v1:172.21.15.47:6801/3330042690] conn(0x7fd4e0039fc0 0x7fd4e003c3a0 unknown :-1 s=CLOSED pgs=2 cs=0 l=1 rev1=1 crypto rx=0 tx=0 comp rx=0 tx=0).stop
2024-04-15T20:40:31.144 INFO:teuthology.orchestra.run.smithi047.stdout:/usr/bin/ceph: stderr
2024-04-15T20:40:30.590+0000 7fd4fc08a700 1 --2- 172.21.15.47:0/2067717957 >> [v2:172.21.15.47:3300/0,v1:172.21.15.47:6789/0] conn(0x7fd4f4102880 0x7fd4f41116b0 unknown :-1 s=CLOSED pgs=29 cs=0 l=1 rev1=1 crypto rx=0 tx=0 comp rx=0 tx=0).stop
2024-04-15T20:40:31.144 INFO:teuthology.orchestra.run.smithi047.stdout:/usr/bin/ceph: stderr
2024-04-15T20:40:30.590+0000 7fd4fc08a700 1 --2- 172.21.15.47:0/2067717957 >> [v2:172.21.15.47:6800/110737181,v1:172.21.15.47:6801/110737181] conn(0x7fd4e0036790 0x7fd4e0038c40 unknown :-1 s=CLOSED pgs=0 cs=0 l=1 rev1=0 crypto rx=0 tx=0 comp rx=0 tx=0).stop
2024-04-15T20:40:31.144 INFO:teuthology.orchestra.run.smithi047.stdout:/usr/bin/ceph: stderr
2024-04-15T20:40:30.590+0000 7fd4fc08a700 1 -- 172.21.15.47:0/2067717957 >> 172.21.15.47:0/2067717957 conn(0x7fd4f40fdfc0 msgr2=0x7fd4f40feb80 unknown :-1 s=STATE_NONE l=0).mark_down
2024-04-15T20:40:31.144 INFO:teuthology.orchestra.run.smithi047.stdout:/usr/bin/ceph: stderr
2024-04-15T20:40:30.590+0000 7fd4fc08a700 1 -- 172.21.15.47:0/2067717957 shutdown_connections
2024-04-15T20:40:31.144 INFO:teuthology.orchestra.run.smithi047.stdout:/usr/bin/ceph: stderr
2024-04-15T20:40:30.590+0000 7fd4fc08a700 1 -- 172.21.15.47:0/2067717957 wait complete.
2024-04-15T20:40:31.144 INFO:teuthology.orchestra.run.smithi047.stdout:mgr epoch 5 is available
2024-04-15T20:40:31.144 INFO:teuthology.orchestra.run.smithi047.stdout:Setting orchestrator backend to cephadm...
2024-04-15T20:40:31.708 INFO:journalctl@ceph.mon.smithi047.smithi047.stdout:Apr 15 20:40:31 smithi047 ceph-mon[29540]: from='client.14124 -' entity='client.admin' cmd=[{"prefix": "get_command_descriptions"}]: dispatch
2024-04-15T20:40:31.708 INFO:journalctl@ceph.mon.smithi047.smithi047.stdout:Apr 15 20:40:31 smithi047 ceph-mon[29540]: from='client.14124 -' entity='client.admin' cmd=[{"prefix": "mgr_status"}]: dispatch
2024-04-15T20:40:32.319 INFO:teuthology.orchestra.run.smithi047.stdout:/usr/bin/ceph: stderr
2024-04-15T20:40:31.551+0000 7f6802160700 1 Processor -- start
2024-04-15T20:40:32.319 INFO:teuthology.orchestra.run.smithi047.stdout:/usr/bin/ceph: stderr
2024-04-15T20:40:31.552+0000 7f6802160700 1 -- start start
2024-04-15T20:40:32.319 INFO:teuthology.orchestra.run.smithi047.stdout:/usr/bin/ceph: stderr
2024-04-15T20:40:31.552+0000 7f6802160700 1 --2- >> [v2:172.21.15.47:3300/0,v1:172.21.15.47:6789/0] conn(0x7f67fc076ac0 0x7f67fc1079c0 unknown :-1 s=NONE pgs=0 cs=0 l=0 rev1=0 crypto rx=0 tx=0 comp rx=0 tx=0).connect
2024-04-15T20:40:32.319 INFO:teuthology.orchestra.run.smithi047.stdout:/usr/bin/ceph: stderr
2024-04-15T20:40:31.552+0000 7f6802160700 1 -- --> [v2:172.21.15.47:3300/0,v1:172.21.15.47:6789/0] -- mon_getmap magic: 0 v1 -- 0x7f67fc1033b0 con 0x7f67fc076ac0
2024-04-15T20:40:32.320 INFO:teuthology.orchestra.run.smithi047.stdout:/usr/bin/ceph: stderr
2024-04-15T20:40:31.552+0000 7f67fb7fe700 1 --2- >> [v2:172.21.15.47:3300/0,v1:172.21.15.47:6789/0] conn(0x7f67fc076ac0 0x7f67fc1079c0 unknown :-1 s=BANNER_CONNECTING pgs=0 cs=0 l=0 rev1=0 crypto rx=0 tx=0 comp rx=0 tx=0)._handle_peer_banner_payload supported=3 required=0
2024-04-15T20:40:32.320 INFO:teuthology.orchestra.run.smithi047.stdout:/usr/bin/ceph: stderr
2024-04-15T20:40:31.552+0000 7f67fb7fe700 1 --2- >> [v2:172.21.15.47:3300/0,v1:172.21.15.47:6789/0] conn(0x7f67fc076ac0 0x7f67fc1079c0 unknown :-1 s=HELLO_CONNECTING pgs=0 cs=0 l=0 rev1=1 crypto rx=0 tx=0 comp rx=0 tx=0).handle_hello peer v2:172.21.15.47:3300/0 says I am v2:172.21.15.47:51786/0 (socket says 172.21.15.47:51786)
2024-04-15T20:40:32.320 INFO:teuthology.orchestra.run.smithi047.stdout:/usr/bin/ceph: stderr
2024-04-15T20:40:31.552+0000 7f67fb7fe700 1 -- 172.21.15.47:0/4140645447 learned_addr learned my addr 172.21.15.47:0/4140645447 (peer_addr_for_me v2:172.21.15.47:0/0)
2024-04-15T20:40:32.320 INFO:teuthology.orchestra.run.smithi047.stdout:/usr/bin/ceph: stderr
2024-04-15T20:40:31.552+0000 7f67fb7fe700 1 -- 172.21.15.47:0/4140645447 --> [v2:172.21.15.47:3300/0,v1:172.21.15.47:6789/0] -- mon_subscribe({config=0+,monmap=0+}) v3 -- 0x7f67fc076ed0 con 0x7f67fc076ac0
2024-04-15T20:40:32.320 INFO:teuthology.orchestra.run.smithi047.stdout:/usr/bin/ceph: stderr
2024-04-15T20:40:31.552+0000 7f67fb7fe700 1 --2- 172.21.15.47:0/4140645447 >> [v2:172.21.15.47:3300/0,v1:172.21.15.47:6789/0] conn(0x7f67fc076ac0 0x7f67fc1079c0 secure :-1 s=READY pgs=37 cs=0 l=1 rev1=1 crypto rx=0x7f67ec0098e0 tx=0x7f67ec009250 comp rx=0 tx=0).ready entity=mon.0 client_cookie=8d308d7e2872bcca server_cookie=0 in_seq=0 out_seq=0
2024-04-15T20:40:32.320 INFO:teuthology.orchestra.run.smithi047.stdout:/usr/bin/ceph: stderr
2024-04-15T20:40:31.552+0000 7f67fa7fc700 1 -- 172.21.15.47:0/4140645447 <== mon.0 v2:172.21.15.47:3300/0 1 ==== mon_map magic: 0 v1 ==== 229+0+0 (secure 0 0 0) 0x7f67ec00b8f0 con 0x7f67fc076ac0
2024-04-15T20:40:32.320 INFO:teuthology.orchestra.run.smithi047.stdout:/usr/bin/ceph: stderr
2024-04-15T20:40:31.553+0000 7f67fa7fc700 1 -- 172.21.15.47:0/4140645447 <== mon.0 v2:172.21.15.47:3300/0 2 ==== config(27 keys) v1 ==== 1044+0+0 (secure 0 0 0) 0x7f67ec011420 con 0x7f67fc076ac0
2024-04-15T20:40:32.320 INFO:teuthology.orchestra.run.smithi047.stdout:/usr/bin/ceph: stderr
2024-04-15T20:40:31.553+0000 7f67fa7fc700 1 -- 172.21.15.47:0/4140645447 <== mon.0 v2:172.21.15.47:3300/0 3 ==== mon_map magic: 0 v1 ==== 229+0+0 (secure 0 0 0) 0x7f67ec010540 con 0x7f67fc076ac0
2024-04-15T20:40:32.320 INFO:teuthology.orchestra.run.smithi047.stdout:/usr/bin/ceph: stderr
2024-04-15T20:40:31.553+0000 7f6802160700 1 -- 172.21.15.47:0/4140645447 >> [v2:172.21.15.47:3300/0,v1:172.21.15.47:6789/0] conn(0x7f67fc076ac0 msgr2=0x7f67fc1079c0 secure :-1 s=STATE_CONNECTION_ESTABLISHED l=1).mark_down
2024-04-15T20:40:32.320 INFO:teuthology.orchestra.run.smithi047.stdout:/usr/bin/ceph: stderr
2024-04-15T20:40:31.553+0000 7f6802160700 1 --2- 172.21.15.47:0/4140645447 >> [v2:172.21.15.47:3300/0,v1:172.21.15.47:6789/0] conn(0x7f67fc076ac0 0x7f67fc1079c0 secure :-1 s=READY pgs=37 cs=0 l=1 rev1=1 crypto rx=0x7f67ec0098e0 tx=0x7f67ec009250 comp rx=0 tx=0).stop
2024-04-15T20:40:32.320 INFO:teuthology.orchestra.run.smithi047.stdout:/usr/bin/ceph: stderr
2024-04-15T20:40:31.553+0000 7f6802160700 1 -- 172.21.15.47:0/4140645447 shutdown_connections
2024-04-15T20:40:32.320 INFO:teuthology.orchestra.run.smithi047.stdout:/usr/bin/ceph: stderr
2024-04-15T20:40:31.553+0000 7f6802160700 1 --2- 172.21.15.47:0/4140645447 >> [v2:172.21.15.47:3300/0,v1:172.21.15.47:6789/0] conn(0x7f67fc076ac0 0x7f67fc1079c0 unknown :-1 s=CLOSED pgs=37 cs=0 l=1 rev1=1 crypto rx=0 tx=0 comp rx=0 tx=0).stop
2024-04-15T20:40:32.320 INFO:teuthology.orchestra.run.smithi047.stdout:/usr/bin/ceph: stderr
2024-04-15T20:40:31.553+0000 7f6802160700 1 -- 172.21.15.47:0/4140645447 >> 172.21.15.47:0/4140645447 conn(0x7f67fc0fcfb0 msgr2=0x7f67fc0ff400 unknown :-1 s=STATE_NONE l=0).mark_down
2024-04-15T20:40:32.320 INFO:teuthology.orchestra.run.smithi047.stdout:/usr/bin/ceph: stderr
2024-04-15T20:40:31.553+0000 7f6802160700 1 -- 172.21.15.47:0/4140645447 shutdown_connections
2024-04-15T20:40:32.321 INFO:teuthology.orchestra.run.smithi047.stdout:/usr/bin/ceph: stderr
2024-04-15T20:40:31.553+0000 7f6802160700 1 -- 172.21.15.47:0/4140645447 wait complete.
2024-04-15T20:40:32.321 INFO:teuthology.orchestra.run.smithi047.stdout:/usr/bin/ceph: stderr
2024-04-15T20:40:31.554+0000 7f6802160700 1 Processor -- start
2024-04-15T20:40:32.321 INFO:teuthology.orchestra.run.smithi047.stdout:/usr/bin/ceph: stderr
2024-04-15T20:40:31.554+0000 7f6802160700 1 -- start start
2024-04-15T20:40:32.321 INFO:teuthology.orchestra.run.smithi047.stdout:/usr/bin/ceph: stderr
2024-04-15T20:40:31.554+0000 7f6802160700 1 --2- >> [v2:172.21.15.47:3300/0,v1:172.21.15.47:6789/0] conn(0x7f67fc076ac0 0x7f67fc113950 unknown :-1 s=NONE pgs=0 cs=0 l=1 rev1=0 crypto rx=0 tx=0 comp rx=0 tx=0).connect
2024-04-15T20:40:32.321 INFO:teuthology.orchestra.run.smithi047.stdout:/usr/bin/ceph: stderr
2024-04-15T20:40:31.554+0000 7f6802160700 1 -- --> [v2:172.21.15.47:3300/0,v1:172.21.15.47:6789/0] -- mon_getmap magic: 0 v1 -- 0x7f67fc113e90 con 0x7f67fc076ac0
2024-04-15T20:40:32.321 INFO:teuthology.orchestra.run.smithi047.stdout:/usr/bin/ceph: stderr
2024-04-15T20:40:31.554+0000 7f67fb7fe700 1 --2- >> [v2:172.21.15.47:3300/0,v1:172.21.15.47:6789/0] conn(0x7f67fc076ac0 0x7f67fc113950 unknown :-1 s=BANNER_CONNECTING pgs=0 cs=0 l=1 rev1=0 crypto rx=0 tx=0 comp rx=0 tx=0)._handle_peer_banner_payload supported=3 required=0
2024-04-15T20:40:32.321 INFO:teuthology.orchestra.run.smithi047.stdout:/usr/bin/ceph: stderr
2024-04-15T20:40:31.554+0000 7f67fb7fe700 1 --2- >> [v2:172.21.15.47:3300/0,v1:172.21.15.47:6789/0] conn(0x7f67fc076ac0 0x7f67fc113950 unknown :-1 s=HELLO_CONNECTING pgs=0 cs=0 l=1 rev1=1 crypto rx=0 tx=0 comp rx=0 tx=0).handle_hello peer v2:172.21.15.47:3300/0 says I am v2:172.21.15.47:51792/0 (socket says 172.21.15.47:51792)
2024-04-15T20:40:32.321 INFO:teuthology.orchestra.run.smithi047.stdout:/usr/bin/ceph: stderr
2024-04-15T20:40:31.554+0000 7f67fb7fe700 1 -- 172.21.15.47:0/88104677 learned_addr learned my addr 172.21.15.47:0/88104677 (peer_addr_for_me v2:172.21.15.47:0/0)
2024-04-15T20:40:32.321 INFO:teuthology.orchestra.run.smithi047.stdout:/usr/bin/ceph: stderr
2024-04-15T20:40:31.554+0000 7f67fb7fe700 1 -- 172.21.15.47:0/88104677 --> [v2:172.21.15.47:3300/0,v1:172.21.15.47:6789/0] -- mon_subscribe({config=0+,monmap=0+}) v3 -- 0x7f67ec0094f0 con 0x7f67fc076ac0
2024-04-15T20:40:32.321 INFO:teuthology.orchestra.run.smithi047.stdout:/usr/bin/ceph: stderr
2024-04-15T20:40:31.555+0000 7f67fb7fe700 1 --2- 172.21.15.47:0/88104677 >> [v2:172.21.15.47:3300/0,v1:172.21.15.47:6789/0] conn(0x7f67fc076ac0 0x7f67fc113950 secure :-1 s=READY pgs=38 cs=0 l=1 rev1=1 crypto rx=0x7f67ec000c00 tx=0x7f67ec009250 comp rx=0 tx=0).ready entity=mon.0 client_cookie=0 server_cookie=0 in_seq=0 out_seq=0
2024-04-15T20:40:32.321 INFO:teuthology.orchestra.run.smithi047.stdout:/usr/bin/ceph: stderr
2024-04-15T20:40:31.555+0000 7f67e3fff700 1 -- 172.21.15.47:0/88104677 <== mon.0 v2:172.21.15.47:3300/0 1 ==== mon_map magic: 0 v1 ==== 229+0+0 (secure 0 0 0) 0x7f67ec0107b0 con 0x7f67fc076ac0
2024-04-15T20:40:32.321 INFO:teuthology.orchestra.run.smithi047.stdout:/usr/bin/ceph: stderr
2024-04-15T20:40:31.555+0000 7f6802160700 1 -- 172.21.15.47:0/88104677 --> [v2:172.21.15.47:3300/0,v1:172.21.15.47:6789/0] -- mon_subscribe({mgrmap=0+}) v3 -- 0x7f67fc114090 con 0x7f67fc076ac0
2024-04-15T20:40:32.321 INFO:teuthology.orchestra.run.smithi047.stdout:/usr/bin/ceph: stderr
2024-04-15T20:40:31.555+0000 7f67e3fff700 1 -- 172.21.15.47:0/88104677 <== mon.0 v2:172.21.15.47:3300/0 2 ==== config(27 keys) v1 ==== 1044+0+0 (secure 0 0 0) 0x7f67ec010da0 con 0x7f67fc076ac0
2024-04-15T20:40:32.321 INFO:teuthology.orchestra.run.smithi047.stdout:/usr/bin/ceph: stderr
2024-04-15T20:40:31.555+0000 7f67e3fff700 1 -- 172.21.15.47:0/88104677 <== mon.0 v2:172.21.15.47:3300/0 3 ==== mon_map magic: 0 v1 ==== 229+0+0 (secure 0 0 0) 0x7f67ec01add0 con 0x7f67fc076ac0
2024-04-15T20:40:32.322 INFO:teuthology.orchestra.run.smithi047.stdout:/usr/bin/ceph: stderr
2024-04-15T20:40:31.555+0000 7f6802160700 1 -- 172.21.15.47:0/88104677 --> [v2:172.21.15.47:3300/0,v1:172.21.15.47:6789/0] -- mon_subscribe({osdmap=0}) v3 -- 0x7f67fc114c00 con 0x7f67fc076ac0
2024-04-15T20:40:32.322 INFO:teuthology.orchestra.run.smithi047.stdout:/usr/bin/ceph: stderr
2024-04-15T20:40:31.556+0000 7f67e3fff700 1 -- 172.21.15.47:0/88104677 <== mon.0 v2:172.21.15.47:3300/0 4 ==== mgrmap(e 7) v1 ==== 43270+0+0 (secure 0 0 0) 0x7f67ec0244c0 con 0x7f67fc076ac0
2024-04-15T20:40:32.322 INFO:teuthology.orchestra.run.smithi047.stdout:/usr/bin/ceph: stderr
2024-04-15T20:40:31.556+0000 7f67e3fff700 1 --2- 172.21.15.47:0/88104677 >> [v2:172.21.15.47:6800/3330042690,v1:172.21.15.47:6801/3330042690] conn(0x7f67e4036660 0x7f67e4038b10 unknown :-1 s=NONE pgs=0 cs=0 l=1 rev1=0 crypto rx=0 tx=0 comp rx=0 tx=0).connect
2024-04-15T20:40:32.322 INFO:teuthology.orchestra.run.smithi047.stdout:/usr/bin/ceph: stderr
2024-04-15T20:40:31.556+0000 7f67e3fff700 1 -- 172.21.15.47:0/88104677 <== mon.0 v2:172.21.15.47:3300/0 5 ==== osd_map(2..2 src has 1..2) v4 ==== 936+0+0 (secure 0 0 0) 0x7f67ec04ac10 con 0x7f67fc076ac0
2024-04-15T20:40:32.322 INFO:teuthology.orchestra.run.smithi047.stdout:/usr/bin/ceph: stderr
2024-04-15T20:40:31.556+0000 7f67faffd700 1 --2- 172.21.15.47:0/88104677 >> [v2:172.21.15.47:6800/3330042690,v1:172.21.15.47:6801/3330042690] conn(0x7f67e4036660 0x7f67e4038b10 unknown :-1 s=BANNER_CONNECTING pgs=0 cs=0 l=1 rev1=0 crypto rx=0 tx=0 comp rx=0 tx=0)._handle_peer_banner_payload supported=3 required=0
2024-04-15T20:40:32.322 INFO:teuthology.orchestra.run.smithi047.stdout:/usr/bin/ceph: stderr
2024-04-15T20:40:31.556+0000 7f6802160700 1 -- 172.21.15.47:0/88104677 --> [v2:172.21.15.47:3300/0,v1:172.21.15.47:6789/0] -- mon_command({"prefix": "get_command_descriptions"} v 0) v1 -- 0x7f67fc05f5f0 con 0x7f67fc076ac0
2024-04-15T20:40:32.322 INFO:teuthology.orchestra.run.smithi047.stdout:/usr/bin/ceph: stderr
2024-04-15T20:40:31.556+0000 7f67faffd700 1 --2- 172.21.15.47:0/88104677 >> [v2:172.21.15.47:6800/3330042690,v1:172.21.15.47:6801/3330042690] conn(0x7f67e4036660 0x7f67e4038b10 secure :-1 s=READY pgs=7 cs=0 l=1 rev1=1 crypto rx=0x7f67f0009990 tx=0x7f67f0006e40 comp rx=0 tx=0).ready entity=mgr.14120 client_cookie=0 server_cookie=0 in_seq=0 out_seq=0
2024-04-15T20:40:32.322 INFO:teuthology.orchestra.run.smithi047.stdout:/usr/bin/ceph: stderr
2024-04-15T20:40:31.561+0000 7f67e3fff700 1 -- 172.21.15.47:0/88104677 <== mon.0 v2:172.21.15.47:3300/0 6 ==== mon_command_ack([{"prefix": "get_command_descriptions"}]=0 v0) v1 ==== 72+0+176702 (secure 0 0 0) 0x7f67ec02e440 con 0x7f67fc076ac0
2024-04-15T20:40:32.322 INFO:teuthology.orchestra.run.smithi047.stdout:/usr/bin/ceph: stderr
2024-04-15T20:40:31.634+0000 7f67e3fff700 1 -- 172.21.15.47:0/88104677 <== mon.0 v2:172.21.15.47:3300/0 7 ==== mgrmap(e 8) v1 ==== 43376+0+0 (secure 0 0 0) 0x7f67ec02e7c0 con 0x7f67fc076ac0
2024-04-15T20:40:32.322 INFO:teuthology.orchestra.run.smithi047.stdout:/usr/bin/ceph: stderr
2024-04-15T20:40:31.791+0000 7f6802160700 1 -- 172.21.15.47:0/88104677 --> [v2:172.21.15.47:6800/3330042690,v1:172.21.15.47:6801/3330042690] -- mgr_command(tid 0: {"prefix": "orch set backend", "module_name": "cephadm", "target": ["mon-mgr", ""]}) v1 -- 0x7f67fc0fe420 con 0x7f67e4036660
2024-04-15T20:40:32.322 INFO:teuthology.orchestra.run.smithi047.stdout:/usr/bin/ceph: stderr
2024-04-15T20:40:31.799+0000 7f67e3fff700 1 -- 172.21.15.47:0/88104677 <== mgr.14120 v2:172.21.15.47:6800/3330042690 1 ==== mgr_command_reply(tid 0: 0 ) v1 ==== 8+0+0 (secure 0 0 0) 0x7f67fc0fe420 con 0x7f67e4036660
2024-04-15T20:40:32.322 INFO:teuthology.orchestra.run.smithi047.stdout:/usr/bin/ceph: stderr
2024-04-15T20:40:31.801+0000 7f6802160700 1 -- 172.21.15.47:0/88104677 >> [v2:172.21.15.47:6800/3330042690,v1:172.21.15.47:6801/3330042690] conn(0x7f67e4036660 msgr2=0x7f67e4038b10 secure :-1 s=STATE_CONNECTION_ESTABLISHED l=1).mark_down
2024-04-15T20:40:32.322 INFO:teuthology.orchestra.run.smithi047.stdout:/usr/bin/ceph: stderr
2024-04-15T20:40:31.801+0000 7f6802160700 1 --2- 172.21.15.47:0/88104677 >> [v2:172.21.15.47:6800/3330042690,v1:172.21.15.47:6801/3330042690] conn(0x7f67e4036660 0x7f67e4038b10 secure :-1 s=READY pgs=7 cs=0 l=1 rev1=1 crypto rx=0x7f67f0009990 tx=0x7f67f0006e40 comp rx=0 tx=0).stop
2024-04-15T20:40:32.322 INFO:teuthology.orchestra.run.smithi047.stdout:/usr/bin/ceph: stderr
2024-04-15T20:40:31.801+0000 7f6802160700 1 -- 172.21.15.47:0/88104677 >> [v2:172.21.15.47:3300/0,v1:172.21.15.47:6789/0] conn(0x7f67fc076ac0 msgr2=0x7f67fc113950 secure :-1 s=STATE_CONNECTION_ESTABLISHED l=1).mark_down
2024-04-15T20:40:32.323 INFO:teuthology.orchestra.run.smithi047.stdout:/usr/bin/ceph: stderr
2024-04-15T20:40:31.801+0000 7f6802160700 1 --2- 172.21.15.47:0/88104677 >> [v2:172.21.15.47:3300/0,v1:172.21.15.47:6789/0] conn(0x7f67fc076ac0 0x7f67fc113950 secure :-1 s=READY pgs=38 cs=0 l=1 rev1=1 crypto rx=0x7f67ec000c00 tx=0x7f67ec009250 comp rx=0 tx=0).stop
2024-04-15T20:40:32.323 INFO:teuthology.orchestra.run.smithi047.stdout:/usr/bin/ceph: stderr
2024-04-15T20:40:31.801+0000 7f6802160700 1 -- 172.21.15.47:0/88104677 shutdown_connections
2024-04-15T20:40:32.323 INFO:teuthology.orchestra.run.smithi047.stdout:/usr/bin/ceph: stderr
2024-04-15T20:40:31.801+0000 7f6802160700 1 --2- 172.21.15.47:0/88104677 >> [v2:172.21.15.47:6800/3330042690,v1:172.21.15.47:6801/3330042690] conn(0x7f67e4036660 0x7f67e4038b10 unknown :-1 s=CLOSED pgs=7 cs=0 l=1 rev1=1 crypto rx=0 tx=0 comp rx=0 tx=0).stop
2024-04-15T20:40:32.323 INFO:teuthology.orchestra.run.smithi047.stdout:/usr/bin/ceph: stderr
2024-04-15T20:40:31.801+0000 7f6802160700 1 --2- 172.21.15.47:0/88104677 >> [v2:172.21.15.47:3300/0,v1:172.21.15.47:6789/0] conn(0x7f67fc076ac0 0x7f67fc113950 unknown :-1 s=CLOSED pgs=38 cs=0 l=1 rev1=1 crypto rx=0 tx=0 comp rx=0 tx=0).stop
2024-04-15T20:40:32.323 INFO:teuthology.orchestra.run.smithi047.stdout:/usr/bin/ceph: stderr
2024-04-15T20:40:31.801+0000 7f6802160700 1 -- 172.21.15.47:0/88104677 >> 172.21.15.47:0/88104677 conn(0x7f67fc0fcfb0 msgr2=0x7f67fc0fdc10 unknown :-1 s=STATE_NONE l=0).mark_down
2024-04-15T20:40:32.323 INFO:teuthology.orchestra.run.smithi047.stdout:/usr/bin/ceph: stderr
2024-04-15T20:40:31.802+0000 7f6802160700 1 -- 172.21.15.47:0/88104677 shutdown_connections
2024-04-15T20:40:32.323 INFO:teuthology.orchestra.run.smithi047.stdout:/usr/bin/ceph: stderr
2024-04-15T20:40:31.802+0000 7f6802160700 1 -- 172.21.15.47:0/88104677 wait complete.
2024-04-15T20:40:32.958 INFO:journalctl@ceph.mon.smithi047.smithi047.stdout:Apr 15 20:40:32 smithi047 ceph-mon[29540]: mgrmap e8: smithi047.weynjd(active, since 2s)
2024-04-15T20:40:32.958 INFO:journalctl@ceph.mon.smithi047.smithi047.stdout:Apr 15 20:40:32 smithi047 ceph-mon[29540]: [15/Apr/2024:20:40:31] ENGINE Bus STARTING
2024-04-15T20:40:32.958 INFO:journalctl@ceph.mon.smithi047.smithi047.stdout:Apr 15 20:40:32 smithi047 ceph-mon[29540]: [15/Apr/2024:20:40:31] ENGINE Serving on https://172.21.15.47:7150
2024-04-15T20:40:32.958 INFO:journalctl@ceph.mon.smithi047.smithi047.stdout:Apr 15 20:40:32 smithi047 ceph-mon[29540]: [15/Apr/2024:20:40:31] ENGINE Bus STARTED
2024-04-15T20:40:32.958 INFO:journalctl@ceph.mon.smithi047.smithi047.stdout:Apr 15 20:40:32 smithi047 ceph-mon[29540]: from='mgr.14120 172.21.15.47:0/2807091965' entity='mgr.smithi047.weynjd'
2024-04-15T20:40:32.958 INFO:journalctl@ceph.mon.smithi047.smithi047.stdout:Apr 15 20:40:32 smithi047 ceph-mon[29540]: from='mgr.14120 172.21.15.47:0/2807091965' entity='mgr.smithi047.weynjd' cmd=[{"prefix": "config dump", "format": "json"}]: dispatch
2024-04-15T20:40:32.959 INFO:journalctl@ceph.mon.smithi047.smithi047.stdout:Apr 15 20:40:32 smithi047 ceph-mon[29540]: from='client.14132 -' entity='client.admin' cmd=[{"prefix": "orch set backend", "module_name": "cephadm", "target": ["mon-mgr", ""]}]: dispatch
2024-04-15T20:40:32.959 INFO:journalctl@ceph.mon.smithi047.smithi047.stdout:Apr 15 20:40:32 smithi047 ceph-mon[29540]: from='mgr.14120 172.21.15.47:0/2807091965' entity='mgr.smithi047.weynjd'
2024-04-15T20:40:32.959 INFO:journalctl@ceph.mon.smithi047.smithi047.stdout:Apr 15 20:40:32 smithi047 ceph-mon[29540]: from='mgr.14120 172.21.15.47:0/2807091965' entity='mgr.smithi047.weynjd' cmd=[{"prefix": "config dump", "format": "json"}]: dispatch
2024-04-15T20:40:33.642 INFO:teuthology.orchestra.run.smithi047.stdout:/usr/bin/ceph: stdout value unchanged
2024-04-15T20:40:33.643 INFO:teuthology.orchestra.run.smithi047.stdout:/usr/bin/ceph: stderr
2024-04-15T20:40:32.844+0000 7f57e53eb700 1 Processor -- start
2024-04-15T20:40:33.643 INFO:teuthology.orchestra.run.smithi047.stdout:/usr/bin/ceph: stderr
2024-04-15T20:40:32.844+0000 7f57e53eb700 1 -- start start
2024-04-15T20:40:33.643 INFO:teuthology.orchestra.run.smithi047.stdout:/usr/bin/ceph: stderr
2024-04-15T20:40:32.844+0000 7f57e53eb700 1 --2- >> [v2:172.21.15.47:3300/0,v1:172.21.15.47:6789/0] conn(0x7f57e0101da0 0x7f57e01021b0 unknown :-1 s=NONE pgs=0 cs=0 l=0 rev1=0 crypto rx=0 tx=0 comp rx=0 tx=0).connect
2024-04-15T20:40:33.643 INFO:teuthology.orchestra.run.smithi047.stdout:/usr/bin/ceph: stderr
2024-04-15T20:40:32.844+0000 7f57e53eb700 1 -- --> [v2:172.21.15.47:3300/0,v1:172.21.15.47:6789/0] -- mon_getmap magic: 0 v1 -- 0x7f57e01026f0 con 0x7f57e0101da0
2024-04-15T20:40:33.643 INFO:teuthology.orchestra.run.smithi047.stdout:/usr/bin/ceph: stderr
2024-04-15T20:40:32.844+0000 7f57deffd700 1 --2- >> [v2:172.21.15.47:3300/0,v1:172.21.15.47:6789/0] conn(0x7f57e0101da0 0x7f57e01021b0 unknown :-1 s=BANNER_CONNECTING pgs=0 cs=0 l=0 rev1=0 crypto rx=0 tx=0 comp rx=0 tx=0)._handle_peer_banner_payload supported=3 required=0
2024-04-15T20:40:33.643 INFO:teuthology.orchestra.run.smithi047.stdout:/usr/bin/ceph: stderr
2024-04-15T20:40:32.844+0000 7f57deffd700 1 --2- >> [v2:172.21.15.47:3300/0,v1:172.21.15.47:6789/0] conn(0x7f57e0101da0 0x7f57e01021b0 unknown :-1 s=HELLO_CONNECTING pgs=0 cs=0 l=0 rev1=1 crypto rx=0 tx=0 comp rx=0 tx=0).handle_hello peer v2:172.21.15.47:3300/0 says I am v2:172.21.15.47:51804/0 (socket says 172.21.15.47:51804)
2024-04-15T20:40:33.643 INFO:teuthology.orchestra.run.smithi047.stdout:/usr/bin/ceph: stderr
2024-04-15T20:40:32.844+0000 7f57deffd700 1 -- 172.21.15.47:0/3822079826 learned_addr learned my addr 172.21.15.47:0/3822079826 (peer_addr_for_me v2:172.21.15.47:0/0)
2024-04-15T20:40:33.643 INFO:teuthology.orchestra.run.smithi047.stdout:/usr/bin/ceph: stderr
2024-04-15T20:40:32.845+0000 7f57deffd700 1 -- 172.21.15.47:0/3822079826 --> [v2:172.21.15.47:3300/0,v1:172.21.15.47:6789/0] -- mon_subscribe({config=0+,monmap=0+}) v3 -- 0x7f57e0102830 con 0x7f57e0101da0
2024-04-15T20:40:33.643 INFO:teuthology.orchestra.run.smithi047.stdout:/usr/bin/ceph: stderr
2024-04-15T20:40:32.845+0000 7f57deffd700 1 --2- 172.21.15.47:0/3822079826 >> [v2:172.21.15.47:3300/0,v1:172.21.15.47:6789/0] conn(0x7f57e0101da0 0x7f57e01021b0 secure :-1 s=READY pgs=39 cs=0 l=1 rev1=1 crypto rx=0x7f57d0009e50 tx=0x7f57d0009840 comp rx=0 tx=0).ready entity=mon.0 client_cookie=acfb0a3a76cfa309 server_cookie=0 in_seq=0 out_seq=0
2024-04-15T20:40:33.643 INFO:teuthology.orchestra.run.smithi047.stdout:/usr/bin/ceph: stderr
2024-04-15T20:40:32.845+0000 7f57ddffb700 1 -- 172.21.15.47:0/3822079826 <== mon.0 v2:172.21.15.47:3300/0 1 ==== mon_map magic: 0 v1 ==== 229+0+0 (secure 0 0 0) 0x7f57d00092e0 con 0x7f57e0101da0
2024-04-15T20:40:33.643 INFO:teuthology.orchestra.run.smithi047.stdout:/usr/bin/ceph: stderr
2024-04-15T20:40:32.845+0000 7f57ddffb700 1 -- 172.21.15.47:0/3822079826 <== mon.0 v2:172.21.15.47:3300/0 2 ==== config(27 keys) v1 ==== 1044+0+0 (secure 0 0 0) 0x7f57d0012430 con 0x7f57e0101da0
2024-04-15T20:40:33.643 INFO:teuthology.orchestra.run.smithi047.stdout:/usr/bin/ceph: stderr
2024-04-15T20:40:32.845+0000 7f57ddffb700 1 -- 172.21.15.47:0/3822079826 <== mon.0 v2:172.21.15.47:3300/0 3 ==== mon_map magic: 0 v1 ==== 229+0+0 (secure 0 0 0) 0x7f57d00075c0 con 0x7f57e0101da0
2024-04-15T20:40:33.643 INFO:teuthology.orchestra.run.smithi047.stdout:/usr/bin/ceph: stderr
2024-04-15T20:40:32.846+0000 7f57e53eb700 1 -- 172.21.15.47:0/3822079826 >> [v2:172.21.15.47:3300/0,v1:172.21.15.47:6789/0] conn(0x7f57e0101da0 msgr2=0x7f57e01021b0 secure :-1 s=STATE_CONNECTION_ESTABLISHED l=1).mark_down
2024-04-15T20:40:33.643 INFO:teuthology.orchestra.run.smithi047.stdout:/usr/bin/ceph: stderr
2024-04-15T20:40:32.846+0000 7f57e53eb700 1 --2- 172.21.15.47:0/3822079826 >> [v2:172.21.15.47:3300/0,v1:172.21.15.47:6789/0] conn(0x7f57e0101da0 0x7f57e01021b0 secure :-1 s=READY pgs=39 cs=0 l=1 rev1=1 crypto rx=0x7f57d0009e50 tx=0x7f57d0009840 comp rx=0 tx=0).stop
2024-04-15T20:40:33.644 INFO:teuthology.orchestra.run.smithi047.stdout:/usr/bin/ceph: stderr
2024-04-15T20:40:32.846+0000 7f57e53eb700 1 -- 172.21.15.47:0/3822079826 shutdown_connections
2024-04-15T20:40:33.644 INFO:teuthology.orchestra.run.smithi047.stdout:/usr/bin/ceph: stderr
2024-04-15T20:40:32.846+0000 7f57e53eb700 1 --2- 172.21.15.47:0/3822079826 >> [v2:172.21.15.47:3300/0,v1:172.21.15.47:6789/0] conn(0x7f57e0101da0 0x7f57e01021b0 unknown :-1 s=CLOSED pgs=39 cs=0 l=1 rev1=1 crypto rx=0 tx=0 comp rx=0 tx=0).stop
2024-04-15T20:40:33.644 INFO:teuthology.orchestra.run.smithi047.stdout:/usr/bin/ceph: stderr
2024-04-15T20:40:32.846+0000 7f57e53eb700 1 -- 172.21.15.47:0/3822079826 >> 172.21.15.47:0/3822079826 conn(0x7f57e00fc770 msgr2=0x7f57e00feb80 unknown :-1 s=STATE_NONE l=0).mark_down
2024-04-15T20:40:33.644 INFO:teuthology.orchestra.run.smithi047.stdout:/usr/bin/ceph: stderr
2024-04-15T20:40:32.846+0000 7f57e53eb700 1 -- 172.21.15.47:0/3822079826 shutdown_connections
2024-04-15T20:40:33.644 INFO:teuthology.orchestra.run.smithi047.stdout:/usr/bin/ceph: stderr
2024-04-15T20:40:32.846+0000 7f57e53eb700 1 -- 172.21.15.47:0/3822079826 wait complete.
2024-04-15T20:40:33.644 INFO:teuthology.orchestra.run.smithi047.stdout:/usr/bin/ceph: stderr
2024-04-15T20:40:32.846+0000 7f57e53eb700 1 Processor -- start
2024-04-15T20:40:33.644 INFO:teuthology.orchestra.run.smithi047.stdout:/usr/bin/ceph: stderr
2024-04-15T20:40:32.846+0000 7f57e53eb700 1 -- start start
2024-04-15T20:40:33.644 INFO:teuthology.orchestra.run.smithi047.stdout:/usr/bin/ceph: stderr
2024-04-15T20:40:32.847+0000 7f57e53eb700 1 --2- >> [v2:172.21.15.47:3300/0,v1:172.21.15.47:6789/0] conn(0x7f57e0101da0 0x7f57e01015a0 unknown :-1 s=NONE pgs=0 cs=0 l=1 rev1=0 crypto rx=0 tx=0 comp rx=0 tx=0).connect
2024-04-15T20:40:33.644 INFO:teuthology.orchestra.run.smithi047.stdout:/usr/bin/ceph: stderr
2024-04-15T20:40:32.847+0000 7f57e53eb700 1 -- --> [v2:172.21.15.47:3300/0,v1:172.21.15.47:6789/0] -- mon_getmap magic: 0 v1 -- 0x7f57e0114470 con 0x7f57e0101da0
2024-04-15T20:40:33.644 INFO:teuthology.orchestra.run.smithi047.stdout:/usr/bin/ceph: stderr
2024-04-15T20:40:32.847+0000 7f57deffd700 1 --2- >> [v2:172.21.15.47:3300/0,v1:172.21.15.47:6789/0] conn(0x7f57e0101da0 0x7f57e01015a0 unknown :-1 s=BANNER_CONNECTING pgs=0 cs=0 l=1 rev1=0 crypto rx=0 tx=0 comp rx=0 tx=0)._handle_peer_banner_payload supported=3 required=0
2024-04-15T20:40:33.644 INFO:teuthology.orchestra.run.smithi047.stdout:/usr/bin/ceph: stderr
2024-04-15T20:40:32.847+0000 7f57deffd700 1 --2- >> [v2:172.21.15.47:3300/0,v1:172.21.15.47:6789/0] conn(0x7f57e0101da0 0x7f57e01015a0 unknown :-1 s=HELLO_CONNECTING pgs=0 cs=0 l=1 rev1=1 crypto rx=0 tx=0 comp rx=0 tx=0).handle_hello peer v2:172.21.15.47:3300/0 says I am v2:172.21.15.47:51810/0 (socket says 172.21.15.47:51810)
2024-04-15T20:40:33.644 INFO:teuthology.orchestra.run.smithi047.stdout:/usr/bin/ceph: stderr
2024-04-15T20:40:32.847+0000 7f57deffd700 1 -- 172.21.15.47:0/2390257908 learned_addr learned my addr 172.21.15.47:0/2390257908 (peer_addr_for_me v2:172.21.15.47:0/0)
2024-04-15T20:40:33.644 INFO:teuthology.orchestra.run.smithi047.stdout:/usr/bin/ceph: stderr
2024-04-15T20:40:32.847+0000 7f57deffd700 1 -- 172.21.15.47:0/2390257908 --> [v2:172.21.15.47:3300/0,v1:172.21.15.47:6789/0] -- mon_subscribe({config=0+,monmap=0+}) v3 -- 0x7f57d0009ae0 con 0x7f57e0101da0
2024-04-15T20:40:33.644 INFO:teuthology.orchestra.run.smithi047.stdout:/usr/bin/ceph: stderr
2024-04-15T20:40:32.847+0000 7f57deffd700 1 --2- 172.21.15.47:0/2390257908 >> [v2:172.21.15.47:3300/0,v1:172.21.15.47:6789/0] conn(0x7f57e0101da0 0x7f57e01015a0 secure :-1 s=READY pgs=40 cs=0 l=1 rev1=1 crypto rx=0x7f57d0012da0 tx=0x7f57d0009840 comp rx=0 tx=0).ready entity=mon.0 client_cookie=0 server_cookie=0 in_seq=0 out_seq=0
2024-04-15T20:40:33.645 INFO:teuthology.orchestra.run.smithi047.stdout:/usr/bin/ceph: stderr
2024-04-15T20:40:32.847+0000 7f57d77fe700 1 -- 172.21.15.47:0/2390257908 <== mon.0 v2:172.21.15.47:3300/0 1 ==== mon_map magic: 0 v1 ==== 229+0+0 (secure 0 0 0) 0x7f57d00092e0 con 0x7f57e0101da0
2024-04-15T20:40:33.645 INFO:teuthology.orchestra.run.smithi047.stdout:/usr/bin/ceph: stderr
2024-04-15T20:40:32.847+0000 7f57d77fe700 1 -- 172.21.15.47:0/2390257908 <== mon.0 v2:172.21.15.47:3300/0 2 ==== config(27 keys) v1 ==== 1044+0+0 (secure 0 0 0) 0x7f57d0007d10 con 0x7f57e0101da0
2024-04-15T20:40:33.645 INFO:teuthology.orchestra.run.smithi047.stdout:/usr/bin/ceph: stderr
2024-04-15T20:40:32.847+0000 7f57e53eb700 1 -- 172.21.15.47:0/2390257908 --> [v2:172.21.15.47:3300/0,v1:172.21.15.47:6789/0] -- mon_subscribe({mgrmap=0+}) v3 -- 0x7f57e01145b0 con 0x7f57e0101da0
2024-04-15T20:40:33.645 INFO:teuthology.orchestra.run.smithi047.stdout:/usr/bin/ceph: stderr
2024-04-15T20:40:32.847+0000 7f57d77fe700 1 -- 172.21.15.47:0/2390257908 <== mon.0 v2:172.21.15.47:3300/0 3 ==== mon_map magic: 0 v1 ==== 229+0+0 (secure 0 0 0) 0x7f57d001c8c0 con 0x7f57e0101da0
2024-04-15T20:40:33.645 INFO:teuthology.orchestra.run.smithi047.stdout:/usr/bin/ceph: stderr
2024-04-15T20:40:32.848+0000 7f57e53eb700 1 -- 172.21.15.47:0/2390257908 --> [v2:172.21.15.47:3300/0,v1:172.21.15.47:6789/0] -- mon_subscribe({osdmap=0}) v3 -- 0x7f57e0114aa0 con 0x7f57e0101da0
2024-04-15T20:40:33.645 INFO:teuthology.orchestra.run.smithi047.stdout:/usr/bin/ceph: stderr
2024-04-15T20:40:32.848+0000 7f57d77fe700 1 -- 172.21.15.47:0/2390257908 <== mon.0 v2:172.21.15.47:3300/0 4 ==== mgrmap(e 8) v1 ==== 43376+0+0 (secure 0 0 0) 0x7f57d0019070 con 0x7f57e0101da0
2024-04-15T20:40:33.645 INFO:teuthology.orchestra.run.smithi047.stdout:/usr/bin/ceph: stderr
2024-04-15T20:40:32.848+0000 7f57e53eb700 1 -- 172.21.15.47:0/2390257908 --> [v2:172.21.15.47:3300/0,v1:172.21.15.47:6789/0] -- mon_command({"prefix": "get_command_descriptions"} v 0) v1 -- 0x7f57e005f5f0 con 0x7f57e0101da0
2024-04-15T20:40:33.645 INFO:teuthology.orchestra.run.smithi047.stdout:/usr/bin/ceph: stderr
2024-04-15T20:40:32.848+0000 7f57d77fe700 1 --2- 172.21.15.47:0/2390257908 >> [v2:172.21.15.47:6800/3330042690,v1:172.21.15.47:6801/3330042690] conn(0x7f57cc0367e0 0x7f57cc038c90 unknown :-1 s=NONE pgs=0 cs=0 l=1 rev1=0 crypto rx=0 tx=0 comp rx=0 tx=0).connect
2024-04-15T20:40:33.645 INFO:teuthology.orchestra.run.smithi047.stdout:/usr/bin/ceph: stderr
2024-04-15T20:40:32.849+0000 7f57d77fe700 1 -- 172.21.15.47:0/2390257908 <== mon.0 v2:172.21.15.47:3300/0 5 ==== osd_map(2..2 src has 1..2) v4 ==== 936+0+0 (secure 0 0 0) 0x7f57d0049e40 con 0x7f57e0101da0
2024-04-15T20:40:33.645 INFO:teuthology.orchestra.run.smithi047.stdout:/usr/bin/ceph: stderr
2024-04-15T20:40:32.849+0000 7f57de7fc700 1 --2- 172.21.15.47:0/2390257908 >> [v2:172.21.15.47:6800/3330042690,v1:172.21.15.47:6801/3330042690] conn(0x7f57cc0367e0 0x7f57cc038c90 unknown :-1 s=BANNER_CONNECTING pgs=0 cs=0 l=1 rev1=0 crypto rx=0 tx=0 comp rx=0 tx=0)._handle_peer_banner_payload supported=3 required=0
2024-04-15T20:40:33.645 INFO:teuthology.orchestra.run.smithi047.stdout:/usr/bin/ceph: stderr
2024-04-15T20:40:32.849+0000 7f57de7fc700 1 --2- 172.21.15.47:0/2390257908 >> [v2:172.21.15.47:6800/3330042690,v1:172.21.15.47:6801/3330042690] conn(0x7f57cc0367e0 0x7f57cc038c90 secure :-1 s=READY pgs=8 cs=0 l=1 rev1=1 crypto rx=0x7f57c8009990 tx=0x7f57c8006e40 comp rx=0 tx=0).ready entity=mgr.14120 client_cookie=0 server_cookie=0 in_seq=0 out_seq=0
2024-04-15T20:40:33.645 INFO:teuthology.orchestra.run.smithi047.stdout:/usr/bin/ceph: stderr
2024-04-15T20:40:32.853+0000 7f57d77fe700 1 -- 172.21.15.47:0/2390257908 <== mon.0 v2:172.21.15.47:3300/0 6 ==== mon_command_ack([{"prefix": "get_command_descriptions"}]=0 v0) v1 ==== 72+0+176702 (secure 0 0 0) 0x7f57d0019910 con 0x7f57e0101da0
2024-04-15T20:40:33.645 INFO:teuthology.orchestra.run.smithi047.stdout:/usr/bin/ceph: stderr
2024-04-15T20:40:33.051+0000 7f57e53eb700 1 -- 172.21.15.47:0/2390257908 --> [v2:172.21.15.47:6800/3330042690,v1:172.21.15.47:6801/3330042690] -- mgr_command(tid 0: {"prefix": "cephadm set-user", "user": "root", "target": ["mon-mgr", ""]}) v1 -- 0x7f57e00fdb70 con 0x7f57cc0367e0
2024-04-15T20:40:33.645 INFO:teuthology.orchestra.run.smithi047.stdout:/usr/bin/ceph: stderr
2024-04-15T20:40:33.052+0000 7f57d77fe700 1 -- 172.21.15.47:0/2390257908 <== mgr.14120 v2:172.21.15.47:6800/3330042690 1 ==== mgr_command_reply(tid 0: 0 ) v1 ==== 8+0+16 (secure 0 0 0) 0x7f57e00fdb70 con 0x7f57cc0367e0
2024-04-15T20:40:33.645 INFO:teuthology.orchestra.run.smithi047.stdout:/usr/bin/ceph: stderr
2024-04-15T20:40:33.054+0000 7f57e53eb700 1 -- 172.21.15.47:0/2390257908 >> [v2:172.21.15.47:6800/3330042690,v1:172.21.15.47:6801/3330042690] conn(0x7f57cc0367e0 msgr2=0x7f57cc038c90 secure :-1 s=STATE_CONNECTION_ESTABLISHED l=1).mark_down
2024-04-15T20:40:33.646 INFO:teuthology.orchestra.run.smithi047.stdout:/usr/bin/ceph: stderr
2024-04-15T20:40:33.054+0000 7f57e53eb700 1 --2- 172.21.15.47:0/2390257908 >> [v2:172.21.15.47:6800/3330042690,v1:172.21.15.47:6801/3330042690] conn(0x7f57cc0367e0 0x7f57cc038c90 secure :-1 s=READY pgs=8 cs=0 l=1 rev1=1 crypto rx=0x7f57c8009990 tx=0x7f57c8006e40 comp rx=0 tx=0).stop
2024-04-15T20:40:33.646 INFO:teuthology.orchestra.run.smithi047.stdout:/usr/bin/ceph: stderr
2024-04-15T20:40:33.054+0000 7f57e53eb700 1 -- 172.21.15.47:0/2390257908 >> [v2:172.21.15.47:3300/0,v1:172.21.15.47:6789/0] conn(0x7f57e0101da0 msgr2=0x7f57e01015a0 secure :-1 s=STATE_CONNECTION_ESTABLISHED l=1).mark_down
2024-04-15T20:40:33.646 INFO:teuthology.orchestra.run.smithi047.stdout:/usr/bin/ceph: stderr
2024-04-15T20:40:33.054+0000 7f57e53eb700 1 --2- 172.21.15.47:0/2390257908 >> [v2:172.21.15.47:3300/0,v1:172.21.15.47:6789/0] conn(0x7f57e0101da0 0x7f57e01015a0 secure :-1 s=READY pgs=40 cs=0 l=1 rev1=1 crypto rx=0x7f57d0012da0 tx=0x7f57d0009840 comp rx=0 tx=0).stop
2024-04-15T20:40:33.646 INFO:teuthology.orchestra.run.smithi047.stdout:/usr/bin/ceph: stderr
2024-04-15T20:40:33.054+0000 7f57e53eb700 1 -- 172.21.15.47:0/2390257908 shutdown_connections
2024-04-15T20:40:33.646 INFO:teuthology.orchestra.run.smithi047.stdout:/usr/bin/ceph: stderr
2024-04-15T20:40:33.054+0000 7f57e53eb700 1 --2- 172.21.15.47:0/2390257908 >> [v2:172.21.15.47:6800/3330042690,v1:172.21.15.47:6801/3330042690] conn(0x7f57cc0367e0 0x7f57cc038c90 unknown :-1 s=CLOSED pgs=8 cs=0 l=1 rev1=1 crypto rx=0 tx=0 comp rx=0 tx=0).stop
2024-04-15T20:40:33.646 INFO:teuthology.orchestra.run.smithi047.stdout:/usr/bin/ceph: stderr
2024-04-15T20:40:33.054+0000 7f57e53eb700 1 --2- 172.21.15.47:0/2390257908 >> [v2:172.21.15.47:3300/0,v1:172.21.15.47:6789/0] conn(0x7f57e0101da0 0x7f57e01015a0 unknown :-1 s=CLOSED pgs=40 cs=0 l=1 rev1=1 crypto rx=0 tx=0 comp rx=0 tx=0).stop
2024-04-15T20:40:33.646 INFO:teuthology.orchestra.run.smithi047.stdout:/usr/bin/ceph: stderr
2024-04-15T20:40:33.054+0000 7f57e53eb700 1 -- 172.21.15.47:0/2390257908 >> 172.21.15.47:0/2390257908 conn(0x7f57e00fc770 msgr2=0x7f57e00fd3a0 unknown :-1 s=STATE_NONE l=0).mark_down
2024-04-15T20:40:33.646 INFO:teuthology.orchestra.run.smithi047.stdout:/usr/bin/ceph: stderr
2024-04-15T20:40:33.054+0000 7f57e53eb700 1 -- 172.21.15.47:0/2390257908 shutdown_connections
2024-04-15T20:40:33.646 INFO:teuthology.orchestra.run.smithi047.stdout:/usr/bin/ceph: stderr
2024-04-15T20:40:33.054+0000 7f57e53eb700 1 -- 172.21.15.47:0/2390257908 wait complete.
2024-04-15T20:40:33.646 INFO:teuthology.orchestra.run.smithi047.stdout:Generating ssh key...
2024-04-15T20:40:34.208 INFO:journalctl@ceph.mon.smithi047.smithi047.stdout:Apr 15 20:40:33 smithi047 ceph-mon[29540]: from='client.14134 -' entity='client.admin' cmd=[{"prefix": "cephadm set-user", "user": "root", "target": ["mon-mgr", ""]}]: dispatch
2024-04-15T20:40:35.185 INFO:teuthology.orchestra.run.smithi047.stdout:/usr/bin/ceph: stderr
2024-04-15T20:40:34.097+0000 7f42cc877700 1 Processor -- start
2024-04-15T20:40:35.191 INFO:teuthology.orchestra.run.smithi047.stdout:/usr/bin/ceph: stderr
2024-04-15T20:40:34.097+0000 7f42cc877700 1 -- start start
2024-04-15T20:40:35.191 INFO:teuthology.orchestra.run.smithi047.stdout:/usr/bin/ceph: stderr
2024-04-15T20:40:34.097+0000 7f42cc877700 1 --2- >> [v2:172.21.15.47:3300/0,v1:172.21.15.47:6789/0] conn(0x7f42c8100d30 0x7f42c8101140 unknown :-1 s=NONE pgs=0 cs=0 l=0 rev1=0 crypto rx=0 tx=0 comp rx=0 tx=0).connect
2024-04-15T20:40:35.191 INFO:teuthology.orchestra.run.smithi047.stdout:/usr/bin/ceph: stderr
2024-04-15T20:40:34.097+0000 7f42cc877700 1 -- --> [v2:172.21.15.47:3300/0,v1:172.21.15.47:6789/0] -- mon_getmap magic: 0 v1 -- 0x7f42c8101680 con 0x7f42c8100d30
2024-04-15T20:40:35.191 INFO:teuthology.orchestra.run.smithi047.stdout:/usr/bin/ceph: stderr
2024-04-15T20:40:34.098+0000 7f42c659c700 1 --2- >> [v2:172.21.15.47:3300/0,v1:172.21.15.47:6789/0] conn(0x7f42c8100d30 0x7f42c8101140 unknown :-1 s=BANNER_CONNECTING pgs=0 cs=0 l=0 rev1=0 crypto rx=0 tx=0 comp rx=0 tx=0)._handle_peer_banner_payload supported=3 required=0
2024-04-15T20:40:35.192 INFO:teuthology.orchestra.run.smithi047.stdout:/usr/bin/ceph: stderr
2024-04-15T20:40:34.098+0000 7f42c659c700 1 --2- >> [v2:172.21.15.47:3300/0,v1:172.21.15.47:6789/0] conn(0x7f42c8100d30 0x7f42c8101140 unknown :-1 s=HELLO_CONNECTING pgs=0 cs=0 l=0 rev1=1 crypto rx=0 tx=0 comp rx=0 tx=0).handle_hello peer v2:172.21.15.47:3300/0 says I am v2:172.21.15.47:51826/0 (socket says 172.21.15.47:51826)
2024-04-15T20:40:35.192 INFO:teuthology.orchestra.run.smithi047.stdout:/usr/bin/ceph: stderr
2024-04-15T20:40:34.098+0000 7f42c659c700 1 -- 172.21.15.47:0/57119095 learned_addr learned my addr 172.21.15.47:0/57119095 (peer_addr_for_me v2:172.21.15.47:0/0)
2024-04-15T20:40:35.192 INFO:teuthology.orchestra.run.smithi047.stdout:/usr/bin/ceph: stderr
2024-04-15T20:40:34.098+0000 7f42c659c700 1 -- 172.21.15.47:0/57119095 --> [v2:172.21.15.47:3300/0,v1:172.21.15.47:6789/0] -- mon_subscribe({config=0+,monmap=0+}) v3 -- 0x7f42c81017c0 con 0x7f42c8100d30
2024-04-15T20:40:35.192 INFO:teuthology.orchestra.run.smithi047.stdout:/usr/bin/ceph: stderr
2024-04-15T20:40:34.098+0000 7f42c659c700 1 --2- 172.21.15.47:0/57119095 >> [v2:172.21.15.47:3300/0,v1:172.21.15.47:6789/0] conn(0x7f42c8100d30 0x7f42c8101140 secure :-1 s=READY pgs=41 cs=0 l=1 rev1=1 crypto rx=0x7f42b8009e50 tx=0x7f42b8009840 comp rx=0 tx=0).ready entity=mon.0 client_cookie=6ae285cb4ff3438f server_cookie=0 in_seq=0 out_seq=0
2024-04-15T20:40:35.192 INFO:teuthology.orchestra.run.smithi047.stdout:/usr/bin/ceph: stderr
2024-04-15T20:40:34.098+0000 7f42c559a700 1 -- 172.21.15.47:0/57119095 <== mon.0 v2:172.21.15.47:3300/0 1 ==== mon_map magic: 0 v1 ==== 229+0+0 (secure 0 0 0) 0x7f42b80092e0 con 0x7f42c8100d30
2024-04-15T20:40:35.192 INFO:teuthology.orchestra.run.smithi047.stdout:/usr/bin/ceph: stderr
2024-04-15T20:40:34.098+0000 7f42c559a700 1 -- 172.21.15.47:0/57119095 <== mon.0 v2:172.21.15.47:3300/0 2 ==== config(27 keys) v1 ==== 1044+0+0 (secure 0 0 0) 0x7f42b8012430 con 0x7f42c8100d30
2024-04-15T20:40:35.192 INFO:teuthology.orchestra.run.smithi047.stdout:/usr/bin/ceph: stderr
2024-04-15T20:40:34.098+0000 7f42c559a700 1 -- 172.21.15.47:0/57119095 <== mon.0 v2:172.21.15.47:3300/0 3 ==== mon_map magic: 0 v1 ==== 229+0+0 (secure 0 0 0) 0x7f42b80075c0 con 0x7f42c8100d30
2024-04-15T20:40:35.192 INFO:teuthology.orchestra.run.smithi047.stdout:/usr/bin/ceph: stderr
2024-04-15T20:40:34.099+0000 7f42cc877700 1 -- 172.21.15.47:0/57119095 >> [v2:172.21.15.47:3300/0,v1:172.21.15.47:6789/0] conn(0x7f42c8100d30 msgr2=0x7f42c8101140 secure :-1 s=STATE_CONNECTION_ESTABLISHED l=1).mark_down
2024-04-15T20:40:35.192 INFO:teuthology.orchestra.run.smithi047.stdout:/usr/bin/ceph: stderr
2024-04-15T20:40:34.099+0000 7f42cc877700 1 --2- 172.21.15.47:0/57119095 >> [v2:172.21.15.47:3300/0,v1:172.21.15.47:6789/0] conn(0x7f42c8100d30 0x7f42c8101140 secure :-1 s=READY pgs=41 cs=0 l=1 rev1=1 crypto rx=0x7f42b8009e50 tx=0x7f42b8009840 comp rx=0 tx=0).stop
2024-04-15T20:40:35.192 INFO:teuthology.orchestra.run.smithi047.stdout:/usr/bin/ceph: stderr
2024-04-15T20:40:34.099+0000 7f42cc877700 1 -- 172.21.15.47:0/57119095 shutdown_connections
2024-04-15T20:40:35.192 INFO:teuthology.orchestra.run.smithi047.stdout:/usr/bin/ceph: stderr
2024-04-15T20:40:34.099+0000 7f42cc877700 1 --2- 172.21.15.47:0/57119095 >> [v2:172.21.15.47:3300/0,v1:172.21.15.47:6789/0] conn(0x7f42c8100d30 0x7f42c8101140 unknown :-1 s=CLOSED pgs=41 cs=0 l=1 rev1=1 crypto rx=0 tx=0 comp rx=0 tx=0).stop
2024-04-15T20:40:35.192 INFO:teuthology.orchestra.run.smithi047.stdout:/usr/bin/ceph: stderr
2024-04-15T20:40:34.099+0000 7f42cc877700 1 -- 172.21.15.47:0/57119095 >> 172.21.15.47:0/57119095 conn(0x7f42c80fc730 msgr2=0x7f42c80feb40 unknown :-1 s=STATE_NONE l=0).mark_down
2024-04-15T20:40:35.192 INFO:teuthology.orchestra.run.smithi047.stdout:/usr/bin/ceph: stderr
2024-04-15T20:40:34.099+0000 7f42cc877700 1 -- 172.21.15.47:0/57119095 shutdown_connections
2024-04-15T20:40:35.193 INFO:teuthology.orchestra.run.smithi047.stdout:/usr/bin/ceph: stderr
2024-04-15T20:40:34.099+0000 7f42cc877700 1 -- 172.21.15.47:0/57119095 wait complete.
2024-04-15T20:40:35.193 INFO:teuthology.orchestra.run.smithi047.stdout:/usr/bin/ceph: stderr
2024-04-15T20:40:34.100+0000 7f42cc877700 1 Processor -- start
2024-04-15T20:40:35.193 INFO:teuthology.orchestra.run.smithi047.stdout:/usr/bin/ceph: stderr
2024-04-15T20:40:34.100+0000 7f42cc877700 1 -- start start
2024-04-15T20:40:35.193 INFO:teuthology.orchestra.run.smithi047.stdout:/usr/bin/ceph: stderr
2024-04-15T20:40:34.100+0000 7f42cc877700 1 --2- >> [v2:172.21.15.47:3300/0,v1:172.21.15.47:6789/0] conn(0x7f42c8100d30 0x7f42c8103760 unknown :-1 s=NONE pgs=0 cs=0 l=1 rev1=0 crypto rx=0 tx=0 comp rx=0 tx=0).connect
2024-04-15T20:40:35.193 INFO:teuthology.orchestra.run.smithi047.stdout:/usr/bin/ceph: stderr
2024-04-15T20:40:34.100+0000 7f42cc877700 1 -- --> [v2:172.21.15.47:3300/0,v1:172.21.15.47:6789/0] -- mon_getmap magic: 0 v1 -- 0x7f42c8103ca0 con 0x7f42c8100d30
2024-04-15T20:40:35.193 INFO:teuthology.orchestra.run.smithi047.stdout:/usr/bin/ceph: stderr
2024-04-15T20:40:34.100+0000 7f42c659c700 1 --2- >> [v2:172.21.15.47:3300/0,v1:172.21.15.47:6789/0] conn(0x7f42c8100d30 0x7f42c8103760 unknown :-1 s=BANNER_CONNECTING pgs=0 cs=0 l=1 rev1=0 crypto rx=0 tx=0 comp rx=0 tx=0)._handle_peer_banner_payload supported=3 required=0
2024-04-15T20:40:35.193 INFO:teuthology.orchestra.run.smithi047.stdout:/usr/bin/ceph: stderr
2024-04-15T20:40:34.100+0000 7f42c659c700 1 --2- >> [v2:172.21.15.47:3300/0,v1:172.21.15.47:6789/0] conn(0x7f42c8100d30 0x7f42c8103760 unknown :-1 s=HELLO_CONNECTING pgs=0 cs=0 l=1 rev1=1 crypto rx=0 tx=0 comp rx=0 tx=0).handle_hello peer v2:172.21.15.47:3300/0 says I am v2:172.21.15.47:51834/0 (socket says 172.21.15.47:51834)
2024-04-15T20:40:35.193 INFO:teuthology.orchestra.run.smithi047.stdout:/usr/bin/ceph: stderr
2024-04-15T20:40:34.100+0000 7f42c659c700 1 -- 172.21.15.47:0/3012784495 learned_addr learned my addr 172.21.15.47:0/3012784495 (peer_addr_for_me v2:172.21.15.47:0/0)
2024-04-15T20:40:35.193 INFO:teuthology.orchestra.run.smithi047.stdout:/usr/bin/ceph: stderr
2024-04-15T20:40:34.100+0000 7f42c659c700 1 -- 172.21.15.47:0/3012784495 --> [v2:172.21.15.47:3300/0,v1:172.21.15.47:6789/0] -- mon_subscribe({config=0+,monmap=0+}) v3 -- 0x7f42b8009ae0 con 0x7f42c8100d30
2024-04-15T20:40:35.193 INFO:teuthology.orchestra.run.smithi047.stdout:/usr/bin/ceph: stderr
2024-04-15T20:40:34.100+0000 7f42c659c700 1 --2- 172.21.15.47:0/3012784495 >> [v2:172.21.15.47:3300/0,v1:172.21.15.47:6789/0] conn(0x7f42c8100d30 0x7f42c8103760 secure :-1 s=READY pgs=42 cs=0 l=1 rev1=1 crypto rx=0x7f42b8009ab0 tx=0x7f42b8009840 comp rx=0 tx=0).ready entity=mon.0 client_cookie=0 server_cookie=0 in_seq=0 out_seq=0
2024-04-15T20:40:35.193 INFO:teuthology.orchestra.run.smithi047.stdout:/usr/bin/ceph: stderr
2024-04-15T20:40:34.101+0000 7f42beffd700 1 -- 172.21.15.47:0/3012784495 <== mon.0 v2:172.21.15.47:3300/0 1 ==== mon_map magic: 0 v1 ==== 229+0+0 (secure 0 0 0) 0x7f42b80092e0 con 0x7f42c8100d30
2024-04-15T20:40:35.193 INFO:teuthology.orchestra.run.smithi047.stdout:/usr/bin/ceph: stderr
2024-04-15T20:40:34.101+0000 7f42beffd700 1 -- 172.21.15.47:0/3012784495 <== mon.0 v2:172.21.15.47:3300/0 2 ==== config(27 keys) v1 ==== 1044+0+0 (secure 0 0 0) 0x7f42b8007d10 con 0x7f42c8100d30
2024-04-15T20:40:35.194 INFO:teuthology.orchestra.run.smithi047.stdout:/usr/bin/ceph: stderr
2024-04-15T20:40:34.101+0000 7f42cc877700 1 -- 172.21.15.47:0/3012784495 --> [v2:172.21.15.47:3300/0,v1:172.21.15.47:6789/0] -- mon_subscribe({mgrmap=0+}) v3 -- 0x7f42c8101d70 con 0x7f42c8100d30
2024-04-15T20:40:35.194 INFO:teuthology.orchestra.run.smithi047.stdout:/usr/bin/ceph: stderr
2024-04-15T20:40:34.101+0000 7f42beffd700 1 -- 172.21.15.47:0/3012784495 <== mon.0 v2:172.21.15.47:3300/0 3 ==== mon_map magic: 0 v1 ==== 229+0+0 (secure 0 0 0) 0x7f42b801c990 con 0x7f42c8100d30
2024-04-15T20:40:35.194 INFO:teuthology.orchestra.run.smithi047.stdout:/usr/bin/ceph: stderr
2024-04-15T20:40:34.101+0000 7f42cc877700 1 -- 172.21.15.47:0/3012784495 --> [v2:172.21.15.47:3300/0,v1:172.21.15.47:6789/0] -- mon_subscribe({osdmap=0}) v3 -- 0x7f42c8102260 con 0x7f42c8100d30
2024-04-15T20:40:35.194 INFO:teuthology.orchestra.run.smithi047.stdout:/usr/bin/ceph: stderr
2024-04-15T20:40:34.101+0000 7f42beffd700 1 -- 172.21.15.47:0/3012784495 <== mon.0 v2:172.21.15.47:3300/0 4 ==== mgrmap(e 8) v1 ==== 43376+0+0 (secure 0 0 0) 0x7f42b8019070 con 0x7f42c8100d30
2024-04-15T20:40:35.194 INFO:teuthology.orchestra.run.smithi047.stdout:/usr/bin/ceph: stderr
2024-04-15T20:40:34.102+0000 7f42cc877700 1 -- 172.21.15.47:0/3012784495 --> [v2:172.21.15.47:3300/0,v1:172.21.15.47:6789/0] -- mon_command({"prefix": "get_command_descriptions"} v 0) v1 -- 0x7f42a80052e0 con 0x7f42c8100d30
2024-04-15T20:40:35.194 INFO:teuthology.orchestra.run.smithi047.stdout:/usr/bin/ceph: stderr
2024-04-15T20:40:34.102+0000 7f42beffd700 1 --2- 172.21.15.47:0/3012784495 >> [v2:172.21.15.47:6800/3330042690,v1:172.21.15.47:6801/3330042690] conn(0x7f42b40367e0 0x7f42b4038c90 unknown :-1 s=NONE pgs=0 cs=0 l=1 rev1=0 crypto rx=0 tx=0 comp rx=0 tx=0).connect
2024-04-15T20:40:35.194 INFO:teuthology.orchestra.run.smithi047.stdout:/usr/bin/ceph: stderr
2024-04-15T20:40:34.102+0000 7f42beffd700 1 -- 172.21.15.47:0/3012784495 <== mon.0 v2:172.21.15.47:3300/0 5 ==== osd_map(2..2 src has 1..2) v4 ==== 936+0+0 (secure 0 0 0) 0x7f42b8049d70 con 0x7f42c8100d30
2024-04-15T20:40:35.194 INFO:teuthology.orchestra.run.smithi047.stdout:/usr/bin/ceph: stderr
2024-04-15T20:40:34.102+0000 7f42c5d9b700 1 --2- 172.21.15.47:0/3012784495 >> [v2:172.21.15.47:6800/3330042690,v1:172.21.15.47:6801/3330042690] conn(0x7f42b40367e0 0x7f42b4038c90 unknown :-1 s=BANNER_CONNECTING pgs=0 cs=0 l=1 rev1=0 crypto rx=0 tx=0 comp rx=0 tx=0)._handle_peer_banner_payload supported=3 required=0
2024-04-15T20:40:35.194 INFO:teuthology.orchestra.run.smithi047.stdout:/usr/bin/ceph: stderr
2024-04-15T20:40:34.102+0000 7f42c5d9b700 1 --2- 172.21.15.47:0/3012784495 >> [v2:172.21.15.47:6800/3330042690,v1:172.21.15.47:6801/3330042690] conn(0x7f42b40367e0 0x7f42b4038c90 secure :-1 s=READY pgs=9 cs=0 l=1 rev1=1 crypto rx=0x7f42b0009990 tx=0x7f42b0006e40 comp rx=0 tx=0).ready entity=mgr.14120 client_cookie=0 server_cookie=0 in_seq=0 out_seq=0
2024-04-15T20:40:35.194 INFO:teuthology.orchestra.run.smithi047.stdout:/usr/bin/ceph: stderr
2024-04-15T20:40:34.107+0000 7f42beffd700 1 -- 172.21.15.47:0/3012784495 <== mon.0 v2:172.21.15.47:3300/0 6 ==== mon_command_ack([{"prefix": "get_command_descriptions"}]=0 v0) v1 ==== 72+0+176702 (secure 0 0 0) 0x7f42b804e070 con 0x7f42c8100d30
2024-04-15T20:40:35.194 INFO:teuthology.orchestra.run.smithi047.stdout:/usr/bin/ceph: stderr
2024-04-15T20:40:34.316+0000 7f42cc877700 1 -- 172.21.15.47:0/3012784495 --> [v2:172.21.15.47:6800/3330042690,v1:172.21.15.47:6801/3330042690] -- mgr_command(tid 0: {"prefix": "cephadm generate-key", "target": ["mon-mgr", ""]}) v1 -- 0x7f42a8000bf0 con 0x7f42b40367e0
2024-04-15T20:40:35.194 INFO:teuthology.orchestra.run.smithi047.stdout:/usr/bin/ceph: stderr
2024-04-15T20:40:34.613+0000 7f42beffd700 1 -- 172.21.15.47:0/3012784495 <== mgr.14120 v2:172.21.15.47:6800/3330042690 1 ==== mgr_command_reply(tid 0: 0 ) v1 ==== 8+0+0 (secure 0 0 0) 0x7f42a8000bf0 con 0x7f42b40367e0
2024-04-15T20:40:35.194 INFO:teuthology.orchestra.run.smithi047.stdout:/usr/bin/ceph: stderr
