2024-04-15T20:52:42.527+0000 7f3c3149e700 1 --2- 172.21.15.72:0/3312891079 >> [v2:172.21.15.72:3300/0,v1:172.21.15.72:6789/0] conn(0x7f3c2c1049f0 0x7f3c2c104e00 secure :-1 s=READY pgs=41 cs=0 l=1 rev1=1 crypto rx=0x7f3c1c0098a0 tx=0x7f3c1c009bb0 comp rx=0 tx=0).stop
2024-04-15T20:52:43.451 INFO:teuthology.orchestra.run.smithi072.stdout:/usr/bin/ceph: stderr
2024-04-15T20:52:42.527+0000 7f3c3149e700 1 -- 172.21.15.72:0/3312891079 shutdown_connections
2024-04-15T20:52:43.451 INFO:teuthology.orchestra.run.smithi072.stdout:/usr/bin/ceph: stderr
2024-04-15T20:52:42.527+0000 7f3c3149e700 1 --2- 172.21.15.72:0/3312891079 >> [v2:172.21.15.72:3300/0,v1:172.21.15.72:6789/0] conn(0x7f3c2c1049f0 0x7f3c2c104e00 unknown :-1 s=CLOSED pgs=41 cs=0 l=1 rev1=1 crypto rx=0 tx=0 comp rx=0 tx=0).stop
2024-04-15T20:52:43.451 INFO:teuthology.orchestra.run.smithi072.stdout:/usr/bin/ceph: stderr
2024-04-15T20:52:42.527+0000 7f3c3149e700 1 -- 172.21.15.72:0/3312891079 >> 172.21.15.72:0/3312891079 conn(0x7f3c2c100080 msgr2=0x7f3c2c102490 unknown :-1 s=STATE_NONE l=0).mark_down
2024-04-15T20:52:43.451 INFO:teuthology.orchestra.run.smithi072.stdout:/usr/bin/ceph: stderr
2024-04-15T20:52:42.527+0000 7f3c3149e700 1 -- 172.21.15.72:0/3312891079 shutdown_connections
2024-04-15T20:52:43.452 INFO:teuthology.orchestra.run.smithi072.stdout:/usr/bin/ceph: stderr
2024-04-15T20:52:42.527+0000 7f3c3149e700 1 -- 172.21.15.72:0/3312891079 wait complete.
2024-04-15T20:52:43.452 INFO:teuthology.orchestra.run.smithi072.stdout:/usr/bin/ceph: stderr
2024-04-15T20:52:42.528+0000 7f3c3149e700 1 Processor -- start
2024-04-15T20:52:43.452 INFO:teuthology.orchestra.run.smithi072.stdout:/usr/bin/ceph: stderr
2024-04-15T20:52:42.528+0000 7f3c3149e700 1 -- start start
2024-04-15T20:52:43.452 INFO:teuthology.orchestra.run.smithi072.stdout:/usr/bin/ceph: stderr
2024-04-15T20:52:42.528+0000 7f3c3149e700 1 --2- >> [v2:172.21.15.72:3300/0,v1:172.21.15.72:6789/0] conn(0x7f3c2c1049f0 0x7f3c2c079b20 unknown :-1 s=NONE pgs=0 cs=0 l=1 rev1=0 crypto rx=0 tx=0 comp rx=0 tx=0).connect
2024-04-15T20:52:43.452 INFO:teuthology.orchestra.run.smithi072.stdout:/usr/bin/ceph: stderr
2024-04-15T20:52:42.528+0000 7f3c3149e700 1 -- --> [v2:172.21.15.72:3300/0,v1:172.21.15.72:6789/0] -- mon_getmap magic: 0 v1 -- 0x7f3c2c19c540 con 0x7f3c2c1049f0
2024-04-15T20:52:43.452 INFO:teuthology.orchestra.run.smithi072.stdout:/usr/bin/ceph: stderr
2024-04-15T20:52:42.528+0000 7f3c2affd700 1 --2- >> [v2:172.21.15.72:3300/0,v1:172.21.15.72:6789/0] conn(0x7f3c2c1049f0 0x7f3c2c079b20 unknown :-1 s=BANNER_CONNECTING pgs=0 cs=0 l=1 rev1=0 crypto rx=0 tx=0 comp rx=0 tx=0)._handle_peer_banner_payload supported=3 required=0
2024-04-15T20:52:43.452 INFO:teuthology.orchestra.run.smithi072.stdout:/usr/bin/ceph: stderr
2024-04-15T20:52:42.528+0000 7f3c2affd700 1 --2- >> [v2:172.21.15.72:3300/0,v1:172.21.15.72:6789/0] conn(0x7f3c2c1049f0 0x7f3c2c079b20 unknown :-1 s=HELLO_CONNECTING pgs=0 cs=0 l=1 rev1=1 crypto rx=0 tx=0 comp rx=0 tx=0).handle_hello peer v2:172.21.15.72:3300/0 says I am v2:172.21.15.72:54556/0 (socket says 172.21.15.72:54556)
2024-04-15T20:52:43.452 INFO:teuthology.orchestra.run.smithi072.stdout:/usr/bin/ceph: stderr
2024-04-15T20:52:42.528+0000 7f3c2affd700 1 -- 172.21.15.72:0/1360722171 learned_addr learned my addr 172.21.15.72:0/1360722171 (peer_addr_for_me v2:172.21.15.72:0/0)
2024-04-15T20:52:43.452 INFO:teuthology.orchestra.run.smithi072.stdout:/usr/bin/ceph: stderr
2024-04-15T20:52:42.529+0000 7f3c2affd700 1 -- 172.21.15.72:0/1360722171 --> [v2:172.21.15.72:3300/0,v1:172.21.15.72:6789/0] -- mon_subscribe({config=0+,monmap=0+}) v3 -- 0x7f3c1c009550 con 0x7f3c2c1049f0
2024-04-15T20:52:43.452 INFO:teuthology.orchestra.run.smithi072.stdout:/usr/bin/ceph: stderr
2024-04-15T20:52:42.529+0000 7f3c2affd700 1 --2- 172.21.15.72:0/1360722171 >> [v2:172.21.15.72:3300/0,v1:172.21.15.72:6789/0] conn(0x7f3c2c1049f0 0x7f3c2c079b20 secure :-1 s=READY pgs=42 cs=0 l=1 rev1=1 crypto rx=0x7f3c1c000c00 tx=0x7f3c1c011ab0 comp rx=0 tx=0).ready entity=mon.0 client_cookie=0 server_cookie=0 in_seq=0 out_seq=0
2024-04-15T20:52:43.452 INFO:teuthology.orchestra.run.smithi072.stdout:/usr/bin/ceph: stderr
2024-04-15T20:52:42.532+0000 7f3c13fff700 1 -- 172.21.15.72:0/1360722171 <== mon.0 v2:172.21.15.72:3300/0 1 ==== mon_map magic: 0 v1 ==== 229+0+0 (secure 0 0 0) 0x7f3c1c003b90 con 0x7f3c2c1049f0
2024-04-15T20:52:43.452 INFO:teuthology.orchestra.run.smithi072.stdout:/usr/bin/ceph: stderr
2024-04-15T20:52:42.532+0000 7f3c13fff700 1 -- 172.21.15.72:0/1360722171 <== mon.0 v2:172.21.15.72:3300/0 2 ==== config(27 keys) v1 ==== 1037+0+0 (secure 0 0 0) 0x7f3c1c0248b0 con 0x7f3c2c1049f0
2024-04-15T20:52:43.452 INFO:teuthology.orchestra.run.smithi072.stdout:/usr/bin/ceph: stderr
2024-04-15T20:52:42.532+0000 7f3c3149e700 1 -- 172.21.15.72:0/1360722171 --> [v2:172.21.15.72:3300/0,v1:172.21.15.72:6789/0] -- mon_subscribe({mgrmap=0+}) v3 -- 0x7f3c2c19c680 con 0x7f3c2c1049f0
2024-04-15T20:52:43.452 INFO:teuthology.orchestra.run.smithi072.stdout:/usr/bin/ceph: stderr
2024-04-15T20:52:42.532+0000 7f3c13fff700 1 -- 172.21.15.72:0/1360722171 <== mon.0 v2:172.21.15.72:3300/0 3 ==== mon_map magic: 0 v1 ==== 229+0+0 (secure 0 0 0) 0x7f3c1c01a8e0 con 0x7f3c2c1049f0
2024-04-15T20:52:43.453 INFO:teuthology.orchestra.run.smithi072.stdout:/usr/bin/ceph: stderr
2024-04-15T20:52:42.532+0000 7f3c3149e700 1 -- 172.21.15.72:0/1360722171 --> [v2:172.21.15.72:3300/0,v1:172.21.15.72:6789/0] -- mon_subscribe({osdmap=0}) v3 -- 0x7f3c2c19caa0 con 0x7f3c2c1049f0
2024-04-15T20:52:43.453 INFO:teuthology.orchestra.run.smithi072.stdout:/usr/bin/ceph: stderr
2024-04-15T20:52:42.533+0000 7f3c13fff700 1 -- 172.21.15.72:0/1360722171 <== mon.0 v2:172.21.15.72:3300/0 4 ==== mgrmap(e 8) v1 ==== 45084+0+0 (secure 0 0 0) 0x7f3c1c01aba0 con 0x7f3c2c1049f0
2024-04-15T20:52:43.453 INFO:teuthology.orchestra.run.smithi072.stdout:/usr/bin/ceph: stderr
2024-04-15T20:52:42.533+0000 7f3c3149e700 1 -- 172.21.15.72:0/1360722171 --> [v2:172.21.15.72:3300/0,v1:172.21.15.72:6789/0] -- mon_command({"prefix": "get_command_descriptions"} v 0) v1 -- 0x7f3c2c062380 con 0x7f3c2c1049f0
2024-04-15T20:52:43.453 INFO:teuthology.orchestra.run.smithi072.stdout:/usr/bin/ceph: stderr
2024-04-15T20:52:42.533+0000 7f3c13fff700 1 --2- 172.21.15.72:0/1360722171 >> [v2:172.21.15.72:6800/3853111144,v1:172.21.15.72:6801/3853111144] conn(0x7f3c140383f0 0x7f3c1403a8a0 unknown :-1 s=NONE pgs=0 cs=0 l=1 rev1=0 crypto rx=0 tx=0 comp rx=0 tx=0).connect
2024-04-15T20:52:43.453 INFO:teuthology.orchestra.run.smithi072.stdout:/usr/bin/ceph: stderr
2024-04-15T20:52:42.533+0000 7f3c13fff700 1 -- 172.21.15.72:0/1360722171 <== mon.0 v2:172.21.15.72:3300/0 5 ==== osd_map(2..2 src has 1..2) v4 ==== 940+0+0 (secure 0 0 0) 0x7f3c1c04c540 con 0x7f3c2c1049f0
2024-04-15T20:52:43.453 INFO:teuthology.orchestra.run.smithi072.stdout:/usr/bin/ceph: stderr
2024-04-15T20:52:42.533+0000 7f3c2a7fc700 1 --2- 172.21.15.72:0/1360722171 >> [v2:172.21.15.72:6800/3853111144,v1:172.21.15.72:6801/3853111144] conn(0x7f3c140383f0 0x7f3c1403a8a0 unknown :-1 s=BANNER_CONNECTING pgs=0 cs=0 l=1 rev1=0 crypto rx=0 tx=0 comp rx=0 tx=0)._handle_peer_banner_payload supported=3 required=0
2024-04-15T20:52:43.453 INFO:teuthology.orchestra.run.smithi072.stdout:/usr/bin/ceph: stderr
2024-04-15T20:52:42.533+0000 7f3c2a7fc700 1 --2- 172.21.15.72:0/1360722171 >> [v2:172.21.15.72:6800/3853111144,v1:172.21.15.72:6801/3853111144] conn(0x7f3c140383f0 0x7f3c1403a8a0 secure :-1 s=READY pgs=9 cs=0 l=1 rev1=1 crypto rx=0x7f3c20006fd0 tx=0x7f3c20006e40 comp rx=0 tx=0).ready entity=mgr.14120 client_cookie=0 server_cookie=0 in_seq=0 out_seq=0
2024-04-15T20:52:43.453 INFO:teuthology.orchestra.run.smithi072.stdout:/usr/bin/ceph: stderr
2024-04-15T20:52:42.538+0000 7f3c13fff700 1 -- 172.21.15.72:0/1360722171 <== mon.0 v2:172.21.15.72:3300/0 6 ==== mon_command_ack([{"prefix": "get_command_descriptions"}]=0 v0) v1 ==== 72+0+177933 (secure 0 0 0) 0x7f3c1c02dc90 con 0x7f3c2c1049f0
2024-04-15T20:52:43.453 INFO:teuthology.orchestra.run.smithi072.stdout:/usr/bin/ceph: stderr
2024-04-15T20:52:42.727+0000 7f3c3149e700 1 -- 172.21.15.72:0/1360722171 --> [v2:172.21.15.72:6800/3853111144,v1:172.21.15.72:6801/3853111144] -- mgr_command(tid 0: {"prefix": "cephadm generate-key", "target": ["mon-mgr", ""]}) v1 -- 0x7f3c2c101500 con 0x7f3c140383f0
2024-04-15T20:52:43.453 INFO:teuthology.orchestra.run.smithi072.stdout:/usr/bin/ceph: stderr
2024-04-15T20:52:42.820+0000 7f3c13fff700 1 -- 172.21.15.72:0/1360722171 <== mgr.14120 v2:172.21.15.72:6800/3853111144 1 ==== mgr_command_reply(tid 0: 0 ) v1 ==== 8+0+0 (secure 0 0 0) 0x7f3c2c101500 con 0x7f3c140383f0
2024-04-15T20:52:43.453 INFO:teuthology.orchestra.run.smithi072.stdout:/usr/bin/ceph: stderr
2024-04-15T20:52:42.822+0000 7f3c3149e700 1 -- 172.21.15.72:0/1360722171 >> [v2:172.21.15.72:6800/3853111144,v1:172.21.15.72:6801/3853111144] conn(0x7f3c140383f0 msgr2=0x7f3c1403a8a0 secure :-1 s=STATE_CONNECTION_ESTABLISHED l=1).mark_down
2024-04-15T20:52:43.453 INFO:teuthology.orchestra.run.smithi072.stdout:/usr/bin/ceph: stderr
2024-04-15T20:52:42.822+0000 7f3c3149e700 1 --2- 172.21.15.72:0/1360722171 >> [v2:172.21.15.72:6800/3853111144,v1:172.21.15.72:6801/3853111144] conn(0x7f3c140383f0 0x7f3c1403a8a0 secure :-1 s=READY pgs=9 cs=0 l=1 rev1=1 crypto rx=0x7f3c20006fd0 tx=0x7f3c20006e40 comp rx=0 tx=0).stop
2024-04-15T20:52:43.453 INFO:teuthology.orchestra.run.smithi072.stdout:/usr/bin/ceph: stderr
2024-04-15T20:52:42.822+0000 7f3c3149e700 1 -- 172.21.15.72:0/1360722171 >> [v2:172.21.15.72:3300/0,v1:172.21.15.72:6789/0] conn(0x7f3c2c1049f0 msgr2=0x7f3c2c079b20 secure :-1 s=STATE_CONNECTION_ESTABLISHED l=1).mark_down
2024-04-15T20:52:43.453 INFO:teuthology.orchestra.run.smithi072.stdout:/usr/bin/ceph: stderr
2024-04-15T20:52:42.822+0000 7f3c3149e700 1 --2- 172.21.15.72:0/1360722171 >> [v2:172.21.15.72:3300/0,v1:172.21.15.72:6789/0] conn(0x7f3c2c1049f0 0x7f3c2c079b20 secure :-1 s=READY pgs=42 cs=0 l=1 rev1=1 crypto rx=0x7f3c1c000c00 tx=0x7f3c1c011ab0 comp rx=0 tx=0).stop
2024-04-15T20:52:43.454 INFO:teuthology.orchestra.run.smithi072.stdout:/usr/bin/ceph: stderr
2024-04-15T20:52:42.822+0000 7f3c3149e700 1 -- 172.21.15.72:0/1360722171 shutdown_connections
2024-04-15T20:52:43.454 INFO:teuthology.orchestra.run.smithi072.stdout:/usr/bin/ceph: stderr
2024-04-15T20:52:42.822+0000 7f3c3149e700 1 --2- 172.21.15.72:0/1360722171 >> [v2:172.21.15.72:6800/3853111144,v1:172.21.15.72:6801/3853111144] conn(0x7f3c140383f0 0x7f3c1403a8a0 unknown :-1 s=CLOSED pgs=9 cs=0 l=1 rev1=1 crypto rx=0 tx=0 comp rx=0 tx=0).stop
2024-04-15T20:52:43.454 INFO:teuthology.orchestra.run.smithi072.stdout:/usr/bin/ceph: stderr
2024-04-15T20:52:42.822+0000 7f3c3149e700 1 --2- 172.21.15.72:0/1360722171 >> [v2:172.21.15.72:3300/0,v1:172.21.15.72:6789/0] conn(0x7f3c2c1049f0 0x7f3c2c079b20 unknown :-1 s=CLOSED pgs=42 cs=0 l=1 rev1=1 crypto rx=0 tx=0 comp rx=0 tx=0).stop
2024-04-15T20:52:43.454 INFO:teuthology.orchestra.run.smithi072.stdout:/usr/bin/ceph: stderr
2024-04-15T20:52:42.822+0000 7f3c3149e700 1 -- 172.21.15.72:0/1360722171 >> 172.21.15.72:0/1360722171 conn(0x7f3c2c100080 msgr2=0x7f3c2c100df0 unknown :-1 s=STATE_NONE l=0).mark_down
2024-04-15T20:52:43.454 INFO:teuthology.orchestra.run.smithi072.stdout:/usr/bin/ceph: stderr
2024-04-15T20:52:42.823+0000 7f3c3149e700 1 -- 172.21.15.72:0/1360722171 shutdown_connections
2024-04-15T20:52:43.454 INFO:teuthology.orchestra.run.smithi072.stdout:/usr/bin/ceph: stderr
2024-04-15T20:52:42.823+0000 7f3c3149e700 1 -- 172.21.15.72:0/1360722171 wait complete.
2024-04-15T20:52:44.068 INFO:journalctl@ceph.mon.smithi072.smithi072.stdout:Apr 15 20:52:43 smithi072 ceph-mon[29079]: from='client.14136 -' entity='client.admin' cmd=[{"prefix": "cephadm generate-key", "target": ["mon-mgr", ""]}]: dispatch
2024-04-15T20:52:44.068 INFO:journalctl@ceph.mon.smithi072.smithi072.stdout:Apr 15 20:52:43 smithi072 ceph-mon[29079]: Generating ssh key...
2024-04-15T20:52:44.068 INFO:journalctl@ceph.mon.smithi072.smithi072.stdout:Apr 15 20:52:43 smithi072 ceph-mon[29079]: from='mgr.14120 172.21.15.72:0/3339887649' entity='mgr.smithi072.wfjmmp'
2024-04-15T20:52:44.068 INFO:journalctl@ceph.mon.smithi072.smithi072.stdout:Apr 15 20:52:43 smithi072 ceph-mon[29079]: from='mgr.14120 172.21.15.72:0/3339887649' entity='mgr.smithi072.wfjmmp'
2024-04-15T20:52:44.658 INFO:teuthology.orchestra.run.smithi072.stdout:/usr/bin/ceph: stdout ssh-rsa AAAAB3NzaC1yc2EAAAADAQABAAABgQDHbyzcqzGP/YrSrOFoPz4MIizbhi06Nr7WkbW8cKtuOEe47nfGNEgQivs28FVNx6SExQAhZPj6Vim8HWPoQNtyeB589YAMU7kZEviN/yQrjqfqz/30Wzz1wBcRE77BDXBl21gm8J8vybybgneBOFwhcjuvqq77HIoTYERCTU4v4J790QyOYRTxATbFF9JU9ZzFo3zuhbW9+YU9Gl3r66Hz5YO1vYd8o0R8DjpSOgV1tG6cVTslZywdPrZL+Fo1ecCSX4xjFVqnMYMaX9JZpUt3c+IFCqO5J8ZL2CidslZV8tcI7DrNbfARSfaYoRtnyQy+ICMr90t9gpnevGVF9JXPxs8VGary/xg1fTXkRqaj2557YdzNhg1VcyTF9QFxUQzJs914MMCaaWLtX1XvwcHb5wxytBkQvXzEEwC/FlRqs+w5OB/mquaDN8ZoI19ma3wUjm8pqI271MrVMPUcPFJhGCFGS923LMe719CukIxXJlWmOm2BohjL/CWl/trvgBE= ceph-e60a5b86-fb69-11ee-bc8f-c7b262605968
2024-04-15T20:52:44.659 INFO:teuthology.orchestra.run.smithi072.stdout:/usr/bin/ceph: stderr
2024-04-15T20:52:43.873+0000 7f11268c0700 1 Processor -- start
2024-04-15T20:52:44.659 INFO:teuthology.orchestra.run.smithi072.stdout:/usr/bin/ceph: stderr
2024-04-15T20:52:43.873+0000 7f11268c0700 1 -- start start
2024-04-15T20:52:44.659 INFO:teuthology.orchestra.run.smithi072.stdout:/usr/bin/ceph: stderr
2024-04-15T20:52:43.873+0000 7f11268c0700 1 --2- >> [v2:172.21.15.72:3300/0,v1:172.21.15.72:6789/0] conn(0x7f1120104a00 0x7f1120104e10 unknown :-1 s=NONE pgs=0 cs=0 l=0 rev1=0 crypto rx=0 tx=0 comp rx=0 tx=0).connect
2024-04-15T20:52:44.659 INFO:teuthology.orchestra.run.smithi072.stdout:/usr/bin/ceph: stderr
2024-04-15T20:52:43.873+0000 7f11268c0700 1 -- --> [v2:172.21.15.72:3300/0,v1:172.21.15.72:6789/0] -- mon_getmap magic: 0 v1 -- 0x7f1120105350 con 0x7f1120104a00
2024-04-15T20:52:44.659 INFO:teuthology.orchestra.run.smithi072.stdout:/usr/bin/ceph: stderr
2024-04-15T20:52:43.873+0000 7f111ffff700 1 --2- >> [v2:172.21.15.72:3300/0,v1:172.21.15.72:6789/0] conn(0x7f1120104a00 0x7f1120104e10 unknown :-1 s=BANNER_CONNECTING pgs=0 cs=0 l=0 rev1=0 crypto rx=0 tx=0 comp rx=0 tx=0)._handle_peer_banner_payload supported=3 required=0
2024-04-15T20:52:44.659 INFO:teuthology.orchestra.run.smithi072.stdout:/usr/bin/ceph: stderr
2024-04-15T20:52:43.873+0000 7f111ffff700 1 --2- >> [v2:172.21.15.72:3300/0,v1:172.21.15.72:6789/0] conn(0x7f1120104a00 0x7f1120104e10 unknown :-1 s=HELLO_CONNECTING pgs=0 cs=0 l=0 rev1=1 crypto rx=0 tx=0 comp rx=0 tx=0).handle_hello peer v2:172.21.15.72:3300/0 says I am v2:172.21.15.72:54568/0 (socket says 172.21.15.72:54568)
2024-04-15T20:52:44.659 INFO:teuthology.orchestra.run.smithi072.stdout:/usr/bin/ceph: stderr
2024-04-15T20:52:43.873+0000 7f111ffff700 1 -- 172.21.15.72:0/1896633727 learned_addr learned my addr 172.21.15.72:0/1896633727 (peer_addr_for_me v2:172.21.15.72:0/0)
2024-04-15T20:52:44.659 INFO:teuthology.orchestra.run.smithi072.stdout:/usr/bin/ceph: stderr
2024-04-15T20:52:43.874+0000 7f111ffff700 1 -- 172.21.15.72:0/1896633727 --> [v2:172.21.15.72:3300/0,v1:172.21.15.72:6789/0] -- mon_subscribe({config=0+,monmap=0+}) v3 -- 0x7f1120105490 con 0x7f1120104a00
2024-04-15T20:52:44.659 INFO:teuthology.orchestra.run.smithi072.stdout:/usr/bin/ceph: stderr
2024-04-15T20:52:43.874+0000 7f111ffff700 1 --2- 172.21.15.72:0/1896633727 >> [v2:172.21.15.72:3300/0,v1:172.21.15.72:6789/0] conn(0x7f1120104a00 0x7f1120104e10 secure :-1 s=READY pgs=43 cs=0 l=1 rev1=1 crypto rx=0x7f11100098a0 tx=0x7f1110009bb0 comp rx=0 tx=0).ready entity=mon.0 client_cookie=708d236041e85717 server_cookie=0 in_seq=0 out_seq=0
2024-04-15T20:52:44.659 INFO:teuthology.orchestra.run.smithi072.stdout:/usr/bin/ceph: stderr
2024-04-15T20:52:43.874+0000 7f111effd700 1 -- 172.21.15.72:0/1896633727 <== mon.0 v2:172.21.15.72:3300/0 1 ==== mon_map magic: 0 v1 ==== 229+0+0 (secure 0 0 0) 0x7f1110004180 con 0x7f1120104a00
2024-04-15T20:52:44.659 INFO:teuthology.orchestra.run.smithi072.stdout:/usr/bin/ceph: stderr
2024-04-15T20:52:43.874+0000 7f111effd700 1 -- 172.21.15.72:0/1896633727 <== mon.0 v2:172.21.15.72:3300/0 2 ==== config(27 keys) v1 ==== 1037+0+0 (secure 0 0 0) 0x7f11100042e0 con 0x7f1120104a00
2024-04-15T20:52:44.659 INFO:teuthology.orchestra.run.smithi072.stdout:/usr/bin/ceph: stderr
2024-04-15T20:52:43.874+0000 7f111effd700 1 -- 172.21.15.72:0/1896633727 <== mon.0 v2:172.21.15.72:3300/0 3 ==== mon_map magic: 0 v1 ==== 229+0+0 (secure 0 0 0) 0x7f1110011a50 con 0x7f1120104a00
2024-04-15T20:52:44.659 INFO:teuthology.orchestra.run.smithi072.stdout:/usr/bin/ceph: stderr
2024-04-15T20:52:43.874+0000 7f11268c0700 1 -- 172.21.15.72:0/1896633727 >> [v2:172.21.15.72:3300/0,v1:172.21.15.72:6789/0] conn(0x7f1120104a00 msgr2=0x7f1120104e10 secure :-1 s=STATE_CONNECTION_ESTABLISHED l=1).mark_down
2024-04-15T20:52:44.660 INFO:teuthology.orchestra.run.smithi072.stdout:/usr/bin/ceph: stderr
2024-04-15T20:52:43.874+0000 7f11268c0700 1 --2- 172.21.15.72:0/1896633727 >> [v2:172.21.15.72:3300/0,v1:172.21.15.72:6789/0] conn(0x7f1120104a00 0x7f1120104e10 secure :-1 s=READY pgs=43 cs=0 l=1 rev1=1 crypto rx=0x7f11100098a0 tx=0x7f1110009bb0 comp rx=0 tx=0).stop
2024-04-15T20:52:44.660 INFO:teuthology.orchestra.run.smithi072.stdout:/usr/bin/ceph: stderr
2024-04-15T20:52:43.874+0000 7f11268c0700 1 -- 172.21.15.72:0/1896633727 shutdown_connections
2024-04-15T20:52:44.660 INFO:teuthology.orchestra.run.smithi072.stdout:/usr/bin/ceph: stderr
2024-04-15T20:52:43.874+0000 7f11268c0700 1 --2- 172.21.15.72:0/1896633727 >> [v2:172.21.15.72:3300/0,v1:172.21.15.72:6789/0] conn(0x7f1120104a00 0x7f1120104e10 unknown :-1 s=CLOSED pgs=43 cs=0 l=1 rev1=1 crypto rx=0 tx=0 comp rx=0 tx=0).stop
2024-04-15T20:52:44.660 INFO:teuthology.orchestra.run.smithi072.stdout:/usr/bin/ceph: stderr
2024-04-15T20:52:43.874+0000 7f11268c0700 1 -- 172.21.15.72:0/1896633727 >> 172.21.15.72:0/1896633727 conn(0x7f1120100070 msgr2=0x7f1120102480 unknown :-1 s=STATE_NONE l=0).mark_down
2024-04-15T20:52:44.660 INFO:teuthology.orchestra.run.smithi072.stdout:/usr/bin/ceph: stderr
2024-04-15T20:52:43.875+0000 7f11268c0700 1 -- 172.21.15.72:0/1896633727 shutdown_connections
2024-04-15T20:52:44.660 INFO:teuthology.orchestra.run.smithi072.stdout:/usr/bin/ceph: stderr
2024-04-15T20:52:43.875+0000 7f11268c0700 1 -- 172.21.15.72:0/1896633727 wait complete.
2024-04-15T20:52:44.660 INFO:teuthology.orchestra.run.smithi072.stdout:/usr/bin/ceph: stderr
2024-04-15T20:52:43.875+0000 7f11268c0700 1 Processor -- start
2024-04-15T20:52:44.660 INFO:teuthology.orchestra.run.smithi072.stdout:/usr/bin/ceph: stderr
2024-04-15T20:52:43.875+0000 7f11268c0700 1 -- start start
2024-04-15T20:52:44.660 INFO:teuthology.orchestra.run.smithi072.stdout:/usr/bin/ceph: stderr
2024-04-15T20:52:43.875+0000 7f11268c0700 1 --2- >> [v2:172.21.15.72:3300/0,v1:172.21.15.72:6789/0] conn(0x7f1120104a00 0x7f11200742e0 unknown :-1 s=NONE pgs=0 cs=0 l=1 rev1=0 crypto rx=0 tx=0 comp rx=0 tx=0).connect
2024-04-15T20:52:44.660 INFO:teuthology.orchestra.run.smithi072.stdout:/usr/bin/ceph: stderr
2024-04-15T20:52:43.875+0000 7f11268c0700 1 -- --> [v2:172.21.15.72:3300/0,v1:172.21.15.72:6789/0] -- mon_getmap magic: 0 v1 -- 0x7f112019c570 con 0x7f1120104a00
2024-04-15T20:52:44.660 INFO:teuthology.orchestra.run.smithi072.stdout:/usr/bin/ceph: stderr
2024-04-15T20:52:43.876+0000 7f111ffff700 1 --2- >> [v2:172.21.15.72:3300/0,v1:172.21.15.72:6789/0] conn(0x7f1120104a00 0x7f11200742e0 unknown :-1 s=BANNER_CONNECTING pgs=0 cs=0 l=1 rev1=0 crypto rx=0 tx=0 comp rx=0 tx=0)._handle_peer_banner_payload supported=3 required=0
2024-04-15T20:52:44.660 INFO:teuthology.orchestra.run.smithi072.stdout:/usr/bin/ceph: stderr
2024-04-15T20:52:43.876+0000 7f111ffff700 1 --2- >> [v2:172.21.15.72:3300/0,v1:172.21.15.72:6789/0] conn(0x7f1120104a00 0x7f11200742e0 unknown :-1 s=HELLO_CONNECTING pgs=0 cs=0 l=1 rev1=1 crypto rx=0 tx=0 comp rx=0 tx=0).handle_hello peer v2:172.21.15.72:3300/0 says I am v2:172.21.15.72:54574/0 (socket says 172.21.15.72:54574)
2024-04-15T20:52:44.660 INFO:teuthology.orchestra.run.smithi072.stdout:/usr/bin/ceph: stderr
2024-04-15T20:52:43.876+0000 7f111ffff700 1 -- 172.21.15.72:0/3907880081 learned_addr learned my addr 172.21.15.72:0/3907880081 (peer_addr_for_me v2:172.21.15.72:0/0)
2024-04-15T20:52:44.661 INFO:teuthology.orchestra.run.smithi072.stdout:/usr/bin/ceph: stderr
2024-04-15T20:52:43.876+0000 7f111ffff700 1 -- 172.21.15.72:0/3907880081 --> [v2:172.21.15.72:3300/0,v1:172.21.15.72:6789/0] -- mon_subscribe({config=0+,monmap=0+}) v3 -- 0x7f1110009550 con 0x7f1120104a00
2024-04-15T20:52:44.661 INFO:teuthology.orchestra.run.smithi072.stdout:/usr/bin/ceph: stderr
2024-04-15T20:52:43.876+0000 7f111ffff700 1 --2- 172.21.15.72:0/3907880081 >> [v2:172.21.15.72:3300/0,v1:172.21.15.72:6789/0] conn(0x7f1120104a00 0x7f11200742e0 secure :-1 s=READY pgs=44 cs=0 l=1 rev1=1 crypto rx=0x7f1110000c00 tx=0x7f1110011ab0 comp rx=0 tx=0).ready entity=mon.0 client_cookie=0 server_cookie=0 in_seq=0 out_seq=0
2024-04-15T20:52:44.661 INFO:teuthology.orchestra.run.smithi072.stdout:/usr/bin/ceph: stderr
2024-04-15T20:52:43.876+0000 7f111d7fa700 1 -- 172.21.15.72:0/3907880081 <== mon.0 v2:172.21.15.72:3300/0 1 ==== mon_map magic: 0 v1 ==== 229+0+0 (secure 0 0 0) 0x7f1110003b90 con 0x7f1120104a00
2024-04-15T20:52:44.661 INFO:teuthology.orchestra.run.smithi072.stdout:/usr/bin/ceph: stderr
2024-04-15T20:52:43.876+0000 7f111d7fa700 1 -- 172.21.15.72:0/3907880081 <== mon.0 v2:172.21.15.72:3300/0 2 ==== config(27 keys) v1 ==== 1037+0+0 (secure 0 0 0) 0x7f11100248b0 con 0x7f1120104a00
2024-04-15T20:52:44.661 INFO:teuthology.orchestra.run.smithi072.stdout:/usr/bin/ceph: stderr
2024-04-15T20:52:43.876+0000 7f111d7fa700 1 -- 172.21.15.72:0/3907880081 <== mon.0 v2:172.21.15.72:3300/0 3 ==== mon_map magic: 0 v1 ==== 229+0+0 (secure 0 0 0) 0x7f111001a8e0 con 0x7f1120104a00
2024-04-15T20:52:44.661 INFO:teuthology.orchestra.run.smithi072.stdout:/usr/bin/ceph: stderr
2024-04-15T20:52:43.876+0000 7f11268c0700 1 -- 172.21.15.72:0/3907880081 --> [v2:172.21.15.72:3300/0,v1:172.21.15.72:6789/0] -- mon_subscribe({mgrmap=0+}) v3 -- 0x7f112019c6b0 con 0x7f1120104a00
2024-04-15T20:52:44.661 INFO:teuthology.orchestra.run.smithi072.stdout:/usr/bin/ceph: stderr
2024-04-15T20:52:43.876+0000 7f11268c0700 1 -- 172.21.15.72:0/3907880081 --> [v2:172.21.15.72:3300/0,v1:172.21.15.72:6789/0] -- mon_subscribe({osdmap=0}) v3 -- 0x7f112019cad0 con 0x7f1120104a00
2024-04-15T20:52:44.661 INFO:teuthology.orchestra.run.smithi072.stdout:/usr/bin/ceph: stderr
2024-04-15T20:52:43.877+0000 7f111d7fa700 1 -- 172.21.15.72:0/3907880081 <== mon.0 v2:172.21.15.72:3300/0 4 ==== mgrmap(e 8) v1 ==== 45084+0+0 (secure 0 0 0) 0x7f1110024440 con 0x7f1120104a00
2024-04-15T20:52:44.661 INFO:teuthology.orchestra.run.smithi072.stdout:/usr/bin/ceph: stderr
2024-04-15T20:52:43.877+0000 7f111d7fa700 1 --2- 172.21.15.72:0/3907880081 >> [v2:172.21.15.72:6800/3853111144,v1:172.21.15.72:6801/3853111144] conn(0x7f1108038440 0x7f110803a8f0 unknown :-1 s=NONE pgs=0 cs=0 l=1 rev1=0 crypto rx=0 tx=0 comp rx=0 tx=0).connect
2024-04-15T20:52:44.661 INFO:teuthology.orchestra.run.smithi072.stdout:/usr/bin/ceph: stderr
2024-04-15T20:52:43.877+0000 7f111d7fa700 1 -- 172.21.15.72:0/3907880081 <== mon.0 v2:172.21.15.72:3300/0 5 ==== osd_map(2..2 src has 1..2) v4 ==== 940+0+0 (secure 0 0 0) 0x7f111004c3d0 con 0x7f1120104a00
2024-04-15T20:52:44.662 INFO:teuthology.orchestra.run.smithi072.stdout:/usr/bin/ceph: stderr
2024-04-15T20:52:43.877+0000 7f11268c0700 1 -- 172.21.15.72:0/3907880081 --> [v2:172.21.15.72:3300/0,v1:172.21.15.72:6789/0] -- mon_command({"prefix": "get_command_descriptions"} v 0) v1 -- 0x7f1120062380 con 0x7f1120104a00
2024-04-15T20:52:44.662 INFO:teuthology.orchestra.run.smithi072.stdout:/usr/bin/ceph: stderr
2024-04-15T20:52:43.877+0000 7f111f7fe700 1 --2- 172.21.15.72:0/3907880081 >> [v2:172.21.15.72:6800/3853111144,v1:172.21.15.72:6801/3853111144] conn(0x7f1108038440 0x7f110803a8f0 unknown :-1 s=BANNER_CONNECTING pgs=0 cs=0 l=1 rev1=0 crypto rx=0 tx=0 comp rx=0 tx=0)._handle_peer_banner_payload supported=3 required=0
2024-04-15T20:52:44.662 INFO:teuthology.orchestra.run.smithi072.stdout:/usr/bin/ceph: stderr
2024-04-15T20:52:43.878+0000 7f111f7fe700 1 --2- 172.21.15.72:0/3907880081 >> [v2:172.21.15.72:6800/3853111144,v1:172.21.15.72:6801/3853111144] conn(0x7f1108038440 0x7f110803a8f0 secure :-1 s=READY pgs=10 cs=0 l=1 rev1=1 crypto rx=0x7f1114006fd0 tx=0x7f1114006e40 comp rx=0 tx=0).ready entity=mgr.14120 client_cookie=0 server_cookie=0 in_seq=0 out_seq=0
2024-04-15T20:52:44.662 INFO:teuthology.orchestra.run.smithi072.stdout:/usr/bin/ceph: stderr
2024-04-15T20:52:43.882+0000 7f111d7fa700 1 -- 172.21.15.72:0/3907880081 <== mon.0 v2:172.21.15.72:3300/0 6 ==== mon_command_ack([{"prefix": "get_command_descriptions"}]=0 v0) v1 ==== 72+0+177933 (secure 0 0 0) 0x7f11100189a0 con 0x7f1120104a00
2024-04-15T20:52:44.662 INFO:teuthology.orchestra.run.smithi072.stdout:/usr/bin/ceph: stderr
2024-04-15T20:52:44.074+0000 7f11268c0700 1 -- 172.21.15.72:0/3907880081 --> [v2:172.21.15.72:6800/3853111144,v1:172.21.15.72:6801/3853111144] -- mgr_command(tid 0: {"prefix": "cephadm get-pub-key", "target": ["mon-mgr", ""]}) v1 -- 0x7f1120106a00 con 0x7f1108038440
2024-04-15T20:52:44.662 INFO:teuthology.orchestra.run.smithi072.stdout:/usr/bin/ceph: stderr
2024-04-15T20:52:44.075+0000 7f111d7fa700 1 -- 172.21.15.72:0/3907880081 <== mgr.14120 v2:172.21.15.72:6800/3853111144 1 ==== mgr_command_reply(tid 0: 0 ) v1 ==== 8+0+595 (secure 0 0 0) 0x7f1120106a00 con 0x7f1108038440
2024-04-15T20:52:44.662 INFO:teuthology.orchestra.run.smithi072.stdout:/usr/bin/ceph: stderr
2024-04-15T20:52:44.077+0000 7f11268c0700 1 -- 172.21.15.72:0/3907880081 >> [v2:172.21.15.72:6800/3853111144,v1:172.21.15.72:6801/3853111144] conn(0x7f1108038440 msgr2=0x7f110803a8f0 secure :-1 s=STATE_CONNECTION_ESTABLISHED l=1).mark_down
2024-04-15T20:52:44.662 INFO:teuthology.orchestra.run.smithi072.stdout:/usr/bin/ceph: stderr
2024-04-15T20:52:44.077+0000 7f11268c0700 1 --2- 172.21.15.72:0/3907880081 >> [v2:172.21.15.72:6800/3853111144,v1:172.21.15.72:6801/3853111144] conn(0x7f1108038440 0x7f110803a8f0 secure :-1 s=READY pgs=10 cs=0 l=1 rev1=1 crypto rx=0x7f1114006fd0 tx=0x7f1114006e40 comp rx=0 tx=0).stop
2024-04-15T20:52:44.662 INFO:teuthology.orchestra.run.smithi072.stdout:/usr/bin/ceph: stderr
2024-04-15T20:52:44.077+0000 7f11268c0700 1 -- 172.21.15.72:0/3907880081 >> [v2:172.21.15.72:3300/0,v1:172.21.15.72:6789/0] conn(0x7f1120104a00 msgr2=0x7f11200742e0 secure :-1 s=STATE_CONNECTION_ESTABLISHED l=1).mark_down
2024-04-15T20:52:44.662 INFO:teuthology.orchestra.run.smithi072.stdout:/usr/bin/ceph: stderr
2024-04-15T20:52:44.077+0000 7f11268c0700 1 --2- 172.21.15.72:0/3907880081 >> [v2:172.21.15.72:3300/0,v1:172.21.15.72:6789/0] conn(0x7f1120104a00 0x7f11200742e0 secure :-1 s=READY pgs=44 cs=0 l=1 rev1=1 crypto rx=0x7f1110000c00 tx=0x7f1110011ab0 comp rx=0 tx=0).stop
2024-04-15T20:52:44.662 INFO:teuthology.orchestra.run.smithi072.stdout:/usr/bin/ceph: stderr
2024-04-15T20:52:44.077+0000 7f11268c0700 1 -- 172.21.15.72:0/3907880081 shutdown_connections
2024-04-15T20:52:44.662 INFO:teuthology.orchestra.run.smithi072.stdout:/usr/bin/ceph: stderr
2024-04-15T20:52:44.077+0000 7f11268c0700 1 --2- 172.21.15.72:0/3907880081 >> [v2:172.21.15.72:6800/3853111144,v1:172.21.15.72:6801/3853111144] conn(0x7f1108038440 0x7f110803a8f0 unknown :-1 s=CLOSED pgs=10 cs=0 l=1 rev1=1 crypto rx=0 tx=0 comp rx=0 tx=0).stop
2024-04-15T20:52:44.662 INFO:teuthology.orchestra.run.smithi072.stdout:/usr/bin/ceph: stderr
2024-04-15T20:52:44.077+0000 7f11268c0700 1 --2- 172.21.15.72:0/3907880081 >> [v2:172.21.15.72:3300/0,v1:172.21.15.72:6789/0] conn(0x7f1120104a00 0x7f11200742e0 unknown :-1 s=CLOSED pgs=44 cs=0 l=1 rev1=1 crypto rx=0 tx=0 comp rx=0 tx=0).stop
2024-04-15T20:52:44.662 INFO:teuthology.orchestra.run.smithi072.stdout:/usr/bin/ceph: stderr
2024-04-15T20:52:44.077+0000 7f11268c0700 1 -- 172.21.15.72:0/3907880081 >> 172.21.15.72:0/3907880081 conn(0x7f1120100070 msgr2=0x7f1120100e40 unknown :-1 s=STATE_NONE l=0).mark_down
2024-04-15T20:52:44.663 INFO:teuthology.orchestra.run.smithi072.stdout:/usr/bin/ceph: stderr
2024-04-15T20:52:44.077+0000 7f11268c0700 1 -- 172.21.15.72:0/3907880081 shutdown_connections
2024-04-15T20:52:44.663 INFO:teuthology.orchestra.run.smithi072.stdout:/usr/bin/ceph: stderr
2024-04-15T20:52:44.077+0000 7f11268c0700 1 -- 172.21.15.72:0/3907880081 wait complete.
2024-04-15T20:52:44.663 INFO:teuthology.orchestra.run.smithi072.stdout:Wrote public SSH key to /home/ubuntu/cephtest/ceph.pub
2024-04-15T20:52:44.663 INFO:teuthology.orchestra.run.smithi072.stdout:Adding key to root@localhost authorized_keys...
2024-04-15T20:52:44.663 INFO:teuthology.orchestra.run.smithi072.stdout:Adding host smithi072...
2024-04-15T20:52:44.902 INFO:journalctl@ceph.mon.smithi072.smithi072.stdout:Apr 15 20:52:44 smithi072 ceph-mon[29079]: from='client.14138 -' entity='client.admin' cmd=[{"prefix": "cephadm get-pub-key", "target": ["mon-mgr", ""]}]: dispatch
2024-04-15T20:52:45.853 INFO:journalctl@ceph.mon.smithi072.smithi072.stdout:Apr 15 20:52:45 smithi072 ceph-mon[29079]: from='client.14140 -' entity='client.admin' cmd=[{"prefix": "orch host add", "hostname": "smithi072", "addr": "172.21.15.72", "target": ["mon-mgr", ""]}]: dispatch
2024-04-15T20:52:47.664 INFO:journalctl@ceph.mon.smithi072.smithi072.stdout:Apr 15 20:52:47 smithi072 ceph-mon[29079]: Deploying cephadm binary to smithi072
2024-04-15T20:52:48.530 INFO:teuthology.orchestra.run.smithi072.stdout:/usr/bin/ceph: stdout Added host 'smithi072' with addr '172.21.15.72'
2024-04-15T20:52:48.530 INFO:teuthology.orchestra.run.smithi072.stdout:/usr/bin/ceph: stderr
2024-04-15T20:52:45.107+0000 7fca7538f700 1 Processor -- start
2024-04-15T20:52:48.530 INFO:teuthology.orchestra.run.smithi072.stdout:/usr/bin/ceph: stderr
2024-04-15T20:52:45.107+0000 7fca7538f700 1 -- start start
2024-04-15T20:52:48.531 INFO:teuthology.orchestra.run.smithi072.stdout:/usr/bin/ceph: stderr
2024-04-15T20:52:45.107+0000 7fca7538f700 1 --2- >> [v2:172.21.15.72:3300/0,v1:172.21.15.72:6789/0] conn(0x7fca70079cf0 0x7fca7010aa90 unknown :-1 s=NONE pgs=0 cs=0 l=0 rev1=0 crypto rx=0 tx=0 comp rx=0 tx=0).connect
2024-04-15T20:52:48.531 INFO:teuthology.orchestra.run.smithi072.stdout:/usr/bin/ceph: stderr
2024-04-15T20:52:45.107+0000 7fca7538f700 1 -- --> [v2:172.21.15.72:3300/0,v1:172.21.15.72:6789/0] -- mon_getmap magic: 0 v1 -- 0x7fca70106480 con 0x7fca70079cf0
2024-04-15T20:52:48.531 INFO:teuthology.orchestra.run.smithi072.stdout:/usr/bin/ceph: stderr
2024-04-15T20:52:45.108+0000 7fca6effd700 1 --2- >> [v2:172.21.15.72:3300/0,v1:172.21.15.72:6789/0] conn(0x7fca70079cf0 0x7fca7010aa90 unknown :-1 s=BANNER_CONNECTING pgs=0 cs=0 l=0 rev1=0 crypto rx=0 tx=0 comp rx=0 tx=0)._handle_peer_banner_payload supported=3 required=0
2024-04-15T20:52:48.531 INFO:teuthology.orchestra.run.smithi072.stdout:/usr/bin/ceph: stderr
2024-04-15T20:52:45.108+0000 7fca6effd700 1 --2- >> [v2:172.21.15.72:3300/0,v1:172.21.15.72:6789/0] conn(0x7fca70079cf0 0x7fca7010aa90 unknown :-1 s=HELLO_CONNECTING pgs=0 cs=0 l=0 rev1=1 crypto rx=0 tx=0 comp rx=0 tx=0).handle_hello peer v2:172.21.15.72:3300/0 says I am v2:172.21.15.72:54590/0 (socket says 172.21.15.72:54590)
2024-04-15T20:52:48.531 INFO:teuthology.orchestra.run.smithi072.stdout:/usr/bin/ceph: stderr
2024-04-15T20:52:45.108+0000 7fca6effd700 1 -- 172.21.15.72:0/458428214 learned_addr learned my addr 172.21.15.72:0/458428214 (peer_addr_for_me v2:172.21.15.72:0/0)
2024-04-15T20:52:48.531 INFO:teuthology.orchestra.run.smithi072.stdout:/usr/bin/ceph: stderr
2024-04-15T20:52:45.108+0000 7fca6effd700 1 -- 172.21.15.72:0/458428214 --> [v2:172.21.15.72:3300/0,v1:172.21.15.72:6789/0] -- mon_subscribe({config=0+,monmap=0+}) v3 -- 0x7fca7010afd0 con 0x7fca70079cf0
2024-04-15T20:52:48.532 INFO:teuthology.orchestra.run.smithi072.stdout:/usr/bin/ceph: stderr
2024-04-15T20:52:45.108+0000 7fca6effd700 1 --2- 172.21.15.72:0/458428214 >> [v2:172.21.15.72:3300/0,v1:172.21.15.72:6789/0] conn(0x7fca70079cf0 0x7fca7010aa90 secure :-1 s=READY pgs=45 cs=0 l=1 rev1=1 crypto rx=0x7fca640098a0 tx=0x7fca64009bb0 comp rx=0 tx=0).ready entity=mon.0 client_cookie=f240a5279b36be8b server_cookie=0 in_seq=0 out_seq=0
2024-04-15T20:52:48.532 INFO:teuthology.orchestra.run.smithi072.stdout:/usr/bin/ceph: stderr
2024-04-15T20:52:45.108+0000 7fca6dffb700 1 -- 172.21.15.72:0/458428214 <== mon.0 v2:172.21.15.72:3300/0 1 ==== mon_map magic: 0 v1 ==== 229+0+0 (secure 0 0 0) 0x7fca64004180 con 0x7fca70079cf0
2024-04-15T20:52:48.532 INFO:teuthology.orchestra.run.smithi072.stdout:/usr/bin/ceph: stderr
2024-04-15T20:52:45.108+0000 7fca6dffb700 1 -- 172.21.15.72:0/458428214 <== mon.0 v2:172.21.15.72:3300/0 2 ==== config(27 keys) v1 ==== 1037+0+0 (secure 0 0 0) 0x7fca640042e0 con 0x7fca70079cf0
2024-04-15T20:52:48.532 INFO:teuthology.orchestra.run.smithi072.stdout:/usr/bin/ceph: stderr
2024-04-15T20:52:45.108+0000 7fca6dffb700 1 -- 172.21.15.72:0/458428214 <== mon.0 v2:172.21.15.72:3300/0 3 ==== mon_map magic: 0 v1 ==== 229+0+0 (secure 0 0 0) 0x7fca64011a50 con 0x7fca70079cf0
2024-04-15T20:52:48.532 INFO:teuthology.orchestra.run.smithi072.stdout:/usr/bin/ceph: stderr
2024-04-15T20:52:45.109+0000 7fca7538f700 1 -- 172.21.15.72:0/458428214 >> [v2:172.21.15.72:3300/0,v1:172.21.15.72:6789/0] conn(0x7fca70079cf0 msgr2=0x7fca7010aa90 secure :-1 s=STATE_CONNECTION_ESTABLISHED l=1).mark_down
2024-04-15T20:52:48.532 INFO:teuthology.orchestra.run.smithi072.stdout:/usr/bin/ceph: stderr
2024-04-15T20:52:45.109+0000 7fca7538f700 1 --2- 172.21.15.72:0/458428214 >> [v2:172.21.15.72:3300/0,v1:172.21.15.72:6789/0] conn(0x7fca70079cf0 0x7fca7010aa90 secure :-1 s=READY pgs=45 cs=0 l=1 rev1=1 crypto rx=0x7fca640098a0 tx=0x7fca64009bb0 comp rx=0 tx=0).stop
2024-04-15T20:52:48.533 INFO:teuthology.orchestra.run.smithi072.stdout:/usr/bin/ceph: stderr
2024-04-15T20:52:45.109+0000 7fca7538f700 1 -- 172.21.15.72:0/458428214 shutdown_connections
2024-04-15T20:52:48.534 INFO:teuthology.orchestra.run.smithi072.stdout:/usr/bin/ceph: stderr
2024-04-15T20:52:45.109+0000 7fca7538f700 1 --2- 172.21.15.72:0/458428214 >> [v2:172.21.15.72:3300/0,v1:172.21.15.72:6789/0] conn(0x7fca70079cf0 0x7fca7010aa90 unknown :-1 s=CLOSED pgs=45 cs=0 l=1 rev1=1 crypto rx=0 tx=0 comp rx=0 tx=0).stop
2024-04-15T20:52:48.534 INFO:teuthology.orchestra.run.smithi072.stdout:/usr/bin/ceph: stderr
2024-04-15T20:52:45.109+0000 7fca7538f700 1 -- 172.21.15.72:0/458428214 >> 172.21.15.72:0/458428214 conn(0x7fca70100080 msgr2=0x7fca70102490 unknown :-1 s=STATE_NONE l=0).mark_down
2024-04-15T20:52:48.534 INFO:teuthology.orchestra.run.smithi072.stdout:/usr/bin/ceph: stderr
2024-04-15T20:52:45.109+0000 7fca7538f700 1 -- 172.21.15.72:0/458428214 shutdown_connections
2024-04-15T20:52:48.534 INFO:teuthology.orchestra.run.smithi072.stdout:/usr/bin/ceph: stderr
2024-04-15T20:52:45.109+0000 7fca7538f700 1 -- 172.21.15.72:0/458428214 wait complete.
2024-04-15T20:52:48.534 INFO:teuthology.orchestra.run.smithi072.stdout:/usr/bin/ceph: stderr
2024-04-15T20:52:45.109+0000 7fca7538f700 1 Processor -- start
2024-04-15T20:52:48.534 INFO:teuthology.orchestra.run.smithi072.stdout:/usr/bin/ceph: stderr
2024-04-15T20:52:45.110+0000 7fca7538f700 1 -- start start
2024-04-15T20:52:48.534 INFO:teuthology.orchestra.run.smithi072.stdout:/usr/bin/ceph: stderr
2024-04-15T20:52:45.110+0000 7fca7538f700 1 --2- >> [v2:172.21.15.72:3300/0,v1:172.21.15.72:6789/0] conn(0x7fca7019ba00 0x7fca7019be10 unknown :-1 s=NONE pgs=0 cs=0 l=1 rev1=0 crypto rx=0 tx=0 comp rx=0 tx=0).connect
2024-04-15T20:52:48.535 INFO:teuthology.orchestra.run.smithi072.stdout:/usr/bin/ceph: stderr
2024-04-15T20:52:45.110+0000 7fca7538f700 1 -- --> [v2:172.21.15.72:3300/0,v1:172.21.15.72:6789/0] -- mon_getmap magic: 0 v1 -- 0x7fca7019c350 con 0x7fca7019ba00
2024-04-15T20:52:48.535 INFO:teuthology.orchestra.run.smithi072.stdout:/usr/bin/ceph: stderr
2024-04-15T20:52:45.110+0000 7fca6effd700 1 --2- >> [v2:172.21.15.72:3300/0,v1:172.21.15.72:6789/0] conn(0x7fca7019ba00 0x7fca7019be10 unknown :-1 s=BANNER_CONNECTING pgs=0 cs=0 l=1 rev1=0 crypto rx=0 tx=0 comp rx=0 tx=0)._handle_peer_banner_payload supported=3 required=0
2024-04-15T20:52:48.535 INFO:teuthology.orchestra.run.smithi072.stdout:/usr/bin/ceph: stderr
2024-04-15T20:52:45.110+0000 7fca6effd700 1 --2- >> [v2:172.21.15.72:3300/0,v1:172.21.15.72:6789/0] conn(0x7fca7019ba00 0x7fca7019be10 unknown :-1 s=HELLO_CONNECTING pgs=0 cs=0 l=1 rev1=1 crypto rx=0 tx=0 comp rx=0 tx=0).handle_hello peer v2:172.21.15.72:3300/0 says I am v2:172.21.15.72:54598/0 (socket says 172.21.15.72:54598)
2024-04-15T20:52:48.535 INFO:teuthology.orchestra.run.smithi072.stdout:/usr/bin/ceph: stderr
2024-04-15T20:52:45.110+0000 7fca6effd700 1 -- 172.21.15.72:0/1212763549 learned_addr learned my addr 172.21.15.72:0/1212763549 (peer_addr_for_me v2:172.21.15.72:0/0)
2024-04-15T20:52:48.535 INFO:teuthology.orchestra.run.smithi072.stdout:/usr/bin/ceph: stderr
2024-04-15T20:52:45.110+0000 7fca6effd700 1 -- 172.21.15.72:0/1212763549 --> [v2:172.21.15.72:3300/0,v1:172.21.15.72:6789/0] -- mon_subscribe({config=0+,monmap=0+}) v3 -- 0x7fca64009550 con 0x7fca7019ba00
2024-04-15T20:52:48.535 INFO:teuthology.orchestra.run.smithi072.stdout:/usr/bin/ceph: stderr
2024-04-15T20:52:45.110+0000 7fca6effd700 1 --2- 172.21.15.72:0/1212763549 >> [v2:172.21.15.72:3300/0,v1:172.21.15.72:6789/0] conn(0x7fca7019ba00 0x7fca7019be10 secure :-1 s=READY pgs=46 cs=0 l=1 rev1=1 crypto rx=0x7fca64000c00 tx=0x7fca64011ab0 comp rx=0 tx=0).ready entity=mon.0 client_cookie=0 server_cookie=0 in_seq=0 out_seq=0
2024-04-15T20:52:48.535 INFO:teuthology.orchestra.run.smithi072.stdout:/usr/bin/ceph: stderr
2024-04-15T20:52:45.111+0000 7fca57fff700 1 -- 172.21.15.72:0/1212763549 <== mon.0 v2:172.21.15.72:3300/0 1 ==== mon_map magic: 0 v1 ==== 229+0+0 (secure 0 0 0) 0x7fca64003b90 con 0x7fca7019ba00
2024-04-15T20:52:48.535 INFO:teuthology.orchestra.run.smithi072.stdout:/usr/bin/ceph: stderr
2024-04-15T20:52:45.111+0000 7fca57fff700 1 -- 172.21.15.72:0/1212763549 <== mon.0 v2:172.21.15.72:3300/0 2 ==== config(27 keys) v1 ==== 1037+0+0 (secure 0 0 0) 0x7fca640248b0 con 0x7fca7019ba00
2024-04-15T20:52:48.535 INFO:teuthology.orchestra.run.smithi072.stdout:/usr/bin/ceph: stderr
2024-04-15T20:52:45.111+0000 7fca57fff700 1 -- 172.21.15.72:0/1212763549 <== mon.0 v2:172.21.15.72:3300/0 3 ==== mon_map magic: 0 v1 ==== 229+0+0 (secure 0 0 0) 0x7fca6401a8e0 con 0x7fca7019ba00
2024-04-15T20:52:48.535 INFO:teuthology.orchestra.run.smithi072.stdout:/usr/bin/ceph: stderr
2024-04-15T20:52:45.111+0000 7fca7538f700 1 -- 172.21.15.72:0/1212763549 --> [v2:172.21.15.72:3300/0,v1:172.21.15.72:6789/0] -- mon_subscribe({mgrmap=0+}) v3 -- 0x7fca7019c550 con 0x7fca7019ba00
2024-04-15T20:52:48.536 INFO:teuthology.orchestra.run.smithi072.stdout:/usr/bin/ceph: stderr
2024-04-15T20:52:45.111+0000 7fca7538f700 1 -- 172.21.15.72:0/1212763549 --> [v2:172.21.15.72:3300/0,v1:172.21.15.72:6789/0] -- mon_subscribe({osdmap=0}) v3 -- 0x7fca7019f1b0 con 0x7fca7019ba00
2024-04-15T20:52:48.536 INFO:teuthology.orchestra.run.smithi072.stdout:/usr/bin/ceph: stderr
2024-04-15T20:52:45.112+0000 7fca7538f700 1 -- 172.21.15.72:0/1212763549 --> [v2:172.21.15.72:3300/0,v1:172.21.15.72:6789/0] -- mon_command({"prefix": "get_command_descriptions"} v 0) v1 -- 0x7fca70079cf0 con 0x7fca7019ba00
2024-04-15T20:52:48.536 INFO:teuthology.orchestra.run.smithi072.stdout:/usr/bin/ceph: stderr
2024-04-15T20:52:45.112+0000 7fca57fff700 1 -- 172.21.15.72:0/1212763549 <== mon.0 v2:172.21.15.72:3300/0 4 ==== mgrmap(e 8) v1 ==== 45084+0+0 (secure 0 0 0) 0x7fca6401aba0 con 0x7fca7019ba00
2024-04-15T20:52:48.536 INFO:teuthology.orchestra.run.smithi072.stdout:/usr/bin/ceph: stderr
2024-04-15T20:52:45.112+0000 7fca57fff700 1 --2- 172.21.15.72:0/1212763549 >> [v2:172.21.15.72:6800/3853111144,v1:172.21.15.72:6801/3853111144] conn(0x7fca580383f0 0x7fca5803a8a0 unknown :-1 s=NONE pgs=0 cs=0 l=1 rev1=0 crypto rx=0 tx=0 comp rx=0 tx=0).connect
2024-04-15T20:52:48.536 INFO:teuthology.orchestra.run.smithi072.stdout:/usr/bin/ceph: stderr
2024-04-15T20:52:45.112+0000 7fca57fff700 1 -- 172.21.15.72:0/1212763549 <== mon.0 v2:172.21.15.72:3300/0 5 ==== osd_map(2..2 src has 1..2) v4 ==== 940+0+0 (secure 0 0 0) 0x7fca6404c610 con 0x7fca7019ba00
2024-04-15T20:52:48.536 INFO:teuthology.orchestra.run.smithi072.stdout:/usr/bin/ceph: stderr
2024-04-15T20:52:45.112+0000 7fca6e7fc700 1 --2- 172.21.15.72:0/1212763549 >> [v2:172.21.15.72:6800/3853111144,v1:172.21.15.72:6801/3853111144] conn(0x7fca580383f0 0x7fca5803a8a0 unknown :-1 s=BANNER_CONNECTING pgs=0 cs=0 l=1 rev1=0 crypto rx=0 tx=0 comp rx=0 tx=0)._handle_peer_banner_payload supported=3 required=0
2024-04-15T20:52:48.536 INFO:teuthology.orchestra.run.smithi072.stdout:/usr/bin/ceph: stderr
2024-04-15T20:52:45.112+0000 7fca6e7fc700 1 --2- 172.21.15.72:0/1212763549 >> [v2:172.21.15.72:6800/3853111144,v1:172.21.15.72:6801/3853111144] conn(0x7fca580383f0 0x7fca5803a8a0 secure :-1 s=READY pgs=11 cs=0 l=1 rev1=1 crypto rx=0x7fca60006fd0 tx=0x7fca60006e40 comp rx=0 tx=0).ready entity=mgr.14120 client_cookie=0 server_cookie=0 in_seq=0 out_seq=0
2024-04-15T20:52:48.536 INFO:teuthology.orchestra.run.smithi072.stdout:/usr/bin/ceph: stderr
2024-04-15T20:52:45.120+0000 7fca57fff700 1 -- 172.21.15.72:0/1212763549 <== mon.0 v2:172.21.15.72:3300/0 6 ==== mon_command_ack([{"prefix": "get_command_descriptions"}]=0 v0) v1 ==== 72+0+177933 (secure 0 0 0) 0x7fca640233a0 con 0x7fca7019ba00
2024-04-15T20:52:48.536 INFO:teuthology.orchestra.run.smithi072.stdout:/usr/bin/ceph: stderr
2024-04-15T20:52:45.335+0000 7fca7538f700 1 -- 172.21.15.72:0/1212763549 --> [v2:172.21.15.72:6800/3853111144,v1:172.21.15.72:6801/3853111144] -- mgr_command(tid 0: {"prefix": "orch host add", "hostname": "smithi072", "addr": "172.21.15.72", "target": ["mon-mgr", ""]}) v1 -- 0x7fca70102360 con 0x7fca580383f0
2024-04-15T20:52:48.536 INFO:teuthology.orchestra.run.smithi072.stdout:/usr/bin/ceph: stderr
2024-04-15T20:52:47.903+0000 7fca57fff700 1 -- 172.21.15.72:0/1212763549 <== mgr.14120 v2:172.21.15.72:6800/3853111144 1 ==== mgr_command_reply(tid 0: 0 ) v1 ==== 8+0+48 (secure 0 0 0) 0x7fca70102360 con 0x7fca580383f0
2024-04-15T20:52:48.536 INFO:teuthology.orchestra.run.smithi072.stdout:/usr/bin/ceph: stderr
2024-04-15T20:52:47.906+0000 7fca7538f700 1 -- 172.21.15.72:0/1212763549 >> [v2:172.21.15.72:6800/3853111144,v1:172.21.15.72:6801/3853111144] conn(0x7fca580383f0 msgr2=0x7fca5803a8a0 secure :-1 s=STATE_CONNECTION_ESTABLISHED l=1).mark_down
2024-04-15T20:52:48.536 INFO:teuthology.orchestra.run.smithi072.stdout:/usr/bin/ceph: stderr
2024-04-15T20:52:47.906+0000 7fca7538f700 1 --2- 172.21.15.72:0/1212763549 >> [v2:172.21.15.72:6800/3853111144,v1:172.21.15.72:6801/3853111144] conn(0x7fca580383f0 0x7fca5803a8a0 secure :-1 s=READY pgs=11 cs=0 l=1 rev1=1 crypto rx=0x7fca60006fd0 tx=0x7fca60006e40 comp rx=0 tx=0).stop
2024-04-15T20:52:48.536 INFO:teuthology.orchestra.run.smithi072.stdout:/usr/bin/ceph: stderr
2024-04-15T20:52:47.906+0000 7fca7538f700 1 -- 172.21.15.72:0/1212763549 >> [v2:172.21.15.72:3300/0,v1:172.21.15.72:6789/0] conn(0x7fca7019ba00 msgr2=0x7fca7019be10 secure :-1 s=STATE_CONNECTION_ESTABLISHED l=1).mark_down
2024-04-15T20:52:48.537 INFO:teuthology.orchestra.run.smithi072.stdout:/usr/bin/ceph: stderr
2024-04-15T20:52:47.906+0000 7fca7538f700 1 --2- 172.21.15.72:0/1212763549 >> [v2:172.21.15.72:3300/0,v1:172.21.15.72:6789/0] conn(0x7fca7019ba00 0x7fca7019be10 secure :-1 s=READY pgs=46 cs=0 l=1 rev1=1 crypto rx=0x7fca64000c00 tx=0x7fca64011ab0 comp rx=0 tx=0).stop
2024-04-15T20:52:48.537 INFO:teuthology.orchestra.run.smithi072.stdout:/usr/bin/ceph: stderr
2024-04-15T20:52:47.907+0000 7fca7538f700 1 -- 172.21.15.72:0/1212763549 shutdown_connections
2024-04-15T20:52:48.537 INFO:teuthology.orchestra.run.smithi072.stdout:/usr/bin/ceph: stderr
2024-04-15T20:52:47.907+0000 7fca7538f700 1 --2- 172.21.15.72:0/1212763549 >> [v2:172.21.15.72:6800/3853111144,v1:172.21.15.72:6801/3853111144] conn(0x7fca580383f0 0x7fca5803a8a0 unknown :-1 s=CLOSED pgs=11 cs=0 l=1 rev1=1 crypto rx=0 tx=0 comp rx=0 tx=0).stop
2024-04-15T20:52:48.537 INFO:teuthology.orchestra.run.smithi072.stdout:/usr/bin/ceph: stderr
2024-04-15T20:52:47.907+0000 7fca7538f700 1 --2- 172.21.15.72:0/1212763549 >> [v2:172.21.15.72:3300/0,v1:172.21.15.72:6789/0] conn(0x7fca7019ba00 0x7fca7019be10 unknown :-1 s=CLOSED pgs=46 cs=0 l=1 rev1=1 crypto rx=0 tx=0 comp rx=0 tx=0).stop
2024-04-15T20:52:48.537 INFO:teuthology.orchestra.run.smithi072.stdout:/usr/bin/ceph: stderr
2024-04-15T20:52:47.907+0000 7fca7538f700 1 -- 172.21.15.72:0/1212763549 >> 172.21.15.72:0/1212763549 conn(0x7fca70100080 msgr2=0x7fca70101740 unknown :-1 s=STATE_NONE l=0).mark_down
2024-04-15T20:52:48.537 INFO:teuthology.orchestra.run.smithi072.stdout:/usr/bin/ceph: stderr
2024-04-15T20:52:47.907+0000 7fca7538f700 1 -- 172.21.15.72:0/1212763549 shutdown_connections
2024-04-15T20:52:48.537 INFO:teuthology.orchestra.run.smithi072.stdout:/usr/bin/ceph: stderr
2024-04-15T20:52:47.907+0000 7fca7538f700 1 -- 172.21.15.72:0/1212763549 wait complete.
2024-04-15T20:52:48.537 INFO:teuthology.orchestra.run.smithi072.stdout:Deploying mon service with default placement...
2024-04-15T20:52:49.164 INFO:journalctl@ceph.mon.smithi072.smithi072.stdout:Apr 15 20:52:48 smithi072 ceph-mon[29079]: from='mgr.14120 172.21.15.72:0/3339887649' entity='mgr.smithi072.wfjmmp'
2024-04-15T20:52:49.165 INFO:journalctl@ceph.mon.smithi072.smithi072.stdout:Apr 15 20:52:48 smithi072 ceph-mon[29079]: Added host smithi072
2024-04-15T20:52:49.165 INFO:journalctl@ceph.mon.smithi072.smithi072.stdout:Apr 15 20:52:48 smithi072 ceph-mon[29079]: from='mgr.14120 172.21.15.72:0/3339887649' entity='mgr.smithi072.wfjmmp' cmd=[{"prefix": "config dump", "format": "json"}]: dispatch
2024-04-15T20:52:49.863 INFO:teuthology.orchestra.run.smithi072.stdout:/usr/bin/ceph: stdout Scheduled mon update...
2024-04-15T20:52:49.864 INFO:teuthology.orchestra.run.smithi072.stdout:/usr/bin/ceph: stderr
2024-04-15T20:52:48.953+0000 7f6ba3ed8700 1 Processor -- start
2024-04-15T20:52:49.864 INFO:teuthology.orchestra.run.smithi072.stdout:/usr/bin/ceph: stderr
2024-04-15T20:52:48.954+0000 7f6ba3ed8700 1 -- start start
2024-04-15T20:52:49.864 INFO:teuthology.orchestra.run.smithi072.stdout:/usr/bin/ceph: stderr
2024-04-15T20:52:48.954+0000 7f6ba3ed8700 1 --2- >> [v2:172.21.15.72:3300/0,v1:172.21.15.72:6789/0] conn(0x7f6b9c106660 0x7f6b9c108a40 unknown :-1 s=NONE pgs=0 cs=0 l=0 rev1=0 crypto rx=0 tx=0 comp rx=0 tx=0).connect
2024-04-15T20:52:49.864 INFO:teuthology.orchestra.run.smithi072.stdout:/usr/bin/ceph: stderr
2024-04-15T20:52:48.954+0000 7f6ba3ed8700 1 -- --> [v2:172.21.15.72:3300/0,v1:172.21.15.72:6789/0] -- mon_getmap magic: 0 v1 -- 0x7f6b9c079d30 con 0x7f6b9c106660
2024-04-15T20:52:49.864 INFO:teuthology.orchestra.run.smithi072.stdout:/usr/bin/ceph: stderr
2024-04-15T20:52:48.954+0000 7f6ba1c74700 1 --2- >> [v2:172.21.15.72:3300/0,v1:172.21.15.72:6789/0] conn(0x7f6b9c106660 0x7f6b9c108a40 unknown :-1 s=BANNER_CONNECTING pgs=0 cs=0 l=0 rev1=0 crypto rx=0 tx=0 comp rx=0 tx=0)._handle_peer_banner_payload supported=3 required=0
2024-04-15T20:52:49.864 INFO:teuthology.orchestra.run.smithi072.stdout:/usr/bin/ceph: stderr
2024-04-15T20:52:48.954+0000 7f6ba1c74700 1 --2- >> [v2:172.21.15.72:3300/0,v1:172.21.15.72:6789/0] conn(0x7f6b9c106660 0x7f6b9c108a40 unknown :-1 s=HELLO_CONNECTING pgs=0 cs=0 l=0 rev1=1 crypto rx=0 tx=0 comp rx=0 tx=0).handle_hello peer v2:172.21.15.72:3300/0 says I am v2:172.21.15.72:54606/0 (socket says 172.21.15.72:54606)
2024-04-15T20:52:49.864 INFO:teuthology.orchestra.run.smithi072.stdout:/usr/bin/ceph: stderr
2024-04-15T20:52:48.954+0000 7f6ba1c74700 1 -- 172.21.15.72:0/3541686982 learned_addr learned my addr 172.21.15.72:0/3541686982 (peer_addr_for_me v2:172.21.15.72:0/0)
2024-04-15T20:52:49.864 INFO:teuthology.orchestra.run.smithi072.stdout:/usr/bin/ceph: stderr
2024-04-15T20:52:48.954+0000 7f6ba1c74700 1 -- 172.21.15.72:0/3541686982 --> [v2:172.21.15.72:3300/0,v1:172.21.15.72:6789/0] -- mon_subscribe({config=0+,monmap=0+}) v3 -- 0x7f6b9c079e70 con 0x7f6b9c106660
2024-04-15T20:52:49.864 INFO:teuthology.orchestra.run.smithi072.stdout:/usr/bin/ceph: stderr
2024-04-15T20:52:48.954+0000 7f6ba1c74700 1 --2- 172.21.15.72:0/3541686982 >> [v2:172.21.15.72:3300/0,v1:172.21.15.72:6789/0] conn(0x7f6b9c106660 0x7f6b9c108a40 secure :-1 s=READY pgs=47 cs=0 l=1 rev1=1 crypto rx=0x7f6b980098a0 tx=0x7f6b98009bb0 comp rx=0 tx=0).ready entity=mon.0 client_cookie=fdee7c5ff098ea5b server_cookie=0 in_seq=0 out_seq=0
2024-04-15T20:52:49.864 INFO:teuthology.orchestra.run.smithi072.stdout:/usr/bin/ceph: stderr
2024-04-15T20:52:48.954+0000 7f6ba0c72700 1 -- 172.21.15.72:0/3541686982 <== mon.0 v2:172.21.15.72:3300/0 1 ==== mon_map magic: 0 v1 ==== 229+0+0 (secure 0 0 0) 0x7f6b98004180 con 0x7f6b9c106660
2024-04-15T20:52:49.864 INFO:teuthology.orchestra.run.smithi072.stdout:/usr/bin/ceph: stderr
2024-04-15T20:52:48.955+0000 7f6ba0c72700 1 -- 172.21.15.72:0/3541686982 <== mon.0 v2:172.21.15.72:3300/0 2 ==== config(27 keys) v1 ==== 1037+0+0 (secure 0 0 0) 0x7f6b980042e0 con 0x7f6b9c106660
2024-04-15T20:52:49.864 INFO:teuthology.orchestra.run.smithi072.stdout:/usr/bin/ceph: stderr
2024-04-15T20:52:48.955+0000 7f6ba0c72700 1 -- 172.21.15.72:0/3541686982 <== mon.0 v2:172.21.15.72:3300/0 3 ==== mon_map magic: 0 v1 ==== 229+0+0 (secure 0 0 0) 0x7f6b98011a50 con 0x7f6b9c106660
2024-04-15T20:52:49.864 INFO:teuthology.orchestra.run.smithi072.stdout:/usr/bin/ceph: stderr
2024-04-15T20:52:48.955+0000 7f6ba3ed8700 1 -- 172.21.15.72:0/3541686982 >> [v2:172.21.15.72:3300/0,v1:172.21.15.72:6789/0] conn(0x7f6b9c106660 msgr2=0x7f6b9c108a40 secure :-1 s=STATE_CONNECTION_ESTABLISHED l=1).mark_down
2024-04-15T20:52:49.864 INFO:teuthology.orchestra.run.smithi072.stdout:/usr/bin/ceph: stderr
