2024-04-15T20:53:02.246+0000 7f668f7fe700 1 --2- >> [v2:172.21.15.72:3300/0,v1:172.21.15.72:6789/0] conn(0x7f6690106680 0x7f66901998a0 unknown :-1 s=BANNER_CONNECTING pgs=0 cs=0 l=1 rev1=0 crypto rx=0 tx=0 comp rx=0 tx=0)._handle_peer_banner_payload supported=3 required=0
2024-04-15T20:53:03.040 INFO:teuthology.orchestra.run.smithi072.stdout:/usr/bin/ceph: stderr
2024-04-15T20:53:02.246+0000 7f668f7fe700 1 --2- >> [v2:172.21.15.72:3300/0,v1:172.21.15.72:6789/0] conn(0x7f6690106680 0x7f66901998a0 unknown :-1 s=HELLO_CONNECTING pgs=0 cs=0 l=1 rev1=1 crypto rx=0 tx=0 comp rx=0 tx=0).handle_hello peer v2:172.21.15.72:3300/0 says I am v2:172.21.15.72:39168/0 (socket says 172.21.15.72:39168)
2024-04-15T20:53:03.040 INFO:teuthology.orchestra.run.smithi072.stdout:/usr/bin/ceph: stderr
2024-04-15T20:53:02.246+0000 7f668f7fe700 1 -- 172.21.15.72:0/3453746750 learned_addr learned my addr 172.21.15.72:0/3453746750 (peer_addr_for_me v2:172.21.15.72:0/0)
2024-04-15T20:53:03.040 INFO:teuthology.orchestra.run.smithi072.stdout:/usr/bin/ceph: stderr
2024-04-15T20:53:02.247+0000 7f668f7fe700 1 -- 172.21.15.72:0/3453746750 --> [v2:172.21.15.72:3300/0,v1:172.21.15.72:6789/0] -- mon_subscribe({config=0+,monmap=0+}) v3 -- 0x7f6678009550 con 0x7f6690106680
2024-04-15T20:53:03.040 INFO:teuthology.orchestra.run.smithi072.stdout:/usr/bin/ceph: stderr
2024-04-15T20:53:02.247+0000 7f668f7fe700 1 --2- 172.21.15.72:0/3453746750 >> [v2:172.21.15.72:3300/0,v1:172.21.15.72:6789/0] conn(0x7f6690106680 0x7f66901998a0 secure :-1 s=READY pgs=66 cs=0 l=1 rev1=1 crypto rx=0x7f6678011670 tx=0x7f6678011aa0 comp rx=0 tx=0).ready entity=mon.0 client_cookie=0 server_cookie=0 in_seq=0 out_seq=0
2024-04-15T20:53:03.040 INFO:teuthology.orchestra.run.smithi072.stdout:/usr/bin/ceph: stderr
2024-04-15T20:53:02.247+0000 7f668cff9700 1 -- 172.21.15.72:0/3453746750 <== mon.0 v2:172.21.15.72:3300/0 1 ==== mon_map magic: 0 v1 ==== 229+0+0 (secure 0 0 0) 0x7f66780039c0 con 0x7f6690106680
2024-04-15T20:53:03.040 INFO:teuthology.orchestra.run.smithi072.stdout:/usr/bin/ceph: stderr
2024-04-15T20:53:02.247+0000 7f668cff9700 1 -- 172.21.15.72:0/3453746750 <== mon.0 v2:172.21.15.72:3300/0 2 ==== config(27 keys) v1 ==== 1101+0+0 (secure 0 0 0) 0x7f6678003b20 con 0x7f6690106680
2024-04-15T20:53:03.040 INFO:teuthology.orchestra.run.smithi072.stdout:/usr/bin/ceph: stderr
2024-04-15T20:53:02.247+0000 7f6695f70700 1 -- 172.21.15.72:0/3453746750 --> [v2:172.21.15.72:3300/0,v1:172.21.15.72:6789/0] -- mon_subscribe({mgrmap=0+}) v3 -- 0x7f669019a040 con 0x7f6690106680
2024-04-15T20:53:03.040 INFO:teuthology.orchestra.run.smithi072.stdout:/usr/bin/ceph: stderr
2024-04-15T20:53:02.247+0000 7f668cff9700 1 -- 172.21.15.72:0/3453746750 <== mon.0 v2:172.21.15.72:3300/0 3 ==== mon_map magic: 0 v1 ==== 229+0+0 (secure 0 0 0) 0x7f66780247f0 con 0x7f6690106680
2024-04-15T20:53:03.040 INFO:teuthology.orchestra.run.smithi072.stdout:/usr/bin/ceph: stderr
2024-04-15T20:53:02.247+0000 7f6695f70700 1 -- 172.21.15.72:0/3453746750 --> [v2:172.21.15.72:3300/0,v1:172.21.15.72:6789/0] -- mon_subscribe({osdmap=0}) v3 -- 0x7f669019a4c0 con 0x7f6690106680
2024-04-15T20:53:03.041 INFO:teuthology.orchestra.run.smithi072.stdout:/usr/bin/ceph: stderr
2024-04-15T20:53:02.248+0000 7f668cff9700 1 -- 172.21.15.72:0/3453746750 <== mon.0 v2:172.21.15.72:3300/0 4 ==== mgrmap(e 8) v1 ==== 45084+0+0 (secure 0 0 0) 0x7f6678024ab0 con 0x7f6690106680
2024-04-15T20:53:03.041 INFO:teuthology.orchestra.run.smithi072.stdout:/usr/bin/ceph: stderr
2024-04-15T20:53:02.248+0000 7f6695f70700 1 -- 172.21.15.72:0/3453746750 --> [v2:172.21.15.72:3300/0,v1:172.21.15.72:6789/0] -- mon_command({"prefix": "get_command_descriptions"} v 0) v1 -- 0x7f6690109ba0 con 0x7f6690106680
2024-04-15T20:53:03.041 INFO:teuthology.orchestra.run.smithi072.stdout:/usr/bin/ceph: stderr
2024-04-15T20:53:02.248+0000 7f668cff9700 1 --2- 172.21.15.72:0/3453746750 >> [v2:172.21.15.72:6800/3853111144,v1:172.21.15.72:6801/3853111144] conn(0x7f667c0383b0 0x7f667c03a860 unknown :-1 s=NONE pgs=0 cs=0 l=1 rev1=0 crypto rx=0 tx=0 comp rx=0 tx=0).connect
2024-04-15T20:53:03.041 INFO:teuthology.orchestra.run.smithi072.stdout:/usr/bin/ceph: stderr
2024-04-15T20:53:02.248+0000 7f668cff9700 1 -- 172.21.15.72:0/3453746750 <== mon.0 v2:172.21.15.72:3300/0 5 ==== osd_map(2..2 src has 1..2) v4 ==== 940+0+0 (secure 0 0 0) 0x7f667804c490 con 0x7f6690106680
2024-04-15T20:53:03.041 INFO:teuthology.orchestra.run.smithi072.stdout:/usr/bin/ceph: stderr
2024-04-15T20:53:02.248+0000 7f668effd700 1 --2- 172.21.15.72:0/3453746750 >> [v2:172.21.15.72:6800/3853111144,v1:172.21.15.72:6801/3853111144] conn(0x7f667c0383b0 0x7f667c03a860 unknown :-1 s=BANNER_CONNECTING pgs=0 cs=0 l=1 rev1=0 crypto rx=0 tx=0 comp rx=0 tx=0)._handle_peer_banner_payload supported=3 required=0
2024-04-15T20:53:03.041 INFO:teuthology.orchestra.run.smithi072.stdout:/usr/bin/ceph: stderr
2024-04-15T20:53:02.249+0000 7f668effd700 1 --2- 172.21.15.72:0/3453746750 >> [v2:172.21.15.72:6800/3853111144,v1:172.21.15.72:6801/3853111144] conn(0x7f667c0383b0 0x7f667c03a860 secure :-1 s=READY pgs=21 cs=0 l=1 rev1=1 crypto rx=0x7f6680006fd0 tx=0x7f6680006e40 comp rx=0 tx=0).ready entity=mgr.14120 client_cookie=0 server_cookie=0 in_seq=0 out_seq=0
2024-04-15T20:53:03.041 INFO:teuthology.orchestra.run.smithi072.stdout:/usr/bin/ceph: stderr
2024-04-15T20:53:02.253+0000 7f668cff9700 1 -- 172.21.15.72:0/3453746750 <== mon.0 v2:172.21.15.72:3300/0 6 ==== mon_command_ack([{"prefix": "get_command_descriptions"}]=0 v0) v1 ==== 72+0+177933 (secure 0 0 0) 0x7f6678022310 con 0x7f6690106680
2024-04-15T20:53:03.041 INFO:teuthology.orchestra.run.smithi072.stdout:/usr/bin/ceph: stderr
2024-04-15T20:53:02.441+0000 7f6695f70700 1 -- 172.21.15.72:0/3453746750 --> [v2:172.21.15.72:3300/0,v1:172.21.15.72:6789/0] -- mon_command([{prefix=config set, name=mgr/dashboard/ssl_server_port}] v 0) v1 -- 0x7f669019d260 con 0x7f6690106680
2024-04-15T20:53:03.041 INFO:teuthology.orchestra.run.smithi072.stdout:/usr/bin/ceph: stderr
2024-04-15T20:53:02.443+0000 7f668cff9700 1 -- 172.21.15.72:0/3453746750 <== mon.0 v2:172.21.15.72:3300/0 7 ==== mon_command_ack([{prefix=config set, name=mgr/dashboard/ssl_server_port}]=0 v8)=0 v8) v1 ==== 130+0+0 (secure 0 0 0) 0x7f6678018b00 con 0x7f6690106680
2024-04-15T20:53:03.041 INFO:teuthology.orchestra.run.smithi072.stdout:/usr/bin/ceph: stderr
2024-04-15T20:53:02.446+0000 7f6695f70700 1 -- 172.21.15.72:0/3453746750 >> [v2:172.21.15.72:6800/3853111144,v1:172.21.15.72:6801/3853111144] conn(0x7f667c0383b0 msgr2=0x7f667c03a860 secure :-1 s=STATE_CONNECTION_ESTABLISHED l=1).mark_down
2024-04-15T20:53:03.041 INFO:teuthology.orchestra.run.smithi072.stdout:/usr/bin/ceph: stderr
2024-04-15T20:53:02.446+0000 7f6695f70700 1 --2- 172.21.15.72:0/3453746750 >> [v2:172.21.15.72:6800/3853111144,v1:172.21.15.72:6801/3853111144] conn(0x7f667c0383b0 0x7f667c03a860 secure :-1 s=READY pgs=21 cs=0 l=1 rev1=1 crypto rx=0x7f6680006fd0 tx=0x7f6680006e40 comp rx=0 tx=0).stop
2024-04-15T20:53:03.041 INFO:teuthology.orchestra.run.smithi072.stdout:/usr/bin/ceph: stderr
2024-04-15T20:53:02.446+0000 7f6695f70700 1 -- 172.21.15.72:0/3453746750 >> [v2:172.21.15.72:3300/0,v1:172.21.15.72:6789/0] conn(0x7f6690106680 msgr2=0x7f66901998a0 secure :-1 s=STATE_CONNECTION_ESTABLISHED l=1).mark_down
2024-04-15T20:53:03.042 INFO:teuthology.orchestra.run.smithi072.stdout:/usr/bin/ceph: stderr
2024-04-15T20:53:02.446+0000 7f6695f70700 1 --2- 172.21.15.72:0/3453746750 >> [v2:172.21.15.72:3300/0,v1:172.21.15.72:6789/0] conn(0x7f6690106680 0x7f66901998a0 secure :-1 s=READY pgs=66 cs=0 l=1 rev1=1 crypto rx=0x7f6678011670 tx=0x7f6678011aa0 comp rx=0 tx=0).stop
2024-04-15T20:53:03.042 INFO:teuthology.orchestra.run.smithi072.stdout:/usr/bin/ceph: stderr
2024-04-15T20:53:02.446+0000 7f6695f70700 1 -- 172.21.15.72:0/3453746750 shutdown_connections
2024-04-15T20:53:03.042 INFO:teuthology.orchestra.run.smithi072.stdout:/usr/bin/ceph: stderr
2024-04-15T20:53:02.446+0000 7f6695f70700 1 --2- 172.21.15.72:0/3453746750 >> [v2:172.21.15.72:6800/3853111144,v1:172.21.15.72:6801/3853111144] conn(0x7f667c0383b0 0x7f667c03a860 unknown :-1 s=CLOSED pgs=21 cs=0 l=1 rev1=1 crypto rx=0 tx=0 comp rx=0 tx=0).stop
2024-04-15T20:53:03.042 INFO:teuthology.orchestra.run.smithi072.stdout:/usr/bin/ceph: stderr
2024-04-15T20:53:02.446+0000 7f6695f70700 1 --2- 172.21.15.72:0/3453746750 >> [v2:172.21.15.72:3300/0,v1:172.21.15.72:6789/0] conn(0x7f6690106680 0x7f66901998a0 unknown :-1 s=CLOSED pgs=66 cs=0 l=1 rev1=1 crypto rx=0 tx=0 comp rx=0 tx=0).stop
2024-04-15T20:53:03.042 INFO:teuthology.orchestra.run.smithi072.stdout:/usr/bin/ceph: stderr
2024-04-15T20:53:02.446+0000 7f6695f70700 1 -- 172.21.15.72:0/3453746750 >> 172.21.15.72:0/3453746750 conn(0x7f6690100060 msgr2=0x7f66901017a0 unknown :-1 s=STATE_NONE l=0).mark_down
2024-04-15T20:53:03.042 INFO:teuthology.orchestra.run.smithi072.stdout:/usr/bin/ceph: stderr
2024-04-15T20:53:02.446+0000 7f6695f70700 1 -- 172.21.15.72:0/3453746750 shutdown_connections
2024-04-15T20:53:03.042 INFO:teuthology.orchestra.run.smithi072.stdout:/usr/bin/ceph: stderr
2024-04-15T20:53:02.446+0000 7f6695f70700 1 -- 172.21.15.72:0/3453746750 wait complete.
2024-04-15T20:53:03.042 INFO:teuthology.orchestra.run.smithi072.stdout:Enabling the dashboard module...
2024-04-15T20:53:03.664 INFO:journalctl@ceph.mon.smithi072.smithi072.stdout:Apr 15 20:53:03 smithi072 ceph-mon[29079]: pgmap v5: 0 pgs: ; 0 B data, 0 B used, 0 B / 0 B avail
2024-04-15T20:53:03.664 INFO:journalctl@ceph.mon.smithi072.smithi072.stdout:Apr 15 20:53:03 smithi072 ceph-mon[29079]: from='client.? 172.21.15.72:0/3453746750' entity='client.admin'
2024-04-15T20:53:04.784 INFO:journalctl@ceph.mon.smithi072.smithi072.stdout:Apr 15 20:53:04 smithi072 ceph-mon[29079]: from='client.? 172.21.15.72:0/3943944917' entity='client.admin' cmd=[{"prefix": "mgr module enable", "module": "dashboard"}]: dispatch
2024-04-15T20:53:05.112 INFO:teuthology.orchestra.run.smithi072.stdout:/usr/bin/ceph: stderr
2024-04-15T20:53:03.484+0000 7f0248f0f700 1 Processor -- start
2024-04-15T20:53:05.113 INFO:teuthology.orchestra.run.smithi072.stdout:/usr/bin/ceph: stderr
2024-04-15T20:53:03.484+0000 7f0248f0f700 1 -- start start
2024-04-15T20:53:05.113 INFO:teuthology.orchestra.run.smithi072.stdout:/usr/bin/ceph: stderr
2024-04-15T20:53:03.484+0000 7f0248f0f700 1 --2- >> [v2:172.21.15.72:3300/0,v1:172.21.15.72:6789/0] conn(0x7f0244104470 0x7f0244104880 unknown :-1 s=NONE pgs=0 cs=0 l=0 rev1=0 crypto rx=0 tx=0 comp rx=0 tx=0).connect
2024-04-15T20:53:05.113 INFO:teuthology.orchestra.run.smithi072.stdout:/usr/bin/ceph: stderr
2024-04-15T20:53:03.484+0000 7f0248f0f700 1 -- --> [v2:172.21.15.72:3300/0,v1:172.21.15.72:6789/0] -- mon_getmap magic: 0 v1 -- 0x7f0244079d10 con 0x7f0244104470
2024-04-15T20:53:05.113 INFO:teuthology.orchestra.run.smithi072.stdout:/usr/bin/ceph: stderr
2024-04-15T20:53:03.484+0000 7f024259c700 1 --2- >> [v2:172.21.15.72:3300/0,v1:172.21.15.72:6789/0] conn(0x7f0244104470 0x7f0244104880 unknown :-1 s=BANNER_CONNECTING pgs=0 cs=0 l=0 rev1=0 crypto rx=0 tx=0 comp rx=0 tx=0)._handle_peer_banner_payload supported=3 required=0
2024-04-15T20:53:05.113 INFO:teuthology.orchestra.run.smithi072.stdout:/usr/bin/ceph: stderr
2024-04-15T20:53:03.484+0000 7f024259c700 1 --2- >> [v2:172.21.15.72:3300/0,v1:172.21.15.72:6789/0] conn(0x7f0244104470 0x7f0244104880 unknown :-1 s=HELLO_CONNECTING pgs=0 cs=0 l=0 rev1=1 crypto rx=0 tx=0 comp rx=0 tx=0).handle_hello peer v2:172.21.15.72:3300/0 says I am v2:172.21.15.72:39172/0 (socket says 172.21.15.72:39172)
2024-04-15T20:53:05.113 INFO:teuthology.orchestra.run.smithi072.stdout:/usr/bin/ceph: stderr
2024-04-15T20:53:03.484+0000 7f024259c700 1 -- 172.21.15.72:0/1070411233 learned_addr learned my addr 172.21.15.72:0/1070411233 (peer_addr_for_me v2:172.21.15.72:0/0)
2024-04-15T20:53:05.113 INFO:teuthology.orchestra.run.smithi072.stdout:/usr/bin/ceph: stderr
2024-04-15T20:53:03.485+0000 7f024259c700 1 -- 172.21.15.72:0/1070411233 --> [v2:172.21.15.72:3300/0,v1:172.21.15.72:6789/0] -- mon_subscribe({config=0+,monmap=0+}) v3 -- 0x7f0244079e50 con 0x7f0244104470
2024-04-15T20:53:05.113 INFO:teuthology.orchestra.run.smithi072.stdout:/usr/bin/ceph: stderr
2024-04-15T20:53:03.485+0000 7f024259c700 1 --2- 172.21.15.72:0/1070411233 >> [v2:172.21.15.72:3300/0,v1:172.21.15.72:6789/0] conn(0x7f0244104470 0x7f0244104880 secure :-1 s=READY pgs=67 cs=0 l=1 rev1=1 crypto rx=0x7f02340098a0 tx=0x7f0234009bb0 comp rx=0 tx=0).ready entity=mon.0 client_cookie=d10d687a4a5a49d6 server_cookie=0 in_seq=0 out_seq=0
2024-04-15T20:53:05.113 INFO:teuthology.orchestra.run.smithi072.stdout:/usr/bin/ceph: stderr
2024-04-15T20:53:03.485+0000 7f024159a700 1 -- 172.21.15.72:0/1070411233 <== mon.0 v2:172.21.15.72:3300/0 1 ==== mon_map magic: 0 v1 ==== 229+0+0 (secure 0 0 0) 0x7f0234004180 con 0x7f0244104470
2024-04-15T20:53:05.113 INFO:teuthology.orchestra.run.smithi072.stdout:/usr/bin/ceph: stderr
2024-04-15T20:53:03.485+0000 7f024159a700 1 -- 172.21.15.72:0/1070411233 <== mon.0 v2:172.21.15.72:3300/0 2 ==== config(27 keys) v1 ==== 1101+0+0 (secure 0 0 0) 0x7f02340042e0 con 0x7f0244104470
2024-04-15T20:53:05.113 INFO:teuthology.orchestra.run.smithi072.stdout:/usr/bin/ceph: stderr
2024-04-15T20:53:03.485+0000 7f024159a700 1 -- 172.21.15.72:0/1070411233 <== mon.0 v2:172.21.15.72:3300/0 3 ==== mon_map magic: 0 v1 ==== 229+0+0 (secure 0 0 0) 0x7f0234011af0 con 0x7f0244104470
2024-04-15T20:53:05.113 INFO:teuthology.orchestra.run.smithi072.stdout:/usr/bin/ceph: stderr
2024-04-15T20:53:03.485+0000 7f0248f0f700 1 -- 172.21.15.72:0/1070411233 >> [v2:172.21.15.72:3300/0,v1:172.21.15.72:6789/0] conn(0x7f0244104470 msgr2=0x7f0244104880 secure :-1 s=STATE_CONNECTION_ESTABLISHED l=1).mark_down
2024-04-15T20:53:05.113 INFO:teuthology.orchestra.run.smithi072.stdout:/usr/bin/ceph: stderr
2024-04-15T20:53:03.485+0000 7f0248f0f700 1 --2- 172.21.15.72:0/1070411233 >> [v2:172.21.15.72:3300/0,v1:172.21.15.72:6789/0] conn(0x7f0244104470 0x7f0244104880 secure :-1 s=READY pgs=67 cs=0 l=1 rev1=1 crypto rx=0x7f02340098a0 tx=0x7f0234009bb0 comp rx=0 tx=0).stop
2024-04-15T20:53:05.113 INFO:teuthology.orchestra.run.smithi072.stdout:/usr/bin/ceph: stderr
2024-04-15T20:53:03.486+0000 7f0248f0f700 1 -- 172.21.15.72:0/1070411233 shutdown_connections
2024-04-15T20:53:05.113 INFO:teuthology.orchestra.run.smithi072.stdout:/usr/bin/ceph: stderr
2024-04-15T20:53:03.486+0000 7f0248f0f700 1 --2- 172.21.15.72:0/1070411233 >> [v2:172.21.15.72:3300/0,v1:172.21.15.72:6789/0] conn(0x7f0244104470 0x7f0244104880 unknown :-1 s=CLOSED pgs=67 cs=0 l=1 rev1=1 crypto rx=0 tx=0 comp rx=0 tx=0).stop
2024-04-15T20:53:05.114 INFO:teuthology.orchestra.run.smithi072.stdout:/usr/bin/ceph: stderr
2024-04-15T20:53:03.486+0000 7f0248f0f700 1 -- 172.21.15.72:0/1070411233 >> 172.21.15.72:0/1070411233 conn(0x7f0244100060 msgr2=0x7f0244102490 unknown :-1 s=STATE_NONE l=0).mark_down
2024-04-15T20:53:05.114 INFO:teuthology.orchestra.run.smithi072.stdout:/usr/bin/ceph: stderr
2024-04-15T20:53:03.486+0000 7f0248f0f700 1 -- 172.21.15.72:0/1070411233 shutdown_connections
2024-04-15T20:53:05.114 INFO:teuthology.orchestra.run.smithi072.stdout:/usr/bin/ceph: stderr
2024-04-15T20:53:03.486+0000 7f0248f0f700 1 -- 172.21.15.72:0/1070411233 wait complete.
2024-04-15T20:53:05.114 INFO:teuthology.orchestra.run.smithi072.stdout:/usr/bin/ceph: stderr
2024-04-15T20:53:03.486+0000 7f0248f0f700 1 Processor -- start
2024-04-15T20:53:05.114 INFO:teuthology.orchestra.run.smithi072.stdout:/usr/bin/ceph: stderr
2024-04-15T20:53:03.486+0000 7f0248f0f700 1 -- start start
2024-04-15T20:53:05.114 INFO:teuthology.orchestra.run.smithi072.stdout:/usr/bin/ceph: stderr
2024-04-15T20:53:03.486+0000 7f0248f0f700 1 --2- >> [v2:172.21.15.72:3300/0,v1:172.21.15.72:6789/0] conn(0x7f0244104470 0x7f024419ba90 unknown :-1 s=NONE pgs=0 cs=0 l=1 rev1=0 crypto rx=0 tx=0 comp rx=0 tx=0).connect
2024-04-15T20:53:05.114 INFO:teuthology.orchestra.run.smithi072.stdout:/usr/bin/ceph: stderr
2024-04-15T20:53:03.486+0000 7f0248f0f700 1 -- --> [v2:172.21.15.72:3300/0,v1:172.21.15.72:6789/0] -- mon_getmap magic: 0 v1 -- 0x7f024419bfd0 con 0x7f0244104470
2024-04-15T20:53:05.114 INFO:teuthology.orchestra.run.smithi072.stdout:/usr/bin/ceph: stderr
2024-04-15T20:53:03.487+0000 7f024259c700 1 --2- >> [v2:172.21.15.72:3300/0,v1:172.21.15.72:6789/0] conn(0x7f0244104470 0x7f024419ba90 unknown :-1 s=BANNER_CONNECTING pgs=0 cs=0 l=1 rev1=0 crypto rx=0 tx=0 comp rx=0 tx=0)._handle_peer_banner_payload supported=3 required=0
2024-04-15T20:53:05.114 INFO:teuthology.orchestra.run.smithi072.stdout:/usr/bin/ceph: stderr
2024-04-15T20:53:03.487+0000 7f024259c700 1 --2- >> [v2:172.21.15.72:3300/0,v1:172.21.15.72:6789/0] conn(0x7f0244104470 0x7f024419ba90 unknown :-1 s=HELLO_CONNECTING pgs=0 cs=0 l=1 rev1=1 crypto rx=0 tx=0 comp rx=0 tx=0).handle_hello peer v2:172.21.15.72:3300/0 says I am v2:172.21.15.72:39180/0 (socket says 172.21.15.72:39180)
2024-04-15T20:53:05.114 INFO:teuthology.orchestra.run.smithi072.stdout:/usr/bin/ceph: stderr
2024-04-15T20:53:03.487+0000 7f024259c700 1 -- 172.21.15.72:0/3943944917 learned_addr learned my addr 172.21.15.72:0/3943944917 (peer_addr_for_me v2:172.21.15.72:0/0)
2024-04-15T20:53:05.114 INFO:teuthology.orchestra.run.smithi072.stdout:/usr/bin/ceph: stderr
2024-04-15T20:53:03.487+0000 7f024259c700 1 -- 172.21.15.72:0/3943944917 --> [v2:172.21.15.72:3300/0,v1:172.21.15.72:6789/0] -- mon_subscribe({config=0+,monmap=0+}) v3 -- 0x7f0234009550 con 0x7f0244104470
2024-04-15T20:53:05.114 INFO:teuthology.orchestra.run.smithi072.stdout:/usr/bin/ceph: stderr
2024-04-15T20:53:03.487+0000 7f024259c700 1 --2- 172.21.15.72:0/3943944917 >> [v2:172.21.15.72:3300/0,v1:172.21.15.72:6789/0] conn(0x7f0244104470 0x7f024419ba90 secure :-1 s=READY pgs=68 cs=0 l=1 rev1=1 crypto rx=0x7f0234000c00 tx=0x7f0234011b50 comp rx=0 tx=0).ready entity=mon.0 client_cookie=0 server_cookie=0 in_seq=0 out_seq=0
2024-04-15T20:53:05.114 INFO:teuthology.orchestra.run.smithi072.stdout:/usr/bin/ceph: stderr
2024-04-15T20:53:03.487+0000 7f02337fe700 1 -- 172.21.15.72:0/3943944917 <== mon.0 v2:172.21.15.72:3300/0 1 ==== mon_map magic: 0 v1 ==== 229+0+0 (secure 0 0 0) 0x7f0234003a70 con 0x7f0244104470
2024-04-15T20:53:05.114 INFO:teuthology.orchestra.run.smithi072.stdout:/usr/bin/ceph: stderr
2024-04-15T20:53:03.487+0000 7f02337fe700 1 -- 172.21.15.72:0/3943944917 <== mon.0 v2:172.21.15.72:3300/0 2 ==== config(27 keys) v1 ==== 1101+0+0 (secure 0 0 0) 0x7f0234003bd0 con 0x7f0244104470
2024-04-15T20:53:05.115 INFO:teuthology.orchestra.run.smithi072.stdout:/usr/bin/ceph: stderr
2024-04-15T20:53:03.487+0000 7f02337fe700 1 -- 172.21.15.72:0/3943944917 <== mon.0 v2:172.21.15.72:3300/0 3 ==== mon_map magic: 0 v1 ==== 229+0+0 (secure 0 0 0) 0x7f02340238c0 con 0x7f0244104470
2024-04-15T20:53:05.115 INFO:teuthology.orchestra.run.smithi072.stdout:/usr/bin/ceph: stderr
2024-04-15T20:53:03.487+0000 7f0248f0f700 1 -- 172.21.15.72:0/3943944917 --> [v2:172.21.15.72:3300/0,v1:172.21.15.72:6789/0] -- mon_subscribe({mgrmap=0+}) v3 -- 0x7f024419c1d0 con 0x7f0244104470
2024-04-15T20:53:05.115 INFO:teuthology.orchestra.run.smithi072.stdout:/usr/bin/ceph: stderr
2024-04-15T20:53:03.487+0000 7f0248f0f700 1 -- 172.21.15.72:0/3943944917 --> [v2:172.21.15.72:3300/0,v1:172.21.15.72:6789/0] -- mon_subscribe({osdmap=0}) v3 -- 0x7f024419c5f0 con 0x7f0244104470
2024-04-15T20:53:05.115 INFO:teuthology.orchestra.run.smithi072.stdout:/usr/bin/ceph: stderr
2024-04-15T20:53:03.488+0000 7f02337fe700 1 -- 172.21.15.72:0/3943944917 <== mon.0 v2:172.21.15.72:3300/0 4 ==== mgrmap(e 8) v1 ==== 45084+0+0 (secure 0 0 0) 0x7f0234023b30 con 0x7f0244104470
2024-04-15T20:53:05.115 INFO:teuthology.orchestra.run.smithi072.stdout:/usr/bin/ceph: stderr
2024-04-15T20:53:03.488+0000 7f02337fe700 1 --2- 172.21.15.72:0/3943944917 >> [v2:172.21.15.72:6800/3853111144,v1:172.21.15.72:6801/3853111144] conn(0x7f022c038440 0x7f022c03a8f0 unknown :-1 s=NONE pgs=0 cs=0 l=1 rev1=0 crypto rx=0 tx=0 comp rx=0 tx=0).connect
2024-04-15T20:53:05.115 INFO:teuthology.orchestra.run.smithi072.stdout:/usr/bin/ceph: stderr
2024-04-15T20:53:03.488+0000 7f02337fe700 1 -- 172.21.15.72:0/3943944917 <== mon.0 v2:172.21.15.72:3300/0 5 ==== osd_map(2..2 src has 1..2) v4 ==== 940+0+0 (secure 0 0 0) 0x7f023404c1c0 con 0x7f0244104470
2024-04-15T20:53:05.115 INFO:teuthology.orchestra.run.smithi072.stdout:/usr/bin/ceph: stderr
2024-04-15T20:53:03.488+0000 7f0248f0f700 1 -- 172.21.15.72:0/3943944917 --> [v2:172.21.15.72:3300/0,v1:172.21.15.72:6789/0] -- mon_command({"prefix": "get_command_descriptions"} v 0) v1 -- 0x7f02441952d0 con 0x7f0244104470
2024-04-15T20:53:05.115 INFO:teuthology.orchestra.run.smithi072.stdout:/usr/bin/ceph: stderr
2024-04-15T20:53:03.488+0000 7f0241d9b700 1 --2- 172.21.15.72:0/3943944917 >> [v2:172.21.15.72:6800/3853111144,v1:172.21.15.72:6801/3853111144] conn(0x7f022c038440 0x7f022c03a8f0 unknown :-1 s=BANNER_CONNECTING pgs=0 cs=0 l=1 rev1=0 crypto rx=0 tx=0 comp rx=0 tx=0)._handle_peer_banner_payload supported=3 required=0
2024-04-15T20:53:05.115 INFO:teuthology.orchestra.run.smithi072.stdout:/usr/bin/ceph: stderr
2024-04-15T20:53:03.489+0000 7f0241d9b700 1 --2- 172.21.15.72:0/3943944917 >> [v2:172.21.15.72:6800/3853111144,v1:172.21.15.72:6801/3853111144] conn(0x7f022c038440 0x7f022c03a8f0 secure :-1 s=READY pgs=22 cs=0 l=1 rev1=1 crypto rx=0x7f0238006fd0 tx=0x7f0238006e40 comp rx=0 tx=0).ready entity=mgr.14120 client_cookie=0 server_cookie=0 in_seq=0 out_seq=0
2024-04-15T20:53:05.115 INFO:teuthology.orchestra.run.smithi072.stdout:/usr/bin/ceph: stderr
2024-04-15T20:53:03.493+0000 7f02337fe700 1 -- 172.21.15.72:0/3943944917 <== mon.0 v2:172.21.15.72:3300/0 6 ==== mon_command_ack([{"prefix": "get_command_descriptions"}]=0 v0) v1 ==== 72+0+177933 (secure 0 0 0) 0x7f0234023e30 con 0x7f0244104470
2024-04-15T20:53:05.115 INFO:teuthology.orchestra.run.smithi072.stdout:/usr/bin/ceph: stderr
2024-04-15T20:53:03.734+0000 7f0248f0f700 1 -- 172.21.15.72:0/3943944917 --> [v2:172.21.15.72:3300/0,v1:172.21.15.72:6789/0] -- mon_command({"prefix": "mgr module enable", "module": "dashboard"} v 0) v1 -- 0x7f0244062380 con 0x7f0244104470
2024-04-15T20:53:05.115 INFO:teuthology.orchestra.run.smithi072.stdout:/usr/bin/ceph: stderr
2024-04-15T20:53:04.447+0000 7f02337fe700 1 -- 172.21.15.72:0/3943944917 <== mon.0 v2:172.21.15.72:3300/0 7 ==== mgrmap(e 9) v1 ==== 45097+0+0 (secure 0 0 0) 0x7f0234019930 con 0x7f0244104470
2024-04-15T20:53:05.115 INFO:teuthology.orchestra.run.smithi072.stdout:/usr/bin/ceph: stderr
2024-04-15T20:53:04.449+0000 7f02337fe700 1 -- 172.21.15.72:0/3943944917 <== mon.0 v2:172.21.15.72:3300/0 8 ==== mon_command_ack([{"prefix": "mgr module enable", "module": "dashboard"}]=0 v9) v1 ==== 88+0+0 (secure 0 0 0) 0x7f0234017e30 con 0x7f0244104470
2024-04-15T20:53:05.115 INFO:teuthology.orchestra.run.smithi072.stdout:/usr/bin/ceph: stderr
2024-04-15T20:53:04.453+0000 7f0248f0f700 1 -- 172.21.15.72:0/3943944917 >> [v2:172.21.15.72:6800/3853111144,v1:172.21.15.72:6801/3853111144] conn(0x7f022c038440 msgr2=0x7f022c03a8f0 secure :-1 s=STATE_CONNECTION_ESTABLISHED l=1).mark_down
2024-04-15T20:53:05.116 INFO:teuthology.orchestra.run.smithi072.stdout:/usr/bin/ceph: stderr
2024-04-15T20:53:04.453+0000 7f0248f0f700 1 --2- 172.21.15.72:0/3943944917 >> [v2:172.21.15.72:6800/3853111144,v1:172.21.15.72:6801/3853111144] conn(0x7f022c038440 0x7f022c03a8f0 secure :-1 s=READY pgs=22 cs=0 l=1 rev1=1 crypto rx=0x7f0238006fd0 tx=0x7f0238006e40 comp rx=0 tx=0).stop
2024-04-15T20:53:05.116 INFO:teuthology.orchestra.run.smithi072.stdout:/usr/bin/ceph: stderr
2024-04-15T20:53:04.453+0000 7f0248f0f700 1 -- 172.21.15.72:0/3943944917 >> [v2:172.21.15.72:3300/0,v1:172.21.15.72:6789/0] conn(0x7f0244104470 msgr2=0x7f024419ba90 secure :-1 s=STATE_CONNECTION_ESTABLISHED l=1).mark_down
2024-04-15T20:53:05.116 INFO:teuthology.orchestra.run.smithi072.stdout:/usr/bin/ceph: stderr
2024-04-15T20:53:04.453+0000 7f0248f0f700 1 --2- 172.21.15.72:0/3943944917 >> [v2:172.21.15.72:3300/0,v1:172.21.15.72:6789/0] conn(0x7f0244104470 0x7f024419ba90 secure :-1 s=READY pgs=68 cs=0 l=1 rev1=1 crypto rx=0x7f0234000c00 tx=0x7f0234011b50 comp rx=0 tx=0).stop
2024-04-15T20:53:05.116 INFO:teuthology.orchestra.run.smithi072.stdout:/usr/bin/ceph: stderr
2024-04-15T20:53:04.453+0000 7f0248f0f700 1 -- 172.21.15.72:0/3943944917 shutdown_connections
2024-04-15T20:53:05.116 INFO:teuthology.orchestra.run.smithi072.stdout:/usr/bin/ceph: stderr
2024-04-15T20:53:04.453+0000 7f0248f0f700 1 --2- 172.21.15.72:0/3943944917 >> [v2:172.21.15.72:6800/3853111144,v1:172.21.15.72:6801/3853111144] conn(0x7f022c038440 0x7f022c03a8f0 unknown :-1 s=CLOSED pgs=22 cs=0 l=1 rev1=1 crypto rx=0 tx=0 comp rx=0 tx=0).stop
2024-04-15T20:53:05.116 INFO:teuthology.orchestra.run.smithi072.stdout:/usr/bin/ceph: stderr
2024-04-15T20:53:04.453+0000 7f0248f0f700 1 --2- 172.21.15.72:0/3943944917 >> [v2:172.21.15.72:3300/0,v1:172.21.15.72:6789/0] conn(0x7f0244104470 0x7f024419ba90 unknown :-1 s=CLOSED pgs=68 cs=0 l=1 rev1=1 crypto rx=0 tx=0 comp rx=0 tx=0).stop
2024-04-15T20:53:05.116 INFO:teuthology.orchestra.run.smithi072.stdout:/usr/bin/ceph: stderr
2024-04-15T20:53:04.453+0000 7f0248f0f700 1 -- 172.21.15.72:0/3943944917 >> 172.21.15.72:0/3943944917 conn(0x7f0244100060 msgr2=0x7f0244190030 unknown :-1 s=STATE_NONE l=0).mark_down
2024-04-15T20:53:05.116 INFO:teuthology.orchestra.run.smithi072.stdout:/usr/bin/ceph: stderr
2024-04-15T20:53:04.453+0000 7f0248f0f700 1 -- 172.21.15.72:0/3943944917 shutdown_connections
2024-04-15T20:53:05.116 INFO:teuthology.orchestra.run.smithi072.stdout:/usr/bin/ceph: stderr
2024-04-15T20:53:04.453+0000 7f0248f0f700 1 -- 172.21.15.72:0/3943944917 wait complete.
2024-04-15T20:53:05.731 INFO:journalctl@ceph.mon.smithi072.smithi072.stdout:Apr 15 20:53:05 smithi072 ceph-mon[29079]: from='client.? 172.21.15.72:0/3943944917' entity='client.admin' cmd='[{"prefix": "mgr module enable", "module": "dashboard"}]': finished
2024-04-15T20:53:05.732 INFO:journalctl@ceph.mon.smithi072.smithi072.stdout:Apr 15 20:53:05 smithi072 ceph-mon[29079]: mgrmap e9: smithi072.wfjmmp(active, since 26s)
2024-04-15T20:53:06.403 INFO:teuthology.orchestra.run.smithi072.stdout:/usr/bin/ceph: stdout {
2024-04-15T20:53:06.404 INFO:teuthology.orchestra.run.smithi072.stdout:/usr/bin/ceph: stdout "epoch": 9,
2024-04-15T20:53:06.404 INFO:teuthology.orchestra.run.smithi072.stdout:/usr/bin/ceph: stdout "available": true,
2024-04-15T20:53:06.404 INFO:teuthology.orchestra.run.smithi072.stdout:/usr/bin/ceph: stdout "active_name": "smithi072.wfjmmp",
2024-04-15T20:53:06.404 INFO:teuthology.orchestra.run.smithi072.stdout:/usr/bin/ceph: stdout "num_standby": 0
2024-04-15T20:53:06.404 INFO:teuthology.orchestra.run.smithi072.stdout:/usr/bin/ceph: stdout }
2024-04-15T20:53:06.404 INFO:teuthology.orchestra.run.smithi072.stdout:/usr/bin/ceph: stderr
2024-04-15T20:53:05.533+0000 7fe1c1dfd700 1 Processor -- start
2024-04-15T20:53:06.404 INFO:teuthology.orchestra.run.smithi072.stdout:/usr/bin/ceph: stderr
2024-04-15T20:53:05.533+0000 7fe1c1dfd700 1 -- start start
2024-04-15T20:53:06.404 INFO:teuthology.orchestra.run.smithi072.stdout:/usr/bin/ceph: stderr
2024-04-15T20:53:05.533+0000 7fe1c1dfd700 1 --2- >> [v2:172.21.15.72:3300/0,v1:172.21.15.72:6789/0] conn(0x7fe1bc103e00 0x7fe1bc104210 unknown :-1 s=NONE pgs=0 cs=0 l=0 rev1=0 crypto rx=0 tx=0 comp rx=0 tx=0).connect
2024-04-15T20:53:06.404 INFO:teuthology.orchestra.run.smithi072.stdout:/usr/bin/ceph: stderr
2024-04-15T20:53:05.533+0000 7fe1c1dfd700 1 -- --> [v2:172.21.15.72:3300/0,v1:172.21.15.72:6789/0] -- mon_getmap magic: 0 v1 -- 0x7fe1bc104750 con 0x7fe1bc103e00
2024-04-15T20:53:06.404 INFO:teuthology.orchestra.run.smithi072.stdout:/usr/bin/ceph: stderr
2024-04-15T20:53:05.533+0000 7fe1bb7fe700 1 --2- >> [v2:172.21.15.72:3300/0,v1:172.21.15.72:6789/0] conn(0x7fe1bc103e00 0x7fe1bc104210 unknown :-1 s=BANNER_CONNECTING pgs=0 cs=0 l=0 rev1=0 crypto rx=0 tx=0 comp rx=0 tx=0)._handle_peer_banner_payload supported=3 required=0
2024-04-15T20:53:06.404 INFO:teuthology.orchestra.run.smithi072.stdout:/usr/bin/ceph: stderr
2024-04-15T20:53:05.533+0000 7fe1bb7fe700 1 --2- >> [v2:172.21.15.72:3300/0,v1:172.21.15.72:6789/0] conn(0x7fe1bc103e00 0x7fe1bc104210 unknown :-1 s=HELLO_CONNECTING pgs=0 cs=0 l=0 rev1=1 crypto rx=0 tx=0 comp rx=0 tx=0).handle_hello peer v2:172.21.15.72:3300/0 says I am v2:172.21.15.72:39196/0 (socket says 172.21.15.72:39196)
2024-04-15T20:53:06.405 INFO:teuthology.orchestra.run.smithi072.stdout:/usr/bin/ceph: stderr
2024-04-15T20:53:05.533+0000 7fe1bb7fe700 1 -- 172.21.15.72:0/1791849409 learned_addr learned my addr 172.21.15.72:0/1791849409 (peer_addr_for_me v2:172.21.15.72:0/0)
2024-04-15T20:53:06.405 INFO:teuthology.orchestra.run.smithi072.stdout:/usr/bin/ceph: stderr
2024-04-15T20:53:05.533+0000 7fe1bb7fe700 1 -- 172.21.15.72:0/1791849409 --> [v2:172.21.15.72:3300/0,v1:172.21.15.72:6789/0] -- mon_subscribe({config=0+,monmap=0+}) v3 -- 0x7fe1bc104890 con 0x7fe1bc103e00
2024-04-15T20:53:06.405 INFO:teuthology.orchestra.run.smithi072.stdout:/usr/bin/ceph: stderr
2024-04-15T20:53:05.534+0000 7fe1bb7fe700 1 --2- 172.21.15.72:0/1791849409 >> [v2:172.21.15.72:3300/0,v1:172.21.15.72:6789/0] conn(0x7fe1bc103e00 0x7fe1bc104210 secure :-1 s=READY pgs=71 cs=0 l=1 rev1=1 crypto rx=0x7fe1ac0098a0 tx=0x7fe1ac009bb0 comp rx=0 tx=0).ready entity=mon.0 client_cookie=c6543fb5f0f7e889 server_cookie=0 in_seq=0 out_seq=0
2024-04-15T20:53:06.405 INFO:teuthology.orchestra.run.smithi072.stdout:/usr/bin/ceph: stderr
2024-04-15T20:53:05.534+0000 7fe1ba7fc700 1 -- 172.21.15.72:0/1791849409 <== mon.0 v2:172.21.15.72:3300/0 1 ==== mon_map magic: 0 v1 ==== 229+0+0 (secure 0 0 0) 0x7fe1ac004180 con 0x7fe1bc103e00
2024-04-15T20:53:06.405 INFO:teuthology.orchestra.run.smithi072.stdout:/usr/bin/ceph: stderr
2024-04-15T20:53:05.534+0000 7fe1ba7fc700 1 -- 172.21.15.72:0/1791849409 <== mon.0 v2:172.21.15.72:3300/0 2 ==== config(27 keys) v1 ==== 1101+0+0 (secure 0 0 0) 0x7fe1ac0042e0 con 0x7fe1bc103e00
2024-04-15T20:53:06.405 INFO:teuthology.orchestra.run.smithi072.stdout:/usr/bin/ceph: stderr
2024-04-15T20:53:05.534+0000 7fe1ba7fc700 1 -- 172.21.15.72:0/1791849409 <== mon.0 v2:172.21.15.72:3300/0 3 ==== mon_map magic: 0 v1 ==== 229+0+0 (secure 0 0 0) 0x7fe1ac011af0 con 0x7fe1bc103e00
2024-04-15T20:53:06.405 INFO:teuthology.orchestra.run.smithi072.stdout:/usr/bin/ceph: stderr
2024-04-15T20:53:05.534+0000 7fe1c1dfd700 1 -- 172.21.15.72:0/1791849409 >> [v2:172.21.15.72:3300/0,v1:172.21.15.72:6789/0] conn(0x7fe1bc103e00 msgr2=0x7fe1bc104210 secure :-1 s=STATE_CONNECTION_ESTABLISHED l=1).mark_down
2024-04-15T20:53:06.405 INFO:teuthology.orchestra.run.smithi072.stdout:/usr/bin/ceph: stderr
2024-04-15T20:53:05.534+0000 7fe1c1dfd700 1 --2- 172.21.15.72:0/1791849409 >> [v2:172.21.15.72:3300/0,v1:172.21.15.72:6789/0] conn(0x7fe1bc103e00 0x7fe1bc104210 secure :-1 s=READY pgs=71 cs=0 l=1 rev1=1 crypto rx=0x7fe1ac0098a0 tx=0x7fe1ac009bb0 comp rx=0 tx=0).stop
2024-04-15T20:53:06.405 INFO:teuthology.orchestra.run.smithi072.stdout:/usr/bin/ceph: stderr
2024-04-15T20:53:05.534+0000 7fe1c1dfd700 1 -- 172.21.15.72:0/1791849409 shutdown_connections
2024-04-15T20:53:06.405 INFO:teuthology.orchestra.run.smithi072.stdout:/usr/bin/ceph: stderr
2024-04-15T20:53:05.534+0000 7fe1c1dfd700 1 --2- 172.21.15.72:0/1791849409 >> [v2:172.21.15.72:3300/0,v1:172.21.15.72:6789/0] conn(0x7fe1bc103e00 0x7fe1bc104210 unknown :-1 s=CLOSED pgs=71 cs=0 l=1 rev1=1 crypto rx=0 tx=0 comp rx=0 tx=0).stop
2024-04-15T20:53:06.405 INFO:teuthology.orchestra.run.smithi072.stdout:/usr/bin/ceph: stderr
2024-04-15T20:53:05.534+0000 7fe1c1dfd700 1 -- 172.21.15.72:0/1791849409 >> 172.21.15.72:0/1791849409 conn(0x7fe1bc0ff7e0 msgr2=0x7fe1bc101c10 unknown :-1 s=STATE_NONE l=0).mark_down
2024-04-15T20:53:06.405 INFO:teuthology.orchestra.run.smithi072.stdout:/usr/bin/ceph: stderr
2024-04-15T20:53:05.534+0000 7fe1c1dfd700 1 -- 172.21.15.72:0/1791849409 shutdown_connections
2024-04-15T20:53:06.405 INFO:teuthology.orchestra.run.smithi072.stdout:/usr/bin/ceph: stderr
2024-04-15T20:53:05.534+0000 7fe1c1dfd700 1 -- 172.21.15.72:0/1791849409 wait complete.
2024-04-15T20:53:06.405 INFO:teuthology.orchestra.run.smithi072.stdout:/usr/bin/ceph: stderr
2024-04-15T20:53:05.535+0000 7fe1c1dfd700 1 Processor -- start
2024-04-15T20:53:06.406 INFO:teuthology.orchestra.run.smithi072.stdout:/usr/bin/ceph: stderr
2024-04-15T20:53:05.535+0000 7fe1c1dfd700 1 -- start start
2024-04-15T20:53:06.406 INFO:teuthology.orchestra.run.smithi072.stdout:/usr/bin/ceph: stderr
2024-04-15T20:53:05.535+0000 7fe1c1dfd700 1 --2- >> [v2:172.21.15.72:3300/0,v1:172.21.15.72:6789/0] conn(0x7fe1bc103e00 0x7fe1bc1998a0 unknown :-1 s=NONE pgs=0 cs=0 l=1 rev1=0 crypto rx=0 tx=0 comp rx=0 tx=0).connect
2024-04-15T20:53:06.406 INFO:teuthology.orchestra.run.smithi072.stdout:/usr/bin/ceph: stderr
2024-04-15T20:53:05.535+0000 7fe1c1dfd700 1 -- --> [v2:172.21.15.72:3300/0,v1:172.21.15.72:6789/0] -- mon_getmap magic: 0 v1 -- 0x7fe1bc199de0 con 0x7fe1bc103e00
2024-04-15T20:53:06.406 INFO:teuthology.orchestra.run.smithi072.stdout:/usr/bin/ceph: stderr
2024-04-15T20:53:05.536+0000 7fe1bb7fe700 1 --2- >> [v2:172.21.15.72:3300/0,v1:172.21.15.72:6789/0] conn(0x7fe1bc103e00 0x7fe1bc1998a0 unknown :-1 s=BANNER_CONNECTING pgs=0 cs=0 l=1 rev1=0 crypto rx=0 tx=0 comp rx=0 tx=0)._handle_peer_banner_payload supported=3 required=0
2024-04-15T20:53:06.406 INFO:teuthology.orchestra.run.smithi072.stdout:/usr/bin/ceph: stderr
2024-04-15T20:53:05.536+0000 7fe1bb7fe700 1 --2- >> [v2:172.21.15.72:3300/0,v1:172.21.15.72:6789/0] conn(0x7fe1bc103e00 0x7fe1bc1998a0 unknown :-1 s=HELLO_CONNECTING pgs=0 cs=0 l=1 rev1=1 crypto rx=0 tx=0 comp rx=0 tx=0).handle_hello peer v2:172.21.15.72:3300/0 says I am v2:172.21.15.72:39208/0 (socket says 172.21.15.72:39208)
2024-04-15T20:53:06.406 INFO:teuthology.orchestra.run.smithi072.stdout:/usr/bin/ceph: stderr
2024-04-15T20:53:05.536+0000 7fe1bb7fe700 1 -- 172.21.15.72:0/633410359 learned_addr learned my addr 172.21.15.72:0/633410359 (peer_addr_for_me v2:172.21.15.72:0/0)
2024-04-15T20:53:06.406 INFO:teuthology.orchestra.run.smithi072.stdout:/usr/bin/ceph: stderr
2024-04-15T20:53:05.536+0000 7fe1bb7fe700 1 -- 172.21.15.72:0/633410359 --> [v2:172.21.15.72:3300/0,v1:172.21.15.72:6789/0] -- mon_subscribe({config=0+,monmap=0+}) v3 -- 0x7fe1ac009550 con 0x7fe1bc103e00
2024-04-15T20:53:06.406 INFO:teuthology.orchestra.run.smithi072.stdout:/usr/bin/ceph: stderr
2024-04-15T20:53:05.536+0000 7fe1bb7fe700 1 --2- 172.21.15.72:0/633410359 >> [v2:172.21.15.72:3300/0,v1:172.21.15.72:6789/0] conn(0x7fe1bc103e00 0x7fe1bc1998a0 secure :-1 s=READY pgs=72 cs=0 l=1 rev1=1 crypto rx=0x7fe1ac006ba0 tx=0x7fe1ac011b50 comp rx=0 tx=0).ready entity=mon.0 client_cookie=0 server_cookie=0 in_seq=0 out_seq=0
2024-04-15T20:53:06.406 INFO:teuthology.orchestra.run.smithi072.stdout:/usr/bin/ceph: stderr
2024-04-15T20:53:05.536+0000 7fe1b8ff9700 1 -- 172.21.15.72:0/633410359 <== mon.0 v2:172.21.15.72:3300/0 1 ==== mon_map magic: 0 v1 ==== 229+0+0 (secure 0 0 0) 0x7fe1ac003b00 con 0x7fe1bc103e00
2024-04-15T20:53:06.406 INFO:teuthology.orchestra.run.smithi072.stdout:/usr/bin/ceph: stderr
2024-04-15T20:53:05.536+0000 7fe1c1dfd700 1 -- 172.21.15.72:0/633410359 --> [v2:172.21.15.72:3300/0,v1:172.21.15.72:6789/0] -- mon_subscribe({mgrmap=0+}) v3 -- 0x7fe1bc199fe0 con 0x7fe1bc103e00
2024-04-15T20:53:06.406 INFO:teuthology.orchestra.run.smithi072.stdout:/usr/bin/ceph: stderr
2024-04-15T20:53:05.536+0000 7fe1b8ff9700 1 -- 172.21.15.72:0/633410359 <== mon.0 v2:172.21.15.72:3300/0 2 ==== config(27 keys) v1 ==== 1101+0+0 (secure 0 0 0) 0x7fe1ac01a8e0 con 0x7fe1bc103e00
2024-04-15T20:53:06.407 INFO:teuthology.orchestra.run.smithi072.stdout:/usr/bin/ceph: stderr
2024-04-15T20:53:05.536+0000 7fe1b8ff9700 1 -- 172.21.15.72:0/633410359 <== mon.0 v2:172.21.15.72:3300/0 3 ==== mon_map magic: 0 v1 ==== 229+0+0 (secure 0 0 0) 0x7fe1ac019990 con 0x7fe1bc103e00
2024-04-15T20:53:06.407 INFO:teuthology.orchestra.run.smithi072.stdout:/usr/bin/ceph: stderr
2024-04-15T20:53:05.536+0000 7fe1c1dfd700 1 -- 172.21.15.72:0/633410359 --> [v2:172.21.15.72:3300/0,v1:172.21.15.72:6789/0] -- mon_subscribe({osdmap=0}) v3 -- 0x7fe1bc19a400 con 0x7fe1bc103e00
2024-04-15T20:53:06.407 INFO:teuthology.orchestra.run.smithi072.stdout:/usr/bin/ceph: stderr
2024-04-15T20:53:05.537+0000 7fe1b8ff9700 1 -- 172.21.15.72:0/633410359 <== mon.0 v2:172.21.15.72:3300/0 4 ==== mgrmap(e 9) v1 ==== 45097+0+0 (secure 0 0 0) 0x7fe1ac019c50 con 0x7fe1bc103e00
2024-04-15T20:53:06.407 INFO:teuthology.orchestra.run.smithi072.stdout:/usr/bin/ceph: stderr
2024-04-15T20:53:05.537+0000 7fe1c1dfd700 1 -- 172.21.15.72:0/633410359 --> [v2:172.21.15.72:3300/0,v1:172.21.15.72:6789/0] -- mon_command({"prefix": "get_command_descriptions"} v 0) v1 -- 0x7fe1bc062380 con 0x7fe1bc103e00
2024-04-15T20:53:06.407 INFO:teuthology.orchestra.run.smithi072.stdout:/usr/bin/ceph: stderr
2024-04-15T20:53:05.537+0000 7fe1b8ff9700 1 --2- 172.21.15.72:0/633410359 >> [v2:172.21.15.72:6800/3853111144,v1:172.21.15.72:6801/3853111144] conn(0x7fe1a40383f0 0x7fe1a403a8a0 unknown :-1 s=NONE pgs=0 cs=0 l=1 rev1=0 crypto rx=0 tx=0 comp rx=0 tx=0).connect
2024-04-15T20:53:06.407 INFO:teuthology.orchestra.run.smithi072.stdout:/usr/bin/ceph: stderr
2024-04-15T20:53:05.537+0000 7fe1baffd700 1 -- 172.21.15.72:0/633410359 >> [v2:172.21.15.72:6800/3853111144,v1:172.21.15.72:6801/3853111144] conn(0x7fe1a40383f0 msgr2=0x7fe1a403a8a0 unknown :-1 s=STATE_CONNECTING_RE l=1).process reconnect failed to v2:172.21.15.72:6800/3853111144
2024-04-15T20:53:06.407 INFO:teuthology.orchestra.run.smithi072.stdout:/usr/bin/ceph: stderr
2024-04-15T20:53:05.537+0000 7fe1b8ff9700 1 -- 172.21.15.72:0/633410359 <== mon.0 v2:172.21.15.72:3300/0 5 ==== osd_map(2..2 src has 1..2) v4 ==== 940+0+0 (secure 0 0 0) 0x7fe1ac04c600 con 0x7fe1bc103e00
2024-04-15T20:53:06.407 INFO:teuthology.orchestra.run.smithi072.stdout:/usr/bin/ceph: stderr
2024-04-15T20:53:05.537+0000 7fe1baffd700 1 --2- 172.21.15.72:0/633410359 >> [v2:172.21.15.72:6800/3853111144,v1:172.21.15.72:6801/3853111144] conn(0x7fe1a40383f0 0x7fe1a403a8a0 unknown :-1 s=START_CONNECT pgs=0 cs=0 l=1 rev1=0 crypto rx=0 tx=0 comp rx=0 tx=0)._fault waiting 0.200000
2024-04-15T20:53:06.407 INFO:teuthology.orchestra.run.smithi072.stdout:/usr/bin/ceph: stderr
2024-04-15T20:53:05.546+0000 7fe1b8ff9700 1 -- 172.21.15.72:0/633410359 <== mon.0 v2:172.21.15.72:3300/0 6 ==== mon_command_ack([{"prefix": "get_command_descriptions"}]=0 v0) v1 ==== 72+0+177933 (secure 0 0 0) 0x7fe1ac02d440 con 0x7fe1bc103e00
2024-04-15T20:53:06.408 INFO:teuthology.orchestra.run.smithi072.stdout:/usr/bin/ceph: stderr
2024-04-15T20:53:05.738+0000 7fe1baffd700 1 -- 172.21.15.72:0/633410359 >> [v2:172.21.15.72:6800/3853111144,v1:172.21.15.72:6801/3853111144] conn(0x7fe1a40383f0 msgr2=0x7fe1a403a8a0 unknown :-1 s=STATE_CONNECTING_RE l=1).process reconnect failed to v2:172.21.15.72:6800/3853111144
2024-04-15T20:53:06.408 INFO:teuthology.orchestra.run.smithi072.stdout:/usr/bin/ceph: stderr
2024-04-15T20:53:05.738+0000 7fe1baffd700 1 --2- 172.21.15.72:0/633410359 >> [v2:172.21.15.72:6800/3853111144,v1:172.21.15.72:6801/3853111144] conn(0x7fe1a40383f0 0x7fe1a403a8a0 unknown :-1 s=START_CONNECT pgs=0 cs=0 l=1 rev1=0 crypto rx=0 tx=0 comp rx=0 tx=0)._fault waiting 0.400000
2024-04-15T20:53:06.408 INFO:teuthology.orchestra.run.smithi072.stdout:/usr/bin/ceph: stderr
2024-04-15T20:53:05.792+0000 7fe1c1dfd700 1 -- 172.21.15.72:0/633410359 --> [v2:172.21.15.72:3300/0,v1:172.21.15.72:6789/0] -- mon_command({"prefix": "mgr stat"} v 0) v1 -- 0x7fe1bc19d260 con 0x7fe1bc103e00
2024-04-15T20:53:06.408 INFO:teuthology.orchestra.run.smithi072.stdout:/usr/bin/ceph: stderr
2024-04-15T20:53:05.793+0000 7fe1b8ff9700 1 -- 172.21.15.72:0/633410359 <== mon.0 v2:172.21.15.72:3300/0 7 ==== mon_command_ack([{"prefix": "mgr stat"}]=0 v9) v1 ==== 56+0+103 (secure 0 0 0) 0x7fe1ac02b340 con 0x7fe1bc103e00
2024-04-15T20:53:06.408 INFO:teuthology.orchestra.run.smithi072.stdout:/usr/bin/ceph: stderr
2024-04-15T20:53:05.795+0000 7fe1c1dfd700 1 -- 172.21.15.72:0/633410359 >> [v2:172.21.15.72:6800/3853111144,v1:172.21.15.72:6801/3853111144] conn(0x7fe1a40383f0 msgr2=0x7fe1a403a8a0 unknown :-1 s=STATE_CONNECTING l=1).mark_down
2024-04-15T20:53:06.408 INFO:teuthology.orchestra.run.smithi072.stdout:/usr/bin/ceph: stderr
2024-04-15T20:53:05.795+0000 7fe1c1dfd700 1 --2- 172.21.15.72:0/633410359 >> [v2:172.21.15.72:6800/3853111144,v1:172.21.15.72:6801/3853111144] conn(0x7fe1a40383f0 0x7fe1a403a8a0 unknown :-1 s=START_CONNECT pgs=0 cs=0 l=1 rev1=0 crypto rx=0 tx=0 comp rx=0 tx=0).stop
2024-04-15T20:53:06.408 INFO:teuthology.orchestra.run.smithi072.stdout:/usr/bin/ceph: stderr
2024-04-15T20:53:05.795+0000 7fe1c1dfd700 1 -- 172.21.15.72:0/633410359 >> [v2:172.21.15.72:3300/0,v1:172.21.15.72:6789/0] conn(0x7fe1bc103e00 msgr2=0x7fe1bc1998a0 secure :-1 s=STATE_CONNECTION_ESTABLISHED l=1).mark_down
2024-04-15T20:53:06.408 INFO:teuthology.orchestra.run.smithi072.stdout:/usr/bin/ceph: stderr
2024-04-15T20:53:05.795+0000 7fe1c1dfd700 1 --2- 172.21.15.72:0/633410359 >> [v2:172.21.15.72:3300/0,v1:172.21.15.72:6789/0] conn(0x7fe1bc103e00 0x7fe1bc1998a0 secure :-1 s=READY pgs=72 cs=0 l=1 rev1=1 crypto rx=0x7fe1ac006ba0 tx=0x7fe1ac011b50 comp rx=0 tx=0).stop
2024-04-15T20:53:06.408 INFO:teuthology.orchestra.run.smithi072.stdout:/usr/bin/ceph: stderr
2024-04-15T20:53:05.795+0000 7fe1c1dfd700 1 -- 172.21.15.72:0/633410359 shutdown_connections
2024-04-15T20:53:06.408 INFO:teuthology.orchestra.run.smithi072.stdout:/usr/bin/ceph: stderr
2024-04-15T20:53:05.795+0000 7fe1c1dfd700 1 --2- 172.21.15.72:0/633410359 >> [v2:172.21.15.72:6800/3853111144,v1:172.21.15.72:6801/3853111144] conn(0x7fe1a40383f0 0x7fe1a403a8a0 unknown :-1 s=CLOSED pgs=0 cs=0 l=1 rev1=0 crypto rx=0 tx=0 comp rx=0 tx=0).stop
2024-04-15T20:53:06.408 INFO:teuthology.orchestra.run.smithi072.stdout:/usr/bin/ceph: stderr
2024-04-15T20:53:05.795+0000 7fe1c1dfd700 1 --2- 172.21.15.72:0/633410359 >> [v2:172.21.15.72:3300/0,v1:172.21.15.72:6789/0] conn(0x7fe1bc103e00 0x7fe1bc1998a0 unknown :-1 s=CLOSED pgs=72 cs=0 l=1 rev1=1 crypto rx=0 tx=0 comp rx=0 tx=0).stop
2024-04-15T20:53:06.409 INFO:teuthology.orchestra.run.smithi072.stdout:/usr/bin/ceph: stderr
2024-04-15T20:53:05.795+0000 7fe1c1dfd700 1 -- 172.21.15.72:0/633410359 >> 172.21.15.72:0/633410359 conn(0x7fe1bc0ff7e0 msgr2=0x7fe1bc100e50 unknown :-1 s=STATE_NONE l=0).mark_down
2024-04-15T20:53:06.409 INFO:teuthology.orchestra.run.smithi072.stdout:/usr/bin/ceph: stderr
2024-04-15T20:53:05.795+0000 7fe1c1dfd700 1 -- 172.21.15.72:0/633410359 shutdown_connections
2024-04-15T20:53:06.409 INFO:teuthology.orchestra.run.smithi072.stdout:/usr/bin/ceph: stderr
2024-04-15T20:53:05.795+0000 7fe1c1dfd700 1 -- 172.21.15.72:0/633410359 wait complete.
2024-04-15T20:53:06.409 INFO:teuthology.orchestra.run.smithi072.stdout:Waiting for the mgr to restart...
2024-04-15T20:53:06.409 INFO:teuthology.orchestra.run.smithi072.stdout:Waiting for mgr epoch 9...
2024-04-15T20:53:06.652 INFO:journalctl@ceph.mon.smithi072.smithi072.stdout:Apr 15 20:53:06 smithi072 ceph-mon[29079]: from='client.? 172.21.15.72:0/633410359' entity='client.admin' cmd=[{"prefix": "mgr stat"}]: dispatch
2024-04-15T20:53:11.414 INFO:journalctl@ceph.mon.smithi072.smithi072.stdout:Apr 15 20:53:11 smithi072 ceph-mon[29079]: Active manager daemon smithi072.wfjmmp restarted
2024-04-15T20:53:11.415 INFO:journalctl@ceph.mon.smithi072.smithi072.stdout:Apr 15 20:53:11 smithi072 ceph-mon[29079]: Activating manager daemon smithi072.wfjmmp
2024-04-15T20:53:11.415 INFO:journalctl@ceph.mon.smithi072.smithi072.stdout:Apr 15 20:53:11 smithi072 ceph-mon[29079]: osdmap e3: 0 total, 0 up, 0 in
2024-04-15T20:53:11.415 INFO:journalctl@ceph.mon.smithi072.smithi072.stdout:Apr 15 20:53:11 smithi072 ceph-mon[29079]: mgrmap e10: smithi072.wfjmmp(active, starting, since 0.00375753s)
2024-04-15T20:53:11.415 INFO:journalctl@ceph.mon.smithi072.smithi072.stdout:Apr 15 20:53:11 smithi072 ceph-mon[29079]: from='mgr.14164 172.21.15.72:0/4108658838' entity='mgr.smithi072.wfjmmp' cmd=[{"prefix": "mon metadata", "id": "smithi072"}]: dispatch
2024-04-15T20:53:11.415 INFO:journalctl@ceph.mon.smithi072.smithi072.stdout:Apr 15 20:53:11 smithi072 ceph-mon[29079]: from='mgr.14164 172.21.15.72:0/4108658838' entity='mgr.smithi072.wfjmmp' cmd=[{"prefix": "mgr metadata", "who": "smithi072.wfjmmp", "id": "smithi072.wfjmmp"}]: dispatch
2024-04-15T20:53:11.415 INFO:journalctl@ceph.mon.smithi072.smithi072.stdout:Apr 15 20:53:11 smithi072 ceph-mon[29079]: from='mgr.14164 172.21.15.72:0/4108658838' entity='mgr.smithi072.wfjmmp' cmd=[{"prefix": "mds metadata"}]: dispatch
2024-04-15T20:53:11.415 INFO:journalctl@ceph.mon.smithi072.smithi072.stdout:Apr 15 20:53:11 smithi072 ceph-mon[29079]: from='mgr.14164 172.21.15.72:0/4108658838' entity='mgr.smithi072.wfjmmp' cmd=[{"prefix": "osd metadata"}]: dispatch
2024-04-15T20:53:11.415 INFO:journalctl@ceph.mon.smithi072.smithi072.stdout:Apr 15 20:53:11 smithi072 ceph-mon[29079]: from='mgr.14164 172.21.15.72:0/4108658838' entity='mgr.smithi072.wfjmmp' cmd=[{"prefix": "mon metadata"}]: dispatch
2024-04-15T20:53:11.415 INFO:journalctl@ceph.mon.smithi072.smithi072.stdout:Apr 15 20:53:11 smithi072 ceph-mon[29079]: Manager daemon smithi072.wfjmmp is now available
2024-04-15T20:53:11.415 INFO:journalctl@ceph.mon.smithi072.smithi072.stdout:Apr 15 20:53:11 smithi072 ceph-mon[29079]: from='mgr.14164 172.21.15.72:0/4108658838' entity='mgr.smithi072.wfjmmp' cmd=[{"prefix": "config dump", "format": "json"}]: dispatch
2024-04-15T20:53:11.415 INFO:journalctl@ceph.mon.smithi072.smithi072.stdout:Apr 15 20:53:11 smithi072 ceph-mon[29079]: from='mgr.14164 172.21.15.72:0/4108658838' entity='mgr.smithi072.wfjmmp' cmd=[{"prefix": "config dump", "format": "json"}]: dispatch
2024-04-15T20:53:11.415 INFO:journalctl@ceph.mon.smithi072.smithi072.stdout:Apr 15 20:53:11 smithi072 ceph-mon[29079]: from='mgr.14164 172.21.15.72:0/4108658838' entity='mgr.smithi072.wfjmmp' cmd=[{"prefix":"config rm","who":"mgr","name":"mgr/rbd_support/smithi072.wfjmmp/mirror_snapshot_schedule"}]: dispatch
2024-04-15T20:53:11.415 INFO:journalctl@ceph.mon.smithi072.smithi072.stdout:Apr 15 20:53:11 smithi072 ceph-mon[29079]: from='mgr.14164 172.21.15.72:0/4108658838' entity='mgr.smithi072.wfjmmp' cmd=[{"prefix":"config rm","who":"mgr","name":"mgr/rbd_support/smithi072.wfjmmp/trash_purge_schedule"}]: dispatch
2024-04-15T20:53:12.861 INFO:teuthology.orchestra.run.smithi072.stdout:/usr/bin/ceph: stdout {
2024-04-15T20:53:12.861 INFO:teuthology.orchestra.run.smithi072.stdout:/usr/bin/ceph: stdout "mgrmap_epoch": 11,
2024-04-15T20:53:12.861 INFO:teuthology.orchestra.run.smithi072.stdout:/usr/bin/ceph: stdout "initialized": true
2024-04-15T20:53:12.861 INFO:teuthology.orchestra.run.smithi072.stdout:/usr/bin/ceph: stdout }
2024-04-15T20:53:12.861 INFO:teuthology.orchestra.run.smithi072.stdout:/usr/bin/ceph: stderr
2024-04-15T20:53:06.859+0000 7f215c0df700 1 Processor -- start
2024-04-15T20:53:12.861 INFO:teuthology.orchestra.run.smithi072.stdout:/usr/bin/ceph: stderr
2024-04-15T20:53:06.860+0000 7f215c0df700 1 -- start start
2024-04-15T20:53:12.861 INFO:teuthology.orchestra.run.smithi072.stdout:/usr/bin/ceph: stderr
2024-04-15T20:53:06.860+0000 7f215c0df700 1 --2- >> [v2:172.21.15.72:3300/0,v1:172.21.15.72:6789/0] conn(0x7f2154107130 0x7f2154107540 unknown :-1 s=NONE pgs=0 cs=0 l=0 rev1=0 crypto rx=0 tx=0 comp rx=0 tx=0).connect
2024-04-15T20:53:12.862 INFO:teuthology.orchestra.run.smithi072.stdout:/usr/bin/ceph: stderr
2024-04-15T20:53:06.860+0000 7f215c0df700 1 -- --> [v2:172.21.15.72:3300/0,v1:172.21.15.72:6789/0] -- mon_getmap magic: 0 v1 -- 0x7f2154107a80 con 0x7f2154107130
2024-04-15T20:53:12.862 INFO:teuthology.orchestra.run.smithi072.stdout:/usr/bin/ceph: stderr
2024-04-15T20:53:06.860+0000 7f2159e7b700 1 --2- >> [v2:172.21.15.72:3300/0,v1:172.21.15.72:6789/0] conn(0x7f2154107130 0x7f2154107540 unknown :-1 s=BANNER_CONNECTING pgs=0 cs=0 l=0 rev1=0 crypto rx=0 tx=0 comp rx=0 tx=0)._handle_peer_banner_payload supported=3 required=0
2024-04-15T20:53:12.862 INFO:teuthology.orchestra.run.smithi072.stdout:/usr/bin/ceph: stderr
2024-04-15T20:53:06.860+0000 7f2159e7b700 1 --2- >> [v2:172.21.15.72:3300/0,v1:172.21.15.72:6789/0] conn(0x7f2154107130 0x7f2154107540 unknown :-1 s=HELLO_CONNECTING pgs=0 cs=0 l=0 rev1=1 crypto rx=0 tx=0 comp rx=0 tx=0).handle_hello peer v2:172.21.15.72:3300/0 says I am v2:172.21.15.72:39212/0 (socket says 172.21.15.72:39212)
2024-04-15T20:53:12.862 INFO:teuthology.orchestra.run.smithi072.stdout:/usr/bin/ceph: stderr
2024-04-15T20:53:06.860+0000 7f2159e7b700 1 -- 172.21.15.72:0/1198506373 learned_addr learned my addr 172.21.15.72:0/1198506373 (peer_addr_for_me v2:172.21.15.72:0/0)
2024-04-15T20:53:12.862 INFO:teuthology.orchestra.run.smithi072.stdout:/usr/bin/ceph: stderr
2024-04-15T20:53:06.860+0000 7f2159e7b700 1 -- 172.21.15.72:0/1198506373 --> [v2:172.21.15.72:3300/0,v1:172.21.15.72:6789/0] -- mon_subscribe({config=0+,monmap=0+}) v3 -- 0x7f2154107bc0 con 0x7f2154107130
2024-04-15T20:53:12.862 INFO:teuthology.orchestra.run.smithi072.stdout:/usr/bin/ceph: stderr
2024-04-15T20:53:06.860+0000 7f2159e7b700 1 --2- 172.21.15.72:0/1198506373 >> [v2:172.21.15.72:3300/0,v1:172.21.15.72:6789/0] conn(0x7f2154107130 0x7f2154107540 secure :-1 s=READY pgs=73 cs=0 l=1 rev1=1 crypto rx=0x7f21500098a0 tx=0x7f2150009bb0 comp rx=0 tx=0).ready entity=mon.0 client_cookie=f65af93843d7c2ab server_cookie=0 in_seq=0 out_seq=0
2024-04-15T20:53:12.862 INFO:teuthology.orchestra.run.smithi072.stdout:/usr/bin/ceph: stderr
2024-04-15T20:53:06.861+0000 7f2158e79700 1 -- 172.21.15.72:0/1198506373 <== mon.0 v2:172.21.15.72:3300/0 1 ==== mon_map magic: 0 v1 ==== 229+0+0 (secure 0 0 0) 0x7f2150004180 con 0x7f2154107130
2024-04-15T20:53:12.862 INFO:teuthology.orchestra.run.smithi072.stdout:/usr/bin/ceph: stderr
