2024-04-15T20:52:48.955+0000 7f6ba3ed8700 1 --2- 172.21.15.72:0/3541686982 >> [v2:172.21.15.72:3300/0,v1:172.21.15.72:6789/0] conn(0x7f6b9c106660 0x7f6b9c108a40 secure :-1 s=READY pgs=47 cs=0 l=1 rev1=1 crypto rx=0x7f6b980098a0 tx=0x7f6b98009bb0 comp rx=0 tx=0).stop
2024-04-15T20:52:49.865 INFO:teuthology.orchestra.run.smithi072.stdout:/usr/bin/ceph: stderr
2024-04-15T20:52:48.955+0000 7f6ba3ed8700 1 -- 172.21.15.72:0/3541686982 shutdown_connections
2024-04-15T20:52:49.865 INFO:teuthology.orchestra.run.smithi072.stdout:/usr/bin/ceph: stderr
2024-04-15T20:52:48.955+0000 7f6ba3ed8700 1 --2- 172.21.15.72:0/3541686982 >> [v2:172.21.15.72:3300/0,v1:172.21.15.72:6789/0] conn(0x7f6b9c106660 0x7f6b9c108a40 unknown :-1 s=CLOSED pgs=47 cs=0 l=1 rev1=1 crypto rx=0 tx=0 comp rx=0 tx=0).stop
2024-04-15T20:52:49.865 INFO:teuthology.orchestra.run.smithi072.stdout:/usr/bin/ceph: stderr
2024-04-15T20:52:48.955+0000 7f6ba3ed8700 1 -- 172.21.15.72:0/3541686982 >> 172.21.15.72:0/3541686982 conn(0x7f6b9c100060 msgr2=0x7f6b9c102490 unknown :-1 s=STATE_NONE l=0).mark_down
2024-04-15T20:52:49.865 INFO:teuthology.orchestra.run.smithi072.stdout:/usr/bin/ceph: stderr
2024-04-15T20:52:48.955+0000 7f6ba3ed8700 1 -- 172.21.15.72:0/3541686982 shutdown_connections
2024-04-15T20:52:49.865 INFO:teuthology.orchestra.run.smithi072.stdout:/usr/bin/ceph: stderr
2024-04-15T20:52:48.955+0000 7f6ba3ed8700 1 -- 172.21.15.72:0/3541686982 wait complete.
2024-04-15T20:52:49.865 INFO:teuthology.orchestra.run.smithi072.stdout:/usr/bin/ceph: stderr
2024-04-15T20:52:48.956+0000 7f6ba3ed8700 1 Processor -- start
2024-04-15T20:52:49.865 INFO:teuthology.orchestra.run.smithi072.stdout:/usr/bin/ceph: stderr
2024-04-15T20:52:48.956+0000 7f6ba3ed8700 1 -- start start
2024-04-15T20:52:49.865 INFO:teuthology.orchestra.run.smithi072.stdout:/usr/bin/ceph: stderr
2024-04-15T20:52:48.956+0000 7f6ba3ed8700 1 --2- >> [v2:172.21.15.72:3300/0,v1:172.21.15.72:6789/0] conn(0x7f6b9c106660 0x7f6b9c199830 unknown :-1 s=NONE pgs=0 cs=0 l=1 rev1=0 crypto rx=0 tx=0 comp rx=0 tx=0).connect
2024-04-15T20:52:49.865 INFO:teuthology.orchestra.run.smithi072.stdout:/usr/bin/ceph: stderr
2024-04-15T20:52:48.956+0000 7f6ba3ed8700 1 -- --> [v2:172.21.15.72:3300/0,v1:172.21.15.72:6789/0] -- mon_getmap magic: 0 v1 -- 0x7f6b9c199d70 con 0x7f6b9c106660
2024-04-15T20:52:49.866 INFO:teuthology.orchestra.run.smithi072.stdout:/usr/bin/ceph: stderr
2024-04-15T20:52:48.956+0000 7f6ba1c74700 1 --2- >> [v2:172.21.15.72:3300/0,v1:172.21.15.72:6789/0] conn(0x7f6b9c106660 0x7f6b9c199830 unknown :-1 s=BANNER_CONNECTING pgs=0 cs=0 l=1 rev1=0 crypto rx=0 tx=0 comp rx=0 tx=0)._handle_peer_banner_payload supported=3 required=0
2024-04-15T20:52:49.866 INFO:teuthology.orchestra.run.smithi072.stdout:/usr/bin/ceph: stderr
2024-04-15T20:52:48.956+0000 7f6ba1c74700 1 --2- >> [v2:172.21.15.72:3300/0,v1:172.21.15.72:6789/0] conn(0x7f6b9c106660 0x7f6b9c199830 unknown :-1 s=HELLO_CONNECTING pgs=0 cs=0 l=1 rev1=1 crypto rx=0 tx=0 comp rx=0 tx=0).handle_hello peer v2:172.21.15.72:3300/0 says I am v2:172.21.15.72:54610/0 (socket says 172.21.15.72:54610)
2024-04-15T20:52:49.866 INFO:teuthology.orchestra.run.smithi072.stdout:/usr/bin/ceph: stderr
2024-04-15T20:52:48.956+0000 7f6ba1c74700 1 -- 172.21.15.72:0/1223185936 learned_addr learned my addr 172.21.15.72:0/1223185936 (peer_addr_for_me v2:172.21.15.72:0/0)
2024-04-15T20:52:49.866 INFO:teuthology.orchestra.run.smithi072.stdout:/usr/bin/ceph: stderr
2024-04-15T20:52:48.956+0000 7f6ba1c74700 1 -- 172.21.15.72:0/1223185936 --> [v2:172.21.15.72:3300/0,v1:172.21.15.72:6789/0] -- mon_subscribe({config=0+,monmap=0+}) v3 -- 0x7f6b98009550 con 0x7f6b9c106660
2024-04-15T20:52:49.866 INFO:teuthology.orchestra.run.smithi072.stdout:/usr/bin/ceph: stderr
2024-04-15T20:52:48.956+0000 7f6ba1c74700 1 --2- 172.21.15.72:0/1223185936 >> [v2:172.21.15.72:3300/0,v1:172.21.15.72:6789/0] conn(0x7f6b9c106660 0x7f6b9c199830 secure :-1 s=READY pgs=48 cs=0 l=1 rev1=1 crypto rx=0x7f6b98006af0 tx=0x7f6b98011a90 comp rx=0 tx=0).ready entity=mon.0 client_cookie=0 server_cookie=0 in_seq=0 out_seq=0
2024-04-15T20:52:49.866 INFO:teuthology.orchestra.run.smithi072.stdout:/usr/bin/ceph: stderr
2024-04-15T20:52:48.957+0000 7f6b8effd700 1 -- 172.21.15.72:0/1223185936 <== mon.0 v2:172.21.15.72:3300/0 1 ==== mon_map magic: 0 v1 ==== 229+0+0 (secure 0 0 0) 0x7f6b98003b90 con 0x7f6b9c106660
2024-04-15T20:52:49.866 INFO:teuthology.orchestra.run.smithi072.stdout:/usr/bin/ceph: stderr
2024-04-15T20:52:48.957+0000 7f6b8effd700 1 -- 172.21.15.72:0/1223185936 <== mon.0 v2:172.21.15.72:3300/0 2 ==== config(27 keys) v1 ==== 1037+0+0 (secure 0 0 0) 0x7f6b9801a8a0 con 0x7f6b9c106660
2024-04-15T20:52:49.866 INFO:teuthology.orchestra.run.smithi072.stdout:/usr/bin/ceph: stderr
2024-04-15T20:52:48.957+0000 7f6ba3ed8700 1 -- 172.21.15.72:0/1223185936 --> [v2:172.21.15.72:3300/0,v1:172.21.15.72:6789/0] -- mon_subscribe({mgrmap=0+}) v3 -- 0x7f6b9c199fd0 con 0x7f6b9c106660
2024-04-15T20:52:49.866 INFO:teuthology.orchestra.run.smithi072.stdout:/usr/bin/ceph: stderr
2024-04-15T20:52:48.957+0000 7f6b8effd700 1 -- 172.21.15.72:0/1223185936 <== mon.0 v2:172.21.15.72:3300/0 3 ==== mon_map magic: 0 v1 ==== 229+0+0 (secure 0 0 0) 0x7f6b98019880 con 0x7f6b9c106660
2024-04-15T20:52:49.866 INFO:teuthology.orchestra.run.smithi072.stdout:/usr/bin/ceph: stderr
2024-04-15T20:52:48.957+0000 7f6ba3ed8700 1 -- 172.21.15.72:0/1223185936 --> [v2:172.21.15.72:3300/0,v1:172.21.15.72:6789/0] -- mon_subscribe({osdmap=0}) v3 -- 0x7f6b9c19a450 con 0x7f6b9c106660
2024-04-15T20:52:49.866 INFO:teuthology.orchestra.run.smithi072.stdout:/usr/bin/ceph: stderr
2024-04-15T20:52:48.957+0000 7f6b8effd700 1 -- 172.21.15.72:0/1223185936 <== mon.0 v2:172.21.15.72:3300/0 4 ==== mgrmap(e 8) v1 ==== 45084+0+0 (secure 0 0 0) 0x7f6b9801a430 con 0x7f6b9c106660
2024-04-15T20:52:49.866 INFO:teuthology.orchestra.run.smithi072.stdout:/usr/bin/ceph: stderr
2024-04-15T20:52:48.958+0000 7f6ba3ed8700 1 -- 172.21.15.72:0/1223185936 --> [v2:172.21.15.72:3300/0,v1:172.21.15.72:6789/0] -- mon_command({"prefix": "get_command_descriptions"} v 0) v1 -- 0x7f6b9c0623f0 con 0x7f6b9c106660
2024-04-15T20:52:49.866 INFO:teuthology.orchestra.run.smithi072.stdout:/usr/bin/ceph: stderr
2024-04-15T20:52:48.958+0000 7f6b8effd700 1 --2- 172.21.15.72:0/1223185936 >> [v2:172.21.15.72:6800/3853111144,v1:172.21.15.72:6801/3853111144] conn(0x7f6b880383b0 0x7f6b8803a860 unknown :-1 s=NONE pgs=0 cs=0 l=1 rev1=0 crypto rx=0 tx=0 comp rx=0 tx=0).connect
2024-04-15T20:52:49.866 INFO:teuthology.orchestra.run.smithi072.stdout:/usr/bin/ceph: stderr
2024-04-15T20:52:48.958+0000 7f6b8effd700 1 -- 172.21.15.72:0/1223185936 <== mon.0 v2:172.21.15.72:3300/0 5 ==== osd_map(2..2 src has 1..2) v4 ==== 940+0+0 (secure 0 0 0) 0x7f6b9804c840 con 0x7f6b9c106660
2024-04-15T20:52:49.867 INFO:teuthology.orchestra.run.smithi072.stdout:/usr/bin/ceph: stderr
2024-04-15T20:52:48.958+0000 7f6ba1473700 1 --2- 172.21.15.72:0/1223185936 >> [v2:172.21.15.72:6800/3853111144,v1:172.21.15.72:6801/3853111144] conn(0x7f6b880383b0 0x7f6b8803a860 unknown :-1 s=BANNER_CONNECTING pgs=0 cs=0 l=1 rev1=0 crypto rx=0 tx=0 comp rx=0 tx=0)._handle_peer_banner_payload supported=3 required=0
2024-04-15T20:52:49.867 INFO:teuthology.orchestra.run.smithi072.stdout:/usr/bin/ceph: stderr
2024-04-15T20:52:48.958+0000 7f6ba1473700 1 --2- 172.21.15.72:0/1223185936 >> [v2:172.21.15.72:6800/3853111144,v1:172.21.15.72:6801/3853111144] conn(0x7f6b880383b0 0x7f6b8803a860 secure :-1 s=READY pgs=12 cs=0 l=1 rev1=1 crypto rx=0x7f6b90006fd0 tx=0x7f6b90006e40 comp rx=0 tx=0).ready entity=mgr.14120 client_cookie=0 server_cookie=0 in_seq=0 out_seq=0
2024-04-15T20:52:49.867 INFO:teuthology.orchestra.run.smithi072.stdout:/usr/bin/ceph: stderr
2024-04-15T20:52:48.963+0000 7f6b8effd700 1 -- 172.21.15.72:0/1223185936 <== mon.0 v2:172.21.15.72:3300/0 6 ==== mon_command_ack([{"prefix": "get_command_descriptions"}]=0 v0) v1 ==== 72+0+177933 (secure 0 0 0) 0x7f6b9c0623f0 con 0x7f6b9c106660
2024-04-15T20:52:49.867 INFO:teuthology.orchestra.run.smithi072.stdout:/usr/bin/ceph: stderr
2024-04-15T20:52:49.182+0000 7f6ba3ed8700 1 -- 172.21.15.72:0/1223185936 --> [v2:172.21.15.72:6800/3853111144,v1:172.21.15.72:6801/3853111144] -- mgr_command(tid 0: {"prefix": "orch apply", "service_type": "mon", "target": ["mon-mgr", ""]}) v1 -- 0x7f6b9c062380 con 0x7f6b880383b0
2024-04-15T20:52:49.867 INFO:teuthology.orchestra.run.smithi072.stdout:/usr/bin/ceph: stderr
2024-04-15T20:52:49.187+0000 7f6b8effd700 1 -- 172.21.15.72:0/1223185936 <== mgr.14120 v2:172.21.15.72:6800/3853111144 1 ==== mgr_command_reply(tid 0: 0 ) v1 ==== 8+0+24 (secure 0 0 0) 0x7f6b9c062380 con 0x7f6b880383b0
2024-04-15T20:52:49.867 INFO:teuthology.orchestra.run.smithi072.stdout:/usr/bin/ceph: stderr
2024-04-15T20:52:49.189+0000 7f6ba3ed8700 1 -- 172.21.15.72:0/1223185936 >> [v2:172.21.15.72:6800/3853111144,v1:172.21.15.72:6801/3853111144] conn(0x7f6b880383b0 msgr2=0x7f6b8803a860 secure :-1 s=STATE_CONNECTION_ESTABLISHED l=1).mark_down
2024-04-15T20:52:49.867 INFO:teuthology.orchestra.run.smithi072.stdout:/usr/bin/ceph: stderr
2024-04-15T20:52:49.189+0000 7f6ba3ed8700 1 --2- 172.21.15.72:0/1223185936 >> [v2:172.21.15.72:6800/3853111144,v1:172.21.15.72:6801/3853111144] conn(0x7f6b880383b0 0x7f6b8803a860 secure :-1 s=READY pgs=12 cs=0 l=1 rev1=1 crypto rx=0x7f6b90006fd0 tx=0x7f6b90006e40 comp rx=0 tx=0).stop
2024-04-15T20:52:49.867 INFO:teuthology.orchestra.run.smithi072.stdout:/usr/bin/ceph: stderr
2024-04-15T20:52:49.189+0000 7f6ba3ed8700 1 -- 172.21.15.72:0/1223185936 >> [v2:172.21.15.72:3300/0,v1:172.21.15.72:6789/0] conn(0x7f6b9c106660 msgr2=0x7f6b9c199830 secure :-1 s=STATE_CONNECTION_ESTABLISHED l=1).mark_down
2024-04-15T20:52:49.867 INFO:teuthology.orchestra.run.smithi072.stdout:/usr/bin/ceph: stderr
2024-04-15T20:52:49.189+0000 7f6ba3ed8700 1 --2- 172.21.15.72:0/1223185936 >> [v2:172.21.15.72:3300/0,v1:172.21.15.72:6789/0] conn(0x7f6b9c106660 0x7f6b9c199830 secure :-1 s=READY pgs=48 cs=0 l=1 rev1=1 crypto rx=0x7f6b98006af0 tx=0x7f6b98011a90 comp rx=0 tx=0).stop
2024-04-15T20:52:49.867 INFO:teuthology.orchestra.run.smithi072.stdout:/usr/bin/ceph: stderr
2024-04-15T20:52:49.189+0000 7f6ba3ed8700 1 -- 172.21.15.72:0/1223185936 shutdown_connections
2024-04-15T20:52:49.867 INFO:teuthology.orchestra.run.smithi072.stdout:/usr/bin/ceph: stderr
2024-04-15T20:52:49.189+0000 7f6ba3ed8700 1 --2- 172.21.15.72:0/1223185936 >> [v2:172.21.15.72:6800/3853111144,v1:172.21.15.72:6801/3853111144] conn(0x7f6b880383b0 0x7f6b8803a860 unknown :-1 s=CLOSED pgs=12 cs=0 l=1 rev1=1 crypto rx=0 tx=0 comp rx=0 tx=0).stop
2024-04-15T20:52:49.867 INFO:teuthology.orchestra.run.smithi072.stdout:/usr/bin/ceph: stderr
2024-04-15T20:52:49.189+0000 7f6ba3ed8700 1 --2- 172.21.15.72:0/1223185936 >> [v2:172.21.15.72:3300/0,v1:172.21.15.72:6789/0] conn(0x7f6b9c106660 0x7f6b9c199830 unknown :-1 s=CLOSED pgs=48 cs=0 l=1 rev1=1 crypto rx=0 tx=0 comp rx=0 tx=0).stop
2024-04-15T20:52:49.867 INFO:teuthology.orchestra.run.smithi072.stdout:/usr/bin/ceph: stderr
2024-04-15T20:52:49.189+0000 7f6ba3ed8700 1 -- 172.21.15.72:0/1223185936 >> 172.21.15.72:0/1223185936 conn(0x7f6b9c100060 msgr2=0x7f6b9c1017b0 unknown :-1 s=STATE_NONE l=0).mark_down
2024-04-15T20:52:49.868 INFO:teuthology.orchestra.run.smithi072.stdout:/usr/bin/ceph: stderr
2024-04-15T20:52:49.189+0000 7f6ba3ed8700 1 -- 172.21.15.72:0/1223185936 shutdown_connections
2024-04-15T20:52:49.868 INFO:teuthology.orchestra.run.smithi072.stdout:/usr/bin/ceph: stderr
2024-04-15T20:52:49.189+0000 7f6ba3ed8700 1 -- 172.21.15.72:0/1223185936 wait complete.
2024-04-15T20:52:49.868 INFO:teuthology.orchestra.run.smithi072.stdout:Deploying mgr service with default placement...
2024-04-15T20:52:50.414 INFO:journalctl@ceph.mon.smithi072.smithi072.stdout:Apr 15 20:52:50 smithi072 ceph-mon[29079]: from='client.14142 -' entity='client.admin' cmd=[{"prefix": "orch apply", "service_type": "mon", "target": ["mon-mgr", ""]}]: dispatch
2024-04-15T20:52:50.414 INFO:journalctl@ceph.mon.smithi072.smithi072.stdout:Apr 15 20:52:50 smithi072 ceph-mon[29079]: Saving service mon spec with placement count:5
2024-04-15T20:52:50.414 INFO:journalctl@ceph.mon.smithi072.smithi072.stdout:Apr 15 20:52:50 smithi072 ceph-mon[29079]: from='mgr.14120 172.21.15.72:0/3339887649' entity='mgr.smithi072.wfjmmp'
2024-04-15T20:52:51.307 INFO:teuthology.orchestra.run.smithi072.stdout:/usr/bin/ceph: stdout Scheduled mgr update...
2024-04-15T20:52:51.307 INFO:teuthology.orchestra.run.smithi072.stdout:/usr/bin/ceph: stderr
2024-04-15T20:52:50.266+0000 7fdb411e5700 1 Processor -- start
2024-04-15T20:52:51.307 INFO:teuthology.orchestra.run.smithi072.stdout:/usr/bin/ceph: stderr
2024-04-15T20:52:50.266+0000 7fdb411e5700 1 -- start start
2024-04-15T20:52:51.307 INFO:teuthology.orchestra.run.smithi072.stdout:/usr/bin/ceph: stderr
2024-04-15T20:52:50.267+0000 7fdb411e5700 1 --2- >> [v2:172.21.15.72:3300/0,v1:172.21.15.72:6789/0] conn(0x7fdb3c104a10 0x7fdb3c104e20 unknown :-1 s=NONE pgs=0 cs=0 l=0 rev1=0 crypto rx=0 tx=0 comp rx=0 tx=0).connect
2024-04-15T20:52:51.307 INFO:teuthology.orchestra.run.smithi072.stdout:/usr/bin/ceph: stderr
2024-04-15T20:52:50.267+0000 7fdb411e5700 1 -- --> [v2:172.21.15.72:3300/0,v1:172.21.15.72:6789/0] -- mon_getmap magic: 0 v1 -- 0x7fdb3c105360 con 0x7fdb3c104a10
2024-04-15T20:52:51.307 INFO:teuthology.orchestra.run.smithi072.stdout:/usr/bin/ceph: stderr
2024-04-15T20:52:50.267+0000 7fdb3ad9d700 1 --2- >> [v2:172.21.15.72:3300/0,v1:172.21.15.72:6789/0] conn(0x7fdb3c104a10 0x7fdb3c104e20 unknown :-1 s=BANNER_CONNECTING pgs=0 cs=0 l=0 rev1=0 crypto rx=0 tx=0 comp rx=0 tx=0)._handle_peer_banner_payload supported=3 required=0
2024-04-15T20:52:51.307 INFO:teuthology.orchestra.run.smithi072.stdout:/usr/bin/ceph: stderr
2024-04-15T20:52:50.267+0000 7fdb3ad9d700 1 --2- >> [v2:172.21.15.72:3300/0,v1:172.21.15.72:6789/0] conn(0x7fdb3c104a10 0x7fdb3c104e20 unknown :-1 s=HELLO_CONNECTING pgs=0 cs=0 l=0 rev1=1 crypto rx=0 tx=0 comp rx=0 tx=0).handle_hello peer v2:172.21.15.72:3300/0 says I am v2:172.21.15.72:54624/0 (socket says 172.21.15.72:54624)
2024-04-15T20:52:51.307 INFO:teuthology.orchestra.run.smithi072.stdout:/usr/bin/ceph: stderr
2024-04-15T20:52:50.267+0000 7fdb3ad9d700 1 -- 172.21.15.72:0/2750169532 learned_addr learned my addr 172.21.15.72:0/2750169532 (peer_addr_for_me v2:172.21.15.72:0/0)
2024-04-15T20:52:51.307 INFO:teuthology.orchestra.run.smithi072.stdout:/usr/bin/ceph: stderr
2024-04-15T20:52:50.267+0000 7fdb3ad9d700 1 -- 172.21.15.72:0/2750169532 --> [v2:172.21.15.72:3300/0,v1:172.21.15.72:6789/0] -- mon_subscribe({config=0+,monmap=0+}) v3 -- 0x7fdb3c1054a0 con 0x7fdb3c104a10
2024-04-15T20:52:51.307 INFO:teuthology.orchestra.run.smithi072.stdout:/usr/bin/ceph: stderr
2024-04-15T20:52:50.267+0000 7fdb3ad9d700 1 --2- 172.21.15.72:0/2750169532 >> [v2:172.21.15.72:3300/0,v1:172.21.15.72:6789/0] conn(0x7fdb3c104a10 0x7fdb3c104e20 secure :-1 s=READY pgs=49 cs=0 l=1 rev1=1 crypto rx=0x7fdb2c0098a0 tx=0x7fdb2c009bb0 comp rx=0 tx=0).ready entity=mon.0 client_cookie=d0a898b396e364e8 server_cookie=0 in_seq=0 out_seq=0
2024-04-15T20:52:51.307 INFO:teuthology.orchestra.run.smithi072.stdout:/usr/bin/ceph: stderr
2024-04-15T20:52:50.267+0000 7fdb39d9b700 1 -- 172.21.15.72:0/2750169532 <== mon.0 v2:172.21.15.72:3300/0 1 ==== mon_map magic: 0 v1 ==== 229+0+0 (secure 0 0 0) 0x7fdb2c004180 con 0x7fdb3c104a10
2024-04-15T20:52:51.308 INFO:teuthology.orchestra.run.smithi072.stdout:/usr/bin/ceph: stderr
2024-04-15T20:52:50.267+0000 7fdb39d9b700 1 -- 172.21.15.72:0/2750169532 <== mon.0 v2:172.21.15.72:3300/0 2 ==== config(27 keys) v1 ==== 1037+0+0 (secure 0 0 0) 0x7fdb2c0042e0 con 0x7fdb3c104a10
2024-04-15T20:52:51.308 INFO:teuthology.orchestra.run.smithi072.stdout:/usr/bin/ceph: stderr
2024-04-15T20:52:50.267+0000 7fdb39d9b700 1 -- 172.21.15.72:0/2750169532 <== mon.0 v2:172.21.15.72:3300/0 3 ==== mon_map magic: 0 v1 ==== 229+0+0 (secure 0 0 0) 0x7fdb2c011a50 con 0x7fdb3c104a10
2024-04-15T20:52:51.308 INFO:teuthology.orchestra.run.smithi072.stdout:/usr/bin/ceph: stderr
2024-04-15T20:52:50.268+0000 7fdb411e5700 1 -- 172.21.15.72:0/2750169532 >> [v2:172.21.15.72:3300/0,v1:172.21.15.72:6789/0] conn(0x7fdb3c104a10 msgr2=0x7fdb3c104e20 secure :-1 s=STATE_CONNECTION_ESTABLISHED l=1).mark_down
2024-04-15T20:52:51.308 INFO:teuthology.orchestra.run.smithi072.stdout:/usr/bin/ceph: stderr
2024-04-15T20:52:50.268+0000 7fdb411e5700 1 --2- 172.21.15.72:0/2750169532 >> [v2:172.21.15.72:3300/0,v1:172.21.15.72:6789/0] conn(0x7fdb3c104a10 0x7fdb3c104e20 secure :-1 s=READY pgs=49 cs=0 l=1 rev1=1 crypto rx=0x7fdb2c0098a0 tx=0x7fdb2c009bb0 comp rx=0 tx=0).stop
2024-04-15T20:52:51.308 INFO:teuthology.orchestra.run.smithi072.stdout:/usr/bin/ceph: stderr
2024-04-15T20:52:50.268+0000 7fdb411e5700 1 -- 172.21.15.72:0/2750169532 shutdown_connections
2024-04-15T20:52:51.308 INFO:teuthology.orchestra.run.smithi072.stdout:/usr/bin/ceph: stderr
2024-04-15T20:52:50.268+0000 7fdb411e5700 1 --2- 172.21.15.72:0/2750169532 >> [v2:172.21.15.72:3300/0,v1:172.21.15.72:6789/0] conn(0x7fdb3c104a10 0x7fdb3c104e20 unknown :-1 s=CLOSED pgs=49 cs=0 l=1 rev1=1 crypto rx=0 tx=0 comp rx=0 tx=0).stop
2024-04-15T20:52:51.308 INFO:teuthology.orchestra.run.smithi072.stdout:/usr/bin/ceph: stderr
2024-04-15T20:52:50.268+0000 7fdb411e5700 1 -- 172.21.15.72:0/2750169532 >> 172.21.15.72:0/2750169532 conn(0x7fdb3c100060 msgr2=0x7fdb3c102490 unknown :-1 s=STATE_NONE l=0).mark_down
2024-04-15T20:52:51.308 INFO:teuthology.orchestra.run.smithi072.stdout:/usr/bin/ceph: stderr
2024-04-15T20:52:50.268+0000 7fdb411e5700 1 -- 172.21.15.72:0/2750169532 shutdown_connections
2024-04-15T20:52:51.308 INFO:teuthology.orchestra.run.smithi072.stdout:/usr/bin/ceph: stderr
2024-04-15T20:52:50.268+0000 7fdb411e5700 1 -- 172.21.15.72:0/2750169532 wait complete.
2024-04-15T20:52:51.308 INFO:teuthology.orchestra.run.smithi072.stdout:/usr/bin/ceph: stderr
2024-04-15T20:52:50.269+0000 7fdb411e5700 1 Processor -- start
2024-04-15T20:52:51.308 INFO:teuthology.orchestra.run.smithi072.stdout:/usr/bin/ceph: stderr
2024-04-15T20:52:50.269+0000 7fdb411e5700 1 -- start start
2024-04-15T20:52:51.308 INFO:teuthology.orchestra.run.smithi072.stdout:/usr/bin/ceph: stderr
2024-04-15T20:52:50.269+0000 7fdb411e5700 1 --2- >> [v2:172.21.15.72:3300/0,v1:172.21.15.72:6789/0] conn(0x7fdb3c104a10 0x7fdb3c198730 unknown :-1 s=NONE pgs=0 cs=0 l=1 rev1=0 crypto rx=0 tx=0 comp rx=0 tx=0).connect
2024-04-15T20:52:51.308 INFO:teuthology.orchestra.run.smithi072.stdout:/usr/bin/ceph: stderr
2024-04-15T20:52:50.269+0000 7fdb411e5700 1 -- --> [v2:172.21.15.72:3300/0,v1:172.21.15.72:6789/0] -- mon_getmap magic: 0 v1 -- 0x7fdb3c198c70 con 0x7fdb3c104a10
2024-04-15T20:52:51.309 INFO:teuthology.orchestra.run.smithi072.stdout:/usr/bin/ceph: stderr
2024-04-15T20:52:50.269+0000 7fdb3ad9d700 1 --2- >> [v2:172.21.15.72:3300/0,v1:172.21.15.72:6789/0] conn(0x7fdb3c104a10 0x7fdb3c198730 unknown :-1 s=BANNER_CONNECTING pgs=0 cs=0 l=1 rev1=0 crypto rx=0 tx=0 comp rx=0 tx=0)._handle_peer_banner_payload supported=3 required=0
2024-04-15T20:52:51.309 INFO:teuthology.orchestra.run.smithi072.stdout:/usr/bin/ceph: stderr
2024-04-15T20:52:50.269+0000 7fdb3ad9d700 1 --2- >> [v2:172.21.15.72:3300/0,v1:172.21.15.72:6789/0] conn(0x7fdb3c104a10 0x7fdb3c198730 unknown :-1 s=HELLO_CONNECTING pgs=0 cs=0 l=1 rev1=1 crypto rx=0 tx=0 comp rx=0 tx=0).handle_hello peer v2:172.21.15.72:3300/0 says I am v2:172.21.15.72:54630/0 (socket says 172.21.15.72:54630)
2024-04-15T20:52:51.309 INFO:teuthology.orchestra.run.smithi072.stdout:/usr/bin/ceph: stderr
2024-04-15T20:52:50.269+0000 7fdb3ad9d700 1 -- 172.21.15.72:0/2112573962 learned_addr learned my addr 172.21.15.72:0/2112573962 (peer_addr_for_me v2:172.21.15.72:0/0)
2024-04-15T20:52:51.309 INFO:teuthology.orchestra.run.smithi072.stdout:/usr/bin/ceph: stderr
2024-04-15T20:52:50.269+0000 7fdb3ad9d700 1 -- 172.21.15.72:0/2112573962 --> [v2:172.21.15.72:3300/0,v1:172.21.15.72:6789/0] -- mon_subscribe({config=0+,monmap=0+}) v3 -- 0x7fdb2c009550 con 0x7fdb3c104a10
2024-04-15T20:52:51.309 INFO:teuthology.orchestra.run.smithi072.stdout:/usr/bin/ceph: stderr
2024-04-15T20:52:50.269+0000 7fdb3ad9d700 1 --2- 172.21.15.72:0/2112573962 >> [v2:172.21.15.72:3300/0,v1:172.21.15.72:6789/0] conn(0x7fdb3c104a10 0x7fdb3c198730 secure :-1 s=READY pgs=50 cs=0 l=1 rev1=1 crypto rx=0x7fdb2c0119e0 tx=0x7fdb2c011ac0 comp rx=0 tx=0).ready entity=mon.0 client_cookie=0 server_cookie=0 in_seq=0 out_seq=0
2024-04-15T20:52:51.309 INFO:teuthology.orchestra.run.smithi072.stdout:/usr/bin/ceph: stderr
2024-04-15T20:52:50.270+0000 7fdb23fff700 1 -- 172.21.15.72:0/2112573962 <== mon.0 v2:172.21.15.72:3300/0 1 ==== mon_map magic: 0 v1 ==== 229+0+0 (secure 0 0 0) 0x7fdb2c003b90 con 0x7fdb3c104a10
2024-04-15T20:52:51.309 INFO:teuthology.orchestra.run.smithi072.stdout:/usr/bin/ceph: stderr
2024-04-15T20:52:50.270+0000 7fdb23fff700 1 -- 172.21.15.72:0/2112573962 <== mon.0 v2:172.21.15.72:3300/0 2 ==== config(27 keys) v1 ==== 1037+0+0 (secure 0 0 0) 0x7fdb2c01a8a0 con 0x7fdb3c104a10
2024-04-15T20:52:51.309 INFO:teuthology.orchestra.run.smithi072.stdout:/usr/bin/ceph: stderr
2024-04-15T20:52:50.270+0000 7fdb411e5700 1 -- 172.21.15.72:0/2112573962 --> [v2:172.21.15.72:3300/0,v1:172.21.15.72:6789/0] -- mon_subscribe({mgrmap=0+}) v3 -- 0x7fdb3c198e70 con 0x7fdb3c104a10
2024-04-15T20:52:51.309 INFO:teuthology.orchestra.run.smithi072.stdout:/usr/bin/ceph: stderr
2024-04-15T20:52:50.270+0000 7fdb23fff700 1 -- 172.21.15.72:0/2112573962 <== mon.0 v2:172.21.15.72:3300/0 3 ==== mon_map magic: 0 v1 ==== 229+0+0 (secure 0 0 0) 0x7fdb2c019930 con 0x7fdb3c104a10
2024-04-15T20:52:51.309 INFO:teuthology.orchestra.run.smithi072.stdout:/usr/bin/ceph: stderr
2024-04-15T20:52:50.270+0000 7fdb411e5700 1 -- 172.21.15.72:0/2112573962 --> [v2:172.21.15.72:3300/0,v1:172.21.15.72:6789/0] -- mon_subscribe({osdmap=0}) v3 -- 0x7fdb3c199290 con 0x7fdb3c104a10
2024-04-15T20:52:51.309 INFO:teuthology.orchestra.run.smithi072.stdout:/usr/bin/ceph: stderr
2024-04-15T20:52:50.271+0000 7fdb23fff700 1 -- 172.21.15.72:0/2112573962 <== mon.0 v2:172.21.15.72:3300/0 4 ==== mgrmap(e 8) v1 ==== 45084+0+0 (secure 0 0 0) 0x7fdb2c019bf0 con 0x7fdb3c104a10
2024-04-15T20:52:51.309 INFO:teuthology.orchestra.run.smithi072.stdout:/usr/bin/ceph: stderr
2024-04-15T20:52:50.271+0000 7fdb411e5700 1 -- 172.21.15.72:0/2112573962 --> [v2:172.21.15.72:3300/0,v1:172.21.15.72:6789/0] -- mon_command({"prefix": "get_command_descriptions"} v 0) v1 -- 0x7fdb3c062380 con 0x7fdb3c104a10
2024-04-15T20:52:51.309 INFO:teuthology.orchestra.run.smithi072.stdout:/usr/bin/ceph: stderr
2024-04-15T20:52:50.271+0000 7fdb23fff700 1 --2- 172.21.15.72:0/2112573962 >> [v2:172.21.15.72:6800/3853111144,v1:172.21.15.72:6801/3853111144] conn(0x7fdb240383b0 0x7fdb2403a860 unknown :-1 s=NONE pgs=0 cs=0 l=1 rev1=0 crypto rx=0 tx=0 comp rx=0 tx=0).connect
2024-04-15T20:52:51.309 INFO:teuthology.orchestra.run.smithi072.stdout:/usr/bin/ceph: stderr
2024-04-15T20:52:50.271+0000 7fdb23fff700 1 -- 172.21.15.72:0/2112573962 <== mon.0 v2:172.21.15.72:3300/0 5 ==== osd_map(2..2 src has 1..2) v4 ==== 940+0+0 (secure 0 0 0) 0x7fdb2c04c730 con 0x7fdb3c104a10
2024-04-15T20:52:51.310 INFO:teuthology.orchestra.run.smithi072.stdout:/usr/bin/ceph: stderr
2024-04-15T20:52:50.271+0000 7fdb3a59c700 1 --2- 172.21.15.72:0/2112573962 >> [v2:172.21.15.72:6800/3853111144,v1:172.21.15.72:6801/3853111144] conn(0x7fdb240383b0 0x7fdb2403a860 unknown :-1 s=BANNER_CONNECTING pgs=0 cs=0 l=1 rev1=0 crypto rx=0 tx=0 comp rx=0 tx=0)._handle_peer_banner_payload supported=3 required=0
2024-04-15T20:52:51.310 INFO:teuthology.orchestra.run.smithi072.stdout:/usr/bin/ceph: stderr
2024-04-15T20:52:50.271+0000 7fdb3a59c700 1 --2- 172.21.15.72:0/2112573962 >> [v2:172.21.15.72:6800/3853111144,v1:172.21.15.72:6801/3853111144] conn(0x7fdb240383b0 0x7fdb2403a860 secure :-1 s=READY pgs=13 cs=0 l=1 rev1=1 crypto rx=0x7fdb30006fd0 tx=0x7fdb30006e40 comp rx=0 tx=0).ready entity=mgr.14120 client_cookie=0 server_cookie=0 in_seq=0 out_seq=0
2024-04-15T20:52:51.310 INFO:teuthology.orchestra.run.smithi072.stdout:/usr/bin/ceph: stderr
2024-04-15T20:52:50.275+0000 7fdb23fff700 1 -- 172.21.15.72:0/2112573962 <== mon.0 v2:172.21.15.72:3300/0 6 ==== mon_command_ack([{"prefix": "get_command_descriptions"}]=0 v0) v1 ==== 72+0+177933 (secure 0 0 0) 0x7fdb2c02b700 con 0x7fdb3c104a10
2024-04-15T20:52:51.310 INFO:teuthology.orchestra.run.smithi072.stdout:/usr/bin/ceph: stderr
2024-04-15T20:52:50.480+0000 7fdb411e5700 1 -- 172.21.15.72:0/2112573962 --> [v2:172.21.15.72:6800/3853111144,v1:172.21.15.72:6801/3853111144] -- mgr_command(tid 0: {"prefix": "orch apply", "service_type": "mgr", "target": ["mon-mgr", ""]}) v1 -- 0x7fdb3c101520 con 0x7fdb240383b0
2024-04-15T20:52:51.310 INFO:teuthology.orchestra.run.smithi072.stdout:/usr/bin/ceph: stderr
2024-04-15T20:52:50.485+0000 7fdb23fff700 1 -- 172.21.15.72:0/2112573962 <== mgr.14120 v2:172.21.15.72:6800/3853111144 1 ==== mgr_command_reply(tid 0: 0 ) v1 ==== 8+0+24 (secure 0 0 0) 0x7fdb3c101520 con 0x7fdb240383b0
2024-04-15T20:52:51.310 INFO:teuthology.orchestra.run.smithi072.stdout:/usr/bin/ceph: stderr
2024-04-15T20:52:50.487+0000 7fdb411e5700 1 -- 172.21.15.72:0/2112573962 >> [v2:172.21.15.72:6800/3853111144,v1:172.21.15.72:6801/3853111144] conn(0x7fdb240383b0 msgr2=0x7fdb2403a860 secure :-1 s=STATE_CONNECTION_ESTABLISHED l=1).mark_down
2024-04-15T20:52:51.310 INFO:teuthology.orchestra.run.smithi072.stdout:/usr/bin/ceph: stderr
2024-04-15T20:52:50.487+0000 7fdb411e5700 1 --2- 172.21.15.72:0/2112573962 >> [v2:172.21.15.72:6800/3853111144,v1:172.21.15.72:6801/3853111144] conn(0x7fdb240383b0 0x7fdb2403a860 secure :-1 s=READY pgs=13 cs=0 l=1 rev1=1 crypto rx=0x7fdb30006fd0 tx=0x7fdb30006e40 comp rx=0 tx=0).stop
2024-04-15T20:52:51.310 INFO:teuthology.orchestra.run.smithi072.stdout:/usr/bin/ceph: stderr
2024-04-15T20:52:50.487+0000 7fdb411e5700 1 -- 172.21.15.72:0/2112573962 >> [v2:172.21.15.72:3300/0,v1:172.21.15.72:6789/0] conn(0x7fdb3c104a10 msgr2=0x7fdb3c198730 secure :-1 s=STATE_CONNECTION_ESTABLISHED l=1).mark_down
2024-04-15T20:52:51.310 INFO:teuthology.orchestra.run.smithi072.stdout:/usr/bin/ceph: stderr
2024-04-15T20:52:50.487+0000 7fdb411e5700 1 --2- 172.21.15.72:0/2112573962 >> [v2:172.21.15.72:3300/0,v1:172.21.15.72:6789/0] conn(0x7fdb3c104a10 0x7fdb3c198730 secure :-1 s=READY pgs=50 cs=0 l=1 rev1=1 crypto rx=0x7fdb2c0119e0 tx=0x7fdb2c011ac0 comp rx=0 tx=0).stop
2024-04-15T20:52:51.310 INFO:teuthology.orchestra.run.smithi072.stdout:/usr/bin/ceph: stderr
2024-04-15T20:52:50.487+0000 7fdb411e5700 1 -- 172.21.15.72:0/2112573962 shutdown_connections
2024-04-15T20:52:51.310 INFO:teuthology.orchestra.run.smithi072.stdout:/usr/bin/ceph: stderr
2024-04-15T20:52:50.487+0000 7fdb411e5700 1 --2- 172.21.15.72:0/2112573962 >> [v2:172.21.15.72:6800/3853111144,v1:172.21.15.72:6801/3853111144] conn(0x7fdb240383b0 0x7fdb2403a860 unknown :-1 s=CLOSED pgs=13 cs=0 l=1 rev1=1 crypto rx=0 tx=0 comp rx=0 tx=0).stop
2024-04-15T20:52:51.310 INFO:teuthology.orchestra.run.smithi072.stdout:/usr/bin/ceph: stderr
2024-04-15T20:52:50.487+0000 7fdb411e5700 1 --2- 172.21.15.72:0/2112573962 >> [v2:172.21.15.72:3300/0,v1:172.21.15.72:6789/0] conn(0x7fdb3c104a10 0x7fdb3c198730 unknown :-1 s=CLOSED pgs=50 cs=0 l=1 rev1=1 crypto rx=0 tx=0 comp rx=0 tx=0).stop
2024-04-15T20:52:51.310 INFO:teuthology.orchestra.run.smithi072.stdout:/usr/bin/ceph: stderr
2024-04-15T20:52:50.487+0000 7fdb411e5700 1 -- 172.21.15.72:0/2112573962 >> 172.21.15.72:0/2112573962 conn(0x7fdb3c100060 msgr2=0x7fdb3c100e10 unknown :-1 s=STATE_NONE l=0).mark_down
2024-04-15T20:52:51.311 INFO:teuthology.orchestra.run.smithi072.stdout:/usr/bin/ceph: stderr
2024-04-15T20:52:50.487+0000 7fdb411e5700 1 -- 172.21.15.72:0/2112573962 shutdown_connections
2024-04-15T20:52:51.311 INFO:teuthology.orchestra.run.smithi072.stdout:/usr/bin/ceph: stderr
2024-04-15T20:52:50.487+0000 7fdb411e5700 1 -- 172.21.15.72:0/2112573962 wait complete.
2024-04-15T20:52:51.311 INFO:teuthology.orchestra.run.smithi072.stdout:Deploying crash service with default placement...
2024-04-15T20:52:51.731 INFO:journalctl@ceph.mon.smithi072.smithi072.stdout:Apr 15 20:52:51 smithi072 ceph-mon[29079]: from='client.14144 -' entity='client.admin' cmd=[{"prefix": "orch apply", "service_type": "mgr", "target": ["mon-mgr", ""]}]: dispatch
2024-04-15T20:52:51.731 INFO:journalctl@ceph.mon.smithi072.smithi072.stdout:Apr 15 20:52:51 smithi072 ceph-mon[29079]: Saving service mgr spec with placement count:2
2024-04-15T20:52:51.731 INFO:journalctl@ceph.mon.smithi072.smithi072.stdout:Apr 15 20:52:51 smithi072 ceph-mon[29079]: from='mgr.14120 172.21.15.72:0/3339887649' entity='mgr.smithi072.wfjmmp'
2024-04-15T20:52:52.770 INFO:teuthology.orchestra.run.smithi072.stdout:/usr/bin/ceph: stdout Scheduled crash update...
2024-04-15T20:52:52.770 INFO:teuthology.orchestra.run.smithi072.stdout:/usr/bin/ceph: stderr
2024-04-15T20:52:51.751+0000 7f481fd3b700 1 Processor -- start
2024-04-15T20:52:52.770 INFO:teuthology.orchestra.run.smithi072.stdout:/usr/bin/ceph: stderr
2024-04-15T20:52:51.751+0000 7f481fd3b700 1 -- start start
2024-04-15T20:52:52.770 INFO:teuthology.orchestra.run.smithi072.stdout:/usr/bin/ceph: stderr
2024-04-15T20:52:51.751+0000 7f481fd3b700 1 --2- >> [v2:172.21.15.72:3300/0,v1:172.21.15.72:6789/0] conn(0x7f4818106620 0x7f4818108a00 unknown :-1 s=NONE pgs=0 cs=0 l=0 rev1=0 crypto rx=0 tx=0 comp rx=0 tx=0).connect
2024-04-15T20:52:52.770 INFO:teuthology.orchestra.run.smithi072.stdout:/usr/bin/ceph: stderr
2024-04-15T20:52:51.751+0000 7f481fd3b700 1 -- --> [v2:172.21.15.72:3300/0,v1:172.21.15.72:6789/0] -- mon_getmap magic: 0 v1 -- 0x7f4818079d70 con 0x7f4818106620
2024-04-15T20:52:52.770 INFO:teuthology.orchestra.run.smithi072.stdout:/usr/bin/ceph: stderr
2024-04-15T20:52:51.751+0000 7f481dad7700 1 --2- >> [v2:172.21.15.72:3300/0,v1:172.21.15.72:6789/0] conn(0x7f4818106620 0x7f4818108a00 unknown :-1 s=BANNER_CONNECTING pgs=0 cs=0 l=0 rev1=0 crypto rx=0 tx=0 comp rx=0 tx=0)._handle_peer_banner_payload supported=3 required=0
2024-04-15T20:52:52.770 INFO:teuthology.orchestra.run.smithi072.stdout:/usr/bin/ceph: stderr
2024-04-15T20:52:51.751+0000 7f481dad7700 1 --2- >> [v2:172.21.15.72:3300/0,v1:172.21.15.72:6789/0] conn(0x7f4818106620 0x7f4818108a00 unknown :-1 s=HELLO_CONNECTING pgs=0 cs=0 l=0 rev1=1 crypto rx=0 tx=0 comp rx=0 tx=0).handle_hello peer v2:172.21.15.72:3300/0 says I am v2:172.21.15.72:40174/0 (socket says 172.21.15.72:40174)
2024-04-15T20:52:52.771 INFO:teuthology.orchestra.run.smithi072.stdout:/usr/bin/ceph: stderr
2024-04-15T20:52:51.751+0000 7f481dad7700 1 -- 172.21.15.72:0/576073485 learned_addr learned my addr 172.21.15.72:0/576073485 (peer_addr_for_me v2:172.21.15.72:0/0)
2024-04-15T20:52:52.771 INFO:teuthology.orchestra.run.smithi072.stdout:/usr/bin/ceph: stderr
2024-04-15T20:52:51.752+0000 7f481dad7700 1 -- 172.21.15.72:0/576073485 --> [v2:172.21.15.72:3300/0,v1:172.21.15.72:6789/0] -- mon_subscribe({config=0+,monmap=0+}) v3 -- 0x7f4818079eb0 con 0x7f4818106620
2024-04-15T20:52:52.771 INFO:teuthology.orchestra.run.smithi072.stdout:/usr/bin/ceph: stderr
2024-04-15T20:52:51.752+0000 7f481dad7700 1 --2- 172.21.15.72:0/576073485 >> [v2:172.21.15.72:3300/0,v1:172.21.15.72:6789/0] conn(0x7f4818106620 0x7f4818108a00 secure :-1 s=READY pgs=51 cs=0 l=1 rev1=1 crypto rx=0x7f48140098a0 tx=0x7f4814009bb0 comp rx=0 tx=0).ready entity=mon.0 client_cookie=52381b4b7a30e142 server_cookie=0 in_seq=0 out_seq=0
2024-04-15T20:52:52.771 INFO:teuthology.orchestra.run.smithi072.stdout:/usr/bin/ceph: stderr
2024-04-15T20:52:51.752+0000 7f481cad5700 1 -- 172.21.15.72:0/576073485 <== mon.0 v2:172.21.15.72:3300/0 1 ==== mon_map magic: 0 v1 ==== 229+0+0 (secure 0 0 0) 0x7f4814004180 con 0x7f4818106620
2024-04-15T20:52:52.771 INFO:teuthology.orchestra.run.smithi072.stdout:/usr/bin/ceph: stderr
2024-04-15T20:52:51.752+0000 7f481cad5700 1 -- 172.21.15.72:0/576073485 <== mon.0 v2:172.21.15.72:3300/0 2 ==== config(27 keys) v1 ==== 1037+0+0 (secure 0 0 0) 0x7f48140042e0 con 0x7f4818106620
2024-04-15T20:52:52.771 INFO:teuthology.orchestra.run.smithi072.stdout:/usr/bin/ceph: stderr
2024-04-15T20:52:51.752+0000 7f481cad5700 1 -- 172.21.15.72:0/576073485 <== mon.0 v2:172.21.15.72:3300/0 3 ==== mon_map magic: 0 v1 ==== 229+0+0 (secure 0 0 0) 0x7f4814011a50 con 0x7f4818106620
2024-04-15T20:52:52.771 INFO:teuthology.orchestra.run.smithi072.stdout:/usr/bin/ceph: stderr
2024-04-15T20:52:51.753+0000 7f481fd3b700 1 -- 172.21.15.72:0/576073485 >> [v2:172.21.15.72:3300/0,v1:172.21.15.72:6789/0] conn(0x7f4818106620 msgr2=0x7f4818108a00 secure :-1 s=STATE_CONNECTION_ESTABLISHED l=1).mark_down
2024-04-15T20:52:52.771 INFO:teuthology.orchestra.run.smithi072.stdout:/usr/bin/ceph: stderr
2024-04-15T20:52:51.753+0000 7f481fd3b700 1 --2- 172.21.15.72:0/576073485 >> [v2:172.21.15.72:3300/0,v1:172.21.15.72:6789/0] conn(0x7f4818106620 0x7f4818108a00 secure :-1 s=READY pgs=51 cs=0 l=1 rev1=1 crypto rx=0x7f48140098a0 tx=0x7f4814009bb0 comp rx=0 tx=0).stop
2024-04-15T20:52:52.771 INFO:teuthology.orchestra.run.smithi072.stdout:/usr/bin/ceph: stderr
2024-04-15T20:52:51.753+0000 7f481fd3b700 1 -- 172.21.15.72:0/576073485 shutdown_connections
2024-04-15T20:52:52.771 INFO:teuthology.orchestra.run.smithi072.stdout:/usr/bin/ceph: stderr
2024-04-15T20:52:51.753+0000 7f481fd3b700 1 --2- 172.21.15.72:0/576073485 >> [v2:172.21.15.72:3300/0,v1:172.21.15.72:6789/0] conn(0x7f4818106620 0x7f4818108a00 unknown :-1 s=CLOSED pgs=51 cs=0 l=1 rev1=1 crypto rx=0 tx=0 comp rx=0 tx=0).stop
2024-04-15T20:52:52.771 INFO:teuthology.orchestra.run.smithi072.stdout:/usr/bin/ceph: stderr
2024-04-15T20:52:51.753+0000 7f481fd3b700 1 -- 172.21.15.72:0/576073485 >> 172.21.15.72:0/576073485 conn(0x7f4818100060 msgr2=0x7f4818102490 unknown :-1 s=STATE_NONE l=0).mark_down
2024-04-15T20:52:52.771 INFO:teuthology.orchestra.run.smithi072.stdout:/usr/bin/ceph: stderr
2024-04-15T20:52:51.753+0000 7f481fd3b700 1 -- 172.21.15.72:0/576073485 shutdown_connections
2024-04-15T20:52:52.771 INFO:teuthology.orchestra.run.smithi072.stdout:/usr/bin/ceph: stderr
2024-04-15T20:52:51.753+0000 7f481fd3b700 1 -- 172.21.15.72:0/576073485 wait complete.
2024-04-15T20:52:52.771 INFO:teuthology.orchestra.run.smithi072.stdout:/usr/bin/ceph: stderr
2024-04-15T20:52:51.753+0000 7f481fd3b700 1 Processor -- start
2024-04-15T20:52:52.772 INFO:teuthology.orchestra.run.smithi072.stdout:/usr/bin/ceph: stderr
2024-04-15T20:52:51.753+0000 7f481fd3b700 1 -- start start
2024-04-15T20:52:52.772 INFO:teuthology.orchestra.run.smithi072.stdout:/usr/bin/ceph: stderr
2024-04-15T20:52:51.753+0000 7f481fd3b700 1 --2- >> [v2:172.21.15.72:3300/0,v1:172.21.15.72:6789/0] conn(0x7f4818106620 0x7f4818199870 unknown :-1 s=NONE pgs=0 cs=0 l=1 rev1=0 crypto rx=0 tx=0 comp rx=0 tx=0).connect
2024-04-15T20:52:52.772 INFO:teuthology.orchestra.run.smithi072.stdout:/usr/bin/ceph: stderr
2024-04-15T20:52:51.753+0000 7f481fd3b700 1 -- --> [v2:172.21.15.72:3300/0,v1:172.21.15.72:6789/0] -- mon_getmap magic: 0 v1 -- 0x7f4818199db0 con 0x7f4818106620
2024-04-15T20:52:52.772 INFO:teuthology.orchestra.run.smithi072.stdout:/usr/bin/ceph: stderr
2024-04-15T20:52:51.754+0000 7f481dad7700 1 --2- >> [v2:172.21.15.72:3300/0,v1:172.21.15.72:6789/0] conn(0x7f4818106620 0x7f4818199870 unknown :-1 s=BANNER_CONNECTING pgs=0 cs=0 l=1 rev1=0 crypto rx=0 tx=0 comp rx=0 tx=0)._handle_peer_banner_payload supported=3 required=0
2024-04-15T20:52:52.772 INFO:teuthology.orchestra.run.smithi072.stdout:/usr/bin/ceph: stderr
2024-04-15T20:52:51.754+0000 7f481dad7700 1 --2- >> [v2:172.21.15.72:3300/0,v1:172.21.15.72:6789/0] conn(0x7f4818106620 0x7f4818199870 unknown :-1 s=HELLO_CONNECTING pgs=0 cs=0 l=1 rev1=1 crypto rx=0 tx=0 comp rx=0 tx=0).handle_hello peer v2:172.21.15.72:3300/0 says I am v2:172.21.15.72:40184/0 (socket says 172.21.15.72:40184)
2024-04-15T20:52:52.772 INFO:teuthology.orchestra.run.smithi072.stdout:/usr/bin/ceph: stderr
2024-04-15T20:52:51.754+0000 7f481dad7700 1 -- 172.21.15.72:0/3715640637 learned_addr learned my addr 172.21.15.72:0/3715640637 (peer_addr_for_me v2:172.21.15.72:0/0)
2024-04-15T20:52:52.772 INFO:teuthology.orchestra.run.smithi072.stdout:/usr/bin/ceph: stderr
2024-04-15T20:52:51.754+0000 7f481dad7700 1 -- 172.21.15.72:0/3715640637 --> [v2:172.21.15.72:3300/0,v1:172.21.15.72:6789/0] -- mon_subscribe({config=0+,monmap=0+}) v3 -- 0x7f4814009550 con 0x7f4818106620
2024-04-15T20:52:52.772 INFO:teuthology.orchestra.run.smithi072.stdout:/usr/bin/ceph: stderr
2024-04-15T20:52:51.754+0000 7f481dad7700 1 --2- 172.21.15.72:0/3715640637 >> [v2:172.21.15.72:3300/0,v1:172.21.15.72:6789/0] conn(0x7f4818106620 0x7f4818199870 secure :-1 s=READY pgs=52 cs=0 l=1 rev1=1 crypto rx=0x7f4814006af0 tx=0x7f4814011a90 comp rx=0 tx=0).ready entity=mon.0 client_cookie=0 server_cookie=0 in_seq=0 out_seq=0
2024-04-15T20:52:52.772 INFO:teuthology.orchestra.run.smithi072.stdout:/usr/bin/ceph: stderr
2024-04-15T20:52:51.754+0000 7f480effd700 1 -- 172.21.15.72:0/3715640637 <== mon.0 v2:172.21.15.72:3300/0 1 ==== mon_map magic: 0 v1 ==== 229+0+0 (secure 0 0 0) 0x7f4814003b90 con 0x7f4818106620
2024-04-15T20:52:52.772 INFO:teuthology.orchestra.run.smithi072.stdout:/usr/bin/ceph: stderr
2024-04-15T20:52:51.754+0000 7f480effd700 1 -- 172.21.15.72:0/3715640637 <== mon.0 v2:172.21.15.72:3300/0 2 ==== config(27 keys) v1 ==== 1037+0+0 (secure 0 0 0) 0x7f481401a8a0 con 0x7f4818106620
2024-04-15T20:52:52.772 INFO:teuthology.orchestra.run.smithi072.stdout:/usr/bin/ceph: stderr
2024-04-15T20:52:51.754+0000 7f480effd700 1 -- 172.21.15.72:0/3715640637 <== mon.0 v2:172.21.15.72:3300/0 3 ==== mon_map magic: 0 v1 ==== 229+0+0 (secure 0 0 0) 0x7f4814019880 con 0x7f4818106620
2024-04-15T20:52:52.772 INFO:teuthology.orchestra.run.smithi072.stdout:/usr/bin/ceph: stderr
2024-04-15T20:52:51.754+0000 7f481fd3b700 1 -- 172.21.15.72:0/3715640637 --> [v2:172.21.15.72:3300/0,v1:172.21.15.72:6789/0] -- mon_subscribe({mgrmap=0+}) v3 -- 0x7f4818199fb0 con 0x7f4818106620
2024-04-15T20:52:52.772 INFO:teuthology.orchestra.run.smithi072.stdout:/usr/bin/ceph: stderr
2024-04-15T20:52:51.754+0000 7f481fd3b700 1 -- 172.21.15.72:0/3715640637 --> [v2:172.21.15.72:3300/0,v1:172.21.15.72:6789/0] -- mon_subscribe({osdmap=0}) v3 -- 0x7f481819a3d0 con 0x7f4818106620
2024-04-15T20:52:52.772 INFO:teuthology.orchestra.run.smithi072.stdout:/usr/bin/ceph: stderr
2024-04-15T20:52:51.755+0000 7f480effd700 1 -- 172.21.15.72:0/3715640637 <== mon.0 v2:172.21.15.72:3300/0 4 ==== mgrmap(e 8) v1 ==== 45084+0+0 (secure 0 0 0) 0x7f481401a430 con 0x7f4818106620
2024-04-15T20:52:52.773 INFO:teuthology.orchestra.run.smithi072.stdout:/usr/bin/ceph: stderr
2024-04-15T20:52:51.755+0000 7f481fd3b700 1 -- 172.21.15.72:0/3715640637 --> [v2:172.21.15.72:3300/0,v1:172.21.15.72:6789/0] -- mon_command({"prefix": "get_command_descriptions"} v 0) v1 -- 0x7f4818062380 con 0x7f4818106620
2024-04-15T20:52:52.773 INFO:teuthology.orchestra.run.smithi072.stdout:/usr/bin/ceph: stderr
2024-04-15T20:52:51.755+0000 7f480effd700 1 --2- 172.21.15.72:0/3715640637 >> [v2:172.21.15.72:6800/3853111144,v1:172.21.15.72:6801/3853111144] conn(0x7f48040383b0 0x7f480403a860 unknown :-1 s=NONE pgs=0 cs=0 l=1 rev1=0 crypto rx=0 tx=0 comp rx=0 tx=0).connect
2024-04-15T20:52:52.773 INFO:teuthology.orchestra.run.smithi072.stdout:/usr/bin/ceph: stderr
2024-04-15T20:52:51.755+0000 7f480effd700 1 -- 172.21.15.72:0/3715640637 <== mon.0 v2:172.21.15.72:3300/0 5 ==== osd_map(2..2 src has 1..2) v4 ==== 940+0+0 (secure 0 0 0) 0x7f481404c7c0 con 0x7f4818106620
2024-04-15T20:52:52.773 INFO:teuthology.orchestra.run.smithi072.stdout:/usr/bin/ceph: stderr
2024-04-15T20:52:51.755+0000 7f481d2d6700 1 --2- 172.21.15.72:0/3715640637 >> [v2:172.21.15.72:6800/3853111144,v1:172.21.15.72:6801/3853111144] conn(0x7f48040383b0 0x7f480403a860 unknown :-1 s=BANNER_CONNECTING pgs=0 cs=0 l=1 rev1=0 crypto rx=0 tx=0 comp rx=0 tx=0)._handle_peer_banner_payload supported=3 required=0
2024-04-15T20:52:52.773 INFO:teuthology.orchestra.run.smithi072.stdout:/usr/bin/ceph: stderr
2024-04-15T20:52:51.756+0000 7f481d2d6700 1 --2- 172.21.15.72:0/3715640637 >> [v2:172.21.15.72:6800/3853111144,v1:172.21.15.72:6801/3853111144] conn(0x7f48040383b0 0x7f480403a860 secure :-1 s=READY pgs=14 cs=0 l=1 rev1=1 crypto rx=0x7f4808006fd0 tx=0x7f4808006e40 comp rx=0 tx=0).ready entity=mgr.14120 client_cookie=0 server_cookie=0 in_seq=0 out_seq=0
2024-04-15T20:52:52.773 INFO:teuthology.orchestra.run.smithi072.stdout:/usr/bin/ceph: stderr
2024-04-15T20:52:51.760+0000 7f480effd700 1 -- 172.21.15.72:0/3715640637 <== mon.0 v2:172.21.15.72:3300/0 6 ==== mon_command_ack([{"prefix": "get_command_descriptions"}]=0 v0) v1 ==== 72+0+177933 (secure 0 0 0) 0x7f4814019d20 con 0x7f4818106620
2024-04-15T20:52:52.773 INFO:teuthology.orchestra.run.smithi072.stdout:/usr/bin/ceph: stderr
2024-04-15T20:52:51.963+0000 7f481fd3b700 1 -- 172.21.15.72:0/3715640637 --> [v2:172.21.15.72:6800/3853111144,v1:172.21.15.72:6801/3853111144] -- mgr_command(tid 0: {"prefix": "orch apply", "service_type": "crash", "target": ["mon-mgr", ""]}) v1 -- 0x7f4818102380 con 0x7f48040383b0
2024-04-15T20:52:52.773 INFO:teuthology.orchestra.run.smithi072.stdout:/usr/bin/ceph: stderr
2024-04-15T20:52:51.967+0000 7f480effd700 1 -- 172.21.15.72:0/3715640637 <== mgr.14120 v2:172.21.15.72:6800/3853111144 1 ==== mgr_command_reply(tid 0: 0 ) v1 ==== 8+0+26 (secure 0 0 0) 0x7f4818102380 con 0x7f48040383b0
2024-04-15T20:52:52.773 INFO:teuthology.orchestra.run.smithi072.stdout:/usr/bin/ceph: stderr
2024-04-15T20:52:51.969+0000 7f481fd3b700 1 -- 172.21.15.72:0/3715640637 >> [v2:172.21.15.72:6800/3853111144,v1:172.21.15.72:6801/3853111144] conn(0x7f48040383b0 msgr2=0x7f480403a860 secure :-1 s=STATE_CONNECTION_ESTABLISHED l=1).mark_down
2024-04-15T20:52:52.773 INFO:teuthology.orchestra.run.smithi072.stdout:/usr/bin/ceph: stderr
2024-04-15T20:52:51.969+0000 7f481fd3b700 1 --2- 172.21.15.72:0/3715640637 >> [v2:172.21.15.72:6800/3853111144,v1:172.21.15.72:6801/3853111144] conn(0x7f48040383b0 0x7f480403a860 secure :-1 s=READY pgs=14 cs=0 l=1 rev1=1 crypto rx=0x7f4808006fd0 tx=0x7f4808006e40 comp rx=0 tx=0).stop
2024-04-15T20:52:52.773 INFO:teuthology.orchestra.run.smithi072.stdout:/usr/bin/ceph: stderr
2024-04-15T20:52:51.969+0000 7f481fd3b700 1 -- 172.21.15.72:0/3715640637 >> [v2:172.21.15.72:3300/0,v1:172.21.15.72:6789/0] conn(0x7f4818106620 msgr2=0x7f4818199870 secure :-1 s=STATE_CONNECTION_ESTABLISHED l=1).mark_down
2024-04-15T20:52:52.773 INFO:teuthology.orchestra.run.smithi072.stdout:/usr/bin/ceph: stderr
2024-04-15T20:52:51.969+0000 7f481fd3b700 1 --2- 172.21.15.72:0/3715640637 >> [v2:172.21.15.72:3300/0,v1:172.21.15.72:6789/0] conn(0x7f4818106620 0x7f4818199870 secure :-1 s=READY pgs=52 cs=0 l=1 rev1=1 crypto rx=0x7f4814006af0 tx=0x7f4814011a90 comp rx=0 tx=0).stop
2024-04-15T20:52:52.773 INFO:teuthology.orchestra.run.smithi072.stdout:/usr/bin/ceph: stderr
2024-04-15T20:52:51.969+0000 7f481fd3b700 1 -- 172.21.15.72:0/3715640637 shutdown_connections
2024-04-15T20:52:52.773 INFO:teuthology.orchestra.run.smithi072.stdout:/usr/bin/ceph: stderr
2024-04-15T20:52:51.969+0000 7f481fd3b700 1 --2- 172.21.15.72:0/3715640637 >> [v2:172.21.15.72:6800/3853111144,v1:172.21.15.72:6801/3853111144] conn(0x7f48040383b0 0x7f480403a860 unknown :-1 s=CLOSED pgs=14 cs=0 l=1 rev1=1 crypto rx=0 tx=0 comp rx=0 tx=0).stop
2024-04-15T20:52:52.774 INFO:teuthology.orchestra.run.smithi072.stdout:/usr/bin/ceph: stderr
2024-04-15T20:52:51.969+0000 7f481fd3b700 1 --2- 172.21.15.72:0/3715640637 >> [v2:172.21.15.72:3300/0,v1:172.21.15.72:6789/0] conn(0x7f4818106620 0x7f4818199870 unknown :-1 s=CLOSED pgs=52 cs=0 l=1 rev1=1 crypto rx=0 tx=0 comp rx=0 tx=0).stop
2024-04-15T20:52:52.774 INFO:teuthology.orchestra.run.smithi072.stdout:/usr/bin/ceph: stderr
2024-04-15T20:52:51.969+0000 7f481fd3b700 1 -- 172.21.15.72:0/3715640637 >> 172.21.15.72:0/3715640637 conn(0x7f4818100060 msgr2=0x7f4818101760 unknown :-1 s=STATE_NONE l=0).mark_down
2024-04-15T20:52:52.774 INFO:teuthology.orchestra.run.smithi072.stdout:/usr/bin/ceph: stderr
2024-04-15T20:52:51.969+0000 7f481fd3b700 1 -- 172.21.15.72:0/3715640637 shutdown_connections
2024-04-15T20:52:52.774 INFO:teuthology.orchestra.run.smithi072.stdout:/usr/bin/ceph: stderr
2024-04-15T20:52:51.969+0000 7f481fd3b700 1 -- 172.21.15.72:0/3715640637 wait complete.
2024-04-15T20:52:52.774 INFO:teuthology.orchestra.run.smithi072.stdout:Deploying ceph-exporter service with default placement...
2024-04-15T20:52:53.076 INFO:journalctl@ceph.mon.smithi072.smithi072.stdout:Apr 15 20:52:52 smithi072 ceph-mon[29079]: from='client.14146 -' entity='client.admin' cmd=[{"prefix": "orch apply", "service_type": "crash", "target": ["mon-mgr", ""]}]: dispatch
2024-04-15T20:52:53.076 INFO:journalctl@ceph.mon.smithi072.smithi072.stdout:Apr 15 20:52:52 smithi072 ceph-mon[29079]: Saving service crash spec with placement *
2024-04-15T20:52:53.076 INFO:journalctl@ceph.mon.smithi072.smithi072.stdout:Apr 15 20:52:52 smithi072 ceph-mon[29079]: from='mgr.14120 172.21.15.72:0/3339887649' entity='mgr.smithi072.wfjmmp'
2024-04-15T20:52:53.076 INFO:journalctl@ceph.mon.smithi072.smithi072.stdout:Apr 15 20:52:52 smithi072 ceph-mon[29079]: from='mgr.14120 172.21.15.72:0/3339887649' entity='mgr.smithi072.wfjmmp'
2024-04-15T20:52:54.025 INFO:teuthology.orchestra.run.smithi072.stdout:/usr/bin/ceph: stdout Scheduled ceph-exporter update...
2024-04-15T20:52:54.025 INFO:teuthology.orchestra.run.smithi072.stdout:/usr/bin/ceph: stderr
2024-04-15T20:52:53.183+0000 7fa1407ab700 1 Processor -- start
2024-04-15T20:52:54.025 INFO:teuthology.orchestra.run.smithi072.stdout:/usr/bin/ceph: stderr
2024-04-15T20:52:53.183+0000 7fa1407ab700 1 -- start start
2024-04-15T20:52:54.025 INFO:teuthology.orchestra.run.smithi072.stdout:/usr/bin/ceph: stderr
2024-04-15T20:52:53.183+0000 7fa1407ab700 1 --2- >> [v2:172.21.15.72:3300/0,v1:172.21.15.72:6789/0] conn(0x7fa138104a30 0x7fa138104e40 unknown :-1 s=NONE pgs=0 cs=0 l=0 rev1=0 crypto rx=0 tx=0 comp rx=0 tx=0).connect
2024-04-15T20:52:54.025 INFO:teuthology.orchestra.run.smithi072.stdout:/usr/bin/ceph: stderr
2024-04-15T20:52:53.183+0000 7fa1407ab700 1 -- --> [v2:172.21.15.72:3300/0,v1:172.21.15.72:6789/0] -- mon_getmap magic: 0 v1 -- 0x7fa138105380 con 0x7fa138104a30
2024-04-15T20:52:54.025 INFO:teuthology.orchestra.run.smithi072.stdout:/usr/bin/ceph: stderr
2024-04-15T20:52:53.184+0000 7fa13e547700 1 --2- >> [v2:172.21.15.72:3300/0,v1:172.21.15.72:6789/0] conn(0x7fa138104a30 0x7fa138104e40 unknown :-1 s=BANNER_CONNECTING pgs=0 cs=0 l=0 rev1=0 crypto rx=0 tx=0 comp rx=0 tx=0)._handle_peer_banner_payload supported=3 required=0
2024-04-15T20:52:54.025 INFO:teuthology.orchestra.run.smithi072.stdout:/usr/bin/ceph: stderr
2024-04-15T20:52:53.184+0000 7fa13e547700 1 --2- >> [v2:172.21.15.72:3300/0,v1:172.21.15.72:6789/0] conn(0x7fa138104a30 0x7fa138104e40 unknown :-1 s=HELLO_CONNECTING pgs=0 cs=0 l=0 rev1=1 crypto rx=0 tx=0 comp rx=0 tx=0).handle_hello peer v2:172.21.15.72:3300/0 says I am v2:172.21.15.72:40186/0 (socket says 172.21.15.72:40186)
2024-04-15T20:52:54.025 INFO:teuthology.orchestra.run.smithi072.stdout:/usr/bin/ceph: stderr
2024-04-15T20:52:53.184+0000 7fa13e547700 1 -- 172.21.15.72:0/959320347 learned_addr learned my addr 172.21.15.72:0/959320347 (peer_addr_for_me v2:172.21.15.72:0/0)
2024-04-15T20:52:54.026 INFO:teuthology.orchestra.run.smithi072.stdout:/usr/bin/ceph: stderr
2024-04-15T20:52:53.184+0000 7fa13e547700 1 -- 172.21.15.72:0/959320347 --> [v2:172.21.15.72:3300/0,v1:172.21.15.72:6789/0] -- mon_subscribe({config=0+,monmap=0+}) v3 -- 0x7fa1381054c0 con 0x7fa138104a30
2024-04-15T20:52:54.026 INFO:teuthology.orchestra.run.smithi072.stdout:/usr/bin/ceph: stderr
2024-04-15T20:52:53.184+0000 7fa13e547700 1 --2- 172.21.15.72:0/959320347 >> [v2:172.21.15.72:3300/0,v1:172.21.15.72:6789/0] conn(0x7fa138104a30 0x7fa138104e40 secure :-1 s=READY pgs=53 cs=0 l=1 rev1=1 crypto rx=0x7fa134009e80 tx=0x7fa13400b330 comp rx=0 tx=0).ready entity=mon.0 client_cookie=ca9a06ef6217bba server_cookie=0 in_seq=0 out_seq=0
2024-04-15T20:52:54.026 INFO:teuthology.orchestra.run.smithi072.stdout:/usr/bin/ceph: stderr
2024-04-15T20:52:53.184+0000 7fa13d545700 1 -- 172.21.15.72:0/959320347 <== mon.0 v2:172.21.15.72:3300/0 1 ==== mon_map magic: 0 v1 ==== 229+0+0 (secure 0 0 0) 0x7fa13400e070 con 0x7fa138104a30
2024-04-15T20:52:54.026 INFO:teuthology.orchestra.run.smithi072.stdout:/usr/bin/ceph: stderr
2024-04-15T20:52:53.184+0000 7fa13d545700 1 -- 172.21.15.72:0/959320347 <== mon.0 v2:172.21.15.72:3300/0 2 ==== config(27 keys) v1 ==== 1101+0+0 (secure 0 0 0) 0x7fa13400b8c0 con 0x7fa138104a30
2024-04-15T20:52:54.026 INFO:teuthology.orchestra.run.smithi072.stdout:/usr/bin/ceph: stderr
2024-04-15T20:52:53.184+0000 7fa13d545700 1 -- 172.21.15.72:0/959320347 <== mon.0 v2:172.21.15.72:3300/0 3 ==== mon_map magic: 0 v1 ==== 229+0+0 (secure 0 0 0) 0x7fa1340044d0 con 0x7fa138104a30
2024-04-15T20:52:54.026 INFO:teuthology.orchestra.run.smithi072.stdout:/usr/bin/ceph: stderr
2024-04-15T20:52:53.185+0000 7fa1407ab700 1 -- 172.21.15.72:0/959320347 >> [v2:172.21.15.72:3300/0,v1:172.21.15.72:6789/0] conn(0x7fa138104a30 msgr2=0x7fa138104e40 secure :-1 s=STATE_CONNECTION_ESTABLISHED l=1).mark_down
2024-04-15T20:52:54.026 INFO:teuthology.orchestra.run.smithi072.stdout:/usr/bin/ceph: stderr
2024-04-15T20:52:53.185+0000 7fa1407ab700 1 --2- 172.21.15.72:0/959320347 >> [v2:172.21.15.72:3300/0,v1:172.21.15.72:6789/0] conn(0x7fa138104a30 0x7fa138104e40 secure :-1 s=READY pgs=53 cs=0 l=1 rev1=1 crypto rx=0x7fa134009e80 tx=0x7fa13400b330 comp rx=0 tx=0).stop
2024-04-15T20:52:54.026 INFO:teuthology.orchestra.run.smithi072.stdout:/usr/bin/ceph: stderr
2024-04-15T20:52:53.185+0000 7fa1407ab700 1 -- 172.21.15.72:0/959320347 shutdown_connections
2024-04-15T20:52:54.026 INFO:teuthology.orchestra.run.smithi072.stdout:/usr/bin/ceph: stderr
2024-04-15T20:52:53.185+0000 7fa1407ab700 1 --2- 172.21.15.72:0/959320347 >> [v2:172.21.15.72:3300/0,v1:172.21.15.72:6789/0] conn(0x7fa138104a30 0x7fa138104e40 unknown :-1 s=CLOSED pgs=53 cs=0 l=1 rev1=1 crypto rx=0 tx=0 comp rx=0 tx=0).stop
