2024-04-15T20:52:25.285+0000 7ff9d64e5700 1 --2- 172.21.15.72:0/4286149298 >> [v2:172.21.15.72:3300/0,v1:172.21.15.72:6789/0] conn(0x7ff9d0105b10 0x7ff9d0105f20 secure :-1 s=READY pgs=16 cs=0 l=1 rev1=1 crypto rx=0x7ff9cc0098a0 tx=0x7ff9cc009bb0 comp rx=0 tx=0).ready entity=mon.0 client_cookie=621b12adb663db87 server_cookie=0 in_seq=0 out_seq=0
2024-04-15T20:52:25.948 INFO:teuthology.orchestra.run.smithi072.stdout:/usr/bin/ceph: stderr
2024-04-15T20:52:25.286+0000 7ff9d54e3700 1 -- 172.21.15.72:0/4286149298 <== mon.0 v2:172.21.15.72:3300/0 1 ==== mon_map magic: 0 v1 ==== 229+0+0 (secure 0 0 0) 0x7ff9cc004180 con 0x7ff9d0105b10
2024-04-15T20:52:25.948 INFO:teuthology.orchestra.run.smithi072.stdout:/usr/bin/ceph: stderr
2024-04-15T20:52:25.286+0000 7ff9d54e3700 1 -- 172.21.15.72:0/4286149298 <== mon.0 v2:172.21.15.72:3300/0 2 ==== config(27 keys) v1 ==== 1037+0+0 (secure 0 0 0) 0x7ff9cc0042e0 con 0x7ff9d0105b10
2024-04-15T20:52:25.948 INFO:teuthology.orchestra.run.smithi072.stdout:/usr/bin/ceph: stderr
2024-04-15T20:52:25.286+0000 7ff9d54e3700 1 -- 172.21.15.72:0/4286149298 <== mon.0 v2:172.21.15.72:3300/0 3 ==== mon_map magic: 0 v1 ==== 229+0+0 (secure 0 0 0) 0x7ff9cc011a50 con 0x7ff9d0105b10
2024-04-15T20:52:25.948 INFO:teuthology.orchestra.run.smithi072.stdout:/usr/bin/ceph: stderr
2024-04-15T20:52:25.286+0000 7ff9d8749700 1 -- 172.21.15.72:0/4286149298 >> [v2:172.21.15.72:3300/0,v1:172.21.15.72:6789/0] conn(0x7ff9d0105b10 msgr2=0x7ff9d0105f20 secure :-1 s=STATE_CONNECTION_ESTABLISHED l=1).mark_down
2024-04-15T20:52:25.948 INFO:teuthology.orchestra.run.smithi072.stdout:/usr/bin/ceph: stderr
2024-04-15T20:52:25.286+0000 7ff9d8749700 1 --2- 172.21.15.72:0/4286149298 >> [v2:172.21.15.72:3300/0,v1:172.21.15.72:6789/0] conn(0x7ff9d0105b10 0x7ff9d0105f20 secure :-1 s=READY pgs=16 cs=0 l=1 rev1=1 crypto rx=0x7ff9cc0098a0 tx=0x7ff9cc009bb0 comp rx=0 tx=0).stop
2024-04-15T20:52:25.948 INFO:teuthology.orchestra.run.smithi072.stdout:/usr/bin/ceph: stderr
2024-04-15T20:52:25.286+0000 7ff9d8749700 1 -- 172.21.15.72:0/4286149298 shutdown_connections
2024-04-15T20:52:25.948 INFO:teuthology.orchestra.run.smithi072.stdout:/usr/bin/ceph: stderr
2024-04-15T20:52:25.286+0000 7ff9d8749700 1 --2- 172.21.15.72:0/4286149298 >> [v2:172.21.15.72:3300/0,v1:172.21.15.72:6789/0] conn(0x7ff9d0105b10 0x7ff9d0105f20 unknown :-1 s=CLOSED pgs=16 cs=0 l=1 rev1=1 crypto rx=0 tx=0 comp rx=0 tx=0).stop
2024-04-15T20:52:25.948 INFO:teuthology.orchestra.run.smithi072.stdout:/usr/bin/ceph: stderr
2024-04-15T20:52:25.286+0000 7ff9d8749700 1 -- 172.21.15.72:0/4286149298 >> 172.21.15.72:0/4286149298 conn(0x7ff9d0101180 msgr2=0x7ff9d0103590 unknown :-1 s=STATE_NONE l=0).mark_down
2024-04-15T20:52:25.949 INFO:teuthology.orchestra.run.smithi072.stdout:/usr/bin/ceph: stderr
2024-04-15T20:52:25.286+0000 7ff9d8749700 1 -- 172.21.15.72:0/4286149298 shutdown_connections
2024-04-15T20:52:25.949 INFO:teuthology.orchestra.run.smithi072.stdout:/usr/bin/ceph: stderr
2024-04-15T20:52:25.286+0000 7ff9d8749700 1 -- 172.21.15.72:0/4286149298 wait complete.
2024-04-15T20:52:25.949 INFO:teuthology.orchestra.run.smithi072.stdout:/usr/bin/ceph: stderr
2024-04-15T20:52:25.287+0000 7ff9d8749700 1 Processor -- start
2024-04-15T20:52:25.949 INFO:teuthology.orchestra.run.smithi072.stdout:/usr/bin/ceph: stderr
2024-04-15T20:52:25.287+0000 7ff9d8749700 1 -- start start
2024-04-15T20:52:25.949 INFO:teuthology.orchestra.run.smithi072.stdout:/usr/bin/ceph: stderr
2024-04-15T20:52:25.287+0000 7ff9d8749700 1 --2- >> [v2:172.21.15.72:3300/0,v1:172.21.15.72:6789/0] conn(0x7ff9d0105b10 0x7ff9d0199810 unknown :-1 s=NONE pgs=0 cs=0 l=1 rev1=0 crypto rx=0 tx=0 comp rx=0 tx=0).connect
2024-04-15T20:52:25.949 INFO:teuthology.orchestra.run.smithi072.stdout:/usr/bin/ceph: stderr
2024-04-15T20:52:25.287+0000 7ff9d8749700 1 -- --> [v2:172.21.15.72:3300/0,v1:172.21.15.72:6789/0] -- mon_getmap magic: 0 v1 -- 0x7ff9d0199d50 con 0x7ff9d0105b10
2024-04-15T20:52:25.949 INFO:teuthology.orchestra.run.smithi072.stdout:/usr/bin/ceph: stderr
2024-04-15T20:52:25.287+0000 7ff9d64e5700 1 --2- >> [v2:172.21.15.72:3300/0,v1:172.21.15.72:6789/0] conn(0x7ff9d0105b10 0x7ff9d0199810 unknown :-1 s=BANNER_CONNECTING pgs=0 cs=0 l=1 rev1=0 crypto rx=0 tx=0 comp rx=0 tx=0)._handle_peer_banner_payload supported=3 required=0
2024-04-15T20:52:25.949 INFO:teuthology.orchestra.run.smithi072.stdout:/usr/bin/ceph: stderr
2024-04-15T20:52:25.287+0000 7ff9d64e5700 1 --2- >> [v2:172.21.15.72:3300/0,v1:172.21.15.72:6789/0] conn(0x7ff9d0105b10 0x7ff9d0199810 unknown :-1 s=HELLO_CONNECTING pgs=0 cs=0 l=1 rev1=1 crypto rx=0 tx=0 comp rx=0 tx=0).handle_hello peer v2:172.21.15.72:3300/0 says I am v2:172.21.15.72:58882/0 (socket says 172.21.15.72:58882)
2024-04-15T20:52:25.949 INFO:teuthology.orchestra.run.smithi072.stdout:/usr/bin/ceph: stderr
2024-04-15T20:52:25.287+0000 7ff9d64e5700 1 -- 172.21.15.72:0/2055626439 learned_addr learned my addr 172.21.15.72:0/2055626439 (peer_addr_for_me v2:172.21.15.72:0/0)
2024-04-15T20:52:25.949 INFO:teuthology.orchestra.run.smithi072.stdout:/usr/bin/ceph: stderr
2024-04-15T20:52:25.287+0000 7ff9d64e5700 1 -- 172.21.15.72:0/2055626439 --> [v2:172.21.15.72:3300/0,v1:172.21.15.72:6789/0] -- mon_subscribe({config=0+,monmap=0+}) v3 -- 0x7ff9cc009550 con 0x7ff9d0105b10
2024-04-15T20:52:25.949 INFO:teuthology.orchestra.run.smithi072.stdout:/usr/bin/ceph: stderr
2024-04-15T20:52:25.288+0000 7ff9d64e5700 1 --2- 172.21.15.72:0/2055626439 >> [v2:172.21.15.72:3300/0,v1:172.21.15.72:6789/0] conn(0x7ff9d0105b10 0x7ff9d0199810 secure :-1 s=READY pgs=17 cs=0 l=1 rev1=1 crypto rx=0x7ff9cc0119e0 tx=0x7ff9cc011ac0 comp rx=0 tx=0).ready entity=mon.0 client_cookie=0 server_cookie=0 in_seq=0 out_seq=0
2024-04-15T20:52:25.949 INFO:teuthology.orchestra.run.smithi072.stdout:/usr/bin/ceph: stderr
2024-04-15T20:52:25.288+0000 7ff9c37fe700 1 -- 172.21.15.72:0/2055626439 <== mon.0 v2:172.21.15.72:3300/0 1 ==== mon_map magic: 0 v1 ==== 229+0+0 (secure 0 0 0) 0x7ff9cc003b90 con 0x7ff9d0105b10
2024-04-15T20:52:25.949 INFO:teuthology.orchestra.run.smithi072.stdout:/usr/bin/ceph: stderr
2024-04-15T20:52:25.288+0000 7ff9c37fe700 1 -- 172.21.15.72:0/2055626439 <== mon.0 v2:172.21.15.72:3300/0 2 ==== config(27 keys) v1 ==== 1037+0+0 (secure 0 0 0) 0x7ff9cc01a8a0 con 0x7ff9d0105b10
2024-04-15T20:52:25.949 INFO:teuthology.orchestra.run.smithi072.stdout:/usr/bin/ceph: stderr
2024-04-15T20:52:25.288+0000 7ff9d8749700 1 -- 172.21.15.72:0/2055626439 --> [v2:172.21.15.72:3300/0,v1:172.21.15.72:6789/0] -- mon_subscribe({mgrmap=0+}) v3 -- 0x7ff9d0199f50 con 0x7ff9d0105b10
2024-04-15T20:52:25.950 INFO:teuthology.orchestra.run.smithi072.stdout:/usr/bin/ceph: stderr
2024-04-15T20:52:25.288+0000 7ff9c37fe700 1 -- 172.21.15.72:0/2055626439 <== mon.0 v2:172.21.15.72:3300/0 3 ==== mon_map magic: 0 v1 ==== 229+0+0 (secure 0 0 0) 0x7ff9cc019930 con 0x7ff9d0105b10
2024-04-15T20:52:25.950 INFO:teuthology.orchestra.run.smithi072.stdout:/usr/bin/ceph: stderr
2024-04-15T20:52:25.288+0000 7ff9d8749700 1 -- 172.21.15.72:0/2055626439 --> [v2:172.21.15.72:3300/0,v1:172.21.15.72:6789/0] -- mon_subscribe({osdmap=0}) v3 -- 0x7ff9d019a370 con 0x7ff9d0105b10
2024-04-15T20:52:25.950 INFO:teuthology.orchestra.run.smithi072.stdout:/usr/bin/ceph: stderr
2024-04-15T20:52:25.289+0000 7ff9c37fe700 1 -- 172.21.15.72:0/2055626439 <== mon.0 v2:172.21.15.72:3300/0 4 ==== mgrmap(e 2) v1 ==== 44840+0+0 (secure 0 0 0) 0x7ff9cc01aa10 con 0x7ff9d0105b10
2024-04-15T20:52:25.950 INFO:teuthology.orchestra.run.smithi072.stdout:/usr/bin/ceph: stderr
2024-04-15T20:52:25.289+0000 7ff9c37fe700 1 -- 172.21.15.72:0/2055626439 <== mon.0 v2:172.21.15.72:3300/0 5 ==== osd_map(1..1 src has 1..1) v4 ==== 725+0+0 (secure 0 0 0) 0x7ff9cc04c210 con 0x7ff9d0105b10
2024-04-15T20:52:25.950 INFO:teuthology.orchestra.run.smithi072.stdout:/usr/bin/ceph: stderr
2024-04-15T20:52:25.289+0000 7ff9d8749700 1 -- 172.21.15.72:0/2055626439 --> [v2:172.21.15.72:3300/0,v1:172.21.15.72:6789/0] -- mon_command({"prefix": "get_command_descriptions"} v 0) v1 -- 0x7ff9d0062380 con 0x7ff9d0105b10
2024-04-15T20:52:25.950 INFO:teuthology.orchestra.run.smithi072.stdout:/usr/bin/ceph: stderr
2024-04-15T20:52:25.291+0000 7ff9c37fe700 1 -- 172.21.15.72:0/2055626439 <== mon.0 v2:172.21.15.72:3300/0 6 ==== mon_command_ack([{"prefix": "get_command_descriptions"}]=0 v0) v1 ==== 72+0+72422 (secure 0 0 0) 0x7ff9cc018530 con 0x7ff9d0105b10
2024-04-15T20:52:25.950 INFO:teuthology.orchestra.run.smithi072.stdout:/usr/bin/ceph: stderr
2024-04-15T20:52:25.361+0000 7ff9d8749700 1 -- 172.21.15.72:0/2055626439 --> [v2:172.21.15.72:3300/0,v1:172.21.15.72:6789/0] -- mon_command({"prefix": "status", "format": "json-pretty"} v 0) v1 -- 0x7ff9d019d440 con 0x7ff9d0105b10
2024-04-15T20:52:25.950 INFO:teuthology.orchestra.run.smithi072.stdout:/usr/bin/ceph: stderr
2024-04-15T20:52:25.361+0000 7ff9c37fe700 1 -- 172.21.15.72:0/2055626439 <== mon.0 v2:172.21.15.72:3300/0 7 ==== mon_command_ack([{"prefix": "status", "format": "json-pretty"}]=0 v0) v1 ==== 79+0+1246 (secure 0 0 0) 0x7ff9cc049020 con 0x7ff9d0105b10
2024-04-15T20:52:25.950 INFO:teuthology.orchestra.run.smithi072.stdout:/usr/bin/ceph: stderr
2024-04-15T20:52:25.362+0000 7ff9d8749700 1 -- 172.21.15.72:0/2055626439 >> [v2:172.21.15.72:3300/0,v1:172.21.15.72:6789/0] conn(0x7ff9d0105b10 msgr2=0x7ff9d0199810 secure :-1 s=STATE_CONNECTION_ESTABLISHED l=1).mark_down
2024-04-15T20:52:25.950 INFO:teuthology.orchestra.run.smithi072.stdout:/usr/bin/ceph: stderr
2024-04-15T20:52:25.362+0000 7ff9d8749700 1 --2- 172.21.15.72:0/2055626439 >> [v2:172.21.15.72:3300/0,v1:172.21.15.72:6789/0] conn(0x7ff9d0105b10 0x7ff9d0199810 secure :-1 s=READY pgs=17 cs=0 l=1 rev1=1 crypto rx=0x7ff9cc0119e0 tx=0x7ff9cc011ac0 comp rx=0 tx=0).stop
2024-04-15T20:52:25.950 INFO:teuthology.orchestra.run.smithi072.stdout:/usr/bin/ceph: stderr
2024-04-15T20:52:25.362+0000 7ff9d8749700 1 -- 172.21.15.72:0/2055626439 shutdown_connections
2024-04-15T20:52:25.950 INFO:teuthology.orchestra.run.smithi072.stdout:/usr/bin/ceph: stderr
2024-04-15T20:52:25.362+0000 7ff9d8749700 1 --2- 172.21.15.72:0/2055626439 >> [v2:172.21.15.72:3300/0,v1:172.21.15.72:6789/0] conn(0x7ff9d0105b10 0x7ff9d0199810 unknown :-1 s=CLOSED pgs=17 cs=0 l=1 rev1=1 crypto rx=0 tx=0 comp rx=0 tx=0).stop
2024-04-15T20:52:25.950 INFO:teuthology.orchestra.run.smithi072.stdout:/usr/bin/ceph: stderr
2024-04-15T20:52:25.362+0000 7ff9d8749700 1 -- 172.21.15.72:0/2055626439 >> 172.21.15.72:0/2055626439 conn(0x7ff9d0101180 msgr2=0x7ff9d0101f00 unknown :-1 s=STATE_NONE l=0).mark_down
2024-04-15T20:52:25.950 INFO:teuthology.orchestra.run.smithi072.stdout:/usr/bin/ceph: stderr
2024-04-15T20:52:25.362+0000 7ff9d8749700 1 -- 172.21.15.72:0/2055626439 shutdown_connections
2024-04-15T20:52:25.951 INFO:teuthology.orchestra.run.smithi072.stdout:/usr/bin/ceph: stderr
2024-04-15T20:52:25.362+0000 7ff9d8749700 1 -- 172.21.15.72:0/2055626439 wait complete.
2024-04-15T20:52:25.951 INFO:teuthology.orchestra.run.smithi072.stdout:mgr not available, waiting (3/15)...
2024-04-15T20:52:26.414 INFO:journalctl@ceph.mon.smithi072.smithi072.stdout:Apr 15 20:52:26 smithi072 ceph-mon[29079]: from='client.? 172.21.15.72:0/2055626439' entity='client.admin' cmd=[{"prefix": "status", "format": "json-pretty"}]: dispatch
2024-04-15T20:52:26.414 INFO:journalctl@ceph.mon.smithi072.smithi072.stdout:Apr 15 20:52:26 smithi072 ceph-mon[29079]: mgrmap e3: smithi072.wfjmmp(active, since 1.00627s)
2024-04-15T20:52:28.643 INFO:journalctl@ceph.mon.smithi072.smithi072.stdout:Apr 15 20:52:28 smithi072 ceph-mon[29079]: mgrmap e4: smithi072.wfjmmp(active, since 2s)
2024-04-15T20:52:29.253 INFO:teuthology.orchestra.run.smithi072.stdout:/usr/bin/ceph: stdout
2024-04-15T20:52:29.253 INFO:teuthology.orchestra.run.smithi072.stdout:/usr/bin/ceph: stdout {
2024-04-15T20:52:29.253 INFO:teuthology.orchestra.run.smithi072.stdout:/usr/bin/ceph: stdout "fsid": "e60a5b86-fb69-11ee-bc8f-c7b262605968",
2024-04-15T20:52:29.253 INFO:teuthology.orchestra.run.smithi072.stdout:/usr/bin/ceph: stdout "health": {
2024-04-15T20:52:29.253 INFO:teuthology.orchestra.run.smithi072.stdout:/usr/bin/ceph: stdout "status": "HEALTH_OK",
2024-04-15T20:52:29.253 INFO:teuthology.orchestra.run.smithi072.stdout:/usr/bin/ceph: stdout "checks": {},
2024-04-15T20:52:29.253 INFO:teuthology.orchestra.run.smithi072.stdout:/usr/bin/ceph: stdout "mutes": []
2024-04-15T20:52:29.254 INFO:teuthology.orchestra.run.smithi072.stdout:/usr/bin/ceph: stdout },
2024-04-15T20:52:29.254 INFO:teuthology.orchestra.run.smithi072.stdout:/usr/bin/ceph: stdout "election_epoch": 5,
2024-04-15T20:52:29.254 INFO:teuthology.orchestra.run.smithi072.stdout:/usr/bin/ceph: stdout "quorum": [
2024-04-15T20:52:29.254 INFO:teuthology.orchestra.run.smithi072.stdout:/usr/bin/ceph: stdout 0
2024-04-15T20:52:29.254 INFO:teuthology.orchestra.run.smithi072.stdout:/usr/bin/ceph: stdout ],
2024-04-15T20:52:29.254 INFO:teuthology.orchestra.run.smithi072.stdout:/usr/bin/ceph: stdout "quorum_names": [
2024-04-15T20:52:29.254 INFO:teuthology.orchestra.run.smithi072.stdout:/usr/bin/ceph: stdout "smithi072"
2024-04-15T20:52:29.254 INFO:teuthology.orchestra.run.smithi072.stdout:/usr/bin/ceph: stdout ],
2024-04-15T20:52:29.254 INFO:teuthology.orchestra.run.smithi072.stdout:/usr/bin/ceph: stdout "quorum_age": 12,
2024-04-15T20:52:29.254 INFO:teuthology.orchestra.run.smithi072.stdout:/usr/bin/ceph: stdout "monmap": {
2024-04-15T20:52:29.254 INFO:teuthology.orchestra.run.smithi072.stdout:/usr/bin/ceph: stdout "epoch": 1,
2024-04-15T20:52:29.254 INFO:teuthology.orchestra.run.smithi072.stdout:/usr/bin/ceph: stdout "min_mon_release_name": "reef",
2024-04-15T20:52:29.254 INFO:teuthology.orchestra.run.smithi072.stdout:/usr/bin/ceph: stdout "num_mons": 1
2024-04-15T20:52:29.254 INFO:teuthology.orchestra.run.smithi072.stdout:/usr/bin/ceph: stdout },
2024-04-15T20:52:29.255 INFO:teuthology.orchestra.run.smithi072.stdout:/usr/bin/ceph: stdout "osdmap": {
2024-04-15T20:52:29.255 INFO:teuthology.orchestra.run.smithi072.stdout:/usr/bin/ceph: stdout "epoch": 1,
2024-04-15T20:52:29.255 INFO:teuthology.orchestra.run.smithi072.stdout:/usr/bin/ceph: stdout "num_osds": 0,
2024-04-15T20:52:29.255 INFO:teuthology.orchestra.run.smithi072.stdout:/usr/bin/ceph: stdout "num_up_osds": 0,
2024-04-15T20:52:29.255 INFO:teuthology.orchestra.run.smithi072.stdout:/usr/bin/ceph: stdout "osd_up_since": 0,
2024-04-15T20:52:29.263 INFO:teuthology.orchestra.run.smithi072.stdout:/usr/bin/ceph: stdout "num_in_osds": 0,
2024-04-15T20:52:29.264 INFO:teuthology.orchestra.run.smithi072.stdout:/usr/bin/ceph: stdout "osd_in_since": 0,
2024-04-15T20:52:29.264 INFO:teuthology.orchestra.run.smithi072.stdout:/usr/bin/ceph: stdout "num_remapped_pgs": 0
2024-04-15T20:52:29.264 INFO:teuthology.orchestra.run.smithi072.stdout:/usr/bin/ceph: stdout },
2024-04-15T20:52:29.264 INFO:teuthology.orchestra.run.smithi072.stdout:/usr/bin/ceph: stdout "pgmap": {
2024-04-15T20:52:29.264 INFO:teuthology.orchestra.run.smithi072.stdout:/usr/bin/ceph: stdout "pgs_by_state": [],
2024-04-15T20:52:29.264 INFO:teuthology.orchestra.run.smithi072.stdout:/usr/bin/ceph: stdout "num_pgs": 0,
2024-04-15T20:52:29.264 INFO:teuthology.orchestra.run.smithi072.stdout:/usr/bin/ceph: stdout "num_pools": 0,
2024-04-15T20:52:29.264 INFO:teuthology.orchestra.run.smithi072.stdout:/usr/bin/ceph: stdout "num_objects": 0,
2024-04-15T20:52:29.264 INFO:teuthology.orchestra.run.smithi072.stdout:/usr/bin/ceph: stdout "data_bytes": 0,
2024-04-15T20:52:29.264 INFO:teuthology.orchestra.run.smithi072.stdout:/usr/bin/ceph: stdout "bytes_used": 0,
2024-04-15T20:52:29.264 INFO:teuthology.orchestra.run.smithi072.stdout:/usr/bin/ceph: stdout "bytes_avail": 0,
2024-04-15T20:52:29.264 INFO:teuthology.orchestra.run.smithi072.stdout:/usr/bin/ceph: stdout "bytes_total": 0
2024-04-15T20:52:29.265 INFO:teuthology.orchestra.run.smithi072.stdout:/usr/bin/ceph: stdout },
2024-04-15T20:52:29.265 INFO:teuthology.orchestra.run.smithi072.stdout:/usr/bin/ceph: stdout "fsmap": {
2024-04-15T20:52:29.265 INFO:teuthology.orchestra.run.smithi072.stdout:/usr/bin/ceph: stdout "epoch": 1,
2024-04-15T20:52:29.265 INFO:teuthology.orchestra.run.smithi072.stdout:/usr/bin/ceph: stdout "by_rank": [],
2024-04-15T20:52:29.265 INFO:teuthology.orchestra.run.smithi072.stdout:/usr/bin/ceph: stdout "up:standby": 0
2024-04-15T20:52:29.265 INFO:teuthology.orchestra.run.smithi072.stdout:/usr/bin/ceph: stdout },
2024-04-15T20:52:29.265 INFO:teuthology.orchestra.run.smithi072.stdout:/usr/bin/ceph: stdout "mgrmap": {
2024-04-15T20:52:29.265 INFO:teuthology.orchestra.run.smithi072.stdout:/usr/bin/ceph: stdout "available": true,
2024-04-15T20:52:29.265 INFO:teuthology.orchestra.run.smithi072.stdout:/usr/bin/ceph: stdout "num_standbys": 0,
2024-04-15T20:52:29.265 INFO:teuthology.orchestra.run.smithi072.stdout:/usr/bin/ceph: stdout "modules": [
2024-04-15T20:52:29.265 INFO:teuthology.orchestra.run.smithi072.stdout:/usr/bin/ceph: stdout "iostat",
2024-04-15T20:52:29.265 INFO:teuthology.orchestra.run.smithi072.stdout:/usr/bin/ceph: stdout "nfs",
2024-04-15T20:52:29.265 INFO:teuthology.orchestra.run.smithi072.stdout:/usr/bin/ceph: stdout "restful"
2024-04-15T20:52:29.265 INFO:teuthology.orchestra.run.smithi072.stdout:/usr/bin/ceph: stdout ],
2024-04-15T20:52:29.265 INFO:teuthology.orchestra.run.smithi072.stdout:/usr/bin/ceph: stdout "services": {}
2024-04-15T20:52:29.266 INFO:teuthology.orchestra.run.smithi072.stdout:/usr/bin/ceph: stdout },
2024-04-15T20:52:29.266 INFO:teuthology.orchestra.run.smithi072.stdout:/usr/bin/ceph: stdout "servicemap": {
2024-04-15T20:52:29.266 INFO:teuthology.orchestra.run.smithi072.stdout:/usr/bin/ceph: stdout "epoch": 1,
2024-04-15T20:52:29.266 INFO:teuthology.orchestra.run.smithi072.stdout:/usr/bin/ceph: stdout "modified": "2024-04-15T20:52:07.240755+0000",
2024-04-15T20:52:29.266 INFO:teuthology.orchestra.run.smithi072.stdout:/usr/bin/ceph: stdout "services": {}
2024-04-15T20:52:29.266 INFO:teuthology.orchestra.run.smithi072.stdout:/usr/bin/ceph: stdout },
2024-04-15T20:52:29.266 INFO:teuthology.orchestra.run.smithi072.stdout:/usr/bin/ceph: stdout "progress_events": {}
2024-04-15T20:52:29.266 INFO:teuthology.orchestra.run.smithi072.stdout:/usr/bin/ceph: stdout }
2024-04-15T20:52:29.266 INFO:teuthology.orchestra.run.smithi072.stdout:/usr/bin/ceph: stderr
2024-04-15T20:52:28.374+0000 7f971e844700 1 Processor -- start
2024-04-15T20:52:29.266 INFO:teuthology.orchestra.run.smithi072.stdout:/usr/bin/ceph: stderr
2024-04-15T20:52:28.374+0000 7f971e844700 1 -- start start
2024-04-15T20:52:29.266 INFO:teuthology.orchestra.run.smithi072.stdout:/usr/bin/ceph: stderr
2024-04-15T20:52:28.374+0000 7f971e844700 1 --2- >> [v2:172.21.15.72:3300/0,v1:172.21.15.72:6789/0] conn(0x7f9718104a10 0x7f9718104e20 unknown :-1 s=NONE pgs=0 cs=0 l=0 rev1=0 crypto rx=0 tx=0 comp rx=0 tx=0).connect
2024-04-15T20:52:29.266 INFO:teuthology.orchestra.run.smithi072.stdout:/usr/bin/ceph: stderr
2024-04-15T20:52:28.374+0000 7f971e844700 1 -- --> [v2:172.21.15.72:3300/0,v1:172.21.15.72:6789/0] -- mon_getmap magic: 0 v1 -- 0x7f9718105360 con 0x7f9718104a10
2024-04-15T20:52:29.266 INFO:teuthology.orchestra.run.smithi072.stdout:/usr/bin/ceph: stderr
2024-04-15T20:52:28.374+0000 7f9717fff700 1 --2- >> [v2:172.21.15.72:3300/0,v1:172.21.15.72:6789/0] conn(0x7f9718104a10 0x7f9718104e20 unknown :-1 s=BANNER_CONNECTING pgs=0 cs=0 l=0 rev1=0 crypto rx=0 tx=0 comp rx=0 tx=0)._handle_peer_banner_payload supported=3 required=0
2024-04-15T20:52:29.266 INFO:teuthology.orchestra.run.smithi072.stdout:/usr/bin/ceph: stderr
2024-04-15T20:52:28.374+0000 7f9717fff700 1 --2- >> [v2:172.21.15.72:3300/0,v1:172.21.15.72:6789/0] conn(0x7f9718104a10 0x7f9718104e20 unknown :-1 s=HELLO_CONNECTING pgs=0 cs=0 l=0 rev1=1 crypto rx=0 tx=0 comp rx=0 tx=0).handle_hello peer v2:172.21.15.72:3300/0 says I am v2:172.21.15.72:58894/0 (socket says 172.21.15.72:58894)
2024-04-15T20:52:29.267 INFO:teuthology.orchestra.run.smithi072.stdout:/usr/bin/ceph: stderr
2024-04-15T20:52:28.374+0000 7f9717fff700 1 -- 172.21.15.72:0/3974335408 learned_addr learned my addr 172.21.15.72:0/3974335408 (peer_addr_for_me v2:172.21.15.72:0/0)
2024-04-15T20:52:29.267 INFO:teuthology.orchestra.run.smithi072.stdout:/usr/bin/ceph: stderr
2024-04-15T20:52:28.375+0000 7f9717fff700 1 -- 172.21.15.72:0/3974335408 --> [v2:172.21.15.72:3300/0,v1:172.21.15.72:6789/0] -- mon_subscribe({config=0+,monmap=0+}) v3 -- 0x7f97181054a0 con 0x7f9718104a10
2024-04-15T20:52:29.267 INFO:teuthology.orchestra.run.smithi072.stdout:/usr/bin/ceph: stderr
2024-04-15T20:52:28.375+0000 7f9717fff700 1 --2- 172.21.15.72:0/3974335408 >> [v2:172.21.15.72:3300/0,v1:172.21.15.72:6789/0] conn(0x7f9718104a10 0x7f9718104e20 secure :-1 s=READY pgs=18 cs=0 l=1 rev1=1 crypto rx=0x7f97080098a0 tx=0x7f9708009bb0 comp rx=0 tx=0).ready entity=mon.0 client_cookie=974487e6cb5ce47b server_cookie=0 in_seq=0 out_seq=0
2024-04-15T20:52:29.267 INFO:teuthology.orchestra.run.smithi072.stdout:/usr/bin/ceph: stderr
2024-04-15T20:52:28.375+0000 7f9716ffd700 1 -- 172.21.15.72:0/3974335408 <== mon.0 v2:172.21.15.72:3300/0 1 ==== mon_map magic: 0 v1 ==== 229+0+0 (secure 0 0 0) 0x7f9708004180 con 0x7f9718104a10
2024-04-15T20:52:29.267 INFO:teuthology.orchestra.run.smithi072.stdout:/usr/bin/ceph: stderr
2024-04-15T20:52:28.375+0000 7f9716ffd700 1 -- 172.21.15.72:0/3974335408 <== mon.0 v2:172.21.15.72:3300/0 2 ==== config(27 keys) v1 ==== 1037+0+0 (secure 0 0 0) 0x7f97080042e0 con 0x7f9718104a10
2024-04-15T20:52:29.267 INFO:teuthology.orchestra.run.smithi072.stdout:/usr/bin/ceph: stderr
2024-04-15T20:52:28.375+0000 7f9716ffd700 1 -- 172.21.15.72:0/3974335408 <== mon.0 v2:172.21.15.72:3300/0 3 ==== mon_map magic: 0 v1 ==== 229+0+0 (secure 0 0 0) 0x7f9708011a50 con 0x7f9718104a10
2024-04-15T20:52:29.267 INFO:teuthology.orchestra.run.smithi072.stdout:/usr/bin/ceph: stderr
2024-04-15T20:52:28.375+0000 7f971e844700 1 -- 172.21.15.72:0/3974335408 >> [v2:172.21.15.72:3300/0,v1:172.21.15.72:6789/0] conn(0x7f9718104a10 msgr2=0x7f9718104e20 secure :-1 s=STATE_CONNECTION_ESTABLISHED l=1).mark_down
2024-04-15T20:52:29.267 INFO:teuthology.orchestra.run.smithi072.stdout:/usr/bin/ceph: stderr
2024-04-15T20:52:28.375+0000 7f971e844700 1 --2- 172.21.15.72:0/3974335408 >> [v2:172.21.15.72:3300/0,v1:172.21.15.72:6789/0] conn(0x7f9718104a10 0x7f9718104e20 secure :-1 s=READY pgs=18 cs=0 l=1 rev1=1 crypto rx=0x7f97080098a0 tx=0x7f9708009bb0 comp rx=0 tx=0).stop
2024-04-15T20:52:29.267 INFO:teuthology.orchestra.run.smithi072.stdout:/usr/bin/ceph: stderr
2024-04-15T20:52:28.376+0000 7f971e844700 1 -- 172.21.15.72:0/3974335408 shutdown_connections
2024-04-15T20:52:29.267 INFO:teuthology.orchestra.run.smithi072.stdout:/usr/bin/ceph: stderr
2024-04-15T20:52:28.376+0000 7f971e844700 1 --2- 172.21.15.72:0/3974335408 >> [v2:172.21.15.72:3300/0,v1:172.21.15.72:6789/0] conn(0x7f9718104a10 0x7f9718104e20 unknown :-1 s=CLOSED pgs=18 cs=0 l=1 rev1=1 crypto rx=0 tx=0 comp rx=0 tx=0).stop
2024-04-15T20:52:29.267 INFO:teuthology.orchestra.run.smithi072.stdout:/usr/bin/ceph: stderr
2024-04-15T20:52:28.376+0000 7f971e844700 1 -- 172.21.15.72:0/3974335408 >> 172.21.15.72:0/3974335408 conn(0x7f9718100060 msgr2=0x7f9718102490 unknown :-1 s=STATE_NONE l=0).mark_down
2024-04-15T20:52:29.267 INFO:teuthology.orchestra.run.smithi072.stdout:/usr/bin/ceph: stderr
2024-04-15T20:52:28.376+0000 7f971e844700 1 -- 172.21.15.72:0/3974335408 shutdown_connections
2024-04-15T20:52:29.267 INFO:teuthology.orchestra.run.smithi072.stdout:/usr/bin/ceph: stderr
2024-04-15T20:52:28.376+0000 7f971e844700 1 -- 172.21.15.72:0/3974335408 wait complete.
2024-04-15T20:52:29.267 INFO:teuthology.orchestra.run.smithi072.stdout:/usr/bin/ceph: stderr
2024-04-15T20:52:28.376+0000 7f971e844700 1 Processor -- start
2024-04-15T20:52:29.268 INFO:teuthology.orchestra.run.smithi072.stdout:/usr/bin/ceph: stderr
2024-04-15T20:52:28.376+0000 7f971e844700 1 -- start start
2024-04-15T20:52:29.268 INFO:teuthology.orchestra.run.smithi072.stdout:/usr/bin/ceph: stderr
2024-04-15T20:52:28.377+0000 7f971e844700 1 --2- >> [v2:172.21.15.72:3300/0,v1:172.21.15.72:6789/0] conn(0x7f9718104a10 0x7f9718079b20 unknown :-1 s=NONE pgs=0 cs=0 l=1 rev1=0 crypto rx=0 tx=0 comp rx=0 tx=0).connect
2024-04-15T20:52:29.268 INFO:teuthology.orchestra.run.smithi072.stdout:/usr/bin/ceph: stderr
2024-04-15T20:52:28.377+0000 7f971e844700 1 -- --> [v2:172.21.15.72:3300/0,v1:172.21.15.72:6789/0] -- mon_getmap magic: 0 v1 -- 0x7f971819c580 con 0x7f9718104a10
2024-04-15T20:52:29.268 INFO:teuthology.orchestra.run.smithi072.stdout:/usr/bin/ceph: stderr
2024-04-15T20:52:28.377+0000 7f9717fff700 1 --2- >> [v2:172.21.15.72:3300/0,v1:172.21.15.72:6789/0] conn(0x7f9718104a10 0x7f9718079b20 unknown :-1 s=BANNER_CONNECTING pgs=0 cs=0 l=1 rev1=0 crypto rx=0 tx=0 comp rx=0 tx=0)._handle_peer_banner_payload supported=3 required=0
2024-04-15T20:52:29.268 INFO:teuthology.orchestra.run.smithi072.stdout:/usr/bin/ceph: stderr
2024-04-15T20:52:28.377+0000 7f9717fff700 1 --2- >> [v2:172.21.15.72:3300/0,v1:172.21.15.72:6789/0] conn(0x7f9718104a10 0x7f9718079b20 unknown :-1 s=HELLO_CONNECTING pgs=0 cs=0 l=1 rev1=1 crypto rx=0 tx=0 comp rx=0 tx=0).handle_hello peer v2:172.21.15.72:3300/0 says I am v2:172.21.15.72:58908/0 (socket says 172.21.15.72:58908)
2024-04-15T20:52:29.268 INFO:teuthology.orchestra.run.smithi072.stdout:/usr/bin/ceph: stderr
2024-04-15T20:52:28.377+0000 7f9717fff700 1 -- 172.21.15.72:0/1049068933 learned_addr learned my addr 172.21.15.72:0/1049068933 (peer_addr_for_me v2:172.21.15.72:0/0)
2024-04-15T20:52:29.268 INFO:teuthology.orchestra.run.smithi072.stdout:/usr/bin/ceph: stderr
2024-04-15T20:52:28.377+0000 7f9717fff700 1 -- 172.21.15.72:0/1049068933 --> [v2:172.21.15.72:3300/0,v1:172.21.15.72:6789/0] -- mon_subscribe({config=0+,monmap=0+}) v3 -- 0x7f9708009550 con 0x7f9718104a10
2024-04-15T20:52:29.268 INFO:teuthology.orchestra.run.smithi072.stdout:/usr/bin/ceph: stderr
2024-04-15T20:52:28.377+0000 7f9717fff700 1 --2- 172.21.15.72:0/1049068933 >> [v2:172.21.15.72:3300/0,v1:172.21.15.72:6789/0] conn(0x7f9718104a10 0x7f9718079b20 secure :-1 s=READY pgs=19 cs=0 l=1 rev1=1 crypto rx=0x7f9708000c00 tx=0x7f9708011ab0 comp rx=0 tx=0).ready entity=mon.0 client_cookie=0 server_cookie=0 in_seq=0 out_seq=0
2024-04-15T20:52:29.268 INFO:teuthology.orchestra.run.smithi072.stdout:/usr/bin/ceph: stderr
2024-04-15T20:52:28.377+0000 7f97157fa700 1 -- 172.21.15.72:0/1049068933 <== mon.0 v2:172.21.15.72:3300/0 1 ==== mon_map magic: 0 v1 ==== 229+0+0 (secure 0 0 0) 0x7f9708003b90 con 0x7f9718104a10
2024-04-15T20:52:29.268 INFO:teuthology.orchestra.run.smithi072.stdout:/usr/bin/ceph: stderr
2024-04-15T20:52:28.377+0000 7f97157fa700 1 -- 172.21.15.72:0/1049068933 <== mon.0 v2:172.21.15.72:3300/0 2 ==== config(27 keys) v1 ==== 1037+0+0 (secure 0 0 0) 0x7f97080248b0 con 0x7f9718104a10
2024-04-15T20:52:29.268 INFO:teuthology.orchestra.run.smithi072.stdout:/usr/bin/ceph: stderr
2024-04-15T20:52:28.377+0000 7f971e844700 1 -- 172.21.15.72:0/1049068933 --> [v2:172.21.15.72:3300/0,v1:172.21.15.72:6789/0] -- mon_subscribe({mgrmap=0+}) v3 -- 0x7f971819c6c0 con 0x7f9718104a10
2024-04-15T20:52:29.268 INFO:teuthology.orchestra.run.smithi072.stdout:/usr/bin/ceph: stderr
2024-04-15T20:52:28.377+0000 7f97157fa700 1 -- 172.21.15.72:0/1049068933 <== mon.0 v2:172.21.15.72:3300/0 3 ==== mon_map magic: 0 v1 ==== 229+0+0 (secure 0 0 0) 0x7f970801a8e0 con 0x7f9718104a10
2024-04-15T20:52:29.268 INFO:teuthology.orchestra.run.smithi072.stdout:/usr/bin/ceph: stderr
2024-04-15T20:52:28.378+0000 7f971e844700 1 -- 172.21.15.72:0/1049068933 --> [v2:172.21.15.72:3300/0,v1:172.21.15.72:6789/0] -- mon_subscribe({osdmap=0}) v3 -- 0x7f971819cae0 con 0x7f9718104a10
2024-04-15T20:52:29.268 INFO:teuthology.orchestra.run.smithi072.stdout:/usr/bin/ceph: stderr
2024-04-15T20:52:28.378+0000 7f97157fa700 1 -- 172.21.15.72:0/1049068933 <== mon.0 v2:172.21.15.72:3300/0 4 ==== mgrmap(e 4) v1 ==== 45073+0+0 (secure 0 0 0) 0x7f970801aba0 con 0x7f9718104a10
2024-04-15T20:52:29.268 INFO:teuthology.orchestra.run.smithi072.stdout:/usr/bin/ceph: stderr
2024-04-15T20:52:28.378+0000 7f97157fa700 1 --2- 172.21.15.72:0/1049068933 >> [v2:172.21.15.72:6800/4212675791,v1:172.21.15.72:6801/4212675791] conn(0x7f97000383a0 0x7f970003a850 unknown :-1 s=NONE pgs=0 cs=0 l=1 rev1=0 crypto rx=0 tx=0 comp rx=0 tx=0).connect
2024-04-15T20:52:29.269 INFO:teuthology.orchestra.run.smithi072.stdout:/usr/bin/ceph: stderr
2024-04-15T20:52:28.378+0000 7f971e844700 1 -- 172.21.15.72:0/1049068933 --> [v2:172.21.15.72:3300/0,v1:172.21.15.72:6789/0] -- mon_command({"prefix": "get_command_descriptions"} v 0) v1 -- 0x7f9718062380 con 0x7f9718104a10
2024-04-15T20:52:29.269 INFO:teuthology.orchestra.run.smithi072.stdout:/usr/bin/ceph: stderr
2024-04-15T20:52:28.379+0000 7f97177fe700 1 --2- 172.21.15.72:0/1049068933 >> [v2:172.21.15.72:6800/4212675791,v1:172.21.15.72:6801/4212675791] conn(0x7f97000383a0 0x7f970003a850 unknown :-1 s=BANNER_CONNECTING pgs=0 cs=0 l=1 rev1=0 crypto rx=0 tx=0 comp rx=0 tx=0)._handle_peer_banner_payload supported=3 required=0
2024-04-15T20:52:29.269 INFO:teuthology.orchestra.run.smithi072.stdout:/usr/bin/ceph: stderr
2024-04-15T20:52:28.379+0000 7f97157fa700 1 -- 172.21.15.72:0/1049068933 <== mon.0 v2:172.21.15.72:3300/0 5 ==== osd_map(1..1 src has 1..1) v4 ==== 725+0+0 (secure 0 0 0) 0x7f970804c2b0 con 0x7f9718104a10
2024-04-15T20:52:29.269 INFO:teuthology.orchestra.run.smithi072.stdout:/usr/bin/ceph: stderr
2024-04-15T20:52:28.379+0000 7f97177fe700 1 --2- 172.21.15.72:0/1049068933 >> [v2:172.21.15.72:6800/4212675791,v1:172.21.15.72:6801/4212675791] conn(0x7f97000383a0 0x7f970003a850 secure :-1 s=READY pgs=6 cs=0 l=1 rev1=1 crypto rx=0x7f970c006fd0 tx=0x7f970c006e40 comp rx=0 tx=0).ready entity=mgr.14100 client_cookie=0 server_cookie=0 in_seq=0 out_seq=0
2024-04-15T20:52:29.269 INFO:teuthology.orchestra.run.smithi072.stdout:/usr/bin/ceph: stderr
2024-04-15T20:52:28.384+0000 7f97157fa700 1 -- 172.21.15.72:0/1049068933 <== mon.0 v2:172.21.15.72:3300/0 6 ==== mon_command_ack([{"prefix": "get_command_descriptions"}]=0 v0) v1 ==== 72+0+177933 (secure 0 0 0) 0x7f97080233a0 con 0x7f9718104a10
2024-04-15T20:52:29.269 INFO:teuthology.orchestra.run.smithi072.stdout:/usr/bin/ceph: stderr
2024-04-15T20:52:28.649+0000 7f971e844700 1 -- 172.21.15.72:0/1049068933 --> [v2:172.21.15.72:3300/0,v1:172.21.15.72:6789/0] -- mon_command({"prefix": "status", "format": "json-pretty"} v 0) v1 -- 0x7f9718106880 con 0x7f9718104a10
2024-04-15T20:52:29.269 INFO:teuthology.orchestra.run.smithi072.stdout:/usr/bin/ceph: stderr
2024-04-15T20:52:28.650+0000 7f97157fa700 1 -- 172.21.15.72:0/1049068933 <== mon.0 v2:172.21.15.72:3300/0 7 ==== mon_command_ack([{"prefix": "status", "format": "json-pretty"}]=0 v0) v1 ==== 79+0+1246 (secure 0 0 0) 0x7f970800a0d0 con 0x7f9718104a10
2024-04-15T20:52:29.269 INFO:teuthology.orchestra.run.smithi072.stdout:/usr/bin/ceph: stderr
2024-04-15T20:52:28.652+0000 7f971e844700 1 -- 172.21.15.72:0/1049068933 >> [v2:172.21.15.72:6800/4212675791,v1:172.21.15.72:6801/4212675791] conn(0x7f97000383a0 msgr2=0x7f970003a850 secure :-1 s=STATE_CONNECTION_ESTABLISHED l=1).mark_down
2024-04-15T20:52:29.269 INFO:teuthology.orchestra.run.smithi072.stdout:/usr/bin/ceph: stderr
2024-04-15T20:52:28.652+0000 7f971e844700 1 --2- 172.21.15.72:0/1049068933 >> [v2:172.21.15.72:6800/4212675791,v1:172.21.15.72:6801/4212675791] conn(0x7f97000383a0 0x7f970003a850 secure :-1 s=READY pgs=6 cs=0 l=1 rev1=1 crypto rx=0x7f970c006fd0 tx=0x7f970c006e40 comp rx=0 tx=0).stop
2024-04-15T20:52:29.269 INFO:teuthology.orchestra.run.smithi072.stdout:/usr/bin/ceph: stderr
2024-04-15T20:52:28.652+0000 7f971e844700 1 -- 172.21.15.72:0/1049068933 >> [v2:172.21.15.72:3300/0,v1:172.21.15.72:6789/0] conn(0x7f9718104a10 msgr2=0x7f9718079b20 secure :-1 s=STATE_CONNECTION_ESTABLISHED l=1).mark_down
2024-04-15T20:52:29.270 INFO:teuthology.orchestra.run.smithi072.stdout:/usr/bin/ceph: stderr
2024-04-15T20:52:28.652+0000 7f971e844700 1 --2- 172.21.15.72:0/1049068933 >> [v2:172.21.15.72:3300/0,v1:172.21.15.72:6789/0] conn(0x7f9718104a10 0x7f9718079b20 secure :-1 s=READY pgs=19 cs=0 l=1 rev1=1 crypto rx=0x7f9708000c00 tx=0x7f9708011ab0 comp rx=0 tx=0).stop
2024-04-15T20:52:29.270 INFO:teuthology.orchestra.run.smithi072.stdout:/usr/bin/ceph: stderr
2024-04-15T20:52:28.652+0000 7f971e844700 1 -- 172.21.15.72:0/1049068933 shutdown_connections
2024-04-15T20:52:29.270 INFO:teuthology.orchestra.run.smithi072.stdout:/usr/bin/ceph: stderr
2024-04-15T20:52:28.652+0000 7f971e844700 1 --2- 172.21.15.72:0/1049068933 >> [v2:172.21.15.72:6800/4212675791,v1:172.21.15.72:6801/4212675791] conn(0x7f97000383a0 0x7f970003a850 unknown :-1 s=CLOSED pgs=6 cs=0 l=1 rev1=1 crypto rx=0 tx=0 comp rx=0 tx=0).stop
2024-04-15T20:52:29.270 INFO:teuthology.orchestra.run.smithi072.stdout:/usr/bin/ceph: stderr
2024-04-15T20:52:28.652+0000 7f971e844700 1 --2- 172.21.15.72:0/1049068933 >> [v2:172.21.15.72:3300/0,v1:172.21.15.72:6789/0] conn(0x7f9718104a10 0x7f9718079b20 unknown :-1 s=CLOSED pgs=19 cs=0 l=1 rev1=1 crypto rx=0 tx=0 comp rx=0 tx=0).stop
2024-04-15T20:52:29.270 INFO:teuthology.orchestra.run.smithi072.stdout:/usr/bin/ceph: stderr
2024-04-15T20:52:28.652+0000 7f971e844700 1 -- 172.21.15.72:0/1049068933 >> 172.21.15.72:0/1049068933 conn(0x7f9718100060 msgr2=0x7f9718100e10 unknown :-1 s=STATE_NONE l=0).mark_down
2024-04-15T20:52:29.270 INFO:teuthology.orchestra.run.smithi072.stdout:/usr/bin/ceph: stderr
2024-04-15T20:52:28.652+0000 7f971e844700 1 -- 172.21.15.72:0/1049068933 shutdown_connections
2024-04-15T20:52:29.270 INFO:teuthology.orchestra.run.smithi072.stdout:/usr/bin/ceph: stderr
2024-04-15T20:52:28.652+0000 7f971e844700 1 -- 172.21.15.72:0/1049068933 wait complete.
2024-04-15T20:52:29.270 INFO:teuthology.orchestra.run.smithi072.stdout:mgr is available
2024-04-15T20:52:29.664 INFO:journalctl@ceph.mon.smithi072.smithi072.stdout:Apr 15 20:52:29 smithi072 ceph-mon[29079]: from='client.? 172.21.15.72:0/1049068933' entity='client.admin' cmd=[{"prefix": "status", "format": "json-pretty"}]: dispatch
2024-04-15T20:52:30.519 INFO:journalctl@ceph.mon.smithi072.smithi072.stdout:Apr 15 20:52:30 smithi072 ceph-mon[29079]: from='client.? 172.21.15.72:0/2489969846' entity='client.admin' cmd=[{"prefix": "config assimilate-conf"}]: dispatch
2024-04-15T20:52:30.528 INFO:teuthology.orchestra.run.smithi072.stdout:/usr/bin/ceph: stdout
2024-04-15T20:52:30.528 INFO:teuthology.orchestra.run.smithi072.stdout:/usr/bin/ceph: stdout [global]
2024-04-15T20:52:30.528 INFO:teuthology.orchestra.run.smithi072.stdout:/usr/bin/ceph: stdout fsid = e60a5b86-fb69-11ee-bc8f-c7b262605968
2024-04-15T20:52:30.528 INFO:teuthology.orchestra.run.smithi072.stdout:/usr/bin/ceph: stdout mon_osd_allow_pg_remap = true
2024-04-15T20:52:30.528 INFO:teuthology.orchestra.run.smithi072.stdout:/usr/bin/ceph: stdout mon_osd_allow_primary_affinity = true
2024-04-15T20:52:30.528 INFO:teuthology.orchestra.run.smithi072.stdout:/usr/bin/ceph: stdout mon_warn_on_no_sortbitwise = false
2024-04-15T20:52:30.528 INFO:teuthology.orchestra.run.smithi072.stdout:/usr/bin/ceph: stdout osd_crush_chooseleaf_type = 0
2024-04-15T20:52:30.528 INFO:teuthology.orchestra.run.smithi072.stdout:/usr/bin/ceph: stdout
2024-04-15T20:52:30.528 INFO:teuthology.orchestra.run.smithi072.stdout:/usr/bin/ceph: stdout [mgr]
2024-04-15T20:52:30.528 INFO:teuthology.orchestra.run.smithi072.stdout:/usr/bin/ceph: stdout mgr/telemetry/nag = false
2024-04-15T20:52:30.528 INFO:teuthology.orchestra.run.smithi072.stdout:/usr/bin/ceph: stdout
2024-04-15T20:52:30.528 INFO:teuthology.orchestra.run.smithi072.stdout:/usr/bin/ceph: stdout [osd]
2024-04-15T20:52:30.528 INFO:teuthology.orchestra.run.smithi072.stdout:/usr/bin/ceph: stdout mon_osd_backfillfull_ratio = 0.85
2024-04-15T20:52:30.529 INFO:teuthology.orchestra.run.smithi072.stdout:/usr/bin/ceph: stdout mon_osd_full_ratio = 0.9
2024-04-15T20:52:30.529 INFO:teuthology.orchestra.run.smithi072.stdout:/usr/bin/ceph: stdout mon_osd_nearfull_ratio = 0.8
2024-04-15T20:52:30.529 INFO:teuthology.orchestra.run.smithi072.stdout:/usr/bin/ceph: stdout osd_map_max_advance = 10
2024-04-15T20:52:30.529 INFO:teuthology.orchestra.run.smithi072.stdout:/usr/bin/ceph: stdout osd_sloppy_crc = true
2024-04-15T20:52:30.529 INFO:teuthology.orchestra.run.smithi072.stdout:/usr/bin/ceph: stderr
2024-04-15T20:52:29.683+0000 7fada6f6d700 1 Processor -- start
2024-04-15T20:52:30.529 INFO:teuthology.orchestra.run.smithi072.stdout:/usr/bin/ceph: stderr
2024-04-15T20:52:29.683+0000 7fada6f6d700 1 -- start start
2024-04-15T20:52:30.529 INFO:teuthology.orchestra.run.smithi072.stdout:/usr/bin/ceph: stderr
2024-04-15T20:52:29.683+0000 7fada6f6d700 1 --2- >> [v2:172.21.15.72:3300/0,v1:172.21.15.72:6789/0] conn(0x7fada0105ff0 0x7fada0106400 unknown :-1 s=NONE pgs=0 cs=0 l=0 rev1=0 crypto rx=0 tx=0 comp rx=0 tx=0).connect
2024-04-15T20:52:30.529 INFO:teuthology.orchestra.run.smithi072.stdout:/usr/bin/ceph: stderr
2024-04-15T20:52:29.683+0000 7fada6f6d700 1 -- --> [v2:172.21.15.72:3300/0,v1:172.21.15.72:6789/0] -- mon_getmap magic: 0 v1 -- 0x7fada0106940 con 0x7fada0105ff0
2024-04-15T20:52:30.529 INFO:teuthology.orchestra.run.smithi072.stdout:/usr/bin/ceph: stderr
2024-04-15T20:52:29.683+0000 7fada4d09700 1 --2- >> [v2:172.21.15.72:3300/0,v1:172.21.15.72:6789/0] conn(0x7fada0105ff0 0x7fada0106400 unknown :-1 s=BANNER_CONNECTING pgs=0 cs=0 l=0 rev1=0 crypto rx=0 tx=0 comp rx=0 tx=0)._handle_peer_banner_payload supported=3 required=0
2024-04-15T20:52:30.529 INFO:teuthology.orchestra.run.smithi072.stdout:/usr/bin/ceph: stderr
2024-04-15T20:52:29.683+0000 7fada4d09700 1 --2- >> [v2:172.21.15.72:3300/0,v1:172.21.15.72:6789/0] conn(0x7fada0105ff0 0x7fada0106400 unknown :-1 s=HELLO_CONNECTING pgs=0 cs=0 l=0 rev1=1 crypto rx=0 tx=0 comp rx=0 tx=0).handle_hello peer v2:172.21.15.72:3300/0 says I am v2:172.21.15.72:58918/0 (socket says 172.21.15.72:58918)
2024-04-15T20:52:30.529 INFO:teuthology.orchestra.run.smithi072.stdout:/usr/bin/ceph: stderr
2024-04-15T20:52:29.683+0000 7fada4d09700 1 -- 172.21.15.72:0/3657306393 learned_addr learned my addr 172.21.15.72:0/3657306393 (peer_addr_for_me v2:172.21.15.72:0/0)
2024-04-15T20:52:30.529 INFO:teuthology.orchestra.run.smithi072.stdout:/usr/bin/ceph: stderr
2024-04-15T20:52:29.683+0000 7fada4d09700 1 -- 172.21.15.72:0/3657306393 --> [v2:172.21.15.72:3300/0,v1:172.21.15.72:6789/0] -- mon_subscribe({config=0+,monmap=0+}) v3 -- 0x7fada0106a80 con 0x7fada0105ff0
2024-04-15T20:52:30.529 INFO:teuthology.orchestra.run.smithi072.stdout:/usr/bin/ceph: stderr
2024-04-15T20:52:29.684+0000 7fada4d09700 1 --2- 172.21.15.72:0/3657306393 >> [v2:172.21.15.72:3300/0,v1:172.21.15.72:6789/0] conn(0x7fada0105ff0 0x7fada0106400 secure :-1 s=READY pgs=20 cs=0 l=1 rev1=1 crypto rx=0x7fad9400bb40 tx=0x7fad9400be50 comp rx=0 tx=0).ready entity=mon.0 client_cookie=3c798a88ad06e7ef server_cookie=0 in_seq=0 out_seq=0
2024-04-15T20:52:30.529 INFO:teuthology.orchestra.run.smithi072.stdout:/usr/bin/ceph: stderr
2024-04-15T20:52:29.684+0000 7fad9f7fe700 1 -- 172.21.15.72:0/3657306393 <== mon.0 v2:172.21.15.72:3300/0 1 ==== mon_map magic: 0 v1 ==== 229+0+0 (secure 0 0 0) 0x7fad9400dc00 con 0x7fada0105ff0
2024-04-15T20:52:30.530 INFO:teuthology.orchestra.run.smithi072.stdout:/usr/bin/ceph: stderr
2024-04-15T20:52:29.684+0000 7fad9f7fe700 1 -- 172.21.15.72:0/3657306393 <== mon.0 v2:172.21.15.72:3300/0 2 ==== config(27 keys) v1 ==== 1037+0+0 (secure 0 0 0) 0x7fad940044a0 con 0x7fada0105ff0
2024-04-15T20:52:30.530 INFO:teuthology.orchestra.run.smithi072.stdout:/usr/bin/ceph: stderr
2024-04-15T20:52:29.684+0000 7fad9f7fe700 1 -- 172.21.15.72:0/3657306393 <== mon.0 v2:172.21.15.72:3300/0 3 ==== mon_map magic: 0 v1 ==== 229+0+0 (secure 0 0 0) 0x7fad94010470 con 0x7fada0105ff0
2024-04-15T20:52:30.530 INFO:teuthology.orchestra.run.smithi072.stdout:/usr/bin/ceph: stderr
2024-04-15T20:52:29.684+0000 7fada6f6d700 1 -- 172.21.15.72:0/3657306393 >> [v2:172.21.15.72:3300/0,v1:172.21.15.72:6789/0] conn(0x7fada0105ff0 msgr2=0x7fada0106400 secure :-1 s=STATE_CONNECTION_ESTABLISHED l=1).mark_down
2024-04-15T20:52:30.530 INFO:teuthology.orchestra.run.smithi072.stdout:/usr/bin/ceph: stderr
2024-04-15T20:52:29.684+0000 7fada6f6d700 1 --2- 172.21.15.72:0/3657306393 >> [v2:172.21.15.72:3300/0,v1:172.21.15.72:6789/0] conn(0x7fada0105ff0 0x7fada0106400 secure :-1 s=READY pgs=20 cs=0 l=1 rev1=1 crypto rx=0x7fad9400bb40 tx=0x7fad9400be50 comp rx=0 tx=0).stop
2024-04-15T20:52:30.530 INFO:teuthology.orchestra.run.smithi072.stdout:/usr/bin/ceph: stderr
2024-04-15T20:52:29.684+0000 7fada6f6d700 1 -- 172.21.15.72:0/3657306393 shutdown_connections
2024-04-15T20:52:30.530 INFO:teuthology.orchestra.run.smithi072.stdout:/usr/bin/ceph: stderr
2024-04-15T20:52:29.684+0000 7fada6f6d700 1 --2- 172.21.15.72:0/3657306393 >> [v2:172.21.15.72:3300/0,v1:172.21.15.72:6789/0] conn(0x7fada0105ff0 0x7fada0106400 unknown :-1 s=CLOSED pgs=20 cs=0 l=1 rev1=1 crypto rx=0 tx=0 comp rx=0 tx=0).stop
2024-04-15T20:52:30.530 INFO:teuthology.orchestra.run.smithi072.stdout:/usr/bin/ceph: stderr
2024-04-15T20:52:29.684+0000 7fada6f6d700 1 -- 172.21.15.72:0/3657306393 >> 172.21.15.72:0/3657306393 conn(0x7fada00ff7e0 msgr2=0x7fada0101c10 unknown :-1 s=STATE_NONE l=0).mark_down
2024-04-15T20:52:30.530 INFO:teuthology.orchestra.run.smithi072.stdout:/usr/bin/ceph: stderr
2024-04-15T20:52:29.684+0000 7fada6f6d700 1 -- 172.21.15.72:0/3657306393 shutdown_connections
2024-04-15T20:52:30.530 INFO:teuthology.orchestra.run.smithi072.stdout:/usr/bin/ceph: stderr
2024-04-15T20:52:29.684+0000 7fada6f6d700 1 -- 172.21.15.72:0/3657306393 wait complete.
2024-04-15T20:52:30.530 INFO:teuthology.orchestra.run.smithi072.stdout:/usr/bin/ceph: stderr
2024-04-15T20:52:29.685+0000 7fada6f6d700 1 Processor -- start
2024-04-15T20:52:30.530 INFO:teuthology.orchestra.run.smithi072.stdout:/usr/bin/ceph: stderr
2024-04-15T20:52:29.685+0000 7fada6f6d700 1 -- start start
2024-04-15T20:52:30.530 INFO:teuthology.orchestra.run.smithi072.stdout:/usr/bin/ceph: stderr
2024-04-15T20:52:29.685+0000 7fada6f6d700 1 --2- >> [v2:172.21.15.72:3300/0,v1:172.21.15.72:6789/0] conn(0x7fada0105ff0 0x7fada019ba20 unknown :-1 s=NONE pgs=0 cs=0 l=1 rev1=0 crypto rx=0 tx=0 comp rx=0 tx=0).connect
2024-04-15T20:52:30.530 INFO:teuthology.orchestra.run.smithi072.stdout:/usr/bin/ceph: stderr
2024-04-15T20:52:29.685+0000 7fada6f6d700 1 -- --> [v2:172.21.15.72:3300/0,v1:172.21.15.72:6789/0] -- mon_getmap magic: 0 v1 -- 0x7fada019bf60 con 0x7fada0105ff0
2024-04-15T20:52:30.531 INFO:teuthology.orchestra.run.smithi072.stdout:/usr/bin/ceph: stderr
2024-04-15T20:52:29.685+0000 7fada4d09700 1 --2- >> [v2:172.21.15.72:3300/0,v1:172.21.15.72:6789/0] conn(0x7fada0105ff0 0x7fada019ba20 unknown :-1 s=BANNER_CONNECTING pgs=0 cs=0 l=1 rev1=0 crypto rx=0 tx=0 comp rx=0 tx=0)._handle_peer_banner_payload supported=3 required=0
2024-04-15T20:52:30.531 INFO:teuthology.orchestra.run.smithi072.stdout:/usr/bin/ceph: stderr
2024-04-15T20:52:29.685+0000 7fada4d09700 1 --2- >> [v2:172.21.15.72:3300/0,v1:172.21.15.72:6789/0] conn(0x7fada0105ff0 0x7fada019ba20 unknown :-1 s=HELLO_CONNECTING pgs=0 cs=0 l=1 rev1=1 crypto rx=0 tx=0 comp rx=0 tx=0).handle_hello peer v2:172.21.15.72:3300/0 says I am v2:172.21.15.72:58930/0 (socket says 172.21.15.72:58930)
2024-04-15T20:52:30.531 INFO:teuthology.orchestra.run.smithi072.stdout:/usr/bin/ceph: stderr
2024-04-15T20:52:29.685+0000 7fada4d09700 1 -- 172.21.15.72:0/2489969846 learned_addr learned my addr 172.21.15.72:0/2489969846 (peer_addr_for_me v2:172.21.15.72:0/0)
2024-04-15T20:52:30.531 INFO:teuthology.orchestra.run.smithi072.stdout:/usr/bin/ceph: stderr
2024-04-15T20:52:29.685+0000 7fada4d09700 1 -- 172.21.15.72:0/2489969846 --> [v2:172.21.15.72:3300/0,v1:172.21.15.72:6789/0] -- mon_subscribe({config=0+,monmap=0+}) v3 -- 0x7fad9400b7f0 con 0x7fada0105ff0
2024-04-15T20:52:30.531 INFO:teuthology.orchestra.run.smithi072.stdout:/usr/bin/ceph: stderr
2024-04-15T20:52:29.686+0000 7fada4d09700 1 --2- 172.21.15.72:0/2489969846 >> [v2:172.21.15.72:3300/0,v1:172.21.15.72:6789/0] conn(0x7fada0105ff0 0x7fada019ba20 secure :-1 s=READY pgs=21 cs=0 l=1 rev1=1 crypto rx=0x7fad940046d0 tx=0x7fad94003d70 comp rx=0 tx=0).ready entity=mon.0 client_cookie=0 server_cookie=0 in_seq=0 out_seq=0
2024-04-15T20:52:30.531 INFO:teuthology.orchestra.run.smithi072.stdout:/usr/bin/ceph: stderr
2024-04-15T20:52:29.686+0000 7fad9dffb700 1 -- 172.21.15.72:0/2489969846 <== mon.0 v2:172.21.15.72:3300/0 1 ==== mon_map magic: 0 v1 ==== 229+0+0 (secure 0 0 0) 0x7fad940042a0 con 0x7fada0105ff0
2024-04-15T20:52:30.531 INFO:teuthology.orchestra.run.smithi072.stdout:/usr/bin/ceph: stderr
2024-04-15T20:52:29.686+0000 7fada6f6d700 1 -- 172.21.15.72:0/2489969846 --> [v2:172.21.15.72:3300/0,v1:172.21.15.72:6789/0] -- mon_subscribe({mgrmap=0+}) v3 -- 0x7fada019c160 con 0x7fada0105ff0
2024-04-15T20:52:30.531 INFO:teuthology.orchestra.run.smithi072.stdout:/usr/bin/ceph: stderr
2024-04-15T20:52:29.686+0000 7fad9dffb700 1 -- 172.21.15.72:0/2489969846 <== mon.0 v2:172.21.15.72:3300/0 2 ==== config(27 keys) v1 ==== 1037+0+0 (secure 0 0 0) 0x7fad94010b50 con 0x7fada0105ff0
2024-04-15T20:52:30.531 INFO:teuthology.orchestra.run.smithi072.stdout:/usr/bin/ceph: stderr
2024-04-15T20:52:29.686+0000 7fad9dffb700 1 -- 172.21.15.72:0/2489969846 <== mon.0 v2:172.21.15.72:3300/0 3 ==== mon_map magic: 0 v1 ==== 229+0+0 (secure 0 0 0) 0x7fad94021ae0 con 0x7fada0105ff0
2024-04-15T20:52:30.531 INFO:teuthology.orchestra.run.smithi072.stdout:/usr/bin/ceph: stderr
2024-04-15T20:52:29.686+0000 7fada6f6d700 1 -- 172.21.15.72:0/2489969846 --> [v2:172.21.15.72:3300/0,v1:172.21.15.72:6789/0] -- mon_subscribe({osdmap=0}) v3 -- 0x7fada019c520 con 0x7fada0105ff0
2024-04-15T20:52:30.531 INFO:teuthology.orchestra.run.smithi072.stdout:/usr/bin/ceph: stderr
2024-04-15T20:52:29.687+0000 7fad9dffb700 1 -- 172.21.15.72:0/2489969846 <== mon.0 v2:172.21.15.72:3300/0 4 ==== mgrmap(e 4) v1 ==== 45073+0+0 (secure 0 0 0) 0x7fad940193f0 con 0x7fada0105ff0
2024-04-15T20:52:30.531 INFO:teuthology.orchestra.run.smithi072.stdout:/usr/bin/ceph: stderr
2024-04-15T20:52:29.687+0000 7fada6f6d700 1 -- 172.21.15.72:0/2489969846 --> [v2:172.21.15.72:3300/0,v1:172.21.15.72:6789/0] -- mon_command({"prefix": "get_command_descriptions"} v 0) v1 -- 0x7fada00623f0 con 0x7fada0105ff0
2024-04-15T20:52:30.531 INFO:teuthology.orchestra.run.smithi072.stdout:/usr/bin/ceph: stderr
2024-04-15T20:52:29.687+0000 7fad9dffb700 1 --2- 172.21.15.72:0/2489969846 >> [v2:172.21.15.72:6800/4212675791,v1:172.21.15.72:6801/4212675791] conn(0x7fad900383a0 0x7fad9003a850 unknown :-1 s=NONE pgs=0 cs=0 l=1 rev1=0 crypto rx=0 tx=0 comp rx=0 tx=0).connect
2024-04-15T20:52:30.532 INFO:teuthology.orchestra.run.smithi072.stdout:/usr/bin/ceph: stderr
2024-04-15T20:52:29.687+0000 7fad9dffb700 1 -- 172.21.15.72:0/2489969846 <== mon.0 v2:172.21.15.72:3300/0 5 ==== osd_map(1..1 src has 1..1) v4 ==== 725+0+0 (secure 0 0 0) 0x7fad9404c260 con 0x7fada0105ff0
2024-04-15T20:52:30.532 INFO:teuthology.orchestra.run.smithi072.stdout:/usr/bin/ceph: stderr
2024-04-15T20:52:29.687+0000 7fad9ffff700 1 --2- 172.21.15.72:0/2489969846 >> [v2:172.21.15.72:6800/4212675791,v1:172.21.15.72:6801/4212675791] conn(0x7fad900383a0 0x7fad9003a850 unknown :-1 s=BANNER_CONNECTING pgs=0 cs=0 l=1 rev1=0 crypto rx=0 tx=0 comp rx=0 tx=0)._handle_peer_banner_payload supported=3 required=0
2024-04-15T20:52:30.532 INFO:teuthology.orchestra.run.smithi072.stdout:/usr/bin/ceph: stderr
2024-04-15T20:52:29.688+0000 7fad9ffff700 1 --2- 172.21.15.72:0/2489969846 >> [v2:172.21.15.72:6800/4212675791,v1:172.21.15.72:6801/4212675791] conn(0x7fad900383a0 0x7fad9003a850 secure :-1 s=READY pgs=7 cs=0 l=1 rev1=1 crypto rx=0x7fad8c006fd0 tx=0x7fad8c006e40 comp rx=0 tx=0).ready entity=mgr.14100 client_cookie=0 server_cookie=0 in_seq=0 out_seq=0
2024-04-15T20:52:30.532 INFO:teuthology.orchestra.run.smithi072.stdout:/usr/bin/ceph: stderr
2024-04-15T20:52:29.692+0000 7fad9dffb700 1 -- 172.21.15.72:0/2489969846 <== mon.0 v2:172.21.15.72:3300/0 6 ==== mon_command_ack([{"prefix": "get_command_descriptions"}]=0 v0) v1 ==== 72+0+177933 (secure 0 0 0) 0x7fada00623f0 con 0x7fada0105ff0
2024-04-15T20:52:30.532 INFO:teuthology.orchestra.run.smithi072.stdout:/usr/bin/ceph: stderr
2024-04-15T20:52:29.879+0000 7fada6f6d700 1 -- 172.21.15.72:0/2489969846 --> [v2:172.21.15.72:3300/0,v1:172.21.15.72:6789/0] -- mon_command({"prefix": "config assimilate-conf"} v 0) v1 -- 0x7fada0191340 con 0x7fada0105ff0
2024-04-15T20:52:30.532 INFO:teuthology.orchestra.run.smithi072.stdout:/usr/bin/ceph: stderr
2024-04-15T20:52:29.880+0000 7fad9dffb700 1 -- 172.21.15.72:0/2489969846 <== mon.0 v2:172.21.15.72:3300/0 7 ==== mon_command_ack([{"prefix": "config assimilate-conf"}]=0 v3) v1 ==== 70+0+373 (secure 0 0 0) 0x7fad9400e770 con 0x7fada0105ff0
2024-04-15T20:52:30.532 INFO:teuthology.orchestra.run.smithi072.stdout:/usr/bin/ceph: stderr
2024-04-15T20:52:29.882+0000 7fada6f6d700 1 -- 172.21.15.72:0/2489969846 >> [v2:172.21.15.72:6800/4212675791,v1:172.21.15.72:6801/4212675791] conn(0x7fad900383a0 msgr2=0x7fad9003a850 secure :-1 s=STATE_CONNECTION_ESTABLISHED l=1).mark_down
2024-04-15T20:52:30.532 INFO:teuthology.orchestra.run.smithi072.stdout:/usr/bin/ceph: stderr
2024-04-15T20:52:29.882+0000 7fada6f6d700 1 --2- 172.21.15.72:0/2489969846 >> [v2:172.21.15.72:6800/4212675791,v1:172.21.15.72:6801/4212675791] conn(0x7fad900383a0 0x7fad9003a850 secure :-1 s=READY pgs=7 cs=0 l=1 rev1=1 crypto rx=0x7fad8c006fd0 tx=0x7fad8c006e40 comp rx=0 tx=0).stop
2024-04-15T20:52:30.532 INFO:teuthology.orchestra.run.smithi072.stdout:/usr/bin/ceph: stderr
2024-04-15T20:52:29.883+0000 7fada6f6d700 1 -- 172.21.15.72:0/2489969846 >> [v2:172.21.15.72:3300/0,v1:172.21.15.72:6789/0] conn(0x7fada0105ff0 msgr2=0x7fada019ba20 secure :-1 s=STATE_CONNECTION_ESTABLISHED l=1).mark_down
2024-04-15T20:52:30.532 INFO:teuthology.orchestra.run.smithi072.stdout:/usr/bin/ceph: stderr
