2024-04-15T21:04:14.662+0000 7f5af1a7c700 1 --2- 172.21.15.5:0/4133520490 >> [v2:172.21.15.5:6800/2150748198,v1:172.21.15.5:6801/2150748198] conn(0x7f5ad8038440 0x7f5ad803a8f0 unknown :-1 s=START_CONNECT pgs=0 cs=0 l=1 rev1=0 crypto rx=0 tx=0 comp rx=0 tx=0)._fault waiting 0.400000
2024-04-15T21:04:20.572 INFO:teuthology.orchestra.run.smithi005.stdout:/usr/bin/ceph: stderr
2024-04-15T21:04:15.063+0000 7f5af1a7c700 1 -- 172.21.15.5:0/4133520490 >> [v2:172.21.15.5:6800/2150748198,v1:172.21.15.5:6801/2150748198] conn(0x7f5ad8038440 msgr2=0x7f5ad803a8f0 unknown :-1 s=STATE_CONNECTING_RE l=1).process reconnect failed to v2:172.21.15.5:6800/2150748198
2024-04-15T21:04:20.572 INFO:teuthology.orchestra.run.smithi005.stdout:/usr/bin/ceph: stderr
2024-04-15T21:04:15.063+0000 7f5af1a7c700 1 --2- 172.21.15.5:0/4133520490 >> [v2:172.21.15.5:6800/2150748198,v1:172.21.15.5:6801/2150748198] conn(0x7f5ad8038440 0x7f5ad803a8f0 unknown :-1 s=START_CONNECT pgs=0 cs=0 l=1 rev1=0 crypto rx=0 tx=0 comp rx=0 tx=0)._fault waiting 0.800000
2024-04-15T21:04:20.572 INFO:teuthology.orchestra.run.smithi005.stdout:/usr/bin/ceph: stderr
2024-04-15T21:04:15.864+0000 7f5af1a7c700 1 -- 172.21.15.5:0/4133520490 >> [v2:172.21.15.5:6800/2150748198,v1:172.21.15.5:6801/2150748198] conn(0x7f5ad8038440 msgr2=0x7f5ad803a8f0 unknown :-1 s=STATE_CONNECTING_RE l=1).process reconnect failed to v2:172.21.15.5:6800/2150748198
2024-04-15T21:04:20.572 INFO:teuthology.orchestra.run.smithi005.stdout:/usr/bin/ceph: stderr
2024-04-15T21:04:15.864+0000 7f5af1a7c700 1 --2- 172.21.15.5:0/4133520490 >> [v2:172.21.15.5:6800/2150748198,v1:172.21.15.5:6801/2150748198] conn(0x7f5ad8038440 0x7f5ad803a8f0 unknown :-1 s=START_CONNECT pgs=0 cs=0 l=1 rev1=0 crypto rx=0 tx=0 comp rx=0 tx=0)._fault waiting 1.600000
2024-04-15T21:04:20.572 INFO:teuthology.orchestra.run.smithi005.stdout:/usr/bin/ceph: stderr
2024-04-15T21:04:17.465+0000 7f5af1a7c700 1 -- 172.21.15.5:0/4133520490 >> [v2:172.21.15.5:6800/2150748198,v1:172.21.15.5:6801/2150748198] conn(0x7f5ad8038440 msgr2=0x7f5ad803a8f0 unknown :-1 s=STATE_CONNECTING_RE l=1).process reconnect failed to v2:172.21.15.5:6800/2150748198
2024-04-15T21:04:20.572 INFO:teuthology.orchestra.run.smithi005.stdout:/usr/bin/ceph: stderr
2024-04-15T21:04:17.465+0000 7f5af1a7c700 1 --2- 172.21.15.5:0/4133520490 >> [v2:172.21.15.5:6800/2150748198,v1:172.21.15.5:6801/2150748198] conn(0x7f5ad8038440 0x7f5ad803a8f0 unknown :-1 s=START_CONNECT pgs=0 cs=0 l=1 rev1=0 crypto rx=0 tx=0 comp rx=0 tx=0)._fault waiting 3.200000
2024-04-15T21:04:20.572 INFO:teuthology.orchestra.run.smithi005.stdout:/usr/bin/ceph: stderr
2024-04-15T21:04:18.956+0000 7f5ae37fe700 1 -- 172.21.15.5:0/4133520490 <== mon.0 v2:172.21.15.5:3300/0 6 ==== mgrmap(e 6) v1 ==== 44851+0+0 (secure 0 0 0) 0x7f5ae8024a20 con 0x7f5aec104a00
2024-04-15T21:04:20.572 INFO:teuthology.orchestra.run.smithi005.stdout:/usr/bin/ceph: stderr
2024-04-15T21:04:18.957+0000 7f5ae37fe700 1 -- 172.21.15.5:0/4133520490 >> [v2:172.21.15.5:6800/2150748198,v1:172.21.15.5:6801/2150748198] conn(0x7f5ad8038440 msgr2=0x7f5ad803a8f0 unknown :-1 s=STATE_CONNECTING l=1).mark_down
2024-04-15T21:04:20.572 INFO:teuthology.orchestra.run.smithi005.stdout:/usr/bin/ceph: stderr
2024-04-15T21:04:18.957+0000 7f5ae37fe700 1 --2- 172.21.15.5:0/4133520490 >> [v2:172.21.15.5:6800/2150748198,v1:172.21.15.5:6801/2150748198] conn(0x7f5ad8038440 0x7f5ad803a8f0 unknown :-1 s=START_CONNECT pgs=0 cs=0 l=1 rev1=0 crypto rx=0 tx=0 comp rx=0 tx=0).stop
2024-04-15T21:04:20.572 INFO:teuthology.orchestra.run.smithi005.stdout:/usr/bin/ceph: stderr
2024-04-15T21:04:19.958+0000 7f5ae37fe700 1 -- 172.21.15.5:0/4133520490 <== mon.0 v2:172.21.15.5:3300/0 7 ==== mgrmap(e 7) v1 ==== 44978+0+0 (secure 0 0 0) 0x7f5ae8018d20 con 0x7f5aec104a00
2024-04-15T21:04:20.572 INFO:teuthology.orchestra.run.smithi005.stdout:/usr/bin/ceph: stderr
2024-04-15T21:04:19.958+0000 7f5ae37fe700 1 --2- 172.21.15.5:0/4133520490 >> [v2:172.21.15.5:6800/1481770566,v1:172.21.15.5:6801/1481770566] conn(0x7f5ad803bd10 0x7f5ad803e0f0 unknown :-1 s=NONE pgs=0 cs=0 l=1 rev1=0 crypto rx=0 tx=0 comp rx=0 tx=0).connect
2024-04-15T21:04:20.572 INFO:teuthology.orchestra.run.smithi005.stdout:/usr/bin/ceph: stderr
2024-04-15T21:04:19.958+0000 7f5ae37fe700 1 -- 172.21.15.5:0/4133520490 --> [v2:172.21.15.5:6800/1481770566,v1:172.21.15.5:6801/1481770566] -- command(tid 0: {"prefix": "get_command_descriptions"}) v1 -- 0x7f5ad803b000 con 0x7f5ad803bd10
2024-04-15T21:04:20.572 INFO:teuthology.orchestra.run.smithi005.stdout:/usr/bin/ceph: stderr
2024-04-15T21:04:19.959+0000 7f5af1a7c700 1 --2- 172.21.15.5:0/4133520490 >> [v2:172.21.15.5:6800/1481770566,v1:172.21.15.5:6801/1481770566] conn(0x7f5ad803bd10 0x7f5ad803e0f0 unknown :-1 s=BANNER_CONNECTING pgs=0 cs=0 l=1 rev1=0 crypto rx=0 tx=0 comp rx=0 tx=0)._handle_peer_banner_payload supported=3 required=0
2024-04-15T21:04:20.572 INFO:teuthology.orchestra.run.smithi005.stdout:/usr/bin/ceph: stderr
2024-04-15T21:04:19.959+0000 7f5af1a7c700 1 --2- 172.21.15.5:0/4133520490 >> [v2:172.21.15.5:6800/1481770566,v1:172.21.15.5:6801/1481770566] conn(0x7f5ad803bd10 0x7f5ad803e0f0 secure :-1 s=READY pgs=2 cs=0 l=1 rev1=1 crypto rx=0x7f5adc003a10 tx=0x7f5adc0092b0 comp rx=0 tx=0).ready entity=mgr.14120 client_cookie=0 server_cookie=0 in_seq=0 out_seq=0
2024-04-15T21:04:20.573 INFO:teuthology.orchestra.run.smithi005.stdout:/usr/bin/ceph: stderr
2024-04-15T21:04:19.960+0000 7f5ae37fe700 1 -- 172.21.15.5:0/4133520490 <== mgr.14120 v2:172.21.15.5:6800/1481770566 1 ==== command_reply(tid 0: 0 ) v1 ==== 8+0+6910 (secure 0 0 0) 0x7f5ad803b000 con 0x7f5ad803bd10
2024-04-15T21:04:20.573 INFO:teuthology.orchestra.run.smithi005.stdout:/usr/bin/ceph: stderr
2024-04-15T21:04:19.971+0000 7f5af44e1700 1 -- 172.21.15.5:0/4133520490 --> [v2:172.21.15.5:6800/1481770566,v1:172.21.15.5:6801/1481770566] -- command(tid 1: {"prefix": "mgr_status"}) v1 -- 0x7f5aec19cd80 con 0x7f5ad803bd10
2024-04-15T21:04:20.573 INFO:teuthology.orchestra.run.smithi005.stdout:/usr/bin/ceph: stderr
2024-04-15T21:04:19.971+0000 7f5ae37fe700 1 -- 172.21.15.5:0/4133520490 <== mgr.14120 v2:172.21.15.5:6800/1481770566 2 ==== command_reply(tid 1: 0 ) v1 ==== 8+0+51 (secure 0 0 0) 0x7f5aec19cd80 con 0x7f5ad803bd10
2024-04-15T21:04:20.573 INFO:teuthology.orchestra.run.smithi005.stdout:/usr/bin/ceph: stderr
2024-04-15T21:04:19.971+0000 7f5af44e1700 1 -- 172.21.15.5:0/4133520490 >> [v2:172.21.15.5:6800/1481770566,v1:172.21.15.5:6801/1481770566] conn(0x7f5ad803bd10 msgr2=0x7f5ad803e0f0 secure :-1 s=STATE_CONNECTION_ESTABLISHED l=1).mark_down
2024-04-15T21:04:20.573 INFO:teuthology.orchestra.run.smithi005.stdout:/usr/bin/ceph: stderr
2024-04-15T21:04:19.971+0000 7f5af44e1700 1 --2- 172.21.15.5:0/4133520490 >> [v2:172.21.15.5:6800/1481770566,v1:172.21.15.5:6801/1481770566] conn(0x7f5ad803bd10 0x7f5ad803e0f0 secure :-1 s=READY pgs=2 cs=0 l=1 rev1=1 crypto rx=0x7f5adc003a10 tx=0x7f5adc0092b0 comp rx=0 tx=0).stop
2024-04-15T21:04:20.573 INFO:teuthology.orchestra.run.smithi005.stdout:/usr/bin/ceph: stderr
2024-04-15T21:04:19.971+0000 7f5af44e1700 1 -- 172.21.15.5:0/4133520490 >> [v2:172.21.15.5:3300/0,v1:172.21.15.5:6789/0] conn(0x7f5aec104a00 msgr2=0x7f5aec19ba40 secure :-1 s=STATE_CONNECTION_ESTABLISHED l=1).mark_down
2024-04-15T21:04:20.573 INFO:teuthology.orchestra.run.smithi005.stdout:/usr/bin/ceph: stderr
2024-04-15T21:04:19.971+0000 7f5af44e1700 1 --2- 172.21.15.5:0/4133520490 >> [v2:172.21.15.5:3300/0,v1:172.21.15.5:6789/0] conn(0x7f5aec104a00 0x7f5aec19ba40 secure :-1 s=READY pgs=29 cs=0 l=1 rev1=1 crypto rx=0x7f5ae8000c00 tx=0x7f5ae8011ab0 comp rx=0 tx=0).stop
2024-04-15T21:04:20.573 INFO:teuthology.orchestra.run.smithi005.stdout:/usr/bin/ceph: stderr
2024-04-15T21:04:19.971+0000 7f5af44e1700 1 -- 172.21.15.5:0/4133520490 shutdown_connections
2024-04-15T21:04:20.573 INFO:teuthology.orchestra.run.smithi005.stdout:/usr/bin/ceph: stderr
2024-04-15T21:04:19.971+0000 7f5af44e1700 1 --2- 172.21.15.5:0/4133520490 >> [v2:172.21.15.5:6800/1481770566,v1:172.21.15.5:6801/1481770566] conn(0x7f5ad803bd10 0x7f5ad803e0f0 unknown :-1 s=CLOSED pgs=2 cs=0 l=1 rev1=1 crypto rx=0 tx=0 comp rx=0 tx=0).stop
2024-04-15T21:04:20.573 INFO:teuthology.orchestra.run.smithi005.stdout:/usr/bin/ceph: stderr
2024-04-15T21:04:19.971+0000 7f5af44e1700 1 --2- 172.21.15.5:0/4133520490 >> [v2:172.21.15.5:3300/0,v1:172.21.15.5:6789/0] conn(0x7f5aec104a00 0x7f5aec19ba40 unknown :-1 s=CLOSED pgs=29 cs=0 l=1 rev1=1 crypto rx=0 tx=0 comp rx=0 tx=0).stop
2024-04-15T21:04:20.573 INFO:teuthology.orchestra.run.smithi005.stdout:/usr/bin/ceph: stderr
2024-04-15T21:04:19.971+0000 7f5af44e1700 1 --2- 172.21.15.5:0/4133520490 >> [v2:172.21.15.5:6800/2150748198,v1:172.21.15.5:6801/2150748198] conn(0x7f5ad8038440 0x7f5ad803a8f0 unknown :-1 s=CLOSED pgs=0 cs=0 l=1 rev1=0 crypto rx=0 tx=0 comp rx=0 tx=0).stop
2024-04-15T21:04:20.573 INFO:teuthology.orchestra.run.smithi005.stdout:/usr/bin/ceph: stderr
2024-04-15T21:04:19.971+0000 7f5af44e1700 1 -- 172.21.15.5:0/4133520490 >> 172.21.15.5:0/4133520490 conn(0x7f5aec100070 msgr2=0x7f5aec074050 unknown :-1 s=STATE_NONE l=0).mark_down
2024-04-15T21:04:20.573 INFO:teuthology.orchestra.run.smithi005.stdout:/usr/bin/ceph: stderr
2024-04-15T21:04:19.971+0000 7f5af44e1700 1 -- 172.21.15.5:0/4133520490 shutdown_connections
2024-04-15T21:04:20.573 INFO:teuthology.orchestra.run.smithi005.stdout:/usr/bin/ceph: stderr
2024-04-15T21:04:19.971+0000 7f5af44e1700 1 -- 172.21.15.5:0/4133520490 wait complete.
2024-04-15T21:04:20.573 INFO:teuthology.orchestra.run.smithi005.stdout:mgr epoch 5 is available
2024-04-15T21:04:20.573 INFO:teuthology.orchestra.run.smithi005.stdout:Setting orchestrator backend to cephadm...
2024-04-15T21:04:21.450 INFO:journalctl@ceph.mon.smithi005.smithi005.stdout:Apr 15 21:04:21 smithi005 ceph-mon[29313]: from='client.14124 -' entity='client.admin' cmd=[{"prefix": "get_command_descriptions"}]: dispatch
2024-04-15T21:04:21.450 INFO:journalctl@ceph.mon.smithi005.smithi005.stdout:Apr 15 21:04:21 smithi005 ceph-mon[29313]: from='client.14124 -' entity='client.admin' cmd=[{"prefix": "mgr_status"}]: dispatch
2024-04-15T21:04:21.450 INFO:journalctl@ceph.mon.smithi005.smithi005.stdout:Apr 15 21:04:21 smithi005 ceph-mon[29313]: from='mgr.14120 172.21.15.5:0/1352290591' entity='mgr.smithi005.asqlsh'
2024-04-15T21:04:21.450 INFO:journalctl@ceph.mon.smithi005.smithi005.stdout:Apr 15 21:04:21 smithi005 ceph-mon[29313]: from='mgr.14120 172.21.15.5:0/1352290591' entity='mgr.smithi005.asqlsh'
2024-04-15T21:04:21.450 INFO:journalctl@ceph.mon.smithi005.smithi005.stdout:Apr 15 21:04:21 smithi005 ceph-mon[29313]: from='mgr.14120 172.21.15.5:0/1352290591' entity='mgr.smithi005.asqlsh' cmd=[{"prefix": "config dump", "format": "json"}]: dispatch
2024-04-15T21:04:21.715 INFO:teuthology.orchestra.run.smithi005.stdout:/usr/bin/ceph: stderr
2024-04-15T21:04:20.964+0000 7f75f4179700 1 Processor -- start
2024-04-15T21:04:21.715 INFO:teuthology.orchestra.run.smithi005.stdout:/usr/bin/ceph: stderr
2024-04-15T21:04:20.964+0000 7f75f4179700 1 -- start start
2024-04-15T21:04:21.715 INFO:teuthology.orchestra.run.smithi005.stdout:/usr/bin/ceph: stderr
2024-04-15T21:04:20.964+0000 7f75f4179700 1 --2- >> [v2:172.21.15.5:3300/0,v1:172.21.15.5:6789/0] conn(0x7f75ec103e00 0x7f75ec104210 unknown :-1 s=NONE pgs=0 cs=0 l=0 rev1=0 crypto rx=0 tx=0 comp rx=0 tx=0).connect
2024-04-15T21:04:21.715 INFO:teuthology.orchestra.run.smithi005.stdout:/usr/bin/ceph: stderr
2024-04-15T21:04:20.964+0000 7f75f4179700 1 -- --> [v2:172.21.15.5:3300/0,v1:172.21.15.5:6789/0] -- mon_getmap magic: 0 v1 -- 0x7f75ec104750 con 0x7f75ec103e00
2024-04-15T21:04:21.715 INFO:teuthology.orchestra.run.smithi005.stdout:/usr/bin/ceph: stderr
2024-04-15T21:04:20.964+0000 7f75f1f15700 1 --2- >> [v2:172.21.15.5:3300/0,v1:172.21.15.5:6789/0] conn(0x7f75ec103e00 0x7f75ec104210 unknown :-1 s=BANNER_CONNECTING pgs=0 cs=0 l=0 rev1=0 crypto rx=0 tx=0 comp rx=0 tx=0)._handle_peer_banner_payload supported=3 required=0
2024-04-15T21:04:21.715 INFO:teuthology.orchestra.run.smithi005.stdout:/usr/bin/ceph: stderr
2024-04-15T21:04:20.964+0000 7f75f1f15700 1 --2- >> [v2:172.21.15.5:3300/0,v1:172.21.15.5:6789/0] conn(0x7f75ec103e00 0x7f75ec104210 unknown :-1 s=HELLO_CONNECTING pgs=0 cs=0 l=0 rev1=1 crypto rx=0 tx=0 comp rx=0 tx=0).handle_hello peer v2:172.21.15.5:3300/0 says I am v2:172.21.15.5:45640/0 (socket says 172.21.15.5:45640)
2024-04-15T21:04:21.715 INFO:teuthology.orchestra.run.smithi005.stdout:/usr/bin/ceph: stderr
2024-04-15T21:04:20.964+0000 7f75f1f15700 1 -- 172.21.15.5:0/1161368664 learned_addr learned my addr 172.21.15.5:0/1161368664 (peer_addr_for_me v2:172.21.15.5:0/0)
2024-04-15T21:04:21.715 INFO:teuthology.orchestra.run.smithi005.stdout:/usr/bin/ceph: stderr
2024-04-15T21:04:20.964+0000 7f75f1f15700 1 -- 172.21.15.5:0/1161368664 --> [v2:172.21.15.5:3300/0,v1:172.21.15.5:6789/0] -- mon_subscribe({config=0+,monmap=0+}) v3 -- 0x7f75ec104890 con 0x7f75ec103e00
2024-04-15T21:04:21.715 INFO:teuthology.orchestra.run.smithi005.stdout:/usr/bin/ceph: stderr
2024-04-15T21:04:20.965+0000 7f75f1f15700 1 --2- 172.21.15.5:0/1161368664 >> [v2:172.21.15.5:3300/0,v1:172.21.15.5:6789/0] conn(0x7f75ec103e00 0x7f75ec104210 secure :-1 s=READY pgs=37 cs=0 l=1 rev1=1 crypto rx=0x7f75e80098a0 tx=0x7f75e8009bb0 comp rx=0 tx=0).ready entity=mon.0 client_cookie=b2d2c17f89f2f1f9 server_cookie=0 in_seq=0 out_seq=0
2024-04-15T21:04:21.715 INFO:teuthology.orchestra.run.smithi005.stdout:/usr/bin/ceph: stderr
2024-04-15T21:04:20.965+0000 7f75f0f13700 1 -- 172.21.15.5:0/1161368664 <== mon.0 v2:172.21.15.5:3300/0 1 ==== mon_map magic: 0 v1 ==== 229+0+0 (secure 0 0 0) 0x7f75e8004180 con 0x7f75ec103e00
2024-04-15T21:04:21.716 INFO:teuthology.orchestra.run.smithi005.stdout:/usr/bin/ceph: stderr
2024-04-15T21:04:20.965+0000 7f75f0f13700 1 -- 172.21.15.5:0/1161368664 <== mon.0 v2:172.21.15.5:3300/0 2 ==== config(27 keys) v1 ==== 1037+0+0 (secure 0 0 0) 0x7f75e80042e0 con 0x7f75ec103e00
2024-04-15T21:04:21.716 INFO:teuthology.orchestra.run.smithi005.stdout:/usr/bin/ceph: stderr
2024-04-15T21:04:20.965+0000 7f75f0f13700 1 -- 172.21.15.5:0/1161368664 <== mon.0 v2:172.21.15.5:3300/0 3 ==== mon_map magic: 0 v1 ==== 229+0+0 (secure 0 0 0) 0x7f75e8011a50 con 0x7f75ec103e00
2024-04-15T21:04:21.716 INFO:teuthology.orchestra.run.smithi005.stdout:/usr/bin/ceph: stderr
2024-04-15T21:04:20.965+0000 7f75f4179700 1 -- 172.21.15.5:0/1161368664 >> [v2:172.21.15.5:3300/0,v1:172.21.15.5:6789/0] conn(0x7f75ec103e00 msgr2=0x7f75ec104210 secure :-1 s=STATE_CONNECTION_ESTABLISHED l=1).mark_down
2024-04-15T21:04:21.716 INFO:teuthology.orchestra.run.smithi005.stdout:/usr/bin/ceph: stderr
2024-04-15T21:04:20.965+0000 7f75f4179700 1 --2- 172.21.15.5:0/1161368664 >> [v2:172.21.15.5:3300/0,v1:172.21.15.5:6789/0] conn(0x7f75ec103e00 0x7f75ec104210 secure :-1 s=READY pgs=37 cs=0 l=1 rev1=1 crypto rx=0x7f75e80098a0 tx=0x7f75e8009bb0 comp rx=0 tx=0).stop
2024-04-15T21:04:21.716 INFO:teuthology.orchestra.run.smithi005.stdout:/usr/bin/ceph: stderr
2024-04-15T21:04:20.965+0000 7f75f4179700 1 -- 172.21.15.5:0/1161368664 shutdown_connections
2024-04-15T21:04:21.716 INFO:teuthology.orchestra.run.smithi005.stdout:/usr/bin/ceph: stderr
2024-04-15T21:04:20.965+0000 7f75f4179700 1 --2- 172.21.15.5:0/1161368664 >> [v2:172.21.15.5:3300/0,v1:172.21.15.5:6789/0] conn(0x7f75ec103e00 0x7f75ec104210 unknown :-1 s=CLOSED pgs=37 cs=0 l=1 rev1=1 crypto rx=0 tx=0 comp rx=0 tx=0).stop
2024-04-15T21:04:21.716 INFO:teuthology.orchestra.run.smithi005.stdout:/usr/bin/ceph: stderr
2024-04-15T21:04:20.965+0000 7f75f4179700 1 -- 172.21.15.5:0/1161368664 >> 172.21.15.5:0/1161368664 conn(0x7f75ec0ff7e0 msgr2=0x7f75ec101c10 unknown :-1 s=STATE_NONE l=0).mark_down
2024-04-15T21:04:21.716 INFO:teuthology.orchestra.run.smithi005.stdout:/usr/bin/ceph: stderr
2024-04-15T21:04:20.966+0000 7f75f4179700 1 -- 172.21.15.5:0/1161368664 shutdown_connections
2024-04-15T21:04:21.716 INFO:teuthology.orchestra.run.smithi005.stdout:/usr/bin/ceph: stderr
2024-04-15T21:04:20.966+0000 7f75f4179700 1 -- 172.21.15.5:0/1161368664 wait complete.
2024-04-15T21:04:21.716 INFO:teuthology.orchestra.run.smithi005.stdout:/usr/bin/ceph: stderr
2024-04-15T21:04:20.966+0000 7f75f4179700 1 Processor -- start
2024-04-15T21:04:21.716 INFO:teuthology.orchestra.run.smithi005.stdout:/usr/bin/ceph: stderr
2024-04-15T21:04:20.966+0000 7f75f4179700 1 -- start start
2024-04-15T21:04:21.716 INFO:teuthology.orchestra.run.smithi005.stdout:/usr/bin/ceph: stderr
2024-04-15T21:04:20.966+0000 7f75f4179700 1 --2- >> [v2:172.21.15.5:3300/0,v1:172.21.15.5:6789/0] conn(0x7f75ec103e00 0x7f75ec199880 unknown :-1 s=NONE pgs=0 cs=0 l=1 rev1=0 crypto rx=0 tx=0 comp rx=0 tx=0).connect
2024-04-15T21:04:21.716 INFO:teuthology.orchestra.run.smithi005.stdout:/usr/bin/ceph: stderr
2024-04-15T21:04:20.966+0000 7f75f4179700 1 -- --> [v2:172.21.15.5:3300/0,v1:172.21.15.5:6789/0] -- mon_getmap magic: 0 v1 -- 0x7f75ec199dc0 con 0x7f75ec103e00
2024-04-15T21:04:21.717 INFO:teuthology.orchestra.run.smithi005.stdout:/usr/bin/ceph: stderr
2024-04-15T21:04:20.966+0000 7f75f1f15700 1 --2- >> [v2:172.21.15.5:3300/0,v1:172.21.15.5:6789/0] conn(0x7f75ec103e00 0x7f75ec199880 unknown :-1 s=BANNER_CONNECTING pgs=0 cs=0 l=1 rev1=0 crypto rx=0 tx=0 comp rx=0 tx=0)._handle_peer_banner_payload supported=3 required=0
2024-04-15T21:04:21.717 INFO:teuthology.orchestra.run.smithi005.stdout:/usr/bin/ceph: stderr
2024-04-15T21:04:20.966+0000 7f75f1f15700 1 --2- >> [v2:172.21.15.5:3300/0,v1:172.21.15.5:6789/0] conn(0x7f75ec103e00 0x7f75ec199880 unknown :-1 s=HELLO_CONNECTING pgs=0 cs=0 l=1 rev1=1 crypto rx=0 tx=0 comp rx=0 tx=0).handle_hello peer v2:172.21.15.5:3300/0 says I am v2:172.21.15.5:45650/0 (socket says 172.21.15.5:45650)
2024-04-15T21:04:21.717 INFO:teuthology.orchestra.run.smithi005.stdout:/usr/bin/ceph: stderr
2024-04-15T21:04:20.966+0000 7f75f1f15700 1 -- 172.21.15.5:0/2228496706 learned_addr learned my addr 172.21.15.5:0/2228496706 (peer_addr_for_me v2:172.21.15.5:0/0)
2024-04-15T21:04:21.717 INFO:teuthology.orchestra.run.smithi005.stdout:/usr/bin/ceph: stderr
2024-04-15T21:04:20.967+0000 7f75f1f15700 1 -- 172.21.15.5:0/2228496706 --> [v2:172.21.15.5:3300/0,v1:172.21.15.5:6789/0] -- mon_subscribe({config=0+,monmap=0+}) v3 -- 0x7f75e8009550 con 0x7f75ec103e00
2024-04-15T21:04:21.717 INFO:teuthology.orchestra.run.smithi005.stdout:/usr/bin/ceph: stderr
2024-04-15T21:04:20.967+0000 7f75f1f15700 1 --2- 172.21.15.5:0/2228496706 >> [v2:172.21.15.5:3300/0,v1:172.21.15.5:6789/0] conn(0x7f75ec103e00 0x7f75ec199880 secure :-1 s=READY pgs=38 cs=0 l=1 rev1=1 crypto rx=0x7f75e8000c00 tx=0x7f75e8011ab0 comp rx=0 tx=0).ready entity=mon.0 client_cookie=0 server_cookie=0 in_seq=0 out_seq=0
2024-04-15T21:04:21.717 INFO:teuthology.orchestra.run.smithi005.stdout:/usr/bin/ceph: stderr
2024-04-15T21:04:20.967+0000 7f75e2ffd700 1 -- 172.21.15.5:0/2228496706 <== mon.0 v2:172.21.15.5:3300/0 1 ==== mon_map magic: 0 v1 ==== 229+0+0 (secure 0 0 0) 0x7f75e8003b90 con 0x7f75ec103e00
2024-04-15T21:04:21.717 INFO:teuthology.orchestra.run.smithi005.stdout:/usr/bin/ceph: stderr
2024-04-15T21:04:20.967+0000 7f75e2ffd700 1 -- 172.21.15.5:0/2228496706 <== mon.0 v2:172.21.15.5:3300/0 2 ==== config(27 keys) v1 ==== 1037+0+0 (secure 0 0 0) 0x7f75e80248b0 con 0x7f75ec103e00
2024-04-15T21:04:21.717 INFO:teuthology.orchestra.run.smithi005.stdout:/usr/bin/ceph: stderr
2024-04-15T21:04:20.967+0000 7f75f4179700 1 -- 172.21.15.5:0/2228496706 --> [v2:172.21.15.5:3300/0,v1:172.21.15.5:6789/0] -- mon_subscribe({mgrmap=0+}) v3 -- 0x7f75ec199fc0 con 0x7f75ec103e00
2024-04-15T21:04:21.717 INFO:teuthology.orchestra.run.smithi005.stdout:/usr/bin/ceph: stderr
2024-04-15T21:04:20.967+0000 7f75e2ffd700 1 -- 172.21.15.5:0/2228496706 <== mon.0 v2:172.21.15.5:3300/0 3 ==== mon_map magic: 0 v1 ==== 229+0+0 (secure 0 0 0) 0x7f75e801a8e0 con 0x7f75ec103e00
2024-04-15T21:04:21.717 INFO:teuthology.orchestra.run.smithi005.stdout:/usr/bin/ceph: stderr
2024-04-15T21:04:20.967+0000 7f75f4179700 1 -- 172.21.15.5:0/2228496706 --> [v2:172.21.15.5:3300/0,v1:172.21.15.5:6789/0] -- mon_subscribe({osdmap=0}) v3 -- 0x7f75ec19a3e0 con 0x7f75ec103e00
2024-04-15T21:04:21.717 INFO:teuthology.orchestra.run.smithi005.stdout:/usr/bin/ceph: stderr
2024-04-15T21:04:20.968+0000 7f75e2ffd700 1 -- 172.21.15.5:0/2228496706 <== mon.0 v2:172.21.15.5:3300/0 4 ==== mgrmap(e 7) v1 ==== 44978+0+0 (secure 0 0 0) 0x7f75e801aba0 con 0x7f75ec103e00
2024-04-15T21:04:21.717 INFO:teuthology.orchestra.run.smithi005.stdout:/usr/bin/ceph: stderr
2024-04-15T21:04:20.968+0000 7f75f4179700 1 -- 172.21.15.5:0/2228496706 --> [v2:172.21.15.5:3300/0,v1:172.21.15.5:6789/0] -- mon_command({"prefix": "get_command_descriptions"} v 0) v1 -- 0x7f75ec1079c0 con 0x7f75ec103e00
2024-04-15T21:04:21.717 INFO:teuthology.orchestra.run.smithi005.stdout:/usr/bin/ceph: stderr
2024-04-15T21:04:20.968+0000 7f75e2ffd700 1 --2- 172.21.15.5:0/2228496706 >> [v2:172.21.15.5:6800/1481770566,v1:172.21.15.5:6801/1481770566] conn(0x7f75d80382d0 0x7f75d803a780 unknown :-1 s=NONE pgs=0 cs=0 l=1 rev1=0 crypto rx=0 tx=0 comp rx=0 tx=0).connect
2024-04-15T21:04:21.718 INFO:teuthology.orchestra.run.smithi005.stdout:/usr/bin/ceph: stderr
2024-04-15T21:04:20.968+0000 7f75e2ffd700 1 -- 172.21.15.5:0/2228496706 <== mon.0 v2:172.21.15.5:3300/0 5 ==== osd_map(2..2 src has 1..2) v4 ==== 940+0+0 (secure 0 0 0) 0x7f75e804c240 con 0x7f75ec103e00
2024-04-15T21:04:21.718 INFO:teuthology.orchestra.run.smithi005.stdout:/usr/bin/ceph: stderr
2024-04-15T21:04:20.968+0000 7f75f1714700 1 --2- 172.21.15.5:0/2228496706 >> [v2:172.21.15.5:6800/1481770566,v1:172.21.15.5:6801/1481770566] conn(0x7f75d80382d0 0x7f75d803a780 unknown :-1 s=BANNER_CONNECTING pgs=0 cs=0 l=1 rev1=0 crypto rx=0 tx=0 comp rx=0 tx=0)._handle_peer_banner_payload supported=3 required=0
2024-04-15T21:04:21.718 INFO:teuthology.orchestra.run.smithi005.stdout:/usr/bin/ceph: stderr
2024-04-15T21:04:20.969+0000 7f75f1714700 1 --2- 172.21.15.5:0/2228496706 >> [v2:172.21.15.5:6800/1481770566,v1:172.21.15.5:6801/1481770566] conn(0x7f75d80382d0 0x7f75d803a780 secure :-1 s=READY pgs=7 cs=0 l=1 rev1=1 crypto rx=0x7f75dc006fd0 tx=0x7f75dc006e40 comp rx=0 tx=0).ready entity=mgr.14120 client_cookie=0 server_cookie=0 in_seq=0 out_seq=0
2024-04-15T21:04:21.718 INFO:teuthology.orchestra.run.smithi005.stdout:/usr/bin/ceph: stderr
2024-04-15T21:04:20.973+0000 7f75e2ffd700 1 -- 172.21.15.5:0/2228496706 <== mon.0 v2:172.21.15.5:3300/0 6 ==== mon_command_ack([{"prefix": "get_command_descriptions"}]=0 v0) v1 ==== 72+0+177933 (secure 0 0 0) 0x7f75e8018530 con 0x7f75ec103e00
2024-04-15T21:04:21.718 INFO:teuthology.orchestra.run.smithi005.stdout:/usr/bin/ceph: stderr
2024-04-15T21:04:21.143+0000 7f75e2ffd700 1 -- 172.21.15.5:0/2228496706 <== mon.0 v2:172.21.15.5:3300/0 7 ==== mgrmap(e 8) v1 ==== 45084+0+0 (secure 0 0 0) 0x7f75e802d3f0 con 0x7f75ec103e00
2024-04-15T21:04:21.718 INFO:teuthology.orchestra.run.smithi005.stdout:/usr/bin/ceph: stderr
2024-04-15T21:04:21.213+0000 7f75f4179700 1 -- 172.21.15.5:0/2228496706 --> [v2:172.21.15.5:6800/1481770566,v1:172.21.15.5:6801/1481770566] -- mgr_command(tid 0: {"prefix": "orch set backend", "module_name": "cephadm", "target": ["mon-mgr", ""]}) v1 -- 0x7f75ec19d240 con 0x7f75d80382d0
2024-04-15T21:04:21.718 INFO:teuthology.orchestra.run.smithi005.stdout:/usr/bin/ceph: stderr
2024-04-15T21:04:21.218+0000 7f75e2ffd700 1 -- 172.21.15.5:0/2228496706 <== mgr.14120 v2:172.21.15.5:6800/1481770566 1 ==== mgr_command_reply(tid 0: 0 ) v1 ==== 8+0+0 (secure 0 0 0) 0x7f75ec19d240 con 0x7f75d80382d0
2024-04-15T21:04:21.718 INFO:teuthology.orchestra.run.smithi005.stdout:/usr/bin/ceph: stderr
2024-04-15T21:04:21.220+0000 7f75f4179700 1 -- 172.21.15.5:0/2228496706 >> [v2:172.21.15.5:6800/1481770566,v1:172.21.15.5:6801/1481770566] conn(0x7f75d80382d0 msgr2=0x7f75d803a780 secure :-1 s=STATE_CONNECTION_ESTABLISHED l=1).mark_down
2024-04-15T21:04:21.718 INFO:teuthology.orchestra.run.smithi005.stdout:/usr/bin/ceph: stderr
2024-04-15T21:04:21.220+0000 7f75f4179700 1 --2- 172.21.15.5:0/2228496706 >> [v2:172.21.15.5:6800/1481770566,v1:172.21.15.5:6801/1481770566] conn(0x7f75d80382d0 0x7f75d803a780 secure :-1 s=READY pgs=7 cs=0 l=1 rev1=1 crypto rx=0x7f75dc006fd0 tx=0x7f75dc006e40 comp rx=0 tx=0).stop
2024-04-15T21:04:21.718 INFO:teuthology.orchestra.run.smithi005.stdout:/usr/bin/ceph: stderr
2024-04-15T21:04:21.220+0000 7f75f4179700 1 -- 172.21.15.5:0/2228496706 >> [v2:172.21.15.5:3300/0,v1:172.21.15.5:6789/0] conn(0x7f75ec103e00 msgr2=0x7f75ec199880 secure :-1 s=STATE_CONNECTION_ESTABLISHED l=1).mark_down
2024-04-15T21:04:21.718 INFO:teuthology.orchestra.run.smithi005.stdout:/usr/bin/ceph: stderr
2024-04-15T21:04:21.220+0000 7f75f4179700 1 --2- 172.21.15.5:0/2228496706 >> [v2:172.21.15.5:3300/0,v1:172.21.15.5:6789/0] conn(0x7f75ec103e00 0x7f75ec199880 secure :-1 s=READY pgs=38 cs=0 l=1 rev1=1 crypto rx=0x7f75e8000c00 tx=0x7f75e8011ab0 comp rx=0 tx=0).stop
2024-04-15T21:04:21.718 INFO:teuthology.orchestra.run.smithi005.stdout:/usr/bin/ceph: stderr
2024-04-15T21:04:21.220+0000 7f75f4179700 1 -- 172.21.15.5:0/2228496706 shutdown_connections
2024-04-15T21:04:21.718 INFO:teuthology.orchestra.run.smithi005.stdout:/usr/bin/ceph: stderr
2024-04-15T21:04:21.220+0000 7f75f4179700 1 --2- 172.21.15.5:0/2228496706 >> [v2:172.21.15.5:6800/1481770566,v1:172.21.15.5:6801/1481770566] conn(0x7f75d80382d0 0x7f75d803a780 unknown :-1 s=CLOSED pgs=7 cs=0 l=1 rev1=1 crypto rx=0 tx=0 comp rx=0 tx=0).stop
2024-04-15T21:04:21.719 INFO:teuthology.orchestra.run.smithi005.stdout:/usr/bin/ceph: stderr
2024-04-15T21:04:21.221+0000 7f75f4179700 1 --2- 172.21.15.5:0/2228496706 >> [v2:172.21.15.5:3300/0,v1:172.21.15.5:6789/0] conn(0x7f75ec103e00 0x7f75ec199880 unknown :-1 s=CLOSED pgs=38 cs=0 l=1 rev1=1 crypto rx=0 tx=0 comp rx=0 tx=0).stop
2024-04-15T21:04:21.719 INFO:teuthology.orchestra.run.smithi005.stdout:/usr/bin/ceph: stderr
2024-04-15T21:04:21.221+0000 7f75f4179700 1 -- 172.21.15.5:0/2228496706 >> 172.21.15.5:0/2228496706 conn(0x7f75ec0ff7e0 msgr2=0x7f75ec100ed0 unknown :-1 s=STATE_NONE l=0).mark_down
2024-04-15T21:04:21.719 INFO:teuthology.orchestra.run.smithi005.stdout:/usr/bin/ceph: stderr
2024-04-15T21:04:21.221+0000 7f75f4179700 1 -- 172.21.15.5:0/2228496706 shutdown_connections
2024-04-15T21:04:21.719 INFO:teuthology.orchestra.run.smithi005.stdout:/usr/bin/ceph: stderr
2024-04-15T21:04:21.221+0000 7f75f4179700 1 -- 172.21.15.5:0/2228496706 wait complete.
2024-04-15T21:04:22.450 INFO:journalctl@ceph.mon.smithi005.smithi005.stdout:Apr 15 21:04:22 smithi005 ceph-mon[29313]: [15/Apr/2024:21:04:20] ENGINE Bus STARTING
2024-04-15T21:04:22.450 INFO:journalctl@ceph.mon.smithi005.smithi005.stdout:Apr 15 21:04:22 smithi005 ceph-mon[29313]: [15/Apr/2024:21:04:20] ENGINE Serving on http://172.21.15.5:8765
2024-04-15T21:04:22.450 INFO:journalctl@ceph.mon.smithi005.smithi005.stdout:Apr 15 21:04:22 smithi005 ceph-mon[29313]: [15/Apr/2024:21:04:20] ENGINE Serving on https://172.21.15.5:7150
2024-04-15T21:04:22.450 INFO:journalctl@ceph.mon.smithi005.smithi005.stdout:Apr 15 21:04:22 smithi005 ceph-mon[29313]: [15/Apr/2024:21:04:20] ENGINE Bus STARTED
2024-04-15T21:04:22.450 INFO:journalctl@ceph.mon.smithi005.smithi005.stdout:Apr 15 21:04:22 smithi005 ceph-mon[29313]: mgrmap e8: smithi005.asqlsh(active, since 2s)
2024-04-15T21:04:22.450 INFO:journalctl@ceph.mon.smithi005.smithi005.stdout:Apr 15 21:04:22 smithi005 ceph-mon[29313]: from='mgr.14120 172.21.15.5:0/1352290591' entity='mgr.smithi005.asqlsh'
2024-04-15T21:04:22.450 INFO:journalctl@ceph.mon.smithi005.smithi005.stdout:Apr 15 21:04:22 smithi005 ceph-mon[29313]: from='mgr.14120 172.21.15.5:0/1352290591' entity='mgr.smithi005.asqlsh' cmd=[{"prefix": "config dump", "format": "json"}]: dispatch
2024-04-15T21:04:22.892 INFO:teuthology.orchestra.run.smithi005.stdout:/usr/bin/ceph: stdout value unchanged
2024-04-15T21:04:22.893 INFO:teuthology.orchestra.run.smithi005.stdout:/usr/bin/ceph: stderr
2024-04-15T21:04:22.128+0000 7ff3cb2bf700 1 Processor -- start
2024-04-15T21:04:22.893 INFO:teuthology.orchestra.run.smithi005.stdout:/usr/bin/ceph: stderr
2024-04-15T21:04:22.128+0000 7ff3cb2bf700 1 -- start start
2024-04-15T21:04:22.893 INFO:teuthology.orchestra.run.smithi005.stdout:/usr/bin/ceph: stderr
2024-04-15T21:04:22.128+0000 7ff3cb2bf700 1 --2- >> [v2:172.21.15.5:3300/0,v1:172.21.15.5:6789/0] conn(0x7ff3c4104f30 0x7ff3c4105340 unknown :-1 s=NONE pgs=0 cs=0 l=0 rev1=0 crypto rx=0 tx=0 comp rx=0 tx=0).connect
2024-04-15T21:04:22.893 INFO:teuthology.orchestra.run.smithi005.stdout:/usr/bin/ceph: stderr
2024-04-15T21:04:22.128+0000 7ff3cb2bf700 1 -- --> [v2:172.21.15.5:3300/0,v1:172.21.15.5:6789/0] -- mon_getmap magic: 0 v1 -- 0x7ff3c4105880 con 0x7ff3c4104f30
2024-04-15T21:04:22.893 INFO:teuthology.orchestra.run.smithi005.stdout:/usr/bin/ceph: stderr
2024-04-15T21:04:22.128+0000 7ff3c905b700 1 --2- >> [v2:172.21.15.5:3300/0,v1:172.21.15.5:6789/0] conn(0x7ff3c4104f30 0x7ff3c4105340 unknown :-1 s=BANNER_CONNECTING pgs=0 cs=0 l=0 rev1=0 crypto rx=0 tx=0 comp rx=0 tx=0)._handle_peer_banner_payload supported=3 required=0
2024-04-15T21:04:22.893 INFO:teuthology.orchestra.run.smithi005.stdout:/usr/bin/ceph: stderr
2024-04-15T21:04:22.128+0000 7ff3c905b700 1 --2- >> [v2:172.21.15.5:3300/0,v1:172.21.15.5:6789/0] conn(0x7ff3c4104f30 0x7ff3c4105340 unknown :-1 s=HELLO_CONNECTING pgs=0 cs=0 l=0 rev1=1 crypto rx=0 tx=0 comp rx=0 tx=0).handle_hello peer v2:172.21.15.5:3300/0 says I am v2:172.21.15.5:45652/0 (socket says 172.21.15.5:45652)
2024-04-15T21:04:22.893 INFO:teuthology.orchestra.run.smithi005.stdout:/usr/bin/ceph: stderr
2024-04-15T21:04:22.128+0000 7ff3c905b700 1 -- 172.21.15.5:0/1667376651 learned_addr learned my addr 172.21.15.5:0/1667376651 (peer_addr_for_me v2:172.21.15.5:0/0)
2024-04-15T21:04:22.894 INFO:teuthology.orchestra.run.smithi005.stdout:/usr/bin/ceph: stderr
2024-04-15T21:04:22.129+0000 7ff3c905b700 1 -- 172.21.15.5:0/1667376651 --> [v2:172.21.15.5:3300/0,v1:172.21.15.5:6789/0] -- mon_subscribe({config=0+,monmap=0+}) v3 -- 0x7ff3c41059c0 con 0x7ff3c4104f30
2024-04-15T21:04:22.894 INFO:teuthology.orchestra.run.smithi005.stdout:/usr/bin/ceph: stderr
2024-04-15T21:04:22.129+0000 7ff3c905b700 1 --2- 172.21.15.5:0/1667376651 >> [v2:172.21.15.5:3300/0,v1:172.21.15.5:6789/0] conn(0x7ff3c4104f30 0x7ff3c4105340 secure :-1 s=READY pgs=39 cs=0 l=1 rev1=1 crypto rx=0x7ff3c000bb40 tx=0x7ff3c000be50 comp rx=0 tx=0).ready entity=mon.0 client_cookie=138af220c011363d server_cookie=0 in_seq=0 out_seq=0
2024-04-15T21:04:22.898 INFO:teuthology.orchestra.run.smithi005.stdout:/usr/bin/ceph: stderr
2024-04-15T21:04:22.129+0000 7ff3bbfff700 1 -- 172.21.15.5:0/1667376651 <== mon.0 v2:172.21.15.5:3300/0 1 ==== mon_map magic: 0 v1 ==== 229+0+0 (secure 0 0 0) 0x7ff3c000dc00 con 0x7ff3c4104f30
2024-04-15T21:04:22.898 INFO:teuthology.orchestra.run.smithi005.stdout:/usr/bin/ceph: stderr
2024-04-15T21:04:22.129+0000 7ff3bbfff700 1 -- 172.21.15.5:0/1667376651 <== mon.0 v2:172.21.15.5:3300/0 2 ==== config(27 keys) v1 ==== 1037+0+0 (secure 0 0 0) 0x7ff3c00044a0 con 0x7ff3c4104f30
2024-04-15T21:04:22.899 INFO:teuthology.orchestra.run.smithi005.stdout:/usr/bin/ceph: stderr
2024-04-15T21:04:22.129+0000 7ff3bbfff700 1 -- 172.21.15.5:0/1667376651 <== mon.0 v2:172.21.15.5:3300/0 3 ==== mon_map magic: 0 v1 ==== 229+0+0 (secure 0 0 0) 0x7ff3c0010470 con 0x7ff3c4104f30
2024-04-15T21:04:22.899 INFO:teuthology.orchestra.run.smithi005.stdout:/usr/bin/ceph: stderr
2024-04-15T21:04:22.129+0000 7ff3cb2bf700 1 -- 172.21.15.5:0/1667376651 >> [v2:172.21.15.5:3300/0,v1:172.21.15.5:6789/0] conn(0x7ff3c4104f30 msgr2=0x7ff3c4105340 secure :-1 s=STATE_CONNECTION_ESTABLISHED l=1).mark_down
2024-04-15T21:04:22.899 INFO:teuthology.orchestra.run.smithi005.stdout:/usr/bin/ceph: stderr
2024-04-15T21:04:22.130+0000 7ff3cb2bf700 1 --2- 172.21.15.5:0/1667376651 >> [v2:172.21.15.5:3300/0,v1:172.21.15.5:6789/0] conn(0x7ff3c4104f30 0x7ff3c4105340 secure :-1 s=READY pgs=39 cs=0 l=1 rev1=1 crypto rx=0x7ff3c000bb40 tx=0x7ff3c000be50 comp rx=0 tx=0).stop
2024-04-15T21:04:22.899 INFO:teuthology.orchestra.run.smithi005.stdout:/usr/bin/ceph: stderr
2024-04-15T21:04:22.130+0000 7ff3cb2bf700 1 -- 172.21.15.5:0/1667376651 shutdown_connections
2024-04-15T21:04:22.899 INFO:teuthology.orchestra.run.smithi005.stdout:/usr/bin/ceph: stderr
2024-04-15T21:04:22.130+0000 7ff3cb2bf700 1 --2- 172.21.15.5:0/1667376651 >> [v2:172.21.15.5:3300/0,v1:172.21.15.5:6789/0] conn(0x7ff3c4104f30 0x7ff3c4105340 unknown :-1 s=CLOSED pgs=39 cs=0 l=1 rev1=1 crypto rx=0 tx=0 comp rx=0 tx=0).stop
2024-04-15T21:04:22.899 INFO:teuthology.orchestra.run.smithi005.stdout:/usr/bin/ceph: stderr
2024-04-15T21:04:22.130+0000 7ff3cb2bf700 1 -- 172.21.15.5:0/1667376651 >> 172.21.15.5:0/1667376651 conn(0x7ff3c40ff7e0 msgr2=0x7ff3c4101c10 unknown :-1 s=STATE_NONE l=0).mark_down
2024-04-15T21:04:22.899 INFO:teuthology.orchestra.run.smithi005.stdout:/usr/bin/ceph: stderr
2024-04-15T21:04:22.130+0000 7ff3cb2bf700 1 -- 172.21.15.5:0/1667376651 shutdown_connections
2024-04-15T21:04:22.899 INFO:teuthology.orchestra.run.smithi005.stdout:/usr/bin/ceph: stderr
2024-04-15T21:04:22.130+0000 7ff3cb2bf700 1 -- 172.21.15.5:0/1667376651 wait complete.
2024-04-15T21:04:22.899 INFO:teuthology.orchestra.run.smithi005.stdout:/usr/bin/ceph: stderr
2024-04-15T21:04:22.130+0000 7ff3cb2bf700 1 Processor -- start
2024-04-15T21:04:22.900 INFO:teuthology.orchestra.run.smithi005.stdout:/usr/bin/ceph: stderr
2024-04-15T21:04:22.130+0000 7ff3cb2bf700 1 -- start start
2024-04-15T21:04:22.900 INFO:teuthology.orchestra.run.smithi005.stdout:/usr/bin/ceph: stderr
2024-04-15T21:04:22.131+0000 7ff3cb2bf700 1 --2- >> [v2:172.21.15.5:3300/0,v1:172.21.15.5:6789/0] conn(0x7ff3c4104f30 0x7ff3c4197640 unknown :-1 s=NONE pgs=0 cs=0 l=1 rev1=0 crypto rx=0 tx=0 comp rx=0 tx=0).connect
2024-04-15T21:04:22.900 INFO:teuthology.orchestra.run.smithi005.stdout:/usr/bin/ceph: stderr
2024-04-15T21:04:22.131+0000 7ff3cb2bf700 1 -- --> [v2:172.21.15.5:3300/0,v1:172.21.15.5:6789/0] -- mon_getmap magic: 0 v1 -- 0x7ff3c4197b80 con 0x7ff3c4104f30
2024-04-15T21:04:22.900 INFO:teuthology.orchestra.run.smithi005.stdout:/usr/bin/ceph: stderr
2024-04-15T21:04:22.131+0000 7ff3c905b700 1 --2- >> [v2:172.21.15.5:3300/0,v1:172.21.15.5:6789/0] conn(0x7ff3c4104f30 0x7ff3c4197640 unknown :-1 s=BANNER_CONNECTING pgs=0 cs=0 l=1 rev1=0 crypto rx=0 tx=0 comp rx=0 tx=0)._handle_peer_banner_payload supported=3 required=0
2024-04-15T21:04:22.900 INFO:teuthology.orchestra.run.smithi005.stdout:/usr/bin/ceph: stderr
2024-04-15T21:04:22.131+0000 7ff3c905b700 1 --2- >> [v2:172.21.15.5:3300/0,v1:172.21.15.5:6789/0] conn(0x7ff3c4104f30 0x7ff3c4197640 unknown :-1 s=HELLO_CONNECTING pgs=0 cs=0 l=1 rev1=1 crypto rx=0 tx=0 comp rx=0 tx=0).handle_hello peer v2:172.21.15.5:3300/0 says I am v2:172.21.15.5:45656/0 (socket says 172.21.15.5:45656)
2024-04-15T21:04:22.900 INFO:teuthology.orchestra.run.smithi005.stdout:/usr/bin/ceph: stderr
2024-04-15T21:04:22.131+0000 7ff3c905b700 1 -- 172.21.15.5:0/141086541 learned_addr learned my addr 172.21.15.5:0/141086541 (peer_addr_for_me v2:172.21.15.5:0/0)
2024-04-15T21:04:22.900 INFO:teuthology.orchestra.run.smithi005.stdout:/usr/bin/ceph: stderr
2024-04-15T21:04:22.131+0000 7ff3c905b700 1 -- 172.21.15.5:0/141086541 --> [v2:172.21.15.5:3300/0,v1:172.21.15.5:6789/0] -- mon_subscribe({config=0+,monmap=0+}) v3 -- 0x7ff3c000b7f0 con 0x7ff3c4104f30
2024-04-15T21:04:22.901 INFO:teuthology.orchestra.run.smithi005.stdout:/usr/bin/ceph: stderr
2024-04-15T21:04:22.131+0000 7ff3c905b700 1 --2- 172.21.15.5:0/141086541 >> [v2:172.21.15.5:3300/0,v1:172.21.15.5:6789/0] conn(0x7ff3c4104f30 0x7ff3c4197640 secure :-1 s=READY pgs=40 cs=0 l=1 rev1=1 crypto rx=0x7ff3c000b340 tx=0x7ff3c0003d70 comp rx=0 tx=0).ready entity=mon.0 client_cookie=0 server_cookie=0 in_seq=0 out_seq=0
2024-04-15T21:04:22.901 INFO:teuthology.orchestra.run.smithi005.stdout:/usr/bin/ceph: stderr
2024-04-15T21:04:22.131+0000 7ff3ba7fc700 1 -- 172.21.15.5:0/141086541 <== mon.0 v2:172.21.15.5:3300/0 1 ==== mon_map magic: 0 v1 ==== 229+0+0 (secure 0 0 0) 0x7ff3c001e070 con 0x7ff3c4104f30
2024-04-15T21:04:22.901 INFO:teuthology.orchestra.run.smithi005.stdout:/usr/bin/ceph: stderr
2024-04-15T21:04:22.131+0000 7ff3ba7fc700 1 -- 172.21.15.5:0/141086541 <== mon.0 v2:172.21.15.5:3300/0 2 ==== config(27 keys) v1 ==== 1037+0+0 (secure 0 0 0) 0x7ff3c0004260 con 0x7ff3c4104f30
2024-04-15T21:04:22.901 INFO:teuthology.orchestra.run.smithi005.stdout:/usr/bin/ceph: stderr
2024-04-15T21:04:22.131+0000 7ff3cb2bf700 1 -- 172.21.15.5:0/141086541 --> [v2:172.21.15.5:3300/0,v1:172.21.15.5:6789/0] -- mon_subscribe({mgrmap=0+}) v3 -- 0x7ff3c4197d80 con 0x7ff3c4104f30
2024-04-15T21:04:22.901 INFO:teuthology.orchestra.run.smithi005.stdout:/usr/bin/ceph: stderr
2024-04-15T21:04:22.131+0000 7ff3ba7fc700 1 -- 172.21.15.5:0/141086541 <== mon.0 v2:172.21.15.5:3300/0 3 ==== mon_map magic: 0 v1 ==== 229+0+0 (secure 0 0 0) 0x7ff3c00228b0 con 0x7ff3c4104f30
2024-04-15T21:04:22.901 INFO:teuthology.orchestra.run.smithi005.stdout:/usr/bin/ceph: stderr
2024-04-15T21:04:22.131+0000 7ff3cb2bf700 1 -- 172.21.15.5:0/141086541 --> [v2:172.21.15.5:3300/0,v1:172.21.15.5:6789/0] -- mon_subscribe({osdmap=0}) v3 -- 0x7ff3c41981a0 con 0x7ff3c4104f30
2024-04-15T21:04:22.901 INFO:teuthology.orchestra.run.smithi005.stdout:/usr/bin/ceph: stderr
2024-04-15T21:04:22.132+0000 7ff3ba7fc700 1 -- 172.21.15.5:0/141086541 <== mon.0 v2:172.21.15.5:3300/0 4 ==== mgrmap(e 8) v1 ==== 45084+0+0 (secure 0 0 0) 0x7ff3c002c440 con 0x7ff3c4104f30
2024-04-15T21:04:22.901 INFO:teuthology.orchestra.run.smithi005.stdout:/usr/bin/ceph: stderr
2024-04-15T21:04:22.132+0000 7ff3cb2bf700 1 -- 172.21.15.5:0/141086541 --> [v2:172.21.15.5:3300/0,v1:172.21.15.5:6789/0] -- mon_command({"prefix": "get_command_descriptions"} v 0) v1 -- 0x7ff3c4191380 con 0x7ff3c4104f30
2024-04-15T21:04:22.901 INFO:teuthology.orchestra.run.smithi005.stdout:/usr/bin/ceph: stderr
2024-04-15T21:04:22.132+0000 7ff3ba7fc700 1 --2- 172.21.15.5:0/141086541 >> [v2:172.21.15.5:6800/1481770566,v1:172.21.15.5:6801/1481770566] conn(0x7ff3b0038440 0x7ff3b003a8f0 unknown :-1 s=NONE pgs=0 cs=0 l=1 rev1=0 crypto rx=0 tx=0 comp rx=0 tx=0).connect
2024-04-15T21:04:22.901 INFO:teuthology.orchestra.run.smithi005.stdout:/usr/bin/ceph: stderr
2024-04-15T21:04:22.132+0000 7ff3ba7fc700 1 -- 172.21.15.5:0/141086541 <== mon.0 v2:172.21.15.5:3300/0 5 ==== osd_map(2..2 src has 1..2) v4 ==== 940+0+0 (secure 0 0 0) 0x7ff3c004e7a0 con 0x7ff3c4104f30
2024-04-15T21:04:22.902 INFO:teuthology.orchestra.run.smithi005.stdout:/usr/bin/ceph: stderr
2024-04-15T21:04:22.133+0000 7ff3c885a700 1 --2- 172.21.15.5:0/141086541 >> [v2:172.21.15.5:6800/1481770566,v1:172.21.15.5:6801/1481770566] conn(0x7ff3b0038440 0x7ff3b003a8f0 unknown :-1 s=BANNER_CONNECTING pgs=0 cs=0 l=1 rev1=0 crypto rx=0 tx=0 comp rx=0 tx=0)._handle_peer_banner_payload supported=3 required=0
2024-04-15T21:04:22.902 INFO:teuthology.orchestra.run.smithi005.stdout:/usr/bin/ceph: stderr
2024-04-15T21:04:22.133+0000 7ff3c885a700 1 --2- 172.21.15.5:0/141086541 >> [v2:172.21.15.5:6800/1481770566,v1:172.21.15.5:6801/1481770566] conn(0x7ff3b0038440 0x7ff3b003a8f0 secure :-1 s=READY pgs=8 cs=0 l=1 rev1=1 crypto rx=0x7ff3b4006fd0 tx=0x7ff3b4006e40 comp rx=0 tx=0).ready entity=mgr.14120 client_cookie=0 server_cookie=0 in_seq=0 out_seq=0
2024-04-15T21:04:22.902 INFO:teuthology.orchestra.run.smithi005.stdout:/usr/bin/ceph: stderr
2024-04-15T21:04:22.137+0000 7ff3ba7fc700 1 -- 172.21.15.5:0/141086541 <== mon.0 v2:172.21.15.5:3300/0 6 ==== mon_command_ack([{"prefix": "get_command_descriptions"}]=0 v0) v1 ==== 72+0+177933 (secure 0 0 0) 0x7ff3c0018d70 con 0x7ff3c4104f30
2024-04-15T21:04:22.902 INFO:teuthology.orchestra.run.smithi005.stdout:/usr/bin/ceph: stderr
2024-04-15T21:04:22.337+0000 7ff3cb2bf700 1 -- 172.21.15.5:0/141086541 --> [v2:172.21.15.5:6800/1481770566,v1:172.21.15.5:6801/1481770566] -- mgr_command(tid 0: {"prefix": "cephadm set-user", "user": "root", "target": ["mon-mgr", ""]}) v1 -- 0x7ff3c4061190 con 0x7ff3b0038440
2024-04-15T21:04:22.902 INFO:teuthology.orchestra.run.smithi005.stdout:/usr/bin/ceph: stderr
2024-04-15T21:04:22.337+0000 7ff3ba7fc700 1 -- 172.21.15.5:0/141086541 <== mgr.14120 v2:172.21.15.5:6800/1481770566 1 ==== mgr_command_reply(tid 0: 0 ) v1 ==== 8+0+16 (secure 0 0 0) 0x7ff3c4061190 con 0x7ff3b0038440
2024-04-15T21:04:22.902 INFO:teuthology.orchestra.run.smithi005.stdout:/usr/bin/ceph: stderr
2024-04-15T21:04:22.339+0000 7ff3cb2bf700 1 -- 172.21.15.5:0/141086541 >> [v2:172.21.15.5:6800/1481770566,v1:172.21.15.5:6801/1481770566] conn(0x7ff3b0038440 msgr2=0x7ff3b003a8f0 secure :-1 s=STATE_CONNECTION_ESTABLISHED l=1).mark_down
2024-04-15T21:04:22.902 INFO:teuthology.orchestra.run.smithi005.stdout:/usr/bin/ceph: stderr
2024-04-15T21:04:22.339+0000 7ff3cb2bf700 1 --2- 172.21.15.5:0/141086541 >> [v2:172.21.15.5:6800/1481770566,v1:172.21.15.5:6801/1481770566] conn(0x7ff3b0038440 0x7ff3b003a8f0 secure :-1 s=READY pgs=8 cs=0 l=1 rev1=1 crypto rx=0x7ff3b4006fd0 tx=0x7ff3b4006e40 comp rx=0 tx=0).stop
2024-04-15T21:04:22.902 INFO:teuthology.orchestra.run.smithi005.stdout:/usr/bin/ceph: stderr
2024-04-15T21:04:22.339+0000 7ff3cb2bf700 1 -- 172.21.15.5:0/141086541 >> [v2:172.21.15.5:3300/0,v1:172.21.15.5:6789/0] conn(0x7ff3c4104f30 msgr2=0x7ff3c4197640 secure :-1 s=STATE_CONNECTION_ESTABLISHED l=1).mark_down
2024-04-15T21:04:22.902 INFO:teuthology.orchestra.run.smithi005.stdout:/usr/bin/ceph: stderr
2024-04-15T21:04:22.339+0000 7ff3cb2bf700 1 --2- 172.21.15.5:0/141086541 >> [v2:172.21.15.5:3300/0,v1:172.21.15.5:6789/0] conn(0x7ff3c4104f30 0x7ff3c4197640 secure :-1 s=READY pgs=40 cs=0 l=1 rev1=1 crypto rx=0x7ff3c000b340 tx=0x7ff3c0003d70 comp rx=0 tx=0).stop
2024-04-15T21:04:22.902 INFO:teuthology.orchestra.run.smithi005.stdout:/usr/bin/ceph: stderr
2024-04-15T21:04:22.339+0000 7ff3cb2bf700 1 -- 172.21.15.5:0/141086541 shutdown_connections
2024-04-15T21:04:22.902 INFO:teuthology.orchestra.run.smithi005.stdout:/usr/bin/ceph: stderr
2024-04-15T21:04:22.339+0000 7ff3cb2bf700 1 --2- 172.21.15.5:0/141086541 >> [v2:172.21.15.5:6800/1481770566,v1:172.21.15.5:6801/1481770566] conn(0x7ff3b0038440 0x7ff3b003a8f0 unknown :-1 s=CLOSED pgs=8 cs=0 l=1 rev1=1 crypto rx=0 tx=0 comp rx=0 tx=0).stop
2024-04-15T21:04:22.902 INFO:teuthology.orchestra.run.smithi005.stdout:/usr/bin/ceph: stderr
2024-04-15T21:04:22.339+0000 7ff3cb2bf700 1 --2- 172.21.15.5:0/141086541 >> [v2:172.21.15.5:3300/0,v1:172.21.15.5:6789/0] conn(0x7ff3c4104f30 0x7ff3c4197640 unknown :-1 s=CLOSED pgs=40 cs=0 l=1 rev1=1 crypto rx=0 tx=0 comp rx=0 tx=0).stop
2024-04-15T21:04:22.902 INFO:teuthology.orchestra.run.smithi005.stdout:/usr/bin/ceph: stderr
2024-04-15T21:04:22.339+0000 7ff3cb2bf700 1 -- 172.21.15.5:0/141086541 >> 172.21.15.5:0/141086541 conn(0x7ff3c40ff7e0 msgr2=0x7ff3c418e4c0 unknown :-1 s=STATE_NONE l=0).mark_down
2024-04-15T21:04:22.903 INFO:teuthology.orchestra.run.smithi005.stdout:/usr/bin/ceph: stderr
2024-04-15T21:04:22.340+0000 7ff3cb2bf700 1 -- 172.21.15.5:0/141086541 shutdown_connections
2024-04-15T21:04:22.903 INFO:teuthology.orchestra.run.smithi005.stdout:/usr/bin/ceph: stderr
2024-04-15T21:04:22.340+0000 7ff3cb2bf700 1 -- 172.21.15.5:0/141086541 wait complete.
2024-04-15T21:04:22.903 INFO:teuthology.orchestra.run.smithi005.stdout:Generating ssh key...
2024-04-15T21:04:23.308 INFO:journalctl@ceph.mon.smithi005.smithi005.stdout:Apr 15 21:04:23 smithi005 ceph-mon[29313]: from='client.14132 -' entity='client.admin' cmd=[{"prefix": "orch set backend", "module_name": "cephadm", "target": ["mon-mgr", ""]}]: dispatch
2024-04-15T21:04:24.211 INFO:teuthology.orchestra.run.smithi005.stdout:/usr/bin/ceph: stderr
2024-04-15T21:04:23.346+0000 7f083ad80700 1 Processor -- start
2024-04-15T21:04:24.211 INFO:teuthology.orchestra.run.smithi005.stdout:/usr/bin/ceph: stderr
2024-04-15T21:04:23.346+0000 7f083ad80700 1 -- start start
2024-04-15T21:04:24.211 INFO:teuthology.orchestra.run.smithi005.stdout:/usr/bin/ceph: stderr
2024-04-15T21:04:23.346+0000 7f083ad80700 1 --2- >> [v2:172.21.15.5:3300/0,v1:172.21.15.5:6789/0] conn(0x7f0834105b10 0x7f0834105f20 unknown :-1 s=NONE pgs=0 cs=0 l=0 rev1=0 crypto rx=0 tx=0 comp rx=0 tx=0).connect
2024-04-15T21:04:24.211 INFO:teuthology.orchestra.run.smithi005.stdout:/usr/bin/ceph: stderr
2024-04-15T21:04:23.346+0000 7f083ad80700 1 -- --> [v2:172.21.15.5:3300/0,v1:172.21.15.5:6789/0] -- mon_getmap magic: 0 v1 -- 0x7f0834106460 con 0x7f0834105b10
2024-04-15T21:04:24.211 INFO:teuthology.orchestra.run.smithi005.stdout:/usr/bin/ceph: stderr
2024-04-15T21:04:23.346+0000 7f0838b1c700 1 --2- >> [v2:172.21.15.5:3300/0,v1:172.21.15.5:6789/0] conn(0x7f0834105b10 0x7f0834105f20 unknown :-1 s=BANNER_CONNECTING pgs=0 cs=0 l=0 rev1=0 crypto rx=0 tx=0 comp rx=0 tx=0)._handle_peer_banner_payload supported=3 required=0
2024-04-15T21:04:24.211 INFO:teuthology.orchestra.run.smithi005.stdout:/usr/bin/ceph: stderr
2024-04-15T21:04:23.346+0000 7f0838b1c700 1 --2- >> [v2:172.21.15.5:3300/0,v1:172.21.15.5:6789/0] conn(0x7f0834105b10 0x7f0834105f20 unknown :-1 s=HELLO_CONNECTING pgs=0 cs=0 l=0 rev1=1 crypto rx=0 tx=0 comp rx=0 tx=0).handle_hello peer v2:172.21.15.5:3300/0 says I am v2:172.21.15.5:45670/0 (socket says 172.21.15.5:45670)
2024-04-15T21:04:24.211 INFO:teuthology.orchestra.run.smithi005.stdout:/usr/bin/ceph: stderr
2024-04-15T21:04:23.346+0000 7f0838b1c700 1 -- 172.21.15.5:0/1143532329 learned_addr learned my addr 172.21.15.5:0/1143532329 (peer_addr_for_me v2:172.21.15.5:0/0)
2024-04-15T21:04:24.211 INFO:teuthology.orchestra.run.smithi005.stdout:/usr/bin/ceph: stderr
2024-04-15T21:04:23.347+0000 7f0838b1c700 1 -- 172.21.15.5:0/1143532329 --> [v2:172.21.15.5:3300/0,v1:172.21.15.5:6789/0] -- mon_subscribe({config=0+,monmap=0+}) v3 -- 0x7f08341065a0 con 0x7f0834105b10
2024-04-15T21:04:24.211 INFO:teuthology.orchestra.run.smithi005.stdout:/usr/bin/ceph: stderr
2024-04-15T21:04:23.347+0000 7f0838b1c700 1 --2- 172.21.15.5:0/1143532329 >> [v2:172.21.15.5:3300/0,v1:172.21.15.5:6789/0] conn(0x7f0834105b10 0x7f0834105f20 secure :-1 s=READY pgs=41 cs=0 l=1 rev1=1 crypto rx=0x7f08280098a0 tx=0x7f0828009bb0 comp rx=0 tx=0).ready entity=mon.0 client_cookie=c69ea46597fed210 server_cookie=0 in_seq=0 out_seq=0
2024-04-15T21:04:24.211 INFO:teuthology.orchestra.run.smithi005.stdout:/usr/bin/ceph: stderr
2024-04-15T21:04:23.347+0000 7f08337fe700 1 -- 172.21.15.5:0/1143532329 <== mon.0 v2:172.21.15.5:3300/0 1 ==== mon_map magic: 0 v1 ==== 229+0+0 (secure 0 0 0) 0x7f0828004180 con 0x7f0834105b10
2024-04-15T21:04:24.212 INFO:teuthology.orchestra.run.smithi005.stdout:/usr/bin/ceph: stderr
2024-04-15T21:04:23.347+0000 7f08337fe700 1 -- 172.21.15.5:0/1143532329 <== mon.0 v2:172.21.15.5:3300/0 2 ==== config(27 keys) v1 ==== 1037+0+0 (secure 0 0 0) 0x7f08280042e0 con 0x7f0834105b10
2024-04-15T21:04:24.212 INFO:teuthology.orchestra.run.smithi005.stdout:/usr/bin/ceph: stderr
2024-04-15T21:04:23.347+0000 7f08337fe700 1 -- 172.21.15.5:0/1143532329 <== mon.0 v2:172.21.15.5:3300/0 3 ==== mon_map magic: 0 v1 ==== 229+0+0 (secure 0 0 0) 0x7f0828011a50 con 0x7f0834105b10
2024-04-15T21:04:24.212 INFO:teuthology.orchestra.run.smithi005.stdout:/usr/bin/ceph: stderr
2024-04-15T21:04:23.348+0000 7f083ad80700 1 -- 172.21.15.5:0/1143532329 >> [v2:172.21.15.5:3300/0,v1:172.21.15.5:6789/0] conn(0x7f0834105b10 msgr2=0x7f0834105f20 secure :-1 s=STATE_CONNECTION_ESTABLISHED l=1).mark_down
2024-04-15T21:04:24.212 INFO:teuthology.orchestra.run.smithi005.stdout:/usr/bin/ceph: stderr
2024-04-15T21:04:23.348+0000 7f083ad80700 1 --2- 172.21.15.5:0/1143532329 >> [v2:172.21.15.5:3300/0,v1:172.21.15.5:6789/0] conn(0x7f0834105b10 0x7f0834105f20 secure :-1 s=READY pgs=41 cs=0 l=1 rev1=1 crypto rx=0x7f08280098a0 tx=0x7f0828009bb0 comp rx=0 tx=0).stop
2024-04-15T21:04:24.212 INFO:teuthology.orchestra.run.smithi005.stdout:/usr/bin/ceph: stderr
2024-04-15T21:04:23.348+0000 7f083ad80700 1 -- 172.21.15.5:0/1143532329 shutdown_connections
2024-04-15T21:04:24.212 INFO:teuthology.orchestra.run.smithi005.stdout:/usr/bin/ceph: stderr
2024-04-15T21:04:23.348+0000 7f083ad80700 1 --2- 172.21.15.5:0/1143532329 >> [v2:172.21.15.5:3300/0,v1:172.21.15.5:6789/0] conn(0x7f0834105b10 0x7f0834105f20 unknown :-1 s=CLOSED pgs=41 cs=0 l=1 rev1=1 crypto rx=0 tx=0 comp rx=0 tx=0).stop
2024-04-15T21:04:24.212 INFO:teuthology.orchestra.run.smithi005.stdout:/usr/bin/ceph: stderr
2024-04-15T21:04:23.348+0000 7f083ad80700 1 -- 172.21.15.5:0/1143532329 >> 172.21.15.5:0/1143532329 conn(0x7f0834101180 msgr2=0x7f0834103590 unknown :-1 s=STATE_NONE l=0).mark_down
2024-04-15T21:04:24.212 INFO:teuthology.orchestra.run.smithi005.stdout:/usr/bin/ceph: stderr
2024-04-15T21:04:23.348+0000 7f083ad80700 1 -- 172.21.15.5:0/1143532329 shutdown_connections
2024-04-15T21:04:24.212 INFO:teuthology.orchestra.run.smithi005.stdout:/usr/bin/ceph: stderr
2024-04-15T21:04:23.348+0000 7f083ad80700 1 -- 172.21.15.5:0/1143532329 wait complete.
2024-04-15T21:04:24.212 INFO:teuthology.orchestra.run.smithi005.stdout:/usr/bin/ceph: stderr
2024-04-15T21:04:23.348+0000 7f083ad80700 1 Processor -- start
2024-04-15T21:04:24.212 INFO:teuthology.orchestra.run.smithi005.stdout:/usr/bin/ceph: stderr
2024-04-15T21:04:23.348+0000 7f083ad80700 1 -- start start
2024-04-15T21:04:24.212 INFO:teuthology.orchestra.run.smithi005.stdout:/usr/bin/ceph: stderr
2024-04-15T21:04:23.348+0000 7f083ad80700 1 --2- >> [v2:172.21.15.5:3300/0,v1:172.21.15.5:6789/0] conn(0x7f0834105b10 0x7f083407bc40 unknown :-1 s=NONE pgs=0 cs=0 l=1 rev1=0 crypto rx=0 tx=0 comp rx=0 tx=0).connect
2024-04-15T21:04:24.212 INFO:teuthology.orchestra.run.smithi005.stdout:/usr/bin/ceph: stderr
2024-04-15T21:04:23.348+0000 7f083ad80700 1 -- --> [v2:172.21.15.5:3300/0,v1:172.21.15.5:6789/0] -- mon_getmap magic: 0 v1 -- 0x7f083407c180 con 0x7f0834105b10
2024-04-15T21:04:24.213 INFO:teuthology.orchestra.run.smithi005.stdout:/usr/bin/ceph: stderr
