2024-04-15T21:04:30.596 INFO:teuthology.orchestra.run.smithi005.stdout:/usr/bin/ceph: stderr
2024-04-15T21:04:29.746+0000 7fa14e24e700 1 --2- >> [v2:172.21.15.5:3300/0,v1:172.21.15.5:6789/0] conn(0x7fa148104a10 0x7fa148199830 unknown :-1 s=HELLO_CONNECTING pgs=0 cs=0 l=1 rev1=1 crypto rx=0 tx=0 comp rx=0 tx=0).handle_hello peer v2:172.21.15.5:3300/0 says I am v2:172.21.15.5:46378/0 (socket says 172.21.15.5:46378)
2024-04-15T21:04:30.596 INFO:teuthology.orchestra.run.smithi005.stdout:/usr/bin/ceph: stderr
2024-04-15T21:04:29.746+0000 7fa14e24e700 1 -- 172.21.15.5:0/3487080264 learned_addr learned my addr 172.21.15.5:0/3487080264 (peer_addr_for_me v2:172.21.15.5:0/0)
2024-04-15T21:04:30.596 INFO:teuthology.orchestra.run.smithi005.stdout:/usr/bin/ceph: stderr
2024-04-15T21:04:29.746+0000 7fa14e24e700 1 -- 172.21.15.5:0/3487080264 --> [v2:172.21.15.5:3300/0,v1:172.21.15.5:6789/0] -- mon_subscribe({config=0+,monmap=0+}) v3 -- 0x7fa144009550 con 0x7fa148104a10
2024-04-15T21:04:30.596 INFO:teuthology.orchestra.run.smithi005.stdout:/usr/bin/ceph: stderr
2024-04-15T21:04:29.746+0000 7fa14e24e700 1 --2- 172.21.15.5:0/3487080264 >> [v2:172.21.15.5:3300/0,v1:172.21.15.5:6789/0] conn(0x7fa148104a10 0x7fa148199830 secure :-1 s=READY pgs=48 cs=0 l=1 rev1=1 crypto rx=0x7fa144000c00 tx=0x7fa144011ab0 comp rx=0 tx=0).ready entity=mon.0 client_cookie=0 server_cookie=0 in_seq=0 out_seq=0
2024-04-15T21:04:30.596 INFO:teuthology.orchestra.run.smithi005.stdout:/usr/bin/ceph: stderr
2024-04-15T21:04:29.746+0000 7fa13f7fe700 1 -- 172.21.15.5:0/3487080264 <== mon.0 v2:172.21.15.5:3300/0 1 ==== mon_map magic: 0 v1 ==== 229+0+0 (secure 0 0 0) 0x7fa144003b90 con 0x7fa148104a10
2024-04-15T21:04:30.596 INFO:teuthology.orchestra.run.smithi005.stdout:/usr/bin/ceph: stderr
2024-04-15T21:04:29.746+0000 7fa13f7fe700 1 -- 172.21.15.5:0/3487080264 <== mon.0 v2:172.21.15.5:3300/0 2 ==== config(27 keys) v1 ==== 1037+0+0 (secure 0 0 0) 0x7fa1440248b0 con 0x7fa148104a10
2024-04-15T21:04:30.596 INFO:teuthology.orchestra.run.smithi005.stdout:/usr/bin/ceph: stderr
2024-04-15T21:04:29.746+0000 7fa1504b2700 1 -- 172.21.15.5:0/3487080264 --> [v2:172.21.15.5:3300/0,v1:172.21.15.5:6789/0] -- mon_subscribe({mgrmap=0+}) v3 -- 0x7fa148199f70 con 0x7fa148104a10
2024-04-15T21:04:30.596 INFO:teuthology.orchestra.run.smithi005.stdout:/usr/bin/ceph: stderr
2024-04-15T21:04:29.746+0000 7fa13f7fe700 1 -- 172.21.15.5:0/3487080264 <== mon.0 v2:172.21.15.5:3300/0 3 ==== mon_map magic: 0 v1 ==== 229+0+0 (secure 0 0 0) 0x7fa14401a8e0 con 0x7fa148104a10
2024-04-15T21:04:30.596 INFO:teuthology.orchestra.run.smithi005.stdout:/usr/bin/ceph: stderr
2024-04-15T21:04:29.746+0000 7fa1504b2700 1 -- 172.21.15.5:0/3487080264 --> [v2:172.21.15.5:3300/0,v1:172.21.15.5:6789/0] -- mon_subscribe({osdmap=0}) v3 -- 0x7fa14819a390 con 0x7fa148104a10
2024-04-15T21:04:30.596 INFO:teuthology.orchestra.run.smithi005.stdout:/usr/bin/ceph: stderr
2024-04-15T21:04:29.747+0000 7fa13f7fe700 1 -- 172.21.15.5:0/3487080264 <== mon.0 v2:172.21.15.5:3300/0 4 ==== mgrmap(e 8) v1 ==== 45084+0+0 (secure 0 0 0) 0x7fa14401aba0 con 0x7fa148104a10
2024-04-15T21:04:30.596 INFO:teuthology.orchestra.run.smithi005.stdout:/usr/bin/ceph: stderr
2024-04-15T21:04:29.747+0000 7fa1504b2700 1 -- 172.21.15.5:0/3487080264 --> [v2:172.21.15.5:3300/0,v1:172.21.15.5:6789/0] -- mon_command({"prefix": "get_command_descriptions"} v 0) v1 -- 0x7fa148062380 con 0x7fa148104a10
2024-04-15T21:04:30.596 INFO:teuthology.orchestra.run.smithi005.stdout:/usr/bin/ceph: stderr
2024-04-15T21:04:29.747+0000 7fa13f7fe700 1 --2- 172.21.15.5:0/3487080264 >> [v2:172.21.15.5:6800/1481770566,v1:172.21.15.5:6801/1481770566] conn(0x7fa1340383f0 0x7fa13403a8a0 unknown :-1 s=NONE pgs=0 cs=0 l=1 rev1=0 crypto rx=0 tx=0 comp rx=0 tx=0).connect
2024-04-15T21:04:30.597 INFO:teuthology.orchestra.run.smithi005.stdout:/usr/bin/ceph: stderr
2024-04-15T21:04:29.747+0000 7fa13f7fe700 1 -- 172.21.15.5:0/3487080264 <== mon.0 v2:172.21.15.5:3300/0 5 ==== osd_map(2..2 src has 1..2) v4 ==== 940+0+0 (secure 0 0 0) 0x7fa14404c580 con 0x7fa148104a10
2024-04-15T21:04:30.597 INFO:teuthology.orchestra.run.smithi005.stdout:/usr/bin/ceph: stderr
2024-04-15T21:04:29.747+0000 7fa14da4d700 1 --2- 172.21.15.5:0/3487080264 >> [v2:172.21.15.5:6800/1481770566,v1:172.21.15.5:6801/1481770566] conn(0x7fa1340383f0 0x7fa13403a8a0 unknown :-1 s=BANNER_CONNECTING pgs=0 cs=0 l=1 rev1=0 crypto rx=0 tx=0 comp rx=0 tx=0)._handle_peer_banner_payload supported=3 required=0
2024-04-15T21:04:30.597 INFO:teuthology.orchestra.run.smithi005.stdout:/usr/bin/ceph: stderr
2024-04-15T21:04:29.748+0000 7fa14da4d700 1 --2- 172.21.15.5:0/3487080264 >> [v2:172.21.15.5:6800/1481770566,v1:172.21.15.5:6801/1481770566] conn(0x7fa1340383f0 0x7fa13403a8a0 secure :-1 s=READY pgs=12 cs=0 l=1 rev1=1 crypto rx=0x7fa138006fd0 tx=0x7fa138006e40 comp rx=0 tx=0).ready entity=mgr.14120 client_cookie=0 server_cookie=0 in_seq=0 out_seq=0
2024-04-15T21:04:30.597 INFO:teuthology.orchestra.run.smithi005.stdout:/usr/bin/ceph: stderr
2024-04-15T21:04:29.752+0000 7fa13f7fe700 1 -- 172.21.15.5:0/3487080264 <== mon.0 v2:172.21.15.5:3300/0 6 ==== mon_command_ack([{"prefix": "get_command_descriptions"}]=0 v0) v1 ==== 72+0+177933 (secure 0 0 0) 0x7fa1440189a0 con 0x7fa148104a10
2024-04-15T21:04:30.597 INFO:teuthology.orchestra.run.smithi005.stdout:/usr/bin/ceph: stderr
2024-04-15T21:04:29.976+0000 7fa1504b2700 1 -- 172.21.15.5:0/3487080264 --> [v2:172.21.15.5:6800/1481770566,v1:172.21.15.5:6801/1481770566] -- mgr_command(tid 0: {"prefix": "orch apply", "service_type": "mon", "target": ["mon-mgr", ""]}) v1 -- 0x7fa148102200 con 0x7fa1340383f0
2024-04-15T21:04:30.597 INFO:teuthology.orchestra.run.smithi005.stdout:/usr/bin/ceph: stderr
2024-04-15T21:04:29.981+0000 7fa13f7fe700 1 -- 172.21.15.5:0/3487080264 <== mgr.14120 v2:172.21.15.5:6800/1481770566 1 ==== mgr_command_reply(tid 0: 0 ) v1 ==== 8+0+24 (secure 0 0 0) 0x7fa148102200 con 0x7fa1340383f0
2024-04-15T21:04:30.597 INFO:teuthology.orchestra.run.smithi005.stdout:/usr/bin/ceph: stderr
2024-04-15T21:04:29.983+0000 7fa1504b2700 1 -- 172.21.15.5:0/3487080264 >> [v2:172.21.15.5:6800/1481770566,v1:172.21.15.5:6801/1481770566] conn(0x7fa1340383f0 msgr2=0x7fa13403a8a0 secure :-1 s=STATE_CONNECTION_ESTABLISHED l=1).mark_down
2024-04-15T21:04:30.597 INFO:teuthology.orchestra.run.smithi005.stdout:/usr/bin/ceph: stderr
2024-04-15T21:04:29.983+0000 7fa1504b2700 1 --2- 172.21.15.5:0/3487080264 >> [v2:172.21.15.5:6800/1481770566,v1:172.21.15.5:6801/1481770566] conn(0x7fa1340383f0 0x7fa13403a8a0 secure :-1 s=READY pgs=12 cs=0 l=1 rev1=1 crypto rx=0x7fa138006fd0 tx=0x7fa138006e40 comp rx=0 tx=0).stop
2024-04-15T21:04:30.597 INFO:teuthology.orchestra.run.smithi005.stdout:/usr/bin/ceph: stderr
2024-04-15T21:04:29.983+0000 7fa1504b2700 1 -- 172.21.15.5:0/3487080264 >> [v2:172.21.15.5:3300/0,v1:172.21.15.5:6789/0] conn(0x7fa148104a10 msgr2=0x7fa148199830 secure :-1 s=STATE_CONNECTION_ESTABLISHED l=1).mark_down
2024-04-15T21:04:30.597 INFO:teuthology.orchestra.run.smithi005.stdout:/usr/bin/ceph: stderr
2024-04-15T21:04:29.983+0000 7fa1504b2700 1 --2- 172.21.15.5:0/3487080264 >> [v2:172.21.15.5:3300/0,v1:172.21.15.5:6789/0] conn(0x7fa148104a10 0x7fa148199830 secure :-1 s=READY pgs=48 cs=0 l=1 rev1=1 crypto rx=0x7fa144000c00 tx=0x7fa144011ab0 comp rx=0 tx=0).stop
2024-04-15T21:04:30.597 INFO:teuthology.orchestra.run.smithi005.stdout:/usr/bin/ceph: stderr
2024-04-15T21:04:29.983+0000 7fa1504b2700 1 -- 172.21.15.5:0/3487080264 shutdown_connections
2024-04-15T21:04:30.597 INFO:teuthology.orchestra.run.smithi005.stdout:/usr/bin/ceph: stderr
2024-04-15T21:04:29.983+0000 7fa1504b2700 1 --2- 172.21.15.5:0/3487080264 >> [v2:172.21.15.5:6800/1481770566,v1:172.21.15.5:6801/1481770566] conn(0x7fa1340383f0 0x7fa13403a8a0 unknown :-1 s=CLOSED pgs=12 cs=0 l=1 rev1=1 crypto rx=0 tx=0 comp rx=0 tx=0).stop
2024-04-15T21:04:30.597 INFO:teuthology.orchestra.run.smithi005.stdout:/usr/bin/ceph: stderr
2024-04-15T21:04:29.983+0000 7fa1504b2700 1 --2- 172.21.15.5:0/3487080264 >> [v2:172.21.15.5:3300/0,v1:172.21.15.5:6789/0] conn(0x7fa148104a10 0x7fa148199830 unknown :-1 s=CLOSED pgs=48 cs=0 l=1 rev1=1 crypto rx=0 tx=0 comp rx=0 tx=0).stop
2024-04-15T21:04:30.598 INFO:teuthology.orchestra.run.smithi005.stdout:/usr/bin/ceph: stderr
2024-04-15T21:04:29.983+0000 7fa1504b2700 1 -- 172.21.15.5:0/3487080264 >> 172.21.15.5:0/3487080264 conn(0x7fa148100060 msgr2=0x7fa1480798f0 unknown :-1 s=STATE_NONE l=0).mark_down
2024-04-15T21:04:30.598 INFO:teuthology.orchestra.run.smithi005.stdout:/usr/bin/ceph: stderr
2024-04-15T21:04:29.983+0000 7fa1504b2700 1 -- 172.21.15.5:0/3487080264 shutdown_connections
2024-04-15T21:04:30.598 INFO:teuthology.orchestra.run.smithi005.stdout:/usr/bin/ceph: stderr
2024-04-15T21:04:29.983+0000 7fa1504b2700 1 -- 172.21.15.5:0/3487080264 wait complete.
2024-04-15T21:04:30.598 INFO:teuthology.orchestra.run.smithi005.stdout:Deploying mgr service with default placement...
2024-04-15T21:04:31.257 INFO:journalctl@ceph.mon.smithi005.smithi005.stdout:Apr 15 21:04:30 smithi005 ceph-mon[29313]: from='client.14142 -' entity='client.admin' cmd=[{"prefix": "orch apply", "service_type": "mon", "target": ["mon-mgr", ""]}]: dispatch
2024-04-15T21:04:31.257 INFO:journalctl@ceph.mon.smithi005.smithi005.stdout:Apr 15 21:04:30 smithi005 ceph-mon[29313]: Saving service mon spec with placement count:5
2024-04-15T21:04:31.257 INFO:journalctl@ceph.mon.smithi005.smithi005.stdout:Apr 15 21:04:30 smithi005 ceph-mon[29313]: from='mgr.14120 172.21.15.5:0/1352290591' entity='mgr.smithi005.asqlsh'
2024-04-15T21:04:32.430 INFO:teuthology.orchestra.run.smithi005.stdout:/usr/bin/ceph: stdout Scheduled mgr update...
2024-04-15T21:04:32.430 INFO:teuthology.orchestra.run.smithi005.stdout:/usr/bin/ceph: stderr
2024-04-15T21:04:31.368+0000 7f610eed6700 1 Processor -- start
2024-04-15T21:04:32.430 INFO:teuthology.orchestra.run.smithi005.stdout:/usr/bin/ceph: stderr
2024-04-15T21:04:31.368+0000 7f610eed6700 1 -- start start
2024-04-15T21:04:32.430 INFO:teuthology.orchestra.run.smithi005.stdout:/usr/bin/ceph: stderr
2024-04-15T21:04:31.369+0000 7f610eed6700 1 --2- >> [v2:172.21.15.5:3300/0,v1:172.21.15.5:6789/0] conn(0x7f6108105b10 0x7f6108105f20 unknown :-1 s=NONE pgs=0 cs=0 l=0 rev1=0 crypto rx=0 tx=0 comp rx=0 tx=0).connect
2024-04-15T21:04:32.430 INFO:teuthology.orchestra.run.smithi005.stdout:/usr/bin/ceph: stderr
2024-04-15T21:04:31.369+0000 7f610eed6700 1 -- --> [v2:172.21.15.5:3300/0,v1:172.21.15.5:6789/0] -- mon_getmap magic: 0 v1 -- 0x7f6108106460 con 0x7f6108105b10
2024-04-15T21:04:32.430 INFO:teuthology.orchestra.run.smithi005.stdout:/usr/bin/ceph: stderr
2024-04-15T21:04:31.369+0000 7f610cc72700 1 --2- >> [v2:172.21.15.5:3300/0,v1:172.21.15.5:6789/0] conn(0x7f6108105b10 0x7f6108105f20 unknown :-1 s=BANNER_CONNECTING pgs=0 cs=0 l=0 rev1=0 crypto rx=0 tx=0 comp rx=0 tx=0)._handle_peer_banner_payload supported=3 required=0
2024-04-15T21:04:32.430 INFO:teuthology.orchestra.run.smithi005.stdout:/usr/bin/ceph: stderr
2024-04-15T21:04:31.369+0000 7f610cc72700 1 --2- >> [v2:172.21.15.5:3300/0,v1:172.21.15.5:6789/0] conn(0x7f6108105b10 0x7f6108105f20 unknown :-1 s=HELLO_CONNECTING pgs=0 cs=0 l=0 rev1=1 crypto rx=0 tx=0 comp rx=0 tx=0).handle_hello peer v2:172.21.15.5:3300/0 says I am v2:172.21.15.5:46382/0 (socket says 172.21.15.5:46382)
2024-04-15T21:04:32.430 INFO:teuthology.orchestra.run.smithi005.stdout:/usr/bin/ceph: stderr
2024-04-15T21:04:31.369+0000 7f610cc72700 1 -- 172.21.15.5:0/115543166 learned_addr learned my addr 172.21.15.5:0/115543166 (peer_addr_for_me v2:172.21.15.5:0/0)
2024-04-15T21:04:32.430 INFO:teuthology.orchestra.run.smithi005.stdout:/usr/bin/ceph: stderr
2024-04-15T21:04:31.369+0000 7f610cc72700 1 -- 172.21.15.5:0/115543166 --> [v2:172.21.15.5:3300/0,v1:172.21.15.5:6789/0] -- mon_subscribe({config=0+,monmap=0+}) v3 -- 0x7f61081065a0 con 0x7f6108105b10
2024-04-15T21:04:32.431 INFO:teuthology.orchestra.run.smithi005.stdout:/usr/bin/ceph: stderr
2024-04-15T21:04:31.369+0000 7f610cc72700 1 --2- 172.21.15.5:0/115543166 >> [v2:172.21.15.5:3300/0,v1:172.21.15.5:6789/0] conn(0x7f6108105b10 0x7f6108105f20 secure :-1 s=READY pgs=49 cs=0 l=1 rev1=1 crypto rx=0x7f60fc0098a0 tx=0x7f60fc009bb0 comp rx=0 tx=0).ready entity=mon.0 client_cookie=e14642969265fc37 server_cookie=0 in_seq=0 out_seq=0
2024-04-15T21:04:32.431 INFO:teuthology.orchestra.run.smithi005.stdout:/usr/bin/ceph: stderr
2024-04-15T21:04:31.369+0000 7f61077fe700 1 -- 172.21.15.5:0/115543166 <== mon.0 v2:172.21.15.5:3300/0 1 ==== mon_map magic: 0 v1 ==== 229+0+0 (secure 0 0 0) 0x7f60fc004180 con 0x7f6108105b10
2024-04-15T21:04:32.431 INFO:teuthology.orchestra.run.smithi005.stdout:/usr/bin/ceph: stderr
2024-04-15T21:04:31.369+0000 7f61077fe700 1 -- 172.21.15.5:0/115543166 <== mon.0 v2:172.21.15.5:3300/0 2 ==== config(27 keys) v1 ==== 1037+0+0 (secure 0 0 0) 0x7f60fc0042e0 con 0x7f6108105b10
2024-04-15T21:04:32.431 INFO:teuthology.orchestra.run.smithi005.stdout:/usr/bin/ceph: stderr
2024-04-15T21:04:31.369+0000 7f61077fe700 1 -- 172.21.15.5:0/115543166 <== mon.0 v2:172.21.15.5:3300/0 3 ==== mon_map magic: 0 v1 ==== 229+0+0 (secure 0 0 0) 0x7f60fc011a50 con 0x7f6108105b10
2024-04-15T21:04:32.431 INFO:teuthology.orchestra.run.smithi005.stdout:/usr/bin/ceph: stderr
2024-04-15T21:04:31.370+0000 7f610eed6700 1 -- 172.21.15.5:0/115543166 >> [v2:172.21.15.5:3300/0,v1:172.21.15.5:6789/0] conn(0x7f6108105b10 msgr2=0x7f6108105f20 secure :-1 s=STATE_CONNECTION_ESTABLISHED l=1).mark_down
2024-04-15T21:04:32.431 INFO:teuthology.orchestra.run.smithi005.stdout:/usr/bin/ceph: stderr
2024-04-15T21:04:31.370+0000 7f610eed6700 1 --2- 172.21.15.5:0/115543166 >> [v2:172.21.15.5:3300/0,v1:172.21.15.5:6789/0] conn(0x7f6108105b10 0x7f6108105f20 secure :-1 s=READY pgs=49 cs=0 l=1 rev1=1 crypto rx=0x7f60fc0098a0 tx=0x7f60fc009bb0 comp rx=0 tx=0).stop
2024-04-15T21:04:32.431 INFO:teuthology.orchestra.run.smithi005.stdout:/usr/bin/ceph: stderr
2024-04-15T21:04:31.370+0000 7f610eed6700 1 -- 172.21.15.5:0/115543166 shutdown_connections
2024-04-15T21:04:32.431 INFO:teuthology.orchestra.run.smithi005.stdout:/usr/bin/ceph: stderr
2024-04-15T21:04:31.370+0000 7f610eed6700 1 --2- 172.21.15.5:0/115543166 >> [v2:172.21.15.5:3300/0,v1:172.21.15.5:6789/0] conn(0x7f6108105b10 0x7f6108105f20 unknown :-1 s=CLOSED pgs=49 cs=0 l=1 rev1=1 crypto rx=0 tx=0 comp rx=0 tx=0).stop
2024-04-15T21:04:32.431 INFO:teuthology.orchestra.run.smithi005.stdout:/usr/bin/ceph: stderr
2024-04-15T21:04:31.370+0000 7f610eed6700 1 -- 172.21.15.5:0/115543166 >> 172.21.15.5:0/115543166 conn(0x7f6108101160 msgr2=0x7f6108103590 unknown :-1 s=STATE_NONE l=0).mark_down
2024-04-15T21:04:32.431 INFO:teuthology.orchestra.run.smithi005.stdout:/usr/bin/ceph: stderr
2024-04-15T21:04:31.370+0000 7f610eed6700 1 -- 172.21.15.5:0/115543166 shutdown_connections
2024-04-15T21:04:32.431 INFO:teuthology.orchestra.run.smithi005.stdout:/usr/bin/ceph: stderr
2024-04-15T21:04:31.370+0000 7f610eed6700 1 -- 172.21.15.5:0/115543166 wait complete.
2024-04-15T21:04:32.431 INFO:teuthology.orchestra.run.smithi005.stdout:/usr/bin/ceph: stderr
2024-04-15T21:04:31.371+0000 7f610eed6700 1 Processor -- start
2024-04-15T21:04:32.431 INFO:teuthology.orchestra.run.smithi005.stdout:/usr/bin/ceph: stderr
2024-04-15T21:04:31.371+0000 7f610eed6700 1 -- start start
2024-04-15T21:04:32.431 INFO:teuthology.orchestra.run.smithi005.stdout:/usr/bin/ceph: stderr
2024-04-15T21:04:31.371+0000 7f610eed6700 1 --2- >> [v2:172.21.15.5:3300/0,v1:172.21.15.5:6789/0] conn(0x7f6108105b10 0x7f6108199830 unknown :-1 s=NONE pgs=0 cs=0 l=1 rev1=0 crypto rx=0 tx=0 comp rx=0 tx=0).connect
2024-04-15T21:04:32.432 INFO:teuthology.orchestra.run.smithi005.stdout:/usr/bin/ceph: stderr
2024-04-15T21:04:31.371+0000 7f610eed6700 1 -- --> [v2:172.21.15.5:3300/0,v1:172.21.15.5:6789/0] -- mon_getmap magic: 0 v1 -- 0x7f6108199d70 con 0x7f6108105b10
2024-04-15T21:04:32.432 INFO:teuthology.orchestra.run.smithi005.stdout:/usr/bin/ceph: stderr
2024-04-15T21:04:31.371+0000 7f610cc72700 1 --2- >> [v2:172.21.15.5:3300/0,v1:172.21.15.5:6789/0] conn(0x7f6108105b10 0x7f6108199830 unknown :-1 s=BANNER_CONNECTING pgs=0 cs=0 l=1 rev1=0 crypto rx=0 tx=0 comp rx=0 tx=0)._handle_peer_banner_payload supported=3 required=0
2024-04-15T21:04:32.432 INFO:teuthology.orchestra.run.smithi005.stdout:/usr/bin/ceph: stderr
2024-04-15T21:04:31.371+0000 7f610cc72700 1 --2- >> [v2:172.21.15.5:3300/0,v1:172.21.15.5:6789/0] conn(0x7f6108105b10 0x7f6108199830 unknown :-1 s=HELLO_CONNECTING pgs=0 cs=0 l=1 rev1=1 crypto rx=0 tx=0 comp rx=0 tx=0).handle_hello peer v2:172.21.15.5:3300/0 says I am v2:172.21.15.5:46394/0 (socket says 172.21.15.5:46394)
2024-04-15T21:04:32.432 INFO:teuthology.orchestra.run.smithi005.stdout:/usr/bin/ceph: stderr
2024-04-15T21:04:31.371+0000 7f610cc72700 1 -- 172.21.15.5:0/914187223 learned_addr learned my addr 172.21.15.5:0/914187223 (peer_addr_for_me v2:172.21.15.5:0/0)
2024-04-15T21:04:32.432 INFO:teuthology.orchestra.run.smithi005.stdout:/usr/bin/ceph: stderr
2024-04-15T21:04:31.371+0000 7f610cc72700 1 -- 172.21.15.5:0/914187223 --> [v2:172.21.15.5:3300/0,v1:172.21.15.5:6789/0] -- mon_subscribe({config=0+,monmap=0+}) v3 -- 0x7f60fc009550 con 0x7f6108105b10
2024-04-15T21:04:32.432 INFO:teuthology.orchestra.run.smithi005.stdout:/usr/bin/ceph: stderr
2024-04-15T21:04:31.371+0000 7f610cc72700 1 --2- 172.21.15.5:0/914187223 >> [v2:172.21.15.5:3300/0,v1:172.21.15.5:6789/0] conn(0x7f6108105b10 0x7f6108199830 secure :-1 s=READY pgs=50 cs=0 l=1 rev1=1 crypto rx=0x7f60fc000c00 tx=0x7f60fc011ab0 comp rx=0 tx=0).ready entity=mon.0 client_cookie=0 server_cookie=0 in_seq=0 out_seq=0
2024-04-15T21:04:32.432 INFO:teuthology.orchestra.run.smithi005.stdout:/usr/bin/ceph: stderr
2024-04-15T21:04:31.372+0000 7f6105ffb700 1 -- 172.21.15.5:0/914187223 <== mon.0 v2:172.21.15.5:3300/0 1 ==== mon_map magic: 0 v1 ==== 229+0+0 (secure 0 0 0) 0x7f60fc003b90 con 0x7f6108105b10
2024-04-15T21:04:32.432 INFO:teuthology.orchestra.run.smithi005.stdout:/usr/bin/ceph: stderr
2024-04-15T21:04:31.372+0000 7f6105ffb700 1 -- 172.21.15.5:0/914187223 <== mon.0 v2:172.21.15.5:3300/0 2 ==== config(27 keys) v1 ==== 1037+0+0 (secure 0 0 0) 0x7f60fc0248b0 con 0x7f6108105b10
2024-04-15T21:04:32.432 INFO:teuthology.orchestra.run.smithi005.stdout:/usr/bin/ceph: stderr
2024-04-15T21:04:31.372+0000 7f610eed6700 1 -- 172.21.15.5:0/914187223 --> [v2:172.21.15.5:3300/0,v1:172.21.15.5:6789/0] -- mon_subscribe({mgrmap=0+}) v3 -- 0x7f6108199f70 con 0x7f6108105b10
2024-04-15T21:04:32.432 INFO:teuthology.orchestra.run.smithi005.stdout:/usr/bin/ceph: stderr
2024-04-15T21:04:31.372+0000 7f6105ffb700 1 -- 172.21.15.5:0/914187223 <== mon.0 v2:172.21.15.5:3300/0 3 ==== mon_map magic: 0 v1 ==== 229+0+0 (secure 0 0 0) 0x7f60fc01a8e0 con 0x7f6108105b10
2024-04-15T21:04:32.432 INFO:teuthology.orchestra.run.smithi005.stdout:/usr/bin/ceph: stderr
2024-04-15T21:04:31.372+0000 7f610eed6700 1 -- 172.21.15.5:0/914187223 --> [v2:172.21.15.5:3300/0,v1:172.21.15.5:6789/0] -- mon_subscribe({osdmap=0}) v3 -- 0x7f610819a390 con 0x7f6108105b10
2024-04-15T21:04:32.432 INFO:teuthology.orchestra.run.smithi005.stdout:/usr/bin/ceph: stderr
2024-04-15T21:04:31.373+0000 7f6105ffb700 1 -- 172.21.15.5:0/914187223 <== mon.0 v2:172.21.15.5:3300/0 4 ==== mgrmap(e 8) v1 ==== 45084+0+0 (secure 0 0 0) 0x7f60fc024a20 con 0x7f6108105b10
2024-04-15T21:04:32.433 INFO:teuthology.orchestra.run.smithi005.stdout:/usr/bin/ceph: stderr
2024-04-15T21:04:31.373+0000 7f610eed6700 1 -- 172.21.15.5:0/914187223 --> [v2:172.21.15.5:3300/0,v1:172.21.15.5:6789/0] -- mon_command({"prefix": "get_command_descriptions"} v 0) v1 -- 0x7f6108062380 con 0x7f6108105b10
2024-04-15T21:04:32.433 INFO:teuthology.orchestra.run.smithi005.stdout:/usr/bin/ceph: stderr
2024-04-15T21:04:31.373+0000 7f6105ffb700 1 --2- 172.21.15.5:0/914187223 >> [v2:172.21.15.5:6800/1481770566,v1:172.21.15.5:6801/1481770566] conn(0x7f60f8038440 0x7f60f803a8f0 unknown :-1 s=NONE pgs=0 cs=0 l=1 rev1=0 crypto rx=0 tx=0 comp rx=0 tx=0).connect
2024-04-15T21:04:32.433 INFO:teuthology.orchestra.run.smithi005.stdout:/usr/bin/ceph: stderr
2024-04-15T21:04:31.373+0000 7f6105ffb700 1 -- 172.21.15.5:0/914187223 <== mon.0 v2:172.21.15.5:3300/0 5 ==== osd_map(2..2 src has 1..2) v4 ==== 940+0+0 (secure 0 0 0) 0x7f60fc04c4e0 con 0x7f6108105b10
2024-04-15T21:04:32.433 INFO:teuthology.orchestra.run.smithi005.stdout:/usr/bin/ceph: stderr
2024-04-15T21:04:31.373+0000 7f6107fff700 1 --2- 172.21.15.5:0/914187223 >> [v2:172.21.15.5:6800/1481770566,v1:172.21.15.5:6801/1481770566] conn(0x7f60f8038440 0x7f60f803a8f0 unknown :-1 s=BANNER_CONNECTING pgs=0 cs=0 l=1 rev1=0 crypto rx=0 tx=0 comp rx=0 tx=0)._handle_peer_banner_payload supported=3 required=0
2024-04-15T21:04:32.433 INFO:teuthology.orchestra.run.smithi005.stdout:/usr/bin/ceph: stderr
2024-04-15T21:04:31.373+0000 7f6107fff700 1 --2- 172.21.15.5:0/914187223 >> [v2:172.21.15.5:6800/1481770566,v1:172.21.15.5:6801/1481770566] conn(0x7f60f8038440 0x7f60f803a8f0 secure :-1 s=READY pgs=13 cs=0 l=1 rev1=1 crypto rx=0x7f60f4006fd0 tx=0x7f60f4006e40 comp rx=0 tx=0).ready entity=mgr.14120 client_cookie=0 server_cookie=0 in_seq=0 out_seq=0
2024-04-15T21:04:32.433 INFO:teuthology.orchestra.run.smithi005.stdout:/usr/bin/ceph: stderr
2024-04-15T21:04:31.378+0000 7f6105ffb700 1 -- 172.21.15.5:0/914187223 <== mon.0 v2:172.21.15.5:3300/0 6 ==== mon_command_ack([{"prefix": "get_command_descriptions"}]=0 v0) v1 ==== 72+0+177933 (secure 0 0 0) 0x7f60fc024db0 con 0x7f6108105b10
2024-04-15T21:04:32.433 INFO:teuthology.orchestra.run.smithi005.stdout:/usr/bin/ceph: stderr
2024-04-15T21:04:31.590+0000 7f610eed6700 1 -- 172.21.15.5:0/914187223 --> [v2:172.21.15.5:6800/1481770566,v1:172.21.15.5:6801/1481770566] -- mgr_command(tid 0: {"prefix": "orch apply", "service_type": "mgr", "target": ["mon-mgr", ""]}) v1 -- 0x7f6108102620 con 0x7f60f8038440
2024-04-15T21:04:32.433 INFO:teuthology.orchestra.run.smithi005.stdout:/usr/bin/ceph: stderr
2024-04-15T21:04:31.594+0000 7f6105ffb700 1 -- 172.21.15.5:0/914187223 <== mgr.14120 v2:172.21.15.5:6800/1481770566 1 ==== mgr_command_reply(tid 0: 0 ) v1 ==== 8+0+24 (secure 0 0 0) 0x7f6108102620 con 0x7f60f8038440
2024-04-15T21:04:32.433 INFO:teuthology.orchestra.run.smithi005.stdout:/usr/bin/ceph: stderr
2024-04-15T21:04:31.597+0000 7f610eed6700 1 -- 172.21.15.5:0/914187223 >> [v2:172.21.15.5:6800/1481770566,v1:172.21.15.5:6801/1481770566] conn(0x7f60f8038440 msgr2=0x7f60f803a8f0 secure :-1 s=STATE_CONNECTION_ESTABLISHED l=1).mark_down
2024-04-15T21:04:32.433 INFO:teuthology.orchestra.run.smithi005.stdout:/usr/bin/ceph: stderr
2024-04-15T21:04:31.597+0000 7f610eed6700 1 --2- 172.21.15.5:0/914187223 >> [v2:172.21.15.5:6800/1481770566,v1:172.21.15.5:6801/1481770566] conn(0x7f60f8038440 0x7f60f803a8f0 secure :-1 s=READY pgs=13 cs=0 l=1 rev1=1 crypto rx=0x7f60f4006fd0 tx=0x7f60f4006e40 comp rx=0 tx=0).stop
2024-04-15T21:04:32.433 INFO:teuthology.orchestra.run.smithi005.stdout:/usr/bin/ceph: stderr
2024-04-15T21:04:31.597+0000 7f610eed6700 1 -- 172.21.15.5:0/914187223 >> [v2:172.21.15.5:3300/0,v1:172.21.15.5:6789/0] conn(0x7f6108105b10 msgr2=0x7f6108199830 secure :-1 s=STATE_CONNECTION_ESTABLISHED l=1).mark_down
2024-04-15T21:04:32.433 INFO:teuthology.orchestra.run.smithi005.stdout:/usr/bin/ceph: stderr
2024-04-15T21:04:31.597+0000 7f610eed6700 1 --2- 172.21.15.5:0/914187223 >> [v2:172.21.15.5:3300/0,v1:172.21.15.5:6789/0] conn(0x7f6108105b10 0x7f6108199830 secure :-1 s=READY pgs=50 cs=0 l=1 rev1=1 crypto rx=0x7f60fc000c00 tx=0x7f60fc011ab0 comp rx=0 tx=0).stop
2024-04-15T21:04:32.433 INFO:teuthology.orchestra.run.smithi005.stdout:/usr/bin/ceph: stderr
2024-04-15T21:04:31.597+0000 7f610eed6700 1 -- 172.21.15.5:0/914187223 shutdown_connections
2024-04-15T21:04:32.433 INFO:teuthology.orchestra.run.smithi005.stdout:/usr/bin/ceph: stderr
2024-04-15T21:04:31.597+0000 7f610eed6700 1 --2- 172.21.15.5:0/914187223 >> [v2:172.21.15.5:6800/1481770566,v1:172.21.15.5:6801/1481770566] conn(0x7f60f8038440 0x7f60f803a8f0 unknown :-1 s=CLOSED pgs=13 cs=0 l=1 rev1=1 crypto rx=0 tx=0 comp rx=0 tx=0).stop
2024-04-15T21:04:32.434 INFO:teuthology.orchestra.run.smithi005.stdout:/usr/bin/ceph: stderr
2024-04-15T21:04:31.597+0000 7f610eed6700 1 --2- 172.21.15.5:0/914187223 >> [v2:172.21.15.5:3300/0,v1:172.21.15.5:6789/0] conn(0x7f6108105b10 0x7f6108199830 unknown :-1 s=CLOSED pgs=50 cs=0 l=1 rev1=1 crypto rx=0 tx=0 comp rx=0 tx=0).stop
2024-04-15T21:04:32.434 INFO:teuthology.orchestra.run.smithi005.stdout:/usr/bin/ceph: stderr
2024-04-15T21:04:31.597+0000 7f610eed6700 1 -- 172.21.15.5:0/914187223 >> 172.21.15.5:0/914187223 conn(0x7f6108101160 msgr2=0x7f6108101f10 unknown :-1 s=STATE_NONE l=0).mark_down
2024-04-15T21:04:32.434 INFO:teuthology.orchestra.run.smithi005.stdout:/usr/bin/ceph: stderr
2024-04-15T21:04:31.597+0000 7f610eed6700 1 -- 172.21.15.5:0/914187223 shutdown_connections
2024-04-15T21:04:32.434 INFO:teuthology.orchestra.run.smithi005.stdout:/usr/bin/ceph: stderr
2024-04-15T21:04:31.597+0000 7f610eed6700 1 -- 172.21.15.5:0/914187223 wait complete.
2024-04-15T21:04:32.434 INFO:teuthology.orchestra.run.smithi005.stdout:Deploying crash service with default placement...
2024-04-15T21:04:32.700 INFO:journalctl@ceph.mon.smithi005.smithi005.stdout:Apr 15 21:04:32 smithi005 ceph-mon[29313]: from='client.14144 -' entity='client.admin' cmd=[{"prefix": "orch apply", "service_type": "mgr", "target": ["mon-mgr", ""]}]: dispatch
2024-04-15T21:04:32.700 INFO:journalctl@ceph.mon.smithi005.smithi005.stdout:Apr 15 21:04:32 smithi005 ceph-mon[29313]: Saving service mgr spec with placement count:2
2024-04-15T21:04:32.700 INFO:journalctl@ceph.mon.smithi005.smithi005.stdout:Apr 15 21:04:32 smithi005 ceph-mon[29313]: from='mgr.14120 172.21.15.5:0/1352290591' entity='mgr.smithi005.asqlsh'
2024-04-15T21:04:32.700 INFO:journalctl@ceph.mon.smithi005.smithi005.stdout:Apr 15 21:04:32 smithi005 ceph-mon[29313]: from='mgr.14120 172.21.15.5:0/1352290591' entity='mgr.smithi005.asqlsh'
2024-04-15T21:04:33.628 INFO:teuthology.orchestra.run.smithi005.stdout:/usr/bin/ceph: stdout Scheduled crash update...
2024-04-15T21:04:33.628 INFO:teuthology.orchestra.run.smithi005.stdout:/usr/bin/ceph: stderr
2024-04-15T21:04:32.869+0000 7fcf0a9c4700 1 Processor -- start
2024-04-15T21:04:33.628 INFO:teuthology.orchestra.run.smithi005.stdout:/usr/bin/ceph: stderr
2024-04-15T21:04:32.869+0000 7fcf0a9c4700 1 -- start start
2024-04-15T21:04:33.628 INFO:teuthology.orchestra.run.smithi005.stdout:/usr/bin/ceph: stderr
2024-04-15T21:04:32.869+0000 7fcf0a9c4700 1 --2- >> [v2:172.21.15.5:3300/0,v1:172.21.15.5:6789/0] conn(0x7fcf04103e00 0x7fcf04104210 unknown :-1 s=NONE pgs=0 cs=0 l=0 rev1=0 crypto rx=0 tx=0 comp rx=0 tx=0).connect
2024-04-15T21:04:33.628 INFO:teuthology.orchestra.run.smithi005.stdout:/usr/bin/ceph: stderr
2024-04-15T21:04:32.869+0000 7fcf0a9c4700 1 -- --> [v2:172.21.15.5:3300/0,v1:172.21.15.5:6789/0] -- mon_getmap magic: 0 v1 -- 0x7fcf04104750 con 0x7fcf04103e00
2024-04-15T21:04:33.628 INFO:teuthology.orchestra.run.smithi005.stdout:/usr/bin/ceph: stderr
2024-04-15T21:04:32.869+0000 7fcf03fff700 1 --2- >> [v2:172.21.15.5:3300/0,v1:172.21.15.5:6789/0] conn(0x7fcf04103e00 0x7fcf04104210 unknown :-1 s=BANNER_CONNECTING pgs=0 cs=0 l=0 rev1=0 crypto rx=0 tx=0 comp rx=0 tx=0)._handle_peer_banner_payload supported=3 required=0
2024-04-15T21:04:33.629 INFO:teuthology.orchestra.run.smithi005.stdout:/usr/bin/ceph: stderr
2024-04-15T21:04:32.869+0000 7fcf03fff700 1 --2- >> [v2:172.21.15.5:3300/0,v1:172.21.15.5:6789/0] conn(0x7fcf04103e00 0x7fcf04104210 unknown :-1 s=HELLO_CONNECTING pgs=0 cs=0 l=0 rev1=1 crypto rx=0 tx=0 comp rx=0 tx=0).handle_hello peer v2:172.21.15.5:3300/0 says I am v2:172.21.15.5:46402/0 (socket says 172.21.15.5:46402)
2024-04-15T21:04:33.629 INFO:teuthology.orchestra.run.smithi005.stdout:/usr/bin/ceph: stderr
2024-04-15T21:04:32.869+0000 7fcf03fff700 1 -- 172.21.15.5:0/2501135037 learned_addr learned my addr 172.21.15.5:0/2501135037 (peer_addr_for_me v2:172.21.15.5:0/0)
2024-04-15T21:04:33.629 INFO:teuthology.orchestra.run.smithi005.stdout:/usr/bin/ceph: stderr
2024-04-15T21:04:32.870+0000 7fcf03fff700 1 -- 172.21.15.5:0/2501135037 --> [v2:172.21.15.5:3300/0,v1:172.21.15.5:6789/0] -- mon_subscribe({config=0+,monmap=0+}) v3 -- 0x7fcf04104890 con 0x7fcf04103e00
2024-04-15T21:04:33.629 INFO:teuthology.orchestra.run.smithi005.stdout:/usr/bin/ceph: stderr
2024-04-15T21:04:32.870+0000 7fcf03fff700 1 --2- 172.21.15.5:0/2501135037 >> [v2:172.21.15.5:3300/0,v1:172.21.15.5:6789/0] conn(0x7fcf04103e00 0x7fcf04104210 secure :-1 s=READY pgs=51 cs=0 l=1 rev1=1 crypto rx=0x7fcef40098a0 tx=0x7fcef4009bb0 comp rx=0 tx=0).ready entity=mon.0 client_cookie=8b207b46d67b51c7 server_cookie=0 in_seq=0 out_seq=0
2024-04-15T21:04:33.629 INFO:teuthology.orchestra.run.smithi005.stdout:/usr/bin/ceph: stderr
2024-04-15T21:04:32.870+0000 7fcf02ffd700 1 -- 172.21.15.5:0/2501135037 <== mon.0 v2:172.21.15.5:3300/0 1 ==== mon_map magic: 0 v1 ==== 229+0+0 (secure 0 0 0) 0x7fcef4004180 con 0x7fcf04103e00
2024-04-15T21:04:33.629 INFO:teuthology.orchestra.run.smithi005.stdout:/usr/bin/ceph: stderr
2024-04-15T21:04:32.870+0000 7fcf02ffd700 1 -- 172.21.15.5:0/2501135037 <== mon.0 v2:172.21.15.5:3300/0 2 ==== config(27 keys) v1 ==== 1101+0+0 (secure 0 0 0) 0x7fcef40042e0 con 0x7fcf04103e00
2024-04-15T21:04:33.629 INFO:teuthology.orchestra.run.smithi005.stdout:/usr/bin/ceph: stderr
2024-04-15T21:04:32.870+0000 7fcf02ffd700 1 -- 172.21.15.5:0/2501135037 <== mon.0 v2:172.21.15.5:3300/0 3 ==== mon_map magic: 0 v1 ==== 229+0+0 (secure 0 0 0) 0x7fcef4011af0 con 0x7fcf04103e00
2024-04-15T21:04:33.629 INFO:teuthology.orchestra.run.smithi005.stdout:/usr/bin/ceph: stderr
2024-04-15T21:04:32.870+0000 7fcf0a9c4700 1 -- 172.21.15.5:0/2501135037 >> [v2:172.21.15.5:3300/0,v1:172.21.15.5:6789/0] conn(0x7fcf04103e00 msgr2=0x7fcf04104210 secure :-1 s=STATE_CONNECTION_ESTABLISHED l=1).mark_down
2024-04-15T21:04:33.629 INFO:teuthology.orchestra.run.smithi005.stdout:/usr/bin/ceph: stderr
2024-04-15T21:04:32.870+0000 7fcf0a9c4700 1 --2- 172.21.15.5:0/2501135037 >> [v2:172.21.15.5:3300/0,v1:172.21.15.5:6789/0] conn(0x7fcf04103e00 0x7fcf04104210 secure :-1 s=READY pgs=51 cs=0 l=1 rev1=1 crypto rx=0x7fcef40098a0 tx=0x7fcef4009bb0 comp rx=0 tx=0).stop
2024-04-15T21:04:33.629 INFO:teuthology.orchestra.run.smithi005.stdout:/usr/bin/ceph: stderr
2024-04-15T21:04:32.870+0000 7fcf0a9c4700 1 -- 172.21.15.5:0/2501135037 shutdown_connections
2024-04-15T21:04:33.629 INFO:teuthology.orchestra.run.smithi005.stdout:/usr/bin/ceph: stderr
2024-04-15T21:04:32.870+0000 7fcf0a9c4700 1 --2- 172.21.15.5:0/2501135037 >> [v2:172.21.15.5:3300/0,v1:172.21.15.5:6789/0] conn(0x7fcf04103e00 0x7fcf04104210 unknown :-1 s=CLOSED pgs=51 cs=0 l=1 rev1=1 crypto rx=0 tx=0 comp rx=0 tx=0).stop
2024-04-15T21:04:33.629 INFO:teuthology.orchestra.run.smithi005.stdout:/usr/bin/ceph: stderr
2024-04-15T21:04:32.870+0000 7fcf0a9c4700 1 -- 172.21.15.5:0/2501135037 >> 172.21.15.5:0/2501135037 conn(0x7fcf040ff7e0 msgr2=0x7fcf04101c10 unknown :-1 s=STATE_NONE l=0).mark_down
2024-04-15T21:04:33.629 INFO:teuthology.orchestra.run.smithi005.stdout:/usr/bin/ceph: stderr
2024-04-15T21:04:32.871+0000 7fcf0a9c4700 1 -- 172.21.15.5:0/2501135037 shutdown_connections
2024-04-15T21:04:33.629 INFO:teuthology.orchestra.run.smithi005.stdout:/usr/bin/ceph: stderr
2024-04-15T21:04:32.871+0000 7fcf0a9c4700 1 -- 172.21.15.5:0/2501135037 wait complete.
2024-04-15T21:04:33.630 INFO:teuthology.orchestra.run.smithi005.stdout:/usr/bin/ceph: stderr
2024-04-15T21:04:32.871+0000 7fcf0a9c4700 1 Processor -- start
2024-04-15T21:04:33.630 INFO:teuthology.orchestra.run.smithi005.stdout:/usr/bin/ceph: stderr
2024-04-15T21:04:32.871+0000 7fcf0a9c4700 1 -- start start
2024-04-15T21:04:33.630 INFO:teuthology.orchestra.run.smithi005.stdout:/usr/bin/ceph: stderr
2024-04-15T21:04:32.872+0000 7fcf0a9c4700 1 --2- >> [v2:172.21.15.5:3300/0,v1:172.21.15.5:6789/0] conn(0x7fcf04103e00 0x7fcf04199890 unknown :-1 s=NONE pgs=0 cs=0 l=1 rev1=0 crypto rx=0 tx=0 comp rx=0 tx=0).connect
2024-04-15T21:04:33.630 INFO:teuthology.orchestra.run.smithi005.stdout:/usr/bin/ceph: stderr
2024-04-15T21:04:32.872+0000 7fcf0a9c4700 1 -- --> [v2:172.21.15.5:3300/0,v1:172.21.15.5:6789/0] -- mon_getmap magic: 0 v1 -- 0x7fcf04199dd0 con 0x7fcf04103e00
2024-04-15T21:04:33.630 INFO:teuthology.orchestra.run.smithi005.stdout:/usr/bin/ceph: stderr
2024-04-15T21:04:32.872+0000 7fcf03fff700 1 --2- >> [v2:172.21.15.5:3300/0,v1:172.21.15.5:6789/0] conn(0x7fcf04103e00 0x7fcf04199890 unknown :-1 s=BANNER_CONNECTING pgs=0 cs=0 l=1 rev1=0 crypto rx=0 tx=0 comp rx=0 tx=0)._handle_peer_banner_payload supported=3 required=0
2024-04-15T21:04:33.630 INFO:teuthology.orchestra.run.smithi005.stdout:/usr/bin/ceph: stderr
2024-04-15T21:04:32.872+0000 7fcf03fff700 1 --2- >> [v2:172.21.15.5:3300/0,v1:172.21.15.5:6789/0] conn(0x7fcf04103e00 0x7fcf04199890 unknown :-1 s=HELLO_CONNECTING pgs=0 cs=0 l=1 rev1=1 crypto rx=0 tx=0 comp rx=0 tx=0).handle_hello peer v2:172.21.15.5:3300/0 says I am v2:172.21.15.5:46416/0 (socket says 172.21.15.5:46416)
2024-04-15T21:04:33.630 INFO:teuthology.orchestra.run.smithi005.stdout:/usr/bin/ceph: stderr
2024-04-15T21:04:32.872+0000 7fcf03fff700 1 -- 172.21.15.5:0/2521173309 learned_addr learned my addr 172.21.15.5:0/2521173309 (peer_addr_for_me v2:172.21.15.5:0/0)
2024-04-15T21:04:33.630 INFO:teuthology.orchestra.run.smithi005.stdout:/usr/bin/ceph: stderr
2024-04-15T21:04:32.872+0000 7fcf03fff700 1 -- 172.21.15.5:0/2521173309 --> [v2:172.21.15.5:3300/0,v1:172.21.15.5:6789/0] -- mon_subscribe({config=0+,monmap=0+}) v3 -- 0x7fcef4009550 con 0x7fcf04103e00
2024-04-15T21:04:33.630 INFO:teuthology.orchestra.run.smithi005.stdout:/usr/bin/ceph: stderr
2024-04-15T21:04:32.872+0000 7fcf03fff700 1 --2- 172.21.15.5:0/2521173309 >> [v2:172.21.15.5:3300/0,v1:172.21.15.5:6789/0] conn(0x7fcf04103e00 0x7fcf04199890 secure :-1 s=READY pgs=52 cs=0 l=1 rev1=1 crypto rx=0x7fcef4000c00 tx=0x7fcef4011b50 comp rx=0 tx=0).ready entity=mon.0 client_cookie=0 server_cookie=0 in_seq=0 out_seq=0
2024-04-15T21:04:33.630 INFO:teuthology.orchestra.run.smithi005.stdout:/usr/bin/ceph: stderr
2024-04-15T21:04:32.872+0000 7fcf017fa700 1 -- 172.21.15.5:0/2521173309 <== mon.0 v2:172.21.15.5:3300/0 1 ==== mon_map magic: 0 v1 ==== 229+0+0 (secure 0 0 0) 0x7fcef4003a70 con 0x7fcf04103e00
2024-04-15T21:04:33.630 INFO:teuthology.orchestra.run.smithi005.stdout:/usr/bin/ceph: stderr
2024-04-15T21:04:32.872+0000 7fcf017fa700 1 -- 172.21.15.5:0/2521173309 <== mon.0 v2:172.21.15.5:3300/0 2 ==== config(27 keys) v1 ==== 1101+0+0 (secure 0 0 0) 0x7fcef4003bd0 con 0x7fcf04103e00
2024-04-15T21:04:33.630 INFO:teuthology.orchestra.run.smithi005.stdout:/usr/bin/ceph: stderr
2024-04-15T21:04:32.872+0000 7fcf0a9c4700 1 -- 172.21.15.5:0/2521173309 --> [v2:172.21.15.5:3300/0,v1:172.21.15.5:6789/0] -- mon_subscribe({mgrmap=0+}) v3 -- 0x7fcf04199fd0 con 0x7fcf04103e00
2024-04-15T21:04:33.630 INFO:teuthology.orchestra.run.smithi005.stdout:/usr/bin/ceph: stderr
2024-04-15T21:04:32.872+0000 7fcf017fa700 1 -- 172.21.15.5:0/2521173309 <== mon.0 v2:172.21.15.5:3300/0 3 ==== mon_map magic: 0 v1 ==== 229+0+0 (secure 0 0 0) 0x7fcef40238c0 con 0x7fcf04103e00
2024-04-15T21:04:33.631 INFO:teuthology.orchestra.run.smithi005.stdout:/usr/bin/ceph: stderr
2024-04-15T21:04:32.872+0000 7fcf0a9c4700 1 -- 172.21.15.5:0/2521173309 --> [v2:172.21.15.5:3300/0,v1:172.21.15.5:6789/0] -- mon_subscribe({osdmap=0}) v3 -- 0x7fcf0419a3f0 con 0x7fcf04103e00
2024-04-15T21:04:33.631 INFO:teuthology.orchestra.run.smithi005.stdout:/usr/bin/ceph: stderr
2024-04-15T21:04:32.873+0000 7fcf017fa700 1 -- 172.21.15.5:0/2521173309 <== mon.0 v2:172.21.15.5:3300/0 4 ==== mgrmap(e 8) v1 ==== 45084+0+0 (secure 0 0 0) 0x7fcef4023b30 con 0x7fcf04103e00
2024-04-15T21:04:33.631 INFO:teuthology.orchestra.run.smithi005.stdout:/usr/bin/ceph: stderr
2024-04-15T21:04:32.873+0000 7fcf0a9c4700 1 -- 172.21.15.5:0/2521173309 --> [v2:172.21.15.5:3300/0,v1:172.21.15.5:6789/0] -- mon_command({"prefix": "get_command_descriptions"} v 0) v1 -- 0x7fcf04062380 con 0x7fcf04103e00
2024-04-15T21:04:33.631 INFO:teuthology.orchestra.run.smithi005.stdout:/usr/bin/ceph: stderr
2024-04-15T21:04:32.873+0000 7fcf017fa700 1 --2- 172.21.15.5:0/2521173309 >> [v2:172.21.15.5:6800/1481770566,v1:172.21.15.5:6801/1481770566] conn(0x7fceec038440 0x7fceec03a8f0 unknown :-1 s=NONE pgs=0 cs=0 l=1 rev1=0 crypto rx=0 tx=0 comp rx=0 tx=0).connect
2024-04-15T21:04:33.631 INFO:teuthology.orchestra.run.smithi005.stdout:/usr/bin/ceph: stderr
2024-04-15T21:04:32.873+0000 7fcf017fa700 1 -- 172.21.15.5:0/2521173309 <== mon.0 v2:172.21.15.5:3300/0 5 ==== osd_map(2..2 src has 1..2) v4 ==== 940+0+0 (secure 0 0 0) 0x7fcef404c390 con 0x7fcf04103e00
2024-04-15T21:04:33.631 INFO:teuthology.orchestra.run.smithi005.stdout:/usr/bin/ceph: stderr
2024-04-15T21:04:32.873+0000 7fcf037fe700 1 --2- 172.21.15.5:0/2521173309 >> [v2:172.21.15.5:6800/1481770566,v1:172.21.15.5:6801/1481770566] conn(0x7fceec038440 0x7fceec03a8f0 unknown :-1 s=BANNER_CONNECTING pgs=0 cs=0 l=1 rev1=0 crypto rx=0 tx=0 comp rx=0 tx=0)._handle_peer_banner_payload supported=3 required=0
2024-04-15T21:04:33.631 INFO:teuthology.orchestra.run.smithi005.stdout:/usr/bin/ceph: stderr
2024-04-15T21:04:32.874+0000 7fcf037fe700 1 --2- 172.21.15.5:0/2521173309 >> [v2:172.21.15.5:6800/1481770566,v1:172.21.15.5:6801/1481770566] conn(0x7fceec038440 0x7fceec03a8f0 secure :-1 s=READY pgs=14 cs=0 l=1 rev1=1 crypto rx=0x7fcef8006fd0 tx=0x7fcef8006e40 comp rx=0 tx=0).ready entity=mgr.14120 client_cookie=0 server_cookie=0 in_seq=0 out_seq=0
2024-04-15T21:04:33.631 INFO:teuthology.orchestra.run.smithi005.stdout:/usr/bin/ceph: stderr
2024-04-15T21:04:32.878+0000 7fcf017fa700 1 -- 172.21.15.5:0/2521173309 <== mon.0 v2:172.21.15.5:3300/0 6 ==== mon_command_ack([{"prefix": "get_command_descriptions"}]=0 v0) v1 ==== 72+0+177933 (secure 0 0 0) 0x7fcef4010560 con 0x7fcf04103e00
2024-04-15T21:04:33.631 INFO:teuthology.orchestra.run.smithi005.stdout:/usr/bin/ceph: stderr
2024-04-15T21:04:33.092+0000 7fcf0a9c4700 1 -- 172.21.15.5:0/2521173309 --> [v2:172.21.15.5:6800/1481770566,v1:172.21.15.5:6801/1481770566] -- mgr_command(tid 0: {"prefix": "orch apply", "service_type": "crash", "target": ["mon-mgr", ""]}) v1 -- 0x7fcf04100cf0 con 0x7fceec038440
2024-04-15T21:04:33.631 INFO:teuthology.orchestra.run.smithi005.stdout:/usr/bin/ceph: stderr
2024-04-15T21:04:33.097+0000 7fcf017fa700 1 -- 172.21.15.5:0/2521173309 <== mgr.14120 v2:172.21.15.5:6800/1481770566 1 ==== mgr_command_reply(tid 0: 0 ) v1 ==== 8+0+26 (secure 0 0 0) 0x7fcf04100cf0 con 0x7fceec038440
2024-04-15T21:04:33.631 INFO:teuthology.orchestra.run.smithi005.stdout:/usr/bin/ceph: stderr
2024-04-15T21:04:33.099+0000 7fcf0a9c4700 1 -- 172.21.15.5:0/2521173309 >> [v2:172.21.15.5:6800/1481770566,v1:172.21.15.5:6801/1481770566] conn(0x7fceec038440 msgr2=0x7fceec03a8f0 secure :-1 s=STATE_CONNECTION_ESTABLISHED l=1).mark_down
2024-04-15T21:04:33.631 INFO:teuthology.orchestra.run.smithi005.stdout:/usr/bin/ceph: stderr
2024-04-15T21:04:33.099+0000 7fcf0a9c4700 1 --2- 172.21.15.5:0/2521173309 >> [v2:172.21.15.5:6800/1481770566,v1:172.21.15.5:6801/1481770566] conn(0x7fceec038440 0x7fceec03a8f0 secure :-1 s=READY pgs=14 cs=0 l=1 rev1=1 crypto rx=0x7fcef8006fd0 tx=0x7fcef8006e40 comp rx=0 tx=0).stop
2024-04-15T21:04:33.631 INFO:teuthology.orchestra.run.smithi005.stdout:/usr/bin/ceph: stderr
2024-04-15T21:04:33.099+0000 7fcf0a9c4700 1 -- 172.21.15.5:0/2521173309 >> [v2:172.21.15.5:3300/0,v1:172.21.15.5:6789/0] conn(0x7fcf04103e00 msgr2=0x7fcf04199890 secure :-1 s=STATE_CONNECTION_ESTABLISHED l=1).mark_down
2024-04-15T21:04:33.631 INFO:teuthology.orchestra.run.smithi005.stdout:/usr/bin/ceph: stderr
2024-04-15T21:04:33.099+0000 7fcf0a9c4700 1 --2- 172.21.15.5:0/2521173309 >> [v2:172.21.15.5:3300/0,v1:172.21.15.5:6789/0] conn(0x7fcf04103e00 0x7fcf04199890 secure :-1 s=READY pgs=52 cs=0 l=1 rev1=1 crypto rx=0x7fcef4000c00 tx=0x7fcef4011b50 comp rx=0 tx=0).stop
2024-04-15T21:04:33.631 INFO:teuthology.orchestra.run.smithi005.stdout:/usr/bin/ceph: stderr
2024-04-15T21:04:33.099+0000 7fcf0a9c4700 1 -- 172.21.15.5:0/2521173309 shutdown_connections
2024-04-15T21:04:33.632 INFO:teuthology.orchestra.run.smithi005.stdout:/usr/bin/ceph: stderr
2024-04-15T21:04:33.099+0000 7fcf0a9c4700 1 --2- 172.21.15.5:0/2521173309 >> [v2:172.21.15.5:6800/1481770566,v1:172.21.15.5:6801/1481770566] conn(0x7fceec038440 0x7fceec03a8f0 unknown :-1 s=CLOSED pgs=14 cs=0 l=1 rev1=1 crypto rx=0 tx=0 comp rx=0 tx=0).stop
2024-04-15T21:04:33.632 INFO:teuthology.orchestra.run.smithi005.stdout:/usr/bin/ceph: stderr
2024-04-15T21:04:33.099+0000 7fcf0a9c4700 1 --2- 172.21.15.5:0/2521173309 >> [v2:172.21.15.5:3300/0,v1:172.21.15.5:6789/0] conn(0x7fcf04103e00 0x7fcf04199890 unknown :-1 s=CLOSED pgs=52 cs=0 l=1 rev1=1 crypto rx=0 tx=0 comp rx=0 tx=0).stop
2024-04-15T21:04:33.632 INFO:teuthology.orchestra.run.smithi005.stdout:/usr/bin/ceph: stderr
2024-04-15T21:04:33.099+0000 7fcf0a9c4700 1 -- 172.21.15.5:0/2521173309 >> 172.21.15.5:0/2521173309 conn(0x7fcf040ff7e0 msgr2=0x7fcf041005e0 unknown :-1 s=STATE_NONE l=0).mark_down
2024-04-15T21:04:33.632 INFO:teuthology.orchestra.run.smithi005.stdout:/usr/bin/ceph: stderr
2024-04-15T21:04:33.099+0000 7fcf0a9c4700 1 -- 172.21.15.5:0/2521173309 shutdown_connections
2024-04-15T21:04:33.632 INFO:teuthology.orchestra.run.smithi005.stdout:/usr/bin/ceph: stderr
2024-04-15T21:04:33.099+0000 7fcf0a9c4700 1 -- 172.21.15.5:0/2521173309 wait complete.
2024-04-15T21:04:33.632 INFO:teuthology.orchestra.run.smithi005.stdout:Deploying ceph-exporter service with default placement...
2024-04-15T21:04:34.200 INFO:journalctl@ceph.mon.smithi005.smithi005.stdout:Apr 15 21:04:33 smithi005 ceph-mon[29313]: from='mgr.14120 172.21.15.5:0/1352290591' entity='mgr.smithi005.asqlsh'
2024-04-15T21:04:34.200 INFO:journalctl@ceph.mon.smithi005.smithi005.stdout:Apr 15 21:04:33 smithi005 ceph-mon[29313]: from='client.14146 -' entity='client.admin' cmd=[{"prefix": "orch apply", "service_type": "crash", "target": ["mon-mgr", ""]}]: dispatch
2024-04-15T21:04:34.200 INFO:journalctl@ceph.mon.smithi005.smithi005.stdout:Apr 15 21:04:33 smithi005 ceph-mon[29313]: Saving service crash spec with placement *
2024-04-15T21:04:34.200 INFO:journalctl@ceph.mon.smithi005.smithi005.stdout:Apr 15 21:04:33 smithi005 ceph-mon[29313]: from='mgr.14120 172.21.15.5:0/1352290591' entity='mgr.smithi005.asqlsh'
2024-04-15T21:04:35.388 INFO:teuthology.orchestra.run.smithi005.stdout:/usr/bin/ceph: stdout Scheduled ceph-exporter update...
2024-04-15T21:04:35.388 INFO:teuthology.orchestra.run.smithi005.stdout:/usr/bin/ceph: stderr
2024-04-15T21:04:34.026+0000 7fd075533700 1 Processor -- start
2024-04-15T21:04:35.388 INFO:teuthology.orchestra.run.smithi005.stdout:/usr/bin/ceph: stderr
2024-04-15T21:04:34.026+0000 7fd075533700 1 -- start start
2024-04-15T21:04:35.388 INFO:teuthology.orchestra.run.smithi005.stdout:/usr/bin/ceph: stderr
2024-04-15T21:04:34.026+0000 7fd075533700 1 --2- >> [v2:172.21.15.5:3300/0,v1:172.21.15.5:6789/0] conn(0x7fd070106680 0x7fd070108a60 unknown :-1 s=NONE pgs=0 cs=0 l=0 rev1=0 crypto rx=0 tx=0 comp rx=0 tx=0).connect
2024-04-15T21:04:35.388 INFO:teuthology.orchestra.run.smithi005.stdout:/usr/bin/ceph: stderr
2024-04-15T21:04:34.026+0000 7fd075533700 1 -- --> [v2:172.21.15.5:3300/0,v1:172.21.15.5:6789/0] -- mon_getmap magic: 0 v1 -- 0x7fd070079d10 con 0x7fd070106680
2024-04-15T21:04:35.389 INFO:teuthology.orchestra.run.smithi005.stdout:/usr/bin/ceph: stderr
2024-04-15T21:04:34.026+0000 7fd06effd700 1 --2- >> [v2:172.21.15.5:3300/0,v1:172.21.15.5:6789/0] conn(0x7fd070106680 0x7fd070108a60 unknown :-1 s=BANNER_CONNECTING pgs=0 cs=0 l=0 rev1=0 crypto rx=0 tx=0 comp rx=0 tx=0)._handle_peer_banner_payload supported=3 required=0
2024-04-15T21:04:35.389 INFO:teuthology.orchestra.run.smithi005.stdout:/usr/bin/ceph: stderr
2024-04-15T21:04:34.026+0000 7fd06effd700 1 --2- >> [v2:172.21.15.5:3300/0,v1:172.21.15.5:6789/0] conn(0x7fd070106680 0x7fd070108a60 unknown :-1 s=HELLO_CONNECTING pgs=0 cs=0 l=0 rev1=1 crypto rx=0 tx=0 comp rx=0 tx=0).handle_hello peer v2:172.21.15.5:3300/0 says I am v2:172.21.15.5:46430/0 (socket says 172.21.15.5:46430)
2024-04-15T21:04:35.389 INFO:teuthology.orchestra.run.smithi005.stdout:/usr/bin/ceph: stderr
2024-04-15T21:04:34.026+0000 7fd06effd700 1 -- 172.21.15.5:0/1214968955 learned_addr learned my addr 172.21.15.5:0/1214968955 (peer_addr_for_me v2:172.21.15.5:0/0)
2024-04-15T21:04:35.389 INFO:teuthology.orchestra.run.smithi005.stdout:/usr/bin/ceph: stderr
2024-04-15T21:04:34.026+0000 7fd06effd700 1 -- 172.21.15.5:0/1214968955 --> [v2:172.21.15.5:3300/0,v1:172.21.15.5:6789/0] -- mon_subscribe({config=0+,monmap=0+}) v3 -- 0x7fd070079e50 con 0x7fd070106680
2024-04-15T21:04:35.389 INFO:teuthology.orchestra.run.smithi005.stdout:/usr/bin/ceph: stderr
2024-04-15T21:04:34.026+0000 7fd06effd700 1 --2- 172.21.15.5:0/1214968955 >> [v2:172.21.15.5:3300/0,v1:172.21.15.5:6789/0] conn(0x7fd070106680 0x7fd070108a60 secure :-1 s=READY pgs=53 cs=0 l=1 rev1=1 crypto rx=0x7fd0600098a0 tx=0x7fd060009bb0 comp rx=0 tx=0).ready entity=mon.0 client_cookie=8340459f5436cf22 server_cookie=0 in_seq=0 out_seq=0
2024-04-15T21:04:35.389 INFO:teuthology.orchestra.run.smithi005.stdout:/usr/bin/ceph: stderr
2024-04-15T21:04:34.027+0000 7fd06dffb700 1 -- 172.21.15.5:0/1214968955 <== mon.0 v2:172.21.15.5:3300/0 1 ==== mon_map magic: 0 v1 ==== 229+0+0 (secure 0 0 0) 0x7fd060004180 con 0x7fd070106680
2024-04-15T21:04:35.389 INFO:teuthology.orchestra.run.smithi005.stdout:/usr/bin/ceph: stderr
2024-04-15T21:04:34.027+0000 7fd06dffb700 1 -- 172.21.15.5:0/1214968955 <== mon.0 v2:172.21.15.5:3300/0 2 ==== config(27 keys) v1 ==== 1101+0+0 (secure 0 0 0) 0x7fd0600042e0 con 0x7fd070106680
2024-04-15T21:04:35.389 INFO:teuthology.orchestra.run.smithi005.stdout:/usr/bin/ceph: stderr
2024-04-15T21:04:34.027+0000 7fd06dffb700 1 -- 172.21.15.5:0/1214968955 <== mon.0 v2:172.21.15.5:3300/0 3 ==== mon_map magic: 0 v1 ==== 229+0+0 (secure 0 0 0) 0x7fd060011af0 con 0x7fd070106680
2024-04-15T21:04:35.389 INFO:teuthology.orchestra.run.smithi005.stdout:/usr/bin/ceph: stderr
2024-04-15T21:04:34.027+0000 7fd075533700 1 -- 172.21.15.5:0/1214968955 >> [v2:172.21.15.5:3300/0,v1:172.21.15.5:6789/0] conn(0x7fd070106680 msgr2=0x7fd070108a60 secure :-1 s=STATE_CONNECTION_ESTABLISHED l=1).mark_down
2024-04-15T21:04:35.389 INFO:teuthology.orchestra.run.smithi005.stdout:/usr/bin/ceph: stderr
2024-04-15T21:04:34.027+0000 7fd075533700 1 --2- 172.21.15.5:0/1214968955 >> [v2:172.21.15.5:3300/0,v1:172.21.15.5:6789/0] conn(0x7fd070106680 0x7fd070108a60 secure :-1 s=READY pgs=53 cs=0 l=1 rev1=1 crypto rx=0x7fd0600098a0 tx=0x7fd060009bb0 comp rx=0 tx=0).stop
2024-04-15T21:04:35.389 INFO:teuthology.orchestra.run.smithi005.stdout:/usr/bin/ceph: stderr
2024-04-15T21:04:34.027+0000 7fd075533700 1 -- 172.21.15.5:0/1214968955 shutdown_connections
2024-04-15T21:04:35.389 INFO:teuthology.orchestra.run.smithi005.stdout:/usr/bin/ceph: stderr
2024-04-15T21:04:34.027+0000 7fd075533700 1 --2- 172.21.15.5:0/1214968955 >> [v2:172.21.15.5:3300/0,v1:172.21.15.5:6789/0] conn(0x7fd070106680 0x7fd070108a60 unknown :-1 s=CLOSED pgs=53 cs=0 l=1 rev1=1 crypto rx=0 tx=0 comp rx=0 tx=0).stop
2024-04-15T21:04:35.389 INFO:teuthology.orchestra.run.smithi005.stdout:/usr/bin/ceph: stderr
2024-04-15T21:04:34.027+0000 7fd075533700 1 -- 172.21.15.5:0/1214968955 >> 172.21.15.5:0/1214968955 conn(0x7fd070100060 msgr2=0x7fd070102490 unknown :-1 s=STATE_NONE l=0).mark_down
2024-04-15T21:04:35.389 INFO:teuthology.orchestra.run.smithi005.stdout:/usr/bin/ceph: stderr
2024-04-15T21:04:34.027+0000 7fd075533700 1 -- 172.21.15.5:0/1214968955 shutdown_connections
2024-04-15T21:04:35.389 INFO:teuthology.orchestra.run.smithi005.stdout:/usr/bin/ceph: stderr
2024-04-15T21:04:34.027+0000 7fd075533700 1 -- 172.21.15.5:0/1214968955 wait complete.
2024-04-15T21:04:35.390 INFO:teuthology.orchestra.run.smithi005.stdout:/usr/bin/ceph: stderr
2024-04-15T21:04:34.028+0000 7fd075533700 1 Processor -- start
2024-04-15T21:04:35.390 INFO:teuthology.orchestra.run.smithi005.stdout:/usr/bin/ceph: stderr
2024-04-15T21:04:34.028+0000 7fd075533700 1 -- start start
2024-04-15T21:04:35.390 INFO:teuthology.orchestra.run.smithi005.stdout:/usr/bin/ceph: stderr
2024-04-15T21:04:34.028+0000 7fd075533700 1 --2- >> [v2:172.21.15.5:3300/0,v1:172.21.15.5:6789/0] conn(0x7fd070106680 0x7fd070199890 unknown :-1 s=NONE pgs=0 cs=0 l=1 rev1=0 crypto rx=0 tx=0 comp rx=0 tx=0).connect
2024-04-15T21:04:35.390 INFO:teuthology.orchestra.run.smithi005.stdout:/usr/bin/ceph: stderr
2024-04-15T21:04:34.028+0000 7fd075533700 1 -- --> [v2:172.21.15.5:3300/0,v1:172.21.15.5:6789/0] -- mon_getmap magic: 0 v1 -- 0x7fd070199dd0 con 0x7fd070106680
2024-04-15T21:04:35.390 INFO:teuthology.orchestra.run.smithi005.stdout:/usr/bin/ceph: stderr
2024-04-15T21:04:34.028+0000 7fd06effd700 1 --2- >> [v2:172.21.15.5:3300/0,v1:172.21.15.5:6789/0] conn(0x7fd070106680 0x7fd070199890 unknown :-1 s=BANNER_CONNECTING pgs=0 cs=0 l=1 rev1=0 crypto rx=0 tx=0 comp rx=0 tx=0)._handle_peer_banner_payload supported=3 required=0
2024-04-15T21:04:35.390 INFO:teuthology.orchestra.run.smithi005.stdout:/usr/bin/ceph: stderr
2024-04-15T21:04:34.028+0000 7fd06effd700 1 --2- >> [v2:172.21.15.5:3300/0,v1:172.21.15.5:6789/0] conn(0x7fd070106680 0x7fd070199890 unknown :-1 s=HELLO_CONNECTING pgs=0 cs=0 l=1 rev1=1 crypto rx=0 tx=0 comp rx=0 tx=0).handle_hello peer v2:172.21.15.5:3300/0 says I am v2:172.21.15.5:46442/0 (socket says 172.21.15.5:46442)
2024-04-15T21:04:35.390 INFO:teuthology.orchestra.run.smithi005.stdout:/usr/bin/ceph: stderr
2024-04-15T21:04:34.028+0000 7fd06effd700 1 -- 172.21.15.5:0/211738522 learned_addr learned my addr 172.21.15.5:0/211738522 (peer_addr_for_me v2:172.21.15.5:0/0)
2024-04-15T21:04:35.390 INFO:teuthology.orchestra.run.smithi005.stdout:/usr/bin/ceph: stderr
2024-04-15T21:04:34.029+0000 7fd06effd700 1 -- 172.21.15.5:0/211738522 --> [v2:172.21.15.5:3300/0,v1:172.21.15.5:6789/0] -- mon_subscribe({config=0+,monmap=0+}) v3 -- 0x7fd060009550 con 0x7fd070106680
