2024-04-15T21:04:47.598+0000 7fc9b50dc700 1 -- 172.21.15.5:0/4106371176 learned_addr learned my addr 172.21.15.5:0/4106371176 (peer_addr_for_me v2:172.21.15.5:0/0)
2024-04-15T21:04:53.678 INFO:teuthology.orchestra.run.smithi005.stdout:/usr/bin/ceph: stderr
2024-04-15T21:04:47.598+0000 7fc9b50dc700 1 -- 172.21.15.5:0/4106371176 --> [v2:172.21.15.5:3300/0,v1:172.21.15.5:6789/0] -- mon_subscribe({config=0+,monmap=0+}) v3 -- 0x7fc9ac009550 con 0x7fc9b0106660
2024-04-15T21:04:53.678 INFO:teuthology.orchestra.run.smithi005.stdout:/usr/bin/ceph: stderr
2024-04-15T21:04:47.598+0000 7fc9b50dc700 1 --2- 172.21.15.5:0/4106371176 >> [v2:172.21.15.5:3300/0,v1:172.21.15.5:6789/0] conn(0x7fc9b0106660 0x7fc9b0199880 secure :-1 s=READY pgs=74 cs=0 l=1 rev1=1 crypto rx=0x7fc9ac006ba0 tx=0x7fc9ac011b50 comp rx=0 tx=0).ready entity=mon.0 client_cookie=0 server_cookie=0 in_seq=0 out_seq=0
2024-04-15T21:04:53.678 INFO:teuthology.orchestra.run.smithi005.stdout:/usr/bin/ceph: stderr
2024-04-15T21:04:47.599+0000 7fc9a67fc700 1 -- 172.21.15.5:0/4106371176 <== mon.0 v2:172.21.15.5:3300/0 1 ==== mon_map magic: 0 v1 ==== 229+0+0 (secure 0 0 0) 0x7fc9ac003b00 con 0x7fc9b0106660
2024-04-15T21:04:53.678 INFO:teuthology.orchestra.run.smithi005.stdout:/usr/bin/ceph: stderr
2024-04-15T21:04:47.599+0000 7fc9b7340700 1 -- 172.21.15.5:0/4106371176 --> [v2:172.21.15.5:3300/0,v1:172.21.15.5:6789/0] -- mon_subscribe({mgrmap=0+}) v3 -- 0x7fc9b0199fc0 con 0x7fc9b0106660
2024-04-15T21:04:53.678 INFO:teuthology.orchestra.run.smithi005.stdout:/usr/bin/ceph: stderr
2024-04-15T21:04:47.599+0000 7fc9a67fc700 1 -- 172.21.15.5:0/4106371176 <== mon.0 v2:172.21.15.5:3300/0 2 ==== config(27 keys) v1 ==== 1101+0+0 (secure 0 0 0) 0x7fc9ac01a8e0 con 0x7fc9b0106660
2024-04-15T21:04:53.678 INFO:teuthology.orchestra.run.smithi005.stdout:/usr/bin/ceph: stderr
2024-04-15T21:04:47.599+0000 7fc9a67fc700 1 -- 172.21.15.5:0/4106371176 <== mon.0 v2:172.21.15.5:3300/0 3 ==== mon_map magic: 0 v1 ==== 229+0+0 (secure 0 0 0) 0x7fc9ac019990 con 0x7fc9b0106660
2024-04-15T21:04:53.678 INFO:teuthology.orchestra.run.smithi005.stdout:/usr/bin/ceph: stderr
2024-04-15T21:04:47.599+0000 7fc9b7340700 1 -- 172.21.15.5:0/4106371176 --> [v2:172.21.15.5:3300/0,v1:172.21.15.5:6789/0] -- mon_subscribe({osdmap=0}) v3 -- 0x7fc9b019a3e0 con 0x7fc9b0106660
2024-04-15T21:04:53.678 INFO:teuthology.orchestra.run.smithi005.stdout:/usr/bin/ceph: stderr
2024-04-15T21:04:47.600+0000 7fc9a67fc700 1 -- 172.21.15.5:0/4106371176 <== mon.0 v2:172.21.15.5:3300/0 4 ==== mgrmap(e 9) v1 ==== 45097+0+0 (secure 0 0 0) 0x7fc9ac019c50 con 0x7fc9b0106660
2024-04-15T21:04:53.678 INFO:teuthology.orchestra.run.smithi005.stdout:/usr/bin/ceph: stderr
2024-04-15T21:04:47.600+0000 7fc9a67fc700 1 --2- 172.21.15.5:0/4106371176 >> [v2:172.21.15.5:6800/1481770566,v1:172.21.15.5:6801/1481770566] conn(0x7fc99c0383f0 0x7fc99c03a8a0 unknown :-1 s=NONE pgs=0 cs=0 l=1 rev1=0 crypto rx=0 tx=0 comp rx=0 tx=0).connect
2024-04-15T21:04:53.678 INFO:teuthology.orchestra.run.smithi005.stdout:/usr/bin/ceph: stderr
2024-04-15T21:04:47.600+0000 7fc9b7340700 1 -- 172.21.15.5:0/4106371176 --> [v2:172.21.15.5:6800/1481770566,v1:172.21.15.5:6801/1481770566] -- command(tid 0: {"prefix": "get_command_descriptions"}) v1 -- 0x7fc9b0062380 con 0x7fc99c0383f0
2024-04-15T21:04:53.678 INFO:teuthology.orchestra.run.smithi005.stdout:/usr/bin/ceph: stderr
2024-04-15T21:04:47.600+0000 7fc9a67fc700 1 -- 172.21.15.5:0/4106371176 <== mon.0 v2:172.21.15.5:3300/0 5 ==== osd_map(2..2 src has 1..2) v4 ==== 940+0+0 (secure 0 0 0) 0x7fc9ac04c8d0 con 0x7fc9b0106660
2024-04-15T21:04:53.679 INFO:teuthology.orchestra.run.smithi005.stdout:/usr/bin/ceph: stderr
2024-04-15T21:04:47.600+0000 7fc9b48db700 1 -- 172.21.15.5:0/4106371176 >> [v2:172.21.15.5:6800/1481770566,v1:172.21.15.5:6801/1481770566] conn(0x7fc99c0383f0 msgr2=0x7fc99c03a8a0 unknown :-1 s=STATE_CONNECTING_RE l=1).process reconnect failed to v2:172.21.15.5:6800/1481770566
2024-04-15T21:04:53.679 INFO:teuthology.orchestra.run.smithi005.stdout:/usr/bin/ceph: stderr
2024-04-15T21:04:47.600+0000 7fc9b48db700 1 --2- 172.21.15.5:0/4106371176 >> [v2:172.21.15.5:6800/1481770566,v1:172.21.15.5:6801/1481770566] conn(0x7fc99c0383f0 0x7fc99c03a8a0 unknown :-1 s=START_CONNECT pgs=0 cs=0 l=1 rev1=0 crypto rx=0 tx=0 comp rx=0 tx=0)._fault waiting 0.200000
2024-04-15T21:04:53.679 INFO:teuthology.orchestra.run.smithi005.stdout:/usr/bin/ceph: stderr
2024-04-15T21:04:47.801+0000 7fc9b48db700 1 -- 172.21.15.5:0/4106371176 >> [v2:172.21.15.5:6800/1481770566,v1:172.21.15.5:6801/1481770566] conn(0x7fc99c0383f0 msgr2=0x7fc99c03a8a0 unknown :-1 s=STATE_CONNECTING_RE l=1).process reconnect failed to v2:172.21.15.5:6800/1481770566
2024-04-15T21:04:53.679 INFO:teuthology.orchestra.run.smithi005.stdout:/usr/bin/ceph: stderr
2024-04-15T21:04:47.801+0000 7fc9b48db700 1 --2- 172.21.15.5:0/4106371176 >> [v2:172.21.15.5:6800/1481770566,v1:172.21.15.5:6801/1481770566] conn(0x7fc99c0383f0 0x7fc99c03a8a0 unknown :-1 s=START_CONNECT pgs=0 cs=0 l=1 rev1=0 crypto rx=0 tx=0 comp rx=0 tx=0)._fault waiting 0.400000
2024-04-15T21:04:53.679 INFO:teuthology.orchestra.run.smithi005.stdout:/usr/bin/ceph: stderr
2024-04-15T21:04:48.202+0000 7fc9b48db700 1 -- 172.21.15.5:0/4106371176 >> [v2:172.21.15.5:6800/1481770566,v1:172.21.15.5:6801/1481770566] conn(0x7fc99c0383f0 msgr2=0x7fc99c03a8a0 unknown :-1 s=STATE_CONNECTING_RE l=1).process reconnect failed to v2:172.21.15.5:6800/1481770566
2024-04-15T21:04:53.679 INFO:teuthology.orchestra.run.smithi005.stdout:/usr/bin/ceph: stderr
2024-04-15T21:04:48.202+0000 7fc9b48db700 1 --2- 172.21.15.5:0/4106371176 >> [v2:172.21.15.5:6800/1481770566,v1:172.21.15.5:6801/1481770566] conn(0x7fc99c0383f0 0x7fc99c03a8a0 unknown :-1 s=START_CONNECT pgs=0 cs=0 l=1 rev1=0 crypto rx=0 tx=0 comp rx=0 tx=0)._fault waiting 0.800000
2024-04-15T21:04:53.679 INFO:teuthology.orchestra.run.smithi005.stdout:/usr/bin/ceph: stderr
2024-04-15T21:04:49.003+0000 7fc9b48db700 1 -- 172.21.15.5:0/4106371176 >> [v2:172.21.15.5:6800/1481770566,v1:172.21.15.5:6801/1481770566] conn(0x7fc99c0383f0 msgr2=0x7fc99c03a8a0 unknown :-1 s=STATE_CONNECTING_RE l=1).process reconnect failed to v2:172.21.15.5:6800/1481770566
2024-04-15T21:04:53.679 INFO:teuthology.orchestra.run.smithi005.stdout:/usr/bin/ceph: stderr
2024-04-15T21:04:49.003+0000 7fc9b48db700 1 --2- 172.21.15.5:0/4106371176 >> [v2:172.21.15.5:6800/1481770566,v1:172.21.15.5:6801/1481770566] conn(0x7fc99c0383f0 0x7fc99c03a8a0 unknown :-1 s=START_CONNECT pgs=0 cs=0 l=1 rev1=0 crypto rx=0 tx=0 comp rx=0 tx=0)._fault waiting 1.600000
2024-04-15T21:04:53.679 INFO:teuthology.orchestra.run.smithi005.stdout:/usr/bin/ceph: stderr
2024-04-15T21:04:50.604+0000 7fc9b48db700 1 -- 172.21.15.5:0/4106371176 >> [v2:172.21.15.5:6800/1481770566,v1:172.21.15.5:6801/1481770566] conn(0x7fc99c0383f0 msgr2=0x7fc99c03a8a0 unknown :-1 s=STATE_CONNECTING_RE l=1).process reconnect failed to v2:172.21.15.5:6800/1481770566
2024-04-15T21:04:53.679 INFO:teuthology.orchestra.run.smithi005.stdout:/usr/bin/ceph: stderr
2024-04-15T21:04:50.604+0000 7fc9b48db700 1 --2- 172.21.15.5:0/4106371176 >> [v2:172.21.15.5:6800/1481770566,v1:172.21.15.5:6801/1481770566] conn(0x7fc99c0383f0 0x7fc99c03a8a0 unknown :-1 s=START_CONNECT pgs=0 cs=0 l=1 rev1=0 crypto rx=0 tx=0 comp rx=0 tx=0)._fault waiting 3.200000
2024-04-15T21:04:53.679 INFO:teuthology.orchestra.run.smithi005.stdout:/usr/bin/ceph: stderr
2024-04-15T21:04:52.036+0000 7fc9a67fc700 1 -- 172.21.15.5:0/4106371176 <== mon.0 v2:172.21.15.5:3300/0 6 ==== mgrmap(e 10) v1 ==== 44864+0+0 (secure 0 0 0) 0x7fc9ac02c3a0 con 0x7fc9b0106660
2024-04-15T21:04:53.679 INFO:teuthology.orchestra.run.smithi005.stdout:/usr/bin/ceph: stderr
2024-04-15T21:04:52.037+0000 7fc9a67fc700 1 -- 172.21.15.5:0/4106371176 >> [v2:172.21.15.5:6800/1481770566,v1:172.21.15.5:6801/1481770566] conn(0x7fc99c0383f0 msgr2=0x7fc99c03a8a0 unknown :-1 s=STATE_CONNECTING l=1).mark_down
2024-04-15T21:04:53.679 INFO:teuthology.orchestra.run.smithi005.stdout:/usr/bin/ceph: stderr
2024-04-15T21:04:52.037+0000 7fc9a67fc700 1 --2- 172.21.15.5:0/4106371176 >> [v2:172.21.15.5:6800/1481770566,v1:172.21.15.5:6801/1481770566] conn(0x7fc99c0383f0 0x7fc99c03a8a0 unknown :-1 s=START_CONNECT pgs=0 cs=0 l=1 rev1=0 crypto rx=0 tx=0 comp rx=0 tx=0).stop
2024-04-15T21:04:53.679 INFO:teuthology.orchestra.run.smithi005.stdout:/usr/bin/ceph: stderr
2024-04-15T21:04:53.038+0000 7fc9a67fc700 1 -- 172.21.15.5:0/4106371176 <== mon.0 v2:172.21.15.5:3300/0 7 ==== mgrmap(e 11) v1 ==== 44991+0+0 (secure 0 0 0) 0x7fc9ac018350 con 0x7fc9b0106660
2024-04-15T21:04:53.680 INFO:teuthology.orchestra.run.smithi005.stdout:/usr/bin/ceph: stderr
2024-04-15T21:04:53.038+0000 7fc9a67fc700 1 --2- 172.21.15.5:0/4106371176 >> [v2:172.21.15.5:6800/314652876,v1:172.21.15.5:6801/314652876] conn(0x7fc99c03bca0 0x7fc99c03e080 unknown :-1 s=NONE pgs=0 cs=0 l=1 rev1=0 crypto rx=0 tx=0 comp rx=0 tx=0).connect
2024-04-15T21:04:53.680 INFO:teuthology.orchestra.run.smithi005.stdout:/usr/bin/ceph: stderr
2024-04-15T21:04:53.038+0000 7fc9a67fc700 1 -- 172.21.15.5:0/4106371176 --> [v2:172.21.15.5:6800/314652876,v1:172.21.15.5:6801/314652876] -- command(tid 0: {"prefix": "get_command_descriptions"}) v1 -- 0x7fc9b0062380 con 0x7fc99c03bca0
2024-04-15T21:04:53.680 INFO:teuthology.orchestra.run.smithi005.stdout:/usr/bin/ceph: stderr
2024-04-15T21:04:53.038+0000 7fc9b48db700 1 --2- 172.21.15.5:0/4106371176 >> [v2:172.21.15.5:6800/314652876,v1:172.21.15.5:6801/314652876] conn(0x7fc99c03bca0 0x7fc99c03e080 unknown :-1 s=BANNER_CONNECTING pgs=0 cs=0 l=1 rev1=0 crypto rx=0 tx=0 comp rx=0 tx=0)._handle_peer_banner_payload supported=3 required=0
2024-04-15T21:04:53.680 INFO:teuthology.orchestra.run.smithi005.stdout:/usr/bin/ceph: stderr
2024-04-15T21:04:53.039+0000 7fc9b48db700 1 --2- 172.21.15.5:0/4106371176 >> [v2:172.21.15.5:6800/314652876,v1:172.21.15.5:6801/314652876] conn(0x7fc99c03bca0 0x7fc99c03e080 secure :-1 s=READY pgs=1 cs=0 l=1 rev1=1 crypto rx=0x7fc9a0003a10 tx=0x7fc9a00092b0 comp rx=0 tx=0).ready entity=mgr.14164 client_cookie=0 server_cookie=0 in_seq=0 out_seq=0
2024-04-15T21:04:53.680 INFO:teuthology.orchestra.run.smithi005.stdout:/usr/bin/ceph: stderr
2024-04-15T21:04:53.040+0000 7fc9a67fc700 1 -- 172.21.15.5:0/4106371176 <== mgr.14164 v2:172.21.15.5:6800/314652876 1 ==== command_reply(tid 0: 0 ) v1 ==== 8+0+6910 (secure 0 0 0) 0x7fc9b0062380 con 0x7fc99c03bca0
2024-04-15T21:04:53.680 INFO:teuthology.orchestra.run.smithi005.stdout:/usr/bin/ceph: stderr
2024-04-15T21:04:53.046+0000 7fc9b7340700 1 -- 172.21.15.5:0/4106371176 --> [v2:172.21.15.5:6800/314652876,v1:172.21.15.5:6801/314652876] -- command(tid 1: {"prefix": "mgr_status"}) v1 -- 0x7fc9b019abc0 con 0x7fc99c03bca0
2024-04-15T21:04:53.680 INFO:teuthology.orchestra.run.smithi005.stdout:/usr/bin/ceph: stderr
2024-04-15T21:04:53.047+0000 7fc9a67fc700 1 -- 172.21.15.5:0/4106371176 <== mgr.14164 v2:172.21.15.5:6800/314652876 2 ==== command_reply(tid 1: 0 ) v1 ==== 8+0+52 (secure 0 0 0) 0x7fc9b019abc0 con 0x7fc99c03bca0
2024-04-15T21:04:53.680 INFO:teuthology.orchestra.run.smithi005.stdout:/usr/bin/ceph: stderr
2024-04-15T21:04:53.047+0000 7fc9b7340700 1 -- 172.21.15.5:0/4106371176 >> [v2:172.21.15.5:6800/314652876,v1:172.21.15.5:6801/314652876] conn(0x7fc99c03bca0 msgr2=0x7fc99c03e080 secure :-1 s=STATE_CONNECTION_ESTABLISHED l=1).mark_down
2024-04-15T21:04:53.680 INFO:teuthology.orchestra.run.smithi005.stdout:/usr/bin/ceph: stderr
2024-04-15T21:04:53.047+0000 7fc9b7340700 1 --2- 172.21.15.5:0/4106371176 >> [v2:172.21.15.5:6800/314652876,v1:172.21.15.5:6801/314652876] conn(0x7fc99c03bca0 0x7fc99c03e080 secure :-1 s=READY pgs=1 cs=0 l=1 rev1=1 crypto rx=0x7fc9a0003a10 tx=0x7fc9a00092b0 comp rx=0 tx=0).stop
2024-04-15T21:04:53.680 INFO:teuthology.orchestra.run.smithi005.stdout:/usr/bin/ceph: stderr
2024-04-15T21:04:53.047+0000 7fc9b7340700 1 -- 172.21.15.5:0/4106371176 >> [v2:172.21.15.5:3300/0,v1:172.21.15.5:6789/0] conn(0x7fc9b0106660 msgr2=0x7fc9b0199880 secure :-1 s=STATE_CONNECTION_ESTABLISHED l=1).mark_down
2024-04-15T21:04:53.680 INFO:teuthology.orchestra.run.smithi005.stdout:/usr/bin/ceph: stderr
2024-04-15T21:04:53.047+0000 7fc9b7340700 1 --2- 172.21.15.5:0/4106371176 >> [v2:172.21.15.5:3300/0,v1:172.21.15.5:6789/0] conn(0x7fc9b0106660 0x7fc9b0199880 secure :-1 s=READY pgs=74 cs=0 l=1 rev1=1 crypto rx=0x7fc9ac006ba0 tx=0x7fc9ac011b50 comp rx=0 tx=0).stop
2024-04-15T21:04:53.680 INFO:teuthology.orchestra.run.smithi005.stdout:/usr/bin/ceph: stderr
2024-04-15T21:04:53.047+0000 7fc9b7340700 1 -- 172.21.15.5:0/4106371176 shutdown_connections
2024-04-15T21:04:53.680 INFO:teuthology.orchestra.run.smithi005.stdout:/usr/bin/ceph: stderr
2024-04-15T21:04:53.047+0000 7fc9b7340700 1 --2- 172.21.15.5:0/4106371176 >> [v2:172.21.15.5:6800/314652876,v1:172.21.15.5:6801/314652876] conn(0x7fc99c03bca0 0x7fc99c03e080 unknown :-1 s=CLOSED pgs=1 cs=0 l=1 rev1=1 crypto rx=0 tx=0 comp rx=0 tx=0).stop
2024-04-15T21:04:53.680 INFO:teuthology.orchestra.run.smithi005.stdout:/usr/bin/ceph: stderr
2024-04-15T21:04:53.047+0000 7fc9b7340700 1 --2- 172.21.15.5:0/4106371176 >> [v2:172.21.15.5:3300/0,v1:172.21.15.5:6789/0] conn(0x7fc9b0106660 0x7fc9b0199880 unknown :-1 s=CLOSED pgs=74 cs=0 l=1 rev1=1 crypto rx=0 tx=0 comp rx=0 tx=0).stop
2024-04-15T21:04:53.681 INFO:teuthology.orchestra.run.smithi005.stdout:/usr/bin/ceph: stderr
2024-04-15T21:04:53.047+0000 7fc9b7340700 1 --2- 172.21.15.5:0/4106371176 >> [v2:172.21.15.5:6800/1481770566,v1:172.21.15.5:6801/1481770566] conn(0x7fc99c0383f0 0x7fc99c03a8a0 unknown :-1 s=CLOSED pgs=0 cs=0 l=1 rev1=0 crypto rx=0 tx=0 comp rx=0 tx=0).stop
2024-04-15T21:04:53.681 INFO:teuthology.orchestra.run.smithi005.stdout:/usr/bin/ceph: stderr
2024-04-15T21:04:53.047+0000 7fc9b7340700 1 -- 172.21.15.5:0/4106371176 >> 172.21.15.5:0/4106371176 conn(0x7fc9b0100080 msgr2=0x7fc9b0101790 unknown :-1 s=STATE_NONE l=0).mark_down
2024-04-15T21:04:53.681 INFO:teuthology.orchestra.run.smithi005.stdout:/usr/bin/ceph: stderr
2024-04-15T21:04:53.047+0000 7fc9b7340700 1 -- 172.21.15.5:0/4106371176 shutdown_connections
2024-04-15T21:04:53.681 INFO:teuthology.orchestra.run.smithi005.stdout:/usr/bin/ceph: stderr
2024-04-15T21:04:53.047+0000 7fc9b7340700 1 -- 172.21.15.5:0/4106371176 wait complete.
2024-04-15T21:04:53.681 INFO:teuthology.orchestra.run.smithi005.stdout:mgr epoch 9 is available
2024-04-15T21:04:53.681 INFO:teuthology.orchestra.run.smithi005.stdout:Generating a dashboard self-signed certificate...
2024-04-15T21:04:54.350 INFO:journalctl@ceph.mon.smithi005.smithi005.stdout:Apr 15 21:04:54 smithi005 ceph-mon[29313]: from='client.14168 -' entity='client.admin' cmd=[{"prefix": "get_command_descriptions"}]: dispatch
2024-04-15T21:04:54.351 INFO:journalctl@ceph.mon.smithi005.smithi005.stdout:Apr 15 21:04:54 smithi005 ceph-mon[29313]: from='client.14168 -' entity='client.admin' cmd=[{"prefix": "mgr_status"}]: dispatch
2024-04-15T21:04:54.351 INFO:journalctl@ceph.mon.smithi005.smithi005.stdout:Apr 15 21:04:54 smithi005 ceph-mon[29313]: from='mgr.14164 172.21.15.5:0/1180416424' entity='mgr.smithi005.asqlsh'
2024-04-15T21:04:54.980 INFO:teuthology.orchestra.run.smithi005.stdout:/usr/bin/ceph: stdout Self-signed certificate created
2024-04-15T21:04:54.980 INFO:teuthology.orchestra.run.smithi005.stdout:/usr/bin/ceph: stderr
2024-04-15T21:04:54.112+0000 7f0eb4d64700 1 Processor -- start
2024-04-15T21:04:54.980 INFO:teuthology.orchestra.run.smithi005.stdout:/usr/bin/ceph: stderr
2024-04-15T21:04:54.113+0000 7f0eb4d64700 1 -- start start
2024-04-15T21:04:54.980 INFO:teuthology.orchestra.run.smithi005.stdout:/usr/bin/ceph: stderr
2024-04-15T21:04:54.113+0000 7f0eb4d64700 1 --2- >> [v2:172.21.15.5:3300/0,v1:172.21.15.5:6789/0] conn(0x7f0eb01049b0 0x7f0eb0104dc0 unknown :-1 s=NONE pgs=0 cs=0 l=0 rev1=0 crypto rx=0 tx=0 comp rx=0 tx=0).connect
2024-04-15T21:04:54.980 INFO:teuthology.orchestra.run.smithi005.stdout:/usr/bin/ceph: stderr
2024-04-15T21:04:54.113+0000 7f0eb4d64700 1 -- --> [v2:172.21.15.5:3300/0,v1:172.21.15.5:6789/0] -- mon_getmap magic: 0 v1 -- 0x7f0eb0105300 con 0x7f0eb01049b0
2024-04-15T21:04:54.980 INFO:teuthology.orchestra.run.smithi005.stdout:/usr/bin/ceph: stderr
2024-04-15T21:04:54.113+0000 7f0eae59c700 1 --2- >> [v2:172.21.15.5:3300/0,v1:172.21.15.5:6789/0] conn(0x7f0eb01049b0 0x7f0eb0104dc0 unknown :-1 s=BANNER_CONNECTING pgs=0 cs=0 l=0 rev1=0 crypto rx=0 tx=0 comp rx=0 tx=0)._handle_peer_banner_payload supported=3 required=0
2024-04-15T21:04:54.980 INFO:teuthology.orchestra.run.smithi005.stdout:/usr/bin/ceph: stderr
2024-04-15T21:04:54.113+0000 7f0eae59c700 1 --2- >> [v2:172.21.15.5:3300/0,v1:172.21.15.5:6789/0] conn(0x7f0eb01049b0 0x7f0eb0104dc0 unknown :-1 s=HELLO_CONNECTING pgs=0 cs=0 l=0 rev1=1 crypto rx=0 tx=0 comp rx=0 tx=0).handle_hello peer v2:172.21.15.5:3300/0 says I am v2:172.21.15.5:55256/0 (socket says 172.21.15.5:55256)
2024-04-15T21:04:54.980 INFO:teuthology.orchestra.run.smithi005.stdout:/usr/bin/ceph: stderr
2024-04-15T21:04:54.113+0000 7f0eae59c700 1 -- 172.21.15.5:0/871535230 learned_addr learned my addr 172.21.15.5:0/871535230 (peer_addr_for_me v2:172.21.15.5:0/0)
2024-04-15T21:04:54.980 INFO:teuthology.orchestra.run.smithi005.stdout:/usr/bin/ceph: stderr
2024-04-15T21:04:54.114+0000 7f0eae59c700 1 -- 172.21.15.5:0/871535230 --> [v2:172.21.15.5:3300/0,v1:172.21.15.5:6789/0] -- mon_subscribe({config=0+,monmap=0+}) v3 -- 0x7f0eb0105440 con 0x7f0eb01049b0
2024-04-15T21:04:54.980 INFO:teuthology.orchestra.run.smithi005.stdout:/usr/bin/ceph: stderr
2024-04-15T21:04:54.114+0000 7f0eae59c700 1 --2- 172.21.15.5:0/871535230 >> [v2:172.21.15.5:3300/0,v1:172.21.15.5:6789/0] conn(0x7f0eb01049b0 0x7f0eb0104dc0 secure :-1 s=READY pgs=82 cs=0 l=1 rev1=1 crypto rx=0x7f0ea00098a0 tx=0x7f0ea0009bb0 comp rx=0 tx=0).ready entity=mon.0 client_cookie=931fa35237bacfce server_cookie=0 in_seq=0 out_seq=0
2024-04-15T21:04:54.980 INFO:teuthology.orchestra.run.smithi005.stdout:/usr/bin/ceph: stderr
2024-04-15T21:04:54.114+0000 7f0ead59a700 1 -- 172.21.15.5:0/871535230 <== mon.0 v2:172.21.15.5:3300/0 1 ==== mon_map magic: 0 v1 ==== 229+0+0 (secure 0 0 0) 0x7f0ea0004180 con 0x7f0eb01049b0
2024-04-15T21:04:54.981 INFO:teuthology.orchestra.run.smithi005.stdout:/usr/bin/ceph: stderr
2024-04-15T21:04:54.114+0000 7f0ead59a700 1 -- 172.21.15.5:0/871535230 <== mon.0 v2:172.21.15.5:3300/0 2 ==== config(27 keys) v1 ==== 1101+0+0 (secure 0 0 0) 0x7f0ea00042e0 con 0x7f0eb01049b0
2024-04-15T21:04:54.981 INFO:teuthology.orchestra.run.smithi005.stdout:/usr/bin/ceph: stderr
2024-04-15T21:04:54.114+0000 7f0ead59a700 1 -- 172.21.15.5:0/871535230 <== mon.0 v2:172.21.15.5:3300/0 3 ==== mon_map magic: 0 v1 ==== 229+0+0 (secure 0 0 0) 0x7f0ea0011af0 con 0x7f0eb01049b0
2024-04-15T21:04:54.981 INFO:teuthology.orchestra.run.smithi005.stdout:/usr/bin/ceph: stderr
2024-04-15T21:04:54.115+0000 7f0eb4d64700 1 -- 172.21.15.5:0/871535230 >> [v2:172.21.15.5:3300/0,v1:172.21.15.5:6789/0] conn(0x7f0eb01049b0 msgr2=0x7f0eb0104dc0 secure :-1 s=STATE_CONNECTION_ESTABLISHED l=1).mark_down
2024-04-15T21:04:54.981 INFO:teuthology.orchestra.run.smithi005.stdout:/usr/bin/ceph: stderr
2024-04-15T21:04:54.115+0000 7f0eb4d64700 1 --2- 172.21.15.5:0/871535230 >> [v2:172.21.15.5:3300/0,v1:172.21.15.5:6789/0] conn(0x7f0eb01049b0 0x7f0eb0104dc0 secure :-1 s=READY pgs=82 cs=0 l=1 rev1=1 crypto rx=0x7f0ea00098a0 tx=0x7f0ea0009bb0 comp rx=0 tx=0).stop
2024-04-15T21:04:54.981 INFO:teuthology.orchestra.run.smithi005.stdout:/usr/bin/ceph: stderr
2024-04-15T21:04:54.115+0000 7f0eb4d64700 1 -- 172.21.15.5:0/871535230 shutdown_connections
2024-04-15T21:04:54.981 INFO:teuthology.orchestra.run.smithi005.stdout:/usr/bin/ceph: stderr
2024-04-15T21:04:54.115+0000 7f0eb4d64700 1 --2- 172.21.15.5:0/871535230 >> [v2:172.21.15.5:3300/0,v1:172.21.15.5:6789/0] conn(0x7f0eb01049b0 0x7f0eb0104dc0 unknown :-1 s=CLOSED pgs=82 cs=0 l=1 rev1=1 crypto rx=0 tx=0 comp rx=0 tx=0).stop
2024-04-15T21:04:54.981 INFO:teuthology.orchestra.run.smithi005.stdout:/usr/bin/ceph: stderr
2024-04-15T21:04:54.115+0000 7f0eb4d64700 1 -- 172.21.15.5:0/871535230 >> 172.21.15.5:0/871535230 conn(0x7f0eb0100040 msgr2=0x7f0eb0102450 unknown :-1 s=STATE_NONE l=0).mark_down
2024-04-15T21:04:54.981 INFO:teuthology.orchestra.run.smithi005.stdout:/usr/bin/ceph: stderr
2024-04-15T21:04:54.115+0000 7f0eb4d64700 1 -- 172.21.15.5:0/871535230 shutdown_connections
2024-04-15T21:04:54.981 INFO:teuthology.orchestra.run.smithi005.stdout:/usr/bin/ceph: stderr
2024-04-15T21:04:54.115+0000 7f0eb4d64700 1 -- 172.21.15.5:0/871535230 wait complete.
2024-04-15T21:04:54.981 INFO:teuthology.orchestra.run.smithi005.stdout:/usr/bin/ceph: stderr
2024-04-15T21:04:54.116+0000 7f0eb4d64700 1 Processor -- start
2024-04-15T21:04:54.981 INFO:teuthology.orchestra.run.smithi005.stdout:/usr/bin/ceph: stderr
2024-04-15T21:04:54.116+0000 7f0eb4d64700 1 -- start start
2024-04-15T21:04:54.981 INFO:teuthology.orchestra.run.smithi005.stdout:/usr/bin/ceph: stderr
2024-04-15T21:04:54.116+0000 7f0eb4d64700 1 --2- >> [v2:172.21.15.5:3300/0,v1:172.21.15.5:6789/0] conn(0x7f0eb01049b0 0x7f0eb00742e0 unknown :-1 s=NONE pgs=0 cs=0 l=1 rev1=0 crypto rx=0 tx=0 comp rx=0 tx=0).connect
2024-04-15T21:04:54.981 INFO:teuthology.orchestra.run.smithi005.stdout:/usr/bin/ceph: stderr
2024-04-15T21:04:54.116+0000 7f0eb4d64700 1 -- --> [v2:172.21.15.5:3300/0,v1:172.21.15.5:6789/0] -- mon_getmap magic: 0 v1 -- 0x7f0eb019c510 con 0x7f0eb01049b0
2024-04-15T21:04:54.981 INFO:teuthology.orchestra.run.smithi005.stdout:/usr/bin/ceph: stderr
2024-04-15T21:04:54.116+0000 7f0eae59c700 1 --2- >> [v2:172.21.15.5:3300/0,v1:172.21.15.5:6789/0] conn(0x7f0eb01049b0 0x7f0eb00742e0 unknown :-1 s=BANNER_CONNECTING pgs=0 cs=0 l=1 rev1=0 crypto rx=0 tx=0 comp rx=0 tx=0)._handle_peer_banner_payload supported=3 required=0
2024-04-15T21:04:54.981 INFO:teuthology.orchestra.run.smithi005.stdout:/usr/bin/ceph: stderr
2024-04-15T21:04:54.116+0000 7f0eae59c700 1 --2- >> [v2:172.21.15.5:3300/0,v1:172.21.15.5:6789/0] conn(0x7f0eb01049b0 0x7f0eb00742e0 unknown :-1 s=HELLO_CONNECTING pgs=0 cs=0 l=1 rev1=1 crypto rx=0 tx=0 comp rx=0 tx=0).handle_hello peer v2:172.21.15.5:3300/0 says I am v2:172.21.15.5:55266/0 (socket says 172.21.15.5:55266)
2024-04-15T21:04:54.982 INFO:teuthology.orchestra.run.smithi005.stdout:/usr/bin/ceph: stderr
2024-04-15T21:04:54.116+0000 7f0eae59c700 1 -- 172.21.15.5:0/1626207214 learned_addr learned my addr 172.21.15.5:0/1626207214 (peer_addr_for_me v2:172.21.15.5:0/0)
2024-04-15T21:04:54.982 INFO:teuthology.orchestra.run.smithi005.stdout:/usr/bin/ceph: stderr
2024-04-15T21:04:54.117+0000 7f0eae59c700 1 -- 172.21.15.5:0/1626207214 --> [v2:172.21.15.5:3300/0,v1:172.21.15.5:6789/0] -- mon_subscribe({config=0+,monmap=0+}) v3 -- 0x7f0ea0009550 con 0x7f0eb01049b0
2024-04-15T21:04:54.982 INFO:teuthology.orchestra.run.smithi005.stdout:/usr/bin/ceph: stderr
2024-04-15T21:04:54.117+0000 7f0eae59c700 1 --2- 172.21.15.5:0/1626207214 >> [v2:172.21.15.5:3300/0,v1:172.21.15.5:6789/0] conn(0x7f0eb01049b0 0x7f0eb00742e0 secure :-1 s=READY pgs=83 cs=0 l=1 rev1=1 crypto rx=0x7f0ea0011ad0 tx=0x7f0ea0011bb0 comp rx=0 tx=0).ready entity=mon.0 client_cookie=0 server_cookie=0 in_seq=0 out_seq=0
2024-04-15T21:04:54.982 INFO:teuthology.orchestra.run.smithi005.stdout:/usr/bin/ceph: stderr
2024-04-15T21:04:54.117+0000 7f0e9f7fe700 1 -- 172.21.15.5:0/1626207214 <== mon.0 v2:172.21.15.5:3300/0 1 ==== mon_map magic: 0 v1 ==== 229+0+0 (secure 0 0 0) 0x7f0ea0003ab0 con 0x7f0eb01049b0
2024-04-15T21:04:54.982 INFO:teuthology.orchestra.run.smithi005.stdout:/usr/bin/ceph: stderr
2024-04-15T21:04:54.117+0000 7f0eb4d64700 1 -- 172.21.15.5:0/1626207214 --> [v2:172.21.15.5:3300/0,v1:172.21.15.5:6789/0] -- mon_subscribe({mgrmap=0+}) v3 -- 0x7f0eb019c650 con 0x7f0eb01049b0
2024-04-15T21:04:54.982 INFO:teuthology.orchestra.run.smithi005.stdout:/usr/bin/ceph: stderr
2024-04-15T21:04:54.117+0000 7f0e9f7fe700 1 -- 172.21.15.5:0/1626207214 <== mon.0 v2:172.21.15.5:3300/0 2 ==== config(27 keys) v1 ==== 1101+0+0 (secure 0 0 0) 0x7f0ea0003c10 con 0x7f0eb01049b0
2024-04-15T21:04:54.982 INFO:teuthology.orchestra.run.smithi005.stdout:/usr/bin/ceph: stderr
2024-04-15T21:04:54.117+0000 7f0e9f7fe700 1 -- 172.21.15.5:0/1626207214 <== mon.0 v2:172.21.15.5:3300/0 3 ==== mon_map magic: 0 v1 ==== 229+0+0 (secure 0 0 0) 0x7f0ea00198e0 con 0x7f0eb01049b0
2024-04-15T21:04:54.982 INFO:teuthology.orchestra.run.smithi005.stdout:/usr/bin/ceph: stderr
2024-04-15T21:04:54.117+0000 7f0eb4d64700 1 -- 172.21.15.5:0/1626207214 --> [v2:172.21.15.5:3300/0,v1:172.21.15.5:6789/0] -- mon_subscribe({osdmap=0}) v3 -- 0x7f0eb019ca70 con 0x7f0eb01049b0
2024-04-15T21:04:54.982 INFO:teuthology.orchestra.run.smithi005.stdout:/usr/bin/ceph: stderr
2024-04-15T21:04:54.118+0000 7f0e9f7fe700 1 -- 172.21.15.5:0/1626207214 <== mon.0 v2:172.21.15.5:3300/0 4 ==== mgrmap(e 11) v1 ==== 44991+0+0 (secure 0 0 0) 0x7f0ea0019ba0 con 0x7f0eb01049b0
2024-04-15T21:04:54.982 INFO:teuthology.orchestra.run.smithi005.stdout:/usr/bin/ceph: stderr
2024-04-15T21:04:54.118+0000 7f0e9f7fe700 1 --2- 172.21.15.5:0/1626207214 >> [v2:172.21.15.5:6800/314652876,v1:172.21.15.5:6801/314652876] conn(0x7f0e98038320 0x7f0e9803a7d0 unknown :-1 s=NONE pgs=0 cs=0 l=1 rev1=0 crypto rx=0 tx=0 comp rx=0 tx=0).connect
2024-04-15T21:04:54.982 INFO:teuthology.orchestra.run.smithi005.stdout:/usr/bin/ceph: stderr
2024-04-15T21:04:54.118+0000 7f0e9f7fe700 1 -- 172.21.15.5:0/1626207214 <== mon.0 v2:172.21.15.5:3300/0 5 ==== osd_map(3..3 src has 1..3) v4 ==== 1155+0+0 (secure 0 0 0) 0x7f0ea004c0d0 con 0x7f0eb01049b0
2024-04-15T21:04:54.982 INFO:teuthology.orchestra.run.smithi005.stdout:/usr/bin/ceph: stderr
2024-04-15T21:04:54.118+0000 7f0eadd9b700 1 --2- 172.21.15.5:0/1626207214 >> [v2:172.21.15.5:6800/314652876,v1:172.21.15.5:6801/314652876] conn(0x7f0e98038320 0x7f0e9803a7d0 unknown :-1 s=BANNER_CONNECTING pgs=0 cs=0 l=1 rev1=0 crypto rx=0 tx=0 comp rx=0 tx=0)._handle_peer_banner_payload supported=3 required=0
2024-04-15T21:04:54.982 INFO:teuthology.orchestra.run.smithi005.stdout:/usr/bin/ceph: stderr
2024-04-15T21:04:54.119+0000 7f0eb4d64700 1 -- 172.21.15.5:0/1626207214 --> [v2:172.21.15.5:3300/0,v1:172.21.15.5:6789/0] -- mon_command({"prefix": "get_command_descriptions"} v 0) v1 -- 0x7f0eb0062380 con 0x7f0eb01049b0
2024-04-15T21:04:54.983 INFO:teuthology.orchestra.run.smithi005.stdout:/usr/bin/ceph: stderr
2024-04-15T21:04:54.119+0000 7f0eadd9b700 1 --2- 172.21.15.5:0/1626207214 >> [v2:172.21.15.5:6800/314652876,v1:172.21.15.5:6801/314652876] conn(0x7f0e98038320 0x7f0e9803a7d0 secure :-1 s=READY pgs=7 cs=0 l=1 rev1=1 crypto rx=0x7f0ea4006fd0 tx=0x7f0ea4006e40 comp rx=0 tx=0).ready entity=mgr.14164 client_cookie=0 server_cookie=0 in_seq=0 out_seq=0
2024-04-15T21:04:54.983 INFO:teuthology.orchestra.run.smithi005.stdout:/usr/bin/ceph: stderr
2024-04-15T21:04:54.128+0000 7f0e9f7fe700 1 -- 172.21.15.5:0/1626207214 <== mon.0 v2:172.21.15.5:3300/0 6 ==== mon_command_ack([{"prefix": "get_command_descriptions"}]=0 v0) v1 ==== 72+0+177933 (secure 0 0 0) 0x7f0ea002b300 con 0x7f0eb01049b0
2024-04-15T21:04:54.983 INFO:teuthology.orchestra.run.smithi005.stdout:/usr/bin/ceph: stderr
2024-04-15T21:04:54.358+0000 7f0eb4d64700 1 -- 172.21.15.5:0/1626207214 --> [v2:172.21.15.5:6800/314652876,v1:172.21.15.5:6801/314652876] -- mgr_command(tid 0: {"prefix": "dashboard create-self-signed-cert", "target": ["mon-mgr", ""]}) v1 -- 0x7f0eb01014b0 con 0x7f0e98038320
2024-04-15T21:04:54.983 INFO:teuthology.orchestra.run.smithi005.stdout:/usr/bin/ceph: stderr
2024-04-15T21:04:54.412+0000 7f0e9f7fe700 1 -- 172.21.15.5:0/1626207214 <== mgr.14164 v2:172.21.15.5:6800/314652876 1 ==== mgr_command_reply(tid 0: 0 ) v1 ==== 8+0+32 (secure 0 0 0) 0x7f0eb01014b0 con 0x7f0e98038320
2024-04-15T21:04:54.983 INFO:teuthology.orchestra.run.smithi005.stdout:/usr/bin/ceph: stderr
2024-04-15T21:04:54.415+0000 7f0eb4d64700 1 -- 172.21.15.5:0/1626207214 >> [v2:172.21.15.5:6800/314652876,v1:172.21.15.5:6801/314652876] conn(0x7f0e98038320 msgr2=0x7f0e9803a7d0 secure :-1 s=STATE_CONNECTION_ESTABLISHED l=1).mark_down
2024-04-15T21:04:54.983 INFO:teuthology.orchestra.run.smithi005.stdout:/usr/bin/ceph: stderr
2024-04-15T21:04:54.415+0000 7f0eb4d64700 1 --2- 172.21.15.5:0/1626207214 >> [v2:172.21.15.5:6800/314652876,v1:172.21.15.5:6801/314652876] conn(0x7f0e98038320 0x7f0e9803a7d0 secure :-1 s=READY pgs=7 cs=0 l=1 rev1=1 crypto rx=0x7f0ea4006fd0 tx=0x7f0ea4006e40 comp rx=0 tx=0).stop
2024-04-15T21:04:54.983 INFO:teuthology.orchestra.run.smithi005.stdout:/usr/bin/ceph: stderr
2024-04-15T21:04:54.415+0000 7f0eb4d64700 1 -- 172.21.15.5:0/1626207214 >> [v2:172.21.15.5:3300/0,v1:172.21.15.5:6789/0] conn(0x7f0eb01049b0 msgr2=0x7f0eb00742e0 secure :-1 s=STATE_CONNECTION_ESTABLISHED l=1).mark_down
2024-04-15T21:04:54.983 INFO:teuthology.orchestra.run.smithi005.stdout:/usr/bin/ceph: stderr
2024-04-15T21:04:54.415+0000 7f0eb4d64700 1 --2- 172.21.15.5:0/1626207214 >> [v2:172.21.15.5:3300/0,v1:172.21.15.5:6789/0] conn(0x7f0eb01049b0 0x7f0eb00742e0 secure :-1 s=READY pgs=83 cs=0 l=1 rev1=1 crypto rx=0x7f0ea0011ad0 tx=0x7f0ea0011bb0 comp rx=0 tx=0).stop
2024-04-15T21:04:54.983 INFO:teuthology.orchestra.run.smithi005.stdout:/usr/bin/ceph: stderr
2024-04-15T21:04:54.415+0000 7f0eb4d64700 1 -- 172.21.15.5:0/1626207214 shutdown_connections
2024-04-15T21:04:54.983 INFO:teuthology.orchestra.run.smithi005.stdout:/usr/bin/ceph: stderr
2024-04-15T21:04:54.415+0000 7f0eb4d64700 1 --2- 172.21.15.5:0/1626207214 >> [v2:172.21.15.5:6800/314652876,v1:172.21.15.5:6801/314652876] conn(0x7f0e98038320 0x7f0e9803a7d0 unknown :-1 s=CLOSED pgs=7 cs=0 l=1 rev1=1 crypto rx=0 tx=0 comp rx=0 tx=0).stop
2024-04-15T21:04:54.983 INFO:teuthology.orchestra.run.smithi005.stdout:/usr/bin/ceph: stderr
2024-04-15T21:04:54.415+0000 7f0eb4d64700 1 --2- 172.21.15.5:0/1626207214 >> [v2:172.21.15.5:3300/0,v1:172.21.15.5:6789/0] conn(0x7f0eb01049b0 0x7f0eb00742e0 unknown :-1 s=CLOSED pgs=83 cs=0 l=1 rev1=1 crypto rx=0 tx=0 comp rx=0 tx=0).stop
2024-04-15T21:04:54.983 INFO:teuthology.orchestra.run.smithi005.stdout:/usr/bin/ceph: stderr
2024-04-15T21:04:54.415+0000 7f0eb4d64700 1 -- 172.21.15.5:0/1626207214 >> 172.21.15.5:0/1626207214 conn(0x7f0eb0100040 msgr2=0x7f0eb0100da0 unknown :-1 s=STATE_NONE l=0).mark_down
2024-04-15T21:04:54.983 INFO:teuthology.orchestra.run.smithi005.stdout:/usr/bin/ceph: stderr
2024-04-15T21:04:54.415+0000 7f0eb4d64700 1 -- 172.21.15.5:0/1626207214 shutdown_connections
2024-04-15T21:04:54.984 INFO:teuthology.orchestra.run.smithi005.stdout:/usr/bin/ceph: stderr
2024-04-15T21:04:54.415+0000 7f0eb4d64700 1 -- 172.21.15.5:0/1626207214 wait complete.
2024-04-15T21:04:54.984 INFO:teuthology.orchestra.run.smithi005.stdout:Creating initial admin user...
2024-04-15T21:04:55.660 INFO:journalctl@ceph.mon.smithi005.smithi005.stdout:Apr 15 21:04:55 smithi005 ceph-mon[29313]: from='client.14176 -' entity='client.admin' cmd=[{"prefix": "dashboard create-self-signed-cert", "target": ["mon-mgr", ""]}]: dispatch
2024-04-15T21:04:55.661 INFO:journalctl@ceph.mon.smithi005.smithi005.stdout:Apr 15 21:04:55 smithi005 ceph-mon[29313]: from='mgr.14164 172.21.15.5:0/1180416424' entity='mgr.smithi005.asqlsh'
2024-04-15T21:04:55.661 INFO:journalctl@ceph.mon.smithi005.smithi005.stdout:Apr 15 21:04:55 smithi005 ceph-mon[29313]: from='mgr.14164 172.21.15.5:0/1180416424' entity='mgr.smithi005.asqlsh'
2024-04-15T21:04:55.661 INFO:journalctl@ceph.mon.smithi005.smithi005.stdout:Apr 15 21:04:55 smithi005 ceph-mon[29313]: from='mgr.14164 172.21.15.5:0/1180416424' entity='mgr.smithi005.asqlsh'
2024-04-15T21:04:55.661 INFO:journalctl@ceph.mon.smithi005.smithi005.stdout:Apr 15 21:04:55 smithi005 ceph-mon[29313]: mgrmap e12: smithi005.asqlsh(active, since 2s)
2024-04-15T21:04:56.566 INFO:teuthology.orchestra.run.smithi005.stdout:/usr/bin/ceph: stdout {"username": "admin", "password": "$2b$12$O0yLMUcjj2RVeIiOHijfo.zNt1ELKUNizvB.q.Fo/JjpszeTmbAje", "roles": ["administrator"], "name": null, "email": null, "lastUpdate": 1713215095, "enabled": true, "pwdExpirationDate": null, "pwdUpdateRequired": true}
2024-04-15T21:04:56.566 INFO:teuthology.orchestra.run.smithi005.stdout:/usr/bin/ceph: stderr
2024-04-15T21:04:55.437+0000 7f3157521700 1 Processor -- start
2024-04-15T21:04:56.566 INFO:teuthology.orchestra.run.smithi005.stdout:/usr/bin/ceph: stderr
2024-04-15T21:04:55.438+0000 7f3157521700 1 -- start start
2024-04-15T21:04:56.566 INFO:teuthology.orchestra.run.smithi005.stdout:/usr/bin/ceph: stderr
2024-04-15T21:04:55.438+0000 7f3157521700 1 --2- >> [v2:172.21.15.5:3300/0,v1:172.21.15.5:6789/0] conn(0x7f3150104490 0x7f31501048a0 unknown :-1 s=NONE pgs=0 cs=0 l=0 rev1=0 crypto rx=0 tx=0 comp rx=0 tx=0).connect
2024-04-15T21:04:56.566 INFO:teuthology.orchestra.run.smithi005.stdout:/usr/bin/ceph: stderr
2024-04-15T21:04:55.438+0000 7f3157521700 1 -- --> [v2:172.21.15.5:3300/0,v1:172.21.15.5:6789/0] -- mon_getmap magic: 0 v1 -- 0x7f3150079d10 con 0x7f3150104490
2024-04-15T21:04:56.566 INFO:teuthology.orchestra.run.smithi005.stdout:/usr/bin/ceph: stderr
2024-04-15T21:04:55.438+0000 7f31552bd700 1 --2- >> [v2:172.21.15.5:3300/0,v1:172.21.15.5:6789/0] conn(0x7f3150104490 0x7f31501048a0 unknown :-1 s=BANNER_CONNECTING pgs=0 cs=0 l=0 rev1=0 crypto rx=0 tx=0 comp rx=0 tx=0)._handle_peer_banner_payload supported=3 required=0
2024-04-15T21:04:56.566 INFO:teuthology.orchestra.run.smithi005.stdout:/usr/bin/ceph: stderr
2024-04-15T21:04:55.438+0000 7f31552bd700 1 --2- >> [v2:172.21.15.5:3300/0,v1:172.21.15.5:6789/0] conn(0x7f3150104490 0x7f31501048a0 unknown :-1 s=HELLO_CONNECTING pgs=0 cs=0 l=0 rev1=1 crypto rx=0 tx=0 comp rx=0 tx=0).handle_hello peer v2:172.21.15.5:3300/0 says I am v2:172.21.15.5:55280/0 (socket says 172.21.15.5:55280)
2024-04-15T21:04:56.566 INFO:teuthology.orchestra.run.smithi005.stdout:/usr/bin/ceph: stderr
2024-04-15T21:04:55.438+0000 7f31552bd700 1 -- 172.21.15.5:0/1627068656 learned_addr learned my addr 172.21.15.5:0/1627068656 (peer_addr_for_me v2:172.21.15.5:0/0)
2024-04-15T21:04:56.566 INFO:teuthology.orchestra.run.smithi005.stdout:/usr/bin/ceph: stderr
2024-04-15T21:04:55.438+0000 7f31552bd700 1 -- 172.21.15.5:0/1627068656 --> [v2:172.21.15.5:3300/0,v1:172.21.15.5:6789/0] -- mon_subscribe({config=0+,monmap=0+}) v3 -- 0x7f3150079e50 con 0x7f3150104490
2024-04-15T21:04:56.566 INFO:teuthology.orchestra.run.smithi005.stdout:/usr/bin/ceph: stderr
2024-04-15T21:04:55.438+0000 7f31552bd700 1 --2- 172.21.15.5:0/1627068656 >> [v2:172.21.15.5:3300/0,v1:172.21.15.5:6789/0] conn(0x7f3150104490 0x7f31501048a0 secure :-1 s=READY pgs=84 cs=0 l=1 rev1=1 crypto rx=0x7f314c0098a0 tx=0x7f314c009bb0 comp rx=0 tx=0).ready entity=mon.0 client_cookie=832f07e27ca38114 server_cookie=0 in_seq=0 out_seq=0
2024-04-15T21:04:56.567 INFO:teuthology.orchestra.run.smithi005.stdout:/usr/bin/ceph: stderr
2024-04-15T21:04:55.439+0000 7f3147fff700 1 -- 172.21.15.5:0/1627068656 <== mon.0 v2:172.21.15.5:3300/0 1 ==== mon_map magic: 0 v1 ==== 229+0+0 (secure 0 0 0) 0x7f314c004180 con 0x7f3150104490
2024-04-15T21:04:56.567 INFO:teuthology.orchestra.run.smithi005.stdout:/usr/bin/ceph: stderr
2024-04-15T21:04:55.439+0000 7f3147fff700 1 -- 172.21.15.5:0/1627068656 <== mon.0 v2:172.21.15.5:3300/0 2 ==== config(27 keys) v1 ==== 1101+0+0 (secure 0 0 0) 0x7f314c0042e0 con 0x7f3150104490
2024-04-15T21:04:56.567 INFO:teuthology.orchestra.run.smithi005.stdout:/usr/bin/ceph: stderr
2024-04-15T21:04:55.439+0000 7f3147fff700 1 -- 172.21.15.5:0/1627068656 <== mon.0 v2:172.21.15.5:3300/0 3 ==== mon_map magic: 0 v1 ==== 229+0+0 (secure 0 0 0) 0x7f314c011af0 con 0x7f3150104490
2024-04-15T21:04:56.567 INFO:teuthology.orchestra.run.smithi005.stdout:/usr/bin/ceph: stderr
2024-04-15T21:04:55.439+0000 7f3157521700 1 -- 172.21.15.5:0/1627068656 >> [v2:172.21.15.5:3300/0,v1:172.21.15.5:6789/0] conn(0x7f3150104490 msgr2=0x7f31501048a0 secure :-1 s=STATE_CONNECTION_ESTABLISHED l=1).mark_down
2024-04-15T21:04:56.567 INFO:teuthology.orchestra.run.smithi005.stdout:/usr/bin/ceph: stderr
2024-04-15T21:04:55.439+0000 7f3157521700 1 --2- 172.21.15.5:0/1627068656 >> [v2:172.21.15.5:3300/0,v1:172.21.15.5:6789/0] conn(0x7f3150104490 0x7f31501048a0 secure :-1 s=READY pgs=84 cs=0 l=1 rev1=1 crypto rx=0x7f314c0098a0 tx=0x7f314c009bb0 comp rx=0 tx=0).stop
2024-04-15T21:04:56.567 INFO:teuthology.orchestra.run.smithi005.stdout:/usr/bin/ceph: stderr
2024-04-15T21:04:55.439+0000 7f3157521700 1 -- 172.21.15.5:0/1627068656 shutdown_connections
2024-04-15T21:04:56.567 INFO:teuthology.orchestra.run.smithi005.stdout:/usr/bin/ceph: stderr
2024-04-15T21:04:55.439+0000 7f3157521700 1 --2- 172.21.15.5:0/1627068656 >> [v2:172.21.15.5:3300/0,v1:172.21.15.5:6789/0] conn(0x7f3150104490 0x7f31501048a0 unknown :-1 s=CLOSED pgs=84 cs=0 l=1 rev1=1 crypto rx=0 tx=0 comp rx=0 tx=0).stop
2024-04-15T21:04:56.567 INFO:teuthology.orchestra.run.smithi005.stdout:/usr/bin/ceph: stderr
2024-04-15T21:04:55.439+0000 7f3157521700 1 -- 172.21.15.5:0/1627068656 >> 172.21.15.5:0/1627068656 conn(0x7f3150100060 msgr2=0x7f31501024b0 unknown :-1 s=STATE_NONE l=0).mark_down
2024-04-15T21:04:56.567 INFO:teuthology.orchestra.run.smithi005.stdout:/usr/bin/ceph: stderr
2024-04-15T21:04:55.440+0000 7f3157521700 1 -- 172.21.15.5:0/1627068656 shutdown_connections
2024-04-15T21:04:56.567 INFO:teuthology.orchestra.run.smithi005.stdout:/usr/bin/ceph: stderr
2024-04-15T21:04:55.440+0000 7f3157521700 1 -- 172.21.15.5:0/1627068656 wait complete.
2024-04-15T21:04:56.568 INFO:teuthology.orchestra.run.smithi005.stdout:/usr/bin/ceph: stderr
2024-04-15T21:04:55.440+0000 7f3157521700 1 Processor -- start
2024-04-15T21:04:56.568 INFO:teuthology.orchestra.run.smithi005.stdout:/usr/bin/ceph: stderr
2024-04-15T21:04:55.440+0000 7f3157521700 1 -- start start
2024-04-15T21:04:56.568 INFO:teuthology.orchestra.run.smithi005.stdout:/usr/bin/ceph: stderr
2024-04-15T21:04:55.440+0000 7f3157521700 1 --2- >> [v2:172.21.15.5:3300/0,v1:172.21.15.5:6789/0] conn(0x7f3150104490 0x7f315019bb40 unknown :-1 s=NONE pgs=0 cs=0 l=1 rev1=0 crypto rx=0 tx=0 comp rx=0 tx=0).connect
2024-04-15T21:04:56.568 INFO:teuthology.orchestra.run.smithi005.stdout:/usr/bin/ceph: stderr
2024-04-15T21:04:55.440+0000 7f3157521700 1 -- --> [v2:172.21.15.5:3300/0,v1:172.21.15.5:6789/0] -- mon_getmap magic: 0 v1 -- 0x7f315019c080 con 0x7f3150104490
2024-04-15T21:04:56.568 INFO:teuthology.orchestra.run.smithi005.stdout:/usr/bin/ceph: stderr
2024-04-15T21:04:55.441+0000 7f31552bd700 1 --2- >> [v2:172.21.15.5:3300/0,v1:172.21.15.5:6789/0] conn(0x7f3150104490 0x7f315019bb40 unknown :-1 s=BANNER_CONNECTING pgs=0 cs=0 l=1 rev1=0 crypto rx=0 tx=0 comp rx=0 tx=0)._handle_peer_banner_payload supported=3 required=0
2024-04-15T21:04:56.568 INFO:teuthology.orchestra.run.smithi005.stdout:/usr/bin/ceph: stderr
2024-04-15T21:04:55.441+0000 7f31552bd700 1 --2- >> [v2:172.21.15.5:3300/0,v1:172.21.15.5:6789/0] conn(0x7f3150104490 0x7f315019bb40 unknown :-1 s=HELLO_CONNECTING pgs=0 cs=0 l=1 rev1=1 crypto rx=0 tx=0 comp rx=0 tx=0).handle_hello peer v2:172.21.15.5:3300/0 says I am v2:172.21.15.5:55284/0 (socket says 172.21.15.5:55284)
2024-04-15T21:04:56.568 INFO:teuthology.orchestra.run.smithi005.stdout:/usr/bin/ceph: stderr
2024-04-15T21:04:55.441+0000 7f31552bd700 1 -- 172.21.15.5:0/632894284 learned_addr learned my addr 172.21.15.5:0/632894284 (peer_addr_for_me v2:172.21.15.5:0/0)
2024-04-15T21:04:56.568 INFO:teuthology.orchestra.run.smithi005.stdout:/usr/bin/ceph: stderr
2024-04-15T21:04:55.441+0000 7f31552bd700 1 -- 172.21.15.5:0/632894284 --> [v2:172.21.15.5:3300/0,v1:172.21.15.5:6789/0] -- mon_subscribe({config=0+,monmap=0+}) v3 -- 0x7f314c009550 con 0x7f3150104490
2024-04-15T21:04:56.568 INFO:teuthology.orchestra.run.smithi005.stdout:/usr/bin/ceph: stderr
2024-04-15T21:04:55.441+0000 7f31552bd700 1 --2- 172.21.15.5:0/632894284 >> [v2:172.21.15.5:3300/0,v1:172.21.15.5:6789/0] conn(0x7f3150104490 0x7f315019bb40 secure :-1 s=READY pgs=85 cs=0 l=1 rev1=1 crypto rx=0x7f314c011670 tx=0x7f314c011aa0 comp rx=0 tx=0).ready entity=mon.0 client_cookie=0 server_cookie=0 in_seq=0 out_seq=0
2024-04-15T21:04:56.568 INFO:teuthology.orchestra.run.smithi005.stdout:/usr/bin/ceph: stderr
2024-04-15T21:04:55.441+0000 7f31467fc700 1 -- 172.21.15.5:0/632894284 <== mon.0 v2:172.21.15.5:3300/0 1 ==== mon_map magic: 0 v1 ==== 229+0+0 (secure 0 0 0) 0x7f314c0039c0 con 0x7f3150104490
2024-04-15T21:04:56.568 INFO:teuthology.orchestra.run.smithi005.stdout:/usr/bin/ceph: stderr
2024-04-15T21:04:55.441+0000 7f31467fc700 1 -- 172.21.15.5:0/632894284 <== mon.0 v2:172.21.15.5:3300/0 2 ==== config(27 keys) v1 ==== 1101+0+0 (secure 0 0 0) 0x7f314c003b20 con 0x7f3150104490
2024-04-15T21:04:56.568 INFO:teuthology.orchestra.run.smithi005.stdout:/usr/bin/ceph: stderr
2024-04-15T21:04:55.441+0000 7f3157521700 1 -- 172.21.15.5:0/632894284 --> [v2:172.21.15.5:3300/0,v1:172.21.15.5:6789/0] -- mon_subscribe({mgrmap=0+}) v3 -- 0x7f315019c280 con 0x7f3150104490
2024-04-15T21:04:56.568 INFO:teuthology.orchestra.run.smithi005.stdout:/usr/bin/ceph: stderr
2024-04-15T21:04:55.441+0000 7f31467fc700 1 -- 172.21.15.5:0/632894284 <== mon.0 v2:172.21.15.5:3300/0 3 ==== mon_map magic: 0 v1 ==== 229+0+0 (secure 0 0 0) 0x7f314c0247f0 con 0x7f3150104490
2024-04-15T21:04:56.568 INFO:teuthology.orchestra.run.smithi005.stdout:/usr/bin/ceph: stderr
2024-04-15T21:04:55.441+0000 7f3157521700 1 -- 172.21.15.5:0/632894284 --> [v2:172.21.15.5:3300/0,v1:172.21.15.5:6789/0] -- mon_subscribe({osdmap=0}) v3 -- 0x7f315019c6a0 con 0x7f3150104490
2024-04-15T21:04:56.569 INFO:teuthology.orchestra.run.smithi005.stdout:/usr/bin/ceph: stderr
2024-04-15T21:04:55.442+0000 7f31467fc700 1 -- 172.21.15.5:0/632894284 <== mon.0 v2:172.21.15.5:3300/0 4 ==== mgrmap(e 12) v1 ==== 45097+0+0 (secure 0 0 0) 0x7f314c024ab0 con 0x7f3150104490
2024-04-15T21:04:56.569 INFO:teuthology.orchestra.run.smithi005.stdout:/usr/bin/ceph: stderr
2024-04-15T21:04:55.442+0000 7f31467fc700 1 --2- 172.21.15.5:0/632894284 >> [v2:172.21.15.5:6800/314652876,v1:172.21.15.5:6801/314652876] conn(0x7f313c038400 0x7f313c03a8b0 unknown :-1 s=NONE pgs=0 cs=0 l=1 rev1=0 crypto rx=0 tx=0 comp rx=0 tx=0).connect
2024-04-15T21:04:56.569 INFO:teuthology.orchestra.run.smithi005.stdout:/usr/bin/ceph: stderr
2024-04-15T21:04:55.442+0000 7f31467fc700 1 -- 172.21.15.5:0/632894284 <== mon.0 v2:172.21.15.5:3300/0 5 ==== osd_map(3..3 src has 1..3) v4 ==== 1155+0+0 (secure 0 0 0) 0x7f314c04d4f0 con 0x7f3150104490
2024-04-15T21:04:56.569 INFO:teuthology.orchestra.run.smithi005.stdout:/usr/bin/ceph: stderr
2024-04-15T21:04:55.442+0000 7f3157521700 1 -- 172.21.15.5:0/632894284 --> [v2:172.21.15.5:3300/0,v1:172.21.15.5:6789/0] -- mon_command({"prefix": "get_command_descriptions"} v 0) v1 -- 0x7f3150195350 con 0x7f3150104490
2024-04-15T21:04:56.569 INFO:teuthology.orchestra.run.smithi005.stdout:/usr/bin/ceph: stderr
2024-04-15T21:04:55.442+0000 7f3154abc700 1 --2- 172.21.15.5:0/632894284 >> [v2:172.21.15.5:6800/314652876,v1:172.21.15.5:6801/314652876] conn(0x7f313c038400 0x7f313c03a8b0 unknown :-1 s=BANNER_CONNECTING pgs=0 cs=0 l=1 rev1=0 crypto rx=0 tx=0 comp rx=0 tx=0)._handle_peer_banner_payload supported=3 required=0
2024-04-15T21:04:56.569 INFO:teuthology.orchestra.run.smithi005.stdout:/usr/bin/ceph: stderr
2024-04-15T21:04:55.443+0000 7f3154abc700 1 --2- 172.21.15.5:0/632894284 >> [v2:172.21.15.5:6800/314652876,v1:172.21.15.5:6801/314652876] conn(0x7f313c038400 0x7f313c03a8b0 secure :-1 s=READY pgs=8 cs=0 l=1 rev1=1 crypto rx=0x7f3140006fd0 tx=0x7f3140006e40 comp rx=0 tx=0).ready entity=mgr.14164 client_cookie=0 server_cookie=0 in_seq=0 out_seq=0
2024-04-15T21:04:56.569 INFO:teuthology.orchestra.run.smithi005.stdout:/usr/bin/ceph: stderr
2024-04-15T21:04:55.447+0000 7f31467fc700 1 -- 172.21.15.5:0/632894284 <== mon.0 v2:172.21.15.5:3300/0 6 ==== mon_command_ack([{"prefix": "get_command_descriptions"}]=0 v0) v1 ==== 72+0+177933 (secure 0 0 0) 0x7f314c022310 con 0x7f3150104490
2024-04-15T21:04:56.569 INFO:teuthology.orchestra.run.smithi005.stdout:/usr/bin/ceph: stderr
2024-04-15T21:04:55.668+0000 7f3157521700 1 -- 172.21.15.5:0/632894284 --> [v2:172.21.15.5:6800/314652876,v1:172.21.15.5:6801/314652876] -- mgr_command(tid 0: {"prefix": "dashboard ac-user-create", "username": "admin", "rolename": "administrator", "force_password": true, "pwd_update_required": true, "target": ["mon-mgr", ""]}) v1 -- 0x7f31500621a0 con 0x7f313c038400
2024-04-15T21:04:56.569 INFO:teuthology.orchestra.run.smithi005.stdout:/usr/bin/ceph: stderr
2024-04-15T21:04:55.914+0000 7f31467fc700 1 -- 172.21.15.5:0/632894284 <== mgr.14164 v2:172.21.15.5:6800/314652876 1 ==== mgr_command_reply(tid 0: 0 ) v1 ==== 8+0+252 (secure 0 0 0) 0x7f31500621a0 con 0x7f313c038400
2024-04-15T21:04:56.569 INFO:teuthology.orchestra.run.smithi005.stdout:/usr/bin/ceph: stderr
2024-04-15T21:04:55.916+0000 7f3157521700 1 -- 172.21.15.5:0/632894284 >> [v2:172.21.15.5:6800/314652876,v1:172.21.15.5:6801/314652876] conn(0x7f313c038400 msgr2=0x7f313c03a8b0 secure :-1 s=STATE_CONNECTION_ESTABLISHED l=1).mark_down
2024-04-15T21:04:56.569 INFO:teuthology.orchestra.run.smithi005.stdout:/usr/bin/ceph: stderr
2024-04-15T21:04:55.916+0000 7f3157521700 1 --2- 172.21.15.5:0/632894284 >> [v2:172.21.15.5:6800/314652876,v1:172.21.15.5:6801/314652876] conn(0x7f313c038400 0x7f313c03a8b0 secure :-1 s=READY pgs=8 cs=0 l=1 rev1=1 crypto rx=0x7f3140006fd0 tx=0x7f3140006e40 comp rx=0 tx=0).stop
2024-04-15T21:04:56.569 INFO:teuthology.orchestra.run.smithi005.stdout:/usr/bin/ceph: stderr
2024-04-15T21:04:55.916+0000 7f3157521700 1 -- 172.21.15.5:0/632894284 >> [v2:172.21.15.5:3300/0,v1:172.21.15.5:6789/0] conn(0x7f3150104490 msgr2=0x7f315019bb40 secure :-1 s=STATE_CONNECTION_ESTABLISHED l=1).mark_down
2024-04-15T21:04:56.569 INFO:teuthology.orchestra.run.smithi005.stdout:/usr/bin/ceph: stderr
2024-04-15T21:04:55.916+0000 7f3157521700 1 --2- 172.21.15.5:0/632894284 >> [v2:172.21.15.5:3300/0,v1:172.21.15.5:6789/0] conn(0x7f3150104490 0x7f315019bb40 secure :-1 s=READY pgs=85 cs=0 l=1 rev1=1 crypto rx=0x7f314c011670 tx=0x7f314c011aa0 comp rx=0 tx=0).stop
2024-04-15T21:04:56.570 INFO:teuthology.orchestra.run.smithi005.stdout:/usr/bin/ceph: stderr
2024-04-15T21:04:55.916+0000 7f3157521700 1 -- 172.21.15.5:0/632894284 shutdown_connections
2024-04-15T21:04:56.570 INFO:teuthology.orchestra.run.smithi005.stdout:/usr/bin/ceph: stderr
2024-04-15T21:04:55.916+0000 7f3157521700 1 --2- 172.21.15.5:0/632894284 >> [v2:172.21.15.5:6800/314652876,v1:172.21.15.5:6801/314652876] conn(0x7f313c038400 0x7f313c03a8b0 unknown :-1 s=CLOSED pgs=8 cs=0 l=1 rev1=1 crypto rx=0 tx=0 comp rx=0 tx=0).stop
2024-04-15T21:04:56.570 INFO:teuthology.orchestra.run.smithi005.stdout:/usr/bin/ceph: stderr
2024-04-15T21:04:55.916+0000 7f3157521700 1 --2- 172.21.15.5:0/632894284 >> [v2:172.21.15.5:3300/0,v1:172.21.15.5:6789/0] conn(0x7f3150104490 0x7f315019bb40 unknown :-1 s=CLOSED pgs=85 cs=0 l=1 rev1=1 crypto rx=0 tx=0 comp rx=0 tx=0).stop
2024-04-15T21:04:56.570 INFO:teuthology.orchestra.run.smithi005.stdout:/usr/bin/ceph: stderr
2024-04-15T21:04:55.916+0000 7f3157521700 1 -- 172.21.15.5:0/632894284 >> 172.21.15.5:0/632894284 conn(0x7f3150100060 msgr2=0x7f3150190050 unknown :-1 s=STATE_NONE l=0).mark_down
2024-04-15T21:04:56.570 INFO:teuthology.orchestra.run.smithi005.stdout:/usr/bin/ceph: stderr
2024-04-15T21:04:55.916+0000 7f3157521700 1 -- 172.21.15.5:0/632894284 shutdown_connections
2024-04-15T21:04:56.570 INFO:teuthology.orchestra.run.smithi005.stdout:/usr/bin/ceph: stderr
2024-04-15T21:04:55.916+0000 7f3157521700 1 -- 172.21.15.5:0/632894284 wait complete.
2024-04-15T21:04:56.570 INFO:teuthology.orchestra.run.smithi005.stdout:Fetching dashboard port number...
2024-04-15T21:04:56.950 INFO:journalctl@ceph.mon.smithi005.smithi005.stdout:Apr 15 21:04:56 smithi005 ceph-mon[29313]: [15/Apr/2024:21:04:55] ENGINE Bus STARTING
2024-04-15T21:04:56.950 INFO:journalctl@ceph.mon.smithi005.smithi005.stdout:Apr 15 21:04:56 smithi005 ceph-mon[29313]: [15/Apr/2024:21:04:55] ENGINE Serving on https://172.21.15.5:7150
2024-04-15T21:04:56.950 INFO:journalctl@ceph.mon.smithi005.smithi005.stdout:Apr 15 21:04:56 smithi005 ceph-mon[29313]: [15/Apr/2024:21:04:55] ENGINE Serving on http://172.21.15.5:8765
2024-04-15T21:04:56.950 INFO:journalctl@ceph.mon.smithi005.smithi005.stdout:Apr 15 21:04:56 smithi005 ceph-mon[29313]: [15/Apr/2024:21:04:55] ENGINE Bus STARTED
2024-04-15T21:04:56.950 INFO:journalctl@ceph.mon.smithi005.smithi005.stdout:Apr 15 21:04:56 smithi005 ceph-mon[29313]: from='client.14178 -' entity='client.admin' cmd=[{"prefix": "dashboard ac-user-create", "username": "admin", "rolename": "administrator", "force_password": true, "pwd_update_required": true, "target": ["mon-mgr", ""]}]: dispatch
2024-04-15T21:04:56.950 INFO:journalctl@ceph.mon.smithi005.smithi005.stdout:Apr 15 21:04:56 smithi005 ceph-mon[29313]: from='mgr.14164 172.21.15.5:0/1180416424' entity='mgr.smithi005.asqlsh'
2024-04-15T21:04:57.900 INFO:teuthology.orchestra.run.smithi005.stdout:/usr/bin/ceph: stdout 8443
2024-04-15T21:04:57.901 INFO:teuthology.orchestra.run.smithi005.stdout:/usr/bin/ceph: stderr
2024-04-15T21:04:57.031+0000 7f31dc45e700 1 Processor -- start
2024-04-15T21:04:57.901 INFO:teuthology.orchestra.run.smithi005.stdout:/usr/bin/ceph: stderr
2024-04-15T21:04:57.031+0000 7f31dc45e700 1 -- start start
2024-04-15T21:04:57.901 INFO:teuthology.orchestra.run.smithi005.stdout:/usr/bin/ceph: stderr
2024-04-15T21:04:57.031+0000 7f31dc45e700 1 --2- >> [v2:172.21.15.5:3300/0,v1:172.21.15.5:6789/0] conn(0x7f31d407bdb0 0x7f31d407a2b0 unknown :-1 s=NONE pgs=0 cs=0 l=0 rev1=0 crypto rx=0 tx=0 comp rx=0 tx=0).connect
2024-04-15T21:04:57.901 INFO:teuthology.orchestra.run.smithi005.stdout:/usr/bin/ceph: stderr
2024-04-15T21:04:57.031+0000 7f31dc45e700 1 -- --> [v2:172.21.15.5:3300/0,v1:172.21.15.5:6789/0] -- mon_getmap magic: 0 v1 -- 0x7f31d407a7f0 con 0x7f31d407bdb0
2024-04-15T21:04:57.901 INFO:teuthology.orchestra.run.smithi005.stdout:/usr/bin/ceph: stderr
