2024-04-15T21:19:46.495 INFO:teuthology.orchestra.run.smithi012.stdout:/usr/bin/ceph: stderr
2024-04-15T21:19:45.407+0000 7f4b560c0700 1 --2- >> [v2:172.21.15.12:3300/0,v1:172.21.15.12:6789/0] conn(0x7f4b50108de0 0x7f4b50109200 unknown :-1 s=HELLO_CONNECTING pgs=0 cs=0 l=0 rev1=1 crypto rx=0 tx=0 comp rx=0 tx=0).handle_hello peer v2:172.21.15.12:3300/0 says I am v2:172.21.15.12:37480/0 (socket says 172.21.15.12:37480)
2024-04-15T21:19:46.495 INFO:teuthology.orchestra.run.smithi012.stdout:/usr/bin/ceph: stderr
2024-04-15T21:19:45.407+0000 7f4b560c0700 1 -- 172.21.15.12:0/1543031781 learned_addr learned my addr 172.21.15.12:0/1543031781 (peer_addr_for_me v2:172.21.15.12:0/0)
2024-04-15T21:19:46.496 INFO:teuthology.orchestra.run.smithi012.stdout:/usr/bin/ceph: stderr
2024-04-15T21:19:45.407+0000 7f4b560c0700 1 -- 172.21.15.12:0/1543031781 --> [v2:172.21.15.12:3300/0,v1:172.21.15.12:6789/0] -- mon_subscribe({config=0+,monmap=0+}) -- 0x7f4b50109fe0 con 0x7f4b50108de0
2024-04-15T21:19:46.496 INFO:teuthology.orchestra.run.smithi012.stdout:/usr/bin/ceph: stderr
2024-04-15T21:19:45.407+0000 7f4b560c0700 1 --2- 172.21.15.12:0/1543031781 >> [v2:172.21.15.12:3300/0,v1:172.21.15.12:6789/0] conn(0x7f4b50108de0 0x7f4b50109200 secure :-1 s=READY pgs=22 cs=0 l=1 rev1=1 crypto rx=0x7f4b4c0098a0 tx=0x7f4b4c009bb0 comp rx=0 tx=0).ready entity=mon.0 client_cookie=ef1719646eaf8bef server_cookie=0 in_seq=0 out_seq=0
2024-04-15T21:19:46.496 INFO:teuthology.orchestra.run.smithi012.stdout:/usr/bin/ceph: stderr
2024-04-15T21:19:45.407+0000 7f4b550be700 1 -- 172.21.15.12:0/1543031781 <== mon.0 v2:172.21.15.12:3300/0 1 ==== mon_map magic: 0 ==== 205+0+0 (secure 0 0 0) 0x7f4b4c004160 con 0x7f4b50108de0
2024-04-15T21:19:46.496 INFO:teuthology.orchestra.run.smithi012.stdout:/usr/bin/ceph: stderr
2024-04-15T21:19:45.407+0000 7f4b550be700 1 -- 172.21.15.12:0/1543031781 <== mon.0 v2:172.21.15.12:3300/0 2 ==== config(26 keys) ==== 1062+0+0 (secure 0 0 0) 0x7f4b4c004300 con 0x7f4b50108de0
2024-04-15T21:19:46.496 INFO:teuthology.orchestra.run.smithi012.stdout:/usr/bin/ceph: stderr
2024-04-15T21:19:45.407+0000 7f4b550be700 1 -- 172.21.15.12:0/1543031781 <== mon.0 v2:172.21.15.12:3300/0 3 ==== mon_map magic: 0 ==== 205+0+0 (secure 0 0 0) 0x7f4b4c011a60 con 0x7f4b50108de0
2024-04-15T21:19:46.496 INFO:teuthology.orchestra.run.smithi012.stdout:/usr/bin/ceph: stderr
2024-04-15T21:19:45.407+0000 7f4b58324700 1 -- 172.21.15.12:0/1543031781 >> [v2:172.21.15.12:3300/0,v1:172.21.15.12:6789/0] conn(0x7f4b50108de0 msgr2=0x7f4b50109200 secure :-1 s=STATE_CONNECTION_ESTABLISHED l=1).mark_down
2024-04-15T21:19:46.496 INFO:teuthology.orchestra.run.smithi012.stdout:/usr/bin/ceph: stderr
2024-04-15T21:19:45.407+0000 7f4b58324700 1 --2- 172.21.15.12:0/1543031781 >> [v2:172.21.15.12:3300/0,v1:172.21.15.12:6789/0] conn(0x7f4b50108de0 0x7f4b50109200 secure :-1 s=READY pgs=22 cs=0 l=1 rev1=1 crypto rx=0x7f4b4c0098a0 tx=0x7f4b4c009bb0 comp rx=0 tx=0).stop
2024-04-15T21:19:46.496 INFO:teuthology.orchestra.run.smithi012.stdout:/usr/bin/ceph: stderr
2024-04-15T21:19:45.407+0000 7f4b58324700 1 -- 172.21.15.12:0/1543031781 shutdown_connections
2024-04-15T21:19:46.496 INFO:teuthology.orchestra.run.smithi012.stdout:/usr/bin/ceph: stderr
2024-04-15T21:19:45.407+0000 7f4b58324700 1 --2- 172.21.15.12:0/1543031781 >> [v2:172.21.15.12:3300/0,v1:172.21.15.12:6789/0] conn(0x7f4b50108de0 0x7f4b50109200 unknown :-1 s=CLOSED pgs=22 cs=0 l=1 rev1=1 crypto rx=0 tx=0 comp rx=0 tx=0).stop
2024-04-15T21:19:46.496 INFO:teuthology.orchestra.run.smithi012.stdout:/usr/bin/ceph: stderr
2024-04-15T21:19:45.407+0000 7f4b58324700 1 -- 172.21.15.12:0/1543031781 >> 172.21.15.12:0/1543031781 conn(0x7f4b50104490 msgr2=0x7f4b50106880 unknown :-1 s=STATE_NONE l=0).mark_down
2024-04-15T21:19:46.496 INFO:teuthology.orchestra.run.smithi012.stdout:/usr/bin/ceph: stderr
2024-04-15T21:19:45.407+0000 7f4b58324700 1 -- 172.21.15.12:0/1543031781 shutdown_connections
2024-04-15T21:19:46.496 INFO:teuthology.orchestra.run.smithi012.stdout:/usr/bin/ceph: stderr
2024-04-15T21:19:45.407+0000 7f4b58324700 1 -- 172.21.15.12:0/1543031781 wait complete.
2024-04-15T21:19:46.496 INFO:teuthology.orchestra.run.smithi012.stdout:/usr/bin/ceph: stderr
2024-04-15T21:19:45.407+0000 7f4b58324700 1 Processor -- start
2024-04-15T21:19:46.496 INFO:teuthology.orchestra.run.smithi012.stdout:/usr/bin/ceph: stderr
2024-04-15T21:19:45.407+0000 7f4b58324700 1 -- start start
2024-04-15T21:19:46.496 INFO:teuthology.orchestra.run.smithi012.stdout:/usr/bin/ceph: stderr
2024-04-15T21:19:45.407+0000 7f4b58324700 1 --2- >> [v2:172.21.15.12:3300/0,v1:172.21.15.12:6789/0] conn(0x7f4b50108de0 0x7f4b5019cc10 unknown :-1 s=NONE pgs=0 cs=0 l=1 rev1=0 crypto rx=0 tx=0 comp rx=0 tx=0).connect
2024-04-15T21:19:46.497 INFO:teuthology.orchestra.run.smithi012.stdout:/usr/bin/ceph: stderr
2024-04-15T21:19:45.407+0000 7f4b58324700 1 -- --> [v2:172.21.15.12:3300/0,v1:172.21.15.12:6789/0] -- mon_getmap magic: 0 -- 0x7f4b5010d210 con 0x7f4b50108de0
2024-04-15T21:19:46.497 INFO:teuthology.orchestra.run.smithi012.stdout:/usr/bin/ceph: stderr
2024-04-15T21:19:45.407+0000 7f4b560c0700 1 --2- >> [v2:172.21.15.12:3300/0,v1:172.21.15.12:6789/0] conn(0x7f4b50108de0 0x7f4b5019cc10 unknown :-1 s=BANNER_CONNECTING pgs=0 cs=0 l=1 rev1=0 crypto rx=0 tx=0 comp rx=0 tx=0)._handle_peer_banner_payload supported=3 required=0
2024-04-15T21:19:46.497 INFO:teuthology.orchestra.run.smithi012.stdout:/usr/bin/ceph: stderr
2024-04-15T21:19:45.407+0000 7f4b560c0700 1 --2- >> [v2:172.21.15.12:3300/0,v1:172.21.15.12:6789/0] conn(0x7f4b50108de0 0x7f4b5019cc10 unknown :-1 s=HELLO_CONNECTING pgs=0 cs=0 l=1 rev1=1 crypto rx=0 tx=0 comp rx=0 tx=0).handle_hello peer v2:172.21.15.12:3300/0 says I am v2:172.21.15.12:37482/0 (socket says 172.21.15.12:37482)
2024-04-15T21:19:46.497 INFO:teuthology.orchestra.run.smithi012.stdout:/usr/bin/ceph: stderr
2024-04-15T21:19:45.407+0000 7f4b560c0700 1 -- 172.21.15.12:0/3710899873 learned_addr learned my addr 172.21.15.12:0/3710899873 (peer_addr_for_me v2:172.21.15.12:0/0)
2024-04-15T21:19:46.497 INFO:teuthology.orchestra.run.smithi012.stdout:/usr/bin/ceph: stderr
2024-04-15T21:19:45.407+0000 7f4b560c0700 1 -- 172.21.15.12:0/3710899873 --> [v2:172.21.15.12:3300/0,v1:172.21.15.12:6789/0] -- mon_subscribe({config=0+,monmap=0+}) -- 0x7f4b5019d150 con 0x7f4b50108de0
2024-04-15T21:19:46.497 INFO:teuthology.orchestra.run.smithi012.stdout:/usr/bin/ceph: stderr
2024-04-15T21:19:45.407+0000 7f4b560c0700 1 --2- 172.21.15.12:0/3710899873 >> [v2:172.21.15.12:3300/0,v1:172.21.15.12:6789/0] conn(0x7f4b50108de0 0x7f4b5019cc10 secure :-1 s=READY pgs=23 cs=0 l=1 rev1=1 crypto rx=0x7f4b4c011700 tx=0x7f4b4c011ae0 comp rx=0 tx=0).ready entity=mon.0 client_cookie=0 server_cookie=0 in_seq=0 out_seq=0
2024-04-15T21:19:46.497 INFO:teuthology.orchestra.run.smithi012.stdout:/usr/bin/ceph: stderr
2024-04-15T21:19:45.407+0000 7f4b437fe700 1 -- 172.21.15.12:0/3710899873 <== mon.0 v2:172.21.15.12:3300/0 1 ==== mon_map magic: 0 ==== 205+0+0 (secure 0 0 0) 0x7f4b4c0039e0 con 0x7f4b50108de0
2024-04-15T21:19:46.497 INFO:teuthology.orchestra.run.smithi012.stdout:/usr/bin/ceph: stderr
2024-04-15T21:19:45.407+0000 7f4b58324700 1 -- 172.21.15.12:0/3710899873 --> [v2:172.21.15.12:3300/0,v1:172.21.15.12:6789/0] -- mon_subscribe({mgrmap=0+}) -- 0x7f4b5019d3e0 con 0x7f4b50108de0
2024-04-15T21:19:46.497 INFO:teuthology.orchestra.run.smithi012.stdout:/usr/bin/ceph: stderr
2024-04-15T21:19:45.407+0000 7f4b437fe700 1 -- 172.21.15.12:0/3710899873 <== mon.0 v2:172.21.15.12:3300/0 2 ==== config(26 keys) ==== 1062+0+0 (secure 0 0 0) 0x7f4b4c01a8c0 con 0x7f4b50108de0
2024-04-15T21:19:46.497 INFO:teuthology.orchestra.run.smithi012.stdout:/usr/bin/ceph: stderr
2024-04-15T21:19:45.407+0000 7f4b437fe700 1 -- 172.21.15.12:0/3710899873 <== mon.0 v2:172.21.15.12:3300/0 3 ==== mon_map magic: 0 ==== 205+0+0 (secure 0 0 0) 0x7f4b4c024810 con 0x7f4b50108de0
2024-04-15T21:19:46.497 INFO:teuthology.orchestra.run.smithi012.stdout:/usr/bin/ceph: stderr
2024-04-15T21:19:45.407+0000 7f4b58324700 1 -- 172.21.15.12:0/3710899873 --> [v2:172.21.15.12:3300/0,v1:172.21.15.12:6789/0] -- mon_subscribe({osdmap=0}) -- 0x7f4b501a00d0 con 0x7f4b50108de0
2024-04-15T21:19:46.497 INFO:teuthology.orchestra.run.smithi012.stdout:/usr/bin/ceph: stderr
2024-04-15T21:19:45.411+0000 7f4b437fe700 1 -- 172.21.15.12:0/3710899873 <== mon.0 v2:172.21.15.12:3300/0 4 ==== mgrmap(e 4) ==== 46512+0+0 (secure 0 0 0) 0x7f4b4c022020 con 0x7f4b50108de0
2024-04-15T21:19:46.497 INFO:teuthology.orchestra.run.smithi012.stdout:/usr/bin/ceph: stderr
2024-04-15T21:19:45.411+0000 7f4b437fe700 1 --2- 172.21.15.12:0/3710899873 >> v2:172.21.15.12:6800/1565600352 conn(0x7f4b3c0394d0 0x7f4b3c03b990 unknown :-1 s=NONE pgs=0 cs=0 l=1 rev1=0 crypto rx=0 tx=0 comp rx=0 tx=0).connect
2024-04-15T21:19:46.497 INFO:teuthology.orchestra.run.smithi012.stdout:/usr/bin/ceph: stderr
2024-04-15T21:19:45.411+0000 7f4b437fe700 1 -- 172.21.15.12:0/3710899873 <== mon.0 v2:172.21.15.12:3300/0 5 ==== osd_map(1..1 src has 1..1) ==== 725+0+0 (secure 0 0 0) 0x7f4b4c04d750 con 0x7f4b50108de0
2024-04-15T21:19:46.497 INFO:teuthology.orchestra.run.smithi012.stdout:/usr/bin/ceph: stderr
2024-04-15T21:19:45.411+0000 7f4b58324700 1 -- 172.21.15.12:0/3710899873 --> [v2:172.21.15.12:3300/0,v1:172.21.15.12:6789/0] -- mon_command({"prefix": "get_command_descriptions"} v 0) -- 0x7f4b50064150 con 0x7f4b50108de0
2024-04-15T21:19:46.498 INFO:teuthology.orchestra.run.smithi012.stdout:/usr/bin/ceph: stderr
2024-04-15T21:19:45.411+0000 7f4b558bf700 1 --2- 172.21.15.12:0/3710899873 >> v2:172.21.15.12:6800/1565600352 conn(0x7f4b3c0394d0 0x7f4b3c03b990 unknown :-1 s=BANNER_CONNECTING pgs=0 cs=0 l=1 rev1=0 crypto rx=0 tx=0 comp rx=0 tx=0)._handle_peer_banner_payload supported=3 required=0
2024-04-15T21:19:46.498 INFO:teuthology.orchestra.run.smithi012.stdout:/usr/bin/ceph: stderr
2024-04-15T21:19:45.411+0000 7f4b558bf700 1 --2- 172.21.15.12:0/3710899873 >> v2:172.21.15.12:6800/1565600352 conn(0x7f4b3c0394d0 0x7f4b3c03b990 secure :-1 s=READY pgs=8 cs=0 l=1 rev1=1 crypto rx=0x7f4b44006fd0 tx=0x7f4b44006e40 comp rx=0 tx=0).ready entity=mgr.14100 client_cookie=0 server_cookie=0 in_seq=0 out_seq=0
2024-04-15T21:19:46.498 INFO:teuthology.orchestra.run.smithi012.stdout:/usr/bin/ceph: stderr
2024-04-15T21:19:45.415+0000 7f4b437fe700 1 -- 172.21.15.12:0/3710899873 <== mon.0 v2:172.21.15.12:3300/0 6 ==== mon_command_ack([{"prefix": "get_command_descriptions"}]=0 v0) ==== 72+0+188370 (secure 0 0 0) 0x7f4b4c04d4b0 con 0x7f4b50108de0
2024-04-15T21:19:46.498 INFO:teuthology.orchestra.run.smithi012.stdout:/usr/bin/ceph: stderr
2024-04-15T21:19:45.919+0000 7f4b58324700 1 -- 172.21.15.12:0/3710899873 --> [v2:172.21.15.12:3300/0,v1:172.21.15.12:6789/0] -- mon_command({"prefix": "mgr module enable", "module": "cephadm"} v 0) -- 0x7f4b501a04b0 con 0x7f4b50108de0
2024-04-15T21:19:46.498 INFO:teuthology.orchestra.run.smithi012.stdout:/usr/bin/ceph: stderr
2024-04-15T21:19:45.971+0000 7f4b437fe700 1 -- 172.21.15.12:0/3710899873 <== mon.0 v2:172.21.15.12:3300/0 7 ==== mon_command_ack([{"prefix": "mgr module enable", "module": "cephadm"}]=0 v5) ==== 86+0+0 (secure 0 0 0) 0x7f4b4c032030 con 0x7f4b50108de0
2024-04-15T21:19:46.498 INFO:teuthology.orchestra.run.smithi012.stdout:/usr/bin/ceph: stderr
2024-04-15T21:19:45.975+0000 7f4b437fe700 1 -- 172.21.15.12:0/3710899873 <== mon.0 v2:172.21.15.12:3300/0 8 ==== mgrmap(e 5) ==== 46523+0+0 (secure 0 0 0) 0x7f4b4c02d720 con 0x7f4b50108de0
2024-04-15T21:19:46.498 INFO:teuthology.orchestra.run.smithi012.stdout:/usr/bin/ceph: stderr
2024-04-15T21:19:45.975+0000 7f4b58324700 1 -- 172.21.15.12:0/3710899873 >> v2:172.21.15.12:6800/1565600352 conn(0x7f4b3c0394d0 msgr2=0x7f4b3c03b990 secure :-1 s=STATE_CONNECTION_ESTABLISHED l=1).mark_down
2024-04-15T21:19:46.498 INFO:teuthology.orchestra.run.smithi012.stdout:/usr/bin/ceph: stderr
2024-04-15T21:19:45.975+0000 7f4b58324700 1 --2- 172.21.15.12:0/3710899873 >> v2:172.21.15.12:6800/1565600352 conn(0x7f4b3c0394d0 0x7f4b3c03b990 secure :-1 s=READY pgs=8 cs=0 l=1 rev1=1 crypto rx=0x7f4b44006fd0 tx=0x7f4b44006e40 comp rx=0 tx=0).stop
2024-04-15T21:19:46.498 INFO:teuthology.orchestra.run.smithi012.stdout:/usr/bin/ceph: stderr
2024-04-15T21:19:45.975+0000 7f4b58324700 1 -- 172.21.15.12:0/3710899873 >> [v2:172.21.15.12:3300/0,v1:172.21.15.12:6789/0] conn(0x7f4b50108de0 msgr2=0x7f4b5019cc10 secure :-1 s=STATE_CONNECTION_ESTABLISHED l=1).mark_down
2024-04-15T21:19:46.498 INFO:teuthology.orchestra.run.smithi012.stdout:/usr/bin/ceph: stderr
2024-04-15T21:19:45.975+0000 7f4b58324700 1 --2- 172.21.15.12:0/3710899873 >> [v2:172.21.15.12:3300/0,v1:172.21.15.12:6789/0] conn(0x7f4b50108de0 0x7f4b5019cc10 secure :-1 s=READY pgs=23 cs=0 l=1 rev1=1 crypto rx=0x7f4b4c011700 tx=0x7f4b4c011ae0 comp rx=0 tx=0).stop
2024-04-15T21:19:46.498 INFO:teuthology.orchestra.run.smithi012.stdout:/usr/bin/ceph: stderr
2024-04-15T21:19:45.975+0000 7f4b58324700 1 -- 172.21.15.12:0/3710899873 shutdown_connections
2024-04-15T21:19:46.498 INFO:teuthology.orchestra.run.smithi012.stdout:/usr/bin/ceph: stderr
2024-04-15T21:19:45.975+0000 7f4b58324700 1 --2- 172.21.15.12:0/3710899873 >> v2:172.21.15.12:6800/1565600352 conn(0x7f4b3c0394d0 0x7f4b3c03b990 unknown :-1 s=CLOSED pgs=8 cs=0 l=1 rev1=1 crypto rx=0 tx=0 comp rx=0 tx=0).stop
2024-04-15T21:19:46.498 INFO:teuthology.orchestra.run.smithi012.stdout:/usr/bin/ceph: stderr
2024-04-15T21:19:45.975+0000 7f4b58324700 1 --2- 172.21.15.12:0/3710899873 >> [v2:172.21.15.12:3300/0,v1:172.21.15.12:6789/0] conn(0x7f4b50108de0 0x7f4b5019cc10 unknown :-1 s=CLOSED pgs=23 cs=0 l=1 rev1=1 crypto rx=0 tx=0 comp rx=0 tx=0).stop
2024-04-15T21:19:46.498 INFO:teuthology.orchestra.run.smithi012.stdout:/usr/bin/ceph: stderr
2024-04-15T21:19:45.975+0000 7f4b58324700 1 -- 172.21.15.12:0/3710899873 >> 172.21.15.12:0/3710899873 conn(0x7f4b50104490 msgr2=0x7f4b50105f80 unknown :-1 s=STATE_NONE l=0).mark_down
2024-04-15T21:19:46.498 INFO:teuthology.orchestra.run.smithi012.stdout:/usr/bin/ceph: stderr
2024-04-15T21:19:45.975+0000 7f4b58324700 1 -- 172.21.15.12:0/3710899873 shutdown_connections
2024-04-15T21:19:46.499 INFO:teuthology.orchestra.run.smithi012.stdout:/usr/bin/ceph: stderr
2024-04-15T21:19:45.975+0000 7f4b58324700 1 -- 172.21.15.12:0/3710899873 wait complete.
2024-04-15T21:19:47.470 INFO:journalctl@ceph.mon.a.smithi012.stdout:Apr 15 21:19:46 smithi012 bash[21426]: audit
2024-04-15T21:19:45.974896+0000 mon.a (mon.0) 37 : audit [INF] from='client.? 172.21.15.12:0/3710899873' entity='client.admin' cmd='[{"prefix": "mgr module enable", "module": "cephadm"}]': finished
2024-04-15T21:19:47.470 INFO:journalctl@ceph.mon.a.smithi012.stdout:Apr 15 21:19:46 smithi012 bash[21426]: cluster
2024-04-15T21:19:45.979542+0000 mon.a (mon.0) 38 : cluster [DBG] mgrmap e5: y(active, since 6s)
2024-04-15T21:19:48.072 INFO:journalctl@ceph.mon.a.smithi012.stdout:Apr 15 21:19:47 smithi012 bash[21426]: audit
2024-04-15T21:19:47.889453+0000 mon.a (mon.0) 39 : audit [DBG] from='client.? 172.21.15.12:0/2952719705' entity='client.admin' cmd=[{"prefix": "mgr stat"}]: dispatch
2024-04-15T21:19:48.073 INFO:journalctl@ceph.mgr.y.smithi012.stdout:Apr 15 21:19:47 smithi012 bash[21681]: debug
2024-04-15T21:19:47.787+0000 7fb525e95200 -1 mgr[py] Module rook has missing NOTIFY_TYPES member
2024-04-15T21:19:48.073 INFO:journalctl@ceph.mgr.y.smithi012.stdout:Apr 15 21:19:47 smithi012 bash[21681]: debug
2024-04-15T21:19:47.891+0000 7fb525e95200 -1 mgr[py] Module iostat has missing NOTIFY_TYPES member
2024-04-15T21:19:48.450 INFO:teuthology.orchestra.run.smithi012.stdout:/usr/bin/ceph: stdout {
2024-04-15T21:19:48.450 INFO:teuthology.orchestra.run.smithi012.stdout:/usr/bin/ceph: stdout "epoch": 5,
2024-04-15T21:19:48.450 INFO:teuthology.orchestra.run.smithi012.stdout:/usr/bin/ceph: stdout "available": true,
2024-04-15T21:19:48.450 INFO:teuthology.orchestra.run.smithi012.stdout:/usr/bin/ceph: stdout "active_name": "y",
2024-04-15T21:19:48.450 INFO:teuthology.orchestra.run.smithi012.stdout:/usr/bin/ceph: stdout "num_standby": 0
2024-04-15T21:19:48.450 INFO:teuthology.orchestra.run.smithi012.stdout:/usr/bin/ceph: stdout }
2024-04-15T21:19:48.450 INFO:teuthology.orchestra.run.smithi012.stdout:/usr/bin/ceph: stderr
2024-04-15T21:19:47.371+0000 7fb2b342a700 1 Processor -- start
2024-04-15T21:19:48.450 INFO:teuthology.orchestra.run.smithi012.stdout:/usr/bin/ceph: stderr
2024-04-15T21:19:47.371+0000 7fb2b342a700 1 -- start start
2024-04-15T21:19:48.450 INFO:teuthology.orchestra.run.smithi012.stdout:/usr/bin/ceph: stderr
2024-04-15T21:19:47.371+0000 7fb2b342a700 1 --2- >> [v2:172.21.15.12:3300/0,v1:172.21.15.12:6789/0] conn(0x7fb2ac107600 0x7fb2ac1099f0 unknown :-1 s=NONE pgs=0 cs=0 l=0 rev1=0 crypto rx=0 tx=0 comp rx=0 tx=0).connect
2024-04-15T21:19:48.451 INFO:teuthology.orchestra.run.smithi012.stdout:/usr/bin/ceph: stderr
2024-04-15T21:19:47.371+0000 7fb2b342a700 1 -- --> [v2:172.21.15.12:3300/0,v1:172.21.15.12:6789/0] -- mon_getmap magic: 0 -- 0x7fb2ac079e80 con 0x7fb2ac107600
2024-04-15T21:19:48.451 INFO:teuthology.orchestra.run.smithi012.stdout:/usr/bin/ceph: stderr
2024-04-15T21:19:47.371+0000 7fb2b11c6700 1 --2- >> [v2:172.21.15.12:3300/0,v1:172.21.15.12:6789/0] conn(0x7fb2ac107600 0x7fb2ac1099f0 unknown :-1 s=BANNER_CONNECTING pgs=0 cs=0 l=0 rev1=0 crypto rx=0 tx=0 comp rx=0 tx=0)._handle_peer_banner_payload supported=3 required=0
2024-04-15T21:19:48.451 INFO:teuthology.orchestra.run.smithi012.stdout:/usr/bin/ceph: stderr
2024-04-15T21:19:47.371+0000 7fb2b11c6700 1 --2- >> [v2:172.21.15.12:3300/0,v1:172.21.15.12:6789/0] conn(0x7fb2ac107600 0x7fb2ac1099f0 unknown :-1 s=HELLO_CONNECTING pgs=0 cs=0 l=0 rev1=1 crypto rx=0 tx=0 comp rx=0 tx=0).handle_hello peer v2:172.21.15.12:3300/0 says I am v2:172.21.15.12:37506/0 (socket says 172.21.15.12:37506)
2024-04-15T21:19:48.451 INFO:teuthology.orchestra.run.smithi012.stdout:/usr/bin/ceph: stderr
2024-04-15T21:19:47.371+0000 7fb2b11c6700 1 -- 172.21.15.12:0/403549627 learned_addr learned my addr 172.21.15.12:0/403549627 (peer_addr_for_me v2:172.21.15.12:0/0)
2024-04-15T21:19:48.451 INFO:teuthology.orchestra.run.smithi012.stdout:/usr/bin/ceph: stderr
2024-04-15T21:19:47.371+0000 7fb2b11c6700 1 -- 172.21.15.12:0/403549627 --> [v2:172.21.15.12:3300/0,v1:172.21.15.12:6789/0] -- mon_subscribe({config=0+,monmap=0+}) -- 0x7fb2ac109f30 con 0x7fb2ac107600
2024-04-15T21:19:48.451 INFO:teuthology.orchestra.run.smithi012.stdout:/usr/bin/ceph: stderr
2024-04-15T21:19:47.371+0000 7fb2b11c6700 1 --2- 172.21.15.12:0/403549627 >> [v2:172.21.15.12:3300/0,v1:172.21.15.12:6789/0] conn(0x7fb2ac107600 0x7fb2ac1099f0 secure :-1 s=READY pgs=26 cs=0 l=1 rev1=1 crypto rx=0x7fb2a8009e80 tx=0x7fb2a800b330 comp rx=0 tx=0).ready entity=mon.0 client_cookie=d943fe8d98ed6cc0 server_cookie=0 in_seq=0 out_seq=0
2024-04-15T21:19:48.451 INFO:teuthology.orchestra.run.smithi012.stdout:/usr/bin/ceph: stderr
2024-04-15T21:19:47.371+0000 7fb2a3fff700 1 -- 172.21.15.12:0/403549627 <== mon.0 v2:172.21.15.12:3300/0 1 ==== mon_map magic: 0 ==== 205+0+0 (secure 0 0 0) 0x7fb2a8017070 con 0x7fb2ac107600
2024-04-15T21:19:48.451 INFO:teuthology.orchestra.run.smithi012.stdout:/usr/bin/ceph: stderr
2024-04-15T21:19:47.371+0000 7fb2a3fff700 1 -- 172.21.15.12:0/403549627 <== mon.0 v2:172.21.15.12:3300/0 2 ==== config(26 keys) ==== 1062+0+0 (secure 0 0 0) 0x7fb2a800b8c0 con 0x7fb2ac107600
2024-04-15T21:19:48.451 INFO:teuthology.orchestra.run.smithi012.stdout:/usr/bin/ceph: stderr
2024-04-15T21:19:47.371+0000 7fb2a3fff700 1 -- 172.21.15.12:0/403549627 <== mon.0 v2:172.21.15.12:3300/0 3 ==== mon_map magic: 0 ==== 205+0+0 (secure 0 0 0) 0x7fb2a8004470 con 0x7fb2ac107600
2024-04-15T21:19:48.451 INFO:teuthology.orchestra.run.smithi012.stdout:/usr/bin/ceph: stderr
2024-04-15T21:19:47.371+0000 7fb2b342a700 1 -- 172.21.15.12:0/403549627 >> [v2:172.21.15.12:3300/0,v1:172.21.15.12:6789/0] conn(0x7fb2ac107600 msgr2=0x7fb2ac1099f0 secure :-1 s=STATE_CONNECTION_ESTABLISHED l=1).mark_down
2024-04-15T21:19:48.451 INFO:teuthology.orchestra.run.smithi012.stdout:/usr/bin/ceph: stderr
2024-04-15T21:19:47.371+0000 7fb2b342a700 1 --2- 172.21.15.12:0/403549627 >> [v2:172.21.15.12:3300/0,v1:172.21.15.12:6789/0] conn(0x7fb2ac107600 0x7fb2ac1099f0 secure :-1 s=READY pgs=26 cs=0 l=1 rev1=1 crypto rx=0x7fb2a8009e80 tx=0x7fb2a800b330 comp rx=0 tx=0).stop
2024-04-15T21:19:48.451 INFO:teuthology.orchestra.run.smithi012.stdout:/usr/bin/ceph: stderr
2024-04-15T21:19:47.371+0000 7fb2b342a700 1 -- 172.21.15.12:0/403549627 shutdown_connections
2024-04-15T21:19:48.451 INFO:teuthology.orchestra.run.smithi012.stdout:/usr/bin/ceph: stderr
2024-04-15T21:19:47.371+0000 7fb2b342a700 1 --2- 172.21.15.12:0/403549627 >> [v2:172.21.15.12:3300/0,v1:172.21.15.12:6789/0] conn(0x7fb2ac107600 0x7fb2ac1099f0 unknown :-1 s=CLOSED pgs=26 cs=0 l=1 rev1=1 crypto rx=0 tx=0 comp rx=0 tx=0).stop
2024-04-15T21:19:48.451 INFO:teuthology.orchestra.run.smithi012.stdout:/usr/bin/ceph: stderr
2024-04-15T21:19:47.371+0000 7fb2b342a700 1 -- 172.21.15.12:0/403549627 >> 172.21.15.12:0/403549627 conn(0x7fb2ac101010 msgr2=0x7fb2ac103470 unknown :-1 s=STATE_NONE l=0).mark_down
2024-04-15T21:19:48.451 INFO:teuthology.orchestra.run.smithi012.stdout:/usr/bin/ceph: stderr
2024-04-15T21:19:47.375+0000 7fb2b342a700 1 -- 172.21.15.12:0/403549627 shutdown_connections
2024-04-15T21:19:48.452 INFO:teuthology.orchestra.run.smithi012.stdout:/usr/bin/ceph: stderr
2024-04-15T21:19:47.375+0000 7fb2b342a700 1 -- 172.21.15.12:0/403549627 wait complete.
2024-04-15T21:19:48.452 INFO:teuthology.orchestra.run.smithi012.stdout:/usr/bin/ceph: stderr
2024-04-15T21:19:47.375+0000 7fb2b342a700 1 Processor -- start
2024-04-15T21:19:48.452 INFO:teuthology.orchestra.run.smithi012.stdout:/usr/bin/ceph: stderr
2024-04-15T21:19:47.375+0000 7fb2b342a700 1 -- start start
2024-04-15T21:19:48.452 INFO:teuthology.orchestra.run.smithi012.stdout:/usr/bin/ceph: stderr
2024-04-15T21:19:47.375+0000 7fb2b342a700 1 --2- >> [v2:172.21.15.12:3300/0,v1:172.21.15.12:6789/0] conn(0x7fb2ac107600 0x7fb2ac19a9a0 unknown :-1 s=NONE pgs=0 cs=0 l=1 rev1=0 crypto rx=0 tx=0 comp rx=0 tx=0).connect
2024-04-15T21:19:48.452 INFO:teuthology.orchestra.run.smithi012.stdout:/usr/bin/ceph: stderr
2024-04-15T21:19:47.375+0000 7fb2b342a700 1 -- --> [v2:172.21.15.12:3300/0,v1:172.21.15.12:6789/0] -- mon_getmap magic: 0 -- 0x7fb2ac10ae20 con 0x7fb2ac107600
2024-04-15T21:19:48.452 INFO:teuthology.orchestra.run.smithi012.stdout:/usr/bin/ceph: stderr
2024-04-15T21:19:47.375+0000 7fb2b11c6700 1 --2- >> [v2:172.21.15.12:3300/0,v1:172.21.15.12:6789/0] conn(0x7fb2ac107600 0x7fb2ac19a9a0 unknown :-1 s=BANNER_CONNECTING pgs=0 cs=0 l=1 rev1=0 crypto rx=0 tx=0 comp rx=0 tx=0)._handle_peer_banner_payload supported=3 required=0
2024-04-15T21:19:48.452 INFO:teuthology.orchestra.run.smithi012.stdout:/usr/bin/ceph: stderr
2024-04-15T21:19:47.375+0000 7fb2b11c6700 1 --2- >> [v2:172.21.15.12:3300/0,v1:172.21.15.12:6789/0] conn(0x7fb2ac107600 0x7fb2ac19a9a0 unknown :-1 s=HELLO_CONNECTING pgs=0 cs=0 l=1 rev1=1 crypto rx=0 tx=0 comp rx=0 tx=0).handle_hello peer v2:172.21.15.12:3300/0 says I am v2:172.21.15.12:37520/0 (socket says 172.21.15.12:37520)
2024-04-15T21:19:48.452 INFO:teuthology.orchestra.run.smithi012.stdout:/usr/bin/ceph: stderr
2024-04-15T21:19:47.375+0000 7fb2b11c6700 1 -- 172.21.15.12:0/2952719705 learned_addr learned my addr 172.21.15.12:0/2952719705 (peer_addr_for_me v2:172.21.15.12:0/0)
2024-04-15T21:19:48.452 INFO:teuthology.orchestra.run.smithi012.stdout:/usr/bin/ceph: stderr
2024-04-15T21:19:47.375+0000 7fb2b11c6700 1 -- 172.21.15.12:0/2952719705 --> [v2:172.21.15.12:3300/0,v1:172.21.15.12:6789/0] -- mon_subscribe({config=0+,monmap=0+}) -- 0x7fb2ac19aee0 con 0x7fb2ac107600
2024-04-15T21:19:48.452 INFO:teuthology.orchestra.run.smithi012.stdout:/usr/bin/ceph: stderr
2024-04-15T21:19:47.375+0000 7fb2b11c6700 1 --2- 172.21.15.12:0/2952719705 >> [v2:172.21.15.12:3300/0,v1:172.21.15.12:6789/0] conn(0x7fb2ac107600 0x7fb2ac19a9a0 secure :-1 s=READY pgs=27 cs=0 l=1 rev1=1 crypto rx=0x7fb2a80072a0 tx=0x7fb2a8009610 comp rx=0 tx=0).ready entity=mon.0 client_cookie=0 server_cookie=0 in_seq=0 out_seq=0
2024-04-15T21:19:48.452 INFO:teuthology.orchestra.run.smithi012.stdout:/usr/bin/ceph: stderr
2024-04-15T21:19:47.375+0000 7fb2a27fc700 1 -- 172.21.15.12:0/2952719705 <== mon.0 v2:172.21.15.12:3300/0 1 ==== mon_map magic: 0 ==== 205+0+0 (secure 0 0 0) 0x7fb2a8021020 con 0x7fb2ac107600
2024-04-15T21:19:48.452 INFO:teuthology.orchestra.run.smithi012.stdout:/usr/bin/ceph: stderr
2024-04-15T21:19:47.375+0000 7fb2a27fc700 1 -- 172.21.15.12:0/2952719705 <== mon.0 v2:172.21.15.12:3300/0 2 ==== config(26 keys) ==== 1062+0+0 (secure 0 0 0) 0x7fb2a8003d40 con 0x7fb2ac107600
2024-04-15T21:19:48.452 INFO:teuthology.orchestra.run.smithi012.stdout:/usr/bin/ceph: stderr
2024-04-15T21:19:47.375+0000 7fb2b342a700 1 -- 172.21.15.12:0/2952719705 --> [v2:172.21.15.12:3300/0,v1:172.21.15.12:6789/0] -- mon_subscribe({mgrmap=0+}) -- 0x7fb2ac19b170 con 0x7fb2ac107600
2024-04-15T21:19:48.452 INFO:teuthology.orchestra.run.smithi012.stdout:/usr/bin/ceph: stderr
2024-04-15T21:19:47.375+0000 7fb2a27fc700 1 -- 172.21.15.12:0/2952719705 <== mon.0 v2:172.21.15.12:3300/0 3 ==== mon_map magic: 0 ==== 205+0+0 (secure 0 0 0) 0x7fb2a8017040 con 0x7fb2ac107600
2024-04-15T21:19:48.452 INFO:teuthology.orchestra.run.smithi012.stdout:/usr/bin/ceph: stderr
2024-04-15T21:19:47.375+0000 7fb2b342a700 1 -- 172.21.15.12:0/2952719705 --> [v2:172.21.15.12:3300/0,v1:172.21.15.12:6789/0] -- mon_subscribe({osdmap=0}) -- 0x7fb2ac19de60 con 0x7fb2ac107600
2024-04-15T21:19:48.452 INFO:teuthology.orchestra.run.smithi012.stdout:/usr/bin/ceph: stderr
2024-04-15T21:19:47.375+0000 7fb2a27fc700 1 -- 172.21.15.12:0/2952719705 <== mon.0 v2:172.21.15.12:3300/0 4 ==== mgrmap(e 5) ==== 46523+0+0 (secure 0 0 0) 0x7fb2a8024020 con 0x7fb2ac107600
2024-04-15T21:19:48.453 INFO:teuthology.orchestra.run.smithi012.stdout:/usr/bin/ceph: stderr
2024-04-15T21:19:47.375+0000 7fb297fff700 1 -- 172.21.15.12:0/2952719705 --> [v2:172.21.15.12:3300/0,v1:172.21.15.12:6789/0] -- mon_command({"prefix": "get_command_descriptions"} v 0) -- 0x7fb28c005120 con 0x7fb2ac107600
2024-04-15T21:19:48.453 INFO:teuthology.orchestra.run.smithi012.stdout:/usr/bin/ceph: stderr
2024-04-15T21:19:47.375+0000 7fb2a27fc700 1 --2- 172.21.15.12:0/2952719705 >> v2:172.21.15.12:6800/1565600352 conn(0x7fb298039570 0x7fb29803ba30 unknown :-1 s=NONE pgs=0 cs=0 l=1 rev1=0 crypto rx=0 tx=0 comp rx=0 tx=0).connect
2024-04-15T21:19:48.453 INFO:teuthology.orchestra.run.smithi012.stdout:/usr/bin/ceph: stderr
2024-04-15T21:19:47.375+0000 7fb2a27fc700 1 -- 172.21.15.12:0/2952719705 <== mon.0 v2:172.21.15.12:3300/0 5 ==== osd_map(1..1 src has 1..1) ==== 725+0+0 (secure 0 0 0) 0x7fb2a800f050 con 0x7fb2ac107600
2024-04-15T21:19:48.453 INFO:teuthology.orchestra.run.smithi012.stdout:/usr/bin/ceph: stderr
2024-04-15T21:19:47.375+0000 7fb2b09c5700 1 -- 172.21.15.12:0/2952719705 >> v2:172.21.15.12:6800/1565600352 conn(0x7fb298039570 msgr2=0x7fb29803ba30 unknown :-1 s=STATE_CONNECTING_RE l=1).process reconnect failed to v2:172.21.15.12:6800/1565600352
2024-04-15T21:19:48.453 INFO:teuthology.orchestra.run.smithi012.stdout:/usr/bin/ceph: stderr
2024-04-15T21:19:47.375+0000 7fb2b09c5700 1 --2- 172.21.15.12:0/2952719705 >> v2:172.21.15.12:6800/1565600352 conn(0x7fb298039570 0x7fb29803ba30 unknown :-1 s=START_CONNECT pgs=0 cs=0 l=1 rev1=0 crypto rx=0 tx=0 comp rx=0 tx=0)._fault waiting 0.200000
2024-04-15T21:19:48.453 INFO:teuthology.orchestra.run.smithi012.stdout:/usr/bin/ceph: stderr
2024-04-15T21:19:47.383+0000 7fb2a27fc700 1 -- 172.21.15.12:0/2952719705 <== mon.0 v2:172.21.15.12:3300/0 6 ==== mon_command_ack([{"prefix": "get_command_descriptions"}]=0 v0) ==== 72+0+188370 (secure 0 0 0) 0x7fb2a802b020 con 0x7fb2ac107600
2024-04-15T21:19:48.453 INFO:teuthology.orchestra.run.smithi012.stdout:/usr/bin/ceph: stderr
2024-04-15T21:19:47.575+0000 7fb2b09c5700 1 -- 172.21.15.12:0/2952719705 >> v2:172.21.15.12:6800/1565600352 conn(0x7fb298039570 msgr2=0x7fb29803ba30 unknown :-1 s=STATE_CONNECTING_RE l=1).process reconnect failed to v2:172.21.15.12:6800/1565600352
2024-04-15T21:19:48.453 INFO:teuthology.orchestra.run.smithi012.stdout:/usr/bin/ceph: stderr
2024-04-15T21:19:47.575+0000 7fb2b09c5700 1 --2- 172.21.15.12:0/2952719705 >> v2:172.21.15.12:6800/1565600352 conn(0x7fb298039570 0x7fb29803ba30 unknown :-1 s=START_CONNECT pgs=0 cs=0 l=1 rev1=0 crypto rx=0 tx=0 comp rx=0 tx=0)._fault waiting 0.400000
2024-04-15T21:19:48.453 INFO:teuthology.orchestra.run.smithi012.stdout:/usr/bin/ceph: stderr
2024-04-15T21:19:47.883+0000 7fb297fff700 1 -- 172.21.15.12:0/2952719705 --> [v2:172.21.15.12:3300/0,v1:172.21.15.12:6789/0] -- mon_command({"prefix": "mgr stat"} v 0) -- 0x7fb28c005c20 con 0x7fb2ac107600
2024-04-15T21:19:48.453 INFO:teuthology.orchestra.run.smithi012.stdout:/usr/bin/ceph: stderr
2024-04-15T21:19:47.887+0000 7fb2a27fc700 1 -- 172.21.15.12:0/2952719705 <== mon.0 v2:172.21.15.12:3300/0 7 ==== mon_command_ack([{"prefix": "mgr stat"}]=0 v5) ==== 56+0+88 (secure 0 0 0) 0x7fb2a8019260 con 0x7fb2ac107600
2024-04-15T21:19:48.453 INFO:teuthology.orchestra.run.smithi012.stdout:/usr/bin/ceph: stderr
2024-04-15T21:19:47.887+0000 7fb297fff700 1 -- 172.21.15.12:0/2952719705 >> v2:172.21.15.12:6800/1565600352 conn(0x7fb298039570 msgr2=0x7fb29803ba30 unknown :-1 s=STATE_CONNECTING l=1).mark_down
2024-04-15T21:19:48.453 INFO:teuthology.orchestra.run.smithi012.stdout:/usr/bin/ceph: stderr
2024-04-15T21:19:47.887+0000 7fb297fff700 1 --2- 172.21.15.12:0/2952719705 >> v2:172.21.15.12:6800/1565600352 conn(0x7fb298039570 0x7fb29803ba30 unknown :-1 s=START_CONNECT pgs=0 cs=0 l=1 rev1=0 crypto rx=0 tx=0 comp rx=0 tx=0).stop
2024-04-15T21:19:48.453 INFO:teuthology.orchestra.run.smithi012.stdout:/usr/bin/ceph: stderr
2024-04-15T21:19:47.887+0000 7fb297fff700 1 -- 172.21.15.12:0/2952719705 >> [v2:172.21.15.12:3300/0,v1:172.21.15.12:6789/0] conn(0x7fb2ac107600 msgr2=0x7fb2ac19a9a0 secure :-1 s=STATE_CONNECTION_ESTABLISHED l=1).mark_down
2024-04-15T21:19:48.454 INFO:teuthology.orchestra.run.smithi012.stdout:/usr/bin/ceph: stderr
2024-04-15T21:19:47.887+0000 7fb297fff700 1 --2- 172.21.15.12:0/2952719705 >> [v2:172.21.15.12:3300/0,v1:172.21.15.12:6789/0] conn(0x7fb2ac107600 0x7fb2ac19a9a0 secure :-1 s=READY pgs=27 cs=0 l=1 rev1=1 crypto rx=0x7fb2a80072a0 tx=0x7fb2a8009610 comp rx=0 tx=0).stop
2024-04-15T21:19:48.454 INFO:teuthology.orchestra.run.smithi012.stdout:/usr/bin/ceph: stderr
2024-04-15T21:19:47.887+0000 7fb297fff700 1 -- 172.21.15.12:0/2952719705 shutdown_connections
2024-04-15T21:19:48.454 INFO:teuthology.orchestra.run.smithi012.stdout:/usr/bin/ceph: stderr
2024-04-15T21:19:47.887+0000 7fb297fff700 1 --2- 172.21.15.12:0/2952719705 >> v2:172.21.15.12:6800/1565600352 conn(0x7fb298039570 0x7fb29803ba30 unknown :-1 s=CLOSED pgs=0 cs=0 l=1 rev1=0 crypto rx=0 tx=0 comp rx=0 tx=0).stop
2024-04-15T21:19:48.454 INFO:teuthology.orchestra.run.smithi012.stdout:/usr/bin/ceph: stderr
2024-04-15T21:19:47.887+0000 7fb297fff700 1 --2- 172.21.15.12:0/2952719705 >> [v2:172.21.15.12:3300/0,v1:172.21.15.12:6789/0] conn(0x7fb2ac107600 0x7fb2ac19a9a0 unknown :-1 s=CLOSED pgs=27 cs=0 l=1 rev1=1 crypto rx=0 tx=0 comp rx=0 tx=0).stop
2024-04-15T21:19:48.454 INFO:teuthology.orchestra.run.smithi012.stdout:/usr/bin/ceph: stderr
2024-04-15T21:19:47.887+0000 7fb297fff700 1 -- 172.21.15.12:0/2952719705 >> 172.21.15.12:0/2952719705 conn(0x7fb2ac101010 msgr2=0x7fb2ac101b00 unknown :-1 s=STATE_NONE l=0).mark_down
2024-04-15T21:19:48.454 INFO:teuthology.orchestra.run.smithi012.stdout:/usr/bin/ceph: stderr
2024-04-15T21:19:47.887+0000 7fb297fff700 1 -- 172.21.15.12:0/2952719705 shutdown_connections
2024-04-15T21:19:48.454 INFO:teuthology.orchestra.run.smithi012.stdout:/usr/bin/ceph: stderr
2024-04-15T21:19:47.887+0000 7fb297fff700 1 -- 172.21.15.12:0/2952719705 wait complete.
2024-04-15T21:19:48.454 INFO:teuthology.orchestra.run.smithi012.stdout:Waiting for the mgr to restart...
2024-04-15T21:19:48.454 INFO:teuthology.orchestra.run.smithi012.stdout:Waiting for mgr epoch 5...
2024-04-15T21:19:48.463 INFO:journalctl@ceph.mgr.y.smithi012.stdout:Apr 15 21:19:48 smithi012 bash[21681]: debug
2024-04-15T21:19:48.151+0000 7fb525e95200 -1 mgr[py] Module telemetry has missing NOTIFY_TYPES member
2024-04-15T21:19:49.470 INFO:journalctl@ceph.mgr.y.smithi012.stdout:Apr 15 21:19:48 smithi012 bash[21681]: debug
2024-04-15T21:19:48.975+0000 7fb525e95200 -1 mgr[py] Module osd_support has missing NOTIFY_TYPES member
2024-04-15T21:19:49.470 INFO:journalctl@ceph.mgr.y.smithi012.stdout:Apr 15 21:19:49 smithi012 bash[21681]: debug
2024-04-15T21:19:49.091+0000 7fb525e95200 -1 mgr[py] Module selftest has missing NOTIFY_TYPES member
2024-04-15T21:19:49.470 INFO:journalctl@ceph.mgr.y.smithi012.stdout:Apr 15 21:19:49 smithi012 bash[21681]: debug
2024-04-15T21:19:49.199+0000 7fb525e95200 -1 mgr[py] Module progress has missing NOTIFY_TYPES member
2024-04-15T21:19:49.970 INFO:journalctl@ceph.mgr.y.smithi012.stdout:Apr 15 21:19:49 smithi012 bash[21681]: debug
2024-04-15T21:19:49.571+0000 7fb525e95200 -1 mgr[py] Module rgw has missing NOTIFY_TYPES member
2024-04-15T21:19:49.970 INFO:journalctl@ceph.mgr.y.smithi012.stdout:Apr 15 21:19:49 smithi012 bash[21681]: debug
2024-04-15T21:19:49.687+0000 7fb525e95200 -1 mgr[py] Module crash has missing NOTIFY_TYPES member
2024-04-15T21:19:49.970 INFO:journalctl@ceph.mgr.y.smithi012.stdout:Apr 15 21:19:49 smithi012 bash[21681]: debug
2024-04-15T21:19:49.799+0000 7fb525e95200 -1 mgr[py] Module telegraf has missing NOTIFY_TYPES member
2024-04-15T21:19:50.440 INFO:journalctl@ceph.mgr.y.smithi012.stdout:Apr 15 21:19:50 smithi012 bash[21681]: debug
2024-04-15T21:19:50.171+0000 7fb525e95200 -1 mgr[py] Module pg_autoscaler has missing NOTIFY_TYPES member
2024-04-15T21:19:50.710 INFO:journalctl@ceph.mgr.y.smithi012.stdout:Apr 15 21:19:50 smithi012 bash[21681]: debug
2024-04-15T21:19:50.435+0000 7fb525e95200 -1 mgr[py] Module zabbix has missing NOTIFY_TYPES member
2024-04-15T21:19:50.970 INFO:journalctl@ceph.mgr.y.smithi012.stdout:Apr 15 21:19:50 smithi012 bash[21681]: debug
2024-04-15T21:19:50.707+0000 7fb525e95200 -1 mgr[py] Module nfs has missing NOTIFY_TYPES member
2024-04-15T21:19:50.970 INFO:journalctl@ceph.mgr.y.smithi012.stdout:Apr 15 21:19:50 smithi012 bash[21681]: debug
2024-04-15T21:19:50.823+0000 7fb525e95200 -1 mgr[py] Module balancer has missing NOTIFY_TYPES member
2024-04-15T21:19:51.470 INFO:journalctl@ceph.mgr.y.smithi012.stdout:Apr 15 21:19:51 smithi012 bash[21681]: debug
2024-04-15T21:19:51.107+0000 7fb525e95200 -1 mgr[py] Module diskprediction_local has missing NOTIFY_TYPES member
2024-04-15T21:19:51.901 INFO:journalctl@ceph.mgr.y.smithi012.stdout:Apr 15 21:19:51 smithi012 bash[21681]: debug
2024-04-15T21:19:51.527+0000 7fb525e95200 -1 mgr[py] Module orchestrator has missing NOTIFY_TYPES member
2024-04-15T21:19:51.901 INFO:journalctl@ceph.mgr.y.smithi012.stdout:Apr 15 21:19:51 smithi012 bash[21681]: debug
2024-04-15T21:19:51.775+0000 7fb525e95200 -1 mgr[py] Module rbd_support has missing NOTIFY_TYPES member
2024-04-15T21:19:51.901 INFO:journalctl@ceph.mgr.y.smithi012.stdout:Apr 15 21:19:51 smithi012 bash[21681]: debug
2024-04-15T21:19:51.899+0000 7fb525e95200 -1 mgr[py] Module alerts has missing NOTIFY_TYPES member
2024-04-15T21:19:52.470 INFO:journalctl@ceph.mgr.y.smithi012.stdout:Apr 15 21:19:52 smithi012 bash[21681]: debug
2024-04-15T21:19:52.155+0000 7fb525e95200 -1 mgr[py] Module test_orchestrator has missing NOTIFY_TYPES member
2024-04-15T21:19:53.470 INFO:journalctl@ceph.mgr.y.smithi012.stdout:Apr 15 21:19:53 smithi012 bash[21681]: debug
2024-04-15T21:19:53.211+0000 7fb525e95200 -1 mgr[py] Module influx has missing NOTIFY_TYPES member
2024-04-15T21:19:53.470 INFO:journalctl@ceph.mgr.y.smithi012.stdout:Apr 15 21:19:53 smithi012 bash[21681]: debug
2024-04-15T21:19:53.331+0000 7fb525e95200 -1 mgr[py] Module status has missing NOTIFY_TYPES member
2024-04-15T21:19:53.970 INFO:journalctl@ceph.mgr.y.smithi012.stdout:Apr 15 21:19:53 smithi012 bash[21681]: debug
2024-04-15T21:19:53.635+0000 7fb525e95200 -1 mgr[py] Module volumes has missing NOTIFY_TYPES member
2024-04-15T21:19:53.970 INFO:journalctl@ceph.mgr.y.smithi012.stdout:Apr 15 21:19:53 smithi012 bash[21681]: debug
2024-04-15T21:19:53.751+0000 7fb525e95200 -1 mgr[py] Module osd_perf_query has missing NOTIFY_TYPES member
2024-04-15T21:19:54.721 INFO:journalctl@ceph.mgr.y.smithi012.stdout:Apr 15 21:19:54 smithi012 bash[21681]: debug
2024-04-15T21:19:54.219+0000 7fb525e95200 -1 mgr[py] Module prometheus has missing NOTIFY_TYPES member
2024-04-15T21:19:54.721 INFO:journalctl@ceph.mgr.y.smithi012.stdout:Apr 15 21:19:54 smithi012 bash[21681]: debug
2024-04-15T21:19:54.343+0000 7fb525e95200 -1 mgr[py] Module snap_schedule has missing NOTIFY_TYPES member
2024-04-15T21:19:54.721 INFO:journalctl@ceph.mon.a.smithi012.stdout:Apr 15 21:19:54 smithi012 bash[21426]: cluster
2024-04-15T21:19:54.367316+0000 mon.a (mon.0) 40 : cluster [INF] Active manager daemon y restarted
2024-04-15T21:19:54.721 INFO:journalctl@ceph.mon.a.smithi012.stdout:Apr 15 21:19:54 smithi012 bash[21426]: cluster
2024-04-15T21:19:54.367774+0000 mon.a (mon.0) 41 : cluster [INF] Activating manager daemon y
2024-04-15T21:19:54.721 INFO:journalctl@ceph.mon.a.smithi012.stdout:Apr 15 21:19:54 smithi012 bash[21426]: cluster
2024-04-15T21:19:54.376842+0000 mon.a (mon.0) 42 : cluster [DBG] osdmap e2: 0 total, 0 up, 0 in
2024-04-15T21:19:54.721 INFO:journalctl@ceph.mon.a.smithi012.stdout:Apr 15 21:19:54 smithi012 bash[21426]: cluster
2024-04-15T21:19:54.377089+0000 mon.a (mon.0) 43 : cluster [DBG] mgrmap e6: y(active, starting, since 0.00947948s)
2024-04-15T21:19:54.721 INFO:journalctl@ceph.mon.a.smithi012.stdout:Apr 15 21:19:54 smithi012 bash[21426]: audit
2024-04-15T21:19:54.379762+0000 mon.a (mon.0) 44 : audit [DBG] from='mgr.14120 172.21.15.12:0/1549359335' entity='mgr.y' cmd=[{"prefix": "mon metadata", "id": "a"}]: dispatch
2024-04-15T21:19:54.721 INFO:journalctl@ceph.mon.a.smithi012.stdout:Apr 15 21:19:54 smithi012 bash[21426]: audit
2024-04-15T21:19:54.381613+0000 mon.a (mon.0) 45 : audit [DBG] from='mgr.14120 172.21.15.12:0/1549359335' entity='mgr.y' cmd=[{"prefix": "mgr metadata", "who": "y", "id": "y"}]: dispatch
2024-04-15T21:19:54.722 INFO:journalctl@ceph.mon.a.smithi012.stdout:Apr 15 21:19:54 smithi012 bash[21426]: audit
2024-04-15T21:19:54.382760+0000 mon.a (mon.0) 46 : audit [DBG] from='mgr.14120 172.21.15.12:0/1549359335' entity='mgr.y' cmd=[{"prefix": "mds metadata"}]: dispatch
2024-04-15T21:19:54.722 INFO:journalctl@ceph.mon.a.smithi012.stdout:Apr 15 21:19:54 smithi012 bash[21426]: audit
2024-04-15T21:19:54.383274+0000 mon.a (mon.0) 47 : audit [DBG] from='mgr.14120 172.21.15.12:0/1549359335' entity='mgr.y' cmd=[{"prefix": "osd metadata"}]: dispatch
2024-04-15T21:19:54.722 INFO:journalctl@ceph.mon.a.smithi012.stdout:Apr 15 21:19:54 smithi012 bash[21426]: audit
2024-04-15T21:19:54.383714+0000 mon.a (mon.0) 48 : audit [DBG] from='mgr.14120 172.21.15.12:0/1549359335' entity='mgr.y' cmd=[{"prefix": "mon metadata"}]: dispatch
2024-04-15T21:19:54.722 INFO:journalctl@ceph.mon.a.smithi012.stdout:Apr 15 21:19:54 smithi012 bash[21426]: cluster
2024-04-15T21:19:54.411971+0000 mon.a (mon.0) 49 : cluster [INF] Manager daemon y is now available
2024-04-15T21:19:55.720 INFO:journalctl@ceph.mon.a.smithi012.stdout:Apr 15 21:19:55 smithi012 bash[21426]: cephadm
2024-04-15T21:19:54.438585+0000 mgr.y (mgr.14120) 1 : cephadm [INF] Found migration_current of "None". Setting to last migration.
2024-04-15T21:19:55.720 INFO:journalctl@ceph.mon.a.smithi012.stdout:Apr 15 21:19:55 smithi012 bash[21426]: audit
2024-04-15T21:19:54.440914+0000 mon.a (mon.0) 50 : audit [INF] from='mgr.14120 172.21.15.12:0/1549359335' entity='mgr.y'
2024-04-15T21:19:55.720 INFO:journalctl@ceph.mon.a.smithi012.stdout:Apr 15 21:19:55 smithi012 bash[21426]: audit
2024-04-15T21:19:54.443488+0000 mon.a (mon.0) 51 : audit [INF] from='mgr.14120 172.21.15.12:0/1549359335' entity='mgr.y'
2024-04-15T21:19:55.721 INFO:journalctl@ceph.mon.a.smithi012.stdout:Apr 15 21:19:55 smithi012 bash[21426]: audit
2024-04-15T21:19:54.448178+0000 mon.a (mon.0) 52 : audit [DBG] from='mgr.14120 172.21.15.12:0/1549359335' entity='mgr.y' cmd=[{"prefix": "config dump", "format": "json"}]: dispatch
2024-04-15T21:19:55.721 INFO:journalctl@ceph.mon.a.smithi012.stdout:Apr 15 21:19:55 smithi012 bash[21426]: audit
2024-04-15T21:19:54.452850+0000 mon.a (mon.0) 53 : audit [DBG] from='mgr.14120 172.21.15.12:0/1549359335' entity='mgr.y' cmd=[{"prefix": "config dump", "format": "json"}]: dispatch
2024-04-15T21:19:55.721 INFO:journalctl@ceph.mon.a.smithi012.stdout:Apr 15 21:19:55 smithi012 bash[21426]: audit
2024-04-15T21:19:54.460734+0000 mon.a (mon.0) 54 : audit [INF] from='mgr.14120 172.21.15.12:0/1549359335' entity='mgr.y' cmd=[{"prefix":"config rm","who":"mgr","name":"mgr/rbd_support/y/mirror_snapshot_schedule"}]: dispatch
2024-04-15T21:19:55.721 INFO:journalctl@ceph.mon.a.smithi012.stdout:Apr 15 21:19:55 smithi012 bash[21426]: audit
2024-04-15T21:19:54.463955+0000 mon.a (mon.0) 55 : audit [INF] from='mgr.14120 172.21.15.12:0/1549359335' entity='mgr.y' cmd=[{"prefix":"config rm","who":"mgr","name":"mgr/rbd_support/y/trash_purge_schedule"}]: dispatch
2024-04-15T21:19:55.721 INFO:journalctl@ceph.mon.a.smithi012.stdout:Apr 15 21:19:55 smithi012 bash[21426]: cluster
2024-04-15T21:19:55.379987+0000 mon.a (mon.0) 56 : cluster [DBG] mgrmap e7: y(active, since 1.01237s)
2024-04-15T21:19:55.984 INFO:teuthology.orchestra.run.smithi012.stdout:/usr/bin/ceph: stdout {
2024-04-15T21:19:55.984 INFO:teuthology.orchestra.run.smithi012.stdout:/usr/bin/ceph: stdout "mgrmap_epoch": 7,
2024-04-15T21:19:55.984 INFO:teuthology.orchestra.run.smithi012.stdout:/usr/bin/ceph: stdout "initialized": true
2024-04-15T21:19:55.984 INFO:teuthology.orchestra.run.smithi012.stdout:/usr/bin/ceph: stdout }
2024-04-15T21:19:55.984 INFO:teuthology.orchestra.run.smithi012.stdout:/usr/bin/ceph: stderr
2024-04-15T21:19:49.267+0000 7f1347b36700 1 Processor -- start
2024-04-15T21:19:55.984 INFO:teuthology.orchestra.run.smithi012.stdout:/usr/bin/ceph: stderr
2024-04-15T21:19:49.267+0000 7f1347b36700 1 -- start start
2024-04-15T21:19:55.984 INFO:teuthology.orchestra.run.smithi012.stdout:/usr/bin/ceph: stderr
2024-04-15T21:19:49.267+0000 7f1347b36700 1 --2- >> [v2:172.21.15.12:3300/0,v1:172.21.15.12:6789/0] conn(0x7f134007c720 0x7f134007ab80 unknown :-1 s=NONE pgs=0 cs=0 l=0 rev1=0 crypto rx=0 tx=0 comp rx=0 tx=0).connect
2024-04-15T21:19:55.984 INFO:teuthology.orchestra.run.smithi012.stdout:/usr/bin/ceph: stderr
2024-04-15T21:19:49.267+0000 7f1347b36700 1 -- --> [v2:172.21.15.12:3300/0,v1:172.21.15.12:6789/0] -- mon_getmap magic: 0 -- 0x7f134007b150 con 0x7f134007c720
2024-04-15T21:19:55.984 INFO:teuthology.orchestra.run.smithi012.stdout:/usr/bin/ceph: stderr
2024-04-15T21:19:49.267+0000 7f13458d2700 1 --2- >> [v2:172.21.15.12:3300/0,v1:172.21.15.12:6789/0] conn(0x7f134007c720 0x7f134007ab80 unknown :-1 s=BANNER_CONNECTING pgs=0 cs=0 l=0 rev1=0 crypto rx=0 tx=0 comp rx=0 tx=0)._handle_peer_banner_payload supported=3 required=0
2024-04-15T21:19:55.985 INFO:teuthology.orchestra.run.smithi012.stdout:/usr/bin/ceph: stderr
2024-04-15T21:19:49.267+0000 7f13458d2700 1 --2- >> [v2:172.21.15.12:3300/0,v1:172.21.15.12:6789/0] conn(0x7f134007c720 0x7f134007ab80 unknown :-1 s=HELLO_CONNECTING pgs=0 cs=0 l=0 rev1=1 crypto rx=0 tx=0 comp rx=0 tx=0).handle_hello peer v2:172.21.15.12:3300/0 says I am v2:172.21.15.12:37524/0 (socket says 172.21.15.12:37524)
2024-04-15T21:19:55.985 INFO:teuthology.orchestra.run.smithi012.stdout:/usr/bin/ceph: stderr
2024-04-15T21:19:49.267+0000 7f13458d2700 1 -- 172.21.15.12:0/1254157128 learned_addr learned my addr 172.21.15.12:0/1254157128 (peer_addr_for_me v2:172.21.15.12:0/0)
2024-04-15T21:19:55.985 INFO:teuthology.orchestra.run.smithi012.stdout:/usr/bin/ceph: stderr
2024-04-15T21:19:49.267+0000 7f13458d2700 1 -- 172.21.15.12:0/1254157128 --> [v2:172.21.15.12:3300/0,v1:172.21.15.12:6789/0] -- mon_subscribe({config=0+,monmap=0+}) -- 0x7f134007b2d0 con 0x7f134007c720
2024-04-15T21:19:55.985 INFO:teuthology.orchestra.run.smithi012.stdout:/usr/bin/ceph: stderr
2024-04-15T21:19:49.267+0000 7f13458d2700 1 --2- 172.21.15.12:0/1254157128 >> [v2:172.21.15.12:3300/0,v1:172.21.15.12:6789/0] conn(0x7f134007c720 0x7f134007ab80 secure :-1 s=READY pgs=28 cs=0 l=1 rev1=1 crypto rx=0x7f133c0098a0 tx=0x7f133c009bb0 comp rx=0 tx=0).ready entity=mon.0 client_cookie=11b03604c894803e server_cookie=0 in_seq=0 out_seq=0
2024-04-15T21:19:55.985 INFO:teuthology.orchestra.run.smithi012.stdout:/usr/bin/ceph: stderr
2024-04-15T21:19:49.267+0000 7f13448d0700 1 -- 172.21.15.12:0/1254157128 <== mon.0 v2:172.21.15.12:3300/0 1 ==== mon_map magic: 0 ==== 205+0+0 (secure 0 0 0) 0x7f133c004160 con 0x7f134007c720
2024-04-15T21:19:55.985 INFO:teuthology.orchestra.run.smithi012.stdout:/usr/bin/ceph: stderr
2024-04-15T21:19:49.267+0000 7f13448d0700 1 -- 172.21.15.12:0/1254157128 <== mon.0 v2:172.21.15.12:3300/0 2 ==== config(26 keys) ==== 1062+0+0 (secure 0 0 0) 0x7f133c004300 con 0x7f134007c720
2024-04-15T21:19:55.985 INFO:teuthology.orchestra.run.smithi012.stdout:/usr/bin/ceph: stderr
2024-04-15T21:19:49.267+0000 7f13448d0700 1 -- 172.21.15.12:0/1254157128 <== mon.0 v2:172.21.15.12:3300/0 3 ==== mon_map magic: 0 ==== 205+0+0 (secure 0 0 0) 0x7f133c011a60 con 0x7f134007c720
2024-04-15T21:19:55.991 INFO:teuthology.orchestra.run.smithi012.stdout:/usr/bin/ceph: stderr
2024-04-15T21:19:49.267+0000 7f1347b36700 1 -- 172.21.15.12:0/1254157128 >> [v2:172.21.15.12:3300/0,v1:172.21.15.12:6789/0] conn(0x7f134007c720 msgr2=0x7f134007ab80 secure :-1 s=STATE_CONNECTION_ESTABLISHED l=1).mark_down
2024-04-15T21:19:55.991 INFO:teuthology.orchestra.run.smithi012.stdout:/usr/bin/ceph: stderr
2024-04-15T21:19:49.267+0000 7f1347b36700 1 --2- 172.21.15.12:0/1254157128 >> [v2:172.21.15.12:3300/0,v1:172.21.15.12:6789/0] conn(0x7f134007c720 0x7f134007ab80 secure :-1 s=READY pgs=28 cs=0 l=1 rev1=1 crypto rx=0x7f133c0098a0 tx=0x7f133c009bb0 comp rx=0 tx=0).stop
2024-04-15T21:19:55.991 INFO:teuthology.orchestra.run.smithi012.stdout:/usr/bin/ceph: stderr
2024-04-15T21:19:49.267+0000 7f1347b36700 1 -- 172.21.15.12:0/1254157128 shutdown_connections
2024-04-15T21:19:55.991 INFO:teuthology.orchestra.run.smithi012.stdout:/usr/bin/ceph: stderr
2024-04-15T21:19:49.267+0000 7f1347b36700 1 --2- 172.21.15.12:0/1254157128 >> [v2:172.21.15.12:3300/0,v1:172.21.15.12:6789/0] conn(0x7f134007c720 0x7f134007ab80 unknown :-1 s=CLOSED pgs=28 cs=0 l=1 rev1=1 crypto rx=0 tx=0 comp rx=0 tx=0).stop
2024-04-15T21:19:55.991 INFO:teuthology.orchestra.run.smithi012.stdout:/usr/bin/ceph: stderr
2024-04-15T21:19:49.271+0000 7f1347b36700 1 -- 172.21.15.12:0/1254157128 >> 172.21.15.12:0/1254157128 conn(0x7f13401021a0 msgr2=0x7f13401045c0 unknown :-1 s=STATE_NONE l=0).mark_down
2024-04-15T21:19:55.991 INFO:teuthology.orchestra.run.smithi012.stdout:/usr/bin/ceph: stderr
2024-04-15T21:19:49.271+0000 7f1347b36700 1 -- 172.21.15.12:0/1254157128 shutdown_connections
2024-04-15T21:19:55.991 INFO:teuthology.orchestra.run.smithi012.stdout:/usr/bin/ceph: stderr
2024-04-15T21:19:49.271+0000 7f1347b36700 1 -- 172.21.15.12:0/1254157128 wait complete.
2024-04-15T21:19:55.991 INFO:teuthology.orchestra.run.smithi012.stdout:/usr/bin/ceph: stderr
2024-04-15T21:19:49.271+0000 7f1347b36700 1 Processor -- start
2024-04-15T21:19:55.991 INFO:teuthology.orchestra.run.smithi012.stdout:/usr/bin/ceph: stderr
2024-04-15T21:19:49.271+0000 7f1347b36700 1 -- start start
2024-04-15T21:19:55.992 INFO:teuthology.orchestra.run.smithi012.stdout:/usr/bin/ceph: stderr
2024-04-15T21:19:49.271+0000 7f1347b36700 1 --2- >> [v2:172.21.15.12:3300/0,v1:172.21.15.12:6789/0] conn(0x7f134007c720 0x7f134019cbc0 unknown :-1 s=NONE pgs=0 cs=0 l=1 rev1=0 crypto rx=0 tx=0 comp rx=0 tx=0).connect
2024-04-15T21:19:55.992 INFO:teuthology.orchestra.run.smithi012.stdout:/usr/bin/ceph: stderr
2024-04-15T21:19:49.271+0000 7f1347b36700 1 -- --> [v2:172.21.15.12:3300/0,v1:172.21.15.12:6789/0] -- mon_getmap magic: 0 -- 0x7f134010d0a0 con 0x7f134007c720
2024-04-15T21:19:55.992 INFO:teuthology.orchestra.run.smithi012.stdout:/usr/bin/ceph: stderr
2024-04-15T21:19:49.271+0000 7f13458d2700 1 --2- >> [v2:172.21.15.12:3300/0,v1:172.21.15.12:6789/0] conn(0x7f134007c720 0x7f134019cbc0 unknown :-1 s=BANNER_CONNECTING pgs=0 cs=0 l=1 rev1=0 crypto rx=0 tx=0 comp rx=0 tx=0)._handle_peer_banner_payload supported=3 required=0
2024-04-15T21:19:55.992 INFO:teuthology.orchestra.run.smithi012.stdout:/usr/bin/ceph: stderr
2024-04-15T21:19:49.271+0000 7f13458d2700 1 --2- >> [v2:172.21.15.12:3300/0,v1:172.21.15.12:6789/0] conn(0x7f134007c720 0x7f134019cbc0 unknown :-1 s=HELLO_CONNECTING pgs=0 cs=0 l=1 rev1=1 crypto rx=0 tx=0 comp rx=0 tx=0).handle_hello peer v2:172.21.15.12:3300/0 says I am v2:172.21.15.12:37534/0 (socket says 172.21.15.12:37534)
2024-04-15T21:19:55.992 INFO:teuthology.orchestra.run.smithi012.stdout:/usr/bin/ceph: stderr
2024-04-15T21:19:49.271+0000 7f13458d2700 1 -- 172.21.15.12:0/1114160829 learned_addr learned my addr 172.21.15.12:0/1114160829 (peer_addr_for_me v2:172.21.15.12:0/0)
2024-04-15T21:19:55.992 INFO:teuthology.orchestra.run.smithi012.stdout:/usr/bin/ceph: stderr
2024-04-15T21:19:49.271+0000 7f13458d2700 1 -- 172.21.15.12:0/1114160829 --> [v2:172.21.15.12:3300/0,v1:172.21.15.12:6789/0] -- mon_subscribe({config=0+,monmap=0+}) -- 0x7f134019d100 con 0x7f134007c720
2024-04-15T21:19:55.992 INFO:teuthology.orchestra.run.smithi012.stdout:/usr/bin/ceph: stderr
2024-04-15T21:19:49.271+0000 7f13458d2700 1 --2- 172.21.15.12:0/1114160829 >> [v2:172.21.15.12:3300/0,v1:172.21.15.12:6789/0] conn(0x7f134007c720 0x7f134019cbc0 secure :-1 s=READY pgs=29 cs=0 l=1 rev1=1 crypto rx=0x7f133c011700 tx=0x7f133c011ae0 comp rx=0 tx=0).ready entity=mon.0 client_cookie=0 server_cookie=0 in_seq=0 out_seq=0
2024-04-15T21:19:55.992 INFO:teuthology.orchestra.run.smithi012.stdout:/usr/bin/ceph: stderr
