2024-04-16T02:26:38.835 INFO:teuthology.orchestra.run.smithi151.stdout:/usr/bin/ceph: stderr
2024-04-16T02:26:37.707+0000 7fcdc2ffd700 1 --2- 172.21.15.151:0/239084031 >> [v2:172.21.15.151:3300/0,v1:172.21.15.151:6789/0] conn(0x7fcdc4106540 0x7fcdc419a2a0 secure :-1 s=READY pgs=85 cs=0 l=1 rev1=1 crypto rx=0x7fcdb4011670 tx=0x7fcdb4011aa0 comp rx=0 tx=0).ready entity=mon.0 client_cookie=0 server_cookie=0 in_seq=0 out_seq=0
2024-04-16T02:26:38.835 INFO:teuthology.orchestra.run.smithi151.stdout:/usr/bin/ceph: stderr
2024-04-16T02:26:37.708+0000 7fcdc0ff9700 1 -- 172.21.15.151:0/239084031 <== mon.0 v2:172.21.15.151:3300/0 1 ==== mon_map magic: 0 v1 ==== 229+0+0 (secure 0 0 0) 0x7fcdb40039c0 con 0x7fcdc4106540
2024-04-16T02:26:38.835 INFO:teuthology.orchestra.run.smithi151.stdout:/usr/bin/ceph: stderr
2024-04-16T02:26:37.708+0000 7fcdc0ff9700 1 -- 172.21.15.151:0/239084031 <== mon.0 v2:172.21.15.151:3300/0 2 ==== config(27 keys) v1 ==== 1101+0+0 (secure 0 0 0) 0x7fcdb4003b20 con 0x7fcdc4106540
2024-04-16T02:26:38.836 INFO:teuthology.orchestra.run.smithi151.stdout:/usr/bin/ceph: stderr
2024-04-16T02:26:37.708+0000 7fcdc95f8700 1 -- 172.21.15.151:0/239084031 --> [v2:172.21.15.151:3300/0,v1:172.21.15.151:6789/0] -- mon_subscribe({mgrmap=0+}) v3 -- 0x7fcdc419a9e0 con 0x7fcdc4106540
2024-04-16T02:26:38.836 INFO:teuthology.orchestra.run.smithi151.stdout:/usr/bin/ceph: stderr
2024-04-16T02:26:37.708+0000 7fcdc0ff9700 1 -- 172.21.15.151:0/239084031 <== mon.0 v2:172.21.15.151:3300/0 3 ==== mon_map magic: 0 v1 ==== 229+0+0 (secure 0 0 0) 0x7fcdb40247f0 con 0x7fcdc4106540
2024-04-16T02:26:38.836 INFO:teuthology.orchestra.run.smithi151.stdout:/usr/bin/ceph: stderr
2024-04-16T02:26:37.708+0000 7fcdc95f8700 1 -- 172.21.15.151:0/239084031 --> [v2:172.21.15.151:3300/0,v1:172.21.15.151:6789/0] -- mon_subscribe({osdmap=0}) v3 -- 0x7fcdc419ae80 con 0x7fcdc4106540
2024-04-16T02:26:38.836 INFO:teuthology.orchestra.run.smithi151.stdout:/usr/bin/ceph: stderr
2024-04-16T02:26:37.709+0000 7fcdc0ff9700 1 -- 172.21.15.151:0/239084031 <== mon.0 v2:172.21.15.151:3300/0 4 ==== mgrmap(e 12) v1 ==== 45296+0+0 (secure 0 0 0) 0x7fcdb4024ab0 con 0x7fcdc4106540
2024-04-16T02:26:38.836 INFO:teuthology.orchestra.run.smithi151.stdout:/usr/bin/ceph: stderr
2024-04-16T02:26:37.709+0000 7fcdc95f8700 1 -- 172.21.15.151:0/239084031 --> [v2:172.21.15.151:3300/0,v1:172.21.15.151:6789/0] -- mon_command({"prefix": "get_command_descriptions"} v 0) v1 -- 0x7fcdc4194380 con 0x7fcdc4106540
2024-04-16T02:26:38.836 INFO:teuthology.orchestra.run.smithi151.stdout:/usr/bin/ceph: stderr
2024-04-16T02:26:37.709+0000 7fcdc0ff9700 1 --2- 172.21.15.151:0/239084031 >> [v2:172.21.15.151:6800/3544869641,v1:172.21.15.151:6801/3544869641] conn(0x7fcdb0038330 0x7fcdb003a7f0 unknown :-1 s=NONE pgs=0 cs=0 l=1 rev1=0 crypto rx=0 tx=0 comp rx=0 tx=0).connect
2024-04-16T02:26:38.836 INFO:teuthology.orchestra.run.smithi151.stdout:/usr/bin/ceph: stderr
2024-04-16T02:26:37.709+0000 7fcdc0ff9700 1 -- 172.21.15.151:0/239084031 <== mon.0 v2:172.21.15.151:3300/0 5 ==== osd_map(3..3 src has 1..3) v4 ==== 1155+0+0 (secure 0 0 0) 0x7fcdb404c6c0 con 0x7fcdc4106540
2024-04-16T02:26:38.836 INFO:teuthology.orchestra.run.smithi151.stdout:/usr/bin/ceph: stderr
2024-04-16T02:26:37.709+0000 7fcdba7fc700 1 --2- 172.21.15.151:0/239084031 >> [v2:172.21.15.151:6800/3544869641,v1:172.21.15.151:6801/3544869641] conn(0x7fcdb0038330 0x7fcdb003a7f0 unknown :-1 s=BANNER_CONNECTING pgs=0 cs=0 l=1 rev1=0 crypto rx=0 tx=0 comp rx=0 tx=0)._handle_peer_banner_payload supported=3 required=0
2024-04-16T02:26:38.836 INFO:teuthology.orchestra.run.smithi151.stdout:/usr/bin/ceph: stderr
2024-04-16T02:26:37.709+0000 7fcdba7fc700 1 --2- 172.21.15.151:0/239084031 >> [v2:172.21.15.151:6800/3544869641,v1:172.21.15.151:6801/3544869641] conn(0x7fcdb0038330 0x7fcdb003a7f0 secure :-1 s=READY pgs=8 cs=0 l=1 rev1=1 crypto rx=0x7fcdac006fd0 tx=0x7fcdac006e40 comp rx=0 tx=0).ready entity=mgr.14164 client_cookie=0 server_cookie=0 in_seq=0 out_seq=0
2024-04-16T02:26:38.836 INFO:teuthology.orchestra.run.smithi151.stdout:/usr/bin/ceph: stderr
2024-04-16T02:26:37.713+0000 7fcdc0ff9700 1 -- 172.21.15.151:0/239084031 <== mon.0 v2:172.21.15.151:3300/0 6 ==== mon_command_ack([{"prefix": "get_command_descriptions"}]=0 v0) v1 ==== 72+0+180422 (secure 0 0 0) 0x7fcdb4022310 con 0x7fcdc4106540
2024-04-16T02:26:38.836 INFO:teuthology.orchestra.run.smithi151.stdout:/usr/bin/ceph: stderr
2024-04-16T02:26:37.944+0000 7fcdc95f8700 1 -- 172.21.15.151:0/239084031 --> [v2:172.21.15.151:6800/3544869641,v1:172.21.15.151:6801/3544869641] -- mgr_command(tid 0: {"prefix": "dashboard ac-user-create", "username": "admin", "rolename": "administrator", "force_password": true, "pwd_update_required": true, "target": ["mon-mgr", ""]}) v1 -- 0x7fcdc402d090 con 0x7fcdb0038330
2024-04-16T02:26:38.836 INFO:teuthology.orchestra.run.smithi151.stdout:/usr/bin/ceph: stderr
2024-04-16T02:26:38.169+0000 7fcdc0ff9700 1 -- 172.21.15.151:0/239084031 <== mgr.14164 v2:172.21.15.151:6800/3544869641 1 ==== mgr_command_reply(tid 0: 0 ) v1 ==== 8+0+252 (secure 0 0 0) 0x7fcdc402d090 con 0x7fcdb0038330
2024-04-16T02:26:38.836 INFO:teuthology.orchestra.run.smithi151.stdout:/usr/bin/ceph: stderr
2024-04-16T02:26:38.172+0000 7fcdc95f8700 1 -- 172.21.15.151:0/239084031 >> [v2:172.21.15.151:6800/3544869641,v1:172.21.15.151:6801/3544869641] conn(0x7fcdb0038330 msgr2=0x7fcdb003a7f0 secure :-1 s=STATE_CONNECTION_ESTABLISHED l=1).mark_down
2024-04-16T02:26:38.836 INFO:teuthology.orchestra.run.smithi151.stdout:/usr/bin/ceph: stderr
2024-04-16T02:26:38.172+0000 7fcdc95f8700 1 --2- 172.21.15.151:0/239084031 >> [v2:172.21.15.151:6800/3544869641,v1:172.21.15.151:6801/3544869641] conn(0x7fcdb0038330 0x7fcdb003a7f0 secure :-1 s=READY pgs=8 cs=0 l=1 rev1=1 crypto rx=0x7fcdac006fd0 tx=0x7fcdac006e40 comp rx=0 tx=0).stop
2024-04-16T02:26:38.837 INFO:teuthology.orchestra.run.smithi151.stdout:/usr/bin/ceph: stderr
2024-04-16T02:26:38.172+0000 7fcdc95f8700 1 -- 172.21.15.151:0/239084031 >> [v2:172.21.15.151:3300/0,v1:172.21.15.151:6789/0] conn(0x7fcdc4106540 msgr2=0x7fcdc419a2a0 secure :-1 s=STATE_CONNECTION_ESTABLISHED l=1).mark_down
2024-04-16T02:26:38.837 INFO:teuthology.orchestra.run.smithi151.stdout:/usr/bin/ceph: stderr
2024-04-16T02:26:38.172+0000 7fcdc95f8700 1 --2- 172.21.15.151:0/239084031 >> [v2:172.21.15.151:3300/0,v1:172.21.15.151:6789/0] conn(0x7fcdc4106540 0x7fcdc419a2a0 secure :-1 s=READY pgs=85 cs=0 l=1 rev1=1 crypto rx=0x7fcdb4011670 tx=0x7fcdb4011aa0 comp rx=0 tx=0).stop
2024-04-16T02:26:38.837 INFO:teuthology.orchestra.run.smithi151.stdout:/usr/bin/ceph: stderr
2024-04-16T02:26:38.172+0000 7fcdc95f8700 1 -- 172.21.15.151:0/239084031 shutdown_connections
2024-04-16T02:26:38.837 INFO:teuthology.orchestra.run.smithi151.stdout:/usr/bin/ceph: stderr
2024-04-16T02:26:38.172+0000 7fcdc95f8700 1 --2- 172.21.15.151:0/239084031 >> [v2:172.21.15.151:6800/3544869641,v1:172.21.15.151:6801/3544869641] conn(0x7fcdb0038330 0x7fcdb003a7f0 unknown :-1 s=CLOSED pgs=8 cs=0 l=1 rev1=1 crypto rx=0 tx=0 comp rx=0 tx=0).stop
2024-04-16T02:26:38.837 INFO:teuthology.orchestra.run.smithi151.stdout:/usr/bin/ceph: stderr
2024-04-16T02:26:38.172+0000 7fcdc95f8700 1 --2- 172.21.15.151:0/239084031 >> [v2:172.21.15.151:3300/0,v1:172.21.15.151:6789/0] conn(0x7fcdc4106540 0x7fcdc419a2a0 unknown :-1 s=CLOSED pgs=85 cs=0 l=1 rev1=1 crypto rx=0 tx=0 comp rx=0 tx=0).stop
2024-04-16T02:26:38.837 INFO:teuthology.orchestra.run.smithi151.stdout:/usr/bin/ceph: stderr
2024-04-16T02:26:38.172+0000 7fcdc95f8700 1 -- 172.21.15.151:0/239084031 >> 172.21.15.151:0/239084031 conn(0x7fcdc4101b00 msgr2=0x7fcdc4103260 unknown :-1 s=STATE_NONE l=0).mark_down
2024-04-16T02:26:38.837 INFO:teuthology.orchestra.run.smithi151.stdout:/usr/bin/ceph: stderr
2024-04-16T02:26:38.172+0000 7fcdc95f8700 1 -- 172.21.15.151:0/239084031 shutdown_connections
2024-04-16T02:26:38.837 INFO:teuthology.orchestra.run.smithi151.stdout:/usr/bin/ceph: stderr
2024-04-16T02:26:38.172+0000 7fcdc95f8700 1 -- 172.21.15.151:0/239084031 wait complete.
2024-04-16T02:26:38.837 INFO:teuthology.orchestra.run.smithi151.stdout:Fetching dashboard port number...
2024-04-16T02:26:39.398 INFO:journalctl@ceph.mon.smithi151.smithi151.stdout:Apr 16 02:26:39 smithi151 ceph-mon[29003]: from='client.14178 -' entity='client.admin' cmd=[{"prefix": "dashboard ac-user-create", "username": "admin", "rolename": "administrator", "force_password": true, "pwd_update_required": true, "target": ["mon-mgr", ""]}]: dispatch
2024-04-16T02:26:39.398 INFO:journalctl@ceph.mon.smithi151.smithi151.stdout:Apr 16 02:26:39 smithi151 ceph-mon[29003]: from='mgr.14164 172.21.15.151:0/4218705472' entity='mgr.smithi151.uqqame'
2024-04-16T02:26:40.218 INFO:journalctl@ceph.mon.smithi151.smithi151.stdout:Apr 16 02:26:40 smithi151 ceph-mon[29003]: from='client.? 172.21.15.151:0/4113726881' entity='client.admin' cmd=[{"prefix": "config get", "who": "mgr", "key": "mgr/dashboard/ssl_server_port"}]: dispatch
2024-04-16T02:26:40.226 INFO:teuthology.orchestra.run.smithi151.stdout:/usr/bin/ceph: stdout 8443
2024-04-16T02:26:40.226 INFO:teuthology.orchestra.run.smithi151.stdout:/usr/bin/ceph: stderr
2024-04-16T02:26:39.282+0000 7f55f5052700 1 Processor -- start
2024-04-16T02:26:40.226 INFO:teuthology.orchestra.run.smithi151.stdout:/usr/bin/ceph: stderr
2024-04-16T02:26:39.282+0000 7f55f5052700 1 -- start start
2024-04-16T02:26:40.226 INFO:teuthology.orchestra.run.smithi151.stdout:/usr/bin/ceph: stderr
2024-04-16T02:26:39.282+0000 7f55f5052700 1 --2- >> [v2:172.21.15.151:3300/0,v1:172.21.15.151:6789/0] conn(0x7f55f0105470 0x7f55f0105890 unknown :-1 s=NONE pgs=0 cs=0 l=0 rev1=0 crypto rx=0 tx=0 comp rx=0 tx=0).connect
2024-04-16T02:26:40.226 INFO:teuthology.orchestra.run.smithi151.stdout:/usr/bin/ceph: stderr
2024-04-16T02:26:39.282+0000 7f55f5052700 1 -- --> [v2:172.21.15.151:3300/0,v1:172.21.15.151:6789/0] -- mon_getmap magic: 0 v1 -- 0x7f55f0105e60 con 0x7f55f0105470
2024-04-16T02:26:40.226 INFO:teuthology.orchestra.run.smithi151.stdout:/usr/bin/ceph: stderr
2024-04-16T02:26:39.282+0000 7f55eed9d700 1 --2- >> [v2:172.21.15.151:3300/0,v1:172.21.15.151:6789/0] conn(0x7f55f0105470 0x7f55f0105890 unknown :-1 s=BANNER_CONNECTING pgs=0 cs=0 l=0 rev1=0 crypto rx=0 tx=0 comp rx=0 tx=0)._handle_peer_banner_payload supported=3 required=0
2024-04-16T02:26:40.226 INFO:teuthology.orchestra.run.smithi151.stdout:/usr/bin/ceph: stderr
2024-04-16T02:26:39.282+0000 7f55eed9d700 1 --2- >> [v2:172.21.15.151:3300/0,v1:172.21.15.151:6789/0] conn(0x7f55f0105470 0x7f55f0105890 unknown :-1 s=HELLO_CONNECTING pgs=0 cs=0 l=0 rev1=1 crypto rx=0 tx=0 comp rx=0 tx=0).handle_hello peer v2:172.21.15.151:3300/0 says I am v2:172.21.15.151:41930/0 (socket says 172.21.15.151:41930)
2024-04-16T02:26:40.227 INFO:teuthology.orchestra.run.smithi151.stdout:/usr/bin/ceph: stderr
2024-04-16T02:26:39.282+0000 7f55eed9d700 1 -- 172.21.15.151:0/237885915 learned_addr learned my addr 172.21.15.151:0/237885915 (peer_addr_for_me v2:172.21.15.151:0/0)
2024-04-16T02:26:40.227 INFO:teuthology.orchestra.run.smithi151.stdout:/usr/bin/ceph: stderr
2024-04-16T02:26:39.283+0000 7f55eed9d700 1 -- 172.21.15.151:0/237885915 --> [v2:172.21.15.151:3300/0,v1:172.21.15.151:6789/0] -- mon_subscribe({config=0+,monmap=0+}) v3 -- 0x7f55f0106670 con 0x7f55f0105470
2024-04-16T02:26:40.227 INFO:teuthology.orchestra.run.smithi151.stdout:/usr/bin/ceph: stderr
2024-04-16T02:26:39.283+0000 7f55eed9d700 1 --2- 172.21.15.151:0/237885915 >> [v2:172.21.15.151:3300/0,v1:172.21.15.151:6789/0] conn(0x7f55f0105470 0x7f55f0105890 secure :-1 s=READY pgs=86 cs=0 l=1 rev1=1 crypto rx=0x7f55e00098a0 tx=0x7f55e0009bb0 comp rx=0 tx=0).ready entity=mon.0 client_cookie=307d41fb1cf93897 server_cookie=0 in_seq=0 out_seq=0
2024-04-16T02:26:40.227 INFO:teuthology.orchestra.run.smithi151.stdout:/usr/bin/ceph: stderr
2024-04-16T02:26:39.283+0000 7f55edd9b700 1 -- 172.21.15.151:0/237885915 <== mon.0 v2:172.21.15.151:3300/0 1 ==== mon_map magic: 0 v1 ==== 229+0+0 (secure 0 0 0) 0x7f55e0004180 con 0x7f55f0105470
2024-04-16T02:26:40.227 INFO:teuthology.orchestra.run.smithi151.stdout:/usr/bin/ceph: stderr
2024-04-16T02:26:39.283+0000 7f55edd9b700 1 -- 172.21.15.151:0/237885915 <== mon.0 v2:172.21.15.151:3300/0 2 ==== config(27 keys) v1 ==== 1101+0+0 (secure 0 0 0) 0x7f55e00042e0 con 0x7f55f0105470
2024-04-16T02:26:40.227 INFO:teuthology.orchestra.run.smithi151.stdout:/usr/bin/ceph: stderr
2024-04-16T02:26:39.283+0000 7f55edd9b700 1 -- 172.21.15.151:0/237885915 <== mon.0 v2:172.21.15.151:3300/0 3 ==== mon_map magic: 0 v1 ==== 229+0+0 (secure 0 0 0) 0x7f55e0011af0 con 0x7f55f0105470
2024-04-16T02:26:40.227 INFO:teuthology.orchestra.run.smithi151.stdout:/usr/bin/ceph: stderr
2024-04-16T02:26:39.283+0000 7f55f5052700 1 -- 172.21.15.151:0/237885915 >> [v2:172.21.15.151:3300/0,v1:172.21.15.151:6789/0] conn(0x7f55f0105470 msgr2=0x7f55f0105890 secure :-1 s=STATE_CONNECTION_ESTABLISHED l=1).mark_down
2024-04-16T02:26:40.227 INFO:teuthology.orchestra.run.smithi151.stdout:/usr/bin/ceph: stderr
2024-04-16T02:26:39.283+0000 7f55f5052700 1 --2- 172.21.15.151:0/237885915 >> [v2:172.21.15.151:3300/0,v1:172.21.15.151:6789/0] conn(0x7f55f0105470 0x7f55f0105890 secure :-1 s=READY pgs=86 cs=0 l=1 rev1=1 crypto rx=0x7f55e00098a0 tx=0x7f55e0009bb0 comp rx=0 tx=0).stop
2024-04-16T02:26:40.227 INFO:teuthology.orchestra.run.smithi151.stdout:/usr/bin/ceph: stderr
2024-04-16T02:26:39.284+0000 7f55f5052700 1 -- 172.21.15.151:0/237885915 shutdown_connections
2024-04-16T02:26:40.227 INFO:teuthology.orchestra.run.smithi151.stdout:/usr/bin/ceph: stderr
2024-04-16T02:26:39.284+0000 7f55f5052700 1 --2- 172.21.15.151:0/237885915 >> [v2:172.21.15.151:3300/0,v1:172.21.15.151:6789/0] conn(0x7f55f0105470 0x7f55f0105890 unknown :-1 s=CLOSED pgs=86 cs=0 l=1 rev1=1 crypto rx=0 tx=0 comp rx=0 tx=0).stop
2024-04-16T02:26:40.227 INFO:teuthology.orchestra.run.smithi151.stdout:/usr/bin/ceph: stderr
2024-04-16T02:26:39.284+0000 7f55f5052700 1 -- 172.21.15.151:0/237885915 >> 172.21.15.151:0/237885915 conn(0x7f55f01009f0 msgr2=0x7f55f0102e50 unknown :-1 s=STATE_NONE l=0).mark_down
2024-04-16T02:26:40.227 INFO:teuthology.orchestra.run.smithi151.stdout:/usr/bin/ceph: stderr
2024-04-16T02:26:39.284+0000 7f55f5052700 1 -- 172.21.15.151:0/237885915 shutdown_connections
2024-04-16T02:26:40.227 INFO:teuthology.orchestra.run.smithi151.stdout:/usr/bin/ceph: stderr
2024-04-16T02:26:39.284+0000 7f55f5052700 1 -- 172.21.15.151:0/237885915 wait complete.
2024-04-16T02:26:40.227 INFO:teuthology.orchestra.run.smithi151.stdout:/usr/bin/ceph: stderr
2024-04-16T02:26:39.284+0000 7f55f5052700 1 Processor -- start
2024-04-16T02:26:40.228 INFO:teuthology.orchestra.run.smithi151.stdout:/usr/bin/ceph: stderr
2024-04-16T02:26:39.284+0000 7f55f5052700 1 -- start start
2024-04-16T02:26:40.228 INFO:teuthology.orchestra.run.smithi151.stdout:/usr/bin/ceph: stderr
2024-04-16T02:26:39.285+0000 7f55f5052700 1 --2- >> [v2:172.21.15.151:3300/0,v1:172.21.15.151:6789/0] conn(0x7f55f0105470 0x7f55f0074320 unknown :-1 s=NONE pgs=0 cs=0 l=1 rev1=0 crypto rx=0 tx=0 comp rx=0 tx=0).connect
2024-04-16T02:26:40.228 INFO:teuthology.orchestra.run.smithi151.stdout:/usr/bin/ceph: stderr
2024-04-16T02:26:39.285+0000 7f55f5052700 1 -- --> [v2:172.21.15.151:3300/0,v1:172.21.15.151:6789/0] -- mon_getmap magic: 0 v1 -- 0x7f55f019cee0 con 0x7f55f0105470
2024-04-16T02:26:40.228 INFO:teuthology.orchestra.run.smithi151.stdout:/usr/bin/ceph: stderr
2024-04-16T02:26:39.285+0000 7f55eed9d700 1 --2- >> [v2:172.21.15.151:3300/0,v1:172.21.15.151:6789/0] conn(0x7f55f0105470 0x7f55f0074320 unknown :-1 s=BANNER_CONNECTING pgs=0 cs=0 l=1 rev1=0 crypto rx=0 tx=0 comp rx=0 tx=0)._handle_peer_banner_payload supported=3 required=0
2024-04-16T02:26:40.228 INFO:teuthology.orchestra.run.smithi151.stdout:/usr/bin/ceph: stderr
2024-04-16T02:26:39.285+0000 7f55eed9d700 1 --2- >> [v2:172.21.15.151:3300/0,v1:172.21.15.151:6789/0] conn(0x7f55f0105470 0x7f55f0074320 unknown :-1 s=HELLO_CONNECTING pgs=0 cs=0 l=1 rev1=1 crypto rx=0 tx=0 comp rx=0 tx=0).handle_hello peer v2:172.21.15.151:3300/0 says I am v2:172.21.15.151:41940/0 (socket says 172.21.15.151:41940)
2024-04-16T02:26:40.228 INFO:teuthology.orchestra.run.smithi151.stdout:/usr/bin/ceph: stderr
2024-04-16T02:26:39.285+0000 7f55eed9d700 1 -- 172.21.15.151:0/4113726881 learned_addr learned my addr 172.21.15.151:0/4113726881 (peer_addr_for_me v2:172.21.15.151:0/0)
2024-04-16T02:26:40.228 INFO:teuthology.orchestra.run.smithi151.stdout:/usr/bin/ceph: stderr
2024-04-16T02:26:39.285+0000 7f55eed9d700 1 -- 172.21.15.151:0/4113726881 --> [v2:172.21.15.151:3300/0,v1:172.21.15.151:6789/0] -- mon_subscribe({config=0+,monmap=0+}) v3 -- 0x7f55e0009550 con 0x7f55f0105470
2024-04-16T02:26:40.228 INFO:teuthology.orchestra.run.smithi151.stdout:/usr/bin/ceph: stderr
2024-04-16T02:26:39.285+0000 7f55eed9d700 1 --2- 172.21.15.151:0/4113726881 >> [v2:172.21.15.151:3300/0,v1:172.21.15.151:6789/0] conn(0x7f55f0105470 0x7f55f0074320 secure :-1 s=READY pgs=87 cs=0 l=1 rev1=1 crypto rx=0x7f55e0006ba0 tx=0x7f55e0011b50 comp rx=0 tx=0).ready entity=mon.0 client_cookie=0 server_cookie=0 in_seq=0 out_seq=0
2024-04-16T02:26:40.228 INFO:teuthology.orchestra.run.smithi151.stdout:/usr/bin/ceph: stderr
2024-04-16T02:26:39.285+0000 7f55d7fff700 1 -- 172.21.15.151:0/4113726881 <== mon.0 v2:172.21.15.151:3300/0 1 ==== mon_map magic: 0 v1 ==== 229+0+0 (secure 0 0 0) 0x7f55e0003b00 con 0x7f55f0105470
2024-04-16T02:26:40.228 INFO:teuthology.orchestra.run.smithi151.stdout:/usr/bin/ceph: stderr
2024-04-16T02:26:39.285+0000 7f55d7fff700 1 -- 172.21.15.151:0/4113726881 <== mon.0 v2:172.21.15.151:3300/0 2 ==== config(27 keys) v1 ==== 1101+0+0 (secure 0 0 0) 0x7f55e001a8e0 con 0x7f55f0105470
2024-04-16T02:26:40.228 INFO:teuthology.orchestra.run.smithi151.stdout:/usr/bin/ceph: stderr
2024-04-16T02:26:39.285+0000 7f55d7fff700 1 -- 172.21.15.151:0/4113726881 <== mon.0 v2:172.21.15.151:3300/0 3 ==== mon_map magic: 0 v1 ==== 229+0+0 (secure 0 0 0) 0x7f55e0019990 con 0x7f55f0105470
2024-04-16T02:26:40.228 INFO:teuthology.orchestra.run.smithi151.stdout:/usr/bin/ceph: stderr
2024-04-16T02:26:39.285+0000 7f55f5052700 1 -- 172.21.15.151:0/4113726881 --> [v2:172.21.15.151:3300/0,v1:172.21.15.151:6789/0] -- mon_subscribe({mgrmap=0+}) v3 -- 0x7f55f019d020 con 0x7f55f0105470
2024-04-16T02:26:40.228 INFO:teuthology.orchestra.run.smithi151.stdout:/usr/bin/ceph: stderr
2024-04-16T02:26:39.286+0000 7f55f5052700 1 -- 172.21.15.151:0/4113726881 --> [v2:172.21.15.151:3300/0,v1:172.21.15.151:6789/0] -- mon_subscribe({osdmap=0}) v3 -- 0x7f55f019d4c0 con 0x7f55f0105470
2024-04-16T02:26:40.228 INFO:teuthology.orchestra.run.smithi151.stdout:/usr/bin/ceph: stderr
2024-04-16T02:26:39.286+0000 7f55f5052700 1 -- 172.21.15.151:0/4113726881 --> [v2:172.21.15.151:3300/0,v1:172.21.15.151:6789/0] -- mon_command({"prefix": "get_command_descriptions"} v 0) v1 -- 0x7f55f00623c0 con 0x7f55f0105470
2024-04-16T02:26:40.228 INFO:teuthology.orchestra.run.smithi151.stdout:/usr/bin/ceph: stderr
2024-04-16T02:26:39.286+0000 7f55d7fff700 1 -- 172.21.15.151:0/4113726881 <== mon.0 v2:172.21.15.151:3300/0 4 ==== mgrmap(e 12) v1 ==== 45296+0+0 (secure 0 0 0) 0x7f55e0019bc0 con 0x7f55f0105470
2024-04-16T02:26:40.228 INFO:teuthology.orchestra.run.smithi151.stdout:/usr/bin/ceph: stderr
2024-04-16T02:26:39.287+0000 7f55d7fff700 1 --2- 172.21.15.151:0/4113726881 >> [v2:172.21.15.151:6800/3544869641,v1:172.21.15.151:6801/3544869641] conn(0x7f55d8038320 0x7f55d803a7e0 unknown :-1 s=NONE pgs=0 cs=0 l=1 rev1=0 crypto rx=0 tx=0 comp rx=0 tx=0).connect
2024-04-16T02:26:40.229 INFO:teuthology.orchestra.run.smithi151.stdout:/usr/bin/ceph: stderr
2024-04-16T02:26:39.287+0000 7f55d7fff700 1 -- 172.21.15.151:0/4113726881 <== mon.0 v2:172.21.15.151:3300/0 5 ==== osd_map(3..3 src has 1..3) v4 ==== 1155+0+0 (secure 0 0 0) 0x7f55e004c720 con 0x7f55f0105470
2024-04-16T02:26:40.229 INFO:teuthology.orchestra.run.smithi151.stdout:/usr/bin/ceph: stderr
2024-04-16T02:26:39.287+0000 7f55ee59c700 1 --2- 172.21.15.151:0/4113726881 >> [v2:172.21.15.151:6800/3544869641,v1:172.21.15.151:6801/3544869641] conn(0x7f55d8038320 0x7f55d803a7e0 unknown :-1 s=BANNER_CONNECTING pgs=0 cs=0 l=1 rev1=0 crypto rx=0 tx=0 comp rx=0 tx=0)._handle_peer_banner_payload supported=3 required=0
2024-04-16T02:26:40.229 INFO:teuthology.orchestra.run.smithi151.stdout:/usr/bin/ceph: stderr
2024-04-16T02:26:39.287+0000 7f55ee59c700 1 --2- 172.21.15.151:0/4113726881 >> [v2:172.21.15.151:6800/3544869641,v1:172.21.15.151:6801/3544869641] conn(0x7f55d8038320 0x7f55d803a7e0 secure :-1 s=READY pgs=9 cs=0 l=1 rev1=1 crypto rx=0x7f55e4006fd0 tx=0x7f55e4006e40 comp rx=0 tx=0).ready entity=mgr.14164 client_cookie=0 server_cookie=0 in_seq=0 out_seq=0
2024-04-16T02:26:40.229 INFO:teuthology.orchestra.run.smithi151.stdout:/usr/bin/ceph: stderr
2024-04-16T02:26:39.291+0000 7f55d7fff700 1 -- 172.21.15.151:0/4113726881 <== mon.0 v2:172.21.15.151:3300/0 6 ==== mon_command_ack([{"prefix": "get_command_descriptions"}]=0 v0) v1 ==== 72+0+180422 (secure 0 0 0) 0x7f55e002d440 con 0x7f55f0105470
2024-04-16T02:26:40.229 INFO:teuthology.orchestra.run.smithi151.stdout:/usr/bin/ceph: stderr
2024-04-16T02:26:39.484+0000 7f55f5052700 1 -- 172.21.15.151:0/4113726881 --> [v2:172.21.15.151:3300/0,v1:172.21.15.151:6789/0] -- mon_command({"prefix": "config get", "who": "mgr", "key": "mgr/dashboard/ssl_server_port"} v 0) v1 -- 0x7f55f01098a0 con 0x7f55f0105470
2024-04-16T02:26:40.229 INFO:teuthology.orchestra.run.smithi151.stdout:/usr/bin/ceph: stderr
2024-04-16T02:26:39.484+0000 7f55d7fff700 1 -- 172.21.15.151:0/4113726881 <== mon.0 v2:172.21.15.151:3300/0 7 ==== mon_command_ack([{"prefix": "config get", "who": "mgr", "key": "mgr/dashboard/ssl_server_port"}]=0 v8) v1 ==== 112+0+5 (secure 0 0 0) 0x7f55e00172b0 con 0x7f55f0105470
2024-04-16T02:26:40.229 INFO:teuthology.orchestra.run.smithi151.stdout:/usr/bin/ceph: stderr
2024-04-16T02:26:39.486+0000 7f55f5052700 1 -- 172.21.15.151:0/4113726881 >> [v2:172.21.15.151:6800/3544869641,v1:172.21.15.151:6801/3544869641] conn(0x7f55d8038320 msgr2=0x7f55d803a7e0 secure :-1 s=STATE_CONNECTION_ESTABLISHED l=1).mark_down
2024-04-16T02:26:40.229 INFO:teuthology.orchestra.run.smithi151.stdout:/usr/bin/ceph: stderr
2024-04-16T02:26:39.486+0000 7f55f5052700 1 --2- 172.21.15.151:0/4113726881 >> [v2:172.21.15.151:6800/3544869641,v1:172.21.15.151:6801/3544869641] conn(0x7f55d8038320 0x7f55d803a7e0 secure :-1 s=READY pgs=9 cs=0 l=1 rev1=1 crypto rx=0x7f55e4006fd0 tx=0x7f55e4006e40 comp rx=0 tx=0).stop
2024-04-16T02:26:40.229 INFO:teuthology.orchestra.run.smithi151.stdout:/usr/bin/ceph: stderr
2024-04-16T02:26:39.486+0000 7f55f5052700 1 -- 172.21.15.151:0/4113726881 >> [v2:172.21.15.151:3300/0,v1:172.21.15.151:6789/0] conn(0x7f55f0105470 msgr2=0x7f55f0074320 secure :-1 s=STATE_CONNECTION_ESTABLISHED l=1).mark_down
2024-04-16T02:26:40.229 INFO:teuthology.orchestra.run.smithi151.stdout:/usr/bin/ceph: stderr
2024-04-16T02:26:39.486+0000 7f55f5052700 1 --2- 172.21.15.151:0/4113726881 >> [v2:172.21.15.151:3300/0,v1:172.21.15.151:6789/0] conn(0x7f55f0105470 0x7f55f0074320 secure :-1 s=READY pgs=87 cs=0 l=1 rev1=1 crypto rx=0x7f55e0006ba0 tx=0x7f55e0011b50 comp rx=0 tx=0).stop
2024-04-16T02:26:40.229 INFO:teuthology.orchestra.run.smithi151.stdout:/usr/bin/ceph: stderr
2024-04-16T02:26:39.486+0000 7f55f5052700 1 -- 172.21.15.151:0/4113726881 shutdown_connections
2024-04-16T02:26:40.229 INFO:teuthology.orchestra.run.smithi151.stdout:/usr/bin/ceph: stderr
2024-04-16T02:26:39.486+0000 7f55f5052700 1 --2- 172.21.15.151:0/4113726881 >> [v2:172.21.15.151:6800/3544869641,v1:172.21.15.151:6801/3544869641] conn(0x7f55d8038320 0x7f55d803a7e0 unknown :-1 s=CLOSED pgs=9 cs=0 l=1 rev1=1 crypto rx=0 tx=0 comp rx=0 tx=0).stop
2024-04-16T02:26:40.229 INFO:teuthology.orchestra.run.smithi151.stdout:/usr/bin/ceph: stderr
2024-04-16T02:26:39.486+0000 7f55f5052700 1 --2- 172.21.15.151:0/4113726881 >> [v2:172.21.15.151:3300/0,v1:172.21.15.151:6789/0] conn(0x7f55f0105470 0x7f55f0074320 unknown :-1 s=CLOSED pgs=87 cs=0 l=1 rev1=1 crypto rx=0 tx=0 comp rx=0 tx=0).stop
2024-04-16T02:26:40.229 INFO:teuthology.orchestra.run.smithi151.stdout:/usr/bin/ceph: stderr
2024-04-16T02:26:39.486+0000 7f55f5052700 1 -- 172.21.15.151:0/4113726881 >> 172.21.15.151:0/4113726881 conn(0x7f55f01009f0 msgr2=0x7f55f0101750 unknown :-1 s=STATE_NONE l=0).mark_down
2024-04-16T02:26:40.229 INFO:teuthology.orchestra.run.smithi151.stdout:/usr/bin/ceph: stderr
2024-04-16T02:26:39.486+0000 7f55f5052700 1 -- 172.21.15.151:0/4113726881 shutdown_connections
2024-04-16T02:26:40.230 INFO:teuthology.orchestra.run.smithi151.stdout:/usr/bin/ceph: stderr
2024-04-16T02:26:39.486+0000 7f55f5052700 1 -- 172.21.15.151:0/4113726881 wait complete.
2024-04-16T02:26:40.234 INFO:teuthology.orchestra.run.smithi151.stdout:Non-zero exit code 1 from systemctl is-enabled firewalld.service
2024-04-16T02:26:40.234 INFO:teuthology.orchestra.run.smithi151.stdout:systemctl: stdout disabled
2024-04-16T02:26:40.242 INFO:teuthology.orchestra.run.smithi151.stdout:Non-zero exit code 3 from systemctl is-active firewalld.service
2024-04-16T02:26:40.242 INFO:teuthology.orchestra.run.smithi151.stdout:systemctl: stdout inactive
2024-04-16T02:26:40.242 INFO:teuthology.orchestra.run.smithi151.stdout:firewalld.service is not enabled
2024-04-16T02:26:40.242 INFO:teuthology.orchestra.run.smithi151.stdout:Not possible to open ports <[8443]>. firewalld.service is not available
2024-04-16T02:26:40.244 INFO:teuthology.orchestra.run.smithi151.stdout:Ceph Dashboard is now available at:
2024-04-16T02:26:40.244 INFO:teuthology.orchestra.run.smithi151.stdout:
2024-04-16T02:26:40.244 INFO:teuthology.orchestra.run.smithi151.stdout: URL: https://smithi151.front.sepia.ceph.com:8443/
2024-04-16T02:26:40.244 INFO:teuthology.orchestra.run.smithi151.stdout: User: admin
2024-04-16T02:26:40.244 INFO:teuthology.orchestra.run.smithi151.stdout: Password: r31qur8uvn
2024-04-16T02:26:40.244 INFO:teuthology.orchestra.run.smithi151.stdout:
2024-04-16T02:26:40.244 INFO:teuthology.orchestra.run.smithi151.stdout:Saving cluster configuration to /var/lib/ceph/80d1e958-fb98-11ee-bc8f-c7b262605968/config directory
2024-04-16T02:26:40.245 INFO:teuthology.orchestra.run.smithi151.stdout:Enabling autotune for osd_memory_target
2024-04-16T02:26:41.483 INFO:teuthology.orchestra.run.smithi151.stdout:/usr/bin/ceph: stderr
2024-04-16T02:26:40.707+0000 7f6952470700 1 Processor -- start
2024-04-16T02:26:41.483 INFO:teuthology.orchestra.run.smithi151.stdout:/usr/bin/ceph: stderr
2024-04-16T02:26:40.707+0000 7f6952470700 1 -- start start
2024-04-16T02:26:41.483 INFO:teuthology.orchestra.run.smithi151.stdout:/usr/bin/ceph: stderr
2024-04-16T02:26:40.707+0000 7f6952470700 1 --2- >> [v2:172.21.15.151:3300/0,v1:172.21.15.151:6789/0] conn(0x7f694c07bea0 0x7f694c07a300 unknown :-1 s=NONE pgs=0 cs=0 l=0 rev1=0 crypto rx=0 tx=0 comp rx=0 tx=0).connect
2024-04-16T02:26:41.483 INFO:teuthology.orchestra.run.smithi151.stdout:/usr/bin/ceph: stderr
2024-04-16T02:26:40.707+0000 7f6952470700 1 -- --> [v2:172.21.15.151:3300/0,v1:172.21.15.151:6789/0] -- mon_getmap magic: 0 v1 -- 0x7f694c07a8d0 con 0x7f694c07bea0
2024-04-16T02:26:41.483 INFO:teuthology.orchestra.run.smithi151.stdout:/usr/bin/ceph: stderr
2024-04-16T02:26:40.707+0000 7f694bfff700 1 --2- >> [v2:172.21.15.151:3300/0,v1:172.21.15.151:6789/0] conn(0x7f694c07bea0 0x7f694c07a300 unknown :-1 s=BANNER_CONNECTING pgs=0 cs=0 l=0 rev1=0 crypto rx=0 tx=0 comp rx=0 tx=0)._handle_peer_banner_payload supported=3 required=0
2024-04-16T02:26:41.483 INFO:teuthology.orchestra.run.smithi151.stdout:/usr/bin/ceph: stderr
2024-04-16T02:26:40.707+0000 7f694bfff700 1 --2- >> [v2:172.21.15.151:3300/0,v1:172.21.15.151:6789/0] conn(0x7f694c07bea0 0x7f694c07a300 unknown :-1 s=HELLO_CONNECTING pgs=0 cs=0 l=0 rev1=1 crypto rx=0 tx=0 comp rx=0 tx=0).handle_hello peer v2:172.21.15.151:3300/0 says I am v2:172.21.15.151:41956/0 (socket says 172.21.15.151:41956)
2024-04-16T02:26:41.483 INFO:teuthology.orchestra.run.smithi151.stdout:/usr/bin/ceph: stderr
2024-04-16T02:26:40.707+0000 7f694bfff700 1 -- 172.21.15.151:0/3213531388 learned_addr learned my addr 172.21.15.151:0/3213531388 (peer_addr_for_me v2:172.21.15.151:0/0)
2024-04-16T02:26:41.483 INFO:teuthology.orchestra.run.smithi151.stdout:/usr/bin/ceph: stderr
2024-04-16T02:26:40.708+0000 7f694bfff700 1 -- 172.21.15.151:0/3213531388 --> [v2:172.21.15.151:3300/0,v1:172.21.15.151:6789/0] -- mon_subscribe({config=0+,monmap=0+}) v3 -- 0x7f694c07aa10 con 0x7f694c07bea0
2024-04-16T02:26:41.483 INFO:teuthology.orchestra.run.smithi151.stdout:/usr/bin/ceph: stderr
2024-04-16T02:26:40.708+0000 7f694bfff700 1 --2- 172.21.15.151:0/3213531388 >> [v2:172.21.15.151:3300/0,v1:172.21.15.151:6789/0] conn(0x7f694c07bea0 0x7f694c07a300 secure :-1 s=READY pgs=88 cs=0 l=1 rev1=1 crypto rx=0x7f693c0098a0 tx=0x7f693c009bb0 comp rx=0 tx=0).ready entity=mon.0 client_cookie=4ca27432486c81a8 server_cookie=0 in_seq=0 out_seq=0
2024-04-16T02:26:41.483 INFO:teuthology.orchestra.run.smithi151.stdout:/usr/bin/ceph: stderr
2024-04-16T02:26:40.708+0000 7f694b7fe700 1 -- 172.21.15.151:0/3213531388 <== mon.0 v2:172.21.15.151:3300/0 1 ==== mon_map magic: 0 v1 ==== 229+0+0 (secure 0 0 0) 0x7f693c004180 con 0x7f694c07bea0
2024-04-16T02:26:41.483 INFO:teuthology.orchestra.run.smithi151.stdout:/usr/bin/ceph: stderr
2024-04-16T02:26:40.708+0000 7f694b7fe700 1 -- 172.21.15.151:0/3213531388 <== mon.0 v2:172.21.15.151:3300/0 2 ==== config(27 keys) v1 ==== 1101+0+0 (secure 0 0 0) 0x7f693c0042e0 con 0x7f694c07bea0
2024-04-16T02:26:41.484 INFO:teuthology.orchestra.run.smithi151.stdout:/usr/bin/ceph: stderr
2024-04-16T02:26:40.708+0000 7f694b7fe700 1 -- 172.21.15.151:0/3213531388 <== mon.0 v2:172.21.15.151:3300/0 3 ==== mon_map magic: 0 v1 ==== 229+0+0 (secure 0 0 0) 0x7f693c011af0 con 0x7f694c07bea0
2024-04-16T02:26:41.484 INFO:teuthology.orchestra.run.smithi151.stdout:/usr/bin/ceph: stderr
2024-04-16T02:26:40.709+0000 7f6952470700 1 -- 172.21.15.151:0/3213531388 >> [v2:172.21.15.151:3300/0,v1:172.21.15.151:6789/0] conn(0x7f694c07bea0 msgr2=0x7f694c07a300 secure :-1 s=STATE_CONNECTION_ESTABLISHED l=1).mark_down
2024-04-16T02:26:41.484 INFO:teuthology.orchestra.run.smithi151.stdout:/usr/bin/ceph: stderr
2024-04-16T02:26:40.709+0000 7f6952470700 1 --2- 172.21.15.151:0/3213531388 >> [v2:172.21.15.151:3300/0,v1:172.21.15.151:6789/0] conn(0x7f694c07bea0 0x7f694c07a300 secure :-1 s=READY pgs=88 cs=0 l=1 rev1=1 crypto rx=0x7f693c0098a0 tx=0x7f693c009bb0 comp rx=0 tx=0).stop
2024-04-16T02:26:41.484 INFO:teuthology.orchestra.run.smithi151.stdout:/usr/bin/ceph: stderr
2024-04-16T02:26:40.709+0000 7f6952470700 1 -- 172.21.15.151:0/3213531388 shutdown_connections
2024-04-16T02:26:41.484 INFO:teuthology.orchestra.run.smithi151.stdout:/usr/bin/ceph: stderr
2024-04-16T02:26:40.709+0000 7f6952470700 1 --2- 172.21.15.151:0/3213531388 >> [v2:172.21.15.151:3300/0,v1:172.21.15.151:6789/0] conn(0x7f694c07bea0 0x7f694c07a300 unknown :-1 s=CLOSED pgs=88 cs=0 l=1 rev1=1 crypto rx=0 tx=0 comp rx=0 tx=0).stop
2024-04-16T02:26:41.484 INFO:teuthology.orchestra.run.smithi151.stdout:/usr/bin/ceph: stderr
2024-04-16T02:26:40.709+0000 7f6952470700 1 -- 172.21.15.151:0/3213531388 >> 172.21.15.151:0/3213531388 conn(0x7f694c101b40 msgr2=0x7f694c103f60 unknown :-1 s=STATE_NONE l=0).mark_down
2024-04-16T02:26:41.484 INFO:teuthology.orchestra.run.smithi151.stdout:/usr/bin/ceph: stderr
2024-04-16T02:26:40.709+0000 7f6952470700 1 -- 172.21.15.151:0/3213531388 shutdown_connections
2024-04-16T02:26:41.484 INFO:teuthology.orchestra.run.smithi151.stdout:/usr/bin/ceph: stderr
2024-04-16T02:26:40.709+0000 7f6952470700 1 -- 172.21.15.151:0/3213531388 wait complete.
2024-04-16T02:26:41.484 INFO:teuthology.orchestra.run.smithi151.stdout:/usr/bin/ceph: stderr
2024-04-16T02:26:40.710+0000 7f6952470700 1 Processor -- start
2024-04-16T02:26:41.484 INFO:teuthology.orchestra.run.smithi151.stdout:/usr/bin/ceph: stderr
2024-04-16T02:26:40.710+0000 7f6952470700 1 -- start start
2024-04-16T02:26:41.484 INFO:teuthology.orchestra.run.smithi151.stdout:/usr/bin/ceph: stderr
2024-04-16T02:26:40.710+0000 7f6952470700 1 --2- >> [v2:172.21.15.151:3300/0,v1:172.21.15.151:6789/0] conn(0x7f694c07bea0 0x7f694c19c460 unknown :-1 s=NONE pgs=0 cs=0 l=1 rev1=0 crypto rx=0 tx=0 comp rx=0 tx=0).connect
2024-04-16T02:26:41.484 INFO:teuthology.orchestra.run.smithi151.stdout:/usr/bin/ceph: stderr
2024-04-16T02:26:40.710+0000 7f6952470700 1 -- --> [v2:172.21.15.151:3300/0,v1:172.21.15.151:6789/0] -- mon_getmap magic: 0 v1 -- 0x7f694c19c9a0 con 0x7f694c07bea0
2024-04-16T02:26:41.484 INFO:teuthology.orchestra.run.smithi151.stdout:/usr/bin/ceph: stderr
2024-04-16T02:26:40.710+0000 7f694bfff700 1 --2- >> [v2:172.21.15.151:3300/0,v1:172.21.15.151:6789/0] conn(0x7f694c07bea0 0x7f694c19c460 unknown :-1 s=BANNER_CONNECTING pgs=0 cs=0 l=1 rev1=0 crypto rx=0 tx=0 comp rx=0 tx=0)._handle_peer_banner_payload supported=3 required=0
2024-04-16T02:26:41.485 INFO:teuthology.orchestra.run.smithi151.stdout:/usr/bin/ceph: stderr
2024-04-16T02:26:40.710+0000 7f694bfff700 1 --2- >> [v2:172.21.15.151:3300/0,v1:172.21.15.151:6789/0] conn(0x7f694c07bea0 0x7f694c19c460 unknown :-1 s=HELLO_CONNECTING pgs=0 cs=0 l=1 rev1=1 crypto rx=0 tx=0 comp rx=0 tx=0).handle_hello peer v2:172.21.15.151:3300/0 says I am v2:172.21.15.151:41972/0 (socket says 172.21.15.151:41972)
2024-04-16T02:26:41.485 INFO:teuthology.orchestra.run.smithi151.stdout:/usr/bin/ceph: stderr
2024-04-16T02:26:40.710+0000 7f694bfff700 1 -- 172.21.15.151:0/3225378262 learned_addr learned my addr 172.21.15.151:0/3225378262 (peer_addr_for_me v2:172.21.15.151:0/0)
2024-04-16T02:26:41.485 INFO:teuthology.orchestra.run.smithi151.stdout:/usr/bin/ceph: stderr
2024-04-16T02:26:40.710+0000 7f694bfff700 1 -- 172.21.15.151:0/3225378262 --> [v2:172.21.15.151:3300/0,v1:172.21.15.151:6789/0] -- mon_subscribe({config=0+,monmap=0+}) v3 -- 0x7f693c009550 con 0x7f694c07bea0
2024-04-16T02:26:41.485 INFO:teuthology.orchestra.run.smithi151.stdout:/usr/bin/ceph: stderr
2024-04-16T02:26:40.710+0000 7f694bfff700 1 --2- 172.21.15.151:0/3225378262 >> [v2:172.21.15.151:3300/0,v1:172.21.15.151:6789/0] conn(0x7f694c07bea0 0x7f694c19c460 secure :-1 s=READY pgs=89 cs=0 l=1 rev1=1 crypto rx=0x7f693c011670 tx=0x7f693c011b50 comp rx=0 tx=0).ready entity=mon.0 client_cookie=0 server_cookie=0 in_seq=0 out_seq=0
2024-04-16T02:26:41.485 INFO:teuthology.orchestra.run.smithi151.stdout:/usr/bin/ceph: stderr
2024-04-16T02:26:40.711+0000 7f6949ffb700 1 -- 172.21.15.151:0/3225378262 <== mon.0 v2:172.21.15.151:3300/0 1 ==== mon_map magic: 0 v1 ==== 229+0+0 (secure 0 0 0) 0x7f693c0039f0 con 0x7f694c07bea0
2024-04-16T02:26:41.485 INFO:teuthology.orchestra.run.smithi151.stdout:/usr/bin/ceph: stderr
2024-04-16T02:26:40.711+0000 7f6952470700 1 -- 172.21.15.151:0/3225378262 --> [v2:172.21.15.151:3300/0,v1:172.21.15.151:6789/0] -- mon_subscribe({mgrmap=0+}) v3 -- 0x7f694c19cba0 con 0x7f694c07bea0
2024-04-16T02:26:41.485 INFO:teuthology.orchestra.run.smithi151.stdout:/usr/bin/ceph: stderr
2024-04-16T02:26:40.711+0000 7f6949ffb700 1 -- 172.21.15.151:0/3225378262 <== mon.0 v2:172.21.15.151:3300/0 2 ==== config(27 keys) v1 ==== 1101+0+0 (secure 0 0 0) 0x7f693c003b50 con 0x7f694c07bea0
2024-04-16T02:26:41.485 INFO:teuthology.orchestra.run.smithi151.stdout:/usr/bin/ceph: stderr
2024-04-16T02:26:40.711+0000 7f6949ffb700 1 -- 172.21.15.151:0/3225378262 <== mon.0 v2:172.21.15.151:3300/0 3 ==== mon_map magic: 0 v1 ==== 229+0+0 (secure 0 0 0) 0x7f693c0247c0 con 0x7f694c07bea0
2024-04-16T02:26:41.485 INFO:teuthology.orchestra.run.smithi151.stdout:/usr/bin/ceph: stderr
2024-04-16T02:26:40.711+0000 7f6952470700 1 -- 172.21.15.151:0/3225378262 --> [v2:172.21.15.151:3300/0,v1:172.21.15.151:6789/0] -- mon_subscribe({osdmap=0}) v3 -- 0x7f694c19d040 con 0x7f694c07bea0
2024-04-16T02:26:41.485 INFO:teuthology.orchestra.run.smithi151.stdout:/usr/bin/ceph: stderr
2024-04-16T02:26:40.711+0000 7f6949ffb700 1 -- 172.21.15.151:0/3225378262 <== mon.0 v2:172.21.15.151:3300/0 4 ==== mgrmap(e 13) v1 ==== 45340+0+0 (secure 0 0 0) 0x7f693c01a430 con 0x7f694c07bea0
2024-04-16T02:26:41.485 INFO:teuthology.orchestra.run.smithi151.stdout:/usr/bin/ceph: stderr
2024-04-16T02:26:40.712+0000 7f6952470700 1 -- 172.21.15.151:0/3225378262 --> [v2:172.21.15.151:3300/0,v1:172.21.15.151:6789/0] -- mon_command({"prefix": "get_command_descriptions"} v 0) v1 -- 0x7f694c10c900 con 0x7f694c07bea0
2024-04-16T02:26:41.485 INFO:teuthology.orchestra.run.smithi151.stdout:/usr/bin/ceph: stderr
2024-04-16T02:26:40.712+0000 7f6949ffb700 1 --2- 172.21.15.151:0/3225378262 >> [v2:172.21.15.151:6800/3544869641,v1:172.21.15.151:6801/3544869641] conn(0x7f6938038410 0x7f693803a8d0 unknown :-1 s=NONE pgs=0 cs=0 l=1 rev1=0 crypto rx=0 tx=0 comp rx=0 tx=0).connect
2024-04-16T02:26:41.486 INFO:teuthology.orchestra.run.smithi151.stdout:/usr/bin/ceph: stderr
2024-04-16T02:26:40.712+0000 7f6949ffb700 1 -- 172.21.15.151:0/3225378262 <== mon.0 v2:172.21.15.151:3300/0 5 ==== osd_map(3..3 src has 1..3) v4 ==== 1155+0+0 (secure 0 0 0) 0x7f693c04c5a0 con 0x7f694c07bea0
2024-04-16T02:26:41.486 INFO:teuthology.orchestra.run.smithi151.stdout:/usr/bin/ceph: stderr
2024-04-16T02:26:40.712+0000 7f6943fff700 1 --2- 172.21.15.151:0/3225378262 >> [v2:172.21.15.151:6800/3544869641,v1:172.21.15.151:6801/3544869641] conn(0x7f6938038410 0x7f693803a8d0 unknown :-1 s=BANNER_CONNECTING pgs=0 cs=0 l=1 rev1=0 crypto rx=0 tx=0 comp rx=0 tx=0)._handle_peer_banner_payload supported=3 required=0
2024-04-16T02:26:41.486 INFO:teuthology.orchestra.run.smithi151.stdout:/usr/bin/ceph: stderr
2024-04-16T02:26:40.712+0000 7f6943fff700 1 --2- 172.21.15.151:0/3225378262 >> [v2:172.21.15.151:6800/3544869641,v1:172.21.15.151:6801/3544869641] conn(0x7f6938038410 0x7f693803a8d0 secure :-1 s=READY pgs=10 cs=0 l=1 rev1=1 crypto rx=0x7f6934006fd0 tx=0x7f6934006e40 comp rx=0 tx=0).ready entity=mgr.14164 client_cookie=0 server_cookie=0 in_seq=0 out_seq=0
2024-04-16T02:26:41.486 INFO:teuthology.orchestra.run.smithi151.stdout:/usr/bin/ceph: stderr
2024-04-16T02:26:40.717+0000 7f6949ffb700 1 -- 172.21.15.151:0/3225378262 <== mon.0 v2:172.21.15.151:3300/0 6 ==== mon_command_ack([{"prefix": "get_command_descriptions"}]=0 v0) v1 ==== 72+0+180422 (secure 0 0 0) 0x7f693c018b40 con 0x7f694c07bea0
2024-04-16T02:26:41.486 INFO:teuthology.orchestra.run.smithi151.stdout:/usr/bin/ceph: stderr
2024-04-16T02:26:40.903+0000 7f6952470700 1 -- 172.21.15.151:0/3225378262 --> [v2:172.21.15.151:3300/0,v1:172.21.15.151:6789/0] -- mon_command([{prefix=config set, name=osd_memory_target_autotune}] v 0) v1 -- 0x7f694c19fe20 con 0x7f694c07bea0
2024-04-16T02:26:41.486 INFO:teuthology.orchestra.run.smithi151.stdout:/usr/bin/ceph: stderr
2024-04-16T02:26:40.904+0000 7f6949ffb700 1 -- 172.21.15.151:0/3225378262 <== mon.0 v2:172.21.15.151:3300/0 7 ==== mon_command_ack([{prefix=config set, name=osd_memory_target_autotune}]=0 v8)=0 v8) v1 ==== 127+0+0 (secure 0 0 0) 0x7f693c018b40 con 0x7f694c07bea0
2024-04-16T02:26:41.486 INFO:teuthology.orchestra.run.smithi151.stdout:/usr/bin/ceph: stderr
2024-04-16T02:26:40.906+0000 7f6952470700 1 -- 172.21.15.151:0/3225378262 >> [v2:172.21.15.151:6800/3544869641,v1:172.21.15.151:6801/3544869641] conn(0x7f6938038410 msgr2=0x7f693803a8d0 secure :-1 s=STATE_CONNECTION_ESTABLISHED l=1).mark_down
2024-04-16T02:26:41.486 INFO:teuthology.orchestra.run.smithi151.stdout:/usr/bin/ceph: stderr
2024-04-16T02:26:40.906+0000 7f6952470700 1 --2- 172.21.15.151:0/3225378262 >> [v2:172.21.15.151:6800/3544869641,v1:172.21.15.151:6801/3544869641] conn(0x7f6938038410 0x7f693803a8d0 secure :-1 s=READY pgs=10 cs=0 l=1 rev1=1 crypto rx=0x7f6934006fd0 tx=0x7f6934006e40 comp rx=0 tx=0).stop
2024-04-16T02:26:41.486 INFO:teuthology.orchestra.run.smithi151.stdout:/usr/bin/ceph: stderr
2024-04-16T02:26:40.906+0000 7f6952470700 1 -- 172.21.15.151:0/3225378262 >> [v2:172.21.15.151:3300/0,v1:172.21.15.151:6789/0] conn(0x7f694c07bea0 msgr2=0x7f694c19c460 secure :-1 s=STATE_CONNECTION_ESTABLISHED l=1).mark_down
2024-04-16T02:26:41.486 INFO:teuthology.orchestra.run.smithi151.stdout:/usr/bin/ceph: stderr
2024-04-16T02:26:40.906+0000 7f6952470700 1 --2- 172.21.15.151:0/3225378262 >> [v2:172.21.15.151:3300/0,v1:172.21.15.151:6789/0] conn(0x7f694c07bea0 0x7f694c19c460 secure :-1 s=READY pgs=89 cs=0 l=1 rev1=1 crypto rx=0x7f693c011670 tx=0x7f693c011b50 comp rx=0 tx=0).stop
2024-04-16T02:26:41.486 INFO:teuthology.orchestra.run.smithi151.stdout:/usr/bin/ceph: stderr
2024-04-16T02:26:40.906+0000 7f6952470700 1 -- 172.21.15.151:0/3225378262 shutdown_connections
2024-04-16T02:26:41.486 INFO:teuthology.orchestra.run.smithi151.stdout:/usr/bin/ceph: stderr
2024-04-16T02:26:40.906+0000 7f6952470700 1 --2- 172.21.15.151:0/3225378262 >> [v2:172.21.15.151:6800/3544869641,v1:172.21.15.151:6801/3544869641] conn(0x7f6938038410 0x7f693803a8d0 unknown :-1 s=CLOSED pgs=10 cs=0 l=1 rev1=1 crypto rx=0 tx=0 comp rx=0 tx=0).stop
2024-04-16T02:26:41.486 INFO:teuthology.orchestra.run.smithi151.stdout:/usr/bin/ceph: stderr
2024-04-16T02:26:40.906+0000 7f6952470700 1 --2- 172.21.15.151:0/3225378262 >> [v2:172.21.15.151:3300/0,v1:172.21.15.151:6789/0] conn(0x7f694c07bea0 0x7f694c19c460 unknown :-1 s=CLOSED pgs=89 cs=0 l=1 rev1=1 crypto rx=0 tx=0 comp rx=0 tx=0).stop
2024-04-16T02:26:41.487 INFO:teuthology.orchestra.run.smithi151.stdout:/usr/bin/ceph: stderr
2024-04-16T02:26:40.906+0000 7f6952470700 1 -- 172.21.15.151:0/3225378262 >> 172.21.15.151:0/3225378262 conn(0x7f694c101b40 msgr2=0x7f694c103190 unknown :-1 s=STATE_NONE l=0).mark_down
2024-04-16T02:26:41.487 INFO:teuthology.orchestra.run.smithi151.stdout:/usr/bin/ceph: stderr
2024-04-16T02:26:40.906+0000 7f6952470700 1 -- 172.21.15.151:0/3225378262 shutdown_connections
2024-04-16T02:26:41.487 INFO:teuthology.orchestra.run.smithi151.stdout:/usr/bin/ceph: stderr
2024-04-16T02:26:40.906+0000 7f6952470700 1 -- 172.21.15.151:0/3225378262 wait complete.
2024-04-16T02:26:41.993 INFO:journalctl@ceph.mon.smithi151.smithi151.stdout:Apr 16 02:26:41 smithi151 ceph-mon[29003]: mgrmap e13: smithi151.uqqame(active, since 6s)
2024-04-16T02:26:42.739 INFO:teuthology.orchestra.run.smithi151.stdout:/usr/bin/ceph: stderr
2024-04-16T02:26:41.903+0000 7f9837be1700 1 Processor -- start
2024-04-16T02:26:42.739 INFO:teuthology.orchestra.run.smithi151.stdout:/usr/bin/ceph: stderr
2024-04-16T02:26:41.903+0000 7f9837be1700 1 -- start start
2024-04-16T02:26:42.739 INFO:teuthology.orchestra.run.smithi151.stdout:/usr/bin/ceph: stderr
2024-04-16T02:26:41.904+0000 7f9837be1700 1 --2- >> [v2:172.21.15.151:3300/0,v1:172.21.15.151:6789/0] conn(0x7f9830106fe0 0x7f98301093d0 unknown :-1 s=NONE pgs=0 cs=0 l=0 rev1=0 crypto rx=0 tx=0 comp rx=0 tx=0).connect
2024-04-16T02:26:42.739 INFO:teuthology.orchestra.run.smithi151.stdout:/usr/bin/ceph: stderr
2024-04-16T02:26:41.904+0000 7f9837be1700 1 -- --> [v2:172.21.15.151:3300/0,v1:172.21.15.151:6789/0] -- mon_getmap magic: 0 v1 -- 0x7f9830074680 con 0x7f9830106fe0
2024-04-16T02:26:42.739 INFO:teuthology.orchestra.run.smithi151.stdout:/usr/bin/ceph: stderr
2024-04-16T02:26:41.904+0000 7f983597d700 1 --2- >> [v2:172.21.15.151:3300/0,v1:172.21.15.151:6789/0] conn(0x7f9830106fe0 0x7f98301093d0 unknown :-1 s=BANNER_CONNECTING pgs=0 cs=0 l=0 rev1=0 crypto rx=0 tx=0 comp rx=0 tx=0)._handle_peer_banner_payload supported=3 required=0
2024-04-16T02:26:42.739 INFO:teuthology.orchestra.run.smithi151.stdout:/usr/bin/ceph: stderr
2024-04-16T02:26:41.904+0000 7f983597d700 1 --2- >> [v2:172.21.15.151:3300/0,v1:172.21.15.151:6789/0] conn(0x7f9830106fe0 0x7f98301093d0 unknown :-1 s=HELLO_CONNECTING pgs=0 cs=0 l=0 rev1=1 crypto rx=0 tx=0 comp rx=0 tx=0).handle_hello peer v2:172.21.15.151:3300/0 says I am v2:172.21.15.151:41986/0 (socket says 172.21.15.151:41986)
2024-04-16T02:26:42.739 INFO:teuthology.orchestra.run.smithi151.stdout:/usr/bin/ceph: stderr
2024-04-16T02:26:41.904+0000 7f983597d700 1 -- 172.21.15.151:0/4282485582 learned_addr learned my addr 172.21.15.151:0/4282485582 (peer_addr_for_me v2:172.21.15.151:0/0)
2024-04-16T02:26:42.740 INFO:teuthology.orchestra.run.smithi151.stdout:/usr/bin/ceph: stderr
2024-04-16T02:26:41.904+0000 7f983597d700 1 -- 172.21.15.151:0/4282485582 --> [v2:172.21.15.151:3300/0,v1:172.21.15.151:6789/0] -- mon_subscribe({config=0+,monmap=0+}) v3 -- 0x7f9830109910 con 0x7f9830106fe0
2024-04-16T02:26:42.740 INFO:teuthology.orchestra.run.smithi151.stdout:/usr/bin/ceph: stderr
2024-04-16T02:26:41.904+0000 7f983597d700 1 --2- 172.21.15.151:0/4282485582 >> [v2:172.21.15.151:3300/0,v1:172.21.15.151:6789/0] conn(0x7f9830106fe0 0x7f98301093d0 secure :-1 s=READY pgs=90 cs=0 l=1 rev1=1 crypto rx=0x7f982c009e80 tx=0x7f982c00b330 comp rx=0 tx=0).ready entity=mon.0 client_cookie=aa6a9e4dd1d626e5 server_cookie=0 in_seq=0 out_seq=0
2024-04-16T02:26:42.740 INFO:teuthology.orchestra.run.smithi151.stdout:/usr/bin/ceph: stderr
2024-04-16T02:26:41.904+0000 7f983497b700 1 -- 172.21.15.151:0/4282485582 <== mon.0 v2:172.21.15.151:3300/0 1 ==== mon_map magic: 0 v1 ==== 229+0+0 (secure 0 0 0) 0x7f982c00e070 con 0x7f9830106fe0
2024-04-16T02:26:42.740 INFO:teuthology.orchestra.run.smithi151.stdout:/usr/bin/ceph: stderr
2024-04-16T02:26:41.904+0000 7f983497b700 1 -- 172.21.15.151:0/4282485582 <== mon.0 v2:172.21.15.151:3300/0 2 ==== config(27 keys) v1 ==== 1101+0+0 (secure 0 0 0) 0x7f982c00b8c0 con 0x7f9830106fe0
2024-04-16T02:26:42.740 INFO:teuthology.orchestra.run.smithi151.stdout:/usr/bin/ceph: stderr
2024-04-16T02:26:41.904+0000 7f983497b700 1 -- 172.21.15.151:0/4282485582 <== mon.0 v2:172.21.15.151:3300/0 3 ==== mon_map magic: 0 v1 ==== 229+0+0 (secure 0 0 0) 0x7f982c0044d0 con 0x7f9830106fe0
2024-04-16T02:26:42.740 INFO:teuthology.orchestra.run.smithi151.stdout:/usr/bin/ceph: stderr
2024-04-16T02:26:41.905+0000 7f9837be1700 1 -- 172.21.15.151:0/4282485582 >> [v2:172.21.15.151:3300/0,v1:172.21.15.151:6789/0] conn(0x7f9830106fe0 msgr2=0x7f98301093d0 secure :-1 s=STATE_CONNECTION_ESTABLISHED l=1).mark_down
2024-04-16T02:26:42.740 INFO:teuthology.orchestra.run.smithi151.stdout:/usr/bin/ceph: stderr
2024-04-16T02:26:41.905+0000 7f9837be1700 1 --2- 172.21.15.151:0/4282485582 >> [v2:172.21.15.151:3300/0,v1:172.21.15.151:6789/0] conn(0x7f9830106fe0 0x7f98301093d0 secure :-1 s=READY pgs=90 cs=0 l=1 rev1=1 crypto rx=0x7f982c009e80 tx=0x7f982c00b330 comp rx=0 tx=0).stop
2024-04-16T02:26:42.740 INFO:teuthology.orchestra.run.smithi151.stdout:/usr/bin/ceph: stderr
2024-04-16T02:26:41.905+0000 7f9837be1700 1 -- 172.21.15.151:0/4282485582 shutdown_connections
2024-04-16T02:26:42.740 INFO:teuthology.orchestra.run.smithi151.stdout:/usr/bin/ceph: stderr
2024-04-16T02:26:41.905+0000 7f9837be1700 1 --2- 172.21.15.151:0/4282485582 >> [v2:172.21.15.151:3300/0,v1:172.21.15.151:6789/0] conn(0x7f9830106fe0 0x7f98301093d0 unknown :-1 s=CLOSED pgs=90 cs=0 l=1 rev1=1 crypto rx=0 tx=0 comp rx=0 tx=0).stop
2024-04-16T02:26:42.740 INFO:teuthology.orchestra.run.smithi151.stdout:/usr/bin/ceph: stderr
2024-04-16T02:26:41.905+0000 7f9837be1700 1 -- 172.21.15.151:0/4282485582 >> 172.21.15.151:0/4282485582 conn(0x7f98301009f0 msgr2=0x7f9830102e50 unknown :-1 s=STATE_NONE l=0).mark_down
2024-04-16T02:26:42.740 INFO:teuthology.orchestra.run.smithi151.stdout:/usr/bin/ceph: stderr
2024-04-16T02:26:41.905+0000 7f9837be1700 1 -- 172.21.15.151:0/4282485582 shutdown_connections
2024-04-16T02:26:42.740 INFO:teuthology.orchestra.run.smithi151.stdout:/usr/bin/ceph: stderr
2024-04-16T02:26:41.905+0000 7f9837be1700 1 -- 172.21.15.151:0/4282485582 wait complete.
2024-04-16T02:26:42.740 INFO:teuthology.orchestra.run.smithi151.stdout:/usr/bin/ceph: stderr
2024-04-16T02:26:41.906+0000 7f9837be1700 1 Processor -- start
2024-04-16T02:26:42.740 INFO:teuthology.orchestra.run.smithi151.stdout:/usr/bin/ceph: stderr
2024-04-16T02:26:41.906+0000 7f9837be1700 1 -- start start
2024-04-16T02:26:42.740 INFO:teuthology.orchestra.run.smithi151.stdout:/usr/bin/ceph: stderr
2024-04-16T02:26:41.906+0000 7f9837be1700 1 --2- >> [v2:172.21.15.151:3300/0,v1:172.21.15.151:6789/0] conn(0x7f9830106fe0 0x7f983019a120 unknown :-1 s=NONE pgs=0 cs=0 l=1 rev1=0 crypto rx=0 tx=0 comp rx=0 tx=0).connect
2024-04-16T02:26:42.741 INFO:teuthology.orchestra.run.smithi151.stdout:/usr/bin/ceph: stderr
2024-04-16T02:26:41.906+0000 7f9837be1700 1 -- --> [v2:172.21.15.151:3300/0,v1:172.21.15.151:6789/0] -- mon_getmap magic: 0 v1 -- 0x7f983019a660 con 0x7f9830106fe0
2024-04-16T02:26:42.741 INFO:teuthology.orchestra.run.smithi151.stdout:/usr/bin/ceph: stderr
2024-04-16T02:26:41.906+0000 7f983597d700 1 --2- >> [v2:172.21.15.151:3300/0,v1:172.21.15.151:6789/0] conn(0x7f9830106fe0 0x7f983019a120 unknown :-1 s=BANNER_CONNECTING pgs=0 cs=0 l=1 rev1=0 crypto rx=0 tx=0 comp rx=0 tx=0)._handle_peer_banner_payload supported=3 required=0
2024-04-16T02:26:42.741 INFO:teuthology.orchestra.run.smithi151.stdout:/usr/bin/ceph: stderr
2024-04-16T02:26:41.906+0000 7f983597d700 1 --2- >> [v2:172.21.15.151:3300/0,v1:172.21.15.151:6789/0] conn(0x7f9830106fe0 0x7f983019a120 unknown :-1 s=HELLO_CONNECTING pgs=0 cs=0 l=1 rev1=1 crypto rx=0 tx=0 comp rx=0 tx=0).handle_hello peer v2:172.21.15.151:3300/0 says I am v2:172.21.15.151:41992/0 (socket says 172.21.15.151:41992)
2024-04-16T02:26:42.741 INFO:teuthology.orchestra.run.smithi151.stdout:/usr/bin/ceph: stderr
2024-04-16T02:26:41.906+0000 7f983597d700 1 -- 172.21.15.151:0/4209654427 learned_addr learned my addr 172.21.15.151:0/4209654427 (peer_addr_for_me v2:172.21.15.151:0/0)
2024-04-16T02:26:42.741 INFO:teuthology.orchestra.run.smithi151.stdout:/usr/bin/ceph: stderr
2024-04-16T02:26:41.906+0000 7f983597d700 1 -- 172.21.15.151:0/4209654427 --> [v2:172.21.15.151:3300/0,v1:172.21.15.151:6789/0] -- mon_subscribe({config=0+,monmap=0+}) v3 -- 0x7f982c009b30 con 0x7f9830106fe0
2024-04-16T02:26:42.741 INFO:teuthology.orchestra.run.smithi151.stdout:/usr/bin/ceph: stderr
