2024-04-16T02:26:13.731 INFO:teuthology.orchestra.run.smithi151.stdout:/usr/bin/ceph: stdout Scheduled mon update...
2024-04-16T02:26:13.731 INFO:teuthology.orchestra.run.smithi151.stdout:/usr/bin/ceph: stderr
2024-04-16T02:26:12.240+0000 7f8abc327700 1 Processor -- start
2024-04-16T02:26:13.731 INFO:teuthology.orchestra.run.smithi151.stdout:/usr/bin/ceph: stderr
2024-04-16T02:26:12.240+0000 7f8abc327700 1 -- start start
2024-04-16T02:26:13.731 INFO:teuthology.orchestra.run.smithi151.stdout:/usr/bin/ceph: stderr
2024-04-16T02:26:12.240+0000 7f8abc327700 1 --2- >> [v2:172.21.15.151:3300/0,v1:172.21.15.151:6789/0] conn(0x7f8ab4105460 0x7f8ab4105880 unknown :-1 s=NONE pgs=0 cs=0 l=0 rev1=0 crypto rx=0 tx=0 comp rx=0 tx=0).connect
2024-04-16T02:26:13.731 INFO:teuthology.orchestra.run.smithi151.stdout:/usr/bin/ceph: stderr
2024-04-16T02:26:12.240+0000 7f8abc327700 1 -- --> [v2:172.21.15.151:3300/0,v1:172.21.15.151:6789/0] -- mon_getmap magic: 0 v1 -- 0x7f8ab4105e50 con 0x7f8ab4105460
2024-04-16T02:26:13.731 INFO:teuthology.orchestra.run.smithi151.stdout:/usr/bin/ceph: stderr
2024-04-16T02:26:12.241+0000 7f8aba0c3700 1 --2- >> [v2:172.21.15.151:3300/0,v1:172.21.15.151:6789/0] conn(0x7f8ab4105460 0x7f8ab4105880 unknown :-1 s=BANNER_CONNECTING pgs=0 cs=0 l=0 rev1=0 crypto rx=0 tx=0 comp rx=0 tx=0)._handle_peer_banner_payload supported=3 required=0
2024-04-16T02:26:13.732 INFO:teuthology.orchestra.run.smithi151.stdout:/usr/bin/ceph: stderr
2024-04-16T02:26:12.241+0000 7f8aba0c3700 1 --2- >> [v2:172.21.15.151:3300/0,v1:172.21.15.151:6789/0] conn(0x7f8ab4105460 0x7f8ab4105880 unknown :-1 s=HELLO_CONNECTING pgs=0 cs=0 l=0 rev1=1 crypto rx=0 tx=0 comp rx=0 tx=0).handle_hello peer v2:172.21.15.151:3300/0 says I am v2:172.21.15.151:51796/0 (socket says 172.21.15.151:51796)
2024-04-16T02:26:13.732 INFO:teuthology.orchestra.run.smithi151.stdout:/usr/bin/ceph: stderr
2024-04-16T02:26:12.241+0000 7f8aba0c3700 1 -- 172.21.15.151:0/1228566681 learned_addr learned my addr 172.21.15.151:0/1228566681 (peer_addr_for_me v2:172.21.15.151:0/0)
2024-04-16T02:26:13.732 INFO:teuthology.orchestra.run.smithi151.stdout:/usr/bin/ceph: stderr
2024-04-16T02:26:12.241+0000 7f8aba0c3700 1 -- 172.21.15.151:0/1228566681 --> [v2:172.21.15.151:3300/0,v1:172.21.15.151:6789/0] -- mon_subscribe({config=0+,monmap=0+}) v3 -- 0x7f8ab4106660 con 0x7f8ab4105460
2024-04-16T02:26:13.732 INFO:teuthology.orchestra.run.smithi151.stdout:/usr/bin/ceph: stderr
2024-04-16T02:26:12.241+0000 7f8aba0c3700 1 --2- 172.21.15.151:0/1228566681 >> [v2:172.21.15.151:3300/0,v1:172.21.15.151:6789/0] conn(0x7f8ab4105460 0x7f8ab4105880 secure :-1 s=READY pgs=47 cs=0 l=1 rev1=1 crypto rx=0x7f8ab00098a0 tx=0x7f8ab0009bb0 comp rx=0 tx=0).ready entity=mon.0 client_cookie=cf380f619616bbba server_cookie=0 in_seq=0 out_seq=0
2024-04-16T02:26:13.732 INFO:teuthology.orchestra.run.smithi151.stdout:/usr/bin/ceph: stderr
2024-04-16T02:26:12.241+0000 7f8ab90c1700 1 -- 172.21.15.151:0/1228566681 <== mon.0 v2:172.21.15.151:3300/0 1 ==== mon_map magic: 0 v1 ==== 229+0+0 (secure 0 0 0) 0x7f8ab0004180 con 0x7f8ab4105460
2024-04-16T02:26:13.732 INFO:teuthology.orchestra.run.smithi151.stdout:/usr/bin/ceph: stderr
2024-04-16T02:26:12.241+0000 7f8ab90c1700 1 -- 172.21.15.151:0/1228566681 <== mon.0 v2:172.21.15.151:3300/0 2 ==== config(27 keys) v1 ==== 1037+0+0 (secure 0 0 0) 0x7f8ab00042e0 con 0x7f8ab4105460
2024-04-16T02:26:13.732 INFO:teuthology.orchestra.run.smithi151.stdout:/usr/bin/ceph: stderr
2024-04-16T02:26:12.241+0000 7f8ab90c1700 1 -- 172.21.15.151:0/1228566681 <== mon.0 v2:172.21.15.151:3300/0 3 ==== mon_map magic: 0 v1 ==== 229+0+0 (secure 0 0 0) 0x7f8ab0011a50 con 0x7f8ab4105460
2024-04-16T02:26:13.732 INFO:teuthology.orchestra.run.smithi151.stdout:/usr/bin/ceph: stderr
2024-04-16T02:26:12.242+0000 7f8abc327700 1 -- 172.21.15.151:0/1228566681 >> [v2:172.21.15.151:3300/0,v1:172.21.15.151:6789/0] conn(0x7f8ab4105460 msgr2=0x7f8ab4105880 secure :-1 s=STATE_CONNECTION_ESTABLISHED l=1).mark_down
2024-04-16T02:26:13.732 INFO:teuthology.orchestra.run.smithi151.stdout:/usr/bin/ceph: stderr
2024-04-16T02:26:12.242+0000 7f8abc327700 1 --2- 172.21.15.151:0/1228566681 >> [v2:172.21.15.151:3300/0,v1:172.21.15.151:6789/0] conn(0x7f8ab4105460 0x7f8ab4105880 secure :-1 s=READY pgs=47 cs=0 l=1 rev1=1 crypto rx=0x7f8ab00098a0 tx=0x7f8ab0009bb0 comp rx=0 tx=0).stop
2024-04-16T02:26:13.732 INFO:teuthology.orchestra.run.smithi151.stdout:/usr/bin/ceph: stderr
2024-04-16T02:26:12.242+0000 7f8abc327700 1 -- 172.21.15.151:0/1228566681 shutdown_connections
2024-04-16T02:26:13.732 INFO:teuthology.orchestra.run.smithi151.stdout:/usr/bin/ceph: stderr
2024-04-16T02:26:12.242+0000 7f8abc327700 1 --2- 172.21.15.151:0/1228566681 >> [v2:172.21.15.151:3300/0,v1:172.21.15.151:6789/0] conn(0x7f8ab4105460 0x7f8ab4105880 unknown :-1 s=CLOSED pgs=47 cs=0 l=1 rev1=1 crypto rx=0 tx=0 comp rx=0 tx=0).stop
2024-04-16T02:26:13.732 INFO:teuthology.orchestra.run.smithi151.stdout:/usr/bin/ceph: stderr
2024-04-16T02:26:12.242+0000 7f8abc327700 1 -- 172.21.15.151:0/1228566681 >> 172.21.15.151:0/1228566681 conn(0x7f8ab4100a20 msgr2=0x7f8ab4102e40 unknown :-1 s=STATE_NONE l=0).mark_down
2024-04-16T02:26:13.733 INFO:teuthology.orchestra.run.smithi151.stdout:/usr/bin/ceph: stderr
2024-04-16T02:26:12.242+0000 7f8abc327700 1 -- 172.21.15.151:0/1228566681 shutdown_connections
2024-04-16T02:26:13.733 INFO:teuthology.orchestra.run.smithi151.stdout:/usr/bin/ceph: stderr
2024-04-16T02:26:12.242+0000 7f8abc327700 1 -- 172.21.15.151:0/1228566681 wait complete.
2024-04-16T02:26:13.733 INFO:teuthology.orchestra.run.smithi151.stdout:/usr/bin/ceph: stderr
2024-04-16T02:26:12.243+0000 7f8abc327700 1 Processor -- start
2024-04-16T02:26:13.733 INFO:teuthology.orchestra.run.smithi151.stdout:/usr/bin/ceph: stderr
2024-04-16T02:26:12.243+0000 7f8abc327700 1 -- start start
2024-04-16T02:26:13.733 INFO:teuthology.orchestra.run.smithi151.stdout:/usr/bin/ceph: stderr
2024-04-16T02:26:12.243+0000 7f8abc327700 1 --2- >> [v2:172.21.15.151:3300/0,v1:172.21.15.151:6789/0] conn(0x7f8ab4105460 0x7f8ab419a210 unknown :-1 s=NONE pgs=0 cs=0 l=1 rev1=0 crypto rx=0 tx=0 comp rx=0 tx=0).connect
2024-04-16T02:26:13.733 INFO:teuthology.orchestra.run.smithi151.stdout:/usr/bin/ceph: stderr
2024-04-16T02:26:12.243+0000 7f8abc327700 1 -- --> [v2:172.21.15.151:3300/0,v1:172.21.15.151:6789/0] -- mon_getmap magic: 0 v1 -- 0x7f8ab419a750 con 0x7f8ab4105460
2024-04-16T02:26:13.733 INFO:teuthology.orchestra.run.smithi151.stdout:/usr/bin/ceph: stderr
2024-04-16T02:26:12.243+0000 7f8aba0c3700 1 --2- >> [v2:172.21.15.151:3300/0,v1:172.21.15.151:6789/0] conn(0x7f8ab4105460 0x7f8ab419a210 unknown :-1 s=BANNER_CONNECTING pgs=0 cs=0 l=1 rev1=0 crypto rx=0 tx=0 comp rx=0 tx=0)._handle_peer_banner_payload supported=3 required=0
2024-04-16T02:26:13.733 INFO:teuthology.orchestra.run.smithi151.stdout:/usr/bin/ceph: stderr
2024-04-16T02:26:12.243+0000 7f8aba0c3700 1 --2- >> [v2:172.21.15.151:3300/0,v1:172.21.15.151:6789/0] conn(0x7f8ab4105460 0x7f8ab419a210 unknown :-1 s=HELLO_CONNECTING pgs=0 cs=0 l=1 rev1=1 crypto rx=0 tx=0 comp rx=0 tx=0).handle_hello peer v2:172.21.15.151:3300/0 says I am v2:172.21.15.151:51802/0 (socket says 172.21.15.151:51802)
2024-04-16T02:26:13.733 INFO:teuthology.orchestra.run.smithi151.stdout:/usr/bin/ceph: stderr
2024-04-16T02:26:12.243+0000 7f8aba0c3700 1 -- 172.21.15.151:0/599221792 learned_addr learned my addr 172.21.15.151:0/599221792 (peer_addr_for_me v2:172.21.15.151:0/0)
2024-04-16T02:26:13.733 INFO:teuthology.orchestra.run.smithi151.stdout:/usr/bin/ceph: stderr
2024-04-16T02:26:12.243+0000 7f8aba0c3700 1 -- 172.21.15.151:0/599221792 --> [v2:172.21.15.151:3300/0,v1:172.21.15.151:6789/0] -- mon_subscribe({config=0+,monmap=0+}) v3 -- 0x7f8ab0009550 con 0x7f8ab4105460
2024-04-16T02:26:13.733 INFO:teuthology.orchestra.run.smithi151.stdout:/usr/bin/ceph: stderr
2024-04-16T02:26:12.243+0000 7f8aba0c3700 1 --2- 172.21.15.151:0/599221792 >> [v2:172.21.15.151:3300/0,v1:172.21.15.151:6789/0] conn(0x7f8ab4105460 0x7f8ab419a210 secure :-1 s=READY pgs=48 cs=0 l=1 rev1=1 crypto rx=0x7f8ab0009520 tx=0x7f8ab0011ab0 comp rx=0 tx=0).ready entity=mon.0 client_cookie=0 server_cookie=0 in_seq=0 out_seq=0
2024-04-16T02:26:13.733 INFO:teuthology.orchestra.run.smithi151.stdout:/usr/bin/ceph: stderr
2024-04-16T02:26:12.244+0000 7f8aab7fe700 1 -- 172.21.15.151:0/599221792 <== mon.0 v2:172.21.15.151:3300/0 1 ==== mon_map magic: 0 v1 ==== 229+0+0 (secure 0 0 0) 0x7f8ab0003a80 con 0x7f8ab4105460
2024-04-16T02:26:13.733 INFO:teuthology.orchestra.run.smithi151.stdout:/usr/bin/ceph: stderr
2024-04-16T02:26:12.244+0000 7f8aab7fe700 1 -- 172.21.15.151:0/599221792 <== mon.0 v2:172.21.15.151:3300/0 2 ==== config(27 keys) v1 ==== 1037+0+0 (secure 0 0 0) 0x7f8ab0003be0 con 0x7f8ab4105460
2024-04-16T02:26:13.733 INFO:teuthology.orchestra.run.smithi151.stdout:/usr/bin/ceph: stderr
2024-04-16T02:26:12.244+0000 7f8abc327700 1 -- 172.21.15.151:0/599221792 --> [v2:172.21.15.151:3300/0,v1:172.21.15.151:6789/0] -- mon_subscribe({mgrmap=0+}) v3 -- 0x7f8ab419a950 con 0x7f8ab4105460
2024-04-16T02:26:13.734 INFO:teuthology.orchestra.run.smithi151.stdout:/usr/bin/ceph: stderr
2024-04-16T02:26:12.244+0000 7f8aab7fe700 1 -- 172.21.15.151:0/599221792 <== mon.0 v2:172.21.15.151:3300/0 3 ==== mon_map magic: 0 v1 ==== 229+0+0 (secure 0 0 0) 0x7f8ab00197b0 con 0x7f8ab4105460
2024-04-16T02:26:13.734 INFO:teuthology.orchestra.run.smithi151.stdout:/usr/bin/ceph: stderr
2024-04-16T02:26:12.244+0000 7f8abc327700 1 -- 172.21.15.151:0/599221792 --> [v2:172.21.15.151:3300/0,v1:172.21.15.151:6789/0] -- mon_subscribe({osdmap=0}) v3 -- 0x7f8ab419adf0 con 0x7f8ab4105460
2024-04-16T02:26:13.734 INFO:teuthology.orchestra.run.smithi151.stdout:/usr/bin/ceph: stderr
2024-04-16T02:26:12.244+0000 7f8aab7fe700 1 -- 172.21.15.151:0/599221792 <== mon.0 v2:172.21.15.151:3300/0 4 ==== mgrmap(e 8) v1 ==== 45283+0+0 (secure 0 0 0) 0x7f8ab001a430 con 0x7f8ab4105460
2024-04-16T02:26:13.734 INFO:teuthology.orchestra.run.smithi151.stdout:/usr/bin/ceph: stderr
2024-04-16T02:26:12.245+0000 7f8abc327700 1 -- 172.21.15.151:0/599221792 --> [v2:172.21.15.151:3300/0,v1:172.21.15.151:6789/0] -- mon_command({"prefix": "get_command_descriptions"} v 0) v1 -- 0x7f8ab40623c0 con 0x7f8ab4105460
2024-04-16T02:26:13.734 INFO:teuthology.orchestra.run.smithi151.stdout:/usr/bin/ceph: stderr
2024-04-16T02:26:12.245+0000 7f8aab7fe700 1 --2- 172.21.15.151:0/599221792 >> [v2:172.21.15.151:6800/2400549256,v1:172.21.15.151:6801/2400549256] conn(0x7f8aa0038320 0x7f8aa003a7e0 unknown :-1 s=NONE pgs=0 cs=0 l=1 rev1=0 crypto rx=0 tx=0 comp rx=0 tx=0).connect
2024-04-16T02:26:13.734 INFO:teuthology.orchestra.run.smithi151.stdout:/usr/bin/ceph: stderr
2024-04-16T02:26:12.245+0000 7f8aab7fe700 1 -- 172.21.15.151:0/599221792 <== mon.0 v2:172.21.15.151:3300/0 5 ==== osd_map(2..2 src has 1..2) v4 ==== 940+0+0 (secure 0 0 0) 0x7f8ab004c530 con 0x7f8ab4105460
2024-04-16T02:26:13.734 INFO:teuthology.orchestra.run.smithi151.stdout:/usr/bin/ceph: stderr
2024-04-16T02:26:12.245+0000 7f8ab98c2700 1 --2- 172.21.15.151:0/599221792 >> [v2:172.21.15.151:6800/2400549256,v1:172.21.15.151:6801/2400549256] conn(0x7f8aa0038320 0x7f8aa003a7e0 unknown :-1 s=BANNER_CONNECTING pgs=0 cs=0 l=1 rev1=0 crypto rx=0 tx=0 comp rx=0 tx=0)._handle_peer_banner_payload supported=3 required=0
2024-04-16T02:26:13.734 INFO:teuthology.orchestra.run.smithi151.stdout:/usr/bin/ceph: stderr
2024-04-16T02:26:12.245+0000 7f8ab98c2700 1 --2- 172.21.15.151:0/599221792 >> [v2:172.21.15.151:6800/2400549256,v1:172.21.15.151:6801/2400549256] conn(0x7f8aa0038320 0x7f8aa003a7e0 secure :-1 s=READY pgs=12 cs=0 l=1 rev1=1 crypto rx=0x7f8aa4006fd0 tx=0x7f8aa4006e40 comp rx=0 tx=0).ready entity=mgr.14120 client_cookie=0 server_cookie=0 in_seq=0 out_seq=0
2024-04-16T02:26:13.734 INFO:teuthology.orchestra.run.smithi151.stdout:/usr/bin/ceph: stderr
2024-04-16T02:26:12.250+0000 7f8aab7fe700 1 -- 172.21.15.151:0/599221792 <== mon.0 v2:172.21.15.151:3300/0 6 ==== mon_command_ack([{"prefix": "get_command_descriptions"}]=0 v0) v1 ==== 72+0+180422 (secure 0 0 0) 0x7f8ab0018530 con 0x7f8ab4105460
2024-04-16T02:26:13.734 INFO:teuthology.orchestra.run.smithi151.stdout:/usr/bin/ceph: stderr
2024-04-16T02:26:12.460+0000 7f8abc327700 1 -- 172.21.15.151:0/599221792 --> [v2:172.21.15.151:6800/2400549256,v1:172.21.15.151:6801/2400549256] -- mgr_command(tid 0: {"prefix": "orch apply", "service_type": "mon", "target": ["mon-mgr", ""]}) v1 -- 0x7f8ab419dc30 con 0x7f8aa0038320
2024-04-16T02:26:13.734 INFO:teuthology.orchestra.run.smithi151.stdout:/usr/bin/ceph: stderr
2024-04-16T02:26:12.465+0000 7f8aab7fe700 1 -- 172.21.15.151:0/599221792 <== mgr.14120 v2:172.21.15.151:6800/2400549256 1 ==== mgr_command_reply(tid 0: 0 ) v1 ==== 8+0+24 (secure 0 0 0) 0x7f8ab419dc30 con 0x7f8aa0038320
2024-04-16T02:26:13.734 INFO:teuthology.orchestra.run.smithi151.stdout:/usr/bin/ceph: stderr
2024-04-16T02:26:12.467+0000 7f8abc327700 1 -- 172.21.15.151:0/599221792 >> [v2:172.21.15.151:6800/2400549256,v1:172.21.15.151:6801/2400549256] conn(0x7f8aa0038320 msgr2=0x7f8aa003a7e0 secure :-1 s=STATE_CONNECTION_ESTABLISHED l=1).mark_down
2024-04-16T02:26:13.735 INFO:teuthology.orchestra.run.smithi151.stdout:/usr/bin/ceph: stderr
2024-04-16T02:26:12.467+0000 7f8abc327700 1 --2- 172.21.15.151:0/599221792 >> [v2:172.21.15.151:6800/2400549256,v1:172.21.15.151:6801/2400549256] conn(0x7f8aa0038320 0x7f8aa003a7e0 secure :-1 s=READY pgs=12 cs=0 l=1 rev1=1 crypto rx=0x7f8aa4006fd0 tx=0x7f8aa4006e40 comp rx=0 tx=0).stop
2024-04-16T02:26:13.735 INFO:teuthology.orchestra.run.smithi151.stdout:/usr/bin/ceph: stderr
2024-04-16T02:26:12.467+0000 7f8abc327700 1 -- 172.21.15.151:0/599221792 >> [v2:172.21.15.151:3300/0,v1:172.21.15.151:6789/0] conn(0x7f8ab4105460 msgr2=0x7f8ab419a210 secure :-1 s=STATE_CONNECTION_ESTABLISHED l=1).mark_down
2024-04-16T02:26:13.735 INFO:teuthology.orchestra.run.smithi151.stdout:/usr/bin/ceph: stderr
2024-04-16T02:26:12.467+0000 7f8abc327700 1 --2- 172.21.15.151:0/599221792 >> [v2:172.21.15.151:3300/0,v1:172.21.15.151:6789/0] conn(0x7f8ab4105460 0x7f8ab419a210 secure :-1 s=READY pgs=48 cs=0 l=1 rev1=1 crypto rx=0x7f8ab0009520 tx=0x7f8ab0011ab0 comp rx=0 tx=0).stop
2024-04-16T02:26:13.735 INFO:teuthology.orchestra.run.smithi151.stdout:/usr/bin/ceph: stderr
2024-04-16T02:26:12.467+0000 7f8abc327700 1 -- 172.21.15.151:0/599221792 shutdown_connections
2024-04-16T02:26:13.735 INFO:teuthology.orchestra.run.smithi151.stdout:/usr/bin/ceph: stderr
2024-04-16T02:26:12.467+0000 7f8abc327700 1 --2- 172.21.15.151:0/599221792 >> [v2:172.21.15.151:6800/2400549256,v1:172.21.15.151:6801/2400549256] conn(0x7f8aa0038320 0x7f8aa003a7e0 unknown :-1 s=CLOSED pgs=12 cs=0 l=1 rev1=1 crypto rx=0 tx=0 comp rx=0 tx=0).stop
2024-04-16T02:26:13.735 INFO:teuthology.orchestra.run.smithi151.stdout:/usr/bin/ceph: stderr
2024-04-16T02:26:12.467+0000 7f8abc327700 1 --2- 172.21.15.151:0/599221792 >> [v2:172.21.15.151:3300/0,v1:172.21.15.151:6789/0] conn(0x7f8ab4105460 0x7f8ab419a210 unknown :-1 s=CLOSED pgs=48 cs=0 l=1 rev1=1 crypto rx=0 tx=0 comp rx=0 tx=0).stop
2024-04-16T02:26:13.735 INFO:teuthology.orchestra.run.smithi151.stdout:/usr/bin/ceph: stderr
2024-04-16T02:26:12.467+0000 7f8abc327700 1 -- 172.21.15.151:0/599221792 >> 172.21.15.151:0/599221792 conn(0x7f8ab4100a20 msgr2=0x7f8ab4079840 unknown :-1 s=STATE_NONE l=0).mark_down
2024-04-16T02:26:13.735 INFO:teuthology.orchestra.run.smithi151.stdout:/usr/bin/ceph: stderr
2024-04-16T02:26:12.467+0000 7f8abc327700 1 -- 172.21.15.151:0/599221792 shutdown_connections
2024-04-16T02:26:13.735 INFO:teuthology.orchestra.run.smithi151.stdout:/usr/bin/ceph: stderr
2024-04-16T02:26:12.467+0000 7f8abc327700 1 -- 172.21.15.151:0/599221792 wait complete.
2024-04-16T02:26:13.735 INFO:teuthology.orchestra.run.smithi151.stdout:Deploying mgr service with default placement...
2024-04-16T02:26:15.200 INFO:journalctl@ceph.mon.smithi151.smithi151.stdout:Apr 16 02:26:14 smithi151 ceph-mon[29003]: from='mgr.14120 172.21.15.151:0/1655875404' entity='mgr.smithi151.uqqame'
2024-04-16T02:26:15.201 INFO:journalctl@ceph.mon.smithi151.smithi151.stdout:Apr 16 02:26:14 smithi151 ceph-mon[29003]: from='client.14144 -' entity='client.admin' cmd=[{"prefix": "orch apply", "service_type": "mgr", "target": ["mon-mgr", ""]}]: dispatch
2024-04-16T02:26:15.201 INFO:journalctl@ceph.mon.smithi151.smithi151.stdout:Apr 16 02:26:14 smithi151 ceph-mon[29003]: Saving service mgr spec with placement count:2
2024-04-16T02:26:15.201 INFO:journalctl@ceph.mon.smithi151.smithi151.stdout:Apr 16 02:26:14 smithi151 ceph-mon[29003]: from='mgr.14120 172.21.15.151:0/1655875404' entity='mgr.smithi151.uqqame'
2024-04-16T02:26:15.476 INFO:teuthology.orchestra.run.smithi151.stdout:/usr/bin/ceph: stdout Scheduled mgr update...
2024-04-16T02:26:15.476 INFO:teuthology.orchestra.run.smithi151.stdout:/usr/bin/ceph: stderr
2024-04-16T02:26:14.170+0000 7f0829c3a700 1 Processor -- start
2024-04-16T02:26:15.476 INFO:teuthology.orchestra.run.smithi151.stdout:/usr/bin/ceph: stderr
2024-04-16T02:26:14.170+0000 7f0829c3a700 1 -- start start
2024-04-16T02:26:15.476 INFO:teuthology.orchestra.run.smithi151.stdout:/usr/bin/ceph: stderr
2024-04-16T02:26:14.170+0000 7f0829c3a700 1 --2- >> [v2:172.21.15.151:3300/0,v1:172.21.15.151:6789/0] conn(0x7f0824104e10 0x7f0824105230 unknown :-1 s=NONE pgs=0 cs=0 l=0 rev1=0 crypto rx=0 tx=0 comp rx=0 tx=0).connect
2024-04-16T02:26:15.477 INFO:teuthology.orchestra.run.smithi151.stdout:/usr/bin/ceph: stderr
2024-04-16T02:26:14.170+0000 7f0829c3a700 1 -- --> [v2:172.21.15.151:3300/0,v1:172.21.15.151:6789/0] -- mon_getmap magic: 0 v1 -- 0x7f0824079e30 con 0x7f0824104e10
2024-04-16T02:26:15.477 INFO:teuthology.orchestra.run.smithi151.stdout:/usr/bin/ceph: stderr
2024-04-16T02:26:14.171+0000 7f08237fe700 1 --2- >> [v2:172.21.15.151:3300/0,v1:172.21.15.151:6789/0] conn(0x7f0824104e10 0x7f0824105230 unknown :-1 s=BANNER_CONNECTING pgs=0 cs=0 l=0 rev1=0 crypto rx=0 tx=0 comp rx=0 tx=0)._handle_peer_banner_payload supported=3 required=0
2024-04-16T02:26:15.477 INFO:teuthology.orchestra.run.smithi151.stdout:/usr/bin/ceph: stderr
2024-04-16T02:26:14.171+0000 7f08237fe700 1 --2- >> [v2:172.21.15.151:3300/0,v1:172.21.15.151:6789/0] conn(0x7f0824104e10 0x7f0824105230 unknown :-1 s=HELLO_CONNECTING pgs=0 cs=0 l=0 rev1=1 crypto rx=0 tx=0 comp rx=0 tx=0).handle_hello peer v2:172.21.15.151:3300/0 says I am v2:172.21.15.151:51806/0 (socket says 172.21.15.151:51806)
2024-04-16T02:26:15.477 INFO:teuthology.orchestra.run.smithi151.stdout:/usr/bin/ceph: stderr
2024-04-16T02:26:14.171+0000 7f08237fe700 1 -- 172.21.15.151:0/2968782994 learned_addr learned my addr 172.21.15.151:0/2968782994 (peer_addr_for_me v2:172.21.15.151:0/0)
2024-04-16T02:26:15.477 INFO:teuthology.orchestra.run.smithi151.stdout:/usr/bin/ceph: stderr
2024-04-16T02:26:14.171+0000 7f08237fe700 1 -- 172.21.15.151:0/2968782994 --> [v2:172.21.15.151:3300/0,v1:172.21.15.151:6789/0] -- mon_subscribe({config=0+,monmap=0+}) v3 -- 0x7f0824105770 con 0x7f0824104e10
2024-04-16T02:26:15.477 INFO:teuthology.orchestra.run.smithi151.stdout:/usr/bin/ceph: stderr
2024-04-16T02:26:14.171+0000 7f08237fe700 1 --2- 172.21.15.151:0/2968782994 >> [v2:172.21.15.151:3300/0,v1:172.21.15.151:6789/0] conn(0x7f0824104e10 0x7f0824105230 secure :-1 s=READY pgs=49 cs=0 l=1 rev1=1 crypto rx=0x7f0814009e80 tx=0x7f081400b330 comp rx=0 tx=0).ready entity=mon.0 client_cookie=cf9835a5657697c5 server_cookie=0 in_seq=0 out_seq=0
2024-04-16T02:26:15.477 INFO:teuthology.orchestra.run.smithi151.stdout:/usr/bin/ceph: stderr
2024-04-16T02:26:14.171+0000 7f08227fc700 1 -- 172.21.15.151:0/2968782994 <== mon.0 v2:172.21.15.151:3300/0 1 ==== mon_map magic: 0 v1 ==== 229+0+0 (secure 0 0 0) 0x7f081400e070 con 0x7f0824104e10
2024-04-16T02:26:15.477 INFO:teuthology.orchestra.run.smithi151.stdout:/usr/bin/ceph: stderr
2024-04-16T02:26:14.171+0000 7f08227fc700 1 -- 172.21.15.151:0/2968782994 <== mon.0 v2:172.21.15.151:3300/0 2 ==== config(27 keys) v1 ==== 1101+0+0 (secure 0 0 0) 0x7f081400b8c0 con 0x7f0824104e10
2024-04-16T02:26:15.477 INFO:teuthology.orchestra.run.smithi151.stdout:/usr/bin/ceph: stderr
2024-04-16T02:26:14.171+0000 7f08227fc700 1 -- 172.21.15.151:0/2968782994 <== mon.0 v2:172.21.15.151:3300/0 3 ==== mon_map magic: 0 v1 ==== 229+0+0 (secure 0 0 0) 0x7f08140044d0 con 0x7f0824104e10
2024-04-16T02:26:15.477 INFO:teuthology.orchestra.run.smithi151.stdout:/usr/bin/ceph: stderr
2024-04-16T02:26:14.172+0000 7f0829c3a700 1 -- 172.21.15.151:0/2968782994 >> [v2:172.21.15.151:3300/0,v1:172.21.15.151:6789/0] conn(0x7f0824104e10 msgr2=0x7f0824105230 secure :-1 s=STATE_CONNECTION_ESTABLISHED l=1).mark_down
2024-04-16T02:26:15.477 INFO:teuthology.orchestra.run.smithi151.stdout:/usr/bin/ceph: stderr
2024-04-16T02:26:14.172+0000 7f0829c3a700 1 --2- 172.21.15.151:0/2968782994 >> [v2:172.21.15.151:3300/0,v1:172.21.15.151:6789/0] conn(0x7f0824104e10 0x7f0824105230 secure :-1 s=READY pgs=49 cs=0 l=1 rev1=1 crypto rx=0x7f0814009e80 tx=0x7f081400b330 comp rx=0 tx=0).stop
2024-04-16T02:26:15.477 INFO:teuthology.orchestra.run.smithi151.stdout:/usr/bin/ceph: stderr
2024-04-16T02:26:14.172+0000 7f0829c3a700 1 -- 172.21.15.151:0/2968782994 shutdown_connections
2024-04-16T02:26:15.477 INFO:teuthology.orchestra.run.smithi151.stdout:/usr/bin/ceph: stderr
2024-04-16T02:26:14.172+0000 7f0829c3a700 1 --2- 172.21.15.151:0/2968782994 >> [v2:172.21.15.151:3300/0,v1:172.21.15.151:6789/0] conn(0x7f0824104e10 0x7f0824105230 unknown :-1 s=CLOSED pgs=49 cs=0 l=1 rev1=1 crypto rx=0 tx=0 comp rx=0 tx=0).stop
2024-04-16T02:26:15.477 INFO:teuthology.orchestra.run.smithi151.stdout:/usr/bin/ceph: stderr
2024-04-16T02:26:14.172+0000 7f0829c3a700 1 -- 172.21.15.151:0/2968782994 >> 172.21.15.151:0/2968782994 conn(0x7f08241009f0 msgr2=0x7f0824102e30 unknown :-1 s=STATE_NONE l=0).mark_down
2024-04-16T02:26:15.478 INFO:teuthology.orchestra.run.smithi151.stdout:/usr/bin/ceph: stderr
2024-04-16T02:26:14.172+0000 7f0829c3a700 1 -- 172.21.15.151:0/2968782994 shutdown_connections
2024-04-16T02:26:15.478 INFO:teuthology.orchestra.run.smithi151.stdout:/usr/bin/ceph: stderr
2024-04-16T02:26:14.172+0000 7f0829c3a700 1 -- 172.21.15.151:0/2968782994 wait complete.
2024-04-16T02:26:15.478 INFO:teuthology.orchestra.run.smithi151.stdout:/usr/bin/ceph: stderr
2024-04-16T02:26:14.172+0000 7f0829c3a700 1 Processor -- start
2024-04-16T02:26:15.478 INFO:teuthology.orchestra.run.smithi151.stdout:/usr/bin/ceph: stderr
2024-04-16T02:26:14.173+0000 7f0829c3a700 1 -- start start
2024-04-16T02:26:15.478 INFO:teuthology.orchestra.run.smithi151.stdout:/usr/bin/ceph: stderr
2024-04-16T02:26:14.173+0000 7f0829c3a700 1 --2- >> [v2:172.21.15.151:3300/0,v1:172.21.15.151:6789/0] conn(0x7f0824104e10 0x7f082419c3e0 unknown :-1 s=NONE pgs=0 cs=0 l=1 rev1=0 crypto rx=0 tx=0 comp rx=0 tx=0).connect
2024-04-16T02:26:15.478 INFO:teuthology.orchestra.run.smithi151.stdout:/usr/bin/ceph: stderr
2024-04-16T02:26:14.173+0000 7f0829c3a700 1 -- --> [v2:172.21.15.151:3300/0,v1:172.21.15.151:6789/0] -- mon_getmap magic: 0 v1 -- 0x7f082419c920 con 0x7f0824104e10
2024-04-16T02:26:15.478 INFO:teuthology.orchestra.run.smithi151.stdout:/usr/bin/ceph: stderr
2024-04-16T02:26:14.173+0000 7f08237fe700 1 --2- >> [v2:172.21.15.151:3300/0,v1:172.21.15.151:6789/0] conn(0x7f0824104e10 0x7f082419c3e0 unknown :-1 s=BANNER_CONNECTING pgs=0 cs=0 l=1 rev1=0 crypto rx=0 tx=0 comp rx=0 tx=0)._handle_peer_banner_payload supported=3 required=0
2024-04-16T02:26:15.478 INFO:teuthology.orchestra.run.smithi151.stdout:/usr/bin/ceph: stderr
2024-04-16T02:26:14.173+0000 7f08237fe700 1 --2- >> [v2:172.21.15.151:3300/0,v1:172.21.15.151:6789/0] conn(0x7f0824104e10 0x7f082419c3e0 unknown :-1 s=HELLO_CONNECTING pgs=0 cs=0 l=1 rev1=1 crypto rx=0 tx=0 comp rx=0 tx=0).handle_hello peer v2:172.21.15.151:3300/0 says I am v2:172.21.15.151:51818/0 (socket says 172.21.15.151:51818)
2024-04-16T02:26:15.478 INFO:teuthology.orchestra.run.smithi151.stdout:/usr/bin/ceph: stderr
2024-04-16T02:26:14.173+0000 7f08237fe700 1 -- 172.21.15.151:0/2426722861 learned_addr learned my addr 172.21.15.151:0/2426722861 (peer_addr_for_me v2:172.21.15.151:0/0)
2024-04-16T02:26:15.478 INFO:teuthology.orchestra.run.smithi151.stdout:/usr/bin/ceph: stderr
2024-04-16T02:26:14.173+0000 7f08237fe700 1 -- 172.21.15.151:0/2426722861 --> [v2:172.21.15.151:3300/0,v1:172.21.15.151:6789/0] -- mon_subscribe({config=0+,monmap=0+}) v3 -- 0x7f0814009b30 con 0x7f0824104e10
2024-04-16T02:26:15.478 INFO:teuthology.orchestra.run.smithi151.stdout:/usr/bin/ceph: stderr
2024-04-16T02:26:14.173+0000 7f08237fe700 1 --2- 172.21.15.151:0/2426722861 >> [v2:172.21.15.151:3300/0,v1:172.21.15.151:6789/0] conn(0x7f0824104e10 0x7f082419c3e0 secure :-1 s=READY pgs=50 cs=0 l=1 rev1=1 crypto rx=0x7f0814009e50 tx=0x7f08140049f0 comp rx=0 tx=0).ready entity=mon.0 client_cookie=0 server_cookie=0 in_seq=0 out_seq=0
2024-04-16T02:26:15.478 INFO:teuthology.orchestra.run.smithi151.stdout:/usr/bin/ceph: stderr
2024-04-16T02:26:14.173+0000 7f0820ff9700 1 -- 172.21.15.151:0/2426722861 <== mon.0 v2:172.21.15.151:3300/0 1 ==== mon_map magic: 0 v1 ==== 229+0+0 (secure 0 0 0) 0x7f081400e040 con 0x7f0824104e10
2024-04-16T02:26:15.478 INFO:teuthology.orchestra.run.smithi151.stdout:/usr/bin/ceph: stderr
2024-04-16T02:26:14.173+0000 7f0829c3a700 1 -- 172.21.15.151:0/2426722861 --> [v2:172.21.15.151:3300/0,v1:172.21.15.151:6789/0] -- mon_subscribe({mgrmap=0+}) v3 -- 0x7f082419cb20 con 0x7f0824104e10
2024-04-16T02:26:15.478 INFO:teuthology.orchestra.run.smithi151.stdout:/usr/bin/ceph: stderr
2024-04-16T02:26:14.173+0000 7f0820ff9700 1 -- 172.21.15.151:0/2426722861 <== mon.0 v2:172.21.15.151:3300/0 2 ==== config(27 keys) v1 ==== 1101+0+0 (secure 0 0 0) 0x7f081400bcc0 con 0x7f0824104e10
2024-04-16T02:26:15.479 INFO:teuthology.orchestra.run.smithi151.stdout:/usr/bin/ceph: stderr
2024-04-16T02:26:14.173+0000 7f0820ff9700 1 -- 172.21.15.151:0/2426722861 <== mon.0 v2:172.21.15.151:3300/0 3 ==== mon_map magic: 0 v1 ==== 229+0+0 (secure 0 0 0) 0x7f0814012670 con 0x7f0824104e10
2024-04-16T02:26:15.479 INFO:teuthology.orchestra.run.smithi151.stdout:/usr/bin/ceph: stderr
2024-04-16T02:26:14.173+0000 7f0829c3a700 1 -- 172.21.15.151:0/2426722861 --> [v2:172.21.15.151:3300/0,v1:172.21.15.151:6789/0] -- mon_subscribe({osdmap=0}) v3 -- 0x7f082419d020 con 0x7f0824104e10
2024-04-16T02:26:15.479 INFO:teuthology.orchestra.run.smithi151.stdout:/usr/bin/ceph: stderr
2024-04-16T02:26:14.174+0000 7f0820ff9700 1 -- 172.21.15.151:0/2426722861 <== mon.0 v2:172.21.15.151:3300/0 4 ==== mgrmap(e 8) v1 ==== 45283+0+0 (secure 0 0 0) 0x7f0814019040 con 0x7f0824104e10
2024-04-16T02:26:15.479 INFO:teuthology.orchestra.run.smithi151.stdout:/usr/bin/ceph: stderr
2024-04-16T02:26:14.175+0000 7f0820ff9700 1 --2- 172.21.15.151:0/2426722861 >> [v2:172.21.15.151:6800/2400549256,v1:172.21.15.151:6801/2400549256] conn(0x7f080c038330 0x7f080c03a7f0 unknown :-1 s=NONE pgs=0 cs=0 l=1 rev1=0 crypto rx=0 tx=0 comp rx=0 tx=0).connect
2024-04-16T02:26:15.479 INFO:teuthology.orchestra.run.smithi151.stdout:/usr/bin/ceph: stderr
2024-04-16T02:26:14.175+0000 7f0829c3a700 1 -- 172.21.15.151:0/2426722861 --> [v2:172.21.15.151:3300/0,v1:172.21.15.151:6789/0] -- mon_command({"prefix": "get_command_descriptions"} v 0) v1 -- 0x7f0824195c90 con 0x7f0824104e10
2024-04-16T02:26:15.479 INFO:teuthology.orchestra.run.smithi151.stdout:/usr/bin/ceph: stderr
2024-04-16T02:26:14.175+0000 7f0820ff9700 1 -- 172.21.15.151:0/2426722861 <== mon.0 v2:172.21.15.151:3300/0 5 ==== osd_map(2..2 src has 1..2) v4 ==== 940+0+0 (secure 0 0 0) 0x7f081404bec0 con 0x7f0824104e10
2024-04-16T02:26:15.479 INFO:teuthology.orchestra.run.smithi151.stdout:/usr/bin/ceph: stderr
2024-04-16T02:26:14.175+0000 7f0822ffd700 1 --2- 172.21.15.151:0/2426722861 >> [v2:172.21.15.151:6800/2400549256,v1:172.21.15.151:6801/2400549256] conn(0x7f080c038330 0x7f080c03a7f0 unknown :-1 s=BANNER_CONNECTING pgs=0 cs=0 l=1 rev1=0 crypto rx=0 tx=0 comp rx=0 tx=0)._handle_peer_banner_payload supported=3 required=0
2024-04-16T02:26:15.479 INFO:teuthology.orchestra.run.smithi151.stdout:/usr/bin/ceph: stderr
2024-04-16T02:26:14.175+0000 7f0822ffd700 1 --2- 172.21.15.151:0/2426722861 >> [v2:172.21.15.151:6800/2400549256,v1:172.21.15.151:6801/2400549256] conn(0x7f080c038330 0x7f080c03a7f0 secure :-1 s=READY pgs=13 cs=0 l=1 rev1=1 crypto rx=0x7f0818006fd0 tx=0x7f0818006e40 comp rx=0 tx=0).ready entity=mgr.14120 client_cookie=0 server_cookie=0 in_seq=0 out_seq=0
2024-04-16T02:26:15.479 INFO:teuthology.orchestra.run.smithi151.stdout:/usr/bin/ceph: stderr
2024-04-16T02:26:14.180+0000 7f0820ff9700 1 -- 172.21.15.151:0/2426722861 <== mon.0 v2:172.21.15.151:3300/0 6 ==== mon_command_ack([{"prefix": "get_command_descriptions"}]=0 v0) v1 ==== 72+0+180422 (secure 0 0 0) 0x7f081401f020 con 0x7f0824104e10
2024-04-16T02:26:15.479 INFO:teuthology.orchestra.run.smithi151.stdout:/usr/bin/ceph: stderr
2024-04-16T02:26:14.407+0000 7f0829c3a700 1 -- 172.21.15.151:0/2426722861 --> [v2:172.21.15.151:6800/2400549256,v1:172.21.15.151:6801/2400549256] -- mgr_command(tid 0: {"prefix": "orch apply", "service_type": "mgr", "target": ["mon-mgr", ""]}) v1 -- 0x7f08240611d0 con 0x7f080c038330
2024-04-16T02:26:15.479 INFO:teuthology.orchestra.run.smithi151.stdout:/usr/bin/ceph: stderr
2024-04-16T02:26:14.411+0000 7f0820ff9700 1 -- 172.21.15.151:0/2426722861 <== mgr.14120 v2:172.21.15.151:6800/2400549256 1 ==== mgr_command_reply(tid 0: 0 ) v1 ==== 8+0+24 (secure 0 0 0) 0x7f08240611d0 con 0x7f080c038330
2024-04-16T02:26:15.479 INFO:teuthology.orchestra.run.smithi151.stdout:/usr/bin/ceph: stderr
2024-04-16T02:26:14.413+0000 7f0829c3a700 1 -- 172.21.15.151:0/2426722861 >> [v2:172.21.15.151:6800/2400549256,v1:172.21.15.151:6801/2400549256] conn(0x7f080c038330 msgr2=0x7f080c03a7f0 secure :-1 s=STATE_CONNECTION_ESTABLISHED l=1).mark_down
2024-04-16T02:26:15.479 INFO:teuthology.orchestra.run.smithi151.stdout:/usr/bin/ceph: stderr
2024-04-16T02:26:14.413+0000 7f0829c3a700 1 --2- 172.21.15.151:0/2426722861 >> [v2:172.21.15.151:6800/2400549256,v1:172.21.15.151:6801/2400549256] conn(0x7f080c038330 0x7f080c03a7f0 secure :-1 s=READY pgs=13 cs=0 l=1 rev1=1 crypto rx=0x7f0818006fd0 tx=0x7f0818006e40 comp rx=0 tx=0).stop
2024-04-16T02:26:15.480 INFO:teuthology.orchestra.run.smithi151.stdout:/usr/bin/ceph: stderr
2024-04-16T02:26:14.413+0000 7f0829c3a700 1 -- 172.21.15.151:0/2426722861 >> [v2:172.21.15.151:3300/0,v1:172.21.15.151:6789/0] conn(0x7f0824104e10 msgr2=0x7f082419c3e0 secure :-1 s=STATE_CONNECTION_ESTABLISHED l=1).mark_down
2024-04-16T02:26:15.480 INFO:teuthology.orchestra.run.smithi151.stdout:/usr/bin/ceph: stderr
2024-04-16T02:26:14.413+0000 7f0829c3a700 1 --2- 172.21.15.151:0/2426722861 >> [v2:172.21.15.151:3300/0,v1:172.21.15.151:6789/0] conn(0x7f0824104e10 0x7f082419c3e0 secure :-1 s=READY pgs=50 cs=0 l=1 rev1=1 crypto rx=0x7f0814009e50 tx=0x7f08140049f0 comp rx=0 tx=0).stop
2024-04-16T02:26:15.480 INFO:teuthology.orchestra.run.smithi151.stdout:/usr/bin/ceph: stderr
2024-04-16T02:26:14.413+0000 7f0829c3a700 1 -- 172.21.15.151:0/2426722861 shutdown_connections
2024-04-16T02:26:15.480 INFO:teuthology.orchestra.run.smithi151.stdout:/usr/bin/ceph: stderr
2024-04-16T02:26:14.413+0000 7f0829c3a700 1 --2- 172.21.15.151:0/2426722861 >> [v2:172.21.15.151:6800/2400549256,v1:172.21.15.151:6801/2400549256] conn(0x7f080c038330 0x7f080c03a7f0 unknown :-1 s=CLOSED pgs=13 cs=0 l=1 rev1=1 crypto rx=0 tx=0 comp rx=0 tx=0).stop
2024-04-16T02:26:15.480 INFO:teuthology.orchestra.run.smithi151.stdout:/usr/bin/ceph: stderr
2024-04-16T02:26:14.413+0000 7f0829c3a700 1 --2- 172.21.15.151:0/2426722861 >> [v2:172.21.15.151:3300/0,v1:172.21.15.151:6789/0] conn(0x7f0824104e10 0x7f082419c3e0 unknown :-1 s=CLOSED pgs=50 cs=0 l=1 rev1=1 crypto rx=0 tx=0 comp rx=0 tx=0).stop
2024-04-16T02:26:15.480 INFO:teuthology.orchestra.run.smithi151.stdout:/usr/bin/ceph: stderr
2024-04-16T02:26:14.413+0000 7f0829c3a700 1 -- 172.21.15.151:0/2426722861 >> 172.21.15.151:0/2426722861 conn(0x7f08241009f0 msgr2=0x7f08241909d0 unknown :-1 s=STATE_NONE l=0).mark_down
2024-04-16T02:26:15.480 INFO:teuthology.orchestra.run.smithi151.stdout:/usr/bin/ceph: stderr
2024-04-16T02:26:14.414+0000 7f0829c3a700 1 -- 172.21.15.151:0/2426722861 shutdown_connections
2024-04-16T02:26:15.480 INFO:teuthology.orchestra.run.smithi151.stdout:/usr/bin/ceph: stderr
2024-04-16T02:26:14.414+0000 7f0829c3a700 1 -- 172.21.15.151:0/2426722861 wait complete.
2024-04-16T02:26:15.480 INFO:teuthology.orchestra.run.smithi151.stdout:Deploying crash service with default placement...
2024-04-16T02:26:16.170 INFO:journalctl@ceph.mon.smithi151.smithi151.stdout:Apr 16 02:26:15 smithi151 ceph-mon[29003]: from='mgr.14120 172.21.15.151:0/1655875404' entity='mgr.smithi151.uqqame'
2024-04-16T02:26:16.734 INFO:teuthology.orchestra.run.smithi151.stdout:/usr/bin/ceph: stdout Scheduled crash update...
2024-04-16T02:26:16.734 INFO:teuthology.orchestra.run.smithi151.stdout:/usr/bin/ceph: stderr
2024-04-16T02:26:15.944+0000 7f1bae6fc700 1 Processor -- start
2024-04-16T02:26:16.734 INFO:teuthology.orchestra.run.smithi151.stdout:/usr/bin/ceph: stderr
2024-04-16T02:26:15.944+0000 7f1bae6fc700 1 -- start start
2024-04-16T02:26:16.734 INFO:teuthology.orchestra.run.smithi151.stdout:/usr/bin/ceph: stderr
2024-04-16T02:26:15.944+0000 7f1bae6fc700 1 --2- >> [v2:172.21.15.151:3300/0,v1:172.21.15.151:6789/0] conn(0x7f1ba8107020 0x7f1ba8109410 unknown :-1 s=NONE pgs=0 cs=0 l=0 rev1=0 crypto rx=0 tx=0 comp rx=0 tx=0).connect
2024-04-16T02:26:16.734 INFO:teuthology.orchestra.run.smithi151.stdout:/usr/bin/ceph: stderr
2024-04-16T02:26:15.944+0000 7f1bae6fc700 1 -- --> [v2:172.21.15.151:3300/0,v1:172.21.15.151:6789/0] -- mon_getmap magic: 0 v1 -- 0x7f1ba8079e50 con 0x7f1ba8107020
2024-04-16T02:26:16.734 INFO:teuthology.orchestra.run.smithi151.stdout:/usr/bin/ceph: stderr
2024-04-16T02:26:15.944+0000 7f1ba7fff700 1 --2- >> [v2:172.21.15.151:3300/0,v1:172.21.15.151:6789/0] conn(0x7f1ba8107020 0x7f1ba8109410 unknown :-1 s=BANNER_CONNECTING pgs=0 cs=0 l=0 rev1=0 crypto rx=0 tx=0 comp rx=0 tx=0)._handle_peer_banner_payload supported=3 required=0
2024-04-16T02:26:16.734 INFO:teuthology.orchestra.run.smithi151.stdout:/usr/bin/ceph: stderr
2024-04-16T02:26:15.944+0000 7f1ba7fff700 1 --2- >> [v2:172.21.15.151:3300/0,v1:172.21.15.151:6789/0] conn(0x7f1ba8107020 0x7f1ba8109410 unknown :-1 s=HELLO_CONNECTING pgs=0 cs=0 l=0 rev1=1 crypto rx=0 tx=0 comp rx=0 tx=0).handle_hello peer v2:172.21.15.151:3300/0 says I am v2:172.21.15.151:51828/0 (socket says 172.21.15.151:51828)
2024-04-16T02:26:16.734 INFO:teuthology.orchestra.run.smithi151.stdout:/usr/bin/ceph: stderr
2024-04-16T02:26:15.944+0000 7f1ba7fff700 1 -- 172.21.15.151:0/282782664 learned_addr learned my addr 172.21.15.151:0/282782664 (peer_addr_for_me v2:172.21.15.151:0/0)
2024-04-16T02:26:16.735 INFO:teuthology.orchestra.run.smithi151.stdout:/usr/bin/ceph: stderr
2024-04-16T02:26:15.945+0000 7f1ba7fff700 1 -- 172.21.15.151:0/282782664 --> [v2:172.21.15.151:3300/0,v1:172.21.15.151:6789/0] -- mon_subscribe({config=0+,monmap=0+}) v3 -- 0x7f1ba8109950 con 0x7f1ba8107020
2024-04-16T02:26:16.735 INFO:teuthology.orchestra.run.smithi151.stdout:/usr/bin/ceph: stderr
2024-04-16T02:26:15.945+0000 7f1ba7fff700 1 --2- 172.21.15.151:0/282782664 >> [v2:172.21.15.151:3300/0,v1:172.21.15.151:6789/0] conn(0x7f1ba8107020 0x7f1ba8109410 secure :-1 s=READY pgs=51 cs=0 l=1 rev1=1 crypto rx=0x7f1b980098a0 tx=0x7f1b98009bb0 comp rx=0 tx=0).ready entity=mon.0 client_cookie=15aaace299ce38d9 server_cookie=0 in_seq=0 out_seq=0
2024-04-16T02:26:16.735 INFO:teuthology.orchestra.run.smithi151.stdout:/usr/bin/ceph: stderr
2024-04-16T02:26:15.945+0000 7f1ba6ffd700 1 -- 172.21.15.151:0/282782664 <== mon.0 v2:172.21.15.151:3300/0 1 ==== mon_map magic: 0 v1 ==== 229+0+0 (secure 0 0 0) 0x7f1b98004180 con 0x7f1ba8107020
2024-04-16T02:26:16.735 INFO:teuthology.orchestra.run.smithi151.stdout:/usr/bin/ceph: stderr
2024-04-16T02:26:15.945+0000 7f1ba6ffd700 1 -- 172.21.15.151:0/282782664 <== mon.0 v2:172.21.15.151:3300/0 2 ==== config(27 keys) v1 ==== 1101+0+0 (secure 0 0 0) 0x7f1b980042e0 con 0x7f1ba8107020
2024-04-16T02:26:16.735 INFO:teuthology.orchestra.run.smithi151.stdout:/usr/bin/ceph: stderr
2024-04-16T02:26:15.945+0000 7f1ba6ffd700 1 -- 172.21.15.151:0/282782664 <== mon.0 v2:172.21.15.151:3300/0 3 ==== mon_map magic: 0 v1 ==== 229+0+0 (secure 0 0 0) 0x7f1b98011af0 con 0x7f1ba8107020
2024-04-16T02:26:16.735 INFO:teuthology.orchestra.run.smithi151.stdout:/usr/bin/ceph: stderr
2024-04-16T02:26:15.946+0000 7f1bae6fc700 1 -- 172.21.15.151:0/282782664 >> [v2:172.21.15.151:3300/0,v1:172.21.15.151:6789/0] conn(0x7f1ba8107020 msgr2=0x7f1ba8109410 secure :-1 s=STATE_CONNECTION_ESTABLISHED l=1).mark_down
2024-04-16T02:26:16.735 INFO:teuthology.orchestra.run.smithi151.stdout:/usr/bin/ceph: stderr
2024-04-16T02:26:15.946+0000 7f1bae6fc700 1 --2- 172.21.15.151:0/282782664 >> [v2:172.21.15.151:3300/0,v1:172.21.15.151:6789/0] conn(0x7f1ba8107020 0x7f1ba8109410 secure :-1 s=READY pgs=51 cs=0 l=1 rev1=1 crypto rx=0x7f1b980098a0 tx=0x7f1b98009bb0 comp rx=0 tx=0).stop
2024-04-16T02:26:16.735 INFO:teuthology.orchestra.run.smithi151.stdout:/usr/bin/ceph: stderr
2024-04-16T02:26:15.946+0000 7f1bae6fc700 1 -- 172.21.15.151:0/282782664 shutdown_connections
2024-04-16T02:26:16.735 INFO:teuthology.orchestra.run.smithi151.stdout:/usr/bin/ceph: stderr
2024-04-16T02:26:15.946+0000 7f1bae6fc700 1 --2- 172.21.15.151:0/282782664 >> [v2:172.21.15.151:3300/0,v1:172.21.15.151:6789/0] conn(0x7f1ba8107020 0x7f1ba8109410 unknown :-1 s=CLOSED pgs=51 cs=0 l=1 rev1=1 crypto rx=0 tx=0 comp rx=0 tx=0).stop
2024-04-16T02:26:16.735 INFO:teuthology.orchestra.run.smithi151.stdout:/usr/bin/ceph: stderr
2024-04-16T02:26:15.946+0000 7f1bae6fc700 1 -- 172.21.15.151:0/282782664 >> 172.21.15.151:0/282782664 conn(0x7f1ba81009f0 msgr2=0x7f1ba8102e50 unknown :-1 s=STATE_NONE l=0).mark_down
2024-04-16T02:26:16.735 INFO:teuthology.orchestra.run.smithi151.stdout:/usr/bin/ceph: stderr
2024-04-16T02:26:15.946+0000 7f1bae6fc700 1 -- 172.21.15.151:0/282782664 shutdown_connections
2024-04-16T02:26:16.735 INFO:teuthology.orchestra.run.smithi151.stdout:/usr/bin/ceph: stderr
2024-04-16T02:26:15.946+0000 7f1bae6fc700 1 -- 172.21.15.151:0/282782664 wait complete.
2024-04-16T02:26:16.735 INFO:teuthology.orchestra.run.smithi151.stdout:/usr/bin/ceph: stderr
2024-04-16T02:26:15.946+0000 7f1bae6fc700 1 Processor -- start
2024-04-16T02:26:16.735 INFO:teuthology.orchestra.run.smithi151.stdout:/usr/bin/ceph: stderr
2024-04-16T02:26:15.946+0000 7f1bae6fc700 1 -- start start
2024-04-16T02:26:16.735 INFO:teuthology.orchestra.run.smithi151.stdout:/usr/bin/ceph: stderr
2024-04-16T02:26:15.947+0000 7f1bae6fc700 1 --2- >> [v2:172.21.15.151:3300/0,v1:172.21.15.151:6789/0] conn(0x7f1ba8107020 0x7f1ba819a1b0 unknown :-1 s=NONE pgs=0 cs=0 l=1 rev1=0 crypto rx=0 tx=0 comp rx=0 tx=0).connect
2024-04-16T02:26:16.736 INFO:teuthology.orchestra.run.smithi151.stdout:/usr/bin/ceph: stderr
2024-04-16T02:26:15.947+0000 7f1bae6fc700 1 -- --> [v2:172.21.15.151:3300/0,v1:172.21.15.151:6789/0] -- mon_getmap magic: 0 v1 -- 0x7f1ba819a6f0 con 0x7f1ba8107020
2024-04-16T02:26:16.736 INFO:teuthology.orchestra.run.smithi151.stdout:/usr/bin/ceph: stderr
2024-04-16T02:26:15.947+0000 7f1ba7fff700 1 --2- >> [v2:172.21.15.151:3300/0,v1:172.21.15.151:6789/0] conn(0x7f1ba8107020 0x7f1ba819a1b0 unknown :-1 s=BANNER_CONNECTING pgs=0 cs=0 l=1 rev1=0 crypto rx=0 tx=0 comp rx=0 tx=0)._handle_peer_banner_payload supported=3 required=0
2024-04-16T02:26:16.736 INFO:teuthology.orchestra.run.smithi151.stdout:/usr/bin/ceph: stderr
2024-04-16T02:26:15.947+0000 7f1ba7fff700 1 --2- >> [v2:172.21.15.151:3300/0,v1:172.21.15.151:6789/0] conn(0x7f1ba8107020 0x7f1ba819a1b0 unknown :-1 s=HELLO_CONNECTING pgs=0 cs=0 l=1 rev1=1 crypto rx=0 tx=0 comp rx=0 tx=0).handle_hello peer v2:172.21.15.151:3300/0 says I am v2:172.21.15.151:51830/0 (socket says 172.21.15.151:51830)
2024-04-16T02:26:16.736 INFO:teuthology.orchestra.run.smithi151.stdout:/usr/bin/ceph: stderr
2024-04-16T02:26:15.947+0000 7f1ba7fff700 1 -- 172.21.15.151:0/354041055 learned_addr learned my addr 172.21.15.151:0/354041055 (peer_addr_for_me v2:172.21.15.151:0/0)
2024-04-16T02:26:16.736 INFO:teuthology.orchestra.run.smithi151.stdout:/usr/bin/ceph: stderr
2024-04-16T02:26:15.947+0000 7f1ba7fff700 1 -- 172.21.15.151:0/354041055 --> [v2:172.21.15.151:3300/0,v1:172.21.15.151:6789/0] -- mon_subscribe({config=0+,monmap=0+}) v3 -- 0x7f1b98009550 con 0x7f1ba8107020
2024-04-16T02:26:16.736 INFO:teuthology.orchestra.run.smithi151.stdout:/usr/bin/ceph: stderr
2024-04-16T02:26:15.947+0000 7f1ba7fff700 1 --2- 172.21.15.151:0/354041055 >> [v2:172.21.15.151:3300/0,v1:172.21.15.151:6789/0] conn(0x7f1ba8107020 0x7f1ba819a1b0 secure :-1 s=READY pgs=52 cs=0 l=1 rev1=1 crypto rx=0x7f1b98006ba0 tx=0x7f1b98011b50 comp rx=0 tx=0).ready entity=mon.0 client_cookie=0 server_cookie=0 in_seq=0 out_seq=0
2024-04-16T02:26:16.736 INFO:teuthology.orchestra.run.smithi151.stdout:/usr/bin/ceph: stderr
2024-04-16T02:26:15.947+0000 7f1ba57fa700 1 -- 172.21.15.151:0/354041055 <== mon.0 v2:172.21.15.151:3300/0 1 ==== mon_map magic: 0 v1 ==== 229+0+0 (secure 0 0 0) 0x7f1b98003b00 con 0x7f1ba8107020
2024-04-16T02:26:16.736 INFO:teuthology.orchestra.run.smithi151.stdout:/usr/bin/ceph: stderr
2024-04-16T02:26:15.947+0000 7f1ba57fa700 1 -- 172.21.15.151:0/354041055 <== mon.0 v2:172.21.15.151:3300/0 2 ==== config(27 keys) v1 ==== 1101+0+0 (secure 0 0 0) 0x7f1b9801a8e0 con 0x7f1ba8107020
2024-04-16T02:26:16.736 INFO:teuthology.orchestra.run.smithi151.stdout:/usr/bin/ceph: stderr
2024-04-16T02:26:15.947+0000 7f1ba57fa700 1 -- 172.21.15.151:0/354041055 <== mon.0 v2:172.21.15.151:3300/0 3 ==== mon_map magic: 0 v1 ==== 229+0+0 (secure 0 0 0) 0x7f1b980199c0 con 0x7f1ba8107020
2024-04-16T02:26:16.736 INFO:teuthology.orchestra.run.smithi151.stdout:/usr/bin/ceph: stderr
2024-04-16T02:26:15.947+0000 7f1bae6fc700 1 -- 172.21.15.151:0/354041055 --> [v2:172.21.15.151:3300/0,v1:172.21.15.151:6789/0] -- mon_subscribe({mgrmap=0+}) v3 -- 0x7f1ba819a8f0 con 0x7f1ba8107020
2024-04-16T02:26:16.736 INFO:teuthology.orchestra.run.smithi151.stdout:/usr/bin/ceph: stderr
2024-04-16T02:26:15.948+0000 7f1bae6fc700 1 -- 172.21.15.151:0/354041055 --> [v2:172.21.15.151:3300/0,v1:172.21.15.151:6789/0] -- mon_subscribe({osdmap=0}) v3 -- 0x7f1ba819ad90 con 0x7f1ba8107020
2024-04-16T02:26:16.736 INFO:teuthology.orchestra.run.smithi151.stdout:/usr/bin/ceph: stderr
2024-04-16T02:26:15.948+0000 7f1ba57fa700 1 -- 172.21.15.151:0/354041055 <== mon.0 v2:172.21.15.151:3300/0 4 ==== mgrmap(e 8) v1 ==== 45283+0+0 (secure 0 0 0) 0x7f1b98019c30 con 0x7f1ba8107020
2024-04-16T02:26:16.736 INFO:teuthology.orchestra.run.smithi151.stdout:/usr/bin/ceph: stderr
2024-04-16T02:26:15.948+0000 7f1bae6fc700 1 -- 172.21.15.151:0/354041055 --> [v2:172.21.15.151:3300/0,v1:172.21.15.151:6789/0] -- mon_command({"prefix": "get_command_descriptions"} v 0) v1 -- 0x7f1ba810a6e0 con 0x7f1ba8107020
2024-04-16T02:26:16.736 INFO:teuthology.orchestra.run.smithi151.stdout:/usr/bin/ceph: stderr
2024-04-16T02:26:15.949+0000 7f1ba57fa700 1 --2- 172.21.15.151:0/354041055 >> [v2:172.21.15.151:6800/2400549256,v1:172.21.15.151:6801/2400549256] conn(0x7f1b90038320 0x7f1b9003a7e0 unknown :-1 s=NONE pgs=0 cs=0 l=1 rev1=0 crypto rx=0 tx=0 comp rx=0 tx=0).connect
2024-04-16T02:26:16.737 INFO:teuthology.orchestra.run.smithi151.stdout:/usr/bin/ceph: stderr
2024-04-16T02:26:15.949+0000 7f1ba57fa700 1 -- 172.21.15.151:0/354041055 <== mon.0 v2:172.21.15.151:3300/0 5 ==== osd_map(2..2 src has 1..2) v4 ==== 940+0+0 (secure 0 0 0) 0x7f1b9804c5f0 con 0x7f1ba8107020
2024-04-16T02:26:16.737 INFO:teuthology.orchestra.run.smithi151.stdout:/usr/bin/ceph: stderr
2024-04-16T02:26:15.949+0000 7f1ba77fe700 1 --2- 172.21.15.151:0/354041055 >> [v2:172.21.15.151:6800/2400549256,v1:172.21.15.151:6801/2400549256] conn(0x7f1b90038320 0x7f1b9003a7e0 unknown :-1 s=BANNER_CONNECTING pgs=0 cs=0 l=1 rev1=0 crypto rx=0 tx=0 comp rx=0 tx=0)._handle_peer_banner_payload supported=3 required=0
2024-04-16T02:26:16.737 INFO:teuthology.orchestra.run.smithi151.stdout:/usr/bin/ceph: stderr
2024-04-16T02:26:15.949+0000 7f1ba77fe700 1 --2- 172.21.15.151:0/354041055 >> [v2:172.21.15.151:6800/2400549256,v1:172.21.15.151:6801/2400549256] conn(0x7f1b90038320 0x7f1b9003a7e0 secure :-1 s=READY pgs=14 cs=0 l=1 rev1=1 crypto rx=0x7f1b9c006fd0 tx=0x7f1b9c006e40 comp rx=0 tx=0).ready entity=mgr.14120 client_cookie=0 server_cookie=0 in_seq=0 out_seq=0
2024-04-16T02:26:16.737 INFO:teuthology.orchestra.run.smithi151.stdout:/usr/bin/ceph: stderr
2024-04-16T02:26:15.953+0000 7f1ba57fa700 1 -- 172.21.15.151:0/354041055 <== mon.0 v2:172.21.15.151:3300/0 6 ==== mon_command_ack([{"prefix": "get_command_descriptions"}]=0 v0) v1 ==== 72+0+180422 (secure 0 0 0) 0x7f1b9802b700 con 0x7f1ba8107020
2024-04-16T02:26:16.737 INFO:teuthology.orchestra.run.smithi151.stdout:/usr/bin/ceph: stderr
2024-04-16T02:26:16.170+0000 7f1bae6fc700 1 -- 172.21.15.151:0/354041055 --> [v2:172.21.15.151:6800/2400549256,v1:172.21.15.151:6801/2400549256] -- mgr_command(tid 0: {"prefix": "orch apply", "service_type": "crash", "target": ["mon-mgr", ""]}) v1 -- 0x7f1ba8101e30 con 0x7f1b90038320
2024-04-16T02:26:16.737 INFO:teuthology.orchestra.run.smithi151.stdout:/usr/bin/ceph: stderr
2024-04-16T02:26:16.177+0000 7f1ba57fa700 1 -- 172.21.15.151:0/354041055 <== mgr.14120 v2:172.21.15.151:6800/2400549256 1 ==== mgr_command_reply(tid 0: 0 ) v1 ==== 8+0+26 (secure 0 0 0) 0x7f1ba8101e30 con 0x7f1b90038320
2024-04-16T02:26:16.737 INFO:teuthology.orchestra.run.smithi151.stdout:/usr/bin/ceph: stderr
2024-04-16T02:26:16.180+0000 7f1bae6fc700 1 -- 172.21.15.151:0/354041055 >> [v2:172.21.15.151:6800/2400549256,v1:172.21.15.151:6801/2400549256] conn(0x7f1b90038320 msgr2=0x7f1b9003a7e0 secure :-1 s=STATE_CONNECTION_ESTABLISHED l=1).mark_down
2024-04-16T02:26:16.737 INFO:teuthology.orchestra.run.smithi151.stdout:/usr/bin/ceph: stderr
2024-04-16T02:26:16.180+0000 7f1bae6fc700 1 --2- 172.21.15.151:0/354041055 >> [v2:172.21.15.151:6800/2400549256,v1:172.21.15.151:6801/2400549256] conn(0x7f1b90038320 0x7f1b9003a7e0 secure :-1 s=READY pgs=14 cs=0 l=1 rev1=1 crypto rx=0x7f1b9c006fd0 tx=0x7f1b9c006e40 comp rx=0 tx=0).stop
2024-04-16T02:26:16.737 INFO:teuthology.orchestra.run.smithi151.stdout:/usr/bin/ceph: stderr
2024-04-16T02:26:16.180+0000 7f1bae6fc700 1 -- 172.21.15.151:0/354041055 >> [v2:172.21.15.151:3300/0,v1:172.21.15.151:6789/0] conn(0x7f1ba8107020 msgr2=0x7f1ba819a1b0 secure :-1 s=STATE_CONNECTION_ESTABLISHED l=1).mark_down
2024-04-16T02:26:16.737 INFO:teuthology.orchestra.run.smithi151.stdout:/usr/bin/ceph: stderr
2024-04-16T02:26:16.180+0000 7f1bae6fc700 1 --2- 172.21.15.151:0/354041055 >> [v2:172.21.15.151:3300/0,v1:172.21.15.151:6789/0] conn(0x7f1ba8107020 0x7f1ba819a1b0 secure :-1 s=READY pgs=52 cs=0 l=1 rev1=1 crypto rx=0x7f1b98006ba0 tx=0x7f1b98011b50 comp rx=0 tx=0).stop
2024-04-16T02:26:16.737 INFO:teuthology.orchestra.run.smithi151.stdout:/usr/bin/ceph: stderr
2024-04-16T02:26:16.180+0000 7f1bae6fc700 1 -- 172.21.15.151:0/354041055 shutdown_connections
2024-04-16T02:26:16.737 INFO:teuthology.orchestra.run.smithi151.stdout:/usr/bin/ceph: stderr
2024-04-16T02:26:16.180+0000 7f1bae6fc700 1 --2- 172.21.15.151:0/354041055 >> [v2:172.21.15.151:6800/2400549256,v1:172.21.15.151:6801/2400549256] conn(0x7f1b90038320 0x7f1b9003a7e0 unknown :-1 s=CLOSED pgs=14 cs=0 l=1 rev1=1 crypto rx=0 tx=0 comp rx=0 tx=0).stop
2024-04-16T02:26:16.737 INFO:teuthology.orchestra.run.smithi151.stdout:/usr/bin/ceph: stderr
2024-04-16T02:26:16.180+0000 7f1bae6fc700 1 --2- 172.21.15.151:0/354041055 >> [v2:172.21.15.151:3300/0,v1:172.21.15.151:6789/0] conn(0x7f1ba8107020 0x7f1ba819a1b0 unknown :-1 s=CLOSED pgs=52 cs=0 l=1 rev1=1 crypto rx=0 tx=0 comp rx=0 tx=0).stop
2024-04-16T02:26:16.737 INFO:teuthology.orchestra.run.smithi151.stdout:/usr/bin/ceph: stderr
2024-04-16T02:26:16.180+0000 7f1bae6fc700 1 -- 172.21.15.151:0/354041055 >> 172.21.15.151:0/354041055 conn(0x7f1ba81009f0 msgr2=0x7f1ba8101720 unknown :-1 s=STATE_NONE l=0).mark_down
2024-04-16T02:26:16.738 INFO:teuthology.orchestra.run.smithi151.stdout:/usr/bin/ceph: stderr
2024-04-16T02:26:16.180+0000 7f1bae6fc700 1 -- 172.21.15.151:0/354041055 shutdown_connections
2024-04-16T02:26:16.738 INFO:teuthology.orchestra.run.smithi151.stdout:/usr/bin/ceph: stderr
2024-04-16T02:26:16.180+0000 7f1bae6fc700 1 -- 172.21.15.151:0/354041055 wait complete.
2024-04-16T02:26:16.738 INFO:teuthology.orchestra.run.smithi151.stdout:Deploying ceph-exporter service with default placement...
2024-04-16T02:26:17.243 INFO:journalctl@ceph.mon.smithi151.smithi151.stdout:Apr 16 02:26:17 smithi151 ceph-mon[29003]: from='mgr.14120 172.21.15.151:0/1655875404' entity='mgr.smithi151.uqqame'
2024-04-16T02:26:17.243 INFO:journalctl@ceph.mon.smithi151.smithi151.stdout:Apr 16 02:26:17 smithi151 ceph-mon[29003]: from='client.14146 -' entity='client.admin' cmd=[{"prefix": "orch apply", "service_type": "crash", "target": ["mon-mgr", ""]}]: dispatch
2024-04-16T02:26:17.244 INFO:journalctl@ceph.mon.smithi151.smithi151.stdout:Apr 16 02:26:17 smithi151 ceph-mon[29003]: Saving service crash spec with placement *
2024-04-16T02:26:17.244 INFO:journalctl@ceph.mon.smithi151.smithi151.stdout:Apr 16 02:26:17 smithi151 ceph-mon[29003]: from='mgr.14120 172.21.15.151:0/1655875404' entity='mgr.smithi151.uqqame'
2024-04-16T02:26:18.333 INFO:teuthology.orchestra.run.smithi151.stdout:/usr/bin/ceph: stdout Scheduled ceph-exporter update...
2024-04-16T02:26:18.333 INFO:teuthology.orchestra.run.smithi151.stdout:/usr/bin/ceph: stderr
2024-04-16T02:26:17.149+0000 7ff9222df700 1 Processor -- start
2024-04-16T02:26:18.334 INFO:teuthology.orchestra.run.smithi151.stdout:/usr/bin/ceph: stderr
2024-04-16T02:26:17.149+0000 7ff9222df700 1 -- start start
2024-04-16T02:26:18.334 INFO:teuthology.orchestra.run.smithi151.stdout:/usr/bin/ceph: stderr
