2024-04-16T02:26:25.184+0000 7feaeeffd700 1 -- 172.21.15.151:0/2867306599 --> [v2:172.21.15.151:3300/0,v1:172.21.15.151:6789/0] -- mon_subscribe({config=0+,monmap=0+}) v3 -- 0x7feaf0109910 con 0x7feaf0106fe0
2024-04-16T02:26:25.947 INFO:teuthology.orchestra.run.smithi151.stdout:/usr/bin/ceph: stderr
2024-04-16T02:26:25.184+0000 7feaeeffd700 1 --2- 172.21.15.151:0/2867306599 >> [v2:172.21.15.151:3300/0,v1:172.21.15.151:6789/0] conn(0x7feaf0106fe0 0x7feaf01093d0 secure :-1 s=READY pgs=65 cs=0 l=1 rev1=1 crypto rx=0x7feae00098a0 tx=0x7feae0009bb0 comp rx=0 tx=0).ready entity=mon.0 client_cookie=cd7091657cf45b0f server_cookie=0 in_seq=0 out_seq=0
2024-04-16T02:26:25.947 INFO:teuthology.orchestra.run.smithi151.stdout:/usr/bin/ceph: stderr
2024-04-16T02:26:25.184+0000 7feaee7fc700 1 -- 172.21.15.151:0/2867306599 <== mon.0 v2:172.21.15.151:3300/0 1 ==== mon_map magic: 0 v1 ==== 229+0+0 (secure 0 0 0) 0x7feae0004180 con 0x7feaf0106fe0
2024-04-16T02:26:25.948 INFO:teuthology.orchestra.run.smithi151.stdout:/usr/bin/ceph: stderr
2024-04-16T02:26:25.184+0000 7feaee7fc700 1 -- 172.21.15.151:0/2867306599 <== mon.0 v2:172.21.15.151:3300/0 2 ==== config(27 keys) v1 ==== 1101+0+0 (secure 0 0 0) 0x7feae00042e0 con 0x7feaf0106fe0
2024-04-16T02:26:25.948 INFO:teuthology.orchestra.run.smithi151.stdout:/usr/bin/ceph: stderr
2024-04-16T02:26:25.185+0000 7feaee7fc700 1 -- 172.21.15.151:0/2867306599 <== mon.0 v2:172.21.15.151:3300/0 3 ==== mon_map magic: 0 v1 ==== 229+0+0 (secure 0 0 0) 0x7feae0011af0 con 0x7feaf0106fe0
2024-04-16T02:26:25.948 INFO:teuthology.orchestra.run.smithi151.stdout:/usr/bin/ceph: stderr
2024-04-16T02:26:25.185+0000 7feaf5812700 1 -- 172.21.15.151:0/2867306599 >> [v2:172.21.15.151:3300/0,v1:172.21.15.151:6789/0] conn(0x7feaf0106fe0 msgr2=0x7feaf01093d0 secure :-1 s=STATE_CONNECTION_ESTABLISHED l=1).mark_down
2024-04-16T02:26:25.948 INFO:teuthology.orchestra.run.smithi151.stdout:/usr/bin/ceph: stderr
2024-04-16T02:26:25.185+0000 7feaf5812700 1 --2- 172.21.15.151:0/2867306599 >> [v2:172.21.15.151:3300/0,v1:172.21.15.151:6789/0] conn(0x7feaf0106fe0 0x7feaf01093d0 secure :-1 s=READY pgs=65 cs=0 l=1 rev1=1 crypto rx=0x7feae00098a0 tx=0x7feae0009bb0 comp rx=0 tx=0).stop
2024-04-16T02:26:25.948 INFO:teuthology.orchestra.run.smithi151.stdout:/usr/bin/ceph: stderr
2024-04-16T02:26:25.185+0000 7feaf5812700 1 -- 172.21.15.151:0/2867306599 shutdown_connections
2024-04-16T02:26:25.948 INFO:teuthology.orchestra.run.smithi151.stdout:/usr/bin/ceph: stderr
2024-04-16T02:26:25.185+0000 7feaf5812700 1 --2- 172.21.15.151:0/2867306599 >> [v2:172.21.15.151:3300/0,v1:172.21.15.151:6789/0] conn(0x7feaf0106fe0 0x7feaf01093d0 unknown :-1 s=CLOSED pgs=65 cs=0 l=1 rev1=1 crypto rx=0 tx=0 comp rx=0 tx=0).stop
2024-04-16T02:26:25.949 INFO:teuthology.orchestra.run.smithi151.stdout:/usr/bin/ceph: stderr
2024-04-16T02:26:25.185+0000 7feaf5812700 1 -- 172.21.15.151:0/2867306599 >> 172.21.15.151:0/2867306599 conn(0x7feaf01009f0 msgr2=0x7feaf0102e50 unknown :-1 s=STATE_NONE l=0).mark_down
2024-04-16T02:26:25.949 INFO:teuthology.orchestra.run.smithi151.stdout:/usr/bin/ceph: stderr
2024-04-16T02:26:25.185+0000 7feaf5812700 1 -- 172.21.15.151:0/2867306599 shutdown_connections
2024-04-16T02:26:25.949 INFO:teuthology.orchestra.run.smithi151.stdout:/usr/bin/ceph: stderr
2024-04-16T02:26:25.185+0000 7feaf5812700 1 -- 172.21.15.151:0/2867306599 wait complete.
2024-04-16T02:26:25.949 INFO:teuthology.orchestra.run.smithi151.stdout:/usr/bin/ceph: stderr
2024-04-16T02:26:25.186+0000 7feaf5812700 1 Processor -- start
2024-04-16T02:26:25.949 INFO:teuthology.orchestra.run.smithi151.stdout:/usr/bin/ceph: stderr
2024-04-16T02:26:25.186+0000 7feaf5812700 1 -- start start
2024-04-16T02:26:25.949 INFO:teuthology.orchestra.run.smithi151.stdout:/usr/bin/ceph: stderr
2024-04-16T02:26:25.186+0000 7feaf5812700 1 --2- >> [v2:172.21.15.151:3300/0,v1:172.21.15.151:6789/0] conn(0x7feaf0106fe0 0x7feaf019a180 unknown :-1 s=NONE pgs=0 cs=0 l=1 rev1=0 crypto rx=0 tx=0 comp rx=0 tx=0).connect
2024-04-16T02:26:25.949 INFO:teuthology.orchestra.run.smithi151.stdout:/usr/bin/ceph: stderr
2024-04-16T02:26:25.186+0000 7feaf5812700 1 -- --> [v2:172.21.15.151:3300/0,v1:172.21.15.151:6789/0] -- mon_getmap magic: 0 v1 -- 0x7feaf019a6c0 con 0x7feaf0106fe0
2024-04-16T02:26:25.949 INFO:teuthology.orchestra.run.smithi151.stdout:/usr/bin/ceph: stderr
2024-04-16T02:26:25.186+0000 7feaeeffd700 1 --2- >> [v2:172.21.15.151:3300/0,v1:172.21.15.151:6789/0] conn(0x7feaf0106fe0 0x7feaf019a180 unknown :-1 s=BANNER_CONNECTING pgs=0 cs=0 l=1 rev1=0 crypto rx=0 tx=0 comp rx=0 tx=0)._handle_peer_banner_payload supported=3 required=0
2024-04-16T02:26:25.949 INFO:teuthology.orchestra.run.smithi151.stdout:/usr/bin/ceph: stderr
2024-04-16T02:26:25.186+0000 7feaeeffd700 1 --2- >> [v2:172.21.15.151:3300/0,v1:172.21.15.151:6789/0] conn(0x7feaf0106fe0 0x7feaf019a180 unknown :-1 s=HELLO_CONNECTING pgs=0 cs=0 l=1 rev1=1 crypto rx=0 tx=0 comp rx=0 tx=0).handle_hello peer v2:172.21.15.151:3300/0 says I am v2:172.21.15.151:50974/0 (socket says 172.21.15.151:50974)
2024-04-16T02:26:25.949 INFO:teuthology.orchestra.run.smithi151.stdout:/usr/bin/ceph: stderr
2024-04-16T02:26:25.186+0000 7feaeeffd700 1 -- 172.21.15.151:0/3656032668 learned_addr learned my addr 172.21.15.151:0/3656032668 (peer_addr_for_me v2:172.21.15.151:0/0)
2024-04-16T02:26:25.950 INFO:teuthology.orchestra.run.smithi151.stdout:/usr/bin/ceph: stderr
2024-04-16T02:26:25.186+0000 7feaeeffd700 1 -- 172.21.15.151:0/3656032668 --> [v2:172.21.15.151:3300/0,v1:172.21.15.151:6789/0] -- mon_subscribe({config=0+,monmap=0+}) v3 -- 0x7feae0009550 con 0x7feaf0106fe0
2024-04-16T02:26:25.950 INFO:teuthology.orchestra.run.smithi151.stdout:/usr/bin/ceph: stderr
2024-04-16T02:26:25.186+0000 7feaeeffd700 1 --2- 172.21.15.151:0/3656032668 >> [v2:172.21.15.151:3300/0,v1:172.21.15.151:6789/0] conn(0x7feaf0106fe0 0x7feaf019a180 secure :-1 s=READY pgs=66 cs=0 l=1 rev1=1 crypto rx=0x7feae0006ba0 tx=0x7feae0011b50 comp rx=0 tx=0).ready entity=mon.0 client_cookie=0 server_cookie=0 in_seq=0 out_seq=0
2024-04-16T02:26:25.950 INFO:teuthology.orchestra.run.smithi151.stdout:/usr/bin/ceph: stderr
2024-04-16T02:26:25.187+0000 7feaf4810700 1 -- 172.21.15.151:0/3656032668 <== mon.0 v2:172.21.15.151:3300/0 1 ==== mon_map magic: 0 v1 ==== 229+0+0 (secure 0 0 0) 0x7feae0003b00 con 0x7feaf0106fe0
2024-04-16T02:26:25.950 INFO:teuthology.orchestra.run.smithi151.stdout:/usr/bin/ceph: stderr
2024-04-16T02:26:25.187+0000 7feaf4810700 1 -- 172.21.15.151:0/3656032668 <== mon.0 v2:172.21.15.151:3300/0 2 ==== config(27 keys) v1 ==== 1101+0+0 (secure 0 0 0) 0x7feae001a8e0 con 0x7feaf0106fe0
2024-04-16T02:26:25.950 INFO:teuthology.orchestra.run.smithi151.stdout:/usr/bin/ceph: stderr
2024-04-16T02:26:25.187+0000 7feaf5812700 1 -- 172.21.15.151:0/3656032668 --> [v2:172.21.15.151:3300/0,v1:172.21.15.151:6789/0] -- mon_subscribe({mgrmap=0+}) v3 -- 0x7feaf019a8c0 con 0x7feaf0106fe0
2024-04-16T02:26:25.950 INFO:teuthology.orchestra.run.smithi151.stdout:/usr/bin/ceph: stderr
2024-04-16T02:26:25.187+0000 7feaf4810700 1 -- 172.21.15.151:0/3656032668 <== mon.0 v2:172.21.15.151:3300/0 3 ==== mon_map magic: 0 v1 ==== 229+0+0 (secure 0 0 0) 0x7feae00199c0 con 0x7feaf0106fe0
2024-04-16T02:26:25.950 INFO:teuthology.orchestra.run.smithi151.stdout:/usr/bin/ceph: stderr
2024-04-16T02:26:25.187+0000 7feaf5812700 1 -- 172.21.15.151:0/3656032668 --> [v2:172.21.15.151:3300/0,v1:172.21.15.151:6789/0] -- mon_subscribe({osdmap=0}) v3 -- 0x7feaf019ad60 con 0x7feaf0106fe0
2024-04-16T02:26:25.950 INFO:teuthology.orchestra.run.smithi151.stdout:/usr/bin/ceph: stderr
2024-04-16T02:26:25.187+0000 7feaf4810700 1 -- 172.21.15.151:0/3656032668 <== mon.0 v2:172.21.15.151:3300/0 4 ==== mgrmap(e 8) v1 ==== 45283+0+0 (secure 0 0 0) 0x7feae0019c80 con 0x7feaf0106fe0
2024-04-16T02:26:25.950 INFO:teuthology.orchestra.run.smithi151.stdout:/usr/bin/ceph: stderr
2024-04-16T02:26:25.187+0000 7feaf5812700 1 -- 172.21.15.151:0/3656032668 --> [v2:172.21.15.151:3300/0,v1:172.21.15.151:6789/0] -- mon_command({"prefix": "get_command_descriptions"} v 0) v1 -- 0x7feaf010a700 con 0x7feaf0106fe0
2024-04-16T02:26:25.950 INFO:teuthology.orchestra.run.smithi151.stdout:/usr/bin/ceph: stderr
2024-04-16T02:26:25.188+0000 7feaf4810700 1 --2- 172.21.15.151:0/3656032668 >> [v2:172.21.15.151:6800/2400549256,v1:172.21.15.151:6801/2400549256] conn(0x7feadc0382d0 0x7feadc03a790 unknown :-1 s=NONE pgs=0 cs=0 l=1 rev1=0 crypto rx=0 tx=0 comp rx=0 tx=0).connect
2024-04-16T02:26:25.950 INFO:teuthology.orchestra.run.smithi151.stdout:/usr/bin/ceph: stderr
2024-04-16T02:26:25.188+0000 7feaf4810700 1 -- 172.21.15.151:0/3656032668 <== mon.0 v2:172.21.15.151:3300/0 5 ==== osd_map(2..2 src has 1..2) v4 ==== 940+0+0 (secure 0 0 0) 0x7feae004c610 con 0x7feaf0106fe0
2024-04-16T02:26:25.951 INFO:teuthology.orchestra.run.smithi151.stdout:/usr/bin/ceph: stderr
2024-04-16T02:26:25.188+0000 7feae7fff700 1 --2- 172.21.15.151:0/3656032668 >> [v2:172.21.15.151:6800/2400549256,v1:172.21.15.151:6801/2400549256] conn(0x7feadc0382d0 0x7feadc03a790 unknown :-1 s=BANNER_CONNECTING pgs=0 cs=0 l=1 rev1=0 crypto rx=0 tx=0 comp rx=0 tx=0)._handle_peer_banner_payload supported=3 required=0
2024-04-16T02:26:25.951 INFO:teuthology.orchestra.run.smithi151.stdout:/usr/bin/ceph: stderr
2024-04-16T02:26:25.188+0000 7feae7fff700 1 --2- 172.21.15.151:0/3656032668 >> [v2:172.21.15.151:6800/2400549256,v1:172.21.15.151:6801/2400549256] conn(0x7feadc0382d0 0x7feadc03a790 secure :-1 s=READY pgs=21 cs=0 l=1 rev1=1 crypto rx=0x7fead8006fd0 tx=0x7fead8006e40 comp rx=0 tx=0).ready entity=mgr.14120 client_cookie=0 server_cookie=0 in_seq=0 out_seq=0
2024-04-16T02:26:25.951 INFO:teuthology.orchestra.run.smithi151.stdout:/usr/bin/ceph: stderr
2024-04-16T02:26:25.192+0000 7feaf4810700 1 -- 172.21.15.151:0/3656032668 <== mon.0 v2:172.21.15.151:3300/0 6 ==== mon_command_ack([{"prefix": "get_command_descriptions"}]=0 v0) v1 ==== 72+0+180422 (secure 0 0 0) 0x7feae0018530 con 0x7feaf0106fe0
2024-04-16T02:26:25.951 INFO:teuthology.orchestra.run.smithi151.stdout:/usr/bin/ceph: stderr
2024-04-16T02:26:25.382+0000 7feaf5812700 1 -- 172.21.15.151:0/3656032668 --> [v2:172.21.15.151:3300/0,v1:172.21.15.151:6789/0] -- mon_command([{prefix=config set, name=mgr/dashboard/ssl_server_port}] v 0) v1 -- 0x7feaf019dba0 con 0x7feaf0106fe0
2024-04-16T02:26:25.951 INFO:teuthology.orchestra.run.smithi151.stdout:/usr/bin/ceph: stderr
2024-04-16T02:26:25.385+0000 7feaf4810700 1 -- 172.21.15.151:0/3656032668 <== mon.0 v2:172.21.15.151:3300/0 7 ==== mon_command_ack([{prefix=config set, name=mgr/dashboard/ssl_server_port}]=0 v8)=0 v8) v1 ==== 130+0+0 (secure 0 0 0) 0x7feae0018350 con 0x7feaf0106fe0
2024-04-16T02:26:25.951 INFO:teuthology.orchestra.run.smithi151.stdout:/usr/bin/ceph: stderr
2024-04-16T02:26:25.388+0000 7feaf5812700 1 -- 172.21.15.151:0/3656032668 >> [v2:172.21.15.151:6800/2400549256,v1:172.21.15.151:6801/2400549256] conn(0x7feadc0382d0 msgr2=0x7feadc03a790 secure :-1 s=STATE_CONNECTION_ESTABLISHED l=1).mark_down
2024-04-16T02:26:25.951 INFO:teuthology.orchestra.run.smithi151.stdout:/usr/bin/ceph: stderr
2024-04-16T02:26:25.388+0000 7feaf5812700 1 --2- 172.21.15.151:0/3656032668 >> [v2:172.21.15.151:6800/2400549256,v1:172.21.15.151:6801/2400549256] conn(0x7feadc0382d0 0x7feadc03a790 secure :-1 s=READY pgs=21 cs=0 l=1 rev1=1 crypto rx=0x7fead8006fd0 tx=0x7fead8006e40 comp rx=0 tx=0).stop
2024-04-16T02:26:25.951 INFO:teuthology.orchestra.run.smithi151.stdout:/usr/bin/ceph: stderr
2024-04-16T02:26:25.388+0000 7feaf5812700 1 -- 172.21.15.151:0/3656032668 >> [v2:172.21.15.151:3300/0,v1:172.21.15.151:6789/0] conn(0x7feaf0106fe0 msgr2=0x7feaf019a180 secure :-1 s=STATE_CONNECTION_ESTABLISHED l=1).mark_down
2024-04-16T02:26:25.951 INFO:teuthology.orchestra.run.smithi151.stdout:/usr/bin/ceph: stderr
2024-04-16T02:26:25.388+0000 7feaf5812700 1 --2- 172.21.15.151:0/3656032668 >> [v2:172.21.15.151:3300/0,v1:172.21.15.151:6789/0] conn(0x7feaf0106fe0 0x7feaf019a180 secure :-1 s=READY pgs=66 cs=0 l=1 rev1=1 crypto rx=0x7feae0006ba0 tx=0x7feae0011b50 comp rx=0 tx=0).stop
2024-04-16T02:26:25.951 INFO:teuthology.orchestra.run.smithi151.stdout:/usr/bin/ceph: stderr
2024-04-16T02:26:25.388+0000 7feaf5812700 1 -- 172.21.15.151:0/3656032668 shutdown_connections
2024-04-16T02:26:25.951 INFO:teuthology.orchestra.run.smithi151.stdout:/usr/bin/ceph: stderr
2024-04-16T02:26:25.388+0000 7feaf5812700 1 --2- 172.21.15.151:0/3656032668 >> [v2:172.21.15.151:6800/2400549256,v1:172.21.15.151:6801/2400549256] conn(0x7feadc0382d0 0x7feadc03a790 unknown :-1 s=CLOSED pgs=21 cs=0 l=1 rev1=1 crypto rx=0 tx=0 comp rx=0 tx=0).stop
2024-04-16T02:26:25.951 INFO:teuthology.orchestra.run.smithi151.stdout:/usr/bin/ceph: stderr
2024-04-16T02:26:25.388+0000 7feaf5812700 1 --2- 172.21.15.151:0/3656032668 >> [v2:172.21.15.151:3300/0,v1:172.21.15.151:6789/0] conn(0x7feaf0106fe0 0x7feaf019a180 unknown :-1 s=CLOSED pgs=66 cs=0 l=1 rev1=1 crypto rx=0 tx=0 comp rx=0 tx=0).stop
2024-04-16T02:26:25.951 INFO:teuthology.orchestra.run.smithi151.stdout:/usr/bin/ceph: stderr
2024-04-16T02:26:25.388+0000 7feaf5812700 1 -- 172.21.15.151:0/3656032668 >> 172.21.15.151:0/3656032668 conn(0x7feaf01009f0 msgr2=0x7feaf0101710 unknown :-1 s=STATE_NONE l=0).mark_down
2024-04-16T02:26:25.951 INFO:teuthology.orchestra.run.smithi151.stdout:/usr/bin/ceph: stderr
2024-04-16T02:26:25.388+0000 7feaf5812700 1 -- 172.21.15.151:0/3656032668 shutdown_connections
2024-04-16T02:26:25.952 INFO:teuthology.orchestra.run.smithi151.stdout:/usr/bin/ceph: stderr
2024-04-16T02:26:25.388+0000 7feaf5812700 1 -- 172.21.15.151:0/3656032668 wait complete.
2024-04-16T02:26:25.952 INFO:teuthology.orchestra.run.smithi151.stdout:Enabling the dashboard module...
2024-04-16T02:26:26.629 INFO:journalctl@ceph.mon.smithi151.smithi151.stdout:Apr 16 02:26:26 smithi151 ceph-mon[29003]: from='client.? 172.21.15.151:0/3656032668' entity='client.admin'
2024-04-16T02:26:26.629 INFO:journalctl@ceph.mon.smithi151.smithi151.stdout:Apr 16 02:26:26 smithi151 ceph-mon[29003]: pgmap v5: 0 pgs: ; 0 B data, 0 B used, 0 B / 0 B avail
2024-04-16T02:26:27.716 INFO:journalctl@ceph.mon.smithi151.smithi151.stdout:Apr 16 02:26:27 smithi151 ceph-mon[29003]: from='client.? 172.21.15.151:0/1445765393' entity='client.admin' cmd=[{"prefix": "mgr module enable", "module": "dashboard"}]: dispatch
2024-04-16T02:26:28.067 INFO:teuthology.orchestra.run.smithi151.stdout:/usr/bin/ceph: stderr
2024-04-16T02:26:26.377+0000 7fdbf0737700 1 Processor -- start
2024-04-16T02:26:28.067 INFO:teuthology.orchestra.run.smithi151.stdout:/usr/bin/ceph: stderr
2024-04-16T02:26:26.377+0000 7fdbf0737700 1 -- start start
2024-04-16T02:26:28.067 INFO:teuthology.orchestra.run.smithi151.stdout:/usr/bin/ceph: stderr
2024-04-16T02:26:26.377+0000 7fdbf0737700 1 --2- >> [v2:172.21.15.151:3300/0,v1:172.21.15.151:6789/0] conn(0x7fdbe8104860 0x7fdbe8104c80 unknown :-1 s=NONE pgs=0 cs=0 l=0 rev1=0 crypto rx=0 tx=0 comp rx=0 tx=0).connect
2024-04-16T02:26:28.067 INFO:teuthology.orchestra.run.smithi151.stdout:/usr/bin/ceph: stderr
2024-04-16T02:26:26.377+0000 7fdbf0737700 1 -- --> [v2:172.21.15.151:3300/0,v1:172.21.15.151:6789/0] -- mon_getmap magic: 0 v1 -- 0x7fdbe8105250 con 0x7fdbe8104860
2024-04-16T02:26:28.067 INFO:teuthology.orchestra.run.smithi151.stdout:/usr/bin/ceph: stderr
2024-04-16T02:26:26.378+0000 7fdbee4d3700 1 --2- >> [v2:172.21.15.151:3300/0,v1:172.21.15.151:6789/0] conn(0x7fdbe8104860 0x7fdbe8104c80 unknown :-1 s=BANNER_CONNECTING pgs=0 cs=0 l=0 rev1=0 crypto rx=0 tx=0 comp rx=0 tx=0)._handle_peer_banner_payload supported=3 required=0
2024-04-16T02:26:28.067 INFO:teuthology.orchestra.run.smithi151.stdout:/usr/bin/ceph: stderr
2024-04-16T02:26:26.378+0000 7fdbee4d3700 1 --2- >> [v2:172.21.15.151:3300/0,v1:172.21.15.151:6789/0] conn(0x7fdbe8104860 0x7fdbe8104c80 unknown :-1 s=HELLO_CONNECTING pgs=0 cs=0 l=0 rev1=1 crypto rx=0 tx=0 comp rx=0 tx=0).handle_hello peer v2:172.21.15.151:3300/0 says I am v2:172.21.15.151:50988/0 (socket says 172.21.15.151:50988)
2024-04-16T02:26:28.067 INFO:teuthology.orchestra.run.smithi151.stdout:/usr/bin/ceph: stderr
2024-04-16T02:26:26.378+0000 7fdbee4d3700 1 -- 172.21.15.151:0/4221538064 learned_addr learned my addr 172.21.15.151:0/4221538064 (peer_addr_for_me v2:172.21.15.151:0/0)
2024-04-16T02:26:28.068 INFO:teuthology.orchestra.run.smithi151.stdout:/usr/bin/ceph: stderr
2024-04-16T02:26:26.378+0000 7fdbee4d3700 1 -- 172.21.15.151:0/4221538064 --> [v2:172.21.15.151:3300/0,v1:172.21.15.151:6789/0] -- mon_subscribe({config=0+,monmap=0+}) v3 -- 0x7fdbe8105390 con 0x7fdbe8104860
2024-04-16T02:26:28.068 INFO:teuthology.orchestra.run.smithi151.stdout:/usr/bin/ceph: stderr
2024-04-16T02:26:26.378+0000 7fdbee4d3700 1 --2- 172.21.15.151:0/4221538064 >> [v2:172.21.15.151:3300/0,v1:172.21.15.151:6789/0] conn(0x7fdbe8104860 0x7fdbe8104c80 secure :-1 s=READY pgs=67 cs=0 l=1 rev1=1 crypto rx=0x7fdbe4009e80 tx=0x7fdbe400b330 comp rx=0 tx=0).ready entity=mon.0 client_cookie=348aa46b2237011f server_cookie=0 in_seq=0 out_seq=0
2024-04-16T02:26:28.068 INFO:teuthology.orchestra.run.smithi151.stdout:/usr/bin/ceph: stderr
2024-04-16T02:26:26.378+0000 7fdbed4d1700 1 -- 172.21.15.151:0/4221538064 <== mon.0 v2:172.21.15.151:3300/0 1 ==== mon_map magic: 0 v1 ==== 229+0+0 (secure 0 0 0) 0x7fdbe400e070 con 0x7fdbe8104860
2024-04-16T02:26:28.068 INFO:teuthology.orchestra.run.smithi151.stdout:/usr/bin/ceph: stderr
2024-04-16T02:26:26.378+0000 7fdbed4d1700 1 -- 172.21.15.151:0/4221538064 <== mon.0 v2:172.21.15.151:3300/0 2 ==== config(27 keys) v1 ==== 1101+0+0 (secure 0 0 0) 0x7fdbe400b8c0 con 0x7fdbe8104860
2024-04-16T02:26:28.068 INFO:teuthology.orchestra.run.smithi151.stdout:/usr/bin/ceph: stderr
2024-04-16T02:26:26.378+0000 7fdbed4d1700 1 -- 172.21.15.151:0/4221538064 <== mon.0 v2:172.21.15.151:3300/0 3 ==== mon_map magic: 0 v1 ==== 229+0+0 (secure 0 0 0) 0x7fdbe40044d0 con 0x7fdbe8104860
2024-04-16T02:26:28.068 INFO:teuthology.orchestra.run.smithi151.stdout:/usr/bin/ceph: stderr
2024-04-16T02:26:26.379+0000 7fdbf0737700 1 -- 172.21.15.151:0/4221538064 >> [v2:172.21.15.151:3300/0,v1:172.21.15.151:6789/0] conn(0x7fdbe8104860 msgr2=0x7fdbe8104c80 secure :-1 s=STATE_CONNECTION_ESTABLISHED l=1).mark_down
2024-04-16T02:26:28.068 INFO:teuthology.orchestra.run.smithi151.stdout:/usr/bin/ceph: stderr
2024-04-16T02:26:26.379+0000 7fdbf0737700 1 --2- 172.21.15.151:0/4221538064 >> [v2:172.21.15.151:3300/0,v1:172.21.15.151:6789/0] conn(0x7fdbe8104860 0x7fdbe8104c80 secure :-1 s=READY pgs=67 cs=0 l=1 rev1=1 crypto rx=0x7fdbe4009e80 tx=0x7fdbe400b330 comp rx=0 tx=0).stop
2024-04-16T02:26:28.068 INFO:teuthology.orchestra.run.smithi151.stdout:/usr/bin/ceph: stderr
2024-04-16T02:26:26.379+0000 7fdbf0737700 1 -- 172.21.15.151:0/4221538064 shutdown_connections
2024-04-16T02:26:28.068 INFO:teuthology.orchestra.run.smithi151.stdout:/usr/bin/ceph: stderr
2024-04-16T02:26:26.379+0000 7fdbf0737700 1 --2- 172.21.15.151:0/4221538064 >> [v2:172.21.15.151:3300/0,v1:172.21.15.151:6789/0] conn(0x7fdbe8104860 0x7fdbe8104c80 unknown :-1 s=CLOSED pgs=67 cs=0 l=1 rev1=1 crypto rx=0 tx=0 comp rx=0 tx=0).stop
2024-04-16T02:26:28.068 INFO:teuthology.orchestra.run.smithi151.stdout:/usr/bin/ceph: stderr
2024-04-16T02:26:26.379+0000 7fdbf0737700 1 -- 172.21.15.151:0/4221538064 >> 172.21.15.151:0/4221538064 conn(0x7fdbe8100190 msgr2=0x7fdbe81025d0 unknown :-1 s=STATE_NONE l=0).mark_down
2024-04-16T02:26:28.068 INFO:teuthology.orchestra.run.smithi151.stdout:/usr/bin/ceph: stderr
2024-04-16T02:26:26.379+0000 7fdbf0737700 1 -- 172.21.15.151:0/4221538064 shutdown_connections
2024-04-16T02:26:28.068 INFO:teuthology.orchestra.run.smithi151.stdout:/usr/bin/ceph: stderr
2024-04-16T02:26:26.379+0000 7fdbf0737700 1 -- 172.21.15.151:0/4221538064 wait complete.
2024-04-16T02:26:28.068 INFO:teuthology.orchestra.run.smithi151.stdout:/usr/bin/ceph: stderr
2024-04-16T02:26:26.380+0000 7fdbf0737700 1 Processor -- start
2024-04-16T02:26:28.068 INFO:teuthology.orchestra.run.smithi151.stdout:/usr/bin/ceph: stderr
2024-04-16T02:26:26.380+0000 7fdbf0737700 1 -- start start
2024-04-16T02:26:28.069 INFO:teuthology.orchestra.run.smithi151.stdout:/usr/bin/ceph: stderr
2024-04-16T02:26:26.380+0000 7fdbf0737700 1 --2- >> [v2:172.21.15.151:3300/0,v1:172.21.15.151:6789/0] conn(0x7fdbe8104860 0x7fdbe819a1f0 unknown :-1 s=NONE pgs=0 cs=0 l=1 rev1=0 crypto rx=0 tx=0 comp rx=0 tx=0).connect
2024-04-16T02:26:28.069 INFO:teuthology.orchestra.run.smithi151.stdout:/usr/bin/ceph: stderr
2024-04-16T02:26:26.380+0000 7fdbf0737700 1 -- --> [v2:172.21.15.151:3300/0,v1:172.21.15.151:6789/0] -- mon_getmap magic: 0 v1 -- 0x7fdbe819a730 con 0x7fdbe8104860
2024-04-16T02:26:28.069 INFO:teuthology.orchestra.run.smithi151.stdout:/usr/bin/ceph: stderr
2024-04-16T02:26:26.380+0000 7fdbee4d3700 1 --2- >> [v2:172.21.15.151:3300/0,v1:172.21.15.151:6789/0] conn(0x7fdbe8104860 0x7fdbe819a1f0 unknown :-1 s=BANNER_CONNECTING pgs=0 cs=0 l=1 rev1=0 crypto rx=0 tx=0 comp rx=0 tx=0)._handle_peer_banner_payload supported=3 required=0
2024-04-16T02:26:28.069 INFO:teuthology.orchestra.run.smithi151.stdout:/usr/bin/ceph: stderr
2024-04-16T02:26:26.380+0000 7fdbee4d3700 1 --2- >> [v2:172.21.15.151:3300/0,v1:172.21.15.151:6789/0] conn(0x7fdbe8104860 0x7fdbe819a1f0 unknown :-1 s=HELLO_CONNECTING pgs=0 cs=0 l=1 rev1=1 crypto rx=0 tx=0 comp rx=0 tx=0).handle_hello peer v2:172.21.15.151:3300/0 says I am v2:172.21.15.151:50998/0 (socket says 172.21.15.151:50998)
2024-04-16T02:26:28.069 INFO:teuthology.orchestra.run.smithi151.stdout:/usr/bin/ceph: stderr
2024-04-16T02:26:26.380+0000 7fdbee4d3700 1 -- 172.21.15.151:0/1445765393 learned_addr learned my addr 172.21.15.151:0/1445765393 (peer_addr_for_me v2:172.21.15.151:0/0)
2024-04-16T02:26:28.069 INFO:teuthology.orchestra.run.smithi151.stdout:/usr/bin/ceph: stderr
2024-04-16T02:26:26.380+0000 7fdbee4d3700 1 -- 172.21.15.151:0/1445765393 --> [v2:172.21.15.151:3300/0,v1:172.21.15.151:6789/0] -- mon_subscribe({config=0+,monmap=0+}) v3 -- 0x7fdbe4009b30 con 0x7fdbe8104860
2024-04-16T02:26:28.069 INFO:teuthology.orchestra.run.smithi151.stdout:/usr/bin/ceph: stderr
2024-04-16T02:26:26.380+0000 7fdbee4d3700 1 --2- 172.21.15.151:0/1445765393 >> [v2:172.21.15.151:3300/0,v1:172.21.15.151:6789/0] conn(0x7fdbe8104860 0x7fdbe819a1f0 secure :-1 s=READY pgs=68 cs=0 l=1 rev1=1 crypto rx=0x7fdbe40072a0 tx=0x7fdbe40049f0 comp rx=0 tx=0).ready entity=mon.0 client_cookie=0 server_cookie=0 in_seq=0 out_seq=0
2024-04-16T02:26:28.069 INFO:teuthology.orchestra.run.smithi151.stdout:/usr/bin/ceph: stderr
2024-04-16T02:26:26.380+0000 7fdbdf7fe700 1 -- 172.21.15.151:0/1445765393 <== mon.0 v2:172.21.15.151:3300/0 1 ==== mon_map magic: 0 v1 ==== 229+0+0 (secure 0 0 0) 0x7fdbe400e040 con 0x7fdbe8104860
2024-04-16T02:26:28.069 INFO:teuthology.orchestra.run.smithi151.stdout:/usr/bin/ceph: stderr
2024-04-16T02:26:26.381+0000 7fdbdf7fe700 1 -- 172.21.15.151:0/1445765393 <== mon.0 v2:172.21.15.151:3300/0 2 ==== config(27 keys) v1 ==== 1101+0+0 (secure 0 0 0) 0x7fdbe400bd80 con 0x7fdbe8104860
2024-04-16T02:26:28.069 INFO:teuthology.orchestra.run.smithi151.stdout:/usr/bin/ceph: stderr
2024-04-16T02:26:26.381+0000 7fdbf0737700 1 -- 172.21.15.151:0/1445765393 --> [v2:172.21.15.151:3300/0,v1:172.21.15.151:6789/0] -- mon_subscribe({mgrmap=0+}) v3 -- 0x7fdbe819a930 con 0x7fdbe8104860
2024-04-16T02:26:28.069 INFO:teuthology.orchestra.run.smithi151.stdout:/usr/bin/ceph: stderr
2024-04-16T02:26:26.381+0000 7fdbdf7fe700 1 -- 172.21.15.151:0/1445765393 <== mon.0 v2:172.21.15.151:3300/0 3 ==== mon_map magic: 0 v1 ==== 229+0+0 (secure 0 0 0) 0x7fdbe40126c0 con 0x7fdbe8104860
2024-04-16T02:26:28.069 INFO:teuthology.orchestra.run.smithi151.stdout:/usr/bin/ceph: stderr
2024-04-16T02:26:26.381+0000 7fdbf0737700 1 -- 172.21.15.151:0/1445765393 --> [v2:172.21.15.151:3300/0,v1:172.21.15.151:6789/0] -- mon_subscribe({osdmap=0}) v3 -- 0x7fdbe819ae30 con 0x7fdbe8104860
2024-04-16T02:26:28.069 INFO:teuthology.orchestra.run.smithi151.stdout:/usr/bin/ceph: stderr
2024-04-16T02:26:26.381+0000 7fdbdf7fe700 1 -- 172.21.15.151:0/1445765393 <== mon.0 v2:172.21.15.151:3300/0 4 ==== mgrmap(e 8) v1 ==== 45283+0+0 (secure 0 0 0) 0x7fdbe4019040 con 0x7fdbe8104860
2024-04-16T02:26:28.069 INFO:teuthology.orchestra.run.smithi151.stdout:/usr/bin/ceph: stderr
2024-04-16T02:26:26.381+0000 7fdbf0737700 1 -- 172.21.15.151:0/1445765393 --> [v2:172.21.15.151:3300/0,v1:172.21.15.151:6789/0] -- mon_command({"prefix": "get_command_descriptions"} v 0) v1 -- 0x7fdbe80623c0 con 0x7fdbe8104860
2024-04-16T02:26:28.069 INFO:teuthology.orchestra.run.smithi151.stdout:/usr/bin/ceph: stderr
2024-04-16T02:26:26.382+0000 7fdbdf7fe700 1 --2- 172.21.15.151:0/1445765393 >> [v2:172.21.15.151:6800/2400549256,v1:172.21.15.151:6801/2400549256] conn(0x7fdbd4038330 0x7fdbd403a7f0 unknown :-1 s=NONE pgs=0 cs=0 l=1 rev1=0 crypto rx=0 tx=0 comp rx=0 tx=0).connect
2024-04-16T02:26:28.070 INFO:teuthology.orchestra.run.smithi151.stdout:/usr/bin/ceph: stderr
2024-04-16T02:26:26.382+0000 7fdbdf7fe700 1 -- 172.21.15.151:0/1445765393 <== mon.0 v2:172.21.15.151:3300/0 5 ==== osd_map(2..2 src has 1..2) v4 ==== 940+0+0 (secure 0 0 0) 0x7fdbe404be40 con 0x7fdbe8104860
2024-04-16T02:26:28.070 INFO:teuthology.orchestra.run.smithi151.stdout:/usr/bin/ceph: stderr
2024-04-16T02:26:26.382+0000 7fdbedcd2700 1 --2- 172.21.15.151:0/1445765393 >> [v2:172.21.15.151:6800/2400549256,v1:172.21.15.151:6801/2400549256] conn(0x7fdbd4038330 0x7fdbd403a7f0 unknown :-1 s=BANNER_CONNECTING pgs=0 cs=0 l=1 rev1=0 crypto rx=0 tx=0 comp rx=0 tx=0)._handle_peer_banner_payload supported=3 required=0
2024-04-16T02:26:28.070 INFO:teuthology.orchestra.run.smithi151.stdout:/usr/bin/ceph: stderr
2024-04-16T02:26:26.382+0000 7fdbedcd2700 1 --2- 172.21.15.151:0/1445765393 >> [v2:172.21.15.151:6800/2400549256,v1:172.21.15.151:6801/2400549256] conn(0x7fdbd4038330 0x7fdbd403a7f0 secure :-1 s=READY pgs=22 cs=0 l=1 rev1=1 crypto rx=0x7fdbd8006fd0 tx=0x7fdbd8006e40 comp rx=0 tx=0).ready entity=mgr.14120 client_cookie=0 server_cookie=0 in_seq=0 out_seq=0
2024-04-16T02:26:28.070 INFO:teuthology.orchestra.run.smithi151.stdout:/usr/bin/ceph: stderr
2024-04-16T02:26:26.386+0000 7fdbdf7fe700 1 -- 172.21.15.151:0/1445765393 <== mon.0 v2:172.21.15.151:3300/0 6 ==== mon_command_ack([{"prefix": "get_command_descriptions"}]=0 v0) v1 ==== 72+0+180422 (secure 0 0 0) 0x7fdbe402cb40 con 0x7fdbe8104860
2024-04-16T02:26:28.070 INFO:teuthology.orchestra.run.smithi151.stdout:/usr/bin/ceph: stderr
2024-04-16T02:26:26.629+0000 7fdbf0737700 1 -- 172.21.15.151:0/1445765393 --> [v2:172.21.15.151:3300/0,v1:172.21.15.151:6789/0] -- mon_command({"prefix": "mgr module enable", "module": "dashboard"} v 0) v1 -- 0x7fdbe8108500 con 0x7fdbe8104860
2024-04-16T02:26:28.070 INFO:teuthology.orchestra.run.smithi151.stdout:/usr/bin/ceph: stderr
2024-04-16T02:26:27.391+0000 7fdbdf7fe700 1 -- 172.21.15.151:0/1445765393 <== mon.0 v2:172.21.15.151:3300/0 7 ==== mgrmap(e 9) v1 ==== 45296+0+0 (secure 0 0 0) 0x7fdbe40244a0 con 0x7fdbe8104860
2024-04-16T02:26:28.070 INFO:teuthology.orchestra.run.smithi151.stdout:/usr/bin/ceph: stderr
2024-04-16T02:26:27.393+0000 7fdbdf7fe700 1 -- 172.21.15.151:0/1445765393 <== mon.0 v2:172.21.15.151:3300/0 8 ==== mon_command_ack([{"prefix": "mgr module enable", "module": "dashboard"}]=0 v9) v1 ==== 88+0+0 (secure 0 0 0) 0x7fdbe4050740 con 0x7fdbe8104860
2024-04-16T02:26:28.070 INFO:teuthology.orchestra.run.smithi151.stdout:/usr/bin/ceph: stderr
2024-04-16T02:26:27.395+0000 7fdbf0737700 1 -- 172.21.15.151:0/1445765393 >> [v2:172.21.15.151:6800/2400549256,v1:172.21.15.151:6801/2400549256] conn(0x7fdbd4038330 msgr2=0x7fdbd403a7f0 secure :-1 s=STATE_CONNECTION_ESTABLISHED l=1).mark_down
2024-04-16T02:26:28.070 INFO:teuthology.orchestra.run.smithi151.stdout:/usr/bin/ceph: stderr
2024-04-16T02:26:27.395+0000 7fdbf0737700 1 --2- 172.21.15.151:0/1445765393 >> [v2:172.21.15.151:6800/2400549256,v1:172.21.15.151:6801/2400549256] conn(0x7fdbd4038330 0x7fdbd403a7f0 secure :-1 s=READY pgs=22 cs=0 l=1 rev1=1 crypto rx=0x7fdbd8006fd0 tx=0x7fdbd8006e40 comp rx=0 tx=0).stop
2024-04-16T02:26:28.070 INFO:teuthology.orchestra.run.smithi151.stdout:/usr/bin/ceph: stderr
2024-04-16T02:26:27.395+0000 7fdbf0737700 1 -- 172.21.15.151:0/1445765393 >> [v2:172.21.15.151:3300/0,v1:172.21.15.151:6789/0] conn(0x7fdbe8104860 msgr2=0x7fdbe819a1f0 secure :-1 s=STATE_CONNECTION_ESTABLISHED l=1).mark_down
2024-04-16T02:26:28.070 INFO:teuthology.orchestra.run.smithi151.stdout:/usr/bin/ceph: stderr
2024-04-16T02:26:27.395+0000 7fdbf0737700 1 --2- 172.21.15.151:0/1445765393 >> [v2:172.21.15.151:3300/0,v1:172.21.15.151:6789/0] conn(0x7fdbe8104860 0x7fdbe819a1f0 secure :-1 s=READY pgs=68 cs=0 l=1 rev1=1 crypto rx=0x7fdbe40072a0 tx=0x7fdbe40049f0 comp rx=0 tx=0).stop
2024-04-16T02:26:28.070 INFO:teuthology.orchestra.run.smithi151.stdout:/usr/bin/ceph: stderr
2024-04-16T02:26:27.395+0000 7fdbf0737700 1 -- 172.21.15.151:0/1445765393 shutdown_connections
2024-04-16T02:26:28.070 INFO:teuthology.orchestra.run.smithi151.stdout:/usr/bin/ceph: stderr
2024-04-16T02:26:27.395+0000 7fdbf0737700 1 --2- 172.21.15.151:0/1445765393 >> [v2:172.21.15.151:6800/2400549256,v1:172.21.15.151:6801/2400549256] conn(0x7fdbd4038330 0x7fdbd403a7f0 unknown :-1 s=CLOSED pgs=22 cs=0 l=1 rev1=1 crypto rx=0 tx=0 comp rx=0 tx=0).stop
2024-04-16T02:26:28.070 INFO:teuthology.orchestra.run.smithi151.stdout:/usr/bin/ceph: stderr
2024-04-16T02:26:27.395+0000 7fdbf0737700 1 --2- 172.21.15.151:0/1445765393 >> [v2:172.21.15.151:3300/0,v1:172.21.15.151:6789/0] conn(0x7fdbe8104860 0x7fdbe819a1f0 unknown :-1 s=CLOSED pgs=68 cs=0 l=1 rev1=1 crypto rx=0 tx=0 comp rx=0 tx=0).stop
2024-04-16T02:26:28.071 INFO:teuthology.orchestra.run.smithi151.stdout:/usr/bin/ceph: stderr
2024-04-16T02:26:27.395+0000 7fdbf0737700 1 -- 172.21.15.151:0/1445765393 >> 172.21.15.151:0/1445765393 conn(0x7fdbe8100190 msgr2=0x7fdbe8100ee0 unknown :-1 s=STATE_NONE l=0).mark_down
2024-04-16T02:26:28.071 INFO:teuthology.orchestra.run.smithi151.stdout:/usr/bin/ceph: stderr
2024-04-16T02:26:27.395+0000 7fdbf0737700 1 -- 172.21.15.151:0/1445765393 shutdown_connections
2024-04-16T02:26:28.071 INFO:teuthology.orchestra.run.smithi151.stdout:/usr/bin/ceph: stderr
2024-04-16T02:26:27.395+0000 7fdbf0737700 1 -- 172.21.15.151:0/1445765393 wait complete.
2024-04-16T02:26:28.693 INFO:journalctl@ceph.mon.smithi151.smithi151.stdout:Apr 16 02:26:28 smithi151 ceph-mon[29003]: from='client.? 172.21.15.151:0/1445765393' entity='client.admin' cmd='[{"prefix": "mgr module enable", "module": "dashboard"}]': finished
2024-04-16T02:26:28.693 INFO:journalctl@ceph.mon.smithi151.smithi151.stdout:Apr 16 02:26:28 smithi151 ceph-mon[29003]: mgrmap e9: smithi151.uqqame(active, since 25s)
2024-04-16T02:26:29.314 INFO:teuthology.orchestra.run.smithi151.stdout:/usr/bin/ceph: stdout {
2024-04-16T02:26:29.315 INFO:teuthology.orchestra.run.smithi151.stdout:/usr/bin/ceph: stdout "epoch": 9,
2024-04-16T02:26:29.315 INFO:teuthology.orchestra.run.smithi151.stdout:/usr/bin/ceph: stdout "available": true,
2024-04-16T02:26:29.315 INFO:teuthology.orchestra.run.smithi151.stdout:/usr/bin/ceph: stdout "active_name": "smithi151.uqqame",
2024-04-16T02:26:29.315 INFO:teuthology.orchestra.run.smithi151.stdout:/usr/bin/ceph: stdout "num_standby": 0
2024-04-16T02:26:29.315 INFO:teuthology.orchestra.run.smithi151.stdout:/usr/bin/ceph: stdout }
2024-04-16T02:26:29.315 INFO:teuthology.orchestra.run.smithi151.stdout:/usr/bin/ceph: stderr
2024-04-16T02:26:28.487+0000 7ff4ff702700 1 Processor -- start
2024-04-16T02:26:29.315 INFO:teuthology.orchestra.run.smithi151.stdout:/usr/bin/ceph: stderr
2024-04-16T02:26:28.487+0000 7ff4ff702700 1 -- start start
2024-04-16T02:26:29.315 INFO:teuthology.orchestra.run.smithi151.stdout:/usr/bin/ceph: stderr
2024-04-16T02:26:28.487+0000 7ff4ff702700 1 --2- >> [v2:172.21.15.151:3300/0,v1:172.21.15.151:6789/0] conn(0x7ff4f8107020 0x7ff4f8109410 unknown :-1 s=NONE pgs=0 cs=0 l=0 rev1=0 crypto rx=0 tx=0 comp rx=0 tx=0).connect
2024-04-16T02:26:29.315 INFO:teuthology.orchestra.run.smithi151.stdout:/usr/bin/ceph: stderr
2024-04-16T02:26:28.487+0000 7ff4ff702700 1 -- --> [v2:172.21.15.151:3300/0,v1:172.21.15.151:6789/0] -- mon_getmap magic: 0 v1 -- 0x7ff4f8079e50 con 0x7ff4f8107020
2024-04-16T02:26:29.315 INFO:teuthology.orchestra.run.smithi151.stdout:/usr/bin/ceph: stderr
2024-04-16T02:26:28.488+0000 7ff4fd49e700 1 --2- >> [v2:172.21.15.151:3300/0,v1:172.21.15.151:6789/0] conn(0x7ff4f8107020 0x7ff4f8109410 unknown :-1 s=BANNER_CONNECTING pgs=0 cs=0 l=0 rev1=0 crypto rx=0 tx=0 comp rx=0 tx=0)._handle_peer_banner_payload supported=3 required=0
2024-04-16T02:26:29.315 INFO:teuthology.orchestra.run.smithi151.stdout:/usr/bin/ceph: stderr
2024-04-16T02:26:28.488+0000 7ff4fd49e700 1 --2- >> [v2:172.21.15.151:3300/0,v1:172.21.15.151:6789/0] conn(0x7ff4f8107020 0x7ff4f8109410 unknown :-1 s=HELLO_CONNECTING pgs=0 cs=0 l=0 rev1=1 crypto rx=0 tx=0 comp rx=0 tx=0).handle_hello peer v2:172.21.15.151:3300/0 says I am v2:172.21.15.151:57860/0 (socket says 172.21.15.151:57860)
2024-04-16T02:26:29.315 INFO:teuthology.orchestra.run.smithi151.stdout:/usr/bin/ceph: stderr
2024-04-16T02:26:28.488+0000 7ff4fd49e700 1 -- 172.21.15.151:0/1813485308 learned_addr learned my addr 172.21.15.151:0/1813485308 (peer_addr_for_me v2:172.21.15.151:0/0)
2024-04-16T02:26:29.315 INFO:teuthology.orchestra.run.smithi151.stdout:/usr/bin/ceph: stderr
2024-04-16T02:26:28.488+0000 7ff4fd49e700 1 -- 172.21.15.151:0/1813485308 --> [v2:172.21.15.151:3300/0,v1:172.21.15.151:6789/0] -- mon_subscribe({config=0+,monmap=0+}) v3 -- 0x7ff4f8109950 con 0x7ff4f8107020
2024-04-16T02:26:29.315 INFO:teuthology.orchestra.run.smithi151.stdout:/usr/bin/ceph: stderr
2024-04-16T02:26:28.488+0000 7ff4fd49e700 1 --2- 172.21.15.151:0/1813485308 >> [v2:172.21.15.151:3300/0,v1:172.21.15.151:6789/0] conn(0x7ff4f8107020 0x7ff4f8109410 secure :-1 s=READY pgs=71 cs=0 l=1 rev1=1 crypto rx=0x7ff4f40098a0 tx=0x7ff4f4009bb0 comp rx=0 tx=0).ready entity=mon.0 client_cookie=6108ed521e073b7b server_cookie=0 in_seq=0 out_seq=0
2024-04-16T02:26:29.316 INFO:teuthology.orchestra.run.smithi151.stdout:/usr/bin/ceph: stderr
2024-04-16T02:26:28.488+0000 7ff4effff700 1 -- 172.21.15.151:0/1813485308 <== mon.0 v2:172.21.15.151:3300/0 1 ==== mon_map magic: 0 v1 ==== 229+0+0 (secure 0 0 0) 0x7ff4f4004180 con 0x7ff4f8107020
2024-04-16T02:26:29.316 INFO:teuthology.orchestra.run.smithi151.stdout:/usr/bin/ceph: stderr
2024-04-16T02:26:28.488+0000 7ff4effff700 1 -- 172.21.15.151:0/1813485308 <== mon.0 v2:172.21.15.151:3300/0 2 ==== config(27 keys) v1 ==== 1101+0+0 (secure 0 0 0) 0x7ff4f40042e0 con 0x7ff4f8107020
2024-04-16T02:26:29.316 INFO:teuthology.orchestra.run.smithi151.stdout:/usr/bin/ceph: stderr
2024-04-16T02:26:28.488+0000 7ff4effff700 1 -- 172.21.15.151:0/1813485308 <== mon.0 v2:172.21.15.151:3300/0 3 ==== mon_map magic: 0 v1 ==== 229+0+0 (secure 0 0 0) 0x7ff4f4011af0 con 0x7ff4f8107020
2024-04-16T02:26:29.316 INFO:teuthology.orchestra.run.smithi151.stdout:/usr/bin/ceph: stderr
2024-04-16T02:26:28.489+0000 7ff4ff702700 1 -- 172.21.15.151:0/1813485308 >> [v2:172.21.15.151:3300/0,v1:172.21.15.151:6789/0] conn(0x7ff4f8107020 msgr2=0x7ff4f8109410 secure :-1 s=STATE_CONNECTION_ESTABLISHED l=1).mark_down
2024-04-16T02:26:29.316 INFO:teuthology.orchestra.run.smithi151.stdout:/usr/bin/ceph: stderr
2024-04-16T02:26:28.489+0000 7ff4ff702700 1 --2- 172.21.15.151:0/1813485308 >> [v2:172.21.15.151:3300/0,v1:172.21.15.151:6789/0] conn(0x7ff4f8107020 0x7ff4f8109410 secure :-1 s=READY pgs=71 cs=0 l=1 rev1=1 crypto rx=0x7ff4f40098a0 tx=0x7ff4f4009bb0 comp rx=0 tx=0).stop
2024-04-16T02:26:29.316 INFO:teuthology.orchestra.run.smithi151.stdout:/usr/bin/ceph: stderr
2024-04-16T02:26:28.489+0000 7ff4ff702700 1 -- 172.21.15.151:0/1813485308 shutdown_connections
2024-04-16T02:26:29.316 INFO:teuthology.orchestra.run.smithi151.stdout:/usr/bin/ceph: stderr
2024-04-16T02:26:28.489+0000 7ff4ff702700 1 --2- 172.21.15.151:0/1813485308 >> [v2:172.21.15.151:3300/0,v1:172.21.15.151:6789/0] conn(0x7ff4f8107020 0x7ff4f8109410 unknown :-1 s=CLOSED pgs=71 cs=0 l=1 rev1=1 crypto rx=0 tx=0 comp rx=0 tx=0).stop
2024-04-16T02:26:29.316 INFO:teuthology.orchestra.run.smithi151.stdout:/usr/bin/ceph: stderr
2024-04-16T02:26:28.489+0000 7ff4ff702700 1 -- 172.21.15.151:0/1813485308 >> 172.21.15.151:0/1813485308 conn(0x7ff4f81009f0 msgr2=0x7ff4f8102e50 unknown :-1 s=STATE_NONE l=0).mark_down
2024-04-16T02:26:29.316 INFO:teuthology.orchestra.run.smithi151.stdout:/usr/bin/ceph: stderr
2024-04-16T02:26:28.489+0000 7ff4ff702700 1 -- 172.21.15.151:0/1813485308 shutdown_connections
2024-04-16T02:26:29.316 INFO:teuthology.orchestra.run.smithi151.stdout:/usr/bin/ceph: stderr
2024-04-16T02:26:28.489+0000 7ff4ff702700 1 -- 172.21.15.151:0/1813485308 wait complete.
2024-04-16T02:26:29.316 INFO:teuthology.orchestra.run.smithi151.stdout:/usr/bin/ceph: stderr
2024-04-16T02:26:28.490+0000 7ff4ff702700 1 Processor -- start
2024-04-16T02:26:29.316 INFO:teuthology.orchestra.run.smithi151.stdout:/usr/bin/ceph: stderr
2024-04-16T02:26:28.490+0000 7ff4ff702700 1 -- start start
2024-04-16T02:26:29.316 INFO:teuthology.orchestra.run.smithi151.stdout:/usr/bin/ceph: stderr
2024-04-16T02:26:28.490+0000 7ff4ff702700 1 --2- >> [v2:172.21.15.151:3300/0,v1:172.21.15.151:6789/0] conn(0x7ff4f8107020 0x7ff4f819a1b0 unknown :-1 s=NONE pgs=0 cs=0 l=1 rev1=0 crypto rx=0 tx=0 comp rx=0 tx=0).connect
2024-04-16T02:26:29.316 INFO:teuthology.orchestra.run.smithi151.stdout:/usr/bin/ceph: stderr
2024-04-16T02:26:28.490+0000 7ff4ff702700 1 -- --> [v2:172.21.15.151:3300/0,v1:172.21.15.151:6789/0] -- mon_getmap magic: 0 v1 -- 0x7ff4f819a6f0 con 0x7ff4f8107020
2024-04-16T02:26:29.317 INFO:teuthology.orchestra.run.smithi151.stdout:/usr/bin/ceph: stderr
2024-04-16T02:26:28.490+0000 7ff4fd49e700 1 --2- >> [v2:172.21.15.151:3300/0,v1:172.21.15.151:6789/0] conn(0x7ff4f8107020 0x7ff4f819a1b0 unknown :-1 s=BANNER_CONNECTING pgs=0 cs=0 l=1 rev1=0 crypto rx=0 tx=0 comp rx=0 tx=0)._handle_peer_banner_payload supported=3 required=0
2024-04-16T02:26:29.317 INFO:teuthology.orchestra.run.smithi151.stdout:/usr/bin/ceph: stderr
2024-04-16T02:26:28.490+0000 7ff4fd49e700 1 --2- >> [v2:172.21.15.151:3300/0,v1:172.21.15.151:6789/0] conn(0x7ff4f8107020 0x7ff4f819a1b0 unknown :-1 s=HELLO_CONNECTING pgs=0 cs=0 l=1 rev1=1 crypto rx=0 tx=0 comp rx=0 tx=0).handle_hello peer v2:172.21.15.151:3300/0 says I am v2:172.21.15.151:57870/0 (socket says 172.21.15.151:57870)
2024-04-16T02:26:29.317 INFO:teuthology.orchestra.run.smithi151.stdout:/usr/bin/ceph: stderr
2024-04-16T02:26:28.490+0000 7ff4fd49e700 1 -- 172.21.15.151:0/243136470 learned_addr learned my addr 172.21.15.151:0/243136470 (peer_addr_for_me v2:172.21.15.151:0/0)
2024-04-16T02:26:29.317 INFO:teuthology.orchestra.run.smithi151.stdout:/usr/bin/ceph: stderr
2024-04-16T02:26:28.490+0000 7ff4fd49e700 1 -- 172.21.15.151:0/243136470 --> [v2:172.21.15.151:3300/0,v1:172.21.15.151:6789/0] -- mon_subscribe({config=0+,monmap=0+}) v3 -- 0x7ff4f4009550 con 0x7ff4f8107020
2024-04-16T02:26:29.317 INFO:teuthology.orchestra.run.smithi151.stdout:/usr/bin/ceph: stderr
2024-04-16T02:26:28.490+0000 7ff4fd49e700 1 --2- 172.21.15.151:0/243136470 >> [v2:172.21.15.151:3300/0,v1:172.21.15.151:6789/0] conn(0x7ff4f8107020 0x7ff4f819a1b0 secure :-1 s=READY pgs=72 cs=0 l=1 rev1=1 crypto rx=0x7ff4f4011ad0 tx=0x7ff4f4011bb0 comp rx=0 tx=0).ready entity=mon.0 client_cookie=0 server_cookie=0 in_seq=0 out_seq=0
2024-04-16T02:26:29.317 INFO:teuthology.orchestra.run.smithi151.stdout:/usr/bin/ceph: stderr
2024-04-16T02:26:28.491+0000 7ff4ee7fc700 1 -- 172.21.15.151:0/243136470 <== mon.0 v2:172.21.15.151:3300/0 1 ==== mon_map magic: 0 v1 ==== 229+0+0 (secure 0 0 0) 0x7ff4f4003ab0 con 0x7ff4f8107020
2024-04-16T02:26:29.317 INFO:teuthology.orchestra.run.smithi151.stdout:/usr/bin/ceph: stderr
2024-04-16T02:26:28.491+0000 7ff4ff702700 1 -- 172.21.15.151:0/243136470 --> [v2:172.21.15.151:3300/0,v1:172.21.15.151:6789/0] -- mon_subscribe({mgrmap=0+}) v3 -- 0x7ff4f819a8f0 con 0x7ff4f8107020
2024-04-16T02:26:29.317 INFO:teuthology.orchestra.run.smithi151.stdout:/usr/bin/ceph: stderr
2024-04-16T02:26:28.491+0000 7ff4ee7fc700 1 -- 172.21.15.151:0/243136470 <== mon.0 v2:172.21.15.151:3300/0 2 ==== config(27 keys) v1 ==== 1101+0+0 (secure 0 0 0) 0x7ff4f4003c10 con 0x7ff4f8107020
2024-04-16T02:26:29.317 INFO:teuthology.orchestra.run.smithi151.stdout:/usr/bin/ceph: stderr
2024-04-16T02:26:28.491+0000 7ff4ee7fc700 1 -- 172.21.15.151:0/243136470 <== mon.0 v2:172.21.15.151:3300/0 3 ==== mon_map magic: 0 v1 ==== 229+0+0 (secure 0 0 0) 0x7ff4f40198e0 con 0x7ff4f8107020
2024-04-16T02:26:29.317 INFO:teuthology.orchestra.run.smithi151.stdout:/usr/bin/ceph: stderr
2024-04-16T02:26:28.491+0000 7ff4ff702700 1 -- 172.21.15.151:0/243136470 --> [v2:172.21.15.151:3300/0,v1:172.21.15.151:6789/0] -- mon_subscribe({osdmap=0}) v3 -- 0x7ff4f819ad90 con 0x7ff4f8107020
2024-04-16T02:26:29.317 INFO:teuthology.orchestra.run.smithi151.stdout:/usr/bin/ceph: stderr
2024-04-16T02:26:28.492+0000 7ff4ee7fc700 1 -- 172.21.15.151:0/243136470 <== mon.0 v2:172.21.15.151:3300/0 4 ==== mgrmap(e 9) v1 ==== 45296+0+0 (secure 0 0 0) 0x7ff4f4019ba0 con 0x7ff4f8107020
2024-04-16T02:26:29.317 INFO:teuthology.orchestra.run.smithi151.stdout:/usr/bin/ceph: stderr
2024-04-16T02:26:28.492+0000 7ff4ee7fc700 1 --2- 172.21.15.151:0/243136470 >> [v2:172.21.15.151:6800/2400549256,v1:172.21.15.151:6801/2400549256] conn(0x7ff4e4038370 0x7ff4e403a830 unknown :-1 s=NONE pgs=0 cs=0 l=1 rev1=0 crypto rx=0 tx=0 comp rx=0 tx=0).connect
2024-04-16T02:26:29.317 INFO:teuthology.orchestra.run.smithi151.stdout:/usr/bin/ceph: stderr
2024-04-16T02:26:28.492+0000 7ff4ff702700 1 -- 172.21.15.151:0/243136470 --> [v2:172.21.15.151:3300/0,v1:172.21.15.151:6789/0] -- mon_command({"prefix": "get_command_descriptions"} v 0) v1 -- 0x7ff4f810a6e0 con 0x7ff4f8107020
2024-04-16T02:26:29.317 INFO:teuthology.orchestra.run.smithi151.stdout:/usr/bin/ceph: stderr
2024-04-16T02:26:28.492+0000 7ff4fcc9d700 1 -- 172.21.15.151:0/243136470 >> [v2:172.21.15.151:6800/2400549256,v1:172.21.15.151:6801/2400549256] conn(0x7ff4e4038370 msgr2=0x7ff4e403a830 unknown :-1 s=STATE_CONNECTING_RE l=1).process reconnect failed to v2:172.21.15.151:6800/2400549256
2024-04-16T02:26:29.318 INFO:teuthology.orchestra.run.smithi151.stdout:/usr/bin/ceph: stderr
2024-04-16T02:26:28.492+0000 7ff4ee7fc700 1 -- 172.21.15.151:0/243136470 <== mon.0 v2:172.21.15.151:3300/0 5 ==== osd_map(2..2 src has 1..2) v4 ==== 940+0+0 (secure 0 0 0) 0x7ff4f404c190 con 0x7ff4f8107020
2024-04-16T02:26:29.318 INFO:teuthology.orchestra.run.smithi151.stdout:/usr/bin/ceph: stderr
2024-04-16T02:26:28.492+0000 7ff4fcc9d700 1 --2- 172.21.15.151:0/243136470 >> [v2:172.21.15.151:6800/2400549256,v1:172.21.15.151:6801/2400549256] conn(0x7ff4e4038370 0x7ff4e403a830 unknown :-1 s=START_CONNECT pgs=0 cs=0 l=1 rev1=0 crypto rx=0 tx=0 comp rx=0 tx=0)._fault waiting 0.200000
2024-04-16T02:26:29.318 INFO:teuthology.orchestra.run.smithi151.stdout:/usr/bin/ceph: stderr
2024-04-16T02:26:28.497+0000 7ff4ee7fc700 1 -- 172.21.15.151:0/243136470 <== mon.0 v2:172.21.15.151:3300/0 6 ==== mon_command_ack([{"prefix": "get_command_descriptions"}]=0 v0) v1 ==== 72+0+180422 (secure 0 0 0) 0x7ff4f4010d50 con 0x7ff4f8107020
2024-04-16T02:26:29.318 INFO:teuthology.orchestra.run.smithi151.stdout:/usr/bin/ceph: stderr
2024-04-16T02:26:28.693+0000 7ff4fcc9d700 1 -- 172.21.15.151:0/243136470 >> [v2:172.21.15.151:6800/2400549256,v1:172.21.15.151:6801/2400549256] conn(0x7ff4e4038370 msgr2=0x7ff4e403a830 unknown :-1 s=STATE_CONNECTING_RE l=1).process reconnect failed to v2:172.21.15.151:6800/2400549256
2024-04-16T02:26:29.318 INFO:teuthology.orchestra.run.smithi151.stdout:/usr/bin/ceph: stderr
2024-04-16T02:26:28.693+0000 7ff4fcc9d700 1 --2- 172.21.15.151:0/243136470 >> [v2:172.21.15.151:6800/2400549256,v1:172.21.15.151:6801/2400549256] conn(0x7ff4e4038370 0x7ff4e403a830 unknown :-1 s=START_CONNECT pgs=0 cs=0 l=1 rev1=0 crypto rx=0 tx=0 comp rx=0 tx=0)._fault waiting 0.400000
2024-04-16T02:26:29.318 INFO:teuthology.orchestra.run.smithi151.stdout:/usr/bin/ceph: stderr
2024-04-16T02:26:28.743+0000 7ff4ff702700 1 -- 172.21.15.151:0/243136470 --> [v2:172.21.15.151:3300/0,v1:172.21.15.151:6789/0] -- mon_command({"prefix": "mgr stat"} v 0) v1 -- 0x7ff4f819db70 con 0x7ff4f8107020
2024-04-16T02:26:29.318 INFO:teuthology.orchestra.run.smithi151.stdout:/usr/bin/ceph: stderr
2024-04-16T02:26:28.743+0000 7ff4ee7fc700 1 -- 172.21.15.151:0/243136470 <== mon.0 v2:172.21.15.151:3300/0 7 ==== mon_command_ack([{"prefix": "mgr stat"}]=0 v9) v1 ==== 56+0+103 (secure 0 0 0) 0x7ff4f4010b70 con 0x7ff4f8107020
2024-04-16T02:26:29.318 INFO:teuthology.orchestra.run.smithi151.stdout:/usr/bin/ceph: stderr
2024-04-16T02:26:28.746+0000 7ff4ff702700 1 -- 172.21.15.151:0/243136470 >> [v2:172.21.15.151:6800/2400549256,v1:172.21.15.151:6801/2400549256] conn(0x7ff4e4038370 msgr2=0x7ff4e403a830 unknown :-1 s=STATE_CONNECTING l=1).mark_down
2024-04-16T02:26:29.318 INFO:teuthology.orchestra.run.smithi151.stdout:/usr/bin/ceph: stderr
2024-04-16T02:26:28.746+0000 7ff4ff702700 1 --2- 172.21.15.151:0/243136470 >> [v2:172.21.15.151:6800/2400549256,v1:172.21.15.151:6801/2400549256] conn(0x7ff4e4038370 0x7ff4e403a830 unknown :-1 s=START_CONNECT pgs=0 cs=0 l=1 rev1=0 crypto rx=0 tx=0 comp rx=0 tx=0).stop
2024-04-16T02:26:29.318 INFO:teuthology.orchestra.run.smithi151.stdout:/usr/bin/ceph: stderr
2024-04-16T02:26:28.746+0000 7ff4ff702700 1 -- 172.21.15.151:0/243136470 >> [v2:172.21.15.151:3300/0,v1:172.21.15.151:6789/0] conn(0x7ff4f8107020 msgr2=0x7ff4f819a1b0 secure :-1 s=STATE_CONNECTION_ESTABLISHED l=1).mark_down
2024-04-16T02:26:29.318 INFO:teuthology.orchestra.run.smithi151.stdout:/usr/bin/ceph: stderr
2024-04-16T02:26:28.746+0000 7ff4ff702700 1 --2- 172.21.15.151:0/243136470 >> [v2:172.21.15.151:3300/0,v1:172.21.15.151:6789/0] conn(0x7ff4f8107020 0x7ff4f819a1b0 secure :-1 s=READY pgs=72 cs=0 l=1 rev1=1 crypto rx=0x7ff4f4011ad0 tx=0x7ff4f4011bb0 comp rx=0 tx=0).stop
2024-04-16T02:26:29.318 INFO:teuthology.orchestra.run.smithi151.stdout:/usr/bin/ceph: stderr
2024-04-16T02:26:28.746+0000 7ff4ff702700 1 -- 172.21.15.151:0/243136470 shutdown_connections
2024-04-16T02:26:29.318 INFO:teuthology.orchestra.run.smithi151.stdout:/usr/bin/ceph: stderr
2024-04-16T02:26:28.746+0000 7ff4ff702700 1 --2- 172.21.15.151:0/243136470 >> [v2:172.21.15.151:6800/2400549256,v1:172.21.15.151:6801/2400549256] conn(0x7ff4e4038370 0x7ff4e403a830 unknown :-1 s=CLOSED pgs=0 cs=0 l=1 rev1=0 crypto rx=0 tx=0 comp rx=0 tx=0).stop
2024-04-16T02:26:29.318 INFO:teuthology.orchestra.run.smithi151.stdout:/usr/bin/ceph: stderr
2024-04-16T02:26:28.746+0000 7ff4ff702700 1 --2- 172.21.15.151:0/243136470 >> [v2:172.21.15.151:3300/0,v1:172.21.15.151:6789/0] conn(0x7ff4f8107020 0x7ff4f819a1b0 unknown :-1 s=CLOSED pgs=72 cs=0 l=1 rev1=1 crypto rx=0 tx=0 comp rx=0 tx=0).stop
2024-04-16T02:26:29.319 INFO:teuthology.orchestra.run.smithi151.stdout:/usr/bin/ceph: stderr
2024-04-16T02:26:28.746+0000 7ff4ff702700 1 -- 172.21.15.151:0/243136470 >> 172.21.15.151:0/243136470 conn(0x7ff4f81009f0 msgr2=0x7ff4f8101720 unknown :-1 s=STATE_NONE l=0).mark_down
2024-04-16T02:26:29.319 INFO:teuthology.orchestra.run.smithi151.stdout:/usr/bin/ceph: stderr
2024-04-16T02:26:28.746+0000 7ff4ff702700 1 -- 172.21.15.151:0/243136470 shutdown_connections
2024-04-16T02:26:29.319 INFO:teuthology.orchestra.run.smithi151.stdout:/usr/bin/ceph: stderr
2024-04-16T02:26:28.746+0000 7ff4ff702700 1 -- 172.21.15.151:0/243136470 wait complete.
2024-04-16T02:26:29.319 INFO:teuthology.orchestra.run.smithi151.stdout:Waiting for the mgr to restart...
2024-04-16T02:26:29.319 INFO:teuthology.orchestra.run.smithi151.stdout:Waiting for mgr epoch 9...
2024-04-16T02:26:29.560 INFO:journalctl@ceph.mon.smithi151.smithi151.stdout:Apr 16 02:26:29 smithi151 ceph-mon[29003]: from='client.? 172.21.15.151:0/243136470' entity='client.admin' cmd=[{"prefix": "mgr stat"}]: dispatch
2024-04-16T02:26:34.494 INFO:journalctl@ceph.mon.smithi151.smithi151.stdout:Apr 16 02:26:34 smithi151 ceph-mon[29003]: Active manager daemon smithi151.uqqame restarted
2024-04-16T02:26:34.494 INFO:journalctl@ceph.mon.smithi151.smithi151.stdout:Apr 16 02:26:34 smithi151 ceph-mon[29003]: Activating manager daemon smithi151.uqqame
2024-04-16T02:26:34.494 INFO:journalctl@ceph.mon.smithi151.smithi151.stdout:Apr 16 02:26:34 smithi151 ceph-mon[29003]: osdmap e3: 0 total, 0 up, 0 in
2024-04-16T02:26:34.494 INFO:journalctl@ceph.mon.smithi151.smithi151.stdout:Apr 16 02:26:34 smithi151 ceph-mon[29003]: mgrmap e10: smithi151.uqqame(active, starting, since 0.00390925s)
2024-04-16T02:26:34.494 INFO:journalctl@ceph.mon.smithi151.smithi151.stdout:Apr 16 02:26:34 smithi151 ceph-mon[29003]: from='mgr.14164 172.21.15.151:0/4218705472' entity='mgr.smithi151.uqqame' cmd=[{"prefix": "mon metadata", "id": "smithi151"}]: dispatch
2024-04-16T02:26:34.494 INFO:journalctl@ceph.mon.smithi151.smithi151.stdout:Apr 16 02:26:34 smithi151 ceph-mon[29003]: from='mgr.14164 172.21.15.151:0/4218705472' entity='mgr.smithi151.uqqame' cmd=[{"prefix": "mgr metadata", "who": "smithi151.uqqame", "id": "smithi151.uqqame"}]: dispatch
2024-04-16T02:26:34.494 INFO:journalctl@ceph.mon.smithi151.smithi151.stdout:Apr 16 02:26:34 smithi151 ceph-mon[29003]: from='mgr.14164 172.21.15.151:0/4218705472' entity='mgr.smithi151.uqqame' cmd=[{"prefix": "mds metadata"}]: dispatch
2024-04-16T02:26:34.494 INFO:journalctl@ceph.mon.smithi151.smithi151.stdout:Apr 16 02:26:34 smithi151 ceph-mon[29003]: from='mgr.14164 172.21.15.151:0/4218705472' entity='mgr.smithi151.uqqame' cmd=[{"prefix": "osd metadata"}]: dispatch
2024-04-16T02:26:34.494 INFO:journalctl@ceph.mon.smithi151.smithi151.stdout:Apr 16 02:26:34 smithi151 ceph-mon[29003]: from='mgr.14164 172.21.15.151:0/4218705472' entity='mgr.smithi151.uqqame' cmd=[{"prefix": "mon metadata"}]: dispatch
2024-04-16T02:26:34.495 INFO:journalctl@ceph.mon.smithi151.smithi151.stdout:Apr 16 02:26:34 smithi151 ceph-mon[29003]: Manager daemon smithi151.uqqame is now available
