2024-04-15T22:50:41.786+0000 7f17fef68700 1 --2- 172.21.15.37:0/1701751880 >> [v2:172.21.15.37:6800/85756762,v1:172.21.15.37:6801/85756762] conn(0x7f17e8038440 0x7f17e803a8f0 secure :-1 s=READY pgs=19 cs=0 l=1 rev1=1 crypto rx=0x7f17e4006fd0 tx=0x7f17e4006e40 comp rx=0 tx=0).stop
2024-04-15T22:50:42.283 INFO:teuthology.orchestra.run.smithi037.stdout:/usr/bin/ceph: stderr
2024-04-15T22:50:41.786+0000 7f17fef68700 1 -- 172.21.15.37:0/1701751880 >> [v2:172.21.15.37:3300/0,v1:172.21.15.37:6789/0] conn(0x7f17f81049f0 msgr2=0x7f17f8199840 secure :-1 s=STATE_CONNECTION_ESTABLISHED l=1).mark_down
2024-04-15T22:50:42.283 INFO:teuthology.orchestra.run.smithi037.stdout:/usr/bin/ceph: stderr
2024-04-15T22:50:41.786+0000 7f17fef68700 1 --2- 172.21.15.37:0/1701751880 >> [v2:172.21.15.37:3300/0,v1:172.21.15.37:6789/0] conn(0x7f17f81049f0 0x7f17f8199840 secure :-1 s=READY pgs=60 cs=0 l=1 rev1=1 crypto rx=0x7f17ec011ad0 tx=0x7f17ec011bb0 comp rx=0 tx=0).stop
2024-04-15T22:50:42.283 INFO:teuthology.orchestra.run.smithi037.stdout:/usr/bin/ceph: stderr
2024-04-15T22:50:41.786+0000 7f17fef68700 1 -- 172.21.15.37:0/1701751880 shutdown_connections
2024-04-15T22:50:42.283 INFO:teuthology.orchestra.run.smithi037.stdout:/usr/bin/ceph: stderr
2024-04-15T22:50:41.786+0000 7f17fef68700 1 --2- 172.21.15.37:0/1701751880 >> [v2:172.21.15.37:6800/85756762,v1:172.21.15.37:6801/85756762] conn(0x7f17e8038440 0x7f17e803a8f0 unknown :-1 s=CLOSED pgs=19 cs=0 l=1 rev1=1 crypto rx=0 tx=0 comp rx=0 tx=0).stop
2024-04-15T22:50:42.283 INFO:teuthology.orchestra.run.smithi037.stdout:/usr/bin/ceph: stderr
2024-04-15T22:50:41.786+0000 7f17fef68700 1 --2- 172.21.15.37:0/1701751880 >> [v2:172.21.15.37:3300/0,v1:172.21.15.37:6789/0] conn(0x7f17f81049f0 0x7f17f8199840 unknown :-1 s=CLOSED pgs=60 cs=0 l=1 rev1=1 crypto rx=0 tx=0 comp rx=0 tx=0).stop
2024-04-15T22:50:42.283 INFO:teuthology.orchestra.run.smithi037.stdout:/usr/bin/ceph: stderr
2024-04-15T22:50:41.786+0000 7f17fef68700 1 -- 172.21.15.37:0/1701751880 >> 172.21.15.37:0/1701751880 conn(0x7f17f8100080 msgr2=0x7f17f8079910 unknown :-1 s=STATE_NONE l=0).mark_down
2024-04-15T22:50:42.283 INFO:teuthology.orchestra.run.smithi037.stdout:/usr/bin/ceph: stderr
2024-04-15T22:50:41.786+0000 7f17fef68700 1 -- 172.21.15.37:0/1701751880 shutdown_connections
2024-04-15T22:50:42.284 INFO:teuthology.orchestra.run.smithi037.stdout:/usr/bin/ceph: stderr
2024-04-15T22:50:41.786+0000 7f17fef68700 1 -- 172.21.15.37:0/1701751880 wait complete.
2024-04-15T22:50:42.624 INFO:journalctl@ceph.mon.smithi037.smithi037.stdout:Apr 15 22:50:42 smithi037 ceph-mon[29191]: from='client.14152 -' entity='client.admin' cmd=[{"prefix": "orch apply", "service_type": "node-exporter", "target": ["mon-mgr", ""]}]: dispatch
2024-04-15T22:50:42.624 INFO:journalctl@ceph.mon.smithi037.smithi037.stdout:Apr 15 22:50:42 smithi037 ceph-mon[29191]: Saving service node-exporter spec with placement *
2024-04-15T22:50:42.624 INFO:journalctl@ceph.mon.smithi037.smithi037.stdout:Apr 15 22:50:42 smithi037 ceph-mon[29191]: from='mgr.14118 172.21.15.37:0/109361207' entity='mgr.smithi037.gtwkck'
2024-04-15T22:50:43.519 INFO:journalctl@ceph.mon.smithi037.smithi037.stdout:Apr 15 22:50:43 smithi037 ceph-mon[29191]: from='client.14154 -' entity='client.admin' cmd=[{"prefix": "orch apply", "service_type": "alertmanager", "target": ["mon-mgr", ""]}]: dispatch
2024-04-15T22:50:43.519 INFO:journalctl@ceph.mon.smithi037.smithi037.stdout:Apr 15 22:50:43 smithi037 ceph-mon[29191]: Saving service alertmanager spec with placement count:1
2024-04-15T22:50:43.519 INFO:journalctl@ceph.mon.smithi037.smithi037.stdout:Apr 15 22:50:43 smithi037 ceph-mon[29191]: pgmap v4: 0 pgs: ; 0 B data, 0 B used, 0 B / 0 B avail
2024-04-15T22:50:43.520 INFO:journalctl@ceph.mon.smithi037.smithi037.stdout:Apr 15 22:50:43 smithi037 ceph-mon[29191]: from='client.? 172.21.15.37:0/2736498501' entity='client.admin'
2024-04-15T22:50:43.527 INFO:teuthology.orchestra.run.smithi037.stdout:/usr/bin/ceph: stderr
2024-04-15T22:50:42.736+0000 7f816bcf2700 1 Processor -- start
2024-04-15T22:50:43.527 INFO:teuthology.orchestra.run.smithi037.stdout:/usr/bin/ceph: stderr
2024-04-15T22:50:42.736+0000 7f816bcf2700 1 -- start start
2024-04-15T22:50:43.527 INFO:teuthology.orchestra.run.smithi037.stdout:/usr/bin/ceph: stderr
2024-04-15T22:50:42.737+0000 7f816bcf2700 1 --2- >> [v2:172.21.15.37:3300/0,v1:172.21.15.37:6789/0] conn(0x7f8164106660 0x7f8164108a40 unknown :-1 s=NONE pgs=0 cs=0 l=0 rev1=0 crypto rx=0 tx=0 comp rx=0 tx=0).connect
2024-04-15T22:50:43.527 INFO:teuthology.orchestra.run.smithi037.stdout:/usr/bin/ceph: stderr
2024-04-15T22:50:42.737+0000 7f816bcf2700 1 -- --> [v2:172.21.15.37:3300/0,v1:172.21.15.37:6789/0] -- mon_getmap magic: 0 v1 -- 0x7f8164079d10 con 0x7f8164106660
2024-04-15T22:50:43.527 INFO:teuthology.orchestra.run.smithi037.stdout:/usr/bin/ceph: stderr
2024-04-15T22:50:42.737+0000 7f8169a8e700 1 --2- >> [v2:172.21.15.37:3300/0,v1:172.21.15.37:6789/0] conn(0x7f8164106660 0x7f8164108a40 unknown :-1 s=BANNER_CONNECTING pgs=0 cs=0 l=0 rev1=0 crypto rx=0 tx=0 comp rx=0 tx=0)._handle_peer_banner_payload supported=3 required=0
2024-04-15T22:50:43.527 INFO:teuthology.orchestra.run.smithi037.stdout:/usr/bin/ceph: stderr
2024-04-15T22:50:42.737+0000 7f8169a8e700 1 --2- >> [v2:172.21.15.37:3300/0,v1:172.21.15.37:6789/0] conn(0x7f8164106660 0x7f8164108a40 unknown :-1 s=HELLO_CONNECTING pgs=0 cs=0 l=0 rev1=1 crypto rx=0 tx=0 comp rx=0 tx=0).handle_hello peer v2:172.21.15.37:3300/0 says I am v2:172.21.15.37:54220/0 (socket says 172.21.15.37:54220)
2024-04-15T22:50:43.527 INFO:teuthology.orchestra.run.smithi037.stdout:/usr/bin/ceph: stderr
2024-04-15T22:50:42.737+0000 7f8169a8e700 1 -- 172.21.15.37:0/2785294987 learned_addr learned my addr 172.21.15.37:0/2785294987 (peer_addr_for_me v2:172.21.15.37:0/0)
2024-04-15T22:50:43.527 INFO:teuthology.orchestra.run.smithi037.stdout:/usr/bin/ceph: stderr
2024-04-15T22:50:42.737+0000 7f8169a8e700 1 -- 172.21.15.37:0/2785294987 --> [v2:172.21.15.37:3300/0,v1:172.21.15.37:6789/0] -- mon_subscribe({config=0+,monmap=0+}) v3 -- 0x7f8164079e50 con 0x7f8164106660
2024-04-15T22:50:43.528 INFO:teuthology.orchestra.run.smithi037.stdout:/usr/bin/ceph: stderr
2024-04-15T22:50:42.737+0000 7f8169a8e700 1 --2- 172.21.15.37:0/2785294987 >> [v2:172.21.15.37:3300/0,v1:172.21.15.37:6789/0] conn(0x7f8164106660 0x7f8164108a40 secure :-1 s=READY pgs=61 cs=0 l=1 rev1=1 crypto rx=0x7f81600098a0 tx=0x7f8160009bb0 comp rx=0 tx=0).ready entity=mon.0 client_cookie=4ec650f3c0c15849 server_cookie=0 in_seq=0 out_seq=0
2024-04-15T22:50:43.528 INFO:teuthology.orchestra.run.smithi037.stdout:/usr/bin/ceph: stderr
2024-04-15T22:50:42.737+0000 7f8168a8c700 1 -- 172.21.15.37:0/2785294987 <== mon.0 v2:172.21.15.37:3300/0 1 ==== mon_map magic: 0 v1 ==== 229+0+0 (secure 0 0 0) 0x7f8160004180 con 0x7f8164106660
2024-04-15T22:50:43.528 INFO:teuthology.orchestra.run.smithi037.stdout:/usr/bin/ceph: stderr
2024-04-15T22:50:42.737+0000 7f8168a8c700 1 -- 172.21.15.37:0/2785294987 <== mon.0 v2:172.21.15.37:3300/0 2 ==== config(27 keys) v1 ==== 1101+0+0 (secure 0 0 0) 0x7f81600042e0 con 0x7f8164106660
2024-04-15T22:50:43.528 INFO:teuthology.orchestra.run.smithi037.stdout:/usr/bin/ceph: stderr
2024-04-15T22:50:42.737+0000 7f8168a8c700 1 -- 172.21.15.37:0/2785294987 <== mon.0 v2:172.21.15.37:3300/0 3 ==== mon_map magic: 0 v1 ==== 229+0+0 (secure 0 0 0) 0x7f8160011af0 con 0x7f8164106660
2024-04-15T22:50:43.528 INFO:teuthology.orchestra.run.smithi037.stdout:/usr/bin/ceph: stderr
2024-04-15T22:50:42.738+0000 7f816bcf2700 1 -- 172.21.15.37:0/2785294987 >> [v2:172.21.15.37:3300/0,v1:172.21.15.37:6789/0] conn(0x7f8164106660 msgr2=0x7f8164108a40 secure :-1 s=STATE_CONNECTION_ESTABLISHED l=1).mark_down
2024-04-15T22:50:43.528 INFO:teuthology.orchestra.run.smithi037.stdout:/usr/bin/ceph: stderr
2024-04-15T22:50:42.738+0000 7f816bcf2700 1 --2- 172.21.15.37:0/2785294987 >> [v2:172.21.15.37:3300/0,v1:172.21.15.37:6789/0] conn(0x7f8164106660 0x7f8164108a40 secure :-1 s=READY pgs=61 cs=0 l=1 rev1=1 crypto rx=0x7f81600098a0 tx=0x7f8160009bb0 comp rx=0 tx=0).stop
2024-04-15T22:50:43.528 INFO:teuthology.orchestra.run.smithi037.stdout:/usr/bin/ceph: stderr
2024-04-15T22:50:42.738+0000 7f816bcf2700 1 -- 172.21.15.37:0/2785294987 shutdown_connections
2024-04-15T22:50:43.528 INFO:teuthology.orchestra.run.smithi037.stdout:/usr/bin/ceph: stderr
2024-04-15T22:50:42.738+0000 7f816bcf2700 1 --2- 172.21.15.37:0/2785294987 >> [v2:172.21.15.37:3300/0,v1:172.21.15.37:6789/0] conn(0x7f8164106660 0x7f8164108a40 unknown :-1 s=CLOSED pgs=61 cs=0 l=1 rev1=1 crypto rx=0 tx=0 comp rx=0 tx=0).stop
2024-04-15T22:50:43.528 INFO:teuthology.orchestra.run.smithi037.stdout:/usr/bin/ceph: stderr
2024-04-15T22:50:42.738+0000 7f816bcf2700 1 -- 172.21.15.37:0/2785294987 >> 172.21.15.37:0/2785294987 conn(0x7f8164100080 msgr2=0x7f8164102490 unknown :-1 s=STATE_NONE l=0).mark_down
2024-04-15T22:50:43.528 INFO:teuthology.orchestra.run.smithi037.stdout:/usr/bin/ceph: stderr
2024-04-15T22:50:42.738+0000 7f816bcf2700 1 -- 172.21.15.37:0/2785294987 shutdown_connections
2024-04-15T22:50:43.528 INFO:teuthology.orchestra.run.smithi037.stdout:/usr/bin/ceph: stderr
2024-04-15T22:50:42.738+0000 7f816bcf2700 1 -- 172.21.15.37:0/2785294987 wait complete.
2024-04-15T22:50:43.528 INFO:teuthology.orchestra.run.smithi037.stdout:/usr/bin/ceph: stderr
2024-04-15T22:50:42.739+0000 7f816bcf2700 1 Processor -- start
2024-04-15T22:50:43.528 INFO:teuthology.orchestra.run.smithi037.stdout:/usr/bin/ceph: stderr
2024-04-15T22:50:42.739+0000 7f816bcf2700 1 -- start start
2024-04-15T22:50:43.529 INFO:teuthology.orchestra.run.smithi037.stdout:/usr/bin/ceph: stderr
2024-04-15T22:50:42.739+0000 7f816bcf2700 1 --2- >> [v2:172.21.15.37:3300/0,v1:172.21.15.37:6789/0] conn(0x7f8164106660 0x7f8164105fc0 unknown :-1 s=NONE pgs=0 cs=0 l=1 rev1=0 crypto rx=0 tx=0 comp rx=0 tx=0).connect
2024-04-15T22:50:43.529 INFO:teuthology.orchestra.run.smithi037.stdout:/usr/bin/ceph: stderr
2024-04-15T22:50:42.739+0000 7f816bcf2700 1 -- --> [v2:172.21.15.37:3300/0,v1:172.21.15.37:6789/0] -- mon_getmap magic: 0 v1 -- 0x7f8164106500 con 0x7f8164106660
2024-04-15T22:50:43.529 INFO:teuthology.orchestra.run.smithi037.stdout:/usr/bin/ceph: stderr
2024-04-15T22:50:42.739+0000 7f8169a8e700 1 --2- >> [v2:172.21.15.37:3300/0,v1:172.21.15.37:6789/0] conn(0x7f8164106660 0x7f8164105fc0 unknown :-1 s=BANNER_CONNECTING pgs=0 cs=0 l=1 rev1=0 crypto rx=0 tx=0 comp rx=0 tx=0)._handle_peer_banner_payload supported=3 required=0
2024-04-15T22:50:43.529 INFO:teuthology.orchestra.run.smithi037.stdout:/usr/bin/ceph: stderr
2024-04-15T22:50:42.739+0000 7f8169a8e700 1 --2- >> [v2:172.21.15.37:3300/0,v1:172.21.15.37:6789/0] conn(0x7f8164106660 0x7f8164105fc0 unknown :-1 s=HELLO_CONNECTING pgs=0 cs=0 l=1 rev1=1 crypto rx=0 tx=0 comp rx=0 tx=0).handle_hello peer v2:172.21.15.37:3300/0 says I am v2:172.21.15.37:54224/0 (socket says 172.21.15.37:54224)
2024-04-15T22:50:43.529 INFO:teuthology.orchestra.run.smithi037.stdout:/usr/bin/ceph: stderr
2024-04-15T22:50:42.739+0000 7f8169a8e700 1 -- 172.21.15.37:0/2736498501 learned_addr learned my addr 172.21.15.37:0/2736498501 (peer_addr_for_me v2:172.21.15.37:0/0)
2024-04-15T22:50:43.529 INFO:teuthology.orchestra.run.smithi037.stdout:/usr/bin/ceph: stderr
2024-04-15T22:50:42.739+0000 7f8169a8e700 1 -- 172.21.15.37:0/2736498501 --> [v2:172.21.15.37:3300/0,v1:172.21.15.37:6789/0] -- mon_subscribe({config=0+,monmap=0+}) v3 -- 0x7f8160009550 con 0x7f8164106660
2024-04-15T22:50:43.529 INFO:teuthology.orchestra.run.smithi037.stdout:/usr/bin/ceph: stderr
2024-04-15T22:50:42.740+0000 7f8169a8e700 1 --2- 172.21.15.37:0/2736498501 >> [v2:172.21.15.37:3300/0,v1:172.21.15.37:6789/0] conn(0x7f8164106660 0x7f8164105fc0 secure :-1 s=READY pgs=62 cs=0 l=1 rev1=1 crypto rx=0x7f8160000c00 tx=0x7f8160011b50 comp rx=0 tx=0).ready entity=mon.0 client_cookie=0 server_cookie=0 in_seq=0 out_seq=0
2024-04-15T22:50:43.529 INFO:teuthology.orchestra.run.smithi037.stdout:/usr/bin/ceph: stderr
2024-04-15T22:50:42.740+0000 7f815affd700 1 -- 172.21.15.37:0/2736498501 <== mon.0 v2:172.21.15.37:3300/0 1 ==== mon_map magic: 0 v1 ==== 229+0+0 (secure 0 0 0) 0x7f8160003a70 con 0x7f8164106660
2024-04-15T22:50:43.529 INFO:teuthology.orchestra.run.smithi037.stdout:/usr/bin/ceph: stderr
2024-04-15T22:50:42.740+0000 7f815affd700 1 -- 172.21.15.37:0/2736498501 <== mon.0 v2:172.21.15.37:3300/0 2 ==== config(27 keys) v1 ==== 1101+0+0 (secure 0 0 0) 0x7f8160003bd0 con 0x7f8164106660
2024-04-15T22:50:43.529 INFO:teuthology.orchestra.run.smithi037.stdout:/usr/bin/ceph: stderr
2024-04-15T22:50:42.740+0000 7f816bcf2700 1 -- 172.21.15.37:0/2736498501 --> [v2:172.21.15.37:3300/0,v1:172.21.15.37:6789/0] -- mon_subscribe({mgrmap=0+}) v3 -- 0x7f8164104610 con 0x7f8164106660
2024-04-15T22:50:43.529 INFO:teuthology.orchestra.run.smithi037.stdout:/usr/bin/ceph: stderr
2024-04-15T22:50:42.740+0000 7f815affd700 1 -- 172.21.15.37:0/2736498501 <== mon.0 v2:172.21.15.37:3300/0 3 ==== mon_map magic: 0 v1 ==== 229+0+0 (secure 0 0 0) 0x7f81600238c0 con 0x7f8164106660
2024-04-15T22:50:43.529 INFO:teuthology.orchestra.run.smithi037.stdout:/usr/bin/ceph: stderr
2024-04-15T22:50:42.740+0000 7f816bcf2700 1 -- 172.21.15.37:0/2736498501 --> [v2:172.21.15.37:3300/0,v1:172.21.15.37:6789/0] -- mon_subscribe({osdmap=0}) v3 -- 0x7f8164104a30 con 0x7f8164106660
2024-04-15T22:50:43.529 INFO:teuthology.orchestra.run.smithi037.stdout:/usr/bin/ceph: stderr
2024-04-15T22:50:42.741+0000 7f815affd700 1 -- 172.21.15.37:0/2736498501 <== mon.0 v2:172.21.15.37:3300/0 4 ==== mgrmap(e 8) v1 ==== 45084+0+0 (secure 0 0 0) 0x7f816001a430 con 0x7f8164106660
2024-04-15T22:50:43.529 INFO:teuthology.orchestra.run.smithi037.stdout:/usr/bin/ceph: stderr
2024-04-15T22:50:42.741+0000 7f816bcf2700 1 -- 172.21.15.37:0/2736498501 --> [v2:172.21.15.37:3300/0,v1:172.21.15.37:6789/0] -- mon_command({"prefix": "get_command_descriptions"} v 0) v1 -- 0x7f8164109be0 con 0x7f8164106660
2024-04-15T22:50:43.530 INFO:teuthology.orchestra.run.smithi037.stdout:/usr/bin/ceph: stderr
2024-04-15T22:50:42.741+0000 7f815affd700 1 --2- 172.21.15.37:0/2736498501 >> [v2:172.21.15.37:6800/85756762,v1:172.21.15.37:6801/85756762] conn(0x7f8150038440 0x7f815003a8f0 unknown :-1 s=NONE pgs=0 cs=0 l=1 rev1=0 crypto rx=0 tx=0 comp rx=0 tx=0).connect
2024-04-15T22:50:43.530 INFO:teuthology.orchestra.run.smithi037.stdout:/usr/bin/ceph: stderr
2024-04-15T22:50:42.741+0000 7f815affd700 1 -- 172.21.15.37:0/2736498501 <== mon.0 v2:172.21.15.37:3300/0 5 ==== osd_map(2..2 src has 1..2) v4 ==== 940+0+0 (secure 0 0 0) 0x7f816004c170 con 0x7f8164106660
2024-04-15T22:50:43.530 INFO:teuthology.orchestra.run.smithi037.stdout:/usr/bin/ceph: stderr
2024-04-15T22:50:42.741+0000 7f816928d700 1 --2- 172.21.15.37:0/2736498501 >> [v2:172.21.15.37:6800/85756762,v1:172.21.15.37:6801/85756762] conn(0x7f8150038440 0x7f815003a8f0 unknown :-1 s=BANNER_CONNECTING pgs=0 cs=0 l=1 rev1=0 crypto rx=0 tx=0 comp rx=0 tx=0)._handle_peer_banner_payload supported=3 required=0
2024-04-15T22:50:43.530 INFO:teuthology.orchestra.run.smithi037.stdout:/usr/bin/ceph: stderr
2024-04-15T22:50:42.741+0000 7f816928d700 1 --2- 172.21.15.37:0/2736498501 >> [v2:172.21.15.37:6800/85756762,v1:172.21.15.37:6801/85756762] conn(0x7f8150038440 0x7f815003a8f0 secure :-1 s=READY pgs=20 cs=0 l=1 rev1=1 crypto rx=0x7f8154006fd0 tx=0x7f8154006e40 comp rx=0 tx=0).ready entity=mgr.14118 client_cookie=0 server_cookie=0 in_seq=0 out_seq=0
2024-04-15T22:50:43.530 INFO:teuthology.orchestra.run.smithi037.stdout:/usr/bin/ceph: stderr
2024-04-15T22:50:42.746+0000 7f815affd700 1 -- 172.21.15.37:0/2736498501 <== mon.0 v2:172.21.15.37:3300/0 6 ==== mon_command_ack([{"prefix": "get_command_descriptions"}]=0 v0) v1 ==== 72+0+177933 (secure 0 0 0) 0x7f8160010560 con 0x7f8164106660
2024-04-15T22:50:43.530 INFO:teuthology.orchestra.run.smithi037.stdout:/usr/bin/ceph: stderr
2024-04-15T22:50:42.943+0000 7f816bcf2700 1 -- 172.21.15.37:0/2736498501 --> [v2:172.21.15.37:3300/0,v1:172.21.15.37:6789/0] -- mon_command([{prefix=config set, name=mgr/cephadm/container_init}] v 0) v1 -- 0x7f81641054f0 con 0x7f8164106660
2024-04-15T22:50:43.530 INFO:teuthology.orchestra.run.smithi037.stdout:/usr/bin/ceph: stderr
2024-04-15T22:50:42.949+0000 7f815affd700 1 -- 172.21.15.37:0/2736498501 <== mon.0 v2:172.21.15.37:3300/0 7 ==== mon_command_ack([{prefix=config set, name=mgr/cephadm/container_init}]=0 v7)=0 v7) v1 ==== 142+0+0 (secure 0 0 0) 0x7f8160010380 con 0x7f8164106660
2024-04-15T22:50:43.530 INFO:teuthology.orchestra.run.smithi037.stdout:/usr/bin/ceph: stderr
2024-04-15T22:50:42.951+0000 7f816bcf2700 1 -- 172.21.15.37:0/2736498501 >> [v2:172.21.15.37:6800/85756762,v1:172.21.15.37:6801/85756762] conn(0x7f8150038440 msgr2=0x7f815003a8f0 secure :-1 s=STATE_CONNECTION_ESTABLISHED l=1).mark_down
2024-04-15T22:50:43.530 INFO:teuthology.orchestra.run.smithi037.stdout:/usr/bin/ceph: stderr
2024-04-15T22:50:42.951+0000 7f816bcf2700 1 --2- 172.21.15.37:0/2736498501 >> [v2:172.21.15.37:6800/85756762,v1:172.21.15.37:6801/85756762] conn(0x7f8150038440 0x7f815003a8f0 secure :-1 s=READY pgs=20 cs=0 l=1 rev1=1 crypto rx=0x7f8154006fd0 tx=0x7f8154006e40 comp rx=0 tx=0).stop
2024-04-15T22:50:43.530 INFO:teuthology.orchestra.run.smithi037.stdout:/usr/bin/ceph: stderr
2024-04-15T22:50:42.951+0000 7f816bcf2700 1 -- 172.21.15.37:0/2736498501 >> [v2:172.21.15.37:3300/0,v1:172.21.15.37:6789/0] conn(0x7f8164106660 msgr2=0x7f8164105fc0 secure :-1 s=STATE_CONNECTION_ESTABLISHED l=1).mark_down
2024-04-15T22:50:43.530 INFO:teuthology.orchestra.run.smithi037.stdout:/usr/bin/ceph: stderr
2024-04-15T22:50:42.951+0000 7f816bcf2700 1 --2- 172.21.15.37:0/2736498501 >> [v2:172.21.15.37:3300/0,v1:172.21.15.37:6789/0] conn(0x7f8164106660 0x7f8164105fc0 secure :-1 s=READY pgs=62 cs=0 l=1 rev1=1 crypto rx=0x7f8160000c00 tx=0x7f8160011b50 comp rx=0 tx=0).stop
2024-04-15T22:50:43.530 INFO:teuthology.orchestra.run.smithi037.stdout:/usr/bin/ceph: stderr
2024-04-15T22:50:42.951+0000 7f816bcf2700 1 -- 172.21.15.37:0/2736498501 shutdown_connections
2024-04-15T22:50:43.530 INFO:teuthology.orchestra.run.smithi037.stdout:/usr/bin/ceph: stderr
2024-04-15T22:50:42.951+0000 7f816bcf2700 1 --2- 172.21.15.37:0/2736498501 >> [v2:172.21.15.37:6800/85756762,v1:172.21.15.37:6801/85756762] conn(0x7f8150038440 0x7f815003a8f0 unknown :-1 s=CLOSED pgs=20 cs=0 l=1 rev1=1 crypto rx=0 tx=0 comp rx=0 tx=0).stop
2024-04-15T22:50:43.531 INFO:teuthology.orchestra.run.smithi037.stdout:/usr/bin/ceph: stderr
2024-04-15T22:50:42.951+0000 7f816bcf2700 1 --2- 172.21.15.37:0/2736498501 >> [v2:172.21.15.37:3300/0,v1:172.21.15.37:6789/0] conn(0x7f8164106660 0x7f8164105fc0 unknown :-1 s=CLOSED pgs=62 cs=0 l=1 rev1=1 crypto rx=0 tx=0 comp rx=0 tx=0).stop
2024-04-15T22:50:43.531 INFO:teuthology.orchestra.run.smithi037.stdout:/usr/bin/ceph: stderr
2024-04-15T22:50:42.951+0000 7f816bcf2700 1 -- 172.21.15.37:0/2736498501 >> 172.21.15.37:0/2736498501 conn(0x7f8164100080 msgr2=0x7f8164101790 unknown :-1 s=STATE_NONE l=0).mark_down
2024-04-15T22:50:43.531 INFO:teuthology.orchestra.run.smithi037.stdout:/usr/bin/ceph: stderr
2024-04-15T22:50:42.951+0000 7f816bcf2700 1 -- 172.21.15.37:0/2736498501 shutdown_connections
2024-04-15T22:50:43.531 INFO:teuthology.orchestra.run.smithi037.stdout:/usr/bin/ceph: stderr
2024-04-15T22:50:42.951+0000 7f816bcf2700 1 -- 172.21.15.37:0/2736498501 wait complete.
2024-04-15T22:50:44.684 INFO:teuthology.orchestra.run.smithi037.stdout:/usr/bin/ceph: stderr
2024-04-15T22:50:43.951+0000 7f7344269700 1 Processor -- start
2024-04-15T22:50:44.684 INFO:teuthology.orchestra.run.smithi037.stdout:/usr/bin/ceph: stderr
2024-04-15T22:50:43.952+0000 7f7344269700 1 -- start start
2024-04-15T22:50:44.684 INFO:teuthology.orchestra.run.smithi037.stdout:/usr/bin/ceph: stderr
2024-04-15T22:50:43.952+0000 7f7344269700 1 --2- >> [v2:172.21.15.37:3300/0,v1:172.21.15.37:6789/0] conn(0x7f733c104490 0x7f733c1048a0 unknown :-1 s=NONE pgs=0 cs=0 l=0 rev1=0 crypto rx=0 tx=0 comp rx=0 tx=0).connect
2024-04-15T22:50:44.684 INFO:teuthology.orchestra.run.smithi037.stdout:/usr/bin/ceph: stderr
2024-04-15T22:50:43.952+0000 7f7344269700 1 -- --> [v2:172.21.15.37:3300/0,v1:172.21.15.37:6789/0] -- mon_getmap magic: 0 v1 -- 0x7f733c079d10 con 0x7f733c104490
2024-04-15T22:50:44.684 INFO:teuthology.orchestra.run.smithi037.stdout:/usr/bin/ceph: stderr
2024-04-15T22:50:43.952+0000 7f7342005700 1 --2- >> [v2:172.21.15.37:3300/0,v1:172.21.15.37:6789/0] conn(0x7f733c104490 0x7f733c1048a0 unknown :-1 s=BANNER_CONNECTING pgs=0 cs=0 l=0 rev1=0 crypto rx=0 tx=0 comp rx=0 tx=0)._handle_peer_banner_payload supported=3 required=0
2024-04-15T22:50:44.684 INFO:teuthology.orchestra.run.smithi037.stdout:/usr/bin/ceph: stderr
2024-04-15T22:50:43.952+0000 7f7342005700 1 --2- >> [v2:172.21.15.37:3300/0,v1:172.21.15.37:6789/0] conn(0x7f733c104490 0x7f733c1048a0 unknown :-1 s=HELLO_CONNECTING pgs=0 cs=0 l=0 rev1=1 crypto rx=0 tx=0 comp rx=0 tx=0).handle_hello peer v2:172.21.15.37:3300/0 says I am v2:172.21.15.37:54232/0 (socket says 172.21.15.37:54232)
2024-04-15T22:50:44.684 INFO:teuthology.orchestra.run.smithi037.stdout:/usr/bin/ceph: stderr
2024-04-15T22:50:43.952+0000 7f7342005700 1 -- 172.21.15.37:0/2433724043 learned_addr learned my addr 172.21.15.37:0/2433724043 (peer_addr_for_me v2:172.21.15.37:0/0)
2024-04-15T22:50:44.684 INFO:teuthology.orchestra.run.smithi037.stdout:/usr/bin/ceph: stderr
2024-04-15T22:50:43.952+0000 7f7342005700 1 -- 172.21.15.37:0/2433724043 --> [v2:172.21.15.37:3300/0,v1:172.21.15.37:6789/0] -- mon_subscribe({config=0+,monmap=0+}) v3 -- 0x7f733c079e50 con 0x7f733c104490
2024-04-15T22:50:44.684 INFO:teuthology.orchestra.run.smithi037.stdout:/usr/bin/ceph: stderr
2024-04-15T22:50:43.952+0000 7f7342005700 1 --2- 172.21.15.37:0/2433724043 >> [v2:172.21.15.37:3300/0,v1:172.21.15.37:6789/0] conn(0x7f733c104490 0x7f733c1048a0 secure :-1 s=READY pgs=63 cs=0 l=1 rev1=1 crypto rx=0x7f73380098a0 tx=0x7f7338009bb0 comp rx=0 tx=0).ready entity=mon.0 client_cookie=263a1673c6484265 server_cookie=0 in_seq=0 out_seq=0
2024-04-15T22:50:44.684 INFO:teuthology.orchestra.run.smithi037.stdout:/usr/bin/ceph: stderr
2024-04-15T22:50:43.953+0000 7f7341003700 1 -- 172.21.15.37:0/2433724043 <== mon.0 v2:172.21.15.37:3300/0 1 ==== mon_map magic: 0 v1 ==== 229+0+0 (secure 0 0 0) 0x7f7338004180 con 0x7f733c104490
2024-04-15T22:50:44.684 INFO:teuthology.orchestra.run.smithi037.stdout:/usr/bin/ceph: stderr
2024-04-15T22:50:43.953+0000 7f7341003700 1 -- 172.21.15.37:0/2433724043 <== mon.0 v2:172.21.15.37:3300/0 2 ==== config(27 keys) v1 ==== 1101+0+0 (secure 0 0 0) 0x7f73380042e0 con 0x7f733c104490
2024-04-15T22:50:44.684 INFO:teuthology.orchestra.run.smithi037.stdout:/usr/bin/ceph: stderr
2024-04-15T22:50:43.953+0000 7f7341003700 1 -- 172.21.15.37:0/2433724043 <== mon.0 v2:172.21.15.37:3300/0 3 ==== mon_map magic: 0 v1 ==== 229+0+0 (secure 0 0 0) 0x7f7338011af0 con 0x7f733c104490
2024-04-15T22:50:44.685 INFO:teuthology.orchestra.run.smithi037.stdout:/usr/bin/ceph: stderr
2024-04-15T22:50:43.953+0000 7f7344269700 1 -- 172.21.15.37:0/2433724043 >> [v2:172.21.15.37:3300/0,v1:172.21.15.37:6789/0] conn(0x7f733c104490 msgr2=0x7f733c1048a0 secure :-1 s=STATE_CONNECTION_ESTABLISHED l=1).mark_down
2024-04-15T22:50:44.685 INFO:teuthology.orchestra.run.smithi037.stdout:/usr/bin/ceph: stderr
2024-04-15T22:50:43.953+0000 7f7344269700 1 --2- 172.21.15.37:0/2433724043 >> [v2:172.21.15.37:3300/0,v1:172.21.15.37:6789/0] conn(0x7f733c104490 0x7f733c1048a0 secure :-1 s=READY pgs=63 cs=0 l=1 rev1=1 crypto rx=0x7f73380098a0 tx=0x7f7338009bb0 comp rx=0 tx=0).stop
2024-04-15T22:50:44.685 INFO:teuthology.orchestra.run.smithi037.stdout:/usr/bin/ceph: stderr
2024-04-15T22:50:43.953+0000 7f7344269700 1 -- 172.21.15.37:0/2433724043 shutdown_connections
2024-04-15T22:50:44.685 INFO:teuthology.orchestra.run.smithi037.stdout:/usr/bin/ceph: stderr
2024-04-15T22:50:43.953+0000 7f7344269700 1 --2- 172.21.15.37:0/2433724043 >> [v2:172.21.15.37:3300/0,v1:172.21.15.37:6789/0] conn(0x7f733c104490 0x7f733c1048a0 unknown :-1 s=CLOSED pgs=63 cs=0 l=1 rev1=1 crypto rx=0 tx=0 comp rx=0 tx=0).stop
2024-04-15T22:50:44.685 INFO:teuthology.orchestra.run.smithi037.stdout:/usr/bin/ceph: stderr
2024-04-15T22:50:43.953+0000 7f7344269700 1 -- 172.21.15.37:0/2433724043 >> 172.21.15.37:0/2433724043 conn(0x7f733c100060 msgr2=0x7f733c1024b0 unknown :-1 s=STATE_NONE l=0).mark_down
2024-04-15T22:50:44.685 INFO:teuthology.orchestra.run.smithi037.stdout:/usr/bin/ceph: stderr
2024-04-15T22:50:43.953+0000 7f7344269700 1 -- 172.21.15.37:0/2433724043 shutdown_connections
2024-04-15T22:50:44.685 INFO:teuthology.orchestra.run.smithi037.stdout:/usr/bin/ceph: stderr
2024-04-15T22:50:43.953+0000 7f7344269700 1 -- 172.21.15.37:0/2433724043 wait complete.
2024-04-15T22:50:44.685 INFO:teuthology.orchestra.run.smithi037.stdout:/usr/bin/ceph: stderr
2024-04-15T22:50:43.954+0000 7f7344269700 1 Processor -- start
2024-04-15T22:50:44.685 INFO:teuthology.orchestra.run.smithi037.stdout:/usr/bin/ceph: stderr
2024-04-15T22:50:43.954+0000 7f7344269700 1 -- start start
2024-04-15T22:50:44.685 INFO:teuthology.orchestra.run.smithi037.stdout:/usr/bin/ceph: stderr
2024-04-15T22:50:43.954+0000 7f7344269700 1 --2- >> [v2:172.21.15.37:3300/0,v1:172.21.15.37:6789/0] conn(0x7f733c104490 0x7f733c19bb30 unknown :-1 s=NONE pgs=0 cs=0 l=1 rev1=0 crypto rx=0 tx=0 comp rx=0 tx=0).connect
2024-04-15T22:50:44.685 INFO:teuthology.orchestra.run.smithi037.stdout:/usr/bin/ceph: stderr
2024-04-15T22:50:43.954+0000 7f7344269700 1 -- --> [v2:172.21.15.37:3300/0,v1:172.21.15.37:6789/0] -- mon_getmap magic: 0 v1 -- 0x7f733c19c070 con 0x7f733c104490
2024-04-15T22:50:44.685 INFO:teuthology.orchestra.run.smithi037.stdout:/usr/bin/ceph: stderr
2024-04-15T22:50:43.954+0000 7f7342005700 1 --2- >> [v2:172.21.15.37:3300/0,v1:172.21.15.37:6789/0] conn(0x7f733c104490 0x7f733c19bb30 unknown :-1 s=BANNER_CONNECTING pgs=0 cs=0 l=1 rev1=0 crypto rx=0 tx=0 comp rx=0 tx=0)._handle_peer_banner_payload supported=3 required=0
2024-04-15T22:50:44.685 INFO:teuthology.orchestra.run.smithi037.stdout:/usr/bin/ceph: stderr
2024-04-15T22:50:43.954+0000 7f7342005700 1 --2- >> [v2:172.21.15.37:3300/0,v1:172.21.15.37:6789/0] conn(0x7f733c104490 0x7f733c19bb30 unknown :-1 s=HELLO_CONNECTING pgs=0 cs=0 l=1 rev1=1 crypto rx=0 tx=0 comp rx=0 tx=0).handle_hello peer v2:172.21.15.37:3300/0 says I am v2:172.21.15.37:54242/0 (socket says 172.21.15.37:54242)
2024-04-15T22:50:44.685 INFO:teuthology.orchestra.run.smithi037.stdout:/usr/bin/ceph: stderr
2024-04-15T22:50:43.954+0000 7f7342005700 1 -- 172.21.15.37:0/811744392 learned_addr learned my addr 172.21.15.37:0/811744392 (peer_addr_for_me v2:172.21.15.37:0/0)
2024-04-15T22:50:44.686 INFO:teuthology.orchestra.run.smithi037.stdout:/usr/bin/ceph: stderr
2024-04-15T22:50:43.954+0000 7f7342005700 1 -- 172.21.15.37:0/811744392 --> [v2:172.21.15.37:3300/0,v1:172.21.15.37:6789/0] -- mon_subscribe({config=0+,monmap=0+}) v3 -- 0x7f7338009550 con 0x7f733c104490
2024-04-15T22:50:44.686 INFO:teuthology.orchestra.run.smithi037.stdout:/usr/bin/ceph: stderr
2024-04-15T22:50:43.955+0000 7f7342005700 1 --2- 172.21.15.37:0/811744392 >> [v2:172.21.15.37:3300/0,v1:172.21.15.37:6789/0] conn(0x7f733c104490 0x7f733c19bb30 secure :-1 s=READY pgs=64 cs=0 l=1 rev1=1 crypto rx=0x7f7338011670 tx=0x7f7338011aa0 comp rx=0 tx=0).ready entity=mon.0 client_cookie=0 server_cookie=0 in_seq=0 out_seq=0
2024-04-15T22:50:44.686 INFO:teuthology.orchestra.run.smithi037.stdout:/usr/bin/ceph: stderr
2024-04-15T22:50:43.955+0000 7f73337fe700 1 -- 172.21.15.37:0/811744392 <== mon.0 v2:172.21.15.37:3300/0 1 ==== mon_map magic: 0 v1 ==== 229+0+0 (secure 0 0 0) 0x7f73380039c0 con 0x7f733c104490
2024-04-15T22:50:44.686 INFO:teuthology.orchestra.run.smithi037.stdout:/usr/bin/ceph: stderr
2024-04-15T22:50:43.955+0000 7f73337fe700 1 -- 172.21.15.37:0/811744392 <== mon.0 v2:172.21.15.37:3300/0 2 ==== config(27 keys) v1 ==== 1101+0+0 (secure 0 0 0) 0x7f7338003b20 con 0x7f733c104490
2024-04-15T22:50:44.686 INFO:teuthology.orchestra.run.smithi037.stdout:/usr/bin/ceph: stderr
2024-04-15T22:50:43.955+0000 7f73337fe700 1 -- 172.21.15.37:0/811744392 <== mon.0 v2:172.21.15.37:3300/0 3 ==== mon_map magic: 0 v1 ==== 229+0+0 (secure 0 0 0) 0x7f73380247f0 con 0x7f733c104490
2024-04-15T22:50:44.686 INFO:teuthology.orchestra.run.smithi037.stdout:/usr/bin/ceph: stderr
2024-04-15T22:50:43.955+0000 7f7344269700 1 -- 172.21.15.37:0/811744392 --> [v2:172.21.15.37:3300/0,v1:172.21.15.37:6789/0] -- mon_subscribe({mgrmap=0+}) v3 -- 0x7f733c19c270 con 0x7f733c104490
2024-04-15T22:50:44.686 INFO:teuthology.orchestra.run.smithi037.stdout:/usr/bin/ceph: stderr
2024-04-15T22:50:43.955+0000 7f7344269700 1 -- 172.21.15.37:0/811744392 --> [v2:172.21.15.37:3300/0,v1:172.21.15.37:6789/0] -- mon_subscribe({osdmap=0}) v3 -- 0x7f733c19c690 con 0x7f733c104490
2024-04-15T22:50:44.686 INFO:teuthology.orchestra.run.smithi037.stdout:/usr/bin/ceph: stderr
2024-04-15T22:50:43.956+0000 7f7344269700 1 -- 172.21.15.37:0/811744392 --> [v2:172.21.15.37:3300/0,v1:172.21.15.37:6789/0] -- mon_command({"prefix": "get_command_descriptions"} v 0) v1 -- 0x7f733c195370 con 0x7f733c104490
2024-04-15T22:50:44.686 INFO:teuthology.orchestra.run.smithi037.stdout:/usr/bin/ceph: stderr
2024-04-15T22:50:43.956+0000 7f73337fe700 1 -- 172.21.15.37:0/811744392 <== mon.0 v2:172.21.15.37:3300/0 4 ==== mgrmap(e 8) v1 ==== 45084+0+0 (secure 0 0 0) 0x7f733801ac70 con 0x7f733c104490
2024-04-15T22:50:44.686 INFO:teuthology.orchestra.run.smithi037.stdout:/usr/bin/ceph: stderr
2024-04-15T22:50:43.956+0000 7f73337fe700 1 --2- 172.21.15.37:0/811744392 >> [v2:172.21.15.37:6800/85756762,v1:172.21.15.37:6801/85756762] conn(0x7f7328038400 0x7f732803a8b0 unknown :-1 s=NONE pgs=0 cs=0 l=1 rev1=0 crypto rx=0 tx=0 comp rx=0 tx=0).connect
2024-04-15T22:50:44.686 INFO:teuthology.orchestra.run.smithi037.stdout:/usr/bin/ceph: stderr
2024-04-15T22:50:43.956+0000 7f73337fe700 1 -- 172.21.15.37:0/811744392 <== mon.0 v2:172.21.15.37:3300/0 5 ==== osd_map(2..2 src has 1..2) v4 ==== 940+0+0 (secure 0 0 0) 0x7f733804c2b0 con 0x7f733c104490
2024-04-15T22:50:44.686 INFO:teuthology.orchestra.run.smithi037.stdout:/usr/bin/ceph: stderr
2024-04-15T22:50:43.956+0000 7f7341804700 1 --2- 172.21.15.37:0/811744392 >> [v2:172.21.15.37:6800/85756762,v1:172.21.15.37:6801/85756762] conn(0x7f7328038400 0x7f732803a8b0 unknown :-1 s=BANNER_CONNECTING pgs=0 cs=0 l=1 rev1=0 crypto rx=0 tx=0 comp rx=0 tx=0)._handle_peer_banner_payload supported=3 required=0
2024-04-15T22:50:44.686 INFO:teuthology.orchestra.run.smithi037.stdout:/usr/bin/ceph: stderr
2024-04-15T22:50:43.957+0000 7f7341804700 1 --2- 172.21.15.37:0/811744392 >> [v2:172.21.15.37:6800/85756762,v1:172.21.15.37:6801/85756762] conn(0x7f7328038400 0x7f732803a8b0 secure :-1 s=READY pgs=21 cs=0 l=1 rev1=1 crypto rx=0x7f732c006fd0 tx=0x7f732c006e40 comp rx=0 tx=0).ready entity=mgr.14118 client_cookie=0 server_cookie=0 in_seq=0 out_seq=0
2024-04-15T22:50:44.686 INFO:teuthology.orchestra.run.smithi037.stdout:/usr/bin/ceph: stderr
2024-04-15T22:50:43.961+0000 7f73337fe700 1 -- 172.21.15.37:0/811744392 <== mon.0 v2:172.21.15.37:3300/0 6 ==== mon_command_ack([{"prefix": "get_command_descriptions"}]=0 v0) v1 ==== 72+0+177933 (secure 0 0 0) 0x7f7338018740 con 0x7f733c104490
2024-04-15T22:50:44.687 INFO:teuthology.orchestra.run.smithi037.stdout:/usr/bin/ceph: stderr
2024-04-15T22:50:44.159+0000 7f7344269700 1 -- 172.21.15.37:0/811744392 --> [v2:172.21.15.37:3300/0,v1:172.21.15.37:6789/0] -- mon_command([{prefix=config set, name=mgr/dashboard/ssl_server_port}] v 0) v1 -- 0x7f733c062380 con 0x7f733c104490
2024-04-15T22:50:44.687 INFO:teuthology.orchestra.run.smithi037.stdout:/usr/bin/ceph: stderr
2024-04-15T22:50:44.162+0000 7f73337fe700 1 -- 172.21.15.37:0/811744392 <== mon.0 v2:172.21.15.37:3300/0 7 ==== mon_command_ack([{prefix=config set, name=mgr/dashboard/ssl_server_port}]=0 v8)=0 v8) v1 ==== 130+0+0 (secure 0 0 0) 0x7f7338018350 con 0x7f733c104490
2024-04-15T22:50:44.687 INFO:teuthology.orchestra.run.smithi037.stdout:/usr/bin/ceph: stderr
2024-04-15T22:50:44.165+0000 7f7344269700 1 -- 172.21.15.37:0/811744392 >> [v2:172.21.15.37:6800/85756762,v1:172.21.15.37:6801/85756762] conn(0x7f7328038400 msgr2=0x7f732803a8b0 secure :-1 s=STATE_CONNECTION_ESTABLISHED l=1).mark_down
2024-04-15T22:50:44.687 INFO:teuthology.orchestra.run.smithi037.stdout:/usr/bin/ceph: stderr
2024-04-15T22:50:44.165+0000 7f7344269700 1 --2- 172.21.15.37:0/811744392 >> [v2:172.21.15.37:6800/85756762,v1:172.21.15.37:6801/85756762] conn(0x7f7328038400 0x7f732803a8b0 secure :-1 s=READY pgs=21 cs=0 l=1 rev1=1 crypto rx=0x7f732c006fd0 tx=0x7f732c006e40 comp rx=0 tx=0).stop
2024-04-15T22:50:44.687 INFO:teuthology.orchestra.run.smithi037.stdout:/usr/bin/ceph: stderr
2024-04-15T22:50:44.165+0000 7f7344269700 1 -- 172.21.15.37:0/811744392 >> [v2:172.21.15.37:3300/0,v1:172.21.15.37:6789/0] conn(0x7f733c104490 msgr2=0x7f733c19bb30 secure :-1 s=STATE_CONNECTION_ESTABLISHED l=1).mark_down
2024-04-15T22:50:44.687 INFO:teuthology.orchestra.run.smithi037.stdout:/usr/bin/ceph: stderr
2024-04-15T22:50:44.165+0000 7f7344269700 1 --2- 172.21.15.37:0/811744392 >> [v2:172.21.15.37:3300/0,v1:172.21.15.37:6789/0] conn(0x7f733c104490 0x7f733c19bb30 secure :-1 s=READY pgs=64 cs=0 l=1 rev1=1 crypto rx=0x7f7338011670 tx=0x7f7338011aa0 comp rx=0 tx=0).stop
2024-04-15T22:50:44.687 INFO:teuthology.orchestra.run.smithi037.stdout:/usr/bin/ceph: stderr
2024-04-15T22:50:44.165+0000 7f7344269700 1 -- 172.21.15.37:0/811744392 shutdown_connections
2024-04-15T22:50:44.687 INFO:teuthology.orchestra.run.smithi037.stdout:/usr/bin/ceph: stderr
2024-04-15T22:50:44.165+0000 7f7344269700 1 --2- 172.21.15.37:0/811744392 >> [v2:172.21.15.37:6800/85756762,v1:172.21.15.37:6801/85756762] conn(0x7f7328038400 0x7f732803a8b0 unknown :-1 s=CLOSED pgs=21 cs=0 l=1 rev1=1 crypto rx=0 tx=0 comp rx=0 tx=0).stop
2024-04-15T22:50:44.687 INFO:teuthology.orchestra.run.smithi037.stdout:/usr/bin/ceph: stderr
2024-04-15T22:50:44.165+0000 7f7344269700 1 --2- 172.21.15.37:0/811744392 >> [v2:172.21.15.37:3300/0,v1:172.21.15.37:6789/0] conn(0x7f733c104490 0x7f733c19bb30 unknown :-1 s=CLOSED pgs=64 cs=0 l=1 rev1=1 crypto rx=0 tx=0 comp rx=0 tx=0).stop
2024-04-15T22:50:44.687 INFO:teuthology.orchestra.run.smithi037.stdout:/usr/bin/ceph: stderr
2024-04-15T22:50:44.165+0000 7f7344269700 1 -- 172.21.15.37:0/811744392 >> 172.21.15.37:0/811744392 conn(0x7f733c100060 msgr2=0x7f733c190050 unknown :-1 s=STATE_NONE l=0).mark_down
2024-04-15T22:50:44.687 INFO:teuthology.orchestra.run.smithi037.stdout:/usr/bin/ceph: stderr
2024-04-15T22:50:44.165+0000 7f7344269700 1 -- 172.21.15.37:0/811744392 shutdown_connections
2024-04-15T22:50:44.687 INFO:teuthology.orchestra.run.smithi037.stdout:/usr/bin/ceph: stderr
2024-04-15T22:50:44.165+0000 7f7344269700 1 -- 172.21.15.37:0/811744392 wait complete.
2024-04-15T22:50:44.687 INFO:teuthology.orchestra.run.smithi037.stdout:Enabling the dashboard module...
2024-04-15T22:50:45.309 INFO:journalctl@ceph.mon.smithi037.smithi037.stdout:Apr 15 22:50:45 smithi037 ceph-mon[29191]: pgmap v5: 0 pgs: ; 0 B data, 0 B used, 0 B / 0 B avail
2024-04-15T22:50:45.309 INFO:journalctl@ceph.mon.smithi037.smithi037.stdout:Apr 15 22:50:45 smithi037 ceph-mon[29191]: from='client.? 172.21.15.37:0/811744392' entity='client.admin'
2024-04-15T22:50:46.499 INFO:journalctl@ceph.mon.smithi037.smithi037.stdout:Apr 15 22:50:46 smithi037 ceph-mon[29191]: from='client.? 172.21.15.37:0/1796382339' entity='client.admin' cmd=[{"prefix": "mgr module enable", "module": "dashboard"}]: dispatch
2024-04-15T22:50:46.764 INFO:teuthology.orchestra.run.smithi037.stdout:/usr/bin/ceph: stderr
2024-04-15T22:50:45.044+0000 7f0bd9b1e700 1 Processor -- start
2024-04-15T22:50:46.764 INFO:teuthology.orchestra.run.smithi037.stdout:/usr/bin/ceph: stderr
2024-04-15T22:50:45.044+0000 7f0bd9b1e700 1 -- start start
2024-04-15T22:50:46.764 INFO:teuthology.orchestra.run.smithi037.stdout:/usr/bin/ceph: stderr
2024-04-15T22:50:45.044+0000 7f0bd9b1e700 1 --2- >> [v2:172.21.15.37:3300/0,v1:172.21.15.37:6789/0] conn(0x7f0bd4105b10 0x7f0bd4105f20 unknown :-1 s=NONE pgs=0 cs=0 l=0 rev1=0 crypto rx=0 tx=0 comp rx=0 tx=0).connect
2024-04-15T22:50:46.764 INFO:teuthology.orchestra.run.smithi037.stdout:/usr/bin/ceph: stderr
2024-04-15T22:50:45.044+0000 7f0bd9b1e700 1 -- --> [v2:172.21.15.37:3300/0,v1:172.21.15.37:6789/0] -- mon_getmap magic: 0 v1 -- 0x7f0bd4106460 con 0x7f0bd4105b10
2024-04-15T22:50:46.764 INFO:teuthology.orchestra.run.smithi037.stdout:/usr/bin/ceph: stderr
2024-04-15T22:50:45.044+0000 7f0bd37fe700 1 --2- >> [v2:172.21.15.37:3300/0,v1:172.21.15.37:6789/0] conn(0x7f0bd4105b10 0x7f0bd4105f20 unknown :-1 s=BANNER_CONNECTING pgs=0 cs=0 l=0 rev1=0 crypto rx=0 tx=0 comp rx=0 tx=0)._handle_peer_banner_payload supported=3 required=0
2024-04-15T22:50:46.764 INFO:teuthology.orchestra.run.smithi037.stdout:/usr/bin/ceph: stderr
2024-04-15T22:50:45.044+0000 7f0bd37fe700 1 --2- >> [v2:172.21.15.37:3300/0,v1:172.21.15.37:6789/0] conn(0x7f0bd4105b10 0x7f0bd4105f20 unknown :-1 s=HELLO_CONNECTING pgs=0 cs=0 l=0 rev1=1 crypto rx=0 tx=0 comp rx=0 tx=0).handle_hello peer v2:172.21.15.37:3300/0 says I am v2:172.21.15.37:54244/0 (socket says 172.21.15.37:54244)
2024-04-15T22:50:46.764 INFO:teuthology.orchestra.run.smithi037.stdout:/usr/bin/ceph: stderr
2024-04-15T22:50:45.044+0000 7f0bd37fe700 1 -- 172.21.15.37:0/2022390325 learned_addr learned my addr 172.21.15.37:0/2022390325 (peer_addr_for_me v2:172.21.15.37:0/0)
2024-04-15T22:50:46.764 INFO:teuthology.orchestra.run.smithi037.stdout:/usr/bin/ceph: stderr
2024-04-15T22:50:45.044+0000 7f0bd37fe700 1 -- 172.21.15.37:0/2022390325 --> [v2:172.21.15.37:3300/0,v1:172.21.15.37:6789/0] -- mon_subscribe({config=0+,monmap=0+}) v3 -- 0x7f0bd41065a0 con 0x7f0bd4105b10
2024-04-15T22:50:46.765 INFO:teuthology.orchestra.run.smithi037.stdout:/usr/bin/ceph: stderr
2024-04-15T22:50:45.045+0000 7f0bd37fe700 1 --2- 172.21.15.37:0/2022390325 >> [v2:172.21.15.37:3300/0,v1:172.21.15.37:6789/0] conn(0x7f0bd4105b10 0x7f0bd4105f20 secure :-1 s=READY pgs=65 cs=0 l=1 rev1=1 crypto rx=0x7f0bc40098a0 tx=0x7f0bc4009bb0 comp rx=0 tx=0).ready entity=mon.0 client_cookie=a515b581d42bbac server_cookie=0 in_seq=0 out_seq=0
2024-04-15T22:50:46.765 INFO:teuthology.orchestra.run.smithi037.stdout:/usr/bin/ceph: stderr
2024-04-15T22:50:45.045+0000 7f0bd27fc700 1 -- 172.21.15.37:0/2022390325 <== mon.0 v2:172.21.15.37:3300/0 1 ==== mon_map magic: 0 v1 ==== 229+0+0 (secure 0 0 0) 0x7f0bc4004180 con 0x7f0bd4105b10
2024-04-15T22:50:46.765 INFO:teuthology.orchestra.run.smithi037.stdout:/usr/bin/ceph: stderr
2024-04-15T22:50:45.045+0000 7f0bd27fc700 1 -- 172.21.15.37:0/2022390325 <== mon.0 v2:172.21.15.37:3300/0 2 ==== config(27 keys) v1 ==== 1101+0+0 (secure 0 0 0) 0x7f0bc40042e0 con 0x7f0bd4105b10
2024-04-15T22:50:46.765 INFO:teuthology.orchestra.run.smithi037.stdout:/usr/bin/ceph: stderr
2024-04-15T22:50:45.045+0000 7f0bd27fc700 1 -- 172.21.15.37:0/2022390325 <== mon.0 v2:172.21.15.37:3300/0 3 ==== mon_map magic: 0 v1 ==== 229+0+0 (secure 0 0 0) 0x7f0bc4011af0 con 0x7f0bd4105b10
2024-04-15T22:50:46.765 INFO:teuthology.orchestra.run.smithi037.stdout:/usr/bin/ceph: stderr
2024-04-15T22:50:45.045+0000 7f0bd9b1e700 1 -- 172.21.15.37:0/2022390325 >> [v2:172.21.15.37:3300/0,v1:172.21.15.37:6789/0] conn(0x7f0bd4105b10 msgr2=0x7f0bd4105f20 secure :-1 s=STATE_CONNECTION_ESTABLISHED l=1).mark_down
2024-04-15T22:50:46.765 INFO:teuthology.orchestra.run.smithi037.stdout:/usr/bin/ceph: stderr
2024-04-15T22:50:45.045+0000 7f0bd9b1e700 1 --2- 172.21.15.37:0/2022390325 >> [v2:172.21.15.37:3300/0,v1:172.21.15.37:6789/0] conn(0x7f0bd4105b10 0x7f0bd4105f20 secure :-1 s=READY pgs=65 cs=0 l=1 rev1=1 crypto rx=0x7f0bc40098a0 tx=0x7f0bc4009bb0 comp rx=0 tx=0).stop
2024-04-15T22:50:46.765 INFO:teuthology.orchestra.run.smithi037.stdout:/usr/bin/ceph: stderr
2024-04-15T22:50:45.045+0000 7f0bd9b1e700 1 -- 172.21.15.37:0/2022390325 shutdown_connections
2024-04-15T22:50:46.765 INFO:teuthology.orchestra.run.smithi037.stdout:/usr/bin/ceph: stderr
2024-04-15T22:50:45.045+0000 7f0bd9b1e700 1 --2- 172.21.15.37:0/2022390325 >> [v2:172.21.15.37:3300/0,v1:172.21.15.37:6789/0] conn(0x7f0bd4105b10 0x7f0bd4105f20 unknown :-1 s=CLOSED pgs=65 cs=0 l=1 rev1=1 crypto rx=0 tx=0 comp rx=0 tx=0).stop
2024-04-15T22:50:46.765 INFO:teuthology.orchestra.run.smithi037.stdout:/usr/bin/ceph: stderr
2024-04-15T22:50:45.045+0000 7f0bd9b1e700 1 -- 172.21.15.37:0/2022390325 >> 172.21.15.37:0/2022390325 conn(0x7f0bd4101180 msgr2=0x7f0bd4103590 unknown :-1 s=STATE_NONE l=0).mark_down
2024-04-15T22:50:46.765 INFO:teuthology.orchestra.run.smithi037.stdout:/usr/bin/ceph: stderr
2024-04-15T22:50:45.045+0000 7f0bd9b1e700 1 -- 172.21.15.37:0/2022390325 shutdown_connections
2024-04-15T22:50:46.765 INFO:teuthology.orchestra.run.smithi037.stdout:/usr/bin/ceph: stderr
2024-04-15T22:50:45.045+0000 7f0bd9b1e700 1 -- 172.21.15.37:0/2022390325 wait complete.
2024-04-15T22:50:46.765 INFO:teuthology.orchestra.run.smithi037.stdout:/usr/bin/ceph: stderr
2024-04-15T22:50:45.046+0000 7f0bd9b1e700 1 Processor -- start
2024-04-15T22:50:46.765 INFO:teuthology.orchestra.run.smithi037.stdout:/usr/bin/ceph: stderr
2024-04-15T22:50:45.046+0000 7f0bd9b1e700 1 -- start start
2024-04-15T22:50:46.765 INFO:teuthology.orchestra.run.smithi037.stdout:/usr/bin/ceph: stderr
2024-04-15T22:50:45.046+0000 7f0bd9b1e700 1 --2- >> [v2:172.21.15.37:3300/0,v1:172.21.15.37:6789/0] conn(0x7f0bd4105b10 0x7f0bd407bc40 unknown :-1 s=NONE pgs=0 cs=0 l=1 rev1=0 crypto rx=0 tx=0 comp rx=0 tx=0).connect
2024-04-15T22:50:46.765 INFO:teuthology.orchestra.run.smithi037.stdout:/usr/bin/ceph: stderr
2024-04-15T22:50:45.046+0000 7f0bd9b1e700 1 -- --> [v2:172.21.15.37:3300/0,v1:172.21.15.37:6789/0] -- mon_getmap magic: 0 v1 -- 0x7f0bd407c180 con 0x7f0bd4105b10
2024-04-15T22:50:46.766 INFO:teuthology.orchestra.run.smithi037.stdout:/usr/bin/ceph: stderr
2024-04-15T22:50:45.046+0000 7f0bd37fe700 1 --2- >> [v2:172.21.15.37:3300/0,v1:172.21.15.37:6789/0] conn(0x7f0bd4105b10 0x7f0bd407bc40 unknown :-1 s=BANNER_CONNECTING pgs=0 cs=0 l=1 rev1=0 crypto rx=0 tx=0 comp rx=0 tx=0)._handle_peer_banner_payload supported=3 required=0
2024-04-15T22:50:46.766 INFO:teuthology.orchestra.run.smithi037.stdout:/usr/bin/ceph: stderr
2024-04-15T22:50:45.046+0000 7f0bd37fe700 1 --2- >> [v2:172.21.15.37:3300/0,v1:172.21.15.37:6789/0] conn(0x7f0bd4105b10 0x7f0bd407bc40 unknown :-1 s=HELLO_CONNECTING pgs=0 cs=0 l=1 rev1=1 crypto rx=0 tx=0 comp rx=0 tx=0).handle_hello peer v2:172.21.15.37:3300/0 says I am v2:172.21.15.37:54256/0 (socket says 172.21.15.37:54256)
2024-04-15T22:50:46.766 INFO:teuthology.orchestra.run.smithi037.stdout:/usr/bin/ceph: stderr
2024-04-15T22:50:45.046+0000 7f0bd37fe700 1 -- 172.21.15.37:0/1796382339 learned_addr learned my addr 172.21.15.37:0/1796382339 (peer_addr_for_me v2:172.21.15.37:0/0)
2024-04-15T22:50:46.766 INFO:teuthology.orchestra.run.smithi037.stdout:/usr/bin/ceph: stderr
2024-04-15T22:50:45.047+0000 7f0bd37fe700 1 -- 172.21.15.37:0/1796382339 --> [v2:172.21.15.37:3300/0,v1:172.21.15.37:6789/0] -- mon_subscribe({config=0+,monmap=0+}) v3 -- 0x7f0bc4009550 con 0x7f0bd4105b10
2024-04-15T22:50:46.766 INFO:teuthology.orchestra.run.smithi037.stdout:/usr/bin/ceph: stderr
2024-04-15T22:50:45.047+0000 7f0bd37fe700 1 --2- 172.21.15.37:0/1796382339 >> [v2:172.21.15.37:3300/0,v1:172.21.15.37:6789/0] conn(0x7f0bd4105b10 0x7f0bd407bc40 secure :-1 s=READY pgs=66 cs=0 l=1 rev1=1 crypto rx=0x7f0bc4006ba0 tx=0x7f0bc4011b50 comp rx=0 tx=0).ready entity=mon.0 client_cookie=0 server_cookie=0 in_seq=0 out_seq=0
2024-04-15T22:50:46.766 INFO:teuthology.orchestra.run.smithi037.stdout:/usr/bin/ceph: stderr
2024-04-15T22:50:45.047+0000 7f0bd0ff9700 1 -- 172.21.15.37:0/1796382339 <== mon.0 v2:172.21.15.37:3300/0 1 ==== mon_map magic: 0 v1 ==== 229+0+0 (secure 0 0 0) 0x7f0bc4003b00 con 0x7f0bd4105b10
2024-04-15T22:50:46.766 INFO:teuthology.orchestra.run.smithi037.stdout:/usr/bin/ceph: stderr
2024-04-15T22:50:45.047+0000 7f0bd0ff9700 1 -- 172.21.15.37:0/1796382339 <== mon.0 v2:172.21.15.37:3300/0 2 ==== config(27 keys) v1 ==== 1101+0+0 (secure 0 0 0) 0x7f0bc401a8e0 con 0x7f0bd4105b10
2024-04-15T22:50:46.766 INFO:teuthology.orchestra.run.smithi037.stdout:/usr/bin/ceph: stderr
2024-04-15T22:50:45.047+0000 7f0bd9b1e700 1 -- 172.21.15.37:0/1796382339 --> [v2:172.21.15.37:3300/0,v1:172.21.15.37:6789/0] -- mon_subscribe({mgrmap=0+}) v3 -- 0x7f0bd407a290 con 0x7f0bd4105b10
2024-04-15T22:50:46.766 INFO:teuthology.orchestra.run.smithi037.stdout:/usr/bin/ceph: stderr
2024-04-15T22:50:45.047+0000 7f0bd0ff9700 1 -- 172.21.15.37:0/1796382339 <== mon.0 v2:172.21.15.37:3300/0 3 ==== mon_map magic: 0 v1 ==== 229+0+0 (secure 0 0 0) 0x7f0bc40199c0 con 0x7f0bd4105b10
2024-04-15T22:50:46.766 INFO:teuthology.orchestra.run.smithi037.stdout:/usr/bin/ceph: stderr
2024-04-15T22:50:45.047+0000 7f0bd9b1e700 1 -- 172.21.15.37:0/1796382339 --> [v2:172.21.15.37:3300/0,v1:172.21.15.37:6789/0] -- mon_subscribe({osdmap=0}) v3 -- 0x7f0bd407a6b0 con 0x7f0bd4105b10
2024-04-15T22:50:46.766 INFO:teuthology.orchestra.run.smithi037.stdout:/usr/bin/ceph: stderr
2024-04-15T22:50:45.048+0000 7f0bd0ff9700 1 -- 172.21.15.37:0/1796382339 <== mon.0 v2:172.21.15.37:3300/0 4 ==== mgrmap(e 8) v1 ==== 45084+0+0 (secure 0 0 0) 0x7f0bc4019c30 con 0x7f0bd4105b10
2024-04-15T22:50:46.766 INFO:teuthology.orchestra.run.smithi037.stdout:/usr/bin/ceph: stderr
2024-04-15T22:50:45.048+0000 7f0bd9b1e700 1 -- 172.21.15.37:0/1796382339 --> [v2:172.21.15.37:3300/0,v1:172.21.15.37:6789/0] -- mon_command({"prefix": "get_command_descriptions"} v 0) v1 -- 0x7f0bd4062380 con 0x7f0bd4105b10
2024-04-15T22:50:46.766 INFO:teuthology.orchestra.run.smithi037.stdout:/usr/bin/ceph: stderr
2024-04-15T22:50:45.048+0000 7f0bd0ff9700 1 --2- 172.21.15.37:0/1796382339 >> [v2:172.21.15.37:6800/85756762,v1:172.21.15.37:6801/85756762] conn(0x7f0bbc0383f0 0x7f0bbc03a8a0 unknown :-1 s=NONE pgs=0 cs=0 l=1 rev1=0 crypto rx=0 tx=0 comp rx=0 tx=0).connect
2024-04-15T22:50:46.766 INFO:teuthology.orchestra.run.smithi037.stdout:/usr/bin/ceph: stderr
2024-04-15T22:50:45.048+0000 7f0bd0ff9700 1 -- 172.21.15.37:0/1796382339 <== mon.0 v2:172.21.15.37:3300/0 5 ==== osd_map(2..2 src has 1..2) v4 ==== 940+0+0 (secure 0 0 0) 0x7f0bc404c5c0 con 0x7f0bd4105b10
2024-04-15T22:50:46.766 INFO:teuthology.orchestra.run.smithi037.stdout:/usr/bin/ceph: stderr
2024-04-15T22:50:45.048+0000 7f0bd2ffd700 1 --2- 172.21.15.37:0/1796382339 >> [v2:172.21.15.37:6800/85756762,v1:172.21.15.37:6801/85756762] conn(0x7f0bbc0383f0 0x7f0bbc03a8a0 unknown :-1 s=BANNER_CONNECTING pgs=0 cs=0 l=1 rev1=0 crypto rx=0 tx=0 comp rx=0 tx=0)._handle_peer_banner_payload supported=3 required=0
2024-04-15T22:50:46.766 INFO:teuthology.orchestra.run.smithi037.stdout:/usr/bin/ceph: stderr
2024-04-15T22:50:45.049+0000 7f0bd2ffd700 1 --2- 172.21.15.37:0/1796382339 >> [v2:172.21.15.37:6800/85756762,v1:172.21.15.37:6801/85756762] conn(0x7f0bbc0383f0 0x7f0bbc03a8a0 secure :-1 s=READY pgs=22 cs=0 l=1 rev1=1 crypto rx=0x7f0bc8006fd0 tx=0x7f0bc8006e40 comp rx=0 tx=0).ready entity=mgr.14118 client_cookie=0 server_cookie=0 in_seq=0 out_seq=0
2024-04-15T22:50:46.767 INFO:teuthology.orchestra.run.smithi037.stdout:/usr/bin/ceph: stderr
2024-04-15T22:50:45.053+0000 7f0bd0ff9700 1 -- 172.21.15.37:0/1796382339 <== mon.0 v2:172.21.15.37:3300/0 6 ==== mon_command_ack([{"prefix": "get_command_descriptions"}]=0 v0) v1 ==== 72+0+177933 (secure 0 0 0) 0x7f0bc402d440 con 0x7f0bd4105b10
2024-04-15T22:50:46.767 INFO:teuthology.orchestra.run.smithi037.stdout:/usr/bin/ceph: stderr
2024-04-15T22:50:45.311+0000 7f0bd9b1e700 1 -- 172.21.15.37:0/1796382339 --> [v2:172.21.15.37:3300/0,v1:172.21.15.37:6789/0] -- mon_command({"prefix": "mgr module enable", "module": "dashboard"} v 0) v1 -- 0x7f0bd41079c0 con 0x7f0bd4105b10
2024-04-15T22:50:46.767 INFO:teuthology.orchestra.run.smithi037.stdout:/usr/bin/ceph: stderr
2024-04-15T22:50:46.165+0000 7f0bd0ff9700 1 -- 172.21.15.37:0/1796382339 <== mon.0 v2:172.21.15.37:3300/0 7 ==== mgrmap(e 9) v1 ==== 45097+0+0 (secure 0 0 0) 0x7f0bc4018c70 con 0x7f0bd4105b10
2024-04-15T22:50:46.767 INFO:teuthology.orchestra.run.smithi037.stdout:/usr/bin/ceph: stderr
2024-04-15T22:50:46.167+0000 7f0bd0ff9700 1 -- 172.21.15.37:0/1796382339 <== mon.0 v2:172.21.15.37:3300/0 8 ==== mon_command_ack([{"prefix": "mgr module enable", "module": "dashboard"}]=0 v9) v1 ==== 88+0+0 (secure 0 0 0) 0x7f0bc4023760 con 0x7f0bd4105b10
2024-04-15T22:50:46.767 INFO:teuthology.orchestra.run.smithi037.stdout:/usr/bin/ceph: stderr
2024-04-15T22:50:46.170+0000 7f0bd9b1e700 1 -- 172.21.15.37:0/1796382339 >> [v2:172.21.15.37:6800/85756762,v1:172.21.15.37:6801/85756762] conn(0x7f0bbc0383f0 msgr2=0x7f0bbc03a8a0 secure :-1 s=STATE_CONNECTION_ESTABLISHED l=1).mark_down
2024-04-15T22:50:46.767 INFO:teuthology.orchestra.run.smithi037.stdout:/usr/bin/ceph: stderr
2024-04-15T22:50:46.170+0000 7f0bd9b1e700 1 --2- 172.21.15.37:0/1796382339 >> [v2:172.21.15.37:6800/85756762,v1:172.21.15.37:6801/85756762] conn(0x7f0bbc0383f0 0x7f0bbc03a8a0 secure :-1 s=READY pgs=22 cs=0 l=1 rev1=1 crypto rx=0x7f0bc8006fd0 tx=0x7f0bc8006e40 comp rx=0 tx=0).stop
2024-04-15T22:50:46.767 INFO:teuthology.orchestra.run.smithi037.stdout:/usr/bin/ceph: stderr
2024-04-15T22:50:46.170+0000 7f0bd9b1e700 1 -- 172.21.15.37:0/1796382339 >> [v2:172.21.15.37:3300/0,v1:172.21.15.37:6789/0] conn(0x7f0bd4105b10 msgr2=0x7f0bd407bc40 secure :-1 s=STATE_CONNECTION_ESTABLISHED l=1).mark_down
2024-04-15T22:50:46.767 INFO:teuthology.orchestra.run.smithi037.stdout:/usr/bin/ceph: stderr
2024-04-15T22:50:46.170+0000 7f0bd9b1e700 1 --2- 172.21.15.37:0/1796382339 >> [v2:172.21.15.37:3300/0,v1:172.21.15.37:6789/0] conn(0x7f0bd4105b10 0x7f0bd407bc40 secure :-1 s=READY pgs=66 cs=0 l=1 rev1=1 crypto rx=0x7f0bc4006ba0 tx=0x7f0bc4011b50 comp rx=0 tx=0).stop
2024-04-15T22:50:46.767 INFO:teuthology.orchestra.run.smithi037.stdout:/usr/bin/ceph: stderr
2024-04-15T22:50:46.170+0000 7f0bd9b1e700 1 -- 172.21.15.37:0/1796382339 shutdown_connections
